2024-09-19T08:53:31.642+0000 7fa4d4afe640 1 -- 172.21.15.49:0/894511411 --> [v2:172.21.15.49:3300/0,v1:172.21.15.49:6789/0] -- mon_subscribe({config=0+,monmap=0+}) v3 -- 0x7fa4d007aa00 con 0x7fa4d007be90
2024-09-19T08:53:32.394 INFO:teuthology.orchestra.run.smithi049.stdout:/usr/bin/ceph: stderr
2024-09-19T08:53:31.643+0000 7fa4d4afe640 1 --2- 172.21.15.49:0/894511411 >> [v2:172.21.15.49:3300/0,v1:172.21.15.49:6789/0] conn(0x7fa4d007be90 0x7fa4d007a2f0 secure :-1 s=READY pgs=37 cs=0 l=1 rev1=1 crypto rx=0x7fa4c0009e80 tx=0x7fa4c002a7a0 comp rx=0 tx=0).ready entity=mon.0 client_cookie=df9f5150aaad6a49 server_cookie=0 in_seq=0 out_seq=0
2024-09-19T08:53:32.394 INFO:teuthology.orchestra.run.smithi049.stdout:/usr/bin/ceph: stderr
2024-09-19T08:53:31.643+0000 7fa4cf7fe640 1 -- 172.21.15.49:0/894511411 <== mon.0 v2:172.21.15.49:3300/0 1 ==== mon_map magic: 0 v1 ==== 229+0+0 (secure 0 0 0) 0x7fa4c0031400 con 0x7fa4d007be90
2024-09-19T08:53:32.394 INFO:teuthology.orchestra.run.smithi049.stdout:/usr/bin/ceph: stderr
2024-09-19T08:53:31.643+0000 7fa4cf7fe640 1 -- 172.21.15.49:0/894511411 <== mon.0 v2:172.21.15.49:3300/0 2 ==== config(27 keys) v1 ==== 1042+0+0 (secure 0 0 0) 0x7fa4c002d050 con 0x7fa4d007be90
2024-09-19T08:53:32.394 INFO:teuthology.orchestra.run.smithi049.stdout:/usr/bin/ceph: stderr
2024-09-19T08:53:31.643+0000 7fa4cf7fe640 1 -- 172.21.15.49:0/894511411 <== mon.0 v2:172.21.15.49:3300/0 3 ==== mon_map magic: 0 v1 ==== 229+0+0 (secure 0 0 0) 0x7fa4c0007910 con 0x7fa4d007be90
2024-09-19T08:53:32.394 INFO:teuthology.orchestra.run.smithi049.stdout:/usr/bin/ceph: stderr
2024-09-19T08:53:31.643+0000 7fa4d6d62640 1 -- 172.21.15.49:0/894511411 >> [v2:172.21.15.49:3300/0,v1:172.21.15.49:6789/0] conn(0x7fa4d007be90 msgr2=0x7fa4d007a2f0 secure :-1 s=STATE_CONNECTION_ESTABLISHED l=1).mark_down
2024-09-19T08:53:32.394 INFO:teuthology.orchestra.run.smithi049.stdout:/usr/bin/ceph: stderr
2024-09-19T08:53:31.643+0000 7fa4d6d62640 1 --2- 172.21.15.49:0/894511411 >> [v2:172.21.15.49:3300/0,v1:172.21.15.49:6789/0] conn(0x7fa4d007be90 0x7fa4d007a2f0 secure :-1 s=READY pgs=37 cs=0 l=1 rev1=1 crypto rx=0x7fa4c0009e80 tx=0x7fa4c002a7a0 comp rx=0 tx=0).stop
2024-09-19T08:53:32.394 INFO:teuthology.orchestra.run.smithi049.stdout:/usr/bin/ceph: stderr
2024-09-19T08:53:31.644+0000 7fa4d6d62640 1 -- 172.21.15.49:0/894511411 shutdown_connections
2024-09-19T08:53:32.394 INFO:teuthology.orchestra.run.smithi049.stdout:/usr/bin/ceph: stderr
2024-09-19T08:53:31.644+0000 7fa4d6d62640 1 --2- 172.21.15.49:0/894511411 >> [v2:172.21.15.49:3300/0,v1:172.21.15.49:6789/0] conn(0x7fa4d007be90 0x7fa4d007a2f0 unknown :-1 s=CLOSED pgs=37 cs=0 l=1 rev1=1 crypto rx=0 tx=0 comp rx=0 tx=0).stop
2024-09-19T08:53:32.395 INFO:teuthology.orchestra.run.smithi049.stdout:/usr/bin/ceph: stderr
2024-09-19T08:53:31.644+0000 7fa4d6d62640 1 -- 172.21.15.49:0/894511411 >> 172.21.15.49:0/894511411 conn(0x7fa4d0100d80 msgr2=0x7fa4d01031a0 unknown :-1 s=STATE_NONE l=0).mark_down
2024-09-19T08:53:32.395 INFO:teuthology.orchestra.run.smithi049.stdout:/usr/bin/ceph: stderr
2024-09-19T08:53:31.644+0000 7fa4d6d62640 1 -- 172.21.15.49:0/894511411 shutdown_connections
2024-09-19T08:53:32.395 INFO:teuthology.orchestra.run.smithi049.stdout:/usr/bin/ceph: stderr
2024-09-19T08:53:31.644+0000 7fa4d6d62640 1 -- 172.21.15.49:0/894511411 wait complete.
2024-09-19T08:53:32.395 INFO:teuthology.orchestra.run.smithi049.stdout:/usr/bin/ceph: stderr
2024-09-19T08:53:31.644+0000 7fa4d6d62640 1 Processor -- start
2024-09-19T08:53:32.395 INFO:teuthology.orchestra.run.smithi049.stdout:/usr/bin/ceph: stderr
2024-09-19T08:53:31.644+0000 7fa4d6d62640 1 -- start start
2024-09-19T08:53:32.395 INFO:teuthology.orchestra.run.smithi049.stdout:/usr/bin/ceph: stderr
2024-09-19T08:53:31.644+0000 7fa4d6d62640 1 --2- >> [v2:172.21.15.49:3300/0,v1:172.21.15.49:6789/0] conn(0x7fa4d007be90 0x7fa4d019b560 unknown :-1 s=NONE pgs=0 cs=0 l=1 rev1=0 crypto rx=0 tx=0 comp rx=0 tx=0).connect
2024-09-19T08:53:32.395 INFO:teuthology.orchestra.run.smithi049.stdout:/usr/bin/ceph: stderr
2024-09-19T08:53:31.644+0000 7fa4d6d62640 1 -- --> [v2:172.21.15.49:3300/0,v1:172.21.15.49:6789/0] -- mon_getmap magic: 0 v1 -- 0x7fa4d019baa0 con 0x7fa4d007be90
2024-09-19T08:53:32.395 INFO:teuthology.orchestra.run.smithi049.stdout:/usr/bin/ceph: stderr
2024-09-19T08:53:31.645+0000 7fa4d4afe640 1 --2- >> [v2:172.21.15.49:3300/0,v1:172.21.15.49:6789/0] conn(0x7fa4d007be90 0x7fa4d019b560 unknown :-1 s=BANNER_CONNECTING pgs=0 cs=0 l=1 rev1=0 crypto rx=0 tx=0 comp rx=0 tx=0)._handle_peer_banner_payload supported=3 required=0
2024-09-19T08:53:32.395 INFO:teuthology.orchestra.run.smithi049.stdout:/usr/bin/ceph: stderr
2024-09-19T08:53:31.645+0000 7fa4d4afe640 1 --2- >> [v2:172.21.15.49:3300/0,v1:172.21.15.49:6789/0] conn(0x7fa4d007be90 0x7fa4d019b560 unknown :-1 s=HELLO_CONNECTING pgs=0 cs=0 l=1 rev1=1 crypto rx=0 tx=0 comp rx=0 tx=0).handle_hello peer v2:172.21.15.49:3300/0 says I am v2:172.21.15.49:41474/0 (socket says 172.21.15.49:41474)
2024-09-19T08:53:32.395 INFO:teuthology.orchestra.run.smithi049.stdout:/usr/bin/ceph: stderr
2024-09-19T08:53:31.645+0000 7fa4d4afe640 1 -- 172.21.15.49:0/3444843476 learned_addr learned my addr 172.21.15.49:0/3444843476 (peer_addr_for_me v2:172.21.15.49:0/0)
2024-09-19T08:53:32.395 INFO:teuthology.orchestra.run.smithi049.stdout:/usr/bin/ceph: stderr
2024-09-19T08:53:31.645+0000 7fa4d4afe640 1 -- 172.21.15.49:0/3444843476 --> [v2:172.21.15.49:3300/0,v1:172.21.15.49:6789/0] -- mon_subscribe({config=0+,monmap=0+}) v3 -- 0x7fa4c0009b30 con 0x7fa4d007be90
2024-09-19T08:53:32.395 INFO:teuthology.orchestra.run.smithi049.stdout:/usr/bin/ceph: stderr
2024-09-19T08:53:31.645+0000 7fa4d4afe640 1 --2- 172.21.15.49:0/3444843476 >> [v2:172.21.15.49:3300/0,v1:172.21.15.49:6789/0] conn(0x7fa4d007be90 0x7fa4d019b560 secure :-1 s=READY pgs=38 cs=0 l=1 rev1=1 crypto rx=0x7fa4c0031630 tx=0x7fa4c00075c0 comp rx=0 tx=0).ready entity=mon.0 client_cookie=0 server_cookie=0 in_seq=0 out_seq=0
2024-09-19T08:53:32.395 INFO:teuthology.orchestra.run.smithi049.stdout:/usr/bin/ceph: stderr
2024-09-19T08:53:31.645+0000 7fa4cdffb640 1 -- 172.21.15.49:0/3444843476 <== mon.0 v2:172.21.15.49:3300/0 1 ==== mon_map magic: 0 v1 ==== 229+0+0 (secure 0 0 0) 0x7fa4c0031b50 con 0x7fa4d007be90
2024-09-19T08:53:32.396 INFO:teuthology.orchestra.run.smithi049.stdout:/usr/bin/ceph: stderr
2024-09-19T08:53:31.645+0000 7fa4cdffb640 1 -- 172.21.15.49:0/3444843476 <== mon.0 v2:172.21.15.49:3300/0 2 ==== config(27 keys) v1 ==== 1042+0+0 (secure 0 0 0) 0x7fa4c0031cb0 con 0x7fa4d007be90
2024-09-19T08:53:32.396 INFO:teuthology.orchestra.run.smithi049.stdout:/usr/bin/ceph: stderr
2024-09-19T08:53:31.645+0000 7fa4d6d62640 1 -- 172.21.15.49:0/3444843476 --> [v2:172.21.15.49:3300/0,v1:172.21.15.49:6789/0] -- mon_subscribe({mgrmap=0+}) v3 -- 0x7fa4d019bca0 con 0x7fa4d007be90
2024-09-19T08:53:32.396 INFO:teuthology.orchestra.run.smithi049.stdout:/usr/bin/ceph: stderr
2024-09-19T08:53:31.645+0000 7fa4cdffb640 1 -- 172.21.15.49:0/3444843476 <== mon.0 v2:172.21.15.49:3300/0 3 ==== mon_map magic: 0 v1 ==== 229+0+0 (secure 0 0 0) 0x7fa4c003a6b0 con 0x7fa4d007be90
2024-09-19T08:53:32.396 INFO:teuthology.orchestra.run.smithi049.stdout:/usr/bin/ceph: stderr
2024-09-19T08:53:31.645+0000 7fa4d6d62640 1 -- 172.21.15.49:0/3444843476 --> [v2:172.21.15.49:3300/0,v1:172.21.15.49:6789/0] -- mon_subscribe({osdmap=0}) v3 -- 0x7fa4d019c1a0 con 0x7fa4d007be90
2024-09-19T08:53:32.396 INFO:teuthology.orchestra.run.smithi049.stdout:/usr/bin/ceph: stderr
2024-09-19T08:53:31.646+0000 7fa4cdffb640 1 -- 172.21.15.49:0/3444843476 <== mon.0 v2:172.21.15.49:3300/0 4 ==== mgrmap(e 8) v1 ==== 45556+0+0 (secure 0 0 0) 0x7fa4c0038040 con 0x7fa4d007be90
2024-09-19T08:53:32.396 INFO:teuthology.orchestra.run.smithi049.stdout:/usr/bin/ceph: stderr
2024-09-19T08:53:31.647+0000 7fa4cdffb640 1 --2- 172.21.15.49:0/3444843476 >> [v2:172.21.15.49:6800/1902543814,v1:172.21.15.49:6801/1902543814] conn(0x7fa4bc038650 0x7fa4bc03ab10 unknown :-1 s=NONE pgs=0 cs=0 l=1 rev1=0 crypto rx=0 tx=0 comp rx=0 tx=0).connect
2024-09-19T08:53:32.396 INFO:teuthology.orchestra.run.smithi049.stdout:/usr/bin/ceph: stderr
2024-09-19T08:53:31.647+0000 7fa4d6d62640 1 -- 172.21.15.49:0/3444843476 --> [v2:172.21.15.49:3300/0,v1:172.21.15.49:6789/0] -- mon_command({"prefix": "get_command_descriptions"} v 0) v1 -- 0x7fa4d010b930 con 0x7fa4d007be90
2024-09-19T08:53:32.396 INFO:teuthology.orchestra.run.smithi049.stdout:/usr/bin/ceph: stderr
2024-09-19T08:53:31.647+0000 7fa4cdffb640 1 -- 172.21.15.49:0/3444843476 <== mon.0 v2:172.21.15.49:3300/0 5 ==== osd_map(2..2 src has 1..2) v4 ==== 940+0+0 (secure 0 0 0) 0x7fa4c006c850 con 0x7fa4d007be90
2024-09-19T08:53:32.396 INFO:teuthology.orchestra.run.smithi049.stdout:/usr/bin/ceph: stderr
2024-09-19T08:53:31.647+0000 7fa4cffff640 1 --2- 172.21.15.49:0/3444843476 >> [v2:172.21.15.49:6800/1902543814,v1:172.21.15.49:6801/1902543814] conn(0x7fa4bc038650 0x7fa4bc03ab10 unknown :-1 s=BANNER_CONNECTING pgs=0 cs=0 l=1 rev1=0 crypto rx=0 tx=0 comp rx=0 tx=0)._handle_peer_banner_payload supported=3 required=0
2024-09-19T08:53:32.396 INFO:teuthology.orchestra.run.smithi049.stdout:/usr/bin/ceph: stderr
2024-09-19T08:53:31.647+0000 7fa4cffff640 1 --2- 172.21.15.49:0/3444843476 >> [v2:172.21.15.49:6800/1902543814,v1:172.21.15.49:6801/1902543814] conn(0x7fa4bc038650 0x7fa4bc03ab10 secure :-1 s=READY pgs=9 cs=0 l=1 rev1=1 crypto rx=0x7fa4b80098c0 tx=0x7fa4b8006db0 comp rx=0 tx=0).ready entity=mgr.14118 client_cookie=0 server_cookie=0 in_seq=0 out_seq=0
2024-09-19T08:53:32.396 INFO:teuthology.orchestra.run.smithi049.stdout:/usr/bin/ceph: stderr
2024-09-19T08:53:31.652+0000 7fa4cdffb640 1 -- 172.21.15.49:0/3444843476 <== mon.0 v2:172.21.15.49:3300/0 6 ==== mon_command_ack([{"prefix": "get_command_descriptions"}]=0 v0) v1 ==== 72+0+183819 (secure 0 0 0) 0x7fa4c0040020 con 0x7fa4d007be90
2024-09-19T08:53:32.397 INFO:teuthology.orchestra.run.smithi049.stdout:/usr/bin/ceph: stderr
2024-09-19T08:53:31.825+0000 7fa4d6d62640 1 -- 172.21.15.49:0/3444843476 --> [v2:172.21.15.49:6800/1902543814,v1:172.21.15.49:6801/1902543814] -- mgr_command(tid 0: {"prefix": "cephadm set-user", "user": "root", "target": ["mon-mgr", ""]}) v1 -- 0x7fa4d01020f0 con 0x7fa4bc038650
2024-09-19T08:53:32.397 INFO:teuthology.orchestra.run.smithi049.stdout:/usr/bin/ceph: stderr
2024-09-19T08:53:31.826+0000 7fa4cdffb640 1 -- 172.21.15.49:0/3444843476 <== mgr.14118 v2:172.21.15.49:6800/1902543814 1 ==== mgr_command_reply(tid 0: 0 ) v1 ==== 8+0+16 (secure 0 0 0) 0x7fa4d01020f0 con 0x7fa4bc038650
2024-09-19T08:53:32.397 INFO:teuthology.orchestra.run.smithi049.stdout:/usr/bin/ceph: stderr
2024-09-19T08:53:31.828+0000 7fa4d6d62640 1 -- 172.21.15.49:0/3444843476 >> [v2:172.21.15.49:6800/1902543814,v1:172.21.15.49:6801/1902543814] conn(0x7fa4bc038650 msgr2=0x7fa4bc03ab10 secure :-1 s=STATE_CONNECTION_ESTABLISHED l=1).mark_down
2024-09-19T08:53:32.397 INFO:teuthology.orchestra.run.smithi049.stdout:/usr/bin/ceph: stderr
2024-09-19T08:53:31.828+0000 7fa4d6d62640 1 --2- 172.21.15.49:0/3444843476 >> [v2:172.21.15.49:6800/1902543814,v1:172.21.15.49:6801/1902543814] conn(0x7fa4bc038650 0x7fa4bc03ab10 secure :-1 s=READY pgs=9 cs=0 l=1 rev1=1 crypto rx=0x7fa4b80098c0 tx=0x7fa4b8006db0 comp rx=0 tx=0).stop
2024-09-19T08:53:32.397 INFO:teuthology.orchestra.run.smithi049.stdout:/usr/bin/ceph: stderr
2024-09-19T08:53:31.828+0000 7fa4d6d62640 1 -- 172.21.15.49:0/3444843476 >> [v2:172.21.15.49:3300/0,v1:172.21.15.49:6789/0] conn(0x7fa4d007be90 msgr2=0x7fa4d019b560 secure :-1 s=STATE_CONNECTION_ESTABLISHED l=1).mark_down
2024-09-19T08:53:32.397 INFO:teuthology.orchestra.run.smithi049.stdout:/usr/bin/ceph: stderr
2024-09-19T08:53:31.828+0000 7fa4d6d62640 1 --2- 172.21.15.49:0/3444843476 >> [v2:172.21.15.49:3300/0,v1:172.21.15.49:6789/0] conn(0x7fa4d007be90 0x7fa4d019b560 secure :-1 s=READY pgs=38 cs=0 l=1 rev1=1 crypto rx=0x7fa4c0031630 tx=0x7fa4c00075c0 comp rx=0 tx=0).stop
2024-09-19T08:53:32.397 INFO:teuthology.orchestra.run.smithi049.stdout:/usr/bin/ceph: stderr
2024-09-19T08:53:31.828+0000 7fa4d6d62640 1 -- 172.21.15.49:0/3444843476 shutdown_connections
2024-09-19T08:53:32.397 INFO:teuthology.orchestra.run.smithi049.stdout:/usr/bin/ceph: stderr
2024-09-19T08:53:31.828+0000 7fa4d6d62640 1 --2- 172.21.15.49:0/3444843476 >> [v2:172.21.15.49:6800/1902543814,v1:172.21.15.49:6801/1902543814] conn(0x7fa4bc038650 0x7fa4bc03ab10 unknown :-1 s=CLOSED pgs=9 cs=0 l=1 rev1=1 crypto rx=0 tx=0 comp rx=0 tx=0).stop
2024-09-19T08:53:32.397 INFO:teuthology.orchestra.run.smithi049.stdout:/usr/bin/ceph: stderr
2024-09-19T08:53:31.828+0000 7fa4d6d62640 1 --2- 172.21.15.49:0/3444843476 >> [v2:172.21.15.49:3300/0,v1:172.21.15.49:6789/0] conn(0x7fa4d007be90 0x7fa4d019b560 unknown :-1 s=CLOSED pgs=38 cs=0 l=1 rev1=1 crypto rx=0 tx=0 comp rx=0 tx=0).stop
2024-09-19T08:53:32.397 INFO:teuthology.orchestra.run.smithi049.stdout:/usr/bin/ceph: stderr
2024-09-19T08:53:31.828+0000 7fa4d6d62640 1 -- 172.21.15.49:0/3444843476 >> 172.21.15.49:0/3444843476 conn(0x7fa4d0100d80 msgr2=0x7fa4d01019e0 unknown :-1 s=STATE_NONE l=0).mark_down
2024-09-19T08:53:32.397 INFO:teuthology.orchestra.run.smithi049.stdout:/usr/bin/ceph: stderr
2024-09-19T08:53:31.828+0000 7fa4d6d62640 1 -- 172.21.15.49:0/3444843476 shutdown_connections
2024-09-19T08:53:32.397 INFO:teuthology.orchestra.run.smithi049.stdout:/usr/bin/ceph: stderr
2024-09-19T08:53:31.828+0000 7fa4d6d62640 1 -- 172.21.15.49:0/3444843476 wait complete.
2024-09-19T08:53:32.397 INFO:teuthology.orchestra.run.smithi049.stdout:Generating ssh key...
2024-09-19T08:53:33.302 INFO:journalctl@ceph.mon.smithi049.smithi049.stdout:Sep 19 08:53:33 smithi049 ceph-mon[28158]: from='client.14132 -' entity='client.admin' cmd=[{"prefix": "cephadm set-user", "user": "root", "target": ["mon-mgr", ""]}]: dispatch
2024-09-19T08:53:33.657 INFO:teuthology.orchestra.run.smithi049.stdout:/usr/bin/ceph: stderr
2024-09-19T08:53:32.759+0000 7f2b2f7fe640 1 Processor -- start
2024-09-19T08:53:33.658 INFO:teuthology.orchestra.run.smithi049.stdout:/usr/bin/ceph: stderr
2024-09-19T08:53:32.759+0000 7f2b2f7fe640 1 -- start start
2024-09-19T08:53:33.658 INFO:teuthology.orchestra.run.smithi049.stdout:/usr/bin/ceph: stderr
2024-09-19T08:53:32.760+0000 7f2b2f7fe640 1 --2- >> [v2:172.21.15.49:3300/0,v1:172.21.15.49:6789/0] conn(0x7f2b28103ea0 0x7f2b281042a0 unknown :-1 s=NONE pgs=0 cs=0 l=0 rev1=0 crypto rx=0 tx=0 comp rx=0 tx=0).connect
2024-09-19T08:53:33.658 INFO:teuthology.orchestra.run.smithi049.stdout:/usr/bin/ceph: stderr
2024-09-19T08:53:32.760+0000 7f2b2f7fe640 1 -- --> [v2:172.21.15.49:3300/0,v1:172.21.15.49:6789/0] -- mon_getmap magic: 0 v1 -- 0x7f2b28079e40 con 0x7f2b28103ea0
2024-09-19T08:53:33.658 INFO:teuthology.orchestra.run.smithi049.stdout:/usr/bin/ceph: stderr
2024-09-19T08:53:32.760+0000 7f2b2d59a640 1 --2- >> [v2:172.21.15.49:3300/0,v1:172.21.15.49:6789/0] conn(0x7f2b28103ea0 0x7f2b281042a0 unknown :-1 s=BANNER_CONNECTING pgs=0 cs=0 l=0 rev1=0 crypto rx=0 tx=0 comp rx=0 tx=0)._handle_peer_banner_payload supported=3 required=0
2024-09-19T08:53:33.658 INFO:teuthology.orchestra.run.smithi049.stdout:/usr/bin/ceph: stderr
2024-09-19T08:53:32.760+0000 7f2b2d59a640 1 --2- >> [v2:172.21.15.49:3300/0,v1:172.21.15.49:6789/0] conn(0x7f2b28103ea0 0x7f2b281042a0 unknown :-1 s=HELLO_CONNECTING pgs=0 cs=0 l=0 rev1=1 crypto rx=0 tx=0 comp rx=0 tx=0).handle_hello peer v2:172.21.15.49:3300/0 says I am v2:172.21.15.49:41490/0 (socket says 172.21.15.49:41490)
2024-09-19T08:53:33.658 INFO:teuthology.orchestra.run.smithi049.stdout:/usr/bin/ceph: stderr
2024-09-19T08:53:32.760+0000 7f2b2d59a640 1 -- 172.21.15.49:0/2151582755 learned_addr learned my addr 172.21.15.49:0/2151582755 (peer_addr_for_me v2:172.21.15.49:0/0)
2024-09-19T08:53:33.658 INFO:teuthology.orchestra.run.smithi049.stdout:/usr/bin/ceph: stderr
2024-09-19T08:53:32.760+0000 7f2b2d59a640 1 -- 172.21.15.49:0/2151582755 --> [v2:172.21.15.49:3300/0,v1:172.21.15.49:6789/0] -- mon_subscribe({config=0+,monmap=0+}) v3 -- 0x7f2b281047e0 con 0x7f2b28103ea0
2024-09-19T08:53:33.658 INFO:teuthology.orchestra.run.smithi049.stdout:/usr/bin/ceph: stderr
2024-09-19T08:53:32.761+0000 7f2b2d59a640 1 --2- 172.21.15.49:0/2151582755 >> [v2:172.21.15.49:3300/0,v1:172.21.15.49:6789/0] conn(0x7f2b28103ea0 0x7f2b281042a0 secure :-1 s=READY pgs=39 cs=0 l=1 rev1=1 crypto rx=0x7f2b1c009e80 tx=0x7f2b1c02a7a0 comp rx=0 tx=0).ready entity=mon.0 client_cookie=8b45e92d088986d server_cookie=0 in_seq=0 out_seq=0
2024-09-19T08:53:33.658 INFO:teuthology.orchestra.run.smithi049.stdout:/usr/bin/ceph: stderr
2024-09-19T08:53:32.761+0000 7f2b1bfff640 1 -- 172.21.15.49:0/2151582755 <== mon.0 v2:172.21.15.49:3300/0 1 ==== mon_map magic: 0 v1 ==== 229+0+0 (secure 0 0 0) 0x7f2b1c031400 con 0x7f2b28103ea0
2024-09-19T08:53:33.658 INFO:teuthology.orchestra.run.smithi049.stdout:/usr/bin/ceph: stderr
2024-09-19T08:53:32.761+0000 7f2b1bfff640 1 -- 172.21.15.49:0/2151582755 <== mon.0 v2:172.21.15.49:3300/0 2 ==== config(27 keys) v1 ==== 1042+0+0 (secure 0 0 0) 0x7f2b1c02d050 con 0x7f2b28103ea0
2024-09-19T08:53:33.658 INFO:teuthology.orchestra.run.smithi049.stdout:/usr/bin/ceph: stderr
2024-09-19T08:53:32.761+0000 7f2b1bfff640 1 -- 172.21.15.49:0/2151582755 <== mon.0 v2:172.21.15.49:3300/0 3 ==== mon_map magic: 0 v1 ==== 229+0+0 (secure 0 0 0) 0x7f2b1c007910 con 0x7f2b28103ea0
2024-09-19T08:53:33.659 INFO:teuthology.orchestra.run.smithi049.stdout:/usr/bin/ceph: stderr
2024-09-19T08:53:32.761+0000 7f2b2f7fe640 1 -- 172.21.15.49:0/2151582755 >> [v2:172.21.15.49:3300/0,v1:172.21.15.49:6789/0] conn(0x7f2b28103ea0 msgr2=0x7f2b281042a0 secure :-1 s=STATE_CONNECTION_ESTABLISHED l=1).mark_down
2024-09-19T08:53:33.659 INFO:teuthology.orchestra.run.smithi049.stdout:/usr/bin/ceph: stderr
2024-09-19T08:53:32.761+0000 7f2b2f7fe640 1 --2- 172.21.15.49:0/2151582755 >> [v2:172.21.15.49:3300/0,v1:172.21.15.49:6789/0] conn(0x7f2b28103ea0 0x7f2b281042a0 secure :-1 s=READY pgs=39 cs=0 l=1 rev1=1 crypto rx=0x7f2b1c009e80 tx=0x7f2b1c02a7a0 comp rx=0 tx=0).stop
2024-09-19T08:53:33.659 INFO:teuthology.orchestra.run.smithi049.stdout:/usr/bin/ceph: stderr
2024-09-19T08:53:32.762+0000 7f2b2f7fe640 1 -- 172.21.15.49:0/2151582755 shutdown_connections
2024-09-19T08:53:33.659 INFO:teuthology.orchestra.run.smithi049.stdout:/usr/bin/ceph: stderr
2024-09-19T08:53:32.762+0000 7f2b2f7fe640 1 --2- 172.21.15.49:0/2151582755 >> [v2:172.21.15.49:3300/0,v1:172.21.15.49:6789/0] conn(0x7f2b28103ea0 0x7f2b281042a0 unknown :-1 s=CLOSED pgs=39 cs=0 l=1 rev1=1 crypto rx=0 tx=0 comp rx=0 tx=0).stop
2024-09-19T08:53:33.659 INFO:teuthology.orchestra.run.smithi049.stdout:/usr/bin/ceph: stderr
2024-09-19T08:53:32.762+0000 7f2b2f7fe640 1 -- 172.21.15.49:0/2151582755 >> 172.21.15.49:0/2151582755 conn(0x7f2b280ffc50 msgr2=0x7f2b281020b0 unknown :-1 s=STATE_NONE l=0).mark_down
2024-09-19T08:53:33.659 INFO:teuthology.orchestra.run.smithi049.stdout:/usr/bin/ceph: stderr
2024-09-19T08:53:32.762+0000 7f2b2f7fe640 1 -- 172.21.15.49:0/2151582755 shutdown_connections
2024-09-19T08:53:33.659 INFO:teuthology.orchestra.run.smithi049.stdout:/usr/bin/ceph: stderr
2024-09-19T08:53:32.762+0000 7f2b2f7fe640 1 -- 172.21.15.49:0/2151582755 wait complete.
2024-09-19T08:53:33.659 INFO:teuthology.orchestra.run.smithi049.stdout:/usr/bin/ceph: stderr
2024-09-19T08:53:32.762+0000 7f2b2f7fe640 1 Processor -- start
2024-09-19T08:53:33.659 INFO:teuthology.orchestra.run.smithi049.stdout:/usr/bin/ceph: stderr
2024-09-19T08:53:32.762+0000 7f2b2f7fe640 1 -- start start
2024-09-19T08:53:33.659 INFO:teuthology.orchestra.run.smithi049.stdout:/usr/bin/ceph: stderr
2024-09-19T08:53:32.762+0000 7f2b2f7fe640 1 --2- >> [v2:172.21.15.49:3300/0,v1:172.21.15.49:6789/0] conn(0x7f2b28103ea0 0x7f2b2819b540 unknown :-1 s=NONE pgs=0 cs=0 l=1 rev1=0 crypto rx=0 tx=0 comp rx=0 tx=0).connect
2024-09-19T08:53:33.659 INFO:teuthology.orchestra.run.smithi049.stdout:/usr/bin/ceph: stderr
2024-09-19T08:53:32.762+0000 7f2b2f7fe640 1 -- --> [v2:172.21.15.49:3300/0,v1:172.21.15.49:6789/0] -- mon_getmap magic: 0 v1 -- 0x7f2b2819ba80 con 0x7f2b28103ea0
2024-09-19T08:53:33.659 INFO:teuthology.orchestra.run.smithi049.stdout:/usr/bin/ceph: stderr
2024-09-19T08:53:32.763+0000 7f2b2d59a640 1 --2- >> [v2:172.21.15.49:3300/0,v1:172.21.15.49:6789/0] conn(0x7f2b28103ea0 0x7f2b2819b540 unknown :-1 s=BANNER_CONNECTING pgs=0 cs=0 l=1 rev1=0 crypto rx=0 tx=0 comp rx=0 tx=0)._handle_peer_banner_payload supported=3 required=0
2024-09-19T08:53:33.659 INFO:teuthology.orchestra.run.smithi049.stdout:/usr/bin/ceph: stderr
2024-09-19T08:53:32.763+0000 7f2b2d59a640 1 --2- >> [v2:172.21.15.49:3300/0,v1:172.21.15.49:6789/0] conn(0x7f2b28103ea0 0x7f2b2819b540 unknown :-1 s=HELLO_CONNECTING pgs=0 cs=0 l=1 rev1=1 crypto rx=0 tx=0 comp rx=0 tx=0).handle_hello peer v2:172.21.15.49:3300/0 says I am v2:172.21.15.49:41498/0 (socket says 172.21.15.49:41498)
2024-09-19T08:53:33.659 INFO:teuthology.orchestra.run.smithi049.stdout:/usr/bin/ceph: stderr
2024-09-19T08:53:32.763+0000 7f2b2d59a640 1 -- 172.21.15.49:0/520931716 learned_addr learned my addr 172.21.15.49:0/520931716 (peer_addr_for_me v2:172.21.15.49:0/0)
2024-09-19T08:53:33.660 INFO:teuthology.orchestra.run.smithi049.stdout:/usr/bin/ceph: stderr
2024-09-19T08:53:32.763+0000 7f2b2d59a640 1 -- 172.21.15.49:0/520931716 --> [v2:172.21.15.49:3300/0,v1:172.21.15.49:6789/0] -- mon_subscribe({config=0+,monmap=0+}) v3 -- 0x7f2b1c009b30 con 0x7f2b28103ea0
2024-09-19T08:53:33.660 INFO:teuthology.orchestra.run.smithi049.stdout:/usr/bin/ceph: stderr
2024-09-19T08:53:32.763+0000 7f2b2d59a640 1 --2- 172.21.15.49:0/520931716 >> [v2:172.21.15.49:3300/0,v1:172.21.15.49:6789/0] conn(0x7f2b28103ea0 0x7f2b2819b540 secure :-1 s=READY pgs=40 cs=0 l=1 rev1=1 crypto rx=0x7f2b1c031630 tx=0x7f2b1c0075c0 comp rx=0 tx=0).ready entity=mon.0 client_cookie=0 server_cookie=0 in_seq=0 out_seq=0
2024-09-19T08:53:33.660 INFO:teuthology.orchestra.run.smithi049.stdout:/usr/bin/ceph: stderr
2024-09-19T08:53:32.763+0000 7f2b1a7fc640 1 -- 172.21.15.49:0/520931716 <== mon.0 v2:172.21.15.49:3300/0 1 ==== mon_map magic: 0 v1 ==== 229+0+0 (secure 0 0 0) 0x7f2b1c031b50 con 0x7f2b28103ea0
2024-09-19T08:53:33.660 INFO:teuthology.orchestra.run.smithi049.stdout:/usr/bin/ceph: stderr
2024-09-19T08:53:32.763+0000 7f2b1a7fc640 1 -- 172.21.15.49:0/520931716 <== mon.0 v2:172.21.15.49:3300/0 2 ==== config(27 keys) v1 ==== 1042+0+0 (secure 0 0 0) 0x7f2b1c031cb0 con 0x7f2b28103ea0
2024-09-19T08:53:33.660 INFO:teuthology.orchestra.run.smithi049.stdout:/usr/bin/ceph: stderr
2024-09-19T08:53:32.763+0000 7f2b2f7fe640 1 -- 172.21.15.49:0/520931716 --> [v2:172.21.15.49:3300/0,v1:172.21.15.49:6789/0] -- mon_subscribe({mgrmap=0+}) v3 -- 0x7f2b2819bc80 con 0x7f2b28103ea0
2024-09-19T08:53:33.660 INFO:teuthology.orchestra.run.smithi049.stdout:/usr/bin/ceph: stderr
2024-09-19T08:53:32.763+0000 7f2b1a7fc640 1 -- 172.21.15.49:0/520931716 <== mon.0 v2:172.21.15.49:3300/0 3 ==== mon_map magic: 0 v1 ==== 229+0+0 (secure 0 0 0) 0x7f2b1c03a6b0 con 0x7f2b28103ea0
2024-09-19T08:53:33.660 INFO:teuthology.orchestra.run.smithi049.stdout:/usr/bin/ceph: stderr
2024-09-19T08:53:32.763+0000 7f2b2f7fe640 1 -- 172.21.15.49:0/520931716 --> [v2:172.21.15.49:3300/0,v1:172.21.15.49:6789/0] -- mon_subscribe({osdmap=0}) v3 -- 0x7f2b2819c180 con 0x7f2b28103ea0
2024-09-19T08:53:33.660 INFO:teuthology.orchestra.run.smithi049.stdout:/usr/bin/ceph: stderr
2024-09-19T08:53:32.764+0000 7f2b1a7fc640 1 -- 172.21.15.49:0/520931716 <== mon.0 v2:172.21.15.49:3300/0 4 ==== mgrmap(e 8) v1 ==== 45556+0+0 (secure 0 0 0) 0x7f2b1c038040 con 0x7f2b28103ea0
2024-09-19T08:53:33.660 INFO:teuthology.orchestra.run.smithi049.stdout:/usr/bin/ceph: stderr
2024-09-19T08:53:32.764+0000 7f2b2f7fe640 1 -- 172.21.15.49:0/520931716 --> [v2:172.21.15.49:3300/0,v1:172.21.15.49:6789/0] -- mon_command({"prefix": "get_command_descriptions"} v 0) v1 -- 0x7f2b28195270 con 0x7f2b28103ea0
2024-09-19T08:53:33.660 INFO:teuthology.orchestra.run.smithi049.stdout:/usr/bin/ceph: stderr
2024-09-19T08:53:32.764+0000 7f2b1a7fc640 1 --2- 172.21.15.49:0/520931716 >> [v2:172.21.15.49:6800/1902543814,v1:172.21.15.49:6801/1902543814] conn(0x7f2b140386a0 0x7f2b1403ab60 unknown :-1 s=NONE pgs=0 cs=0 l=1 rev1=0 crypto rx=0 tx=0 comp rx=0 tx=0).connect
2024-09-19T08:53:33.660 INFO:teuthology.orchestra.run.smithi049.stdout:/usr/bin/ceph: stderr
2024-09-19T08:53:32.764+0000 7f2b1a7fc640 1 -- 172.21.15.49:0/520931716 <== mon.0 v2:172.21.15.49:3300/0 5 ==== osd_map(2..2 src has 1..2) v4 ==== 940+0+0 (secure 0 0 0) 0x7f2b1c06b840 con 0x7f2b28103ea0
2024-09-19T08:53:33.660 INFO:teuthology.orchestra.run.smithi049.stdout:/usr/bin/ceph: stderr
2024-09-19T08:53:32.764+0000 7f2b2cd99640 1 --2- 172.21.15.49:0/520931716 >> [v2:172.21.15.49:6800/1902543814,v1:172.21.15.49:6801/1902543814] conn(0x7f2b140386a0 0x7f2b1403ab60 unknown :-1 s=BANNER_CONNECTING pgs=0 cs=0 l=1 rev1=0 crypto rx=0 tx=0 comp rx=0 tx=0)._handle_peer_banner_payload supported=3 required=0
2024-09-19T08:53:33.661 INFO:teuthology.orchestra.run.smithi049.stdout:/usr/bin/ceph: stderr
2024-09-19T08:53:32.765+0000 7f2b2cd99640 1 --2- 172.21.15.49:0/520931716 >> [v2:172.21.15.49:6800/1902543814,v1:172.21.15.49:6801/1902543814] conn(0x7f2b140386a0 0x7f2b1403ab60 secure :-1 s=READY pgs=10 cs=0 l=1 rev1=1 crypto rx=0x7f2b240098c0 tx=0x7f2b24006db0 comp rx=0 tx=0).ready entity=mgr.14118 client_cookie=0 server_cookie=0 in_seq=0 out_seq=0
2024-09-19T08:53:33.661 INFO:teuthology.orchestra.run.smithi049.stdout:/usr/bin/ceph: stderr
2024-09-19T08:53:32.769+0000 7f2b1a7fc640 1 -- 172.21.15.49:0/520931716 <== mon.0 v2:172.21.15.49:3300/0 6 ==== mon_command_ack([{"prefix": "get_command_descriptions"}]=0 v0) v1 ==== 72+0+183819 (secure 0 0 0) 0x7f2b1c0439b0 con 0x7f2b28103ea0
2024-09-19T08:53:33.661 INFO:teuthology.orchestra.run.smithi049.stdout:/usr/bin/ceph: stderr
2024-09-19T08:53:32.945+0000 7f2b2f7fe640 1 -- 172.21.15.49:0/520931716 --> [v2:172.21.15.49:6800/1902543814,v1:172.21.15.49:6801/1902543814] -- mgr_command(tid 0: {"prefix": "cephadm generate-key", "target": ["mon-mgr", ""]}) v1 -- 0x7f2b2802c660 con 0x7f2b140386a0
2024-09-19T08:53:33.661 INFO:teuthology.orchestra.run.smithi049.stdout:/usr/bin/ceph: stderr
2024-09-19T08:53:33.037+0000 7f2b1a7fc640 1 -- 172.21.15.49:0/520931716 <== mgr.14118 v2:172.21.15.49:6800/1902543814 1 ==== mgr_command_reply(tid 0: 0 ) v1 ==== 8+0+0 (secure 0 0 0) 0x7f2b2802c660 con 0x7f2b140386a0
2024-09-19T08:53:33.661 INFO:teuthology.orchestra.run.smithi049.stdout:/usr/bin/ceph: stderr
2024-09-19T08:53:33.039+0000 7f2b2f7fe640 1 -- 172.21.15.49:0/520931716 >> [v2:172.21.15.49:6800/1902543814,v1:172.21.15.49:6801/1902543814] conn(0x7f2b140386a0 msgr2=0x7f2b1403ab60 secure :-1 s=STATE_CONNECTION_ESTABLISHED l=1).mark_down
2024-09-19T08:53:33.661 INFO:teuthology.orchestra.run.smithi049.stdout:/usr/bin/ceph: stderr
2024-09-19T08:53:33.039+0000 7f2b2f7fe640 1 --2- 172.21.15.49:0/520931716 >> [v2:172.21.15.49:6800/1902543814,v1:172.21.15.49:6801/1902543814] conn(0x7f2b140386a0 0x7f2b1403ab60 secure :-1 s=READY pgs=10 cs=0 l=1 rev1=1 crypto rx=0x7f2b240098c0 tx=0x7f2b24006db0 comp rx=0 tx=0).stop
2024-09-19T08:53:33.661 INFO:teuthology.orchestra.run.smithi049.stdout:/usr/bin/ceph: stderr
2024-09-19T08:53:33.039+0000 7f2b2f7fe640 1 -- 172.21.15.49:0/520931716 >> [v2:172.21.15.49:3300/0,v1:172.21.15.49:6789/0] conn(0x7f2b28103ea0 msgr2=0x7f2b2819b540 secure :-1 s=STATE_CONNECTION_ESTABLISHED l=1).mark_down
2024-09-19T08:53:33.661 INFO:teuthology.orchestra.run.smithi049.stdout:/usr/bin/ceph: stderr
2024-09-19T08:53:33.039+0000 7f2b2f7fe640 1 --2- 172.21.15.49:0/520931716 >> [v2:172.21.15.49:3300/0,v1:172.21.15.49:6789/0] conn(0x7f2b28103ea0 0x7f2b2819b540 secure :-1 s=READY pgs=40 cs=0 l=1 rev1=1 crypto rx=0x7f2b1c031630 tx=0x7f2b1c0075c0 comp rx=0 tx=0).stop
2024-09-19T08:53:33.661 INFO:teuthology.orchestra.run.smithi049.stdout:/usr/bin/ceph: stderr
2024-09-19T08:53:33.040+0000 7f2b2f7fe640 1 -- 172.21.15.49:0/520931716 shutdown_connections
2024-09-19T08:53:33.661 INFO:teuthology.orchestra.run.smithi049.stdout:/usr/bin/ceph: stderr
2024-09-19T08:53:33.040+0000 7f2b2f7fe640 1 --2- 172.21.15.49:0/520931716 >> [v2:172.21.15.49:6800/1902543814,v1:172.21.15.49:6801/1902543814] conn(0x7f2b140386a0 0x7f2b1403ab60 unknown :-1 s=CLOSED pgs=10 cs=0 l=1 rev1=1 crypto rx=0 tx=0 comp rx=0 tx=0).stop
2024-09-19T08:53:33.661 INFO:teuthology.orchestra.run.smithi049.stdout:/usr/bin/ceph: stderr
2024-09-19T08:53:33.040+0000 7f2b2f7fe640 1 --2- 172.21.15.49:0/520931716 >> [v2:172.21.15.49:3300/0,v1:172.21.15.49:6789/0] conn(0x7f2b28103ea0 0x7f2b2819b540 unknown :-1 s=CLOSED pgs=40 cs=0 l=1 rev1=1 crypto rx=0 tx=0 comp rx=0 tx=0).stop
2024-09-19T08:53:33.661 INFO:teuthology.orchestra.run.smithi049.stdout:/usr/bin/ceph: stderr
2024-09-19T08:53:33.040+0000 7f2b2f7fe640 1 -- 172.21.15.49:0/520931716 >> 172.21.15.49:0/520931716 conn(0x7f2b280ffc50 msgr2=0x7f2b28192440 unknown :-1 s=STATE_NONE l=0).mark_down
2024-09-19T08:53:33.661 INFO:teuthology.orchestra.run.smithi049.stdout:/usr/bin/ceph: stderr
2024-09-19T08:53:33.040+0000 7f2b2f7fe640 1 -- 172.21.15.49:0/520931716 shutdown_connections
2024-09-19T08:53:33.662 INFO:teuthology.orchestra.run.smithi049.stdout:/usr/bin/ceph: stderr
2024-09-19T08:53:33.040+0000 7f2b2f7fe640 1 -- 172.21.15.49:0/520931716 wait complete.
2024-09-19T08:53:34.302 INFO:journalctl@ceph.mon.smithi049.smithi049.stdout:Sep 19 08:53:34 smithi049 ceph-mon[28158]: from='client.14134 -' entity='client.admin' cmd=[{"prefix": "cephadm generate-key", "target": ["mon-mgr", ""]}]: dispatch
2024-09-19T08:53:34.302 INFO:journalctl@ceph.mon.smithi049.smithi049.stdout:Sep 19 08:53:34 smithi049 ceph-mon[28158]: Generating ssh key...
2024-09-19T08:53:34.302 INFO:journalctl@ceph.mon.smithi049.smithi049.stdout:Sep 19 08:53:34 smithi049 ceph-mon[28158]: from='mgr.14118 172.21.15.49:0/1521551357' entity='mgr.smithi049.qdvksw'
2024-09-19T08:53:34.302 INFO:journalctl@ceph.mon.smithi049.smithi049.stdout:Sep 19 08:53:34 smithi049 ceph-mon[28158]: from='mgr.14118 172.21.15.49:0/1521551357' entity='mgr.smithi049.qdvksw'
2024-09-19T08:53:34.780 INFO:teuthology.orchestra.run.smithi049.stdout:/usr/bin/ceph: stdout ssh-rsa AAAAB3NzaC1yc2EAAAADAQABAAABgQDs4S2+a6FEcgo9u9becmnrInlbDJsRkxV330PLYUonD6Tg1/voAteGxM2oTkCKWLDjivxReDiqpqoiiZBhIibNsoS391tzG8uZXEd2n/DP89NiGpvJ0MEqjBdLqxeVf9jBceJrMKQbzft+Fr6noLLyWqNDiWlw6pyF9jLZEWkvnVutAQ8T/CN5I0M5tYz4OquEoYteWCjc2kCzNMaoG5qdkj9vQxzPhkJtDrJUyAmWOfQspox8Oe2osnJe/N9ZgXpNDfqfrNwrHtiX484BgAVHn/nAs7Wd3Y0n7zFjehgMVeb3VYU7jKaTvlt60oiCz20RE7mzCs4RynJZ/MkIiAeuWJ47nXBPWusBN3Wi3plv1JsXUbob3oe0lLf3BPIQyLjsoCCnIRtu5zLOJE7X8FEevRT+c/QC08GUW/jXrMGIP0W4Q8TEsxoCJxJl1/X4kvIhPr+tpsLdoj9i5pzBHvXZd7aVY/CUidaecS6cfftJUGMp1geM7TnDAfFdOcBUnO0= ceph-63845326-7664-11ef-bceb-c7b262605968
2024-09-19T08:53:34.781 INFO:teuthology.orchestra.run.smithi049.stdout:/usr/bin/ceph: stderr
2024-09-19T08:53:34.070+0000 7fe692641640 1 Processor -- start
2024-09-19T08:53:34.781 INFO:teuthology.orchestra.run.smithi049.stdout:/usr/bin/ceph: stderr
2024-09-19T08:53:34.070+0000 7fe692641640 1 -- start start
2024-09-19T08:53:34.781 INFO:teuthology.orchestra.run.smithi049.stdout:/usr/bin/ceph: stderr
2024-09-19T08:53:34.070+0000 7fe692641640 1 --2- >> [v2:172.21.15.49:3300/0,v1:172.21.15.49:6789/0] conn(0x7fe68c1055c0 0x7fe68c1059c0 unknown :-1 s=NONE pgs=0 cs=0 l=0 rev1=0 crypto rx=0 tx=0 comp rx=0 tx=0).connect
2024-09-19T08:53:34.781 INFO:teuthology.orchestra.run.smithi049.stdout:/usr/bin/ceph: stderr
2024-09-19T08:53:34.071+0000 7fe692641640 1 -- --> [v2:172.21.15.49:3300/0,v1:172.21.15.49:6789/0] -- mon_getmap magic: 0 v1 -- 0x7fe68c105f90 con 0x7fe68c1055c0
2024-09-19T08:53:34.781 INFO:teuthology.orchestra.run.smithi049.stdout:/usr/bin/ceph: stderr
2024-09-19T08:53:34.071+0000 7fe68bfff640 1 --2- >> [v2:172.21.15.49:3300/0,v1:172.21.15.49:6789/0] conn(0x7fe68c1055c0 0x7fe68c1059c0 unknown :-1 s=BANNER_CONNECTING pgs=0 cs=0 l=0 rev1=0 crypto rx=0 tx=0 comp rx=0 tx=0)._handle_peer_banner_payload supported=3 required=0
2024-09-19T08:53:34.781 INFO:teuthology.orchestra.run.smithi049.stdout:/usr/bin/ceph: stderr
2024-09-19T08:53:34.071+0000 7fe68bfff640 1 --2- >> [v2:172.21.15.49:3300/0,v1:172.21.15.49:6789/0] conn(0x7fe68c1055c0 0x7fe68c1059c0 unknown :-1 s=HELLO_CONNECTING pgs=0 cs=0 l=0 rev1=1 crypto rx=0 tx=0 comp rx=0 tx=0).handle_hello peer v2:172.21.15.49:3300/0 says I am v2:172.21.15.49:41504/0 (socket says 172.21.15.49:41504)
2024-09-19T08:53:34.781 INFO:teuthology.orchestra.run.smithi049.stdout:/usr/bin/ceph: stderr
2024-09-19T08:53:34.071+0000 7fe68bfff640 1 -- 172.21.15.49:0/2473447605 learned_addr learned my addr 172.21.15.49:0/2473447605 (peer_addr_for_me v2:172.21.15.49:0/0)
2024-09-19T08:53:34.781 INFO:teuthology.orchestra.run.smithi049.stdout:/usr/bin/ceph: stderr
2024-09-19T08:53:34.071+0000 7fe68bfff640 1 -- 172.21.15.49:0/2473447605 --> [v2:172.21.15.49:3300/0,v1:172.21.15.49:6789/0] -- mon_subscribe({config=0+,monmap=0+}) v3 -- 0x7fe68c1067c0 con 0x7fe68c1055c0
2024-09-19T08:53:34.781 INFO:teuthology.orchestra.run.smithi049.stdout:/usr/bin/ceph: stderr
2024-09-19T08:53:34.072+0000 7fe68bfff640 1 --2- 172.21.15.49:0/2473447605 >> [v2:172.21.15.49:3300/0,v1:172.21.15.49:6789/0] conn(0x7fe68c1055c0 0x7fe68c1059c0 secure :-1 s=READY pgs=41 cs=0 l=1 rev1=1 crypto rx=0x7fe67c009820 tx=0x7fe67c02a270 comp rx=0 tx=0).ready entity=mon.0 client_cookie=482c55300c698081 server_cookie=0 in_seq=0 out_seq=0
2024-09-19T08:53:34.781 INFO:teuthology.orchestra.run.smithi049.stdout:/usr/bin/ceph: stderr
2024-09-19T08:53:34.072+0000 7fe68affd640 1 -- 172.21.15.49:0/2473447605 <== mon.0 v2:172.21.15.49:3300/0 1 ==== mon_map magic: 0 v1 ==== 229+0+0 (secure 0 0 0) 0x7fe67c02ad40 con 0x7fe68c1055c0
2024-09-19T08:53:34.781 INFO:teuthology.orchestra.run.smithi049.stdout:/usr/bin/ceph: stderr
2024-09-19T08:53:34.072+0000 7fe68affd640 1 -- 172.21.15.49:0/2473447605 <== mon.0 v2:172.21.15.49:3300/0 2 ==== config(27 keys) v1 ==== 1042+0+0 (secure 0 0 0) 0x7fe67c0328c0 con 0x7fe68c1055c0
2024-09-19T08:53:34.781 INFO:teuthology.orchestra.run.smithi049.stdout:/usr/bin/ceph: stderr
2024-09-19T08:53:34.072+0000 7fe68affd640 1 -- 172.21.15.49:0/2473447605 <== mon.0 v2:172.21.15.49:3300/0 3 ==== mon_map magic: 0 v1 ==== 229+0+0 (secure 0 0 0) 0x7fe67c0307f0 con 0x7fe68c1055c0
2024-09-19T08:53:34.782 INFO:teuthology.orchestra.run.smithi049.stdout:/usr/bin/ceph: stderr
2024-09-19T08:53:34.072+0000 7fe692641640 1 -- 172.21.15.49:0/2473447605 >> [v2:172.21.15.49:3300/0,v1:172.21.15.49:6789/0] conn(0x7fe68c1055c0 msgr2=0x7fe68c1059c0 secure :-1 s=STATE_CONNECTION_ESTABLISHED l=1).mark_down
2024-09-19T08:53:34.782 INFO:teuthology.orchestra.run.smithi049.stdout:/usr/bin/ceph: stderr
2024-09-19T08:53:34.072+0000 7fe692641640 1 --2- 172.21.15.49:0/2473447605 >> [v2:172.21.15.49:3300/0,v1:172.21.15.49:6789/0] conn(0x7fe68c1055c0 0x7fe68c1059c0 secure :-1 s=READY pgs=41 cs=0 l=1 rev1=1 crypto rx=0x7fe67c009820 tx=0x7fe67c02a270 comp rx=0 tx=0).stop
2024-09-19T08:53:34.782 INFO:teuthology.orchestra.run.smithi049.stdout:/usr/bin/ceph: stderr
2024-09-19T08:53:34.073+0000 7fe692641640 1 -- 172.21.15.49:0/2473447605 shutdown_connections
2024-09-19T08:53:34.782 INFO:teuthology.orchestra.run.smithi049.stdout:/usr/bin/ceph: stderr
2024-09-19T08:53:34.073+0000 7fe692641640 1 --2- 172.21.15.49:0/2473447605 >> [v2:172.21.15.49:3300/0,v1:172.21.15.49:6789/0] conn(0x7fe68c1055c0 0x7fe68c1059c0 unknown :-1 s=CLOSED pgs=41 cs=0 l=1 rev1=1 crypto rx=0 tx=0 comp rx=0 tx=0).stop
2024-09-19T08:53:34.782 INFO:teuthology.orchestra.run.smithi049.stdout:/usr/bin/ceph: stderr
2024-09-19T08:53:34.073+0000 7fe692641640 1 -- 172.21.15.49:0/2473447605 >> 172.21.15.49:0/2473447605 conn(0x7fe68c100d30 msgr2=0x7fe68c103190 unknown :-1 s=STATE_NONE l=0).mark_down
2024-09-19T08:53:34.782 INFO:teuthology.orchestra.run.smithi049.stdout:/usr/bin/ceph: stderr
2024-09-19T08:53:34.073+0000 7fe692641640 1 -- 172.21.15.49:0/2473447605 shutdown_connections
2024-09-19T08:53:34.782 INFO:teuthology.orchestra.run.smithi049.stdout:/usr/bin/ceph: stderr
2024-09-19T08:53:34.073+0000 7fe692641640 1 -- 172.21.15.49:0/2473447605 wait complete.
2024-09-19T08:53:34.782 INFO:teuthology.orchestra.run.smithi049.stdout:/usr/bin/ceph: stderr
2024-09-19T08:53:34.073+0000 7fe692641640 1 Processor -- start
2024-09-19T08:53:34.782 INFO:teuthology.orchestra.run.smithi049.stdout:/usr/bin/ceph: stderr
2024-09-19T08:53:34.073+0000 7fe692641640 1 -- start start
2024-09-19T08:53:34.782 INFO:teuthology.orchestra.run.smithi049.stdout:/usr/bin/ceph: stderr
2024-09-19T08:53:34.074+0000 7fe692641640 1 --2- >> [v2:172.21.15.49:3300/0,v1:172.21.15.49:6789/0] conn(0x7fe68c1055c0 0x7fe68c1992d0 unknown :-1 s=NONE pgs=0 cs=0 l=1 rev1=0 crypto rx=0 tx=0 comp rx=0 tx=0).connect
2024-09-19T08:53:34.782 INFO:teuthology.orchestra.run.smithi049.stdout:/usr/bin/ceph: stderr
2024-09-19T08:53:34.074+0000 7fe692641640 1 -- --> [v2:172.21.15.49:3300/0,v1:172.21.15.49:6789/0] -- mon_getmap magic: 0 v1 -- 0x7fe68c199810 con 0x7fe68c1055c0
2024-09-19T08:53:34.782 INFO:teuthology.orchestra.run.smithi049.stdout:/usr/bin/ceph: stderr
2024-09-19T08:53:34.074+0000 7fe68bfff640 1 --2- >> [v2:172.21.15.49:3300/0,v1:172.21.15.49:6789/0] conn(0x7fe68c1055c0 0x7fe68c1992d0 unknown :-1 s=BANNER_CONNECTING pgs=0 cs=0 l=1 rev1=0 crypto rx=0 tx=0 comp rx=0 tx=0)._handle_peer_banner_payload supported=3 required=0
2024-09-19T08:53:34.783 INFO:teuthology.orchestra.run.smithi049.stdout:/usr/bin/ceph: stderr
2024-09-19T08:53:34.074+0000 7fe68bfff640 1 --2- >> [v2:172.21.15.49:3300/0,v1:172.21.15.49:6789/0] conn(0x7fe68c1055c0 0x7fe68c1992d0 unknown :-1 s=HELLO_CONNECTING pgs=0 cs=0 l=1 rev1=1 crypto rx=0 tx=0 comp rx=0 tx=0).handle_hello peer v2:172.21.15.49:3300/0 says I am v2:172.21.15.49:41512/0 (socket says 172.21.15.49:41512)
2024-09-19T08:53:34.783 INFO:teuthology.orchestra.run.smithi049.stdout:/usr/bin/ceph: stderr
2024-09-19T08:53:34.074+0000 7fe68bfff640 1 -- 172.21.15.49:0/519137664 learned_addr learned my addr 172.21.15.49:0/519137664 (peer_addr_for_me v2:172.21.15.49:0/0)
2024-09-19T08:53:34.783 INFO:teuthology.orchestra.run.smithi049.stdout:/usr/bin/ceph: stderr
2024-09-19T08:53:34.074+0000 7fe68bfff640 1 -- 172.21.15.49:0/519137664 --> [v2:172.21.15.49:3300/0,v1:172.21.15.49:6789/0] -- mon_subscribe({config=0+,monmap=0+}) v3 -- 0x7fe67c0094d0 con 0x7fe68c1055c0
2024-09-19T08:53:34.783 INFO:teuthology.orchestra.run.smithi049.stdout:/usr/bin/ceph: stderr
2024-09-19T08:53:34.074+0000 7fe68bfff640 1 --2- 172.21.15.49:0/519137664 >> [v2:172.21.15.49:3300/0,v1:172.21.15.49:6789/0] conn(0x7fe68c1055c0 0x7fe68c1992d0 secure :-1 s=READY pgs=42 cs=0 l=1 rev1=1 crypto rx=0x7fe67c030d30 tx=0x7fe67c030d60 comp rx=0 tx=0).ready entity=mon.0 client_cookie=0 server_cookie=0 in_seq=0 out_seq=0
2024-09-19T08:53:34.783 INFO:teuthology.orchestra.run.smithi049.stdout:/usr/bin/ceph: stderr
2024-09-19T08:53:34.074+0000 7fe6897fa640 1 -- 172.21.15.49:0/519137664 <== mon.0 v2:172.21.15.49:3300/0 1 ==== mon_map magic: 0 v1 ==== 229+0+0 (secure 0 0 0) 0x7fe67c032c40 con 0x7fe68c1055c0
2024-09-19T08:53:34.783 INFO:teuthology.orchestra.run.smithi049.stdout:/usr/bin/ceph: stderr
2024-09-19T08:53:34.074+0000 7fe6897fa640 1 -- 172.21.15.49:0/519137664 <== mon.0 v2:172.21.15.49:3300/0 2 ==== config(27 keys) v1 ==== 1042+0+0 (secure 0 0 0) 0x7fe67c032da0 con 0x7fe68c1055c0
2024-09-19T08:53:34.783 INFO:teuthology.orchestra.run.smithi049.stdout:/usr/bin/ceph: stderr
2024-09-19T08:53:34.074+0000 7fe692641640 1 -- 172.21.15.49:0/519137664 --> [v2:172.21.15.49:3300/0,v1:172.21.15.49:6789/0] -- mon_subscribe({mgrmap=0+}) v3 -- 0x7fe68c199a10 con 0x7fe68c1055c0
2024-09-19T08:53:34.783 INFO:teuthology.orchestra.run.smithi049.stdout:/usr/bin/ceph: stderr
2024-09-19T08:53:34.074+0000 7fe6897fa640 1 -- 172.21.15.49:0/519137664 <== mon.0 v2:172.21.15.49:3300/0 3 ==== mon_map magic: 0 v1 ==== 229+0+0 (secure 0 0 0) 0x7fe67c03c570 con 0x7fe68c1055c0
2024-09-19T08:53:34.783 INFO:teuthology.orchestra.run.smithi049.stdout:/usr/bin/ceph: stderr
2024-09-19T08:53:34.075+0000 7fe692641640 1 -- 172.21.15.49:0/519137664 --> [v2:172.21.15.49:3300/0,v1:172.21.15.49:6789/0] -- mon_subscribe({osdmap=0}) v3 -- 0x7fe68c199e30 con 0x7fe68c1055c0
2024-09-19T08:53:34.783 INFO:teuthology.orchestra.run.smithi049.stdout:/usr/bin/ceph: stderr
2024-09-19T08:53:34.075+0000 7fe6897fa640 1 -- 172.21.15.49:0/519137664 <== mon.0 v2:172.21.15.49:3300/0 4 ==== mgrmap(e 8) v1 ==== 45556+0+0 (secure 0 0 0) 0x7fe67c03c7e0 con 0x7fe68c1055c0
2024-09-19T08:53:34.783 INFO:teuthology.orchestra.run.smithi049.stdout:/usr/bin/ceph: stderr
2024-09-19T08:53:34.076+0000 7fe692641640 1 -- 172.21.15.49:0/519137664 --> [v2:172.21.15.49:3300/0,v1:172.21.15.49:6789/0] -- mon_command({"prefix": "get_command_descriptions"} v 0) v1 -- 0x7fe68c1099f0 con 0x7fe68c1055c0
2024-09-19T08:53:34.783 INFO:teuthology.orchestra.run.smithi049.stdout:/usr/bin/ceph: stderr
2024-09-19T08:53:34.076+0000 7fe6897fa640 1 --2- 172.21.15.49:0/519137664 >> [v2:172.21.15.49:6800/1902543814,v1:172.21.15.49:6801/1902543814] conn(0x7fe6740386a0 0x7fe67403ab60 unknown :-1 s=NONE pgs=0 cs=0 l=1 rev1=0 crypto rx=0 tx=0 comp rx=0 tx=0).connect
2024-09-19T08:53:34.783 INFO:teuthology.orchestra.run.smithi049.stdout:/usr/bin/ceph: stderr
2024-09-19T08:53:34.076+0000 7fe6897fa640 1 -- 172.21.15.49:0/519137664 <== mon.0 v2:172.21.15.49:3300/0 5 ==== osd_map(2..2 src has 1..2) v4 ==== 940+0+0 (secure 0 0 0) 0x7fe67c06bc30 con 0x7fe68c1055c0
2024-09-19T08:53:34.784 INFO:teuthology.orchestra.run.smithi049.stdout:/usr/bin/ceph: stderr
2024-09-19T08:53:34.076+0000 7fe68b7fe640 1 --2- 172.21.15.49:0/519137664 >> [v2:172.21.15.49:6800/1902543814,v1:172.21.15.49:6801/1902543814] conn(0x7fe6740386a0 0x7fe67403ab60 unknown :-1 s=BANNER_CONNECTING pgs=0 cs=0 l=1 rev1=0 crypto rx=0 tx=0 comp rx=0 tx=0)._handle_peer_banner_payload supported=3 required=0
2024-09-19T08:53:34.784 INFO:teuthology.orchestra.run.smithi049.stdout:/usr/bin/ceph: stderr
2024-09-19T08:53:34.076+0000 7fe68b7fe640 1 --2- 172.21.15.49:0/519137664 >> [v2:172.21.15.49:6800/1902543814,v1:172.21.15.49:6801/1902543814] conn(0x7fe6740386a0 0x7fe67403ab60 secure :-1 s=READY pgs=11 cs=0 l=1 rev1=1 crypto rx=0x7fe6800098c0 tx=0x7fe680006db0 comp rx=0 tx=0).ready entity=mgr.14118 client_cookie=0 server_cookie=0 in_seq=0 out_seq=0
2024-09-19T08:53:34.784 INFO:teuthology.orchestra.run.smithi049.stdout:/usr/bin/ceph: stderr
2024-09-19T08:53:34.080+0000 7fe6897fa640 1 -- 172.21.15.49:0/519137664 <== mon.0 v2:172.21.15.49:3300/0 6 ==== mon_command_ack([{"prefix": "get_command_descriptions"}]=0 v0) v1 ==== 72+0+183819 (secure 0 0 0) 0x7fe67c0313a0 con 0x7fe68c1055c0
2024-09-19T08:53:34.784 INFO:teuthology.orchestra.run.smithi049.stdout:/usr/bin/ceph: stderr
2024-09-19T08:53:34.254+0000 7fe692641640 1 -- 172.21.15.49:0/519137664 --> [v2:172.21.15.49:6800/1902543814,v1:172.21.15.49:6801/1902543814] -- mgr_command(tid 0: {"prefix": "cephadm get-pub-key", "target": ["mon-mgr", ""]}) v1 -- 0x7fe68c101fc0 con 0x7fe6740386a0
2024-09-19T08:53:34.784 INFO:teuthology.orchestra.run.smithi049.stdout:/usr/bin/ceph: stderr
2024-09-19T08:53:34.255+0000 7fe6897fa640 1 -- 172.21.15.49:0/519137664 <== mgr.14118 v2:172.21.15.49:6800/1902543814 1 ==== mgr_command_reply(tid 0: 0 ) v1 ==== 8+0+595 (secure 0 0 0) 0x7fe68c101fc0 con 0x7fe6740386a0
2024-09-19T08:53:34.784 INFO:teuthology.orchestra.run.smithi049.stdout:/usr/bin/ceph: stderr
2024-09-19T08:53:34.257+0000 7fe692641640 1 -- 172.21.15.49:0/519137664 >> [v2:172.21.15.49:6800/1902543814,v1:172.21.15.49:6801/1902543814] conn(0x7fe6740386a0 msgr2=0x7fe67403ab60 secure :-1 s=STATE_CONNECTION_ESTABLISHED l=1).mark_down
2024-09-19T08:53:34.784 INFO:teuthology.orchestra.run.smithi049.stdout:/usr/bin/ceph: stderr
2024-09-19T08:53:34.257+0000 7fe692641640 1 --2- 172.21.15.49:0/519137664 >> [v2:172.21.15.49:6800/1902543814,v1:172.21.15.49:6801/1902543814] conn(0x7fe6740386a0 0x7fe67403ab60 secure :-1 s=READY pgs=11 cs=0 l=1 rev1=1 crypto rx=0x7fe6800098c0 tx=0x7fe680006db0 comp rx=0 tx=0).stop
2024-09-19T08:53:34.784 INFO:teuthology.orchestra.run.smithi049.stdout:/usr/bin/ceph: stderr
2024-09-19T08:53:34.257+0000 7fe692641640 1 -- 172.21.15.49:0/519137664 >> [v2:172.21.15.49:3300/0,v1:172.21.15.49:6789/0] conn(0x7fe68c1055c0 msgr2=0x7fe68c1992d0 secure :-1 s=STATE_CONNECTION_ESTABLISHED l=1).mark_down
2024-09-19T08:53:34.784 INFO:teuthology.orchestra.run.smithi049.stdout:/usr/bin/ceph: stderr
2024-09-19T08:53:34.257+0000 7fe692641640 1 --2- 172.21.15.49:0/519137664 >> [v2:172.21.15.49:3300/0,v1:172.21.15.49:6789/0] conn(0x7fe68c1055c0 0x7fe68c1992d0 secure :-1 s=READY pgs=42 cs=0 l=1 rev1=1 crypto rx=0x7fe67c030d30 tx=0x7fe67c030d60 comp rx=0 tx=0).stop
2024-09-19T08:53:34.784 INFO:teuthology.orchestra.run.smithi049.stdout:/usr/bin/ceph: stderr
2024-09-19T08:53:34.257+0000 7fe692641640 1 -- 172.21.15.49:0/519137664 shutdown_connections
2024-09-19T08:53:34.784 INFO:teuthology.orchestra.run.smithi049.stdout:/usr/bin/ceph: stderr
2024-09-19T08:53:34.257+0000 7fe692641640 1 --2- 172.21.15.49:0/519137664 >> [v2:172.21.15.49:6800/1902543814,v1:172.21.15.49:6801/1902543814] conn(0x7fe6740386a0 0x7fe67403ab60 unknown :-1 s=CLOSED pgs=11 cs=0 l=1 rev1=1 crypto rx=0 tx=0 comp rx=0 tx=0).stop
2024-09-19T08:53:34.784 INFO:teuthology.orchestra.run.smithi049.stdout:/usr/bin/ceph: stderr
2024-09-19T08:53:34.257+0000 7fe692641640 1 --2- 172.21.15.49:0/519137664 >> [v2:172.21.15.49:3300/0,v1:172.21.15.49:6789/0] conn(0x7fe68c1055c0 0x7fe68c1992d0 unknown :-1 s=CLOSED pgs=42 cs=0 l=1 rev1=1 crypto rx=0 tx=0 comp rx=0 tx=0).stop
2024-09-19T08:53:34.784 INFO:teuthology.orchestra.run.smithi049.stdout:/usr/bin/ceph: stderr
2024-09-19T08:53:34.257+0000 7fe692641640 1 -- 172.21.15.49:0/519137664 >> 172.21.15.49:0/519137664 conn(0x7fe68c100d30 msgr2=0x7fe68c1018b0 unknown :-1 s=STATE_NONE l=0).mark_down
2024-09-19T08:53:34.785 INFO:teuthology.orchestra.run.smithi049.stdout:/usr/bin/ceph: stderr
2024-09-19T08:53:34.257+0000 7fe692641640 1 -- 172.21.15.49:0/519137664 shutdown_connections
2024-09-19T08:53:34.785 INFO:teuthology.orchestra.run.smithi049.stdout:/usr/bin/ceph: stderr
2024-09-19T08:53:34.257+0000 7fe692641640 1 -- 172.21.15.49:0/519137664 wait complete.
2024-09-19T08:53:34.785 INFO:teuthology.orchestra.run.smithi049.stdout:Wrote public SSH key to /home/ubuntu/cephtest/ceph.pub
2024-09-19T08:53:34.785 INFO:teuthology.orchestra.run.smithi049.stdout:Adding key to root@localhost authorized_keys...
2024-09-19T08:53:34.785 INFO:teuthology.orchestra.run.smithi049.stdout:Adding host smithi049...
2024-09-19T08:53:35.217 INFO:journalctl@ceph.mon.smithi049.smithi049.stdout:Sep 19 08:53:35 smithi049 ceph-mon[28158]: from='client.14136 -' entity='client.admin' cmd=[{"prefix": "cephadm get-pub-key", "target": ["mon-mgr", ""]}]: dispatch
2024-09-19T08:53:36.742 INFO:journalctl@ceph.mon.smithi049.smithi049.stdout:Sep 19 08:53:36 smithi049 ceph-mon[28158]: from='client.14138 -' entity='client.admin' cmd=[{"prefix": "orch host add", "hostname": "smithi049", "addr": "172.21.15.49", "target": ["mon-mgr", ""]}]: dispatch
2024-09-19T08:53:37.662 INFO:journalctl@ceph.mon.smithi049.smithi049.stdout:Sep 19 08:53:37 smithi049 ceph-mon[28158]: Deploying cephadm binary to smithi049
2024-09-19T08:53:39.280 INFO:teuthology.orchestra.run.smithi049.stdout:/usr/bin/ceph: stdout Added host 'smithi049' with addr '172.21.15.49'
2024-09-19T08:53:39.280 INFO:teuthology.orchestra.run.smithi049.stdout:/usr/bin/ceph: stderr
2024-09-19T08:53:35.226+0000 7fca5df42640 1 Processor -- start
2024-09-19T08:53:39.280 INFO:teuthology.orchestra.run.smithi049.stdout:/usr/bin/ceph: stderr
2024-09-19T08:53:35.226+0000 7fca5df42640 1 -- start start
2024-09-19T08:53:39.280 INFO:teuthology.orchestra.run.smithi049.stdout:/usr/bin/ceph: stderr
2024-09-19T08:53:35.226+0000 7fca5df42640 1 --2- >> [v2:172.21.15.49:3300/0,v1:172.21.15.49:6789/0] conn(0x7fca581055c0 0x7fca581059c0 unknown :-1 s=NONE pgs=0 cs=0 l=0 rev1=0 crypto rx=0 tx=0 comp rx=0 tx=0).connect
2024-09-19T08:53:39.280 INFO:teuthology.orchestra.run.smithi049.stdout:/usr/bin/ceph: stderr
2024-09-19T08:53:35.226+0000 7fca5df42640 1 -- --> [v2:172.21.15.49:3300/0,v1:172.21.15.49:6789/0] -- mon_getmap magic: 0 v1 -- 0x7fca58105f90 con 0x7fca581055c0
2024-09-19T08:53:39.280 INFO:teuthology.orchestra.run.smithi049.stdout:/usr/bin/ceph: stderr
2024-09-19T08:53:35.227+0000 7fca577fe640 1 --2- >> [v2:172.21.15.49:3300/0,v1:172.21.15.49:6789/0] conn(0x7fca581055c0 0x7fca581059c0 unknown :-1 s=BANNER_CONNECTING pgs=0 cs=0 l=0 rev1=0 crypto rx=0 tx=0 comp rx=0 tx=0)._handle_peer_banner_payload supported=3 required=0
2024-09-19T08:53:39.280 INFO:teuthology.orchestra.run.smithi049.stdout:/usr/bin/ceph: stderr
2024-09-19T08:53:35.227+0000 7fca577fe640 1 --2- >> [v2:172.21.15.49:3300/0,v1:172.21.15.49:6789/0] conn(0x7fca581055c0 0x7fca581059c0 unknown :-1 s=HELLO_CONNECTING pgs=0 cs=0 l=0 rev1=1 crypto rx=0 tx=0 comp rx=0 tx=0).handle_hello peer v2:172.21.15.49:3300/0 says I am v2:172.21.15.49:41528/0 (socket says 172.21.15.49:41528)
2024-09-19T08:53:39.281 INFO:teuthology.orchestra.run.smithi049.stdout:/usr/bin/ceph: stderr
2024-09-19T08:53:35.227+0000 7fca577fe640 1 -- 172.21.15.49:0/4086344050 learned_addr learned my addr 172.21.15.49:0/4086344050 (peer_addr_for_me v2:172.21.15.49:0/0)
2024-09-19T08:53:39.281 INFO:teuthology.orchestra.run.smithi049.stdout:/usr/bin/ceph: stderr
2024-09-19T08:53:35.227+0000 7fca577fe640 1 -- 172.21.15.49:0/4086344050 --> [v2:172.21.15.49:3300/0,v1:172.21.15.49:6789/0] -- mon_subscribe({config=0+,monmap=0+}) v3 -- 0x7fca581067c0 con 0x7fca581055c0
2024-09-19T08:53:39.281 INFO:teuthology.orchestra.run.smithi049.stdout:/usr/bin/ceph: stderr
2024-09-19T08:53:35.227+0000 7fca577fe640 1 --2- 172.21.15.49:0/4086344050 >> [v2:172.21.15.49:3300/0,v1:172.21.15.49:6789/0] conn(0x7fca581055c0 0x7fca581059c0 secure :-1 s=READY pgs=43 cs=0 l=1 rev1=1 crypto rx=0x7fca48009e80 tx=0x7fca4802a7a0 comp rx=0 tx=0).ready entity=mon.0 client_cookie=9f2206f26966885f server_cookie=0 in_seq=0 out_seq=0
