2024-09-19T08:53:14.445+0000 7f4dec662640 1 -- 172.21.15.49:0/1994307325 --> [v2:172.21.15.49:3300/0,v1:172.21.15.49:6789/0] -- mon_subscribe({osdmap=0}) v3 -- 0x7f4de41a4800 con 0x7f4de410ffc0
2024-09-19T08:53:15.271 INFO:teuthology.orchestra.run.smithi049.stdout:/usr/bin/ceph: stderr
2024-09-19T08:53:14.446+0000 7f4ddb7fe640 1 -- 172.21.15.49:0/1994307325 <== mon.0 v2:172.21.15.49:3300/0 4 ==== mgrmap(e 3) v1 ==== 45439+0+0 (secure 0 0 0) 0x7f4de003c860 con 0x7f4de410ffc0
2024-09-19T08:53:15.271 INFO:teuthology.orchestra.run.smithi049.stdout:/usr/bin/ceph: stderr
2024-09-19T08:53:14.447+0000 7f4ddb7fe640 1 --2- 172.21.15.49:0/1994307325 >> [v2:172.21.15.49:6800/1436634671,v1:172.21.15.49:6801/1436634671] conn(0x7f4dd00384e0 0x7f4dd003a9a0 unknown :-1 s=NONE pgs=0 cs=0 l=1 rev1=0 crypto rx=0 tx=0 comp rx=0 tx=0).connect
2024-09-19T08:53:15.271 INFO:teuthology.orchestra.run.smithi049.stdout:/usr/bin/ceph: stderr
2024-09-19T08:53:14.447+0000 7f4dec662640 1 -- 172.21.15.49:0/1994307325 --> [v2:172.21.15.49:3300/0,v1:172.21.15.49:6789/0] -- mon_command({"prefix": "get_command_descriptions"} v 0) v1 -- 0x7f4de41103c0 con 0x7f4de410ffc0
2024-09-19T08:53:15.271 INFO:teuthology.orchestra.run.smithi049.stdout:/usr/bin/ceph: stderr
2024-09-19T08:53:14.447+0000 7f4ddb7fe640 1 -- 172.21.15.49:0/1994307325 <== mon.0 v2:172.21.15.49:3300/0 5 ==== osd_map(1..1 src has 1..1) v4 ==== 725+0+0 (secure 0 0 0) 0x7f4de006ba00 con 0x7f4de410ffc0
2024-09-19T08:53:15.271 INFO:teuthology.orchestra.run.smithi049.stdout:/usr/bin/ceph: stderr
2024-09-19T08:53:14.447+0000 7f4de9bfd640 1 --2- 172.21.15.49:0/1994307325 >> [v2:172.21.15.49:6800/1436634671,v1:172.21.15.49:6801/1436634671] conn(0x7f4dd00384e0 0x7f4dd003a9a0 unknown :-1 s=BANNER_CONNECTING pgs=0 cs=0 l=1 rev1=0 crypto rx=0 tx=0 comp rx=0 tx=0)._handle_peer_banner_payload supported=3 required=0
2024-09-19T08:53:15.271 INFO:teuthology.orchestra.run.smithi049.stdout:/usr/bin/ceph: stderr
2024-09-19T08:53:14.447+0000 7f4de9bfd640 1 --2- 172.21.15.49:0/1994307325 >> [v2:172.21.15.49:6800/1436634671,v1:172.21.15.49:6801/1436634671] conn(0x7f4dd00384e0 0x7f4dd003a9a0 secure :-1 s=READY pgs=6 cs=0 l=1 rev1=1 crypto rx=0x7f4dd40098c0 tx=0x7f4dd4006db0 comp rx=0 tx=0).ready entity=mgr.14100 client_cookie=0 server_cookie=0 in_seq=0 out_seq=0
2024-09-19T08:53:15.271 INFO:teuthology.orchestra.run.smithi049.stdout:/usr/bin/ceph: stderr
2024-09-19T08:53:14.452+0000 7f4ddb7fe640 1 -- 172.21.15.49:0/1994307325 <== mon.0 v2:172.21.15.49:3300/0 6 ==== mon_command_ack([{"prefix": "get_command_descriptions"}]=0 v0) v1 ==== 72+0+183819 (secure 0 0 0) 0x7f4de00313a0 con 0x7f4de410ffc0
2024-09-19T08:53:15.272 INFO:teuthology.orchestra.run.smithi049.stdout:/usr/bin/ceph: stderr
2024-09-19T08:53:14.688+0000 7f4dec662640 1 -- 172.21.15.49:0/1994307325 --> [v2:172.21.15.49:3300/0,v1:172.21.15.49:6789/0] -- mon_command({"prefix": "status", "format": "json-pretty"} v 0) v1 -- 0x7f4de41a7160 con 0x7f4de410ffc0
2024-09-19T08:53:15.272 INFO:teuthology.orchestra.run.smithi049.stdout:/usr/bin/ceph: stderr
2024-09-19T08:53:14.689+0000 7f4ddb7fe640 1 -- 172.21.15.49:0/1994307325 <== mon.0 v2:172.21.15.49:3300/0 7 ==== mon_command_ack([{"prefix": "status", "format": "json-pretty"}]=0 v0) v1 ==== 79+0+1245 (secure 0 0 0) 0x7f4de003bb30 con 0x7f4de410ffc0
2024-09-19T08:53:15.272 INFO:teuthology.orchestra.run.smithi049.stdout:/usr/bin/ceph: stderr
2024-09-19T08:53:14.691+0000 7f4dec662640 1 -- 172.21.15.49:0/1994307325 >> [v2:172.21.15.49:6800/1436634671,v1:172.21.15.49:6801/1436634671] conn(0x7f4dd00384e0 msgr2=0x7f4dd003a9a0 secure :-1 s=STATE_CONNECTION_ESTABLISHED l=1).mark_down
2024-09-19T08:53:15.272 INFO:teuthology.orchestra.run.smithi049.stdout:/usr/bin/ceph: stderr
2024-09-19T08:53:14.691+0000 7f4dec662640 1 --2- 172.21.15.49:0/1994307325 >> [v2:172.21.15.49:6800/1436634671,v1:172.21.15.49:6801/1436634671] conn(0x7f4dd00384e0 0x7f4dd003a9a0 secure :-1 s=READY pgs=6 cs=0 l=1 rev1=1 crypto rx=0x7f4dd40098c0 tx=0x7f4dd4006db0 comp rx=0 tx=0).stop
2024-09-19T08:53:15.272 INFO:teuthology.orchestra.run.smithi049.stdout:/usr/bin/ceph: stderr
2024-09-19T08:53:14.691+0000 7f4dec662640 1 -- 172.21.15.49:0/1994307325 >> [v2:172.21.15.49:3300/0,v1:172.21.15.49:6789/0] conn(0x7f4de410ffc0 msgr2=0x7f4de41a3ca0 secure :-1 s=STATE_CONNECTION_ESTABLISHED l=1).mark_down
2024-09-19T08:53:15.272 INFO:teuthology.orchestra.run.smithi049.stdout:/usr/bin/ceph: stderr
2024-09-19T08:53:14.691+0000 7f4dec662640 1 --2- 172.21.15.49:0/1994307325 >> [v2:172.21.15.49:3300/0,v1:172.21.15.49:6789/0] conn(0x7f4de410ffc0 0x7f4de41a3ca0 secure :-1 s=READY pgs=17 cs=0 l=1 rev1=1 crypto rx=0x7f4de00303a0 tx=0x7f4de0032c60 comp rx=0 tx=0).stop
2024-09-19T08:53:15.272 INFO:teuthology.orchestra.run.smithi049.stdout:/usr/bin/ceph: stderr
2024-09-19T08:53:14.691+0000 7f4dec662640 1 -- 172.21.15.49:0/1994307325 shutdown_connections
2024-09-19T08:53:15.272 INFO:teuthology.orchestra.run.smithi049.stdout:/usr/bin/ceph: stderr
2024-09-19T08:53:14.691+0000 7f4dec662640 1 --2- 172.21.15.49:0/1994307325 >> [v2:172.21.15.49:6800/1436634671,v1:172.21.15.49:6801/1436634671] conn(0x7f4dd00384e0 0x7f4dd003a9a0 unknown :-1 s=CLOSED pgs=6 cs=0 l=1 rev1=1 crypto rx=0 tx=0 comp rx=0 tx=0).stop
2024-09-19T08:53:15.272 INFO:teuthology.orchestra.run.smithi049.stdout:/usr/bin/ceph: stderr
2024-09-19T08:53:14.691+0000 7f4dec662640 1 --2- 172.21.15.49:0/1994307325 >> [v2:172.21.15.49:3300/0,v1:172.21.15.49:6789/0] conn(0x7f4de410ffc0 0x7f4de41a3ca0 unknown :-1 s=CLOSED pgs=17 cs=0 l=1 rev1=1 crypto rx=0 tx=0 comp rx=0 tx=0).stop
2024-09-19T08:53:15.272 INFO:teuthology.orchestra.run.smithi049.stdout:/usr/bin/ceph: stderr
2024-09-19T08:53:14.691+0000 7f4dec662640 1 -- 172.21.15.49:0/1994307325 >> 172.21.15.49:0/1994307325 conn(0x7f4de406abb0 msgr2=0x7f4de41123e0 unknown :-1 s=STATE_NONE l=0).mark_down
2024-09-19T08:53:15.272 INFO:teuthology.orchestra.run.smithi049.stdout:/usr/bin/ceph: stderr
2024-09-19T08:53:14.691+0000 7f4dec662640 1 -- 172.21.15.49:0/1994307325 shutdown_connections
2024-09-19T08:53:15.273 INFO:teuthology.orchestra.run.smithi049.stdout:/usr/bin/ceph: stderr
2024-09-19T08:53:14.691+0000 7f4dec662640 1 -- 172.21.15.49:0/1994307325 wait complete.
2024-09-19T08:53:15.273 INFO:teuthology.orchestra.run.smithi049.stdout:mgr is available
2024-09-19T08:53:15.802 INFO:journalctl@ceph.mon.smithi049.smithi049.stdout:Sep 19 08:53:15 smithi049 ceph-mon[28158]: mgrmap e4: smithi049.qdvksw(active, since 2s)
2024-09-19T08:53:17.052 INFO:journalctl@ceph.mon.smithi049.smithi049.stdout:Sep 19 08:53:16 smithi049 ceph-mon[28158]: from='client.? 172.21.15.49:0/1938887058' entity='client.admin' cmd=[{"prefix": "config assimilate-conf"}]: dispatch
2024-09-19T08:53:17.254 INFO:teuthology.orchestra.run.smithi049.stdout:/usr/bin/ceph: stdout
2024-09-19T08:53:17.254 INFO:teuthology.orchestra.run.smithi049.stdout:/usr/bin/ceph: stdout [global]
2024-09-19T08:53:17.254 INFO:teuthology.orchestra.run.smithi049.stdout:/usr/bin/ceph: stdout fsid = 63845326-7664-11ef-bceb-c7b262605968
2024-09-19T08:53:17.254 INFO:teuthology.orchestra.run.smithi049.stdout:/usr/bin/ceph: stdout mon_osd_allow_pg_remap = true
2024-09-19T08:53:17.254 INFO:teuthology.orchestra.run.smithi049.stdout:/usr/bin/ceph: stdout mon_osd_allow_primary_affinity = true
2024-09-19T08:53:17.254 INFO:teuthology.orchestra.run.smithi049.stdout:/usr/bin/ceph: stdout mon_warn_on_no_sortbitwise = false
2024-09-19T08:53:17.254 INFO:teuthology.orchestra.run.smithi049.stdout:/usr/bin/ceph: stdout osd_crush_chooseleaf_type = 0
2024-09-19T08:53:17.254 INFO:teuthology.orchestra.run.smithi049.stdout:/usr/bin/ceph: stdout
2024-09-19T08:53:17.254 INFO:teuthology.orchestra.run.smithi049.stdout:/usr/bin/ceph: stdout [mgr]
2024-09-19T08:53:17.255 INFO:teuthology.orchestra.run.smithi049.stdout:/usr/bin/ceph: stdout mgr/telemetry/nag = false
2024-09-19T08:53:17.255 INFO:teuthology.orchestra.run.smithi049.stdout:/usr/bin/ceph: stdout
2024-09-19T08:53:17.255 INFO:teuthology.orchestra.run.smithi049.stdout:/usr/bin/ceph: stdout [osd]
2024-09-19T08:53:17.255 INFO:teuthology.orchestra.run.smithi049.stdout:/usr/bin/ceph: stdout mon_osd_backfillfull_ratio = 0.85
2024-09-19T08:53:17.255 INFO:teuthology.orchestra.run.smithi049.stdout:/usr/bin/ceph: stdout mon_osd_full_ratio = 0.9
2024-09-19T08:53:17.255 INFO:teuthology.orchestra.run.smithi049.stdout:/usr/bin/ceph: stdout mon_osd_nearfull_ratio = 0.8
2024-09-19T08:53:17.255 INFO:teuthology.orchestra.run.smithi049.stdout:/usr/bin/ceph: stdout osd_map_max_advance = 10
2024-09-19T08:53:17.255 INFO:teuthology.orchestra.run.smithi049.stdout:/usr/bin/ceph: stdout osd_sloppy_crc = true
2024-09-19T08:53:17.255 INFO:teuthology.orchestra.run.smithi049.stdout:/usr/bin/ceph: stderr
2024-09-19T08:53:15.646+0000 7fde93abb640 1 Processor -- start
2024-09-19T08:53:17.255 INFO:teuthology.orchestra.run.smithi049.stdout:/usr/bin/ceph: stderr
2024-09-19T08:53:15.647+0000 7fde93abb640 1 -- start start
2024-09-19T08:53:17.255 INFO:teuthology.orchestra.run.smithi049.stdout:/usr/bin/ceph: stderr
2024-09-19T08:53:15.647+0000 7fde93abb640 1 --2- >> [v2:172.21.15.49:3300/0,v1:172.21.15.49:6789/0] conn(0x7fde8c07be90 0x7fde8c07a2f0 unknown :-1 s=NONE pgs=0 cs=0 l=0 rev1=0 crypto rx=0 tx=0 comp rx=0 tx=0).connect
2024-09-19T08:53:17.255 INFO:teuthology.orchestra.run.smithi049.stdout:/usr/bin/ceph: stderr
2024-09-19T08:53:15.647+0000 7fde93abb640 1 -- --> [v2:172.21.15.49:3300/0,v1:172.21.15.49:6789/0] -- mon_getmap magic: 0 v1 -- 0x7fde8c07a8c0 con 0x7fde8c07be90
2024-09-19T08:53:17.256 INFO:teuthology.orchestra.run.smithi049.stdout:/usr/bin/ceph: stderr
2024-09-19T08:53:15.647+0000 7fde91857640 1 --2- >> [v2:172.21.15.49:3300/0,v1:172.21.15.49:6789/0] conn(0x7fde8c07be90 0x7fde8c07a2f0 unknown :-1 s=BANNER_CONNECTING pgs=0 cs=0 l=0 rev1=0 crypto rx=0 tx=0 comp rx=0 tx=0)._handle_peer_banner_payload supported=3 required=0
2024-09-19T08:53:17.256 INFO:teuthology.orchestra.run.smithi049.stdout:/usr/bin/ceph: stderr
2024-09-19T08:53:15.647+0000 7fde91857640 1 --2- >> [v2:172.21.15.49:3300/0,v1:172.21.15.49:6789/0] conn(0x7fde8c07be90 0x7fde8c07a2f0 unknown :-1 s=HELLO_CONNECTING pgs=0 cs=0 l=0 rev1=1 crypto rx=0 tx=0 comp rx=0 tx=0).handle_hello peer v2:172.21.15.49:3300/0 says I am v2:172.21.15.49:42520/0 (socket says 172.21.15.49:42520)
2024-09-19T08:53:17.256 INFO:teuthology.orchestra.run.smithi049.stdout:/usr/bin/ceph: stderr
2024-09-19T08:53:15.647+0000 7fde91857640 1 -- 172.21.15.49:0/1110349632 learned_addr learned my addr 172.21.15.49:0/1110349632 (peer_addr_for_me v2:172.21.15.49:0/0)
2024-09-19T08:53:17.256 INFO:teuthology.orchestra.run.smithi049.stdout:/usr/bin/ceph: stderr
2024-09-19T08:53:15.647+0000 7fde91857640 1 -- 172.21.15.49:0/1110349632 --> [v2:172.21.15.49:3300/0,v1:172.21.15.49:6789/0] -- mon_subscribe({config=0+,monmap=0+}) v3 -- 0x7fde8c07aa00 con 0x7fde8c07be90
2024-09-19T08:53:17.256 INFO:teuthology.orchestra.run.smithi049.stdout:/usr/bin/ceph: stderr
2024-09-19T08:53:15.648+0000 7fde91857640 1 --2- 172.21.15.49:0/1110349632 >> [v2:172.21.15.49:3300/0,v1:172.21.15.49:6789/0] conn(0x7fde8c07be90 0x7fde8c07a2f0 secure :-1 s=READY pgs=18 cs=0 l=1 rev1=1 crypto rx=0x7fde80009820 tx=0x7fde8002a270 comp rx=0 tx=0).ready entity=mon.0 client_cookie=57c0e1dc11563e34 server_cookie=0 in_seq=0 out_seq=0
2024-09-19T08:53:17.256 INFO:teuthology.orchestra.run.smithi049.stdout:/usr/bin/ceph: stderr
2024-09-19T08:53:15.648+0000 7fde90855640 1 -- 172.21.15.49:0/1110349632 <== mon.0 v2:172.21.15.49:3300/0 1 ==== mon_map magic: 0 v1 ==== 229+0+0 (secure 0 0 0) 0x7fde8002ad40 con 0x7fde8c07be90
2024-09-19T08:53:17.256 INFO:teuthology.orchestra.run.smithi049.stdout:/usr/bin/ceph: stderr
2024-09-19T08:53:15.648+0000 7fde90855640 1 -- 172.21.15.49:0/1110349632 <== mon.0 v2:172.21.15.49:3300/0 2 ==== config(27 keys) v1 ==== 1042+0+0 (secure 0 0 0) 0x7fde800328c0 con 0x7fde8c07be90
2024-09-19T08:53:17.256 INFO:teuthology.orchestra.run.smithi049.stdout:/usr/bin/ceph: stderr
2024-09-19T08:53:15.648+0000 7fde90855640 1 -- 172.21.15.49:0/1110349632 <== mon.0 v2:172.21.15.49:3300/0 3 ==== mon_map magic: 0 v1 ==== 229+0+0 (secure 0 0 0) 0x7fde800307f0 con 0x7fde8c07be90
2024-09-19T08:53:17.256 INFO:teuthology.orchestra.run.smithi049.stdout:/usr/bin/ceph: stderr
2024-09-19T08:53:15.649+0000 7fde93abb640 1 -- 172.21.15.49:0/1110349632 >> [v2:172.21.15.49:3300/0,v1:172.21.15.49:6789/0] conn(0x7fde8c07be90 msgr2=0x7fde8c07a2f0 secure :-1 s=STATE_CONNECTION_ESTABLISHED l=1).mark_down
2024-09-19T08:53:17.256 INFO:teuthology.orchestra.run.smithi049.stdout:/usr/bin/ceph: stderr
2024-09-19T08:53:15.649+0000 7fde93abb640 1 --2- 172.21.15.49:0/1110349632 >> [v2:172.21.15.49:3300/0,v1:172.21.15.49:6789/0] conn(0x7fde8c07be90 0x7fde8c07a2f0 secure :-1 s=READY pgs=18 cs=0 l=1 rev1=1 crypto rx=0x7fde80009820 tx=0x7fde8002a270 comp rx=0 tx=0).stop
2024-09-19T08:53:17.256 INFO:teuthology.orchestra.run.smithi049.stdout:/usr/bin/ceph: stderr
2024-09-19T08:53:15.649+0000 7fde93abb640 1 -- 172.21.15.49:0/1110349632 shutdown_connections
2024-09-19T08:53:17.256 INFO:teuthology.orchestra.run.smithi049.stdout:/usr/bin/ceph: stderr
2024-09-19T08:53:15.649+0000 7fde93abb640 1 --2- 172.21.15.49:0/1110349632 >> [v2:172.21.15.49:3300/0,v1:172.21.15.49:6789/0] conn(0x7fde8c07be90 0x7fde8c07a2f0 unknown :-1 s=CLOSED pgs=18 cs=0 l=1 rev1=1 crypto rx=0 tx=0 comp rx=0 tx=0).stop
2024-09-19T08:53:17.257 INFO:teuthology.orchestra.run.smithi049.stdout:/usr/bin/ceph: stderr
2024-09-19T08:53:15.649+0000 7fde93abb640 1 -- 172.21.15.49:0/1110349632 >> 172.21.15.49:0/1110349632 conn(0x7fde8c100d80 msgr2=0x7fde8c1031a0 unknown :-1 s=STATE_NONE l=0).mark_down
2024-09-19T08:53:17.257 INFO:teuthology.orchestra.run.smithi049.stdout:/usr/bin/ceph: stderr
2024-09-19T08:53:15.649+0000 7fde93abb640 1 -- 172.21.15.49:0/1110349632 shutdown_connections
2024-09-19T08:53:17.257 INFO:teuthology.orchestra.run.smithi049.stdout:/usr/bin/ceph: stderr
2024-09-19T08:53:15.649+0000 7fde93abb640 1 -- 172.21.15.49:0/1110349632 wait complete.
2024-09-19T08:53:17.257 INFO:teuthology.orchestra.run.smithi049.stdout:/usr/bin/ceph: stderr
2024-09-19T08:53:15.649+0000 7fde93abb640 1 Processor -- start
2024-09-19T08:53:17.257 INFO:teuthology.orchestra.run.smithi049.stdout:/usr/bin/ceph: stderr
2024-09-19T08:53:15.650+0000 7fde93abb640 1 -- start start
2024-09-19T08:53:17.257 INFO:teuthology.orchestra.run.smithi049.stdout:/usr/bin/ceph: stderr
2024-09-19T08:53:15.650+0000 7fde93abb640 1 --2- >> [v2:172.21.15.49:3300/0,v1:172.21.15.49:6789/0] conn(0x7fde8c07be90 0x7fde8c19b4d0 unknown :-1 s=NONE pgs=0 cs=0 l=1 rev1=0 crypto rx=0 tx=0 comp rx=0 tx=0).connect
2024-09-19T08:53:17.257 INFO:teuthology.orchestra.run.smithi049.stdout:/usr/bin/ceph: stderr
2024-09-19T08:53:15.650+0000 7fde93abb640 1 -- --> [v2:172.21.15.49:3300/0,v1:172.21.15.49:6789/0] -- mon_getmap magic: 0 v1 -- 0x7fde8c19ba10 con 0x7fde8c07be90
2024-09-19T08:53:17.257 INFO:teuthology.orchestra.run.smithi049.stdout:/usr/bin/ceph: stderr
2024-09-19T08:53:15.650+0000 7fde91857640 1 --2- >> [v2:172.21.15.49:3300/0,v1:172.21.15.49:6789/0] conn(0x7fde8c07be90 0x7fde8c19b4d0 unknown :-1 s=BANNER_CONNECTING pgs=0 cs=0 l=1 rev1=0 crypto rx=0 tx=0 comp rx=0 tx=0)._handle_peer_banner_payload supported=3 required=0
2024-09-19T08:53:17.257 INFO:teuthology.orchestra.run.smithi049.stdout:/usr/bin/ceph: stderr
2024-09-19T08:53:15.650+0000 7fde91857640 1 --2- >> [v2:172.21.15.49:3300/0,v1:172.21.15.49:6789/0] conn(0x7fde8c07be90 0x7fde8c19b4d0 unknown :-1 s=HELLO_CONNECTING pgs=0 cs=0 l=1 rev1=1 crypto rx=0 tx=0 comp rx=0 tx=0).handle_hello peer v2:172.21.15.49:3300/0 says I am v2:172.21.15.49:42534/0 (socket says 172.21.15.49:42534)
2024-09-19T08:53:17.257 INFO:teuthology.orchestra.run.smithi049.stdout:/usr/bin/ceph: stderr
2024-09-19T08:53:15.650+0000 7fde91857640 1 -- 172.21.15.49:0/1938887058 learned_addr learned my addr 172.21.15.49:0/1938887058 (peer_addr_for_me v2:172.21.15.49:0/0)
2024-09-19T08:53:17.257 INFO:teuthology.orchestra.run.smithi049.stdout:/usr/bin/ceph: stderr
2024-09-19T08:53:15.650+0000 7fde91857640 1 -- 172.21.15.49:0/1938887058 --> [v2:172.21.15.49:3300/0,v1:172.21.15.49:6789/0] -- mon_subscribe({config=0+,monmap=0+}) v3 -- 0x7fde800094d0 con 0x7fde8c07be90
2024-09-19T08:53:17.257 INFO:teuthology.orchestra.run.smithi049.stdout:/usr/bin/ceph: stderr
2024-09-19T08:53:15.650+0000 7fde91857640 1 --2- 172.21.15.49:0/1938887058 >> [v2:172.21.15.49:3300/0,v1:172.21.15.49:6789/0] conn(0x7fde8c07be90 0x7fde8c19b4d0 secure :-1 s=READY pgs=19 cs=0 l=1 rev1=1 crypto rx=0x7fde80030d30 tx=0x7fde80030d60 comp rx=0 tx=0).ready entity=mon.0 client_cookie=0 server_cookie=0 in_seq=0 out_seq=0
2024-09-19T08:53:17.258 INFO:teuthology.orchestra.run.smithi049.stdout:/usr/bin/ceph: stderr
2024-09-19T08:53:15.650+0000 7fde7effd640 1 -- 172.21.15.49:0/1938887058 <== mon.0 v2:172.21.15.49:3300/0 1 ==== mon_map magic: 0 v1 ==== 229+0+0 (secure 0 0 0) 0x7fde80032c40 con 0x7fde8c07be90
2024-09-19T08:53:17.258 INFO:teuthology.orchestra.run.smithi049.stdout:/usr/bin/ceph: stderr
2024-09-19T08:53:15.650+0000 7fde7effd640 1 -- 172.21.15.49:0/1938887058 <== mon.0 v2:172.21.15.49:3300/0 2 ==== config(27 keys) v1 ==== 1042+0+0 (secure 0 0 0) 0x7fde80032da0 con 0x7fde8c07be90
2024-09-19T08:53:17.258 INFO:teuthology.orchestra.run.smithi049.stdout:/usr/bin/ceph: stderr
2024-09-19T08:53:15.650+0000 7fde93abb640 1 -- 172.21.15.49:0/1938887058 --> [v2:172.21.15.49:3300/0,v1:172.21.15.49:6789/0] -- mon_subscribe({mgrmap=0+}) v3 -- 0x7fde8c19bc10 con 0x7fde8c07be90
2024-09-19T08:53:17.258 INFO:teuthology.orchestra.run.smithi049.stdout:/usr/bin/ceph: stderr
2024-09-19T08:53:15.650+0000 7fde7effd640 1 -- 172.21.15.49:0/1938887058 <== mon.0 v2:172.21.15.49:3300/0 3 ==== mon_map magic: 0 v1 ==== 229+0+0 (secure 0 0 0) 0x7fde8003c660 con 0x7fde8c07be90
2024-09-19T08:53:17.258 INFO:teuthology.orchestra.run.smithi049.stdout:/usr/bin/ceph: stderr
2024-09-19T08:53:15.651+0000 7fde93abb640 1 -- 172.21.15.49:0/1938887058 --> [v2:172.21.15.49:3300/0,v1:172.21.15.49:6789/0] -- mon_subscribe({osdmap=0}) v3 -- 0x7fde8c19c030 con 0x7fde8c07be90
2024-09-19T08:53:17.258 INFO:teuthology.orchestra.run.smithi049.stdout:/usr/bin/ceph: stderr
2024-09-19T08:53:15.652+0000 7fde7effd640 1 -- 172.21.15.49:0/1938887058 <== mon.0 v2:172.21.15.49:3300/0 4 ==== mgrmap(e 4) v1 ==== 45545+0+0 (secure 0 0 0) 0x7fde8003c7e0 con 0x7fde8c07be90
2024-09-19T08:53:17.258 INFO:teuthology.orchestra.run.smithi049.stdout:/usr/bin/ceph: stderr
2024-09-19T08:53:15.652+0000 7fde93abb640 1 -- 172.21.15.49:0/1938887058 --> [v2:172.21.15.49:3300/0,v1:172.21.15.49:6789/0] -- mon_command({"prefix": "get_command_descriptions"} v 0) v1 -- 0x7fde8c10b930 con 0x7fde8c07be90
2024-09-19T08:53:17.258 INFO:teuthology.orchestra.run.smithi049.stdout:/usr/bin/ceph: stderr
2024-09-19T08:53:15.652+0000 7fde7effd640 1 --2- 172.21.15.49:0/1938887058 >> [v2:172.21.15.49:6800/1436634671,v1:172.21.15.49:6801/1436634671] conn(0x7fde78038650 0x7fde7803ab10 unknown :-1 s=NONE pgs=0 cs=0 l=1 rev1=0 crypto rx=0 tx=0 comp rx=0 tx=0).connect
2024-09-19T08:53:17.258 INFO:teuthology.orchestra.run.smithi049.stdout:/usr/bin/ceph: stderr
2024-09-19T08:53:15.652+0000 7fde7effd640 1 -- 172.21.15.49:0/1938887058 <== mon.0 v2:172.21.15.49:3300/0 5 ==== osd_map(1..1 src has 1..1) v4 ==== 725+0+0 (secure 0 0 0) 0x7fde8006b6d0 con 0x7fde8c07be90
2024-09-19T08:53:17.258 INFO:teuthology.orchestra.run.smithi049.stdout:/usr/bin/ceph: stderr
2024-09-19T08:53:15.652+0000 7fde91056640 1 --2- 172.21.15.49:0/1938887058 >> [v2:172.21.15.49:6800/1436634671,v1:172.21.15.49:6801/1436634671] conn(0x7fde78038650 0x7fde7803ab10 unknown :-1 s=BANNER_CONNECTING pgs=0 cs=0 l=1 rev1=0 crypto rx=0 tx=0 comp rx=0 tx=0)._handle_peer_banner_payload supported=3 required=0
2024-09-19T08:53:17.258 INFO:teuthology.orchestra.run.smithi049.stdout:/usr/bin/ceph: stderr
2024-09-19T08:53:15.652+0000 7fde91056640 1 --2- 172.21.15.49:0/1938887058 >> [v2:172.21.15.49:6800/1436634671,v1:172.21.15.49:6801/1436634671] conn(0x7fde78038650 0x7fde7803ab10 secure :-1 s=READY pgs=7 cs=0 l=1 rev1=1 crypto rx=0x7fde8800ad30 tx=0x7fde880093f0 comp rx=0 tx=0).ready entity=mgr.14100 client_cookie=0 server_cookie=0 in_seq=0 out_seq=0
2024-09-19T08:53:17.259 INFO:teuthology.orchestra.run.smithi049.stdout:/usr/bin/ceph: stderr
2024-09-19T08:53:15.657+0000 7fde7effd640 1 -- 172.21.15.49:0/1938887058 <== mon.0 v2:172.21.15.49:3300/0 6 ==== mon_command_ack([{"prefix": "get_command_descriptions"}]=0 v0) v1 ==== 72+0+183819 (secure 0 0 0) 0x7fde80045d30 con 0x7fde8c07be90
2024-09-19T08:53:17.259 INFO:teuthology.orchestra.run.smithi049.stdout:/usr/bin/ceph: stderr
2024-09-19T08:53:15.831+0000 7fde93abb640 1 -- 172.21.15.49:0/1938887058 --> [v2:172.21.15.49:3300/0,v1:172.21.15.49:6789/0] -- mon_command({"prefix": "config assimilate-conf"} v 0) v1 -- 0x7fde8c10bb40 con 0x7fde8c07be90
2024-09-19T08:53:17.259 INFO:teuthology.orchestra.run.smithi049.stdout:/usr/bin/ceph: stderr
2024-09-19T08:53:15.832+0000 7fde7effd640 1 -- 172.21.15.49:0/1938887058 <== mon.0 v2:172.21.15.49:3300/0 7 ==== mon_command_ack([{"prefix": "config assimilate-conf"}]=0 v3) v1 ==== 70+0+373 (secure 0 0 0) 0x7fde80045b50 con 0x7fde8c07be90
2024-09-19T08:53:17.259 INFO:teuthology.orchestra.run.smithi049.stdout:/usr/bin/ceph: stderr
2024-09-19T08:53:15.834+0000 7fde93abb640 1 -- 172.21.15.49:0/1938887058 >> [v2:172.21.15.49:6800/1436634671,v1:172.21.15.49:6801/1436634671] conn(0x7fde78038650 msgr2=0x7fde7803ab10 secure :-1 s=STATE_CONNECTION_ESTABLISHED l=1).mark_down
2024-09-19T08:53:17.259 INFO:teuthology.orchestra.run.smithi049.stdout:/usr/bin/ceph: stderr
2024-09-19T08:53:15.834+0000 7fde93abb640 1 --2- 172.21.15.49:0/1938887058 >> [v2:172.21.15.49:6800/1436634671,v1:172.21.15.49:6801/1436634671] conn(0x7fde78038650 0x7fde7803ab10 secure :-1 s=READY pgs=7 cs=0 l=1 rev1=1 crypto rx=0x7fde8800ad30 tx=0x7fde880093f0 comp rx=0 tx=0).stop
2024-09-19T08:53:17.259 INFO:teuthology.orchestra.run.smithi049.stdout:/usr/bin/ceph: stderr
2024-09-19T08:53:15.834+0000 7fde93abb640 1 -- 172.21.15.49:0/1938887058 >> [v2:172.21.15.49:3300/0,v1:172.21.15.49:6789/0] conn(0x7fde8c07be90 msgr2=0x7fde8c19b4d0 secure :-1 s=STATE_CONNECTION_ESTABLISHED l=1).mark_down
2024-09-19T08:53:17.259 INFO:teuthology.orchestra.run.smithi049.stdout:/usr/bin/ceph: stderr
2024-09-19T08:53:15.834+0000 7fde93abb640 1 --2- 172.21.15.49:0/1938887058 >> [v2:172.21.15.49:3300/0,v1:172.21.15.49:6789/0] conn(0x7fde8c07be90 0x7fde8c19b4d0 secure :-1 s=READY pgs=19 cs=0 l=1 rev1=1 crypto rx=0x7fde80030d30 tx=0x7fde80030d60 comp rx=0 tx=0).stop
2024-09-19T08:53:17.259 INFO:teuthology.orchestra.run.smithi049.stdout:/usr/bin/ceph: stderr
2024-09-19T08:53:15.834+0000 7fde93abb640 1 -- 172.21.15.49:0/1938887058 shutdown_connections
2024-09-19T08:53:17.259 INFO:teuthology.orchestra.run.smithi049.stdout:/usr/bin/ceph: stderr
2024-09-19T08:53:15.834+0000 7fde93abb640 1 --2- 172.21.15.49:0/1938887058 >> [v2:172.21.15.49:6800/1436634671,v1:172.21.15.49:6801/1436634671] conn(0x7fde78038650 0x7fde7803ab10 unknown :-1 s=CLOSED pgs=7 cs=0 l=1 rev1=1 crypto rx=0 tx=0 comp rx=0 tx=0).stop
2024-09-19T08:53:17.259 INFO:teuthology.orchestra.run.smithi049.stdout:/usr/bin/ceph: stderr
2024-09-19T08:53:15.834+0000 7fde93abb640 1 --2- 172.21.15.49:0/1938887058 >> [v2:172.21.15.49:3300/0,v1:172.21.15.49:6789/0] conn(0x7fde8c07be90 0x7fde8c19b4d0 unknown :-1 s=CLOSED pgs=19 cs=0 l=1 rev1=1 crypto rx=0 tx=0 comp rx=0 tx=0).stop
2024-09-19T08:53:17.259 INFO:teuthology.orchestra.run.smithi049.stdout:/usr/bin/ceph: stderr
2024-09-19T08:53:15.834+0000 7fde93abb640 1 -- 172.21.15.49:0/1938887058 >> 172.21.15.49:0/1938887058 conn(0x7fde8c100d80 msgr2=0x7fde8c101930 unknown :-1 s=STATE_NONE l=0).mark_down
2024-09-19T08:53:17.259 INFO:teuthology.orchestra.run.smithi049.stdout:/usr/bin/ceph: stderr
2024-09-19T08:53:15.834+0000 7fde93abb640 1 -- 172.21.15.49:0/1938887058 shutdown_connections
2024-09-19T08:53:17.260 INFO:teuthology.orchestra.run.smithi049.stdout:/usr/bin/ceph: stderr
2024-09-19T08:53:15.834+0000 7fde93abb640 1 -- 172.21.15.49:0/1938887058 wait complete.
2024-09-19T08:53:17.260 INFO:teuthology.orchestra.run.smithi049.stdout:Enabling cephadm module...
2024-09-19T08:53:20.499 INFO:journalctl@ceph.mon.smithi049.smithi049.stdout:Sep 19 08:53:20 smithi049 ceph-mon[28158]: from='client.? 172.21.15.49:0/2397528231' entity='client.admin' cmd=[{"prefix": "mgr module enable", "module": "cephadm"}]: dispatch
2024-09-19T08:53:21.552 INFO:journalctl@ceph.mon.smithi049.smithi049.stdout:Sep 19 08:53:21 smithi049 ceph-mon[28158]: from='client.? 172.21.15.49:0/2397528231' entity='client.admin' cmd='[{"prefix": "mgr module enable", "module": "cephadm"}]': finished
2024-09-19T08:53:21.552 INFO:journalctl@ceph.mon.smithi049.smithi049.stdout:Sep 19 08:53:21 smithi049 ceph-mon[28158]: mgrmap e5: smithi049.qdvksw(active, since 7s)
2024-09-19T08:53:25.552 INFO:journalctl@ceph.mon.smithi049.smithi049.stdout:Sep 19 08:53:25 smithi049 ceph-mon[28158]: Active manager daemon smithi049.qdvksw restarted
2024-09-19T08:53:25.552 INFO:journalctl@ceph.mon.smithi049.smithi049.stdout:Sep 19 08:53:25 smithi049 ceph-mon[28158]: Activating manager daemon smithi049.qdvksw
2024-09-19T08:53:25.552 INFO:journalctl@ceph.mon.smithi049.smithi049.stdout:Sep 19 08:53:25 smithi049 ceph-mon[28158]: osdmap e2: 0 total, 0 up, 0 in
2024-09-19T08:53:25.552 INFO:journalctl@ceph.mon.smithi049.smithi049.stdout:Sep 19 08:53:25 smithi049 ceph-mon[28158]: mgrmap e6: smithi049.qdvksw(active, starting, since 0.00296994s)
2024-09-19T08:53:25.553 INFO:journalctl@ceph.mon.smithi049.smithi049.stdout:Sep 19 08:53:25 smithi049 ceph-mon[28158]: from='mgr.14118 172.21.15.49:0/1521551357' entity='mgr.smithi049.qdvksw' cmd=[{"prefix": "mon metadata", "id": "smithi049"}]: dispatch
2024-09-19T08:53:25.553 INFO:journalctl@ceph.mon.smithi049.smithi049.stdout:Sep 19 08:53:25 smithi049 ceph-mon[28158]: from='mgr.14118 172.21.15.49:0/1521551357' entity='mgr.smithi049.qdvksw' cmd=[{"prefix": "mgr metadata", "who": "smithi049.qdvksw", "id": "smithi049.qdvksw"}]: dispatch
2024-09-19T08:53:25.553 INFO:journalctl@ceph.mon.smithi049.smithi049.stdout:Sep 19 08:53:25 smithi049 ceph-mon[28158]: from='mgr.14118 172.21.15.49:0/1521551357' entity='mgr.smithi049.qdvksw' cmd=[{"prefix": "mds metadata"}]: dispatch
2024-09-19T08:53:25.553 INFO:journalctl@ceph.mon.smithi049.smithi049.stdout:Sep 19 08:53:25 smithi049 ceph-mon[28158]: from='mgr.14118 172.21.15.49:0/1521551357' entity='mgr.smithi049.qdvksw' cmd=[{"prefix": "osd metadata"}]: dispatch
2024-09-19T08:53:25.553 INFO:journalctl@ceph.mon.smithi049.smithi049.stdout:Sep 19 08:53:25 smithi049 ceph-mon[28158]: from='mgr.14118 172.21.15.49:0/1521551357' entity='mgr.smithi049.qdvksw' cmd=[{"prefix": "mon metadata"}]: dispatch
2024-09-19T08:53:25.553 INFO:journalctl@ceph.mon.smithi049.smithi049.stdout:Sep 19 08:53:25 smithi049 ceph-mon[28158]: Manager daemon smithi049.qdvksw is now available
2024-09-19T08:53:25.553 INFO:journalctl@ceph.mon.smithi049.smithi049.stdout:Sep 19 08:53:25 smithi049 ceph-mon[28158]: from='mgr.14118 172.21.15.49:0/1521551357' entity='mgr.smithi049.qdvksw'
2024-09-19T08:53:25.553 INFO:journalctl@ceph.mon.smithi049.smithi049.stdout:Sep 19 08:53:25 smithi049 ceph-mon[28158]: from='mgr.14118 172.21.15.49:0/1521551357' entity='mgr.smithi049.qdvksw'
2024-09-19T08:53:25.553 INFO:journalctl@ceph.mon.smithi049.smithi049.stdout:Sep 19 08:53:25 smithi049 ceph-mon[28158]: from='mgr.14118 172.21.15.49:0/1521551357' entity='mgr.smithi049.qdvksw' cmd=[{"prefix": "config dump", "format": "json"}]: dispatch
2024-09-19T08:53:25.553 INFO:journalctl@ceph.mon.smithi049.smithi049.stdout:Sep 19 08:53:25 smithi049 ceph-mon[28158]: from='mgr.14118 172.21.15.49:0/1521551357' entity='mgr.smithi049.qdvksw' cmd=[{"prefix": "config dump", "format": "json"}]: dispatch
2024-09-19T08:53:25.553 INFO:journalctl@ceph.mon.smithi049.smithi049.stdout:Sep 19 08:53:25 smithi049 ceph-mon[28158]: from='mgr.14118 172.21.15.49:0/1521551357' entity='mgr.smithi049.qdvksw' cmd=[{"prefix":"config rm","who":"mgr","name":"mgr/rbd_support/smithi049.qdvksw/mirror_snapshot_schedule"}]: dispatch
2024-09-19T08:53:25.553 INFO:journalctl@ceph.mon.smithi049.smithi049.stdout:Sep 19 08:53:25 smithi049 ceph-mon[28158]: from='mgr.14118 172.21.15.49:0/1521551357' entity='mgr.smithi049.qdvksw' cmd=[{"prefix":"config rm","who":"mgr","name":"mgr/rbd_support/smithi049.qdvksw/trash_purge_schedule"}]: dispatch
2024-09-19T08:53:26.802 INFO:journalctl@ceph.mon.smithi049.smithi049.stdout:Sep 19 08:53:26 smithi049 ceph-mon[28158]: Found migration_current of "None". Setting to last migration.
2024-09-19T08:53:26.802 INFO:journalctl@ceph.mon.smithi049.smithi049.stdout:Sep 19 08:53:26 smithi049 ceph-mon[28158]: mgrmap e7: smithi049.qdvksw(active, since 1.00543s)
2024-09-19T08:53:26.897 INFO:teuthology.orchestra.run.smithi049.stdout:/usr/bin/ceph: stderr
2024-09-19T08:53:20.015+0000 7f0dd2d62640 1 Processor -- start
2024-09-19T08:53:26.897 INFO:teuthology.orchestra.run.smithi049.stdout:/usr/bin/ceph: stderr
2024-09-19T08:53:20.015+0000 7f0dd2d62640 1 -- start start
2024-09-19T08:53:26.897 INFO:teuthology.orchestra.run.smithi049.stdout:/usr/bin/ceph: stderr
2024-09-19T08:53:20.015+0000 7f0dd2d62640 1 --2- >> [v2:172.21.15.49:3300/0,v1:172.21.15.49:6789/0] conn(0x7f0dcc07be70 0x7f0dcc07a2d0 unknown :-1 s=NONE pgs=0 cs=0 l=0 rev1=0 crypto rx=0 tx=0 comp rx=0 tx=0).connect
2024-09-19T08:53:26.897 INFO:teuthology.orchestra.run.smithi049.stdout:/usr/bin/ceph: stderr
2024-09-19T08:53:20.015+0000 7f0dd2d62640 1 -- --> [v2:172.21.15.49:3300/0,v1:172.21.15.49:6789/0] -- mon_getmap magic: 0 v1 -- 0x7f0dcc07a8a0 con 0x7f0dcc07be70
2024-09-19T08:53:26.898 INFO:teuthology.orchestra.run.smithi049.stdout:/usr/bin/ceph: stderr
2024-09-19T08:53:20.016+0000 7f0dd0afe640 1 --2- >> [v2:172.21.15.49:3300/0,v1:172.21.15.49:6789/0] conn(0x7f0dcc07be70 0x7f0dcc07a2d0 unknown :-1 s=BANNER_CONNECTING pgs=0 cs=0 l=0 rev1=0 crypto rx=0 tx=0 comp rx=0 tx=0)._handle_peer_banner_payload supported=3 required=0
2024-09-19T08:53:26.898 INFO:teuthology.orchestra.run.smithi049.stdout:/usr/bin/ceph: stderr
2024-09-19T08:53:20.016+0000 7f0dd0afe640 1 --2- >> [v2:172.21.15.49:3300/0,v1:172.21.15.49:6789/0] conn(0x7f0dcc07be70 0x7f0dcc07a2d0 unknown :-1 s=HELLO_CONNECTING pgs=0 cs=0 l=0 rev1=1 crypto rx=0 tx=0 comp rx=0 tx=0).handle_hello peer v2:172.21.15.49:3300/0 says I am v2:172.21.15.49:42540/0 (socket says 172.21.15.49:42540)
2024-09-19T08:53:26.898 INFO:teuthology.orchestra.run.smithi049.stdout:/usr/bin/ceph: stderr
2024-09-19T08:53:20.016+0000 7f0dd0afe640 1 -- 172.21.15.49:0/836065065 learned_addr learned my addr 172.21.15.49:0/836065065 (peer_addr_for_me v2:172.21.15.49:0/0)
2024-09-19T08:53:26.898 INFO:teuthology.orchestra.run.smithi049.stdout:/usr/bin/ceph: stderr
2024-09-19T08:53:20.016+0000 7f0dd0afe640 1 -- 172.21.15.49:0/836065065 --> [v2:172.21.15.49:3300/0,v1:172.21.15.49:6789/0] -- mon_subscribe({config=0+,monmap=0+}) v3 -- 0x7f0dcc07a9e0 con 0x7f0dcc07be70
2024-09-19T08:53:26.898 INFO:teuthology.orchestra.run.smithi049.stdout:/usr/bin/ceph: stderr
2024-09-19T08:53:20.017+0000 7f0dd0afe640 1 --2- 172.21.15.49:0/836065065 >> [v2:172.21.15.49:3300/0,v1:172.21.15.49:6789/0] conn(0x7f0dcc07be70 0x7f0dcc07a2d0 secure :-1 s=READY pgs=20 cs=0 l=1 rev1=1 crypto rx=0x7f0dc0009820 tx=0x7f0dc002a270 comp rx=0 tx=0).ready entity=mon.0 client_cookie=7ff59973aa868308 server_cookie=0 in_seq=0 out_seq=0
2024-09-19T08:53:26.898 INFO:teuthology.orchestra.run.smithi049.stdout:/usr/bin/ceph: stderr
2024-09-19T08:53:20.017+0000 7f0dcb7fe640 1 -- 172.21.15.49:0/836065065 <== mon.0 v2:172.21.15.49:3300/0 1 ==== mon_map magic: 0 v1 ==== 229+0+0 (secure 0 0 0) 0x7f0dc002ad40 con 0x7f0dcc07be70
2024-09-19T08:53:26.898 INFO:teuthology.orchestra.run.smithi049.stdout:/usr/bin/ceph: stderr
2024-09-19T08:53:20.017+0000 7f0dcb7fe640 1 -- 172.21.15.49:0/836065065 <== mon.0 v2:172.21.15.49:3300/0 2 ==== config(27 keys) v1 ==== 1042+0+0 (secure 0 0 0) 0x7f0dc00328c0 con 0x7f0dcc07be70
2024-09-19T08:53:26.898 INFO:teuthology.orchestra.run.smithi049.stdout:/usr/bin/ceph: stderr
2024-09-19T08:53:20.017+0000 7f0dcb7fe640 1 -- 172.21.15.49:0/836065065 <== mon.0 v2:172.21.15.49:3300/0 3 ==== mon_map magic: 0 v1 ==== 229+0+0 (secure 0 0 0) 0x7f0dc00307f0 con 0x7f0dcc07be70
2024-09-19T08:53:26.898 INFO:teuthology.orchestra.run.smithi049.stdout:/usr/bin/ceph: stderr
2024-09-19T08:53:20.018+0000 7f0dd2d62640 1 -- 172.21.15.49:0/836065065 >> [v2:172.21.15.49:3300/0,v1:172.21.15.49:6789/0] conn(0x7f0dcc07be70 msgr2=0x7f0dcc07a2d0 secure :-1 s=STATE_CONNECTION_ESTABLISHED l=1).mark_down
2024-09-19T08:53:26.898 INFO:teuthology.orchestra.run.smithi049.stdout:/usr/bin/ceph: stderr
2024-09-19T08:53:20.018+0000 7f0dd2d62640 1 --2- 172.21.15.49:0/836065065 >> [v2:172.21.15.49:3300/0,v1:172.21.15.49:6789/0] conn(0x7f0dcc07be70 0x7f0dcc07a2d0 secure :-1 s=READY pgs=20 cs=0 l=1 rev1=1 crypto rx=0x7f0dc0009820 tx=0x7f0dc002a270 comp rx=0 tx=0).stop
2024-09-19T08:53:26.898 INFO:teuthology.orchestra.run.smithi049.stdout:/usr/bin/ceph: stderr
2024-09-19T08:53:20.018+0000 7f0dd2d62640 1 -- 172.21.15.49:0/836065065 shutdown_connections
2024-09-19T08:53:26.898 INFO:teuthology.orchestra.run.smithi049.stdout:/usr/bin/ceph: stderr
2024-09-19T08:53:20.018+0000 7f0dd2d62640 1 --2- 172.21.15.49:0/836065065 >> [v2:172.21.15.49:3300/0,v1:172.21.15.49:6789/0] conn(0x7f0dcc07be70 0x7f0dcc07a2d0 unknown :-1 s=CLOSED pgs=20 cs=0 l=1 rev1=1 crypto rx=0 tx=0 comp rx=0 tx=0).stop
2024-09-19T08:53:26.899 INFO:teuthology.orchestra.run.smithi049.stdout:/usr/bin/ceph: stderr
2024-09-19T08:53:20.018+0000 7f0dd2d62640 1 -- 172.21.15.49:0/836065065 >> 172.21.15.49:0/836065065 conn(0x7f0dcc100d70 msgr2=0x7f0dcc103190 unknown :-1 s=STATE_NONE l=0).mark_down
2024-09-19T08:53:26.899 INFO:teuthology.orchestra.run.smithi049.stdout:/usr/bin/ceph: stderr
2024-09-19T08:53:20.018+0000 7f0dd2d62640 1 -- 172.21.15.49:0/836065065 shutdown_connections
2024-09-19T08:53:26.899 INFO:teuthology.orchestra.run.smithi049.stdout:/usr/bin/ceph: stderr
2024-09-19T08:53:20.018+0000 7f0dd2d62640 1 -- 172.21.15.49:0/836065065 wait complete.
2024-09-19T08:53:26.899 INFO:teuthology.orchestra.run.smithi049.stdout:/usr/bin/ceph: stderr
2024-09-19T08:53:20.018+0000 7f0dd2d62640 1 Processor -- start
2024-09-19T08:53:26.899 INFO:teuthology.orchestra.run.smithi049.stdout:/usr/bin/ceph: stderr
2024-09-19T08:53:20.018+0000 7f0dd2d62640 1 -- start start
2024-09-19T08:53:26.899 INFO:teuthology.orchestra.run.smithi049.stdout:/usr/bin/ceph: stderr
2024-09-19T08:53:20.019+0000 7f0dd2d62640 1 --2- >> [v2:172.21.15.49:3300/0,v1:172.21.15.49:6789/0] conn(0x7f0dcc07be70 0x7f0dcc19b4d0 unknown :-1 s=NONE pgs=0 cs=0 l=1 rev1=0 crypto rx=0 tx=0 comp rx=0 tx=0).connect
2024-09-19T08:53:26.899 INFO:teuthology.orchestra.run.smithi049.stdout:/usr/bin/ceph: stderr
2024-09-19T08:53:20.019+0000 7f0dd2d62640 1 -- --> [v2:172.21.15.49:3300/0,v1:172.21.15.49:6789/0] -- mon_getmap magic: 0 v1 -- 0x7f0dcc19ba10 con 0x7f0dcc07be70
2024-09-19T08:53:26.899 INFO:teuthology.orchestra.run.smithi049.stdout:/usr/bin/ceph: stderr
2024-09-19T08:53:20.019+0000 7f0dd0afe640 1 --2- >> [v2:172.21.15.49:3300/0,v1:172.21.15.49:6789/0] conn(0x7f0dcc07be70 0x7f0dcc19b4d0 unknown :-1 s=BANNER_CONNECTING pgs=0 cs=0 l=1 rev1=0 crypto rx=0 tx=0 comp rx=0 tx=0)._handle_peer_banner_payload supported=3 required=0
2024-09-19T08:53:26.899 INFO:teuthology.orchestra.run.smithi049.stdout:/usr/bin/ceph: stderr
2024-09-19T08:53:20.019+0000 7f0dd0afe640 1 --2- >> [v2:172.21.15.49:3300/0,v1:172.21.15.49:6789/0] conn(0x7f0dcc07be70 0x7f0dcc19b4d0 unknown :-1 s=HELLO_CONNECTING pgs=0 cs=0 l=1 rev1=1 crypto rx=0 tx=0 comp rx=0 tx=0).handle_hello peer v2:172.21.15.49:3300/0 says I am v2:172.21.15.49:42548/0 (socket says 172.21.15.49:42548)
2024-09-19T08:53:26.899 INFO:teuthology.orchestra.run.smithi049.stdout:/usr/bin/ceph: stderr
2024-09-19T08:53:20.019+0000 7f0dd0afe640 1 -- 172.21.15.49:0/2397528231 learned_addr learned my addr 172.21.15.49:0/2397528231 (peer_addr_for_me v2:172.21.15.49:0/0)
2024-09-19T08:53:26.899 INFO:teuthology.orchestra.run.smithi049.stdout:/usr/bin/ceph: stderr
2024-09-19T08:53:20.019+0000 7f0dd0afe640 1 -- 172.21.15.49:0/2397528231 --> [v2:172.21.15.49:3300/0,v1:172.21.15.49:6789/0] -- mon_subscribe({config=0+,monmap=0+}) v3 -- 0x7f0dc00094d0 con 0x7f0dcc07be70
2024-09-19T08:53:26.899 INFO:teuthology.orchestra.run.smithi049.stdout:/usr/bin/ceph: stderr
2024-09-19T08:53:20.019+0000 7f0dd0afe640 1 --2- 172.21.15.49:0/2397528231 >> [v2:172.21.15.49:3300/0,v1:172.21.15.49:6789/0] conn(0x7f0dcc07be70 0x7f0dcc19b4d0 secure :-1 s=READY pgs=21 cs=0 l=1 rev1=1 crypto rx=0x7f0dc0009940 tx=0x7f0dc0032c60 comp rx=0 tx=0).ready entity=mon.0 client_cookie=0 server_cookie=0 in_seq=0 out_seq=0
2024-09-19T08:53:26.900 INFO:teuthology.orchestra.run.smithi049.stdout:/usr/bin/ceph: stderr
2024-09-19T08:53:20.019+0000 7f0dc9ffb640 1 -- 172.21.15.49:0/2397528231 <== mon.0 v2:172.21.15.49:3300/0 1 ==== mon_map magic: 0 v1 ==== 229+0+0 (secure 0 0 0) 0x7f0dc0041070 con 0x7f0dcc07be70
2024-09-19T08:53:26.900 INFO:teuthology.orchestra.run.smithi049.stdout:/usr/bin/ceph: stderr
2024-09-19T08:53:20.019+0000 7f0dc9ffb640 1 -- 172.21.15.49:0/2397528231 <== mon.0 v2:172.21.15.49:3300/0 2 ==== config(27 keys) v1 ==== 1042+0+0 (secure 0 0 0) 0x7f0dc0030cc0 con 0x7f0dcc07be70
2024-09-19T08:53:26.900 INFO:teuthology.orchestra.run.smithi049.stdout:/usr/bin/ceph: stderr
2024-09-19T08:53:20.019+0000 7f0dd2d62640 1 -- 172.21.15.49:0/2397528231 --> [v2:172.21.15.49:3300/0,v1:172.21.15.49:6789/0] -- mon_subscribe({mgrmap=0+}) v3 -- 0x7f0dcc19bc10 con 0x7f0dcc07be70
2024-09-19T08:53:26.900 INFO:teuthology.orchestra.run.smithi049.stdout:/usr/bin/ceph: stderr
2024-09-19T08:53:20.019+0000 7f0dc9ffb640 1 -- 172.21.15.49:0/2397528231 <== mon.0 v2:172.21.15.49:3300/0 3 ==== mon_map magic: 0 v1 ==== 229+0+0 (secure 0 0 0) 0x7f0dc003c620 con 0x7f0dcc07be70
2024-09-19T08:53:26.900 INFO:teuthology.orchestra.run.smithi049.stdout:/usr/bin/ceph: stderr
2024-09-19T08:53:20.020+0000 7f0dd2d62640 1 -- 172.21.15.49:0/2397528231 --> [v2:172.21.15.49:3300/0,v1:172.21.15.49:6789/0] -- mon_subscribe({osdmap=0}) v3 -- 0x7f0dcc19c030 con 0x7f0dcc07be70
2024-09-19T08:53:26.900 INFO:teuthology.orchestra.run.smithi049.stdout:/usr/bin/ceph: stderr
2024-09-19T08:53:20.020+0000 7f0dc9ffb640 1 -- 172.21.15.49:0/2397528231 <== mon.0 v2:172.21.15.49:3300/0 4 ==== mgrmap(e 4) v1 ==== 45545+0+0 (secure 0 0 0) 0x7f0dc003c780 con 0x7f0dcc07be70
2024-09-19T08:53:26.900 INFO:teuthology.orchestra.run.smithi049.stdout:/usr/bin/ceph: stderr
2024-09-19T08:53:20.021+0000 7f0dc9ffb640 1 --2- 172.21.15.49:0/2397528231 >> [v2:172.21.15.49:6800/1436634671,v1:172.21.15.49:6801/1436634671] conn(0x7f0dbc038650 0x7f0dbc03ab10 unknown :-1 s=NONE pgs=0 cs=0 l=1 rev1=0 crypto rx=0 tx=0 comp rx=0 tx=0).connect
2024-09-19T08:53:26.900 INFO:teuthology.orchestra.run.smithi049.stdout:/usr/bin/ceph: stderr
2024-09-19T08:53:20.021+0000 7f0dc9ffb640 1 -- 172.21.15.49:0/2397528231 <== mon.0 v2:172.21.15.49:3300/0 5 ==== osd_map(1..1 src has 1..1) v4 ==== 725+0+0 (secure 0 0 0) 0x7f0dc006b5d0 con 0x7f0dcc07be70
2024-09-19T08:53:26.900 INFO:teuthology.orchestra.run.smithi049.stdout:/usr/bin/ceph: stderr
2024-09-19T08:53:20.021+0000 7f0dd2d62640 1 -- 172.21.15.49:0/2397528231 --> [v2:172.21.15.49:3300/0,v1:172.21.15.49:6789/0] -- mon_command({"prefix": "get_command_descriptions"} v 0) v1 -- 0x7f0dcc10b930 con 0x7f0dcc07be70
2024-09-19T08:53:26.900 INFO:teuthology.orchestra.run.smithi049.stdout:/usr/bin/ceph: stderr
2024-09-19T08:53:20.021+0000 7f0dcbfff640 1 --2- 172.21.15.49:0/2397528231 >> [v2:172.21.15.49:6800/1436634671,v1:172.21.15.49:6801/1436634671] conn(0x7f0dbc038650 0x7f0dbc03ab10 unknown :-1 s=BANNER_CONNECTING pgs=0 cs=0 l=1 rev1=0 crypto rx=0 tx=0 comp rx=0 tx=0)._handle_peer_banner_payload supported=3 required=0
2024-09-19T08:53:26.900 INFO:teuthology.orchestra.run.smithi049.stdout:/usr/bin/ceph: stderr
2024-09-19T08:53:20.021+0000 7f0dcbfff640 1 --2- 172.21.15.49:0/2397528231 >> [v2:172.21.15.49:6800/1436634671,v1:172.21.15.49:6801/1436634671] conn(0x7f0dbc038650 0x7f0dbc03ab10 secure :-1 s=READY pgs=8 cs=0 l=1 rev1=1 crypto rx=0x7f0db80098c0 tx=0x7f0db8006db0 comp rx=0 tx=0).ready entity=mgr.14100 client_cookie=0 server_cookie=0 in_seq=0 out_seq=0
2024-09-19T08:53:26.900 INFO:teuthology.orchestra.run.smithi049.stdout:/usr/bin/ceph: stderr
2024-09-19T08:53:20.026+0000 7f0dc9ffb640 1 -- 172.21.15.49:0/2397528231 <== mon.0 v2:172.21.15.49:3300/0 6 ==== mon_command_ack([{"prefix": "get_command_descriptions"}]=0 v0) v1 ==== 72+0+183819 (secure 0 0 0) 0x7f0dc0046410 con 0x7f0dcc07be70
2024-09-19T08:53:26.901 INFO:teuthology.orchestra.run.smithi049.stdout:/usr/bin/ceph: stderr
2024-09-19T08:53:20.245+0000 7f0dd2d62640 1 -- 172.21.15.49:0/2397528231 --> [v2:172.21.15.49:3300/0,v1:172.21.15.49:6789/0] -- mon_command({"prefix": "mgr module enable", "module": "cephadm"} v 0) v1 -- 0x7f0dcc19ebb0 con 0x7f0dcc07be70
2024-09-19T08:53:26.901 INFO:teuthology.orchestra.run.smithi049.stdout:/usr/bin/ceph: stderr
2024-09-19T08:53:20.297+0000 7f0dc9ffb640 1 -- 172.21.15.49:0/2397528231 <== mon.0 v2:172.21.15.49:3300/0 7 ==== mgrmap(e 5) v1 ==== 45556+0+0 (secure 0 0 0) 0x7f0dc003db00 con 0x7f0dcc07be70
2024-09-19T08:53:26.901 INFO:teuthology.orchestra.run.smithi049.stdout:/usr/bin/ceph: stderr
2024-09-19T08:53:20.298+0000 7f0dc9ffb640 1 -- 172.21.15.49:0/2397528231 <== mon.0 v2:172.21.15.49:3300/0 8 ==== mon_command_ack([{"prefix": "mgr module enable", "module": "cephadm"}]=0 v5) v1 ==== 86+0+0 (secure 0 0 0) 0x7f0dc003bc40 con 0x7f0dcc07be70
2024-09-19T08:53:26.901 INFO:teuthology.orchestra.run.smithi049.stdout:/usr/bin/ceph: stderr
2024-09-19T08:53:20.301+0000 7f0dd2d62640 1 -- 172.21.15.49:0/2397528231 >> [v2:172.21.15.49:6800/1436634671,v1:172.21.15.49:6801/1436634671] conn(0x7f0dbc038650 msgr2=0x7f0dbc03ab10 secure :-1 s=STATE_CONNECTION_ESTABLISHED l=1).mark_down
2024-09-19T08:53:26.901 INFO:teuthology.orchestra.run.smithi049.stdout:/usr/bin/ceph: stderr
2024-09-19T08:53:20.301+0000 7f0dd2d62640 1 --2- 172.21.15.49:0/2397528231 >> [v2:172.21.15.49:6800/1436634671,v1:172.21.15.49:6801/1436634671] conn(0x7f0dbc038650 0x7f0dbc03ab10 secure :-1 s=READY pgs=8 cs=0 l=1 rev1=1 crypto rx=0x7f0db80098c0 tx=0x7f0db8006db0 comp rx=0 tx=0).stop
2024-09-19T08:53:26.901 INFO:teuthology.orchestra.run.smithi049.stdout:/usr/bin/ceph: stderr
2024-09-19T08:53:20.301+0000 7f0dd2d62640 1 -- 172.21.15.49:0/2397528231 >> [v2:172.21.15.49:3300/0,v1:172.21.15.49:6789/0] conn(0x7f0dcc07be70 msgr2=0x7f0dcc19b4d0 secure :-1 s=STATE_CONNECTION_ESTABLISHED l=1).mark_down
2024-09-19T08:53:26.901 INFO:teuthology.orchestra.run.smithi049.stdout:/usr/bin/ceph: stderr
2024-09-19T08:53:20.301+0000 7f0dd2d62640 1 --2- 172.21.15.49:0/2397528231 >> [v2:172.21.15.49:3300/0,v1:172.21.15.49:6789/0] conn(0x7f0dcc07be70 0x7f0dcc19b4d0 secure :-1 s=READY pgs=21 cs=0 l=1 rev1=1 crypto rx=0x7f0dc0009940 tx=0x7f0dc0032c60 comp rx=0 tx=0).stop
2024-09-19T08:53:26.901 INFO:teuthology.orchestra.run.smithi049.stdout:/usr/bin/ceph: stderr
2024-09-19T08:53:20.301+0000 7f0dd2d62640 1 -- 172.21.15.49:0/2397528231 shutdown_connections
2024-09-19T08:53:26.901 INFO:teuthology.orchestra.run.smithi049.stdout:/usr/bin/ceph: stderr
2024-09-19T08:53:20.301+0000 7f0dd2d62640 1 --2- 172.21.15.49:0/2397528231 >> [v2:172.21.15.49:6800/1436634671,v1:172.21.15.49:6801/1436634671] conn(0x7f0dbc038650 0x7f0dbc03ab10 unknown :-1 s=CLOSED pgs=8 cs=0 l=1 rev1=1 crypto rx=0 tx=0 comp rx=0 tx=0).stop
2024-09-19T08:53:26.901 INFO:teuthology.orchestra.run.smithi049.stdout:/usr/bin/ceph: stderr
2024-09-19T08:53:20.301+0000 7f0dd2d62640 1 --2- 172.21.15.49:0/2397528231 >> [v2:172.21.15.49:3300/0,v1:172.21.15.49:6789/0] conn(0x7f0dcc07be70 0x7f0dcc19b4d0 unknown :-1 s=CLOSED pgs=21 cs=0 l=1 rev1=1 crypto rx=0 tx=0 comp rx=0 tx=0).stop
2024-09-19T08:53:26.901 INFO:teuthology.orchestra.run.smithi049.stdout:/usr/bin/ceph: stderr
2024-09-19T08:53:20.301+0000 7f0dd2d62640 1 -- 172.21.15.49:0/2397528231 >> 172.21.15.49:0/2397528231 conn(0x7f0dcc100d70 msgr2=0x7f0dcc101900 unknown :-1 s=STATE_NONE l=0).mark_down
2024-09-19T08:53:26.901 INFO:teuthology.orchestra.run.smithi049.stdout:/usr/bin/ceph: stderr
2024-09-19T08:53:20.301+0000 7f0dd2d62640 1 -- 172.21.15.49:0/2397528231 shutdown_connections
2024-09-19T08:53:26.901 INFO:teuthology.orchestra.run.smithi049.stdout:/usr/bin/ceph: stderr
2024-09-19T08:53:20.301+0000 7f0dd2d62640 1 -- 172.21.15.49:0/2397528231 wait complete.
2024-09-19T08:53:28.252 INFO:journalctl@ceph.mon.smithi049.smithi049.stdout:Sep 19 08:53:28 smithi049 ceph-mon[28158]: from='mgr.14118 172.21.15.49:0/1521551357' entity='mgr.smithi049.qdvksw'
2024-09-19T08:53:28.252 INFO:journalctl@ceph.mon.smithi049.smithi049.stdout:Sep 19 08:53:28 smithi049 ceph-mon[28158]: from='mgr.14118 172.21.15.49:0/1521551357' entity='mgr.smithi049.qdvksw'
2024-09-19T08:53:29.225 INFO:teuthology.orchestra.run.smithi049.stdout:/usr/bin/ceph: stdout {
2024-09-19T08:53:29.226 INFO:teuthology.orchestra.run.smithi049.stdout:/usr/bin/ceph: stdout "epoch": 8,
2024-09-19T08:53:29.226 INFO:teuthology.orchestra.run.smithi049.stdout:/usr/bin/ceph: stdout "available": true,
2024-09-19T08:53:29.226 INFO:teuthology.orchestra.run.smithi049.stdout:/usr/bin/ceph: stdout "active_name": "smithi049.qdvksw",
2024-09-19T08:53:29.226 INFO:teuthology.orchestra.run.smithi049.stdout:/usr/bin/ceph: stdout "num_standby": 0
2024-09-19T08:53:29.226 INFO:teuthology.orchestra.run.smithi049.stdout:/usr/bin/ceph: stdout }
2024-09-19T08:53:29.226 INFO:teuthology.orchestra.run.smithi049.stdout:/usr/bin/ceph: stderr
2024-09-19T08:53:28.425+0000 7fd370160640 1 Processor -- start
2024-09-19T08:53:29.226 INFO:teuthology.orchestra.run.smithi049.stdout:/usr/bin/ceph: stderr
2024-09-19T08:53:28.426+0000 7fd370160640 1 -- start start
2024-09-19T08:53:29.226 INFO:teuthology.orchestra.run.smithi049.stdout:/usr/bin/ceph: stderr
2024-09-19T08:53:28.426+0000 7fd370160640 1 --2- >> [v2:172.21.15.49:3300/0,v1:172.21.15.49:6789/0] conn(0x7fd368106050 0x7fd368108440 unknown :-1 s=NONE pgs=0 cs=0 l=0 rev1=0 crypto rx=0 tx=0 comp rx=0 tx=0).connect
2024-09-19T08:53:29.226 INFO:teuthology.orchestra.run.smithi049.stdout:/usr/bin/ceph: stderr
2024-09-19T08:53:28.426+0000 7fd370160640 1 -- --> [v2:172.21.15.49:3300/0,v1:172.21.15.49:6789/0] -- mon_getmap magic: 0 v1 -- 0x7fd368079ea0 con 0x7fd368106050
2024-09-19T08:53:29.226 INFO:teuthology.orchestra.run.smithi049.stdout:/usr/bin/ceph: stderr
2024-09-19T08:53:28.426+0000 7fd36defc640 1 --2- >> [v2:172.21.15.49:3300/0,v1:172.21.15.49:6789/0] conn(0x7fd368106050 0x7fd368108440 unknown :-1 s=BANNER_CONNECTING pgs=0 cs=0 l=0 rev1=0 crypto rx=0 tx=0 comp rx=0 tx=0)._handle_peer_banner_payload supported=3 required=0
2024-09-19T08:53:29.226 INFO:teuthology.orchestra.run.smithi049.stdout:/usr/bin/ceph: stderr
2024-09-19T08:53:28.426+0000 7fd36defc640 1 --2- >> [v2:172.21.15.49:3300/0,v1:172.21.15.49:6789/0] conn(0x7fd368106050 0x7fd368108440 unknown :-1 s=HELLO_CONNECTING pgs=0 cs=0 l=0 rev1=1 crypto rx=0 tx=0 comp rx=0 tx=0).handle_hello peer v2:172.21.15.49:3300/0 says I am v2:172.21.15.49:52804/0 (socket says 172.21.15.49:52804)
2024-09-19T08:53:29.227 INFO:teuthology.orchestra.run.smithi049.stdout:/usr/bin/ceph: stderr
2024-09-19T08:53:28.426+0000 7fd36defc640 1 -- 172.21.15.49:0/2935056826 learned_addr learned my addr 172.21.15.49:0/2935056826 (peer_addr_for_me v2:172.21.15.49:0/0)
2024-09-19T08:53:29.227 INFO:teuthology.orchestra.run.smithi049.stdout:/usr/bin/ceph: stderr
2024-09-19T08:53:28.426+0000 7fd36defc640 1 -- 172.21.15.49:0/2935056826 --> [v2:172.21.15.49:3300/0,v1:172.21.15.49:6789/0] -- mon_subscribe({config=0+,monmap=0+}) v3 -- 0x7fd368108980 con 0x7fd368106050
2024-09-19T08:53:29.227 INFO:teuthology.orchestra.run.smithi049.stdout:/usr/bin/ceph: stderr
2024-09-19T08:53:28.427+0000 7fd36defc640 1 --2- 172.21.15.49:0/2935056826 >> [v2:172.21.15.49:3300/0,v1:172.21.15.49:6789/0] conn(0x7fd368106050 0x7fd368108440 secure :-1 s=READY pgs=31 cs=0 l=1 rev1=1 crypto rx=0x7fd364009820 tx=0x7fd36402a270 comp rx=0 tx=0).ready entity=mon.0 client_cookie=f04ac6ad394bbd9f server_cookie=0 in_seq=0 out_seq=0
2024-09-19T08:53:29.227 INFO:teuthology.orchestra.run.smithi049.stdout:/usr/bin/ceph: stderr
2024-09-19T08:53:28.427+0000 7fd36cefa640 1 -- 172.21.15.49:0/2935056826 <== mon.0 v2:172.21.15.49:3300/0 1 ==== mon_map magic: 0 v1 ==== 229+0+0 (secure 0 0 0) 0x7fd36402ad40 con 0x7fd368106050
2024-09-19T08:53:29.227 INFO:teuthology.orchestra.run.smithi049.stdout:/usr/bin/ceph: stderr
2024-09-19T08:53:28.427+0000 7fd36cefa640 1 -- 172.21.15.49:0/2935056826 <== mon.0 v2:172.21.15.49:3300/0 2 ==== config(27 keys) v1 ==== 1042+0+0 (secure 0 0 0) 0x7fd3640328c0 con 0x7fd368106050
2024-09-19T08:53:29.227 INFO:teuthology.orchestra.run.smithi049.stdout:/usr/bin/ceph: stderr
2024-09-19T08:53:28.427+0000 7fd36cefa640 1 -- 172.21.15.49:0/2935056826 <== mon.0 v2:172.21.15.49:3300/0 3 ==== mon_map magic: 0 v1 ==== 229+0+0 (secure 0 0 0) 0x7fd3640307f0 con 0x7fd368106050
2024-09-19T08:53:29.227 INFO:teuthology.orchestra.run.smithi049.stdout:/usr/bin/ceph: stderr
2024-09-19T08:53:28.428+0000 7fd370160640 1 -- 172.21.15.49:0/2935056826 >> [v2:172.21.15.49:3300/0,v1:172.21.15.49:6789/0] conn(0x7fd368106050 msgr2=0x7fd368108440 secure :-1 s=STATE_CONNECTION_ESTABLISHED l=1).mark_down
2024-09-19T08:53:29.227 INFO:teuthology.orchestra.run.smithi049.stdout:/usr/bin/ceph: stderr
2024-09-19T08:53:28.428+0000 7fd370160640 1 --2- 172.21.15.49:0/2935056826 >> [v2:172.21.15.49:3300/0,v1:172.21.15.49:6789/0] conn(0x7fd368106050 0x7fd368108440 secure :-1 s=READY pgs=31 cs=0 l=1 rev1=1 crypto rx=0x7fd364009820 tx=0x7fd36402a270 comp rx=0 tx=0).stop
2024-09-19T08:53:29.227 INFO:teuthology.orchestra.run.smithi049.stdout:/usr/bin/ceph: stderr
2024-09-19T08:53:28.428+0000 7fd370160640 1 -- 172.21.15.49:0/2935056826 shutdown_connections
