2024-09-19T08:53:54.637 INFO:teuthology.orchestra.run.smithi120.stdout:/usr/bin/ceph: stderr
2024-09-19T08:53:54.020+0000 7fe7afcaa640 1 --2- 172.21.15.120:0/1071929477 >> [v2:172.21.15.120:6800/3841841273,v1:172.21.15.120:6801/3841841273] conn(0x7fe790039200 0x7fe79003b6c0 unknown :-1 s=CLOSED pgs=7 cs=0 l=1 rev1=1 crypto rx=0 tx=0 comp rx=0 tx=0).stop
2024-09-19T08:53:54.637 INFO:teuthology.orchestra.run.smithi120.stdout:/usr/bin/ceph: stderr
2024-09-19T08:53:54.020+0000 7fe7afcaa640 1 --2- 172.21.15.120:0/1071929477 >> [v2:172.21.15.120:3300/0,v1:172.21.15.120:6789/0] conn(0x7fe7a81080d0 0x7fe7a819b630 unknown :-1 s=CLOSED pgs=69 cs=0 l=1 rev1=1 crypto rx=0 tx=0 comp rx=0 tx=0).stop
2024-09-19T08:53:54.637 INFO:teuthology.orchestra.run.smithi120.stdout:/usr/bin/ceph: stderr
2024-09-19T08:53:54.020+0000 7fe7afcaa640 1 -- 172.21.15.120:0/1071929477 >> 172.21.15.120:0/1071929477 conn(0x7fe7a8101db0 msgr2=0x7fe7a81028f0 unknown :-1 s=STATE_NONE l=0).mark_down
2024-09-19T08:53:54.637 INFO:teuthology.orchestra.run.smithi120.stdout:/usr/bin/ceph: stderr
2024-09-19T08:53:54.020+0000 7fe7afcaa640 1 -- 172.21.15.120:0/1071929477 shutdown_connections
2024-09-19T08:53:54.637 INFO:teuthology.orchestra.run.smithi120.stdout:/usr/bin/ceph: stderr
2024-09-19T08:53:54.020+0000 7fe7afcaa640 1 -- 172.21.15.120:0/1071929477 wait complete.
2024-09-19T08:53:54.637 INFO:teuthology.orchestra.run.smithi120.stdout:Creating initial admin user...
2024-09-19T08:53:54.753 INFO:journalctl@ceph.mon.a.smithi120.stdout:Sep 19 08:53:54 smithi120 ceph-mon[31150]: [19/Sep/2024:08:53:52] ENGINE Bus STARTING
2024-09-19T08:53:54.753 INFO:journalctl@ceph.mon.a.smithi120.stdout:Sep 19 08:53:54 smithi120 ceph-mon[31150]: [19/Sep/2024:08:53:52] ENGINE Serving on http://172.21.15.120:8765
2024-09-19T08:53:54.753 INFO:journalctl@ceph.mon.a.smithi120.stdout:Sep 19 08:53:54 smithi120 ceph-mon[31150]: [19/Sep/2024:08:53:53] ENGINE Serving on https://172.21.15.120:7150
2024-09-19T08:53:54.753 INFO:journalctl@ceph.mon.a.smithi120.stdout:Sep 19 08:53:54 smithi120 ceph-mon[31150]: [19/Sep/2024:08:53:53] ENGINE Bus STARTED
2024-09-19T08:53:54.753 INFO:journalctl@ceph.mon.a.smithi120.stdout:Sep 19 08:53:54 smithi120 ceph-mon[31150]: [19/Sep/2024:08:53:53] ENGINE Error in HTTPServer.serve
2024-09-19T08:53:54.753 INFO:journalctl@ceph.mon.a.smithi120.stdout: Traceback (most recent call last):
2024-09-19T08:53:54.753 INFO:journalctl@ceph.mon.a.smithi120.stdout: File "/lib/python3.9/site-packages/cheroot/server.py", line 1823, in serve
2024-09-19T08:53:54.753 INFO:journalctl@ceph.mon.a.smithi120.stdout: self._connections.run(self.expiration_interval)
2024-09-19T08:53:54.753 INFO:journalctl@ceph.mon.a.smithi120.stdout: File "/lib/python3.9/site-packages/cheroot/connections.py", line 203, in run
2024-09-19T08:53:54.753 INFO:journalctl@ceph.mon.a.smithi120.stdout: self._run(expiration_interval)
2024-09-19T08:53:54.753 INFO:journalctl@ceph.mon.a.smithi120.stdout: File "/lib/python3.9/site-packages/cheroot/connections.py", line 246, in _run
2024-09-19T08:53:54.754 INFO:journalctl@ceph.mon.a.smithi120.stdout: new_conn = self._from_server_socket(self.server.socket)
2024-09-19T08:53:54.754 INFO:journalctl@ceph.mon.a.smithi120.stdout: File "/lib/python3.9/site-packages/cheroot/connections.py", line 300, in _from_server_socket
2024-09-19T08:53:54.754 INFO:journalctl@ceph.mon.a.smithi120.stdout: s, ssl_env = self.server.ssl_adapter.wrap(s)
2024-09-19T08:53:54.754 INFO:journalctl@ceph.mon.a.smithi120.stdout: File "/lib/python3.9/site-packages/cheroot/ssl/builtin.py", line 277, in wrap
2024-09-19T08:53:54.754 INFO:journalctl@ceph.mon.a.smithi120.stdout: s = self.context.wrap_socket(
2024-09-19T08:53:54.754 INFO:journalctl@ceph.mon.a.smithi120.stdout: File "/lib64/python3.9/ssl.py", line 501, in wrap_socket
2024-09-19T08:53:54.754 INFO:journalctl@ceph.mon.a.smithi120.stdout: return self.sslsocket_class._create(
2024-09-19T08:53:54.754 INFO:journalctl@ceph.mon.a.smithi120.stdout: File "/lib64/python3.9/ssl.py", line 1074, in _create
2024-09-19T08:53:54.754 INFO:journalctl@ceph.mon.a.smithi120.stdout: self.do_handshake()
2024-09-19T08:53:54.754 INFO:journalctl@ceph.mon.a.smithi120.stdout: File "/lib64/python3.9/ssl.py", line 1343, in do_handshake
2024-09-19T08:53:54.754 INFO:journalctl@ceph.mon.a.smithi120.stdout: self._sslobj.do_handshake()
2024-09-19T08:53:54.754 INFO:journalctl@ceph.mon.a.smithi120.stdout: ssl.SSLZeroReturnError: TLS/SSL connection has been closed (EOF) (_ssl.c:1133)
2024-09-19T08:53:54.754 INFO:journalctl@ceph.mon.a.smithi120.stdout:Sep 19 08:53:54 smithi120 ceph-mon[31150]: mgrmap e12: x(active, since 2s)
2024-09-19T08:53:54.754 INFO:journalctl@ceph.mon.a.smithi120.stdout:Sep 19 08:53:54 smithi120 ceph-mon[31150]: from='mgr.14150 172.21.15.120:0/1161684560' entity='mgr.x'
2024-09-19T08:53:54.754 INFO:journalctl@ceph.mon.a.smithi120.stdout:Sep 19 08:53:54 smithi120 ceph-mon[31150]: from='mgr.14150 172.21.15.120:0/1161684560' entity='mgr.x'
2024-09-19T08:53:54.755 INFO:journalctl@ceph.mon.a.smithi120.stdout:Sep 19 08:53:54 smithi120 ceph-mon[31150]: from='mgr.14150 172.21.15.120:0/1161684560' entity='mgr.x'
2024-09-19T08:53:56.074 INFO:journalctl@ceph.mon.a.smithi120.stdout:Sep 19 08:53:55 smithi120 ceph-mon[31150]: from='client.14162 -' entity='client.admin' cmd=[{"prefix": "dashboard create-self-signed-cert", "target": ["mon-mgr", ""]}]: dispatch
2024-09-19T08:53:56.074 INFO:journalctl@ceph.mon.a.smithi120.stdout:Sep 19 08:53:55 smithi120 ceph-mon[31150]: from='mgr.14150 172.21.15.120:0/1161684560' entity='mgr.x'
2024-09-19T08:53:56.074 INFO:journalctl@ceph.mon.a.smithi120.stdout:Sep 19 08:53:55 smithi120 ceph-mon[31150]: from='mgr.14150 172.21.15.120:0/1161684560' entity='mgr.x'
2024-09-19T08:53:56.782 INFO:journalctl@ceph.mon.a.smithi120.stdout:Sep 19 08:53:56 smithi120 ceph-mon[31150]: from='client.14164 -' entity='client.admin' cmd=[{"prefix": "dashboard ac-user-create", "username": "admin", "rolename": "administrator", "force_password": true, "pwd_update_required": true, "target": ["mon-mgr", ""]}]: dispatch
2024-09-19T08:53:56.790 INFO:teuthology.orchestra.run.smithi120.stdout:/usr/bin/ceph: stdout {"username": "admin", "password": "$2b$12$J3fxmOcQcKxFjCruNPpvXOMFsCeUk90yOXmxD3VM69FAj.rzKDOiO", "roles": ["administrator"], "name": null, "email": null, "lastUpdate": 1726736035, "enabled": true, "pwdExpirationDate": null, "pwdUpdateRequired": true}
2024-09-19T08:53:56.790 INFO:teuthology.orchestra.run.smithi120.stdout:/usr/bin/ceph: stderr
2024-09-19T08:53:55.079+0000 7f14ddbcd640 1 Processor -- start
2024-09-19T08:53:56.790 INFO:teuthology.orchestra.run.smithi120.stdout:/usr/bin/ceph: stderr
2024-09-19T08:53:55.079+0000 7f14ddbcd640 1 -- start start
2024-09-19T08:53:56.790 INFO:teuthology.orchestra.run.smithi120.stdout:/usr/bin/ceph: stderr
2024-09-19T08:53:55.079+0000 7f14ddbcd640 1 --2- >> [v2:172.21.15.120:3300/0,v1:172.21.15.120:6789/0] conn(0x7f14d807de20 0x7f14d807c320 unknown :-1 s=NONE pgs=0 cs=0 l=0 rev1=0 crypto rx=0 tx=0 comp rx=0 tx=0).connect
2024-09-19T08:53:56.790 INFO:teuthology.orchestra.run.smithi120.stdout:/usr/bin/ceph: stderr
2024-09-19T08:53:55.079+0000 7f14ddbcd640 1 -- --> [v2:172.21.15.120:3300/0,v1:172.21.15.120:6789/0] -- mon_getmap magic: 0 -- 0x7f14d807c860 con 0x7f14d807de20
2024-09-19T08:53:56.790 INFO:teuthology.orchestra.run.smithi120.stdout:/usr/bin/ceph: stderr
2024-09-19T08:53:55.079+0000 7f14d77fe640 1 --2- >> [v2:172.21.15.120:3300/0,v1:172.21.15.120:6789/0] conn(0x7f14d807de20 0x7f14d807c320 unknown :-1 s=BANNER_CONNECTING pgs=0 cs=0 l=0 rev1=0 crypto rx=0 tx=0 comp rx=0 tx=0)._handle_peer_banner_payload supported=3 required=0
2024-09-19T08:53:56.790 INFO:teuthology.orchestra.run.smithi120.stdout:/usr/bin/ceph: stderr
2024-09-19T08:53:55.079+0000 7f14d77fe640 1 --2- >> [v2:172.21.15.120:3300/0,v1:172.21.15.120:6789/0] conn(0x7f14d807de20 0x7f14d807c320 unknown :-1 s=HELLO_CONNECTING pgs=0 cs=0 l=0 rev1=1 crypto rx=0 tx=0 comp rx=0 tx=0).handle_hello peer v2:172.21.15.120:3300/0 says I am v2:172.21.15.120:38934/0 (socket says 172.21.15.120:38934)
2024-09-19T08:53:56.790 INFO:teuthology.orchestra.run.smithi120.stdout:/usr/bin/ceph: stderr
2024-09-19T08:53:55.079+0000 7f14d77fe640 1 -- 172.21.15.120:0/206548364 learned_addr learned my addr 172.21.15.120:0/206548364 (peer_addr_for_me v2:172.21.15.120:0/0)
2024-09-19T08:53:56.790 INFO:teuthology.orchestra.run.smithi120.stdout:/usr/bin/ceph: stderr
2024-09-19T08:53:55.080+0000 7f14d77fe640 1 -- 172.21.15.120:0/206548364 --> [v2:172.21.15.120:3300/0,v1:172.21.15.120:6789/0] -- mon_subscribe({config=0+,monmap=0+}) -- 0x7f14d807c9e0 con 0x7f14d807de20
2024-09-19T08:53:56.791 INFO:teuthology.orchestra.run.smithi120.stdout:/usr/bin/ceph: stderr
2024-09-19T08:53:55.080+0000 7f14d77fe640 1 --2- 172.21.15.120:0/206548364 >> [v2:172.21.15.120:3300/0,v1:172.21.15.120:6789/0] conn(0x7f14d807de20 0x7f14d807c320 secure :-1 s=READY pgs=70 cs=0 l=1 rev1=1 crypto rx=0x7f14c8009820 tx=0x7f14c802a270 comp rx=0 tx=0).ready entity=mon.0 client_cookie=2b46bc89b4f05e2 server_cookie=0 in_seq=0 out_seq=0
2024-09-19T08:53:56.791 INFO:teuthology.orchestra.run.smithi120.stdout:/usr/bin/ceph: stderr
2024-09-19T08:53:55.080+0000 7f14d6ffd640 1 -- 172.21.15.120:0/206548364 <== mon.0 v2:172.21.15.120:3300/0 1 ==== mon_map magic: 0 ==== 205+0+0 (secure 0 0 0) 0x7f14c8037070 con 0x7f14d807de20
2024-09-19T08:53:56.791 INFO:teuthology.orchestra.run.smithi120.stdout:/usr/bin/ceph: stderr
2024-09-19T08:53:55.080+0000 7f14d6ffd640 1 -- 172.21.15.120:0/206548364 <== mon.0 v2:172.21.15.120:3300/0 2 ==== config(27 keys) ==== 1140+0+0 (secure 0 0 0) 0x7f14c8032920 con 0x7f14d807de20
2024-09-19T08:53:56.791 INFO:teuthology.orchestra.run.smithi120.stdout:/usr/bin/ceph: stderr
2024-09-19T08:53:55.080+0000 7f14d6ffd640 1 -- 172.21.15.120:0/206548364 <== mon.0 v2:172.21.15.120:3300/0 3 ==== mon_map magic: 0 ==== 205+0+0 (secure 0 0 0) 0x7f14c8030810 con 0x7f14d807de20
2024-09-19T08:53:56.791 INFO:teuthology.orchestra.run.smithi120.stdout:/usr/bin/ceph: stderr
2024-09-19T08:53:55.081+0000 7f14ddbcd640 1 -- 172.21.15.120:0/206548364 >> [v2:172.21.15.120:3300/0,v1:172.21.15.120:6789/0] conn(0x7f14d807de20 msgr2=0x7f14d807c320 secure :-1 s=STATE_CONNECTION_ESTABLISHED l=1).mark_down
2024-09-19T08:53:56.791 INFO:teuthology.orchestra.run.smithi120.stdout:/usr/bin/ceph: stderr
2024-09-19T08:53:55.081+0000 7f14ddbcd640 1 --2- 172.21.15.120:0/206548364 >> [v2:172.21.15.120:3300/0,v1:172.21.15.120:6789/0] conn(0x7f14d807de20 0x7f14d807c320 secure :-1 s=READY pgs=70 cs=0 l=1 rev1=1 crypto rx=0x7f14c8009820 tx=0x7f14c802a270 comp rx=0 tx=0).stop
2024-09-19T08:53:56.791 INFO:teuthology.orchestra.run.smithi120.stdout:/usr/bin/ceph: stderr
2024-09-19T08:53:55.081+0000 7f14ddbcd640 1 -- 172.21.15.120:0/206548364 shutdown_connections
2024-09-19T08:53:56.791 INFO:teuthology.orchestra.run.smithi120.stdout:/usr/bin/ceph: stderr
2024-09-19T08:53:55.081+0000 7f14ddbcd640 1 --2- 172.21.15.120:0/206548364 >> [v2:172.21.15.120:3300/0,v1:172.21.15.120:6789/0] conn(0x7f14d807de20 0x7f14d807c320 unknown :-1 s=CLOSED pgs=70 cs=0 l=1 rev1=1 crypto rx=0 tx=0 comp rx=0 tx=0).stop
2024-09-19T08:53:56.791 INFO:teuthology.orchestra.run.smithi120.stdout:/usr/bin/ceph: stderr
2024-09-19T08:53:55.081+0000 7f14ddbcd640 1 -- 172.21.15.120:0/206548364 >> 172.21.15.120:0/206548364 conn(0x7f14d8102eb0 msgr2=0x7f14d8105310 unknown :-1 s=STATE_NONE l=0).mark_down
2024-09-19T08:53:56.791 INFO:teuthology.orchestra.run.smithi120.stdout:/usr/bin/ceph: stderr
2024-09-19T08:53:55.081+0000 7f14ddbcd640 1 -- 172.21.15.120:0/206548364 shutdown_connections
2024-09-19T08:53:56.791 INFO:teuthology.orchestra.run.smithi120.stdout:/usr/bin/ceph: stderr
2024-09-19T08:53:55.081+0000 7f14ddbcd640 1 -- 172.21.15.120:0/206548364 wait complete.
2024-09-19T08:53:56.791 INFO:teuthology.orchestra.run.smithi120.stdout:/usr/bin/ceph: stderr
2024-09-19T08:53:55.082+0000 7f14ddbcd640 1 Processor -- start
2024-09-19T08:53:56.791 INFO:teuthology.orchestra.run.smithi120.stdout:/usr/bin/ceph: stderr
2024-09-19T08:53:55.082+0000 7f14ddbcd640 1 -- start start
2024-09-19T08:53:56.791 INFO:teuthology.orchestra.run.smithi120.stdout:/usr/bin/ceph: stderr
2024-09-19T08:53:55.082+0000 7f14ddbcd640 1 --2- >> [v2:172.21.15.120:3300/0,v1:172.21.15.120:6789/0] conn(0x7f14d807de20 0x7f14d819d890 unknown :-1 s=NONE pgs=0 cs=0 l=1 rev1=0 crypto rx=0 tx=0 comp rx=0 tx=0).connect
2024-09-19T08:53:56.792 INFO:teuthology.orchestra.run.smithi120.stdout:/usr/bin/ceph: stderr
2024-09-19T08:53:55.082+0000 7f14ddbcd640 1 -- --> [v2:172.21.15.120:3300/0,v1:172.21.15.120:6789/0] -- mon_getmap magic: 0 -- 0x7f14d810dcc0 con 0x7f14d807de20
2024-09-19T08:53:56.792 INFO:teuthology.orchestra.run.smithi120.stdout:/usr/bin/ceph: stderr
2024-09-19T08:53:55.082+0000 7f14d77fe640 1 --2- >> [v2:172.21.15.120:3300/0,v1:172.21.15.120:6789/0] conn(0x7f14d807de20 0x7f14d819d890 unknown :-1 s=BANNER_CONNECTING pgs=0 cs=0 l=1 rev1=0 crypto rx=0 tx=0 comp rx=0 tx=0)._handle_peer_banner_payload supported=3 required=0
2024-09-19T08:53:56.792 INFO:teuthology.orchestra.run.smithi120.stdout:/usr/bin/ceph: stderr
2024-09-19T08:53:55.082+0000 7f14d77fe640 1 --2- >> [v2:172.21.15.120:3300/0,v1:172.21.15.120:6789/0] conn(0x7f14d807de20 0x7f14d819d890 unknown :-1 s=HELLO_CONNECTING pgs=0 cs=0 l=1 rev1=1 crypto rx=0 tx=0 comp rx=0 tx=0).handle_hello peer v2:172.21.15.120:3300/0 says I am v2:172.21.15.120:38950/0 (socket says 172.21.15.120:38950)
2024-09-19T08:53:56.792 INFO:teuthology.orchestra.run.smithi120.stdout:/usr/bin/ceph: stderr
2024-09-19T08:53:55.082+0000 7f14d77fe640 1 -- 172.21.15.120:0/2901358627 learned_addr learned my addr 172.21.15.120:0/2901358627 (peer_addr_for_me v2:172.21.15.120:0/0)
2024-09-19T08:53:56.792 INFO:teuthology.orchestra.run.smithi120.stdout:/usr/bin/ceph: stderr
2024-09-19T08:53:55.082+0000 7f14d77fe640 1 -- 172.21.15.120:0/2901358627 --> [v2:172.21.15.120:3300/0,v1:172.21.15.120:6789/0] -- mon_subscribe({config=0+,monmap=0+}) -- 0x7f14d819ddd0 con 0x7f14d807de20
2024-09-19T08:53:56.792 INFO:teuthology.orchestra.run.smithi120.stdout:/usr/bin/ceph: stderr
2024-09-19T08:53:55.082+0000 7f14d77fe640 1 --2- 172.21.15.120:0/2901358627 >> [v2:172.21.15.120:3300/0,v1:172.21.15.120:6789/0] conn(0x7f14d807de20 0x7f14d819d890 secure :-1 s=READY pgs=71 cs=0 l=1 rev1=1 crypto rx=0x7f14c80097f0 tx=0x7f14c80327b0 comp rx=0 tx=0).ready entity=mon.0 client_cookie=0 server_cookie=0 in_seq=0 out_seq=0
2024-09-19T08:53:56.792 INFO:teuthology.orchestra.run.smithi120.stdout:/usr/bin/ceph: stderr
2024-09-19T08:53:55.082+0000 7f14d57fa640 1 -- 172.21.15.120:0/2901358627 <== mon.0 v2:172.21.15.120:3300/0 1 ==== mon_map magic: 0 ==== 205+0+0 (secure 0 0 0) 0x7f14c8037040 con 0x7f14d807de20
2024-09-19T08:53:56.792 INFO:teuthology.orchestra.run.smithi120.stdout:/usr/bin/ceph: stderr
2024-09-19T08:53:55.082+0000 7f14d57fa640 1 -- 172.21.15.120:0/2901358627 <== mon.0 v2:172.21.15.120:3300/0 2 ==== config(27 keys) ==== 1140+0+0 (secure 0 0 0) 0x7f14c8030c40 con 0x7f14d807de20
2024-09-19T08:53:56.792 INFO:teuthology.orchestra.run.smithi120.stdout:/usr/bin/ceph: stderr
2024-09-19T08:53:55.083+0000 7f14ddbcd640 1 -- 172.21.15.120:0/2901358627 --> [v2:172.21.15.120:3300/0,v1:172.21.15.120:6789/0] -- mon_subscribe({mgrmap=0+}) -- 0x7f14d819e060 con 0x7f14d807de20
2024-09-19T08:53:56.792 INFO:teuthology.orchestra.run.smithi120.stdout:/usr/bin/ceph: stderr
2024-09-19T08:53:55.083+0000 7f14d57fa640 1 -- 172.21.15.120:0/2901358627 <== mon.0 v2:172.21.15.120:3300/0 3 ==== mon_map magic: 0 ==== 205+0+0 (secure 0 0 0) 0x7f14c803a5d0 con 0x7f14d807de20
2024-09-19T08:53:56.792 INFO:teuthology.orchestra.run.smithi120.stdout:/usr/bin/ceph: stderr
2024-09-19T08:53:55.083+0000 7f14ddbcd640 1 -- 172.21.15.120:0/2901358627 --> [v2:172.21.15.120:3300/0,v1:172.21.15.120:6789/0] -- mon_subscribe({osdmap=0}) -- 0x7f14d81a0d50 con 0x7f14d807de20
2024-09-19T08:53:56.792 INFO:teuthology.orchestra.run.smithi120.stdout:/usr/bin/ceph: stderr
2024-09-19T08:53:55.083+0000 7f14d57fa640 1 -- 172.21.15.120:0/2901358627 <== mon.0 v2:172.21.15.120:3300/0 4 ==== mgrmap(e 12) ==== 46474+0+0 (secure 0 0 0) 0x7f14c803b3f0 con 0x7f14d807de20
2024-09-19T08:53:56.792 INFO:teuthology.orchestra.run.smithi120.stdout:/usr/bin/ceph: stderr
2024-09-19T08:53:55.083+0000 7f14ddbcd640 1 -- 172.21.15.120:0/2901358627 --> [v2:172.21.15.120:3300/0,v1:172.21.15.120:6789/0] -- mon_command({"prefix": "get_command_descriptions"} v 0) -- 0x7f14d807c3a0 con 0x7f14d807de20
2024-09-19T08:53:56.793 INFO:teuthology.orchestra.run.smithi120.stdout:/usr/bin/ceph: stderr
2024-09-19T08:53:55.084+0000 7f14d57fa640 1 --2- 172.21.15.120:0/2901358627 >> [v2:172.21.15.120:6800/3841841273,v1:172.21.15.120:6801/3841841273] conn(0x7f14c4039200 0x7f14c403b6c0 unknown :-1 s=NONE pgs=0 cs=0 l=1 rev1=0 crypto rx=0 tx=0 comp rx=0 tx=0).connect
2024-09-19T08:53:56.793 INFO:teuthology.orchestra.run.smithi120.stdout:/usr/bin/ceph: stderr
2024-09-19T08:53:55.084+0000 7f14d57fa640 1 -- 172.21.15.120:0/2901358627 <== mon.0 v2:172.21.15.120:3300/0 5 ==== osd_map(3..3 src has 1..3) ==== 1155+0+0 (secure 0 0 0) 0x7f14c806c880 con 0x7f14d807de20
2024-09-19T08:53:56.793 INFO:teuthology.orchestra.run.smithi120.stdout:/usr/bin/ceph: stderr
2024-09-19T08:53:55.084+0000 7f14cffff640 1 --2- 172.21.15.120:0/2901358627 >> [v2:172.21.15.120:6800/3841841273,v1:172.21.15.120:6801/3841841273] conn(0x7f14c4039200 0x7f14c403b6c0 unknown :-1 s=BANNER_CONNECTING pgs=0 cs=0 l=1 rev1=0 crypto rx=0 tx=0 comp rx=0 tx=0)._handle_peer_banner_payload supported=3 required=0
2024-09-19T08:53:56.793 INFO:teuthology.orchestra.run.smithi120.stdout:/usr/bin/ceph: stderr
2024-09-19T08:53:55.084+0000 7f14cffff640 1 --2- 172.21.15.120:0/2901358627 >> [v2:172.21.15.120:6800/3841841273,v1:172.21.15.120:6801/3841841273] conn(0x7f14c4039200 0x7f14c403b6c0 secure :-1 s=READY pgs=8 cs=0 l=1 rev1=1 crypto rx=0x7f14c00098c0 tx=0x7f14c0006db0 comp rx=0 tx=0).ready entity=mgr.14150 client_cookie=0 server_cookie=0 in_seq=0 out_seq=0
2024-09-19T08:53:56.793 INFO:teuthology.orchestra.run.smithi120.stdout:/usr/bin/ceph: stderr
2024-09-19T08:53:55.088+0000 7f14d57fa640 1 -- 172.21.15.120:0/2901358627 <== mon.0 v2:172.21.15.120:3300/0 6 ==== mon_command_ack([{"prefix": "get_command_descriptions"}]=0 v0) ==== 72+0+188913 (secure 0 0 0) 0x7f14c80313a0 con 0x7f14d807de20
2024-09-19T08:53:56.793 INFO:teuthology.orchestra.run.smithi120.stdout:/usr/bin/ceph: stderr
2024-09-19T08:53:55.275+0000 7f14ddbcd640 1 -- 172.21.15.120:0/2901358627 --> [v2:172.21.15.120:6800/3841841273,v1:172.21.15.120:6801/3841841273] -- mgr_command(tid 0: {"prefix": "dashboard ac-user-create", "username": "admin", "rolename": "administrator", "force_password": true, "pwd_update_required": true, "target": ["mon-mgr", ""]}) -- 0x7f14d81a0f20 con 0x7f14c4039200
2024-09-19T08:53:56.793 INFO:teuthology.orchestra.run.smithi120.stdout:/usr/bin/ceph: stderr
2024-09-19T08:53:55.499+0000 7f14d57fa640 1 -- 172.21.15.120:0/2901358627 <== mgr.14150 v2:172.21.15.120:6800/3841841273 1 ==== mgr_command_reply(tid 0: 0 ) ==== 8+0+252 (secure 0 0 0) 0x7f14d81a0f20 con 0x7f14c4039200
2024-09-19T08:53:56.793 INFO:teuthology.orchestra.run.smithi120.stdout:/usr/bin/ceph: stderr
2024-09-19T08:53:55.501+0000 7f14ddbcd640 1 -- 172.21.15.120:0/2901358627 >> [v2:172.21.15.120:6800/3841841273,v1:172.21.15.120:6801/3841841273] conn(0x7f14c4039200 msgr2=0x7f14c403b6c0 secure :-1 s=STATE_CONNECTION_ESTABLISHED l=1).mark_down
2024-09-19T08:53:56.793 INFO:teuthology.orchestra.run.smithi120.stdout:/usr/bin/ceph: stderr
2024-09-19T08:53:55.501+0000 7f14ddbcd640 1 --2- 172.21.15.120:0/2901358627 >> [v2:172.21.15.120:6800/3841841273,v1:172.21.15.120:6801/3841841273] conn(0x7f14c4039200 0x7f14c403b6c0 secure :-1 s=READY pgs=8 cs=0 l=1 rev1=1 crypto rx=0x7f14c00098c0 tx=0x7f14c0006db0 comp rx=0 tx=0).stop
2024-09-19T08:53:56.793 INFO:teuthology.orchestra.run.smithi120.stdout:/usr/bin/ceph: stderr
2024-09-19T08:53:55.501+0000 7f14ddbcd640 1 -- 172.21.15.120:0/2901358627 >> [v2:172.21.15.120:3300/0,v1:172.21.15.120:6789/0] conn(0x7f14d807de20 msgr2=0x7f14d819d890 secure :-1 s=STATE_CONNECTION_ESTABLISHED l=1).mark_down
2024-09-19T08:53:56.793 INFO:teuthology.orchestra.run.smithi120.stdout:/usr/bin/ceph: stderr
2024-09-19T08:53:55.501+0000 7f14ddbcd640 1 --2- 172.21.15.120:0/2901358627 >> [v2:172.21.15.120:3300/0,v1:172.21.15.120:6789/0] conn(0x7f14d807de20 0x7f14d819d890 secure :-1 s=READY pgs=71 cs=0 l=1 rev1=1 crypto rx=0x7f14c80097f0 tx=0x7f14c80327b0 comp rx=0 tx=0).stop
2024-09-19T08:53:56.793 INFO:teuthology.orchestra.run.smithi120.stdout:/usr/bin/ceph: stderr
2024-09-19T08:53:55.501+0000 7f14ddbcd640 1 -- 172.21.15.120:0/2901358627 shutdown_connections
2024-09-19T08:53:56.793 INFO:teuthology.orchestra.run.smithi120.stdout:/usr/bin/ceph: stderr
2024-09-19T08:53:55.501+0000 7f14ddbcd640 1 --2- 172.21.15.120:0/2901358627 >> [v2:172.21.15.120:6800/3841841273,v1:172.21.15.120:6801/3841841273] conn(0x7f14c4039200 0x7f14c403b6c0 unknown :-1 s=CLOSED pgs=8 cs=0 l=1 rev1=1 crypto rx=0 tx=0 comp rx=0 tx=0).stop
2024-09-19T08:53:56.794 INFO:teuthology.orchestra.run.smithi120.stdout:/usr/bin/ceph: stderr
2024-09-19T08:53:55.501+0000 7f14ddbcd640 1 --2- 172.21.15.120:0/2901358627 >> [v2:172.21.15.120:3300/0,v1:172.21.15.120:6789/0] conn(0x7f14d807de20 0x7f14d819d890 unknown :-1 s=CLOSED pgs=71 cs=0 l=1 rev1=1 crypto rx=0 tx=0 comp rx=0 tx=0).stop
2024-09-19T08:53:56.794 INFO:teuthology.orchestra.run.smithi120.stdout:/usr/bin/ceph: stderr
2024-09-19T08:53:55.501+0000 7f14ddbcd640 1 -- 172.21.15.120:0/2901358627 >> 172.21.15.120:0/2901358627 conn(0x7f14d8102eb0 msgr2=0x7f14d8103ad0 unknown :-1 s=STATE_NONE l=0).mark_down
2024-09-19T08:53:56.794 INFO:teuthology.orchestra.run.smithi120.stdout:/usr/bin/ceph: stderr
2024-09-19T08:53:55.501+0000 7f14ddbcd640 1 -- 172.21.15.120:0/2901358627 shutdown_connections
2024-09-19T08:53:56.794 INFO:teuthology.orchestra.run.smithi120.stdout:/usr/bin/ceph: stderr
2024-09-19T08:53:55.501+0000 7f14ddbcd640 1 -- 172.21.15.120:0/2901358627 wait complete.
2024-09-19T08:53:56.794 INFO:teuthology.orchestra.run.smithi120.stdout:Fetching dashboard port number...
2024-09-19T08:53:57.989 INFO:journalctl@ceph.mon.a.smithi120.stdout:Sep 19 08:53:57 smithi120 ceph-mon[31150]: from='client.? 172.21.15.120:0/1025539510' entity='client.admin' cmd=[{"prefix": "config get", "who": "mgr", "key": "mgr/dashboard/ssl_server_port"}]: dispatch
2024-09-19T08:53:57.997 INFO:teuthology.orchestra.run.smithi120.stdout:/usr/bin/ceph: stdout 8443
2024-09-19T08:53:57.997 INFO:teuthology.orchestra.run.smithi120.stdout:/usr/bin/ceph: stderr
2024-09-19T08:53:57.247+0000 7f1dbce60640 1 Processor -- start
2024-09-19T08:53:57.997 INFO:teuthology.orchestra.run.smithi120.stdout:/usr/bin/ceph: stderr
2024-09-19T08:53:57.247+0000 7f1dbce60640 1 -- start start
2024-09-19T08:53:57.997 INFO:teuthology.orchestra.run.smithi120.stdout:/usr/bin/ceph: stderr
2024-09-19T08:53:57.248+0000 7f1dbce60640 1 --2- >> [v2:172.21.15.120:3300/0,v1:172.21.15.120:6789/0] conn(0x7f1db8107630 0x7f1db8107a30 unknown :-1 s=NONE pgs=0 cs=0 l=0 rev1=0 crypto rx=0 tx=0 comp rx=0 tx=0).connect
2024-09-19T08:53:57.997 INFO:teuthology.orchestra.run.smithi120.stdout:/usr/bin/ceph: stderr
2024-09-19T08:53:57.248+0000 7f1dbce60640 1 -- --> [v2:172.21.15.120:3300/0,v1:172.21.15.120:6789/0] -- mon_getmap magic: 0 -- 0x7f1db8108000 con 0x7f1db8107630
2024-09-19T08:53:57.997 INFO:teuthology.orchestra.run.smithi120.stdout:/usr/bin/ceph: stderr
2024-09-19T08:53:57.248+0000 7f1db659c640 1 --2- >> [v2:172.21.15.120:3300/0,v1:172.21.15.120:6789/0] conn(0x7f1db8107630 0x7f1db8107a30 unknown :-1 s=BANNER_CONNECTING pgs=0 cs=0 l=0 rev1=0 crypto rx=0 tx=0 comp rx=0 tx=0)._handle_peer_banner_payload supported=3 required=0
2024-09-19T08:53:57.997 INFO:teuthology.orchestra.run.smithi120.stdout:/usr/bin/ceph: stderr
2024-09-19T08:53:57.248+0000 7f1db659c640 1 --2- >> [v2:172.21.15.120:3300/0,v1:172.21.15.120:6789/0] conn(0x7f1db8107630 0x7f1db8107a30 unknown :-1 s=HELLO_CONNECTING pgs=0 cs=0 l=0 rev1=1 crypto rx=0 tx=0 comp rx=0 tx=0).handle_hello peer v2:172.21.15.120:3300/0 says I am v2:172.21.15.120:38960/0 (socket says 172.21.15.120:38960)
2024-09-19T08:53:57.997 INFO:teuthology.orchestra.run.smithi120.stdout:/usr/bin/ceph: stderr
2024-09-19T08:53:57.248+0000 7f1db659c640 1 -- 172.21.15.120:0/2817534258 learned_addr learned my addr 172.21.15.120:0/2817534258 (peer_addr_for_me v2:172.21.15.120:0/0)
2024-09-19T08:53:57.997 INFO:teuthology.orchestra.run.smithi120.stdout:/usr/bin/ceph: stderr
2024-09-19T08:53:57.248+0000 7f1db659c640 1 -- 172.21.15.120:0/2817534258 --> [v2:172.21.15.120:3300/0,v1:172.21.15.120:6789/0] -- mon_subscribe({config=0+,monmap=0+}) -- 0x7f1db8108830 con 0x7f1db8107630
2024-09-19T08:53:57.997 INFO:teuthology.orchestra.run.smithi120.stdout:/usr/bin/ceph: stderr
2024-09-19T08:53:57.249+0000 7f1db659c640 1 --2- 172.21.15.120:0/2817534258 >> [v2:172.21.15.120:3300/0,v1:172.21.15.120:6789/0] conn(0x7f1db8107630 0x7f1db8107a30 secure :-1 s=READY pgs=72 cs=0 l=1 rev1=1 crypto rx=0x7f1da8009e80 tx=0x7f1da802a7a0 comp rx=0 tx=0).ready entity=mon.0 client_cookie=2a5ab3f828509c6e server_cookie=0 in_seq=0 out_seq=0
2024-09-19T08:53:57.998 INFO:teuthology.orchestra.run.smithi120.stdout:/usr/bin/ceph: stderr
2024-09-19T08:53:57.249+0000 7f1db559a640 1 -- 172.21.15.120:0/2817534258 <== mon.0 v2:172.21.15.120:3300/0 1 ==== mon_map magic: 0 ==== 205+0+0 (secure 0 0 0) 0x7f1da8036070 con 0x7f1db8107630
2024-09-19T08:53:57.998 INFO:teuthology.orchestra.run.smithi120.stdout:/usr/bin/ceph: stderr
2024-09-19T08:53:57.249+0000 7f1db559a640 1 -- 172.21.15.120:0/2817534258 <== mon.0 v2:172.21.15.120:3300/0 2 ==== config(27 keys) ==== 1140+0+0 (secure 0 0 0) 0x7f1da80318e0 con 0x7f1db8107630
2024-09-19T08:53:57.998 INFO:teuthology.orchestra.run.smithi120.stdout:/usr/bin/ceph: stderr
2024-09-19T08:53:57.249+0000 7f1db559a640 1 -- 172.21.15.120:0/2817534258 <== mon.0 v2:172.21.15.120:3300/0 3 ==== mon_map magic: 0 ==== 205+0+0 (secure 0 0 0) 0x7f1da8007a00 con 0x7f1db8107630
2024-09-19T08:53:57.998 INFO:teuthology.orchestra.run.smithi120.stdout:/usr/bin/ceph: stderr
2024-09-19T08:53:57.249+0000 7f1dbce60640 1 -- 172.21.15.120:0/2817534258 >> [v2:172.21.15.120:3300/0,v1:172.21.15.120:6789/0] conn(0x7f1db8107630 msgr2=0x7f1db8107a30 secure :-1 s=STATE_CONNECTION_ESTABLISHED l=1).mark_down
2024-09-19T08:53:57.998 INFO:teuthology.orchestra.run.smithi120.stdout:/usr/bin/ceph: stderr
2024-09-19T08:53:57.249+0000 7f1dbce60640 1 --2- 172.21.15.120:0/2817534258 >> [v2:172.21.15.120:3300/0,v1:172.21.15.120:6789/0] conn(0x7f1db8107630 0x7f1db8107a30 secure :-1 s=READY pgs=72 cs=0 l=1 rev1=1 crypto rx=0x7f1da8009e80 tx=0x7f1da802a7a0 comp rx=0 tx=0).stop
2024-09-19T08:53:57.998 INFO:teuthology.orchestra.run.smithi120.stdout:/usr/bin/ceph: stderr
2024-09-19T08:53:57.250+0000 7f1dbce60640 1 -- 172.21.15.120:0/2817534258 shutdown_connections
2024-09-19T08:53:57.998 INFO:teuthology.orchestra.run.smithi120.stdout:/usr/bin/ceph: stderr
2024-09-19T08:53:57.250+0000 7f1dbce60640 1 --2- 172.21.15.120:0/2817534258 >> [v2:172.21.15.120:3300/0,v1:172.21.15.120:6789/0] conn(0x7f1db8107630 0x7f1db8107a30 unknown :-1 s=CLOSED pgs=72 cs=0 l=1 rev1=1 crypto rx=0 tx=0 comp rx=0 tx=0).stop
2024-09-19T08:53:57.998 INFO:teuthology.orchestra.run.smithi120.stdout:/usr/bin/ceph: stderr
2024-09-19T08:53:57.250+0000 7f1dbce60640 1 -- 172.21.15.120:0/2817534258 >> 172.21.15.120:0/2817534258 conn(0x7f1db8102de0 msgr2=0x7f1db8105200 unknown :-1 s=STATE_NONE l=0).mark_down
2024-09-19T08:53:57.998 INFO:teuthology.orchestra.run.smithi120.stdout:/usr/bin/ceph: stderr
2024-09-19T08:53:57.250+0000 7f1dbce60640 1 -- 172.21.15.120:0/2817534258 shutdown_connections
2024-09-19T08:53:57.998 INFO:teuthology.orchestra.run.smithi120.stdout:/usr/bin/ceph: stderr
2024-09-19T08:53:57.250+0000 7f1dbce60640 1 -- 172.21.15.120:0/2817534258 wait complete.
2024-09-19T08:53:57.998 INFO:teuthology.orchestra.run.smithi120.stdout:/usr/bin/ceph: stderr
2024-09-19T08:53:57.250+0000 7f1dbce60640 1 Processor -- start
2024-09-19T08:53:57.998 INFO:teuthology.orchestra.run.smithi120.stdout:/usr/bin/ceph: stderr
2024-09-19T08:53:57.250+0000 7f1dbce60640 1 -- start start
2024-09-19T08:53:57.998 INFO:teuthology.orchestra.run.smithi120.stdout:/usr/bin/ceph: stderr
2024-09-19T08:53:57.250+0000 7f1dbce60640 1 --2- >> [v2:172.21.15.120:3300/0,v1:172.21.15.120:6789/0] conn(0x7f1db8107630 0x7f1db807db70 unknown :-1 s=NONE pgs=0 cs=0 l=1 rev1=0 crypto rx=0 tx=0 comp rx=0 tx=0).connect
2024-09-19T08:53:57.998 INFO:teuthology.orchestra.run.smithi120.stdout:/usr/bin/ceph: stderr
2024-09-19T08:53:57.250+0000 7f1dbce60640 1 -- --> [v2:172.21.15.120:3300/0,v1:172.21.15.120:6789/0] -- mon_getmap magic: 0 -- 0x7f1db810bbe0 con 0x7f1db8107630
2024-09-19T08:53:57.999 INFO:teuthology.orchestra.run.smithi120.stdout:/usr/bin/ceph: stderr
2024-09-19T08:53:57.251+0000 7f1db659c640 1 --2- >> [v2:172.21.15.120:3300/0,v1:172.21.15.120:6789/0] conn(0x7f1db8107630 0x7f1db807db70 unknown :-1 s=BANNER_CONNECTING pgs=0 cs=0 l=1 rev1=0 crypto rx=0 tx=0 comp rx=0 tx=0)._handle_peer_banner_payload supported=3 required=0
2024-09-19T08:53:57.999 INFO:teuthology.orchestra.run.smithi120.stdout:/usr/bin/ceph: stderr
2024-09-19T08:53:57.251+0000 7f1db659c640 1 --2- >> [v2:172.21.15.120:3300/0,v1:172.21.15.120:6789/0] conn(0x7f1db8107630 0x7f1db807db70 unknown :-1 s=HELLO_CONNECTING pgs=0 cs=0 l=1 rev1=1 crypto rx=0 tx=0 comp rx=0 tx=0).handle_hello peer v2:172.21.15.120:3300/0 says I am v2:172.21.15.120:38964/0 (socket says 172.21.15.120:38964)
2024-09-19T08:53:57.999 INFO:teuthology.orchestra.run.smithi120.stdout:/usr/bin/ceph: stderr
2024-09-19T08:53:57.251+0000 7f1db659c640 1 -- 172.21.15.120:0/1025539510 learned_addr learned my addr 172.21.15.120:0/1025539510 (peer_addr_for_me v2:172.21.15.120:0/0)
2024-09-19T08:53:57.999 INFO:teuthology.orchestra.run.smithi120.stdout:/usr/bin/ceph: stderr
2024-09-19T08:53:57.251+0000 7f1db659c640 1 -- 172.21.15.120:0/1025539510 --> [v2:172.21.15.120:3300/0,v1:172.21.15.120:6789/0] -- mon_subscribe({config=0+,monmap=0+}) -- 0x7f1db807e0b0 con 0x7f1db8107630
2024-09-19T08:53:57.999 INFO:teuthology.orchestra.run.smithi120.stdout:/usr/bin/ceph: stderr
2024-09-19T08:53:57.251+0000 7f1db659c640 1 --2- 172.21.15.120:0/1025539510 >> [v2:172.21.15.120:3300/0,v1:172.21.15.120:6789/0] conn(0x7f1db8107630 0x7f1db807db70 secure :-1 s=READY pgs=73 cs=0 l=1 rev1=1 crypto rx=0x7f1da802acc0 tx=0x7f1da8031cc0 comp rx=0 tx=0).ready entity=mon.0 client_cookie=0 server_cookie=0 in_seq=0 out_seq=0
2024-09-19T08:53:57.999 INFO:teuthology.orchestra.run.smithi120.stdout:/usr/bin/ceph: stderr
2024-09-19T08:53:57.251+0000 7f1daf7fe640 1 -- 172.21.15.120:0/1025539510 <== mon.0 v2:172.21.15.120:3300/0 1 ==== mon_map magic: 0 ==== 205+0+0 (secure 0 0 0) 0x7f1da8036050 con 0x7f1db8107630
2024-09-19T08:53:57.999 INFO:teuthology.orchestra.run.smithi120.stdout:/usr/bin/ceph: stderr
2024-09-19T08:53:57.251+0000 7f1daf7fe640 1 -- 172.21.15.120:0/1025539510 <== mon.0 v2:172.21.15.120:3300/0 2 ==== config(27 keys) ==== 1140+0+0 (secure 0 0 0) 0x7f1da8037040 con 0x7f1db8107630
2024-09-19T08:53:57.999 INFO:teuthology.orchestra.run.smithi120.stdout:/usr/bin/ceph: stderr
2024-09-19T08:53:57.251+0000 7f1dbce60640 1 -- 172.21.15.120:0/1025539510 --> [v2:172.21.15.120:3300/0,v1:172.21.15.120:6789/0] -- mon_subscribe({mgrmap=0+}) -- 0x7f1db807c2a0 con 0x7f1db8107630
2024-09-19T08:53:57.999 INFO:teuthology.orchestra.run.smithi120.stdout:/usr/bin/ceph: stderr
2024-09-19T08:53:57.251+0000 7f1daf7fe640 1 -- 172.21.15.120:0/1025539510 <== mon.0 v2:172.21.15.120:3300/0 3 ==== mon_map magic: 0 ==== 205+0+0 (secure 0 0 0) 0x7f1da803b920 con 0x7f1db8107630
2024-09-19T08:53:57.999 INFO:teuthology.orchestra.run.smithi120.stdout:/usr/bin/ceph: stderr
2024-09-19T08:53:57.251+0000 7f1dbce60640 1 -- 172.21.15.120:0/1025539510 --> [v2:172.21.15.120:3300/0,v1:172.21.15.120:6789/0] -- mon_subscribe({osdmap=0}) -- 0x7f1db807c7e0 con 0x7f1db8107630
2024-09-19T08:53:57.999 INFO:teuthology.orchestra.run.smithi120.stdout:/usr/bin/ceph: stderr
2024-09-19T08:53:57.252+0000 7f1daf7fe640 1 -- 172.21.15.120:0/1025539510 <== mon.0 v2:172.21.15.120:3300/0 4 ==== mgrmap(e 12) ==== 46474+0+0 (secure 0 0 0) 0x7f1da8044020 con 0x7f1db8107630
2024-09-19T08:53:57.999 INFO:teuthology.orchestra.run.smithi120.stdout:/usr/bin/ceph: stderr
2024-09-19T08:53:57.252+0000 7f1daf7fe640 1 --2- 172.21.15.120:0/1025539510 >> [v2:172.21.15.120:6800/3841841273,v1:172.21.15.120:6801/3841841273] conn(0x7f1da4039200 0x7f1da403b6c0 unknown :-1 s=NONE pgs=0 cs=0 l=1 rev1=0 crypto rx=0 tx=0 comp rx=0 tx=0).connect
2024-09-19T08:53:57.999 INFO:teuthology.orchestra.run.smithi120.stdout:/usr/bin/ceph: stderr
2024-09-19T08:53:57.252+0000 7f1daf7fe640 1 -- 172.21.15.120:0/1025539510 <== mon.0 v2:172.21.15.120:3300/0 5 ==== osd_map(3..3 src has 1..3) ==== 1155+0+0 (secure 0 0 0) 0x7f1da8042020 con 0x7f1db8107630
2024-09-19T08:53:57.999 INFO:teuthology.orchestra.run.smithi120.stdout:/usr/bin/ceph: stderr
2024-09-19T08:53:57.252+0000 7f1dbce60640 1 -- 172.21.15.120:0/1025539510 --> [v2:172.21.15.120:3300/0,v1:172.21.15.120:6789/0] -- mon_command({"prefix": "get_command_descriptions"} v 0) -- 0x7f1db810bd60 con 0x7f1db8107630
2024-09-19T08:53:58.000 INFO:teuthology.orchestra.run.smithi120.stdout:/usr/bin/ceph: stderr
2024-09-19T08:53:57.252+0000 7f1db5d9b640 1 --2- 172.21.15.120:0/1025539510 >> [v2:172.21.15.120:6800/3841841273,v1:172.21.15.120:6801/3841841273] conn(0x7f1da4039200 0x7f1da403b6c0 unknown :-1 s=BANNER_CONNECTING pgs=0 cs=0 l=1 rev1=0 crypto rx=0 tx=0 comp rx=0 tx=0)._handle_peer_banner_payload supported=3 required=0
2024-09-19T08:53:58.000 INFO:teuthology.orchestra.run.smithi120.stdout:/usr/bin/ceph: stderr
2024-09-19T08:53:57.253+0000 7f1db5d9b640 1 --2- 172.21.15.120:0/1025539510 >> [v2:172.21.15.120:6800/3841841273,v1:172.21.15.120:6801/3841841273] conn(0x7f1da4039200 0x7f1da403b6c0 secure :-1 s=READY pgs=9 cs=0 l=1 rev1=1 crypto rx=0x7f1da00098c0 tx=0x7f1da0006db0 comp rx=0 tx=0).ready entity=mgr.14150 client_cookie=0 server_cookie=0 in_seq=0 out_seq=0
2024-09-19T08:53:58.000 INFO:teuthology.orchestra.run.smithi120.stdout:/usr/bin/ceph: stderr
2024-09-19T08:53:57.257+0000 7f1daf7fe640 1 -- 172.21.15.120:0/1025539510 <== mon.0 v2:172.21.15.120:3300/0 6 ==== mon_command_ack([{"prefix": "get_command_descriptions"}]=0 v0) ==== 72+0+188913 (secure 0 0 0) 0x7f1da804b020 con 0x7f1db8107630
2024-09-19T08:53:58.000 INFO:teuthology.orchestra.run.smithi120.stdout:/usr/bin/ceph: stderr
2024-09-19T08:53:57.427+0000 7f1dbce60640 1 -- 172.21.15.120:0/1025539510 --> [v2:172.21.15.120:3300/0,v1:172.21.15.120:6789/0] -- mon_command({"prefix": "config get", "who": "mgr", "key": "mgr/dashboard/ssl_server_port"} v 0) -- 0x7f1db81043e0 con 0x7f1db8107630
2024-09-19T08:53:58.000 INFO:teuthology.orchestra.run.smithi120.stdout:/usr/bin/ceph: stderr
2024-09-19T08:53:57.428+0000 7f1daf7fe640 1 -- 172.21.15.120:0/1025539510 <== mon.0 v2:172.21.15.120:3300/0 7 ==== mon_command_ack([{"prefix": "config get", "who": "mgr", "key": "mgr/dashboard/ssl_server_port"}]=0 v8) ==== 112+0+5 (secure 0 0 0) 0x7f1da8041c10 con 0x7f1db8107630
2024-09-19T08:53:58.000 INFO:teuthology.orchestra.run.smithi120.stdout:/usr/bin/ceph: stderr
2024-09-19T08:53:57.430+0000 7f1dbce60640 1 -- 172.21.15.120:0/1025539510 >> [v2:172.21.15.120:6800/3841841273,v1:172.21.15.120:6801/3841841273] conn(0x7f1da4039200 msgr2=0x7f1da403b6c0 secure :-1 s=STATE_CONNECTION_ESTABLISHED l=1).mark_down
2024-09-19T08:53:58.000 INFO:teuthology.orchestra.run.smithi120.stdout:/usr/bin/ceph: stderr
2024-09-19T08:53:57.430+0000 7f1dbce60640 1 --2- 172.21.15.120:0/1025539510 >> [v2:172.21.15.120:6800/3841841273,v1:172.21.15.120:6801/3841841273] conn(0x7f1da4039200 0x7f1da403b6c0 secure :-1 s=READY pgs=9 cs=0 l=1 rev1=1 crypto rx=0x7f1da00098c0 tx=0x7f1da0006db0 comp rx=0 tx=0).stop
2024-09-19T08:53:58.000 INFO:teuthology.orchestra.run.smithi120.stdout:/usr/bin/ceph: stderr
2024-09-19T08:53:57.430+0000 7f1dbce60640 1 -- 172.21.15.120:0/1025539510 >> [v2:172.21.15.120:3300/0,v1:172.21.15.120:6789/0] conn(0x7f1db8107630 msgr2=0x7f1db807db70 secure :-1 s=STATE_CONNECTION_ESTABLISHED l=1).mark_down
2024-09-19T08:53:58.000 INFO:teuthology.orchestra.run.smithi120.stdout:/usr/bin/ceph: stderr
2024-09-19T08:53:57.430+0000 7f1dbce60640 1 --2- 172.21.15.120:0/1025539510 >> [v2:172.21.15.120:3300/0,v1:172.21.15.120:6789/0] conn(0x7f1db8107630 0x7f1db807db70 secure :-1 s=READY pgs=73 cs=0 l=1 rev1=1 crypto rx=0x7f1da802acc0 tx=0x7f1da8031cc0 comp rx=0 tx=0).stop
2024-09-19T08:53:58.000 INFO:teuthology.orchestra.run.smithi120.stdout:/usr/bin/ceph: stderr
2024-09-19T08:53:57.430+0000 7f1dbce60640 1 -- 172.21.15.120:0/1025539510 shutdown_connections
2024-09-19T08:53:58.000 INFO:teuthology.orchestra.run.smithi120.stdout:/usr/bin/ceph: stderr
2024-09-19T08:53:57.430+0000 7f1dbce60640 1 --2- 172.21.15.120:0/1025539510 >> [v2:172.21.15.120:6800/3841841273,v1:172.21.15.120:6801/3841841273] conn(0x7f1da4039200 0x7f1da403b6c0 unknown :-1 s=CLOSED pgs=9 cs=0 l=1 rev1=1 crypto rx=0 tx=0 comp rx=0 tx=0).stop
2024-09-19T08:53:58.000 INFO:teuthology.orchestra.run.smithi120.stdout:/usr/bin/ceph: stderr
2024-09-19T08:53:57.430+0000 7f1dbce60640 1 --2- 172.21.15.120:0/1025539510 >> [v2:172.21.15.120:3300/0,v1:172.21.15.120:6789/0] conn(0x7f1db8107630 0x7f1db807db70 unknown :-1 s=CLOSED pgs=73 cs=0 l=1 rev1=1 crypto rx=0 tx=0 comp rx=0 tx=0).stop
2024-09-19T08:53:58.000 INFO:teuthology.orchestra.run.smithi120.stdout:/usr/bin/ceph: stderr
2024-09-19T08:53:57.430+0000 7f1dbce60640 1 -- 172.21.15.120:0/1025539510 >> 172.21.15.120:0/1025539510 conn(0x7f1db8102de0 msgr2=0x7f1db8103990 unknown :-1 s=STATE_NONE l=0).mark_down
2024-09-19T08:53:58.001 INFO:teuthology.orchestra.run.smithi120.stdout:/usr/bin/ceph: stderr
2024-09-19T08:53:57.430+0000 7f1dbce60640 1 -- 172.21.15.120:0/1025539510 shutdown_connections
2024-09-19T08:53:58.001 INFO:teuthology.orchestra.run.smithi120.stdout:/usr/bin/ceph: stderr
2024-09-19T08:53:57.430+0000 7f1dbce60640 1 -- 172.21.15.120:0/1025539510 wait complete.
2024-09-19T08:53:58.005 INFO:teuthology.orchestra.run.smithi120.stdout:Non-zero exit code 1 from systemctl is-enabled firewalld.service
2024-09-19T08:53:58.006 INFO:teuthology.orchestra.run.smithi120.stdout:systemctl: stdout disabled
2024-09-19T08:53:58.013 INFO:teuthology.orchestra.run.smithi120.stdout:Non-zero exit code 3 from systemctl is-active firewalld.service
2024-09-19T08:53:58.013 INFO:teuthology.orchestra.run.smithi120.stdout:systemctl: stdout inactive
2024-09-19T08:53:58.014 INFO:teuthology.orchestra.run.smithi120.stdout:firewalld.service is not enabled
2024-09-19T08:53:58.014 INFO:teuthology.orchestra.run.smithi120.stdout:Not possible to open ports <[8443]>. firewalld.service is not available
2024-09-19T08:53:58.015 INFO:teuthology.orchestra.run.smithi120.stdout:Ceph Dashboard is now available at:
2024-09-19T08:53:58.015 INFO:teuthology.orchestra.run.smithi120.stdout:
2024-09-19T08:53:58.015 INFO:teuthology.orchestra.run.smithi120.stdout: URL: https://smithi120.front.sepia.ceph.com:8443/
2024-09-19T08:53:58.015 INFO:teuthology.orchestra.run.smithi120.stdout: User: admin
2024-09-19T08:53:58.015 INFO:teuthology.orchestra.run.smithi120.stdout: Password: e5a6gvppy1
2024-09-19T08:53:58.015 INFO:teuthology.orchestra.run.smithi120.stdout:
2024-09-19T08:53:58.016 INFO:teuthology.orchestra.run.smithi120.stdout:Saving cluster configuration to /var/lib/ceph/507393d2-7664-11ef-bceb-c7b262605968/config directory
2024-09-19T08:53:59.004 INFO:journalctl@ceph.mon.a.smithi120.stdout:Sep 19 08:53:58 smithi120 ceph-mon[31150]: mgrmap e13: x(active, since 6s)
2024-09-19T08:53:59.288 INFO:teuthology.orchestra.run.smithi120.stdout:/usr/bin/ceph: stderr
2024-09-19T08:53:58.439+0000 7fa8d5f12640 1 Processor -- start
2024-09-19T08:53:59.288 INFO:teuthology.orchestra.run.smithi120.stdout:/usr/bin/ceph: stderr
2024-09-19T08:53:58.439+0000 7fa8d5f12640 1 -- start start
2024-09-19T08:53:59.288 INFO:teuthology.orchestra.run.smithi120.stdout:/usr/bin/ceph: stderr
2024-09-19T08:53:58.439+0000 7fa8d5f12640 1 --2- >> [v2:172.21.15.120:3300/0,v1:172.21.15.120:6789/0] conn(0x7fa8d0105940 0x7fa8d0105d40 unknown :-1 s=NONE pgs=0 cs=0 l=0 rev1=0 crypto rx=0 tx=0 comp rx=0 tx=0).connect
2024-09-19T08:53:59.288 INFO:teuthology.orchestra.run.smithi120.stdout:/usr/bin/ceph: stderr
2024-09-19T08:53:58.439+0000 7fa8d5f12640 1 -- --> [v2:172.21.15.120:3300/0,v1:172.21.15.120:6789/0] -- mon_getmap magic: 0 -- 0x7fa8d0106310 con 0x7fa8d0105940
2024-09-19T08:53:59.288 INFO:teuthology.orchestra.run.smithi120.stdout:/usr/bin/ceph: stderr
2024-09-19T08:53:58.439+0000 7fa8cf7fe640 1 --2- >> [v2:172.21.15.120:3300/0,v1:172.21.15.120:6789/0] conn(0x7fa8d0105940 0x7fa8d0105d40 unknown :-1 s=BANNER_CONNECTING pgs=0 cs=0 l=0 rev1=0 crypto rx=0 tx=0 comp rx=0 tx=0)._handle_peer_banner_payload supported=3 required=0
2024-09-19T08:53:59.288 INFO:teuthology.orchestra.run.smithi120.stdout:/usr/bin/ceph: stderr
2024-09-19T08:53:58.439+0000 7fa8cf7fe640 1 --2- >> [v2:172.21.15.120:3300/0,v1:172.21.15.120:6789/0] conn(0x7fa8d0105940 0x7fa8d0105d40 unknown :-1 s=HELLO_CONNECTING pgs=0 cs=0 l=0 rev1=1 crypto rx=0 tx=0 comp rx=0 tx=0).handle_hello peer v2:172.21.15.120:3300/0 says I am v2:172.21.15.120:38966/0 (socket says 172.21.15.120:38966)
2024-09-19T08:53:59.288 INFO:teuthology.orchestra.run.smithi120.stdout:/usr/bin/ceph: stderr
2024-09-19T08:53:58.439+0000 7fa8cf7fe640 1 -- 172.21.15.120:0/2414116330 learned_addr learned my addr 172.21.15.120:0/2414116330 (peer_addr_for_me v2:172.21.15.120:0/0)
2024-09-19T08:53:59.288 INFO:teuthology.orchestra.run.smithi120.stdout:/usr/bin/ceph: stderr
2024-09-19T08:53:58.440+0000 7fa8cf7fe640 1 -- 172.21.15.120:0/2414116330 --> [v2:172.21.15.120:3300/0,v1:172.21.15.120:6789/0] -- mon_subscribe({config=0+,monmap=0+}) -- 0x7fa8d0108920 con 0x7fa8d0105940
2024-09-19T08:53:59.288 INFO:teuthology.orchestra.run.smithi120.stdout:/usr/bin/ceph: stderr
2024-09-19T08:53:58.440+0000 7fa8cf7fe640 1 --2- 172.21.15.120:0/2414116330 >> [v2:172.21.15.120:3300/0,v1:172.21.15.120:6789/0] conn(0x7fa8d0105940 0x7fa8d0105d40 secure :-1 s=READY pgs=74 cs=0 l=1 rev1=1 crypto rx=0x7fa8c0009820 tx=0x7fa8c002a270 comp rx=0 tx=0).ready entity=mon.0 client_cookie=a13292e9f9cea688 server_cookie=0 in_seq=0 out_seq=0
2024-09-19T08:53:59.288 INFO:teuthology.orchestra.run.smithi120.stdout:/usr/bin/ceph: stderr
2024-09-19T08:53:58.440+0000 7fa8ceffd640 1 -- 172.21.15.120:0/2414116330 <== mon.0 v2:172.21.15.120:3300/0 1 ==== mon_map magic: 0 ==== 205+0+0 (secure 0 0 0) 0x7fa8c0037070 con 0x7fa8d0105940
2024-09-19T08:53:59.289 INFO:teuthology.orchestra.run.smithi120.stdout:/usr/bin/ceph: stderr
2024-09-19T08:53:58.440+0000 7fa8ceffd640 1 -- 172.21.15.120:0/2414116330 <== mon.0 v2:172.21.15.120:3300/0 2 ==== config(27 keys) ==== 1140+0+0 (secure 0 0 0) 0x7fa8c0032920 con 0x7fa8d0105940
2024-09-19T08:53:59.289 INFO:teuthology.orchestra.run.smithi120.stdout:/usr/bin/ceph: stderr
2024-09-19T08:53:58.440+0000 7fa8ceffd640 1 -- 172.21.15.120:0/2414116330 <== mon.0 v2:172.21.15.120:3300/0 3 ==== mon_map magic: 0 ==== 205+0+0 (secure 0 0 0) 0x7fa8c0030810 con 0x7fa8d0105940
2024-09-19T08:53:59.289 INFO:teuthology.orchestra.run.smithi120.stdout:/usr/bin/ceph: stderr
2024-09-19T08:53:58.441+0000 7fa8d5f12640 1 -- 172.21.15.120:0/2414116330 >> [v2:172.21.15.120:3300/0,v1:172.21.15.120:6789/0] conn(0x7fa8d0105940 msgr2=0x7fa8d0105d40 secure :-1 s=STATE_CONNECTION_ESTABLISHED l=1).mark_down
2024-09-19T08:53:59.289 INFO:teuthology.orchestra.run.smithi120.stdout:/usr/bin/ceph: stderr
2024-09-19T08:53:58.441+0000 7fa8d5f12640 1 --2- 172.21.15.120:0/2414116330 >> [v2:172.21.15.120:3300/0,v1:172.21.15.120:6789/0] conn(0x7fa8d0105940 0x7fa8d0105d40 secure :-1 s=READY pgs=74 cs=0 l=1 rev1=1 crypto rx=0x7fa8c0009820 tx=0x7fa8c002a270 comp rx=0 tx=0).stop
2024-09-19T08:53:59.289 INFO:teuthology.orchestra.run.smithi120.stdout:/usr/bin/ceph: stderr
2024-09-19T08:53:58.441+0000 7fa8d5f12640 1 -- 172.21.15.120:0/2414116330 shutdown_connections
2024-09-19T08:53:59.289 INFO:teuthology.orchestra.run.smithi120.stdout:/usr/bin/ceph: stderr
2024-09-19T08:53:58.441+0000 7fa8d5f12640 1 --2- 172.21.15.120:0/2414116330 >> [v2:172.21.15.120:3300/0,v1:172.21.15.120:6789/0] conn(0x7fa8d0105940 0x7fa8d0105d40 unknown :-1 s=CLOSED pgs=74 cs=0 l=1 rev1=1 crypto rx=0 tx=0 comp rx=0 tx=0).stop
2024-09-19T08:53:59.289 INFO:teuthology.orchestra.run.smithi120.stdout:/usr/bin/ceph: stderr
2024-09-19T08:53:58.441+0000 7fa8d5f12640 1 -- 172.21.15.120:0/2414116330 >> 172.21.15.120:0/2414116330 conn(0x7fa8d0101550 msgr2=0x7fa8d0103970 unknown :-1 s=STATE_NONE l=0).mark_down
2024-09-19T08:53:59.289 INFO:teuthology.orchestra.run.smithi120.stdout:/usr/bin/ceph: stderr
2024-09-19T08:53:58.441+0000 7fa8d5f12640 1 -- 172.21.15.120:0/2414116330 shutdown_connections
2024-09-19T08:53:59.289 INFO:teuthology.orchestra.run.smithi120.stdout:/usr/bin/ceph: stderr
2024-09-19T08:53:58.441+0000 7fa8d5f12640 1 -- 172.21.15.120:0/2414116330 wait complete.
2024-09-19T08:53:59.289 INFO:teuthology.orchestra.run.smithi120.stdout:/usr/bin/ceph: stderr
2024-09-19T08:53:58.442+0000 7fa8d5f12640 1 Processor -- start
2024-09-19T08:53:59.289 INFO:teuthology.orchestra.run.smithi120.stdout:/usr/bin/ceph: stderr
2024-09-19T08:53:58.442+0000 7fa8d5f12640 1 -- start start
2024-09-19T08:53:59.289 INFO:teuthology.orchestra.run.smithi120.stdout:/usr/bin/ceph: stderr
2024-09-19T08:53:58.442+0000 7fa8d5f12640 1 --2- >> [v2:172.21.15.120:3300/0,v1:172.21.15.120:6789/0] conn(0x7fa8d0105940 0x7fa8d019b610 unknown :-1 s=NONE pgs=0 cs=0 l=1 rev1=0 crypto rx=0 tx=0 comp rx=0 tx=0).connect
2024-09-19T08:53:59.289 INFO:teuthology.orchestra.run.smithi120.stdout:/usr/bin/ceph: stderr
2024-09-19T08:53:58.442+0000 7fa8d5f12640 1 -- --> [v2:172.21.15.120:3300/0,v1:172.21.15.120:6789/0] -- mon_getmap magic: 0 -- 0x7fa8d010bb50 con 0x7fa8d0105940
2024-09-19T08:53:59.289 INFO:teuthology.orchestra.run.smithi120.stdout:/usr/bin/ceph: stderr
2024-09-19T08:53:58.442+0000 7fa8cf7fe640 1 --2- >> [v2:172.21.15.120:3300/0,v1:172.21.15.120:6789/0] conn(0x7fa8d0105940 0x7fa8d019b610 unknown :-1 s=BANNER_CONNECTING pgs=0 cs=0 l=1 rev1=0 crypto rx=0 tx=0 comp rx=0 tx=0)._handle_peer_banner_payload supported=3 required=0
2024-09-19T08:53:59.290 INFO:teuthology.orchestra.run.smithi120.stdout:/usr/bin/ceph: stderr
2024-09-19T08:53:58.442+0000 7fa8cf7fe640 1 --2- >> [v2:172.21.15.120:3300/0,v1:172.21.15.120:6789/0] conn(0x7fa8d0105940 0x7fa8d019b610 unknown :-1 s=HELLO_CONNECTING pgs=0 cs=0 l=1 rev1=1 crypto rx=0 tx=0 comp rx=0 tx=0).handle_hello peer v2:172.21.15.120:3300/0 says I am v2:172.21.15.120:38972/0 (socket says 172.21.15.120:38972)
2024-09-19T08:53:59.290 INFO:teuthology.orchestra.run.smithi120.stdout:/usr/bin/ceph: stderr
2024-09-19T08:53:58.442+0000 7fa8cf7fe640 1 -- 172.21.15.120:0/73621367 learned_addr learned my addr 172.21.15.120:0/73621367 (peer_addr_for_me v2:172.21.15.120:0/0)
2024-09-19T08:53:59.290 INFO:teuthology.orchestra.run.smithi120.stdout:/usr/bin/ceph: stderr
2024-09-19T08:53:58.442+0000 7fa8cf7fe640 1 -- 172.21.15.120:0/73621367 --> [v2:172.21.15.120:3300/0,v1:172.21.15.120:6789/0] -- mon_subscribe({config=0+,monmap=0+}) -- 0x7fa8d019bb50 con 0x7fa8d0105940
2024-09-19T08:53:59.290 INFO:teuthology.orchestra.run.smithi120.stdout:/usr/bin/ceph: stderr
2024-09-19T08:53:58.442+0000 7fa8cf7fe640 1 --2- 172.21.15.120:0/73621367 >> [v2:172.21.15.120:3300/0,v1:172.21.15.120:6789/0] conn(0x7fa8d0105940 0x7fa8d019b610 secure :-1 s=READY pgs=75 cs=0 l=1 rev1=1 crypto rx=0x7fa8c0030560 tx=0x7fa8c0032670 comp rx=0 tx=0).ready entity=mon.0 client_cookie=0 server_cookie=0 in_seq=0 out_seq=0
2024-09-19T08:53:59.290 INFO:teuthology.orchestra.run.smithi120.stdout:/usr/bin/ceph: stderr
2024-09-19T08:53:58.442+0000 7fa8cd7fa640 1 -- 172.21.15.120:0/73621367 <== mon.0 v2:172.21.15.120:3300/0 1 ==== mon_map magic: 0 ==== 205+0+0 (secure 0 0 0) 0x7fa8c0037040 con 0x7fa8d0105940
2024-09-19T08:53:59.290 INFO:teuthology.orchestra.run.smithi120.stdout:/usr/bin/ceph: stderr
2024-09-19T08:53:58.442+0000 7fa8cd7fa640 1 -- 172.21.15.120:0/73621367 <== mon.0 v2:172.21.15.120:3300/0 2 ==== config(27 keys) ==== 1140+0+0 (secure 0 0 0) 0x7fa8c0040070 con 0x7fa8d0105940
2024-09-19T08:53:59.290 INFO:teuthology.orchestra.run.smithi120.stdout:/usr/bin/ceph: stderr
2024-09-19T08:53:58.442+0000 7fa8d5f12640 1 -- 172.21.15.120:0/73621367 --> [v2:172.21.15.120:3300/0,v1:172.21.15.120:6789/0] -- mon_subscribe({mgrmap=0+}) -- 0x7fa8d019bde0 con 0x7fa8d0105940
2024-09-19T08:53:59.290 INFO:teuthology.orchestra.run.smithi120.stdout:/usr/bin/ceph: stderr
2024-09-19T08:53:58.442+0000 7fa8cd7fa640 1 -- 172.21.15.120:0/73621367 <== mon.0 v2:172.21.15.120:3300/0 3 ==== mon_map magic: 0 ==== 205+0+0 (secure 0 0 0) 0x7fa8c003a740 con 0x7fa8d0105940
2024-09-19T08:53:59.290 INFO:teuthology.orchestra.run.smithi120.stdout:/usr/bin/ceph: stderr
2024-09-19T08:53:58.443+0000 7fa8d5f12640 1 -- 172.21.15.120:0/73621367 --> [v2:172.21.15.120:3300/0,v1:172.21.15.120:6789/0] -- mon_subscribe({osdmap=0}) -- 0x7fa8d019ead0 con 0x7fa8d0105940
2024-09-19T08:53:59.290 INFO:teuthology.orchestra.run.smithi120.stdout:/usr/bin/ceph: stderr
2024-09-19T08:53:58.443+0000 7fa8cd7fa640 1 -- 172.21.15.120:0/73621367 <== mon.0 v2:172.21.15.120:3300/0 4 ==== mgrmap(e 13) ==== 46518+0+0 (secure 0 0 0) 0x7fa8c003a9b0 con 0x7fa8d0105940
2024-09-19T08:53:59.290 INFO:teuthology.orchestra.run.smithi120.stdout:/usr/bin/ceph: stderr
2024-09-19T08:53:58.443+0000 7fa8cd7fa640 1 --2- 172.21.15.120:0/73621367 >> [v2:172.21.15.120:6800/3841841273,v1:172.21.15.120:6801/3841841273] conn(0x7fa8bc0392a0 0x7fa8bc03b760 unknown :-1 s=NONE pgs=0 cs=0 l=1 rev1=0 crypto rx=0 tx=0 comp rx=0 tx=0).connect
2024-09-19T08:53:59.290 INFO:teuthology.orchestra.run.smithi120.stdout:/usr/bin/ceph: stderr
