2024-09-19T08:53:42.703+0000 7f82a3640640 1 -- 172.21.15.120:0/1525438484 shutdown_connections
2024-09-19T08:53:43.278 INFO:teuthology.orchestra.run.smithi120.stdout:/usr/bin/ceph: stderr
2024-09-19T08:53:42.703+0000 7f82a3640640 1 -- 172.21.15.120:0/1525438484 wait complete.
2024-09-19T08:53:44.693 INFO:teuthology.orchestra.run.smithi120.stdout:/usr/bin/ceph: stderr
2024-09-19T08:53:43.681+0000 7f3321ca4640 1 Processor -- start
2024-09-19T08:53:44.693 INFO:teuthology.orchestra.run.smithi120.stdout:/usr/bin/ceph: stderr
2024-09-19T08:53:43.681+0000 7f3321ca4640 1 -- start start
2024-09-19T08:53:44.693 INFO:teuthology.orchestra.run.smithi120.stdout:/usr/bin/ceph: stderr
2024-09-19T08:53:43.681+0000 7f3321ca4640 1 --2- >> [v2:172.21.15.120:3300/0,v1:172.21.15.120:6789/0] conn(0x7f331c07de20 0x7f331c07c320 unknown :-1 s=NONE pgs=0 cs=0 l=0 rev1=0 crypto rx=0 tx=0 comp rx=0 tx=0).connect
2024-09-19T08:53:44.693 INFO:teuthology.orchestra.run.smithi120.stdout:/usr/bin/ceph: stderr
2024-09-19T08:53:43.681+0000 7f3321ca4640 1 -- --> [v2:172.21.15.120:3300/0,v1:172.21.15.120:6789/0] -- mon_getmap magic: 0 -- 0x7f331c07c860 con 0x7f331c07de20
2024-09-19T08:53:44.693 INFO:teuthology.orchestra.run.smithi120.stdout:/usr/bin/ceph: stderr
2024-09-19T08:53:43.681+0000 7f331b7fe640 1 --2- >> [v2:172.21.15.120:3300/0,v1:172.21.15.120:6789/0] conn(0x7f331c07de20 0x7f331c07c320 unknown :-1 s=BANNER_CONNECTING pgs=0 cs=0 l=0 rev1=0 crypto rx=0 tx=0 comp rx=0 tx=0)._handle_peer_banner_payload supported=3 required=0
2024-09-19T08:53:44.693 INFO:teuthology.orchestra.run.smithi120.stdout:/usr/bin/ceph: stderr
2024-09-19T08:53:43.681+0000 7f331b7fe640 1 --2- >> [v2:172.21.15.120:3300/0,v1:172.21.15.120:6789/0] conn(0x7f331c07de20 0x7f331c07c320 unknown :-1 s=HELLO_CONNECTING pgs=0 cs=0 l=0 rev1=1 crypto rx=0 tx=0 comp rx=0 tx=0).handle_hello peer v2:172.21.15.120:3300/0 says I am v2:172.21.15.120:33092/0 (socket says 172.21.15.120:33092)
2024-09-19T08:53:44.693 INFO:teuthology.orchestra.run.smithi120.stdout:/usr/bin/ceph: stderr
2024-09-19T08:53:43.681+0000 7f331b7fe640 1 -- 172.21.15.120:0/1761738579 learned_addr learned my addr 172.21.15.120:0/1761738579 (peer_addr_for_me v2:172.21.15.120:0/0)
2024-09-19T08:53:44.693 INFO:teuthology.orchestra.run.smithi120.stdout:/usr/bin/ceph: stderr
2024-09-19T08:53:43.682+0000 7f331b7fe640 1 -- 172.21.15.120:0/1761738579 --> [v2:172.21.15.120:3300/0,v1:172.21.15.120:6789/0] -- mon_subscribe({config=0+,monmap=0+}) -- 0x7f331c07c9e0 con 0x7f331c07de20
2024-09-19T08:53:44.693 INFO:teuthology.orchestra.run.smithi120.stdout:/usr/bin/ceph: stderr
2024-09-19T08:53:43.682+0000 7f331b7fe640 1 --2- 172.21.15.120:0/1761738579 >> [v2:172.21.15.120:3300/0,v1:172.21.15.120:6789/0] conn(0x7f331c07de20 0x7f331c07c320 secure :-1 s=READY pgs=51 cs=0 l=1 rev1=1 crypto rx=0x7f3310009820 tx=0x7f331002a270 comp rx=0 tx=0).ready entity=mon.0 client_cookie=bf87d7b9e0ab5b6b server_cookie=0 in_seq=0 out_seq=0
2024-09-19T08:53:44.693 INFO:teuthology.orchestra.run.smithi120.stdout:/usr/bin/ceph: stderr
2024-09-19T08:53:43.682+0000 7f331a7fc640 1 -- 172.21.15.120:0/1761738579 <== mon.0 v2:172.21.15.120:3300/0 1 ==== mon_map magic: 0 ==== 205+0+0 (secure 0 0 0) 0x7f3310037070 con 0x7f331c07de20
2024-09-19T08:53:44.694 INFO:teuthology.orchestra.run.smithi120.stdout:/usr/bin/ceph: stderr
2024-09-19T08:53:43.682+0000 7f331a7fc640 1 -- 172.21.15.120:0/1761738579 <== mon.0 v2:172.21.15.120:3300/0 2 ==== config(27 keys) ==== 1140+0+0 (secure 0 0 0) 0x7f3310032920 con 0x7f331c07de20
2024-09-19T08:53:44.694 INFO:teuthology.orchestra.run.smithi120.stdout:/usr/bin/ceph: stderr
2024-09-19T08:53:43.682+0000 7f331a7fc640 1 -- 172.21.15.120:0/1761738579 <== mon.0 v2:172.21.15.120:3300/0 3 ==== mon_map magic: 0 ==== 205+0+0 (secure 0 0 0) 0x7f3310030810 con 0x7f331c07de20
2024-09-19T08:53:44.694 INFO:teuthology.orchestra.run.smithi120.stdout:/usr/bin/ceph: stderr
2024-09-19T08:53:43.683+0000 7f3321ca4640 1 -- 172.21.15.120:0/1761738579 >> [v2:172.21.15.120:3300/0,v1:172.21.15.120:6789/0] conn(0x7f331c07de20 msgr2=0x7f331c07c320 secure :-1 s=STATE_CONNECTION_ESTABLISHED l=1).mark_down
2024-09-19T08:53:44.694 INFO:teuthology.orchestra.run.smithi120.stdout:/usr/bin/ceph: stderr
2024-09-19T08:53:43.683+0000 7f3321ca4640 1 --2- 172.21.15.120:0/1761738579 >> [v2:172.21.15.120:3300/0,v1:172.21.15.120:6789/0] conn(0x7f331c07de20 0x7f331c07c320 secure :-1 s=READY pgs=51 cs=0 l=1 rev1=1 crypto rx=0x7f3310009820 tx=0x7f331002a270 comp rx=0 tx=0).stop
2024-09-19T08:53:44.694 INFO:teuthology.orchestra.run.smithi120.stdout:/usr/bin/ceph: stderr
2024-09-19T08:53:43.683+0000 7f3321ca4640 1 -- 172.21.15.120:0/1761738579 shutdown_connections
2024-09-19T08:53:44.694 INFO:teuthology.orchestra.run.smithi120.stdout:/usr/bin/ceph: stderr
2024-09-19T08:53:43.683+0000 7f3321ca4640 1 --2- 172.21.15.120:0/1761738579 >> [v2:172.21.15.120:3300/0,v1:172.21.15.120:6789/0] conn(0x7f331c07de20 0x7f331c07c320 unknown :-1 s=CLOSED pgs=51 cs=0 l=1 rev1=1 crypto rx=0 tx=0 comp rx=0 tx=0).stop
2024-09-19T08:53:44.694 INFO:teuthology.orchestra.run.smithi120.stdout:/usr/bin/ceph: stderr
2024-09-19T08:53:43.683+0000 7f3321ca4640 1 -- 172.21.15.120:0/1761738579 >> 172.21.15.120:0/1761738579 conn(0x7f331c102eb0 msgr2=0x7f331c105310 unknown :-1 s=STATE_NONE l=0).mark_down
2024-09-19T08:53:44.694 INFO:teuthology.orchestra.run.smithi120.stdout:/usr/bin/ceph: stderr
2024-09-19T08:53:43.683+0000 7f3321ca4640 1 -- 172.21.15.120:0/1761738579 shutdown_connections
2024-09-19T08:53:44.694 INFO:teuthology.orchestra.run.smithi120.stdout:/usr/bin/ceph: stderr
2024-09-19T08:53:43.683+0000 7f3321ca4640 1 -- 172.21.15.120:0/1761738579 wait complete.
2024-09-19T08:53:44.694 INFO:teuthology.orchestra.run.smithi120.stdout:/usr/bin/ceph: stderr
2024-09-19T08:53:43.684+0000 7f3321ca4640 1 Processor -- start
2024-09-19T08:53:44.694 INFO:teuthology.orchestra.run.smithi120.stdout:/usr/bin/ceph: stderr
2024-09-19T08:53:43.684+0000 7f3321ca4640 1 -- start start
2024-09-19T08:53:44.694 INFO:teuthology.orchestra.run.smithi120.stdout:/usr/bin/ceph: stderr
2024-09-19T08:53:43.684+0000 7f3321ca4640 1 --2- >> [v2:172.21.15.120:3300/0,v1:172.21.15.120:6789/0] conn(0x7f331c07de20 0x7f331c19d8c0 unknown :-1 s=NONE pgs=0 cs=0 l=1 rev1=0 crypto rx=0 tx=0 comp rx=0 tx=0).connect
2024-09-19T08:53:44.694 INFO:teuthology.orchestra.run.smithi120.stdout:/usr/bin/ceph: stderr
2024-09-19T08:53:43.684+0000 7f3321ca4640 1 -- --> [v2:172.21.15.120:3300/0,v1:172.21.15.120:6789/0] -- mon_getmap magic: 0 -- 0x7f331c10dcc0 con 0x7f331c07de20
2024-09-19T08:53:44.695 INFO:teuthology.orchestra.run.smithi120.stdout:/usr/bin/ceph: stderr
2024-09-19T08:53:43.684+0000 7f331b7fe640 1 --2- >> [v2:172.21.15.120:3300/0,v1:172.21.15.120:6789/0] conn(0x7f331c07de20 0x7f331c19d8c0 unknown :-1 s=BANNER_CONNECTING pgs=0 cs=0 l=1 rev1=0 crypto rx=0 tx=0 comp rx=0 tx=0)._handle_peer_banner_payload supported=3 required=0
2024-09-19T08:53:44.695 INFO:teuthology.orchestra.run.smithi120.stdout:/usr/bin/ceph: stderr
2024-09-19T08:53:43.684+0000 7f331b7fe640 1 --2- >> [v2:172.21.15.120:3300/0,v1:172.21.15.120:6789/0] conn(0x7f331c07de20 0x7f331c19d8c0 unknown :-1 s=HELLO_CONNECTING pgs=0 cs=0 l=1 rev1=1 crypto rx=0 tx=0 comp rx=0 tx=0).handle_hello peer v2:172.21.15.120:3300/0 says I am v2:172.21.15.120:33102/0 (socket says 172.21.15.120:33102)
2024-09-19T08:53:44.695 INFO:teuthology.orchestra.run.smithi120.stdout:/usr/bin/ceph: stderr
2024-09-19T08:53:43.684+0000 7f331b7fe640 1 -- 172.21.15.120:0/2785407536 learned_addr learned my addr 172.21.15.120:0/2785407536 (peer_addr_for_me v2:172.21.15.120:0/0)
2024-09-19T08:53:44.695 INFO:teuthology.orchestra.run.smithi120.stdout:/usr/bin/ceph: stderr
2024-09-19T08:53:43.684+0000 7f331b7fe640 1 -- 172.21.15.120:0/2785407536 --> [v2:172.21.15.120:3300/0,v1:172.21.15.120:6789/0] -- mon_subscribe({config=0+,monmap=0+}) -- 0x7f331c19de00 con 0x7f331c07de20
2024-09-19T08:53:44.695 INFO:teuthology.orchestra.run.smithi120.stdout:/usr/bin/ceph: stderr
2024-09-19T08:53:43.684+0000 7f331b7fe640 1 --2- 172.21.15.120:0/2785407536 >> [v2:172.21.15.120:3300/0,v1:172.21.15.120:6789/0] conn(0x7f331c07de20 0x7f331c19d8c0 secure :-1 s=READY pgs=52 cs=0 l=1 rev1=1 crypto rx=0x7f3310030420 tx=0x7f3310032670 comp rx=0 tx=0).ready entity=mon.0 client_cookie=0 server_cookie=0 in_seq=0 out_seq=0
2024-09-19T08:53:44.695 INFO:teuthology.orchestra.run.smithi120.stdout:/usr/bin/ceph: stderr
2024-09-19T08:53:43.685+0000 7f3318ff9640 1 -- 172.21.15.120:0/2785407536 <== mon.0 v2:172.21.15.120:3300/0 1 ==== mon_map magic: 0 ==== 205+0+0 (secure 0 0 0) 0x7f3310037040 con 0x7f331c07de20
2024-09-19T08:53:44.695 INFO:teuthology.orchestra.run.smithi120.stdout:/usr/bin/ceph: stderr
2024-09-19T08:53:43.685+0000 7f3318ff9640 1 -- 172.21.15.120:0/2785407536 <== mon.0 v2:172.21.15.120:3300/0 2 ==== config(27 keys) ==== 1140+0+0 (secure 0 0 0) 0x7f3310040070 con 0x7f331c07de20
2024-09-19T08:53:44.695 INFO:teuthology.orchestra.run.smithi120.stdout:/usr/bin/ceph: stderr
2024-09-19T08:53:43.685+0000 7f3321ca4640 1 -- 172.21.15.120:0/2785407536 --> [v2:172.21.15.120:3300/0,v1:172.21.15.120:6789/0] -- mon_subscribe({mgrmap=0+}) -- 0x7f331c19e090 con 0x7f331c07de20
2024-09-19T08:53:44.695 INFO:teuthology.orchestra.run.smithi120.stdout:/usr/bin/ceph: stderr
2024-09-19T08:53:43.685+0000 7f3318ff9640 1 -- 172.21.15.120:0/2785407536 <== mon.0 v2:172.21.15.120:3300/0 3 ==== mon_map magic: 0 ==== 205+0+0 (secure 0 0 0) 0x7f331003a6e0 con 0x7f331c07de20
2024-09-19T08:53:44.695 INFO:teuthology.orchestra.run.smithi120.stdout:/usr/bin/ceph: stderr
2024-09-19T08:53:43.685+0000 7f3321ca4640 1 -- 172.21.15.120:0/2785407536 --> [v2:172.21.15.120:3300/0,v1:172.21.15.120:6789/0] -- mon_subscribe({osdmap=0}) -- 0x7f331c1a0d80 con 0x7f331c07de20
2024-09-19T08:53:44.696 INFO:teuthology.orchestra.run.smithi120.stdout:/usr/bin/ceph: stderr
2024-09-19T08:53:43.686+0000 7f3318ff9640 1 -- 172.21.15.120:0/2785407536 <== mon.0 v2:172.21.15.120:3300/0 4 ==== mgrmap(e 8) ==== 46461+0+0 (secure 0 0 0) 0x7f331003a990 con 0x7f331c07de20
2024-09-19T08:53:44.696 INFO:teuthology.orchestra.run.smithi120.stdout:/usr/bin/ceph: stderr
2024-09-19T08:53:43.686+0000 7f3318ff9640 1 --2- 172.21.15.120:0/2785407536 >> [v2:172.21.15.120:6800/3562882246,v1:172.21.15.120:6801/3562882246] conn(0x7f3304039200 0x7f330403b6c0 unknown :-1 s=NONE pgs=0 cs=0 l=1 rev1=0 crypto rx=0 tx=0 comp rx=0 tx=0).connect
2024-09-19T08:53:44.696 INFO:teuthology.orchestra.run.smithi120.stdout:/usr/bin/ceph: stderr
2024-09-19T08:53:43.686+0000 7f3318ff9640 1 -- 172.21.15.120:0/2785407536 <== mon.0 v2:172.21.15.120:3300/0 5 ==== osd_map(2..2 src has 1..2) ==== 940+0+0 (secure 0 0 0) 0x7f331006d870 con 0x7f331c07de20
2024-09-19T08:53:44.696 INFO:teuthology.orchestra.run.smithi120.stdout:/usr/bin/ceph: stderr
2024-09-19T08:53:43.686+0000 7f331affd640 1 --2- 172.21.15.120:0/2785407536 >> [v2:172.21.15.120:6800/3562882246,v1:172.21.15.120:6801/3562882246] conn(0x7f3304039200 0x7f330403b6c0 unknown :-1 s=BANNER_CONNECTING pgs=0 cs=0 l=1 rev1=0 crypto rx=0 tx=0 comp rx=0 tx=0)._handle_peer_banner_payload supported=3 required=0
2024-09-19T08:53:44.696 INFO:teuthology.orchestra.run.smithi120.stdout:/usr/bin/ceph: stderr
2024-09-19T08:53:43.686+0000 7f3321ca4640 1 -- 172.21.15.120:0/2785407536 --> [v2:172.21.15.120:3300/0,v1:172.21.15.120:6789/0] -- mon_command({"prefix": "get_command_descriptions"} v 0) -- 0x7f331c07c3a0 con 0x7f331c07de20
2024-09-19T08:53:44.696 INFO:teuthology.orchestra.run.smithi120.stdout:/usr/bin/ceph: stderr
2024-09-19T08:53:43.686+0000 7f331affd640 1 --2- 172.21.15.120:0/2785407536 >> [v2:172.21.15.120:6800/3562882246,v1:172.21.15.120:6801/3562882246] conn(0x7f3304039200 0x7f330403b6c0 secure :-1 s=READY pgs=15 cs=0 l=1 rev1=1 crypto rx=0x7f330c0098c0 tx=0x7f330c006db0 comp rx=0 tx=0).ready entity=mgr.14118 client_cookie=0 server_cookie=0 in_seq=0 out_seq=0
2024-09-19T08:53:44.697 INFO:teuthology.orchestra.run.smithi120.stdout:/usr/bin/ceph: stderr
2024-09-19T08:53:43.691+0000 7f3318ff9640 1 -- 172.21.15.120:0/2785407536 <== mon.0 v2:172.21.15.120:3300/0 6 ==== mon_command_ack([{"prefix": "get_command_descriptions"}]=0 v0) ==== 72+0+188913 (secure 0 0 0) 0x7f3310044c70 con 0x7f331c07de20
2024-09-19T08:53:44.697 INFO:teuthology.orchestra.run.smithi120.stdout:/usr/bin/ceph: stderr
2024-09-19T08:53:43.874+0000 7f3321ca4640 1 -- 172.21.15.120:0/2785407536 --> [v2:172.21.15.120:3300/0,v1:172.21.15.120:6789/0] -- mon_command([{prefix=config set, name=mgr/dashboard/ssl_server_port}] v 0) -- 0x7f331c1a0f50 con 0x7f331c07de20
2024-09-19T08:53:44.697 INFO:teuthology.orchestra.run.smithi120.stdout:/usr/bin/ceph: stderr
2024-09-19T08:53:43.876+0000 7f3318ff9640 1 -- 172.21.15.120:0/2785407536 <== mon.0 v2:172.21.15.120:3300/0 7 ==== mon_command_ack([{prefix=config set, name=mgr/dashboard/ssl_server_port}]=0 v8)=0 v8) ==== 130+0+0 (secure 0 0 0) 0x7f3310042e30 con 0x7f331c07de20
2024-09-19T08:53:44.697 INFO:teuthology.orchestra.run.smithi120.stdout:/usr/bin/ceph: stderr
2024-09-19T08:53:43.879+0000 7f3321ca4640 1 -- 172.21.15.120:0/2785407536 >> [v2:172.21.15.120:6800/3562882246,v1:172.21.15.120:6801/3562882246] conn(0x7f3304039200 msgr2=0x7f330403b6c0 secure :-1 s=STATE_CONNECTION_ESTABLISHED l=1).mark_down
2024-09-19T08:53:44.697 INFO:teuthology.orchestra.run.smithi120.stdout:/usr/bin/ceph: stderr
2024-09-19T08:53:43.879+0000 7f3321ca4640 1 --2- 172.21.15.120:0/2785407536 >> [v2:172.21.15.120:6800/3562882246,v1:172.21.15.120:6801/3562882246] conn(0x7f3304039200 0x7f330403b6c0 secure :-1 s=READY pgs=15 cs=0 l=1 rev1=1 crypto rx=0x7f330c0098c0 tx=0x7f330c006db0 comp rx=0 tx=0).stop
2024-09-19T08:53:44.697 INFO:teuthology.orchestra.run.smithi120.stdout:/usr/bin/ceph: stderr
2024-09-19T08:53:43.879+0000 7f3321ca4640 1 -- 172.21.15.120:0/2785407536 >> [v2:172.21.15.120:3300/0,v1:172.21.15.120:6789/0] conn(0x7f331c07de20 msgr2=0x7f331c19d8c0 secure :-1 s=STATE_CONNECTION_ESTABLISHED l=1).mark_down
2024-09-19T08:53:44.697 INFO:teuthology.orchestra.run.smithi120.stdout:/usr/bin/ceph: stderr
2024-09-19T08:53:43.879+0000 7f3321ca4640 1 --2- 172.21.15.120:0/2785407536 >> [v2:172.21.15.120:3300/0,v1:172.21.15.120:6789/0] conn(0x7f331c07de20 0x7f331c19d8c0 secure :-1 s=READY pgs=52 cs=0 l=1 rev1=1 crypto rx=0x7f3310030420 tx=0x7f3310032670 comp rx=0 tx=0).stop
2024-09-19T08:53:44.697 INFO:teuthology.orchestra.run.smithi120.stdout:/usr/bin/ceph: stderr
2024-09-19T08:53:43.879+0000 7f3321ca4640 1 -- 172.21.15.120:0/2785407536 shutdown_connections
2024-09-19T08:53:44.697 INFO:teuthology.orchestra.run.smithi120.stdout:/usr/bin/ceph: stderr
2024-09-19T08:53:43.879+0000 7f3321ca4640 1 --2- 172.21.15.120:0/2785407536 >> [v2:172.21.15.120:6800/3562882246,v1:172.21.15.120:6801/3562882246] conn(0x7f3304039200 0x7f330403b6c0 unknown :-1 s=CLOSED pgs=15 cs=0 l=1 rev1=1 crypto rx=0 tx=0 comp rx=0 tx=0).stop
2024-09-19T08:53:44.697 INFO:teuthology.orchestra.run.smithi120.stdout:/usr/bin/ceph: stderr
2024-09-19T08:53:43.879+0000 7f3321ca4640 1 --2- 172.21.15.120:0/2785407536 >> [v2:172.21.15.120:3300/0,v1:172.21.15.120:6789/0] conn(0x7f331c07de20 0x7f331c19d8c0 unknown :-1 s=CLOSED pgs=52 cs=0 l=1 rev1=1 crypto rx=0 tx=0 comp rx=0 tx=0).stop
2024-09-19T08:53:44.697 INFO:teuthology.orchestra.run.smithi120.stdout:/usr/bin/ceph: stderr
2024-09-19T08:53:43.879+0000 7f3321ca4640 1 -- 172.21.15.120:0/2785407536 >> 172.21.15.120:0/2785407536 conn(0x7f331c102eb0 msgr2=0x7f331c103ad0 unknown :-1 s=STATE_NONE l=0).mark_down
2024-09-19T08:53:44.697 INFO:teuthology.orchestra.run.smithi120.stdout:/usr/bin/ceph: stderr
2024-09-19T08:53:43.879+0000 7f3321ca4640 1 -- 172.21.15.120:0/2785407536 shutdown_connections
2024-09-19T08:53:44.697 INFO:teuthology.orchestra.run.smithi120.stdout:/usr/bin/ceph: stderr
2024-09-19T08:53:43.879+0000 7f3321ca4640 1 -- 172.21.15.120:0/2785407536 wait complete.
2024-09-19T08:53:44.697 INFO:teuthology.orchestra.run.smithi120.stdout:Enabling the dashboard module...
2024-09-19T08:53:45.074 INFO:journalctl@ceph.mon.a.smithi120.stdout:Sep 19 08:53:44 smithi120 ceph-mon[31150]: from='client.? 172.21.15.120:0/2785407536' entity='client.admin'
2024-09-19T08:53:46.284 INFO:journalctl@ceph.mon.a.smithi120.stdout:Sep 19 08:53:46 smithi120 ceph-mon[31150]: from='mgr.14118 172.21.15.120:0/3236336334' entity='mgr.x'
2024-09-19T08:53:46.284 INFO:journalctl@ceph.mon.a.smithi120.stdout:Sep 19 08:53:46 smithi120 ceph-mon[31150]: from='mgr.14118 172.21.15.120:0/3236336334' entity='mgr.x'
2024-09-19T08:53:46.284 INFO:journalctl@ceph.mon.a.smithi120.stdout:Sep 19 08:53:46 smithi120 ceph-mon[31150]: from='client.? 172.21.15.120:0/1128643399' entity='client.admin' cmd=[{"prefix": "mgr module enable", "module": "dashboard"}]: dispatch
2024-09-19T08:53:47.062 INFO:journalctl@ceph.mgr.x.smithi120.stdout:Sep 19 08:53:46 smithi120 ceph-507393d2-7664-11ef-bceb-c7b262605968-mgr-x[31375]: ignoring --setuser ceph since I am not root
2024-09-19T08:53:47.062 INFO:journalctl@ceph.mgr.x.smithi120.stdout:Sep 19 08:53:46 smithi120 ceph-507393d2-7664-11ef-bceb-c7b262605968-mgr-x[31375]: ignoring --setgroup ceph since I am not root
2024-09-19T08:53:47.062 INFO:journalctl@ceph.mgr.x.smithi120.stdout:Sep 19 08:53:46 smithi120 ceph-507393d2-7664-11ef-bceb-c7b262605968-mgr-x[31375]:
2024-09-19T08:53:46.855+0000 7f69d9c63040 -1 mgr[py] Module osd_perf_query has missing NOTIFY_TYPES member
2024-09-19T08:53:47.062 INFO:journalctl@ceph.mgr.x.smithi120.stdout:Sep 19 08:53:46 smithi120 ceph-507393d2-7664-11ef-bceb-c7b262605968-mgr-x[31375]:
2024-09-19T08:53:46.911+0000 7f69d9c63040 -1 mgr[py] Module osd_support has missing NOTIFY_TYPES member
2024-09-19T08:53:47.062 INFO:journalctl@ceph.mgr.x.smithi120.stdout:Sep 19 08:53:47 smithi120 ceph-507393d2-7664-11ef-bceb-c7b262605968-mgr-x[31375]:
2024-09-19T08:53:47.061+0000 7f69d9c63040 -1 mgr[py] Module diskprediction_local has missing NOTIFY_TYPES member
2024-09-19T08:53:47.324 INFO:journalctl@ceph.mgr.x.smithi120.stdout:Sep 19 08:53:47 smithi120 ceph-507393d2-7664-11ef-bceb-c7b262605968-mgr-x[31375]:
2024-09-19T08:53:47.128+0000 7f69d9c63040 -1 mgr[py] Module crash has missing NOTIFY_TYPES member
2024-09-19T08:53:47.324 INFO:journalctl@ceph.mgr.x.smithi120.stdout:Sep 19 08:53:47 smithi120 ceph-507393d2-7664-11ef-bceb-c7b262605968-mgr-x[31375]:
2024-09-19T08:53:47.276+0000 7f69d9c63040 -1 mgr[py] Module test_orchestrator has missing NOTIFY_TYPES member
2024-09-19T08:53:47.423 INFO:teuthology.orchestra.run.smithi120.stdout:/usr/bin/ceph: stderr
2024-09-19T08:53:45.485+0000 7f22309b2640 1 Processor -- start
2024-09-19T08:53:47.423 INFO:teuthology.orchestra.run.smithi120.stdout:/usr/bin/ceph: stderr
2024-09-19T08:53:45.485+0000 7f22309b2640 1 -- start start
2024-09-19T08:53:47.423 INFO:teuthology.orchestra.run.smithi120.stdout:/usr/bin/ceph: stderr
2024-09-19T08:53:45.485+0000 7f22309b2640 1 --2- >> [v2:172.21.15.120:3300/0,v1:172.21.15.120:6789/0] conn(0x7f222c108c40 0x7f222c109040 unknown :-1 s=NONE pgs=0 cs=0 l=0 rev1=0 crypto rx=0 tx=0 comp rx=0 tx=0).connect
2024-09-19T08:53:47.423 INFO:teuthology.orchestra.run.smithi120.stdout:/usr/bin/ceph: stderr
2024-09-19T08:53:45.485+0000 7f22309b2640 1 -- --> [v2:172.21.15.120:3300/0,v1:172.21.15.120:6789/0] -- mon_getmap magic: 0 -- 0x7f222c109610 con 0x7f222c108c40
2024-09-19T08:53:47.423 INFO:teuthology.orchestra.run.smithi120.stdout:/usr/bin/ceph: stderr
2024-09-19T08:53:45.486+0000 7f222a59c640 1 --2- >> [v2:172.21.15.120:3300/0,v1:172.21.15.120:6789/0] conn(0x7f222c108c40 0x7f222c109040 unknown :-1 s=BANNER_CONNECTING pgs=0 cs=0 l=0 rev1=0 crypto rx=0 tx=0 comp rx=0 tx=0)._handle_peer_banner_payload supported=3 required=0
2024-09-19T08:53:47.423 INFO:teuthology.orchestra.run.smithi120.stdout:/usr/bin/ceph: stderr
2024-09-19T08:53:45.486+0000 7f222a59c640 1 --2- >> [v2:172.21.15.120:3300/0,v1:172.21.15.120:6789/0] conn(0x7f222c108c40 0x7f222c109040 unknown :-1 s=HELLO_CONNECTING pgs=0 cs=0 l=0 rev1=1 crypto rx=0 tx=0 comp rx=0 tx=0).handle_hello peer v2:172.21.15.120:3300/0 says I am v2:172.21.15.120:33114/0 (socket says 172.21.15.120:33114)
2024-09-19T08:53:47.423 INFO:teuthology.orchestra.run.smithi120.stdout:/usr/bin/ceph: stderr
2024-09-19T08:53:45.486+0000 7f222a59c640 1 -- 172.21.15.120:0/2300542303 learned_addr learned my addr 172.21.15.120:0/2300542303 (peer_addr_for_me v2:172.21.15.120:0/0)
2024-09-19T08:53:47.423 INFO:teuthology.orchestra.run.smithi120.stdout:/usr/bin/ceph: stderr
2024-09-19T08:53:45.486+0000 7f222a59c640 1 -- 172.21.15.120:0/2300542303 --> [v2:172.21.15.120:3300/0,v1:172.21.15.120:6789/0] -- mon_subscribe({config=0+,monmap=0+}) -- 0x7f222c109790 con 0x7f222c108c40
2024-09-19T08:53:47.423 INFO:teuthology.orchestra.run.smithi120.stdout:/usr/bin/ceph: stderr
2024-09-19T08:53:45.487+0000 7f222a59c640 1 --2- 172.21.15.120:0/2300542303 >> [v2:172.21.15.120:3300/0,v1:172.21.15.120:6789/0] conn(0x7f222c108c40 0x7f222c109040 secure :-1 s=READY pgs=53 cs=0 l=1 rev1=1 crypto rx=0x7f221c009820 tx=0x7f221c02a270 comp rx=0 tx=0).ready entity=mon.0 client_cookie=5096b5ea6aa8ee8c server_cookie=0 in_seq=0 out_seq=0
2024-09-19T08:53:47.423 INFO:teuthology.orchestra.run.smithi120.stdout:/usr/bin/ceph: stderr
2024-09-19T08:53:45.487+0000 7f2229d9b640 1 -- 172.21.15.120:0/2300542303 <== mon.0 v2:172.21.15.120:3300/0 1 ==== mon_map magic: 0 ==== 205+0+0 (secure 0 0 0) 0x7f221c037070 con 0x7f222c108c40
2024-09-19T08:53:47.423 INFO:teuthology.orchestra.run.smithi120.stdout:/usr/bin/ceph: stderr
2024-09-19T08:53:45.487+0000 7f2229d9b640 1 -- 172.21.15.120:0/2300542303 <== mon.0 v2:172.21.15.120:3300/0 2 ==== config(27 keys) ==== 1140+0+0 (secure 0 0 0) 0x7f221c032920 con 0x7f222c108c40
2024-09-19T08:53:47.423 INFO:teuthology.orchestra.run.smithi120.stdout:/usr/bin/ceph: stderr
2024-09-19T08:53:45.487+0000 7f2229d9b640 1 -- 172.21.15.120:0/2300542303 <== mon.0 v2:172.21.15.120:3300/0 3 ==== mon_map magic: 0 ==== 205+0+0 (secure 0 0 0) 0x7f221c030810 con 0x7f222c108c40
2024-09-19T08:53:47.424 INFO:teuthology.orchestra.run.smithi120.stdout:/usr/bin/ceph: stderr
2024-09-19T08:53:45.488+0000 7f22309b2640 1 -- 172.21.15.120:0/2300542303 >> [v2:172.21.15.120:3300/0,v1:172.21.15.120:6789/0] conn(0x7f222c108c40 msgr2=0x7f222c109040 secure :-1 s=STATE_CONNECTION_ESTABLISHED l=1).mark_down
2024-09-19T08:53:47.424 INFO:teuthology.orchestra.run.smithi120.stdout:/usr/bin/ceph: stderr
2024-09-19T08:53:45.488+0000 7f22309b2640 1 --2- 172.21.15.120:0/2300542303 >> [v2:172.21.15.120:3300/0,v1:172.21.15.120:6789/0] conn(0x7f222c108c40 0x7f222c109040 secure :-1 s=READY pgs=53 cs=0 l=1 rev1=1 crypto rx=0x7f221c009820 tx=0x7f221c02a270 comp rx=0 tx=0).stop
2024-09-19T08:53:47.424 INFO:teuthology.orchestra.run.smithi120.stdout:/usr/bin/ceph: stderr
2024-09-19T08:53:45.488+0000 7f22309b2640 1 -- 172.21.15.120:0/2300542303 shutdown_connections
2024-09-19T08:53:47.424 INFO:teuthology.orchestra.run.smithi120.stdout:/usr/bin/ceph: stderr
2024-09-19T08:53:45.488+0000 7f22309b2640 1 --2- 172.21.15.120:0/2300542303 >> [v2:172.21.15.120:3300/0,v1:172.21.15.120:6789/0] conn(0x7f222c108c40 0x7f222c109040 unknown :-1 s=CLOSED pgs=53 cs=0 l=1 rev1=1 crypto rx=0 tx=0 comp rx=0 tx=0).stop
2024-09-19T08:53:47.424 INFO:teuthology.orchestra.run.smithi120.stdout:/usr/bin/ceph: stderr
2024-09-19T08:53:45.488+0000 7f22309b2640 1 -- 172.21.15.120:0/2300542303 >> 172.21.15.120:0/2300542303 conn(0x7f222c101510 msgr2=0x7f222c103930 unknown :-1 s=STATE_NONE l=0).mark_down
2024-09-19T08:53:47.424 INFO:teuthology.orchestra.run.smithi120.stdout:/usr/bin/ceph: stderr
2024-09-19T08:53:45.488+0000 7f22309b2640 1 -- 172.21.15.120:0/2300542303 shutdown_connections
2024-09-19T08:53:47.424 INFO:teuthology.orchestra.run.smithi120.stdout:/usr/bin/ceph: stderr
2024-09-19T08:53:45.488+0000 7f22309b2640 1 -- 172.21.15.120:0/2300542303 wait complete.
2024-09-19T08:53:47.424 INFO:teuthology.orchestra.run.smithi120.stdout:/usr/bin/ceph: stderr
2024-09-19T08:53:45.489+0000 7f22309b2640 1 Processor -- start
2024-09-19T08:53:47.424 INFO:teuthology.orchestra.run.smithi120.stdout:/usr/bin/ceph: stderr
2024-09-19T08:53:45.489+0000 7f22309b2640 1 -- start start
2024-09-19T08:53:47.424 INFO:teuthology.orchestra.run.smithi120.stdout:/usr/bin/ceph: stderr
2024-09-19T08:53:45.489+0000 7f22309b2640 1 --2- >> [v2:172.21.15.120:3300/0,v1:172.21.15.120:6789/0] conn(0x7f222c108c40 0x7f222c199460 unknown :-1 s=NONE pgs=0 cs=0 l=1 rev1=0 crypto rx=0 tx=0 comp rx=0 tx=0).connect
2024-09-19T08:53:47.424 INFO:teuthology.orchestra.run.smithi120.stdout:/usr/bin/ceph: stderr
2024-09-19T08:53:45.489+0000 7f22309b2640 1 -- --> [v2:172.21.15.120:3300/0,v1:172.21.15.120:6789/0] -- mon_getmap magic: 0 -- 0x7f222c1067d0 con 0x7f222c108c40
2024-09-19T08:53:47.424 INFO:teuthology.orchestra.run.smithi120.stdout:/usr/bin/ceph: stderr
2024-09-19T08:53:45.489+0000 7f222a59c640 1 --2- >> [v2:172.21.15.120:3300/0,v1:172.21.15.120:6789/0] conn(0x7f222c108c40 0x7f222c199460 unknown :-1 s=BANNER_CONNECTING pgs=0 cs=0 l=1 rev1=0 crypto rx=0 tx=0 comp rx=0 tx=0)._handle_peer_banner_payload supported=3 required=0
2024-09-19T08:53:47.424 INFO:teuthology.orchestra.run.smithi120.stdout:/usr/bin/ceph: stderr
2024-09-19T08:53:45.489+0000 7f222a59c640 1 --2- >> [v2:172.21.15.120:3300/0,v1:172.21.15.120:6789/0] conn(0x7f222c108c40 0x7f222c199460 unknown :-1 s=HELLO_CONNECTING pgs=0 cs=0 l=1 rev1=1 crypto rx=0 tx=0 comp rx=0 tx=0).handle_hello peer v2:172.21.15.120:3300/0 says I am v2:172.21.15.120:33118/0 (socket says 172.21.15.120:33118)
2024-09-19T08:53:47.424 INFO:teuthology.orchestra.run.smithi120.stdout:/usr/bin/ceph: stderr
2024-09-19T08:53:45.489+0000 7f222a59c640 1 -- 172.21.15.120:0/1128643399 learned_addr learned my addr 172.21.15.120:0/1128643399 (peer_addr_for_me v2:172.21.15.120:0/0)
2024-09-19T08:53:47.425 INFO:teuthology.orchestra.run.smithi120.stdout:/usr/bin/ceph: stderr
2024-09-19T08:53:45.490+0000 7f222a59c640 1 -- 172.21.15.120:0/1128643399 --> [v2:172.21.15.120:3300/0,v1:172.21.15.120:6789/0] -- mon_subscribe({config=0+,monmap=0+}) -- 0x7f222c1999a0 con 0x7f222c108c40
2024-09-19T08:53:47.425 INFO:teuthology.orchestra.run.smithi120.stdout:/usr/bin/ceph: stderr
2024-09-19T08:53:45.490+0000 7f222a59c640 1 --2- 172.21.15.120:0/1128643399 >> [v2:172.21.15.120:3300/0,v1:172.21.15.120:6789/0] conn(0x7f222c108c40 0x7f222c199460 secure :-1 s=READY pgs=54 cs=0 l=1 rev1=1 crypto rx=0x7f221c030560 tx=0x7f221c032670 comp rx=0 tx=0).ready entity=mon.0 client_cookie=0 server_cookie=0 in_seq=0 out_seq=0
2024-09-19T08:53:47.425 INFO:teuthology.orchestra.run.smithi120.stdout:/usr/bin/ceph: stderr
2024-09-19T08:53:45.490+0000 7f22237fe640 1 -- 172.21.15.120:0/1128643399 <== mon.0 v2:172.21.15.120:3300/0 1 ==== mon_map magic: 0 ==== 205+0+0 (secure 0 0 0) 0x7f221c037040 con 0x7f222c108c40
2024-09-19T08:53:47.425 INFO:teuthology.orchestra.run.smithi120.stdout:/usr/bin/ceph: stderr
2024-09-19T08:53:45.490+0000 7f22237fe640 1 -- 172.21.15.120:0/1128643399 <== mon.0 v2:172.21.15.120:3300/0 2 ==== config(27 keys) ==== 1140+0+0 (secure 0 0 0) 0x7f221c040070 con 0x7f222c108c40
2024-09-19T08:53:47.425 INFO:teuthology.orchestra.run.smithi120.stdout:/usr/bin/ceph: stderr
2024-09-19T08:53:45.490+0000 7f22237fe640 1 -- 172.21.15.120:0/1128643399 <== mon.0 v2:172.21.15.120:3300/0 3 ==== mon_map magic: 0 ==== 205+0+0 (secure 0 0 0) 0x7f221c03a740 con 0x7f222c108c40
2024-09-19T08:53:47.425 INFO:teuthology.orchestra.run.smithi120.stdout:/usr/bin/ceph: stderr
2024-09-19T08:53:45.491+0000 7f22309b2640 1 -- 172.21.15.120:0/1128643399 --> [v2:172.21.15.120:3300/0,v1:172.21.15.120:6789/0] -- mon_subscribe({mgrmap=0+}) -- 0x7f222c199c30 con 0x7f222c108c40
2024-09-19T08:53:47.425 INFO:teuthology.orchestra.run.smithi120.stdout:/usr/bin/ceph: stderr
2024-09-19T08:53:45.491+0000 7f22309b2640 1 -- 172.21.15.120:0/1128643399 --> [v2:172.21.15.120:3300/0,v1:172.21.15.120:6789/0] -- mon_subscribe({osdmap=0}) -- 0x7f222c19c920 con 0x7f222c108c40
2024-09-19T08:53:47.425 INFO:teuthology.orchestra.run.smithi120.stdout:/usr/bin/ceph: stderr
2024-09-19T08:53:45.492+0000 7f22237fe640 1 -- 172.21.15.120:0/1128643399 <== mon.0 v2:172.21.15.120:3300/0 4 ==== mgrmap(e 8) ==== 46461+0+0 (secure 0 0 0) 0x7f221c03bb90 con 0x7f222c108c40
2024-09-19T08:53:47.425 INFO:teuthology.orchestra.run.smithi120.stdout:/usr/bin/ceph: stderr
2024-09-19T08:53:45.492+0000 7f22309b2640 1 -- 172.21.15.120:0/1128643399 --> [v2:172.21.15.120:3300/0,v1:172.21.15.120:6789/0] -- mon_command({"prefix": "get_command_descriptions"} v 0) -- 0x7f222c109040 con 0x7f222c108c40
2024-09-19T08:53:47.425 INFO:teuthology.orchestra.run.smithi120.stdout:/usr/bin/ceph: stderr
2024-09-19T08:53:45.492+0000 7f22237fe640 1 --2- 172.21.15.120:0/1128643399 >> [v2:172.21.15.120:6800/3562882246,v1:172.21.15.120:6801/3562882246] conn(0x7f221803d660 0x7f221803fb20 unknown :-1 s=NONE pgs=0 cs=0 l=1 rev1=0 crypto rx=0 tx=0 comp rx=0 tx=0).connect
2024-09-19T08:53:47.425 INFO:teuthology.orchestra.run.smithi120.stdout:/usr/bin/ceph: stderr
2024-09-19T08:53:45.492+0000 7f22237fe640 1 -- 172.21.15.120:0/1128643399 <== mon.0 v2:172.21.15.120:3300/0 5 ==== osd_map(2..2 src has 1..2) ==== 940+0+0 (secure 0 0 0) 0x7f221c06bd60 con 0x7f222c108c40
2024-09-19T08:53:47.425 INFO:teuthology.orchestra.run.smithi120.stdout:/usr/bin/ceph: stderr
2024-09-19T08:53:45.493+0000 7f2223fff640 1 --2- 172.21.15.120:0/1128643399 >> [v2:172.21.15.120:6800/3562882246,v1:172.21.15.120:6801/3562882246] conn(0x7f221803d660 0x7f221803fb20 unknown :-1 s=BANNER_CONNECTING pgs=0 cs=0 l=1 rev1=0 crypto rx=0 tx=0 comp rx=0 tx=0)._handle_peer_banner_payload supported=3 required=0
2024-09-19T08:53:47.425 INFO:teuthology.orchestra.run.smithi120.stdout:/usr/bin/ceph: stderr
2024-09-19T08:53:45.493+0000 7f2223fff640 1 --2- 172.21.15.120:0/1128643399 >> [v2:172.21.15.120:6800/3562882246,v1:172.21.15.120:6801/3562882246] conn(0x7f221803d660 0x7f221803fb20 secure :-1 s=READY pgs=16 cs=0 l=1 rev1=1 crypto rx=0x7f22140098c0 tx=0x7f2214006db0 comp rx=0 tx=0).ready entity=mgr.14118 client_cookie=0 server_cookie=0 in_seq=0 out_seq=0
2024-09-19T08:53:47.426 INFO:teuthology.orchestra.run.smithi120.stdout:/usr/bin/ceph: stderr
2024-09-19T08:53:45.497+0000 7f22237fe640 1 -- 172.21.15.120:0/1128643399 <== mon.0 v2:172.21.15.120:3300/0 6 ==== mon_command_ack([{"prefix": "get_command_descriptions"}]=0 v0) ==== 72+0+188913 (secure 0 0 0) 0x7f221c03b940 con 0x7f222c108c40
2024-09-19T08:53:47.426 INFO:teuthology.orchestra.run.smithi120.stdout:/usr/bin/ceph: stderr
2024-09-19T08:53:45.731+0000 7f22309b2640 1 -- 172.21.15.120:0/1128643399 --> [v2:172.21.15.120:3300/0,v1:172.21.15.120:6789/0] -- mon_command({"prefix": "mgr module enable", "module": "dashboard"} v 0) -- 0x7f222c02d9a0 con 0x7f222c108c40
2024-09-19T08:53:47.426 INFO:teuthology.orchestra.run.smithi120.stdout:/usr/bin/ceph: stderr
2024-09-19T08:53:46.702+0000 7f22237fe640 1 -- 172.21.15.120:0/1128643399 <== mon.0 v2:172.21.15.120:3300/0 7 ==== mon_command_ack([{"prefix": "mgr module enable", "module": "dashboard"}]=0 v9) ==== 88+0+0 (secure 0 0 0) 0x7f221c0328f0 con 0x7f222c108c40
2024-09-19T08:53:47.426 INFO:teuthology.orchestra.run.smithi120.stdout:/usr/bin/ceph: stderr
2024-09-19T08:53:46.704+0000 7f22237fe640 1 -- 172.21.15.120:0/1128643399 <== mon.0 v2:172.21.15.120:3300/0 8 ==== mgrmap(e 9) ==== 46474+0+0 (secure 0 0 0) 0x7f221c03b420 con 0x7f222c108c40
2024-09-19T08:53:47.426 INFO:teuthology.orchestra.run.smithi120.stdout:/usr/bin/ceph: stderr
2024-09-19T08:53:46.705+0000 7f22309b2640 1 -- 172.21.15.120:0/1128643399 >> [v2:172.21.15.120:6800/3562882246,v1:172.21.15.120:6801/3562882246] conn(0x7f221803d660 msgr2=0x7f221803fb20 secure :-1 s=STATE_CONNECTION_ESTABLISHED l=1).mark_down
2024-09-19T08:53:47.426 INFO:teuthology.orchestra.run.smithi120.stdout:/usr/bin/ceph: stderr
2024-09-19T08:53:46.705+0000 7f22309b2640 1 --2- 172.21.15.120:0/1128643399 >> [v2:172.21.15.120:6800/3562882246,v1:172.21.15.120:6801/3562882246] conn(0x7f221803d660 0x7f221803fb20 secure :-1 s=READY pgs=16 cs=0 l=1 rev1=1 crypto rx=0x7f22140098c0 tx=0x7f2214006db0 comp rx=0 tx=0).stop
2024-09-19T08:53:47.426 INFO:teuthology.orchestra.run.smithi120.stdout:/usr/bin/ceph: stderr
2024-09-19T08:53:46.705+0000 7f22309b2640 1 -- 172.21.15.120:0/1128643399 >> [v2:172.21.15.120:3300/0,v1:172.21.15.120:6789/0] conn(0x7f222c108c40 msgr2=0x7f222c199460 secure :-1 s=STATE_CONNECTION_ESTABLISHED l=1).mark_down
2024-09-19T08:53:47.426 INFO:teuthology.orchestra.run.smithi120.stdout:/usr/bin/ceph: stderr
2024-09-19T08:53:46.705+0000 7f22309b2640 1 --2- 172.21.15.120:0/1128643399 >> [v2:172.21.15.120:3300/0,v1:172.21.15.120:6789/0] conn(0x7f222c108c40 0x7f222c199460 secure :-1 s=READY pgs=54 cs=0 l=1 rev1=1 crypto rx=0x7f221c030560 tx=0x7f221c032670 comp rx=0 tx=0).stop
2024-09-19T08:53:47.426 INFO:teuthology.orchestra.run.smithi120.stdout:/usr/bin/ceph: stderr
2024-09-19T08:53:46.705+0000 7f22309b2640 1 -- 172.21.15.120:0/1128643399 shutdown_connections
2024-09-19T08:53:47.426 INFO:teuthology.orchestra.run.smithi120.stdout:/usr/bin/ceph: stderr
2024-09-19T08:53:46.705+0000 7f22309b2640 1 --2- 172.21.15.120:0/1128643399 >> [v2:172.21.15.120:6800/3562882246,v1:172.21.15.120:6801/3562882246] conn(0x7f221803d660 0x7f221803fb20 unknown :-1 s=CLOSED pgs=16 cs=0 l=1 rev1=1 crypto rx=0 tx=0 comp rx=0 tx=0).stop
2024-09-19T08:53:47.426 INFO:teuthology.orchestra.run.smithi120.stdout:/usr/bin/ceph: stderr
2024-09-19T08:53:46.705+0000 7f22309b2640 1 --2- 172.21.15.120:0/1128643399 >> [v2:172.21.15.120:3300/0,v1:172.21.15.120:6789/0] conn(0x7f222c108c40 0x7f222c199460 unknown :-1 s=CLOSED pgs=54 cs=0 l=1 rev1=1 crypto rx=0 tx=0 comp rx=0 tx=0).stop
2024-09-19T08:53:47.426 INFO:teuthology.orchestra.run.smithi120.stdout:/usr/bin/ceph: stderr
2024-09-19T08:53:46.705+0000 7f22309b2640 1 -- 172.21.15.120:0/1128643399 >> 172.21.15.120:0/1128643399 conn(0x7f222c101510 msgr2=0x7f222c103850 unknown :-1 s=STATE_NONE l=0).mark_down
2024-09-19T08:53:47.426 INFO:teuthology.orchestra.run.smithi120.stdout:/usr/bin/ceph: stderr
2024-09-19T08:53:46.705+0000 7f22309b2640 1 -- 172.21.15.120:0/1128643399 shutdown_connections
2024-09-19T08:53:47.426 INFO:teuthology.orchestra.run.smithi120.stdout:/usr/bin/ceph: stderr
2024-09-19T08:53:46.706+0000 7f22309b2640 1 -- 172.21.15.120:0/1128643399 wait complete.
2024-09-19T08:53:47.668 INFO:journalctl@ceph.mgr.x.smithi120.stdout:Sep 19 08:53:47 smithi120 ceph-507393d2-7664-11ef-bceb-c7b262605968-mgr-x[31375]:
2024-09-19T08:53:47.416+0000 7f69d9c63040 -1 mgr[py] Module snap_schedule has missing NOTIFY_TYPES member
2024-09-19T08:53:47.995 INFO:journalctl@ceph.mon.a.smithi120.stdout:Sep 19 08:53:47 smithi120 ceph-mon[31150]: from='client.? 172.21.15.120:0/1128643399' entity='client.admin' cmd='[{"prefix": "mgr module enable", "module": "dashboard"}]': finished
2024-09-19T08:53:47.995 INFO:journalctl@ceph.mon.a.smithi120.stdout:Sep 19 08:53:47 smithi120 ceph-mon[31150]: mgrmap e9: x(active, since 18s)
2024-09-19T08:53:47.995 INFO:journalctl@ceph.mgr.x.smithi120.stdout:Sep 19 08:53:47 smithi120 ceph-507393d2-7664-11ef-bceb-c7b262605968-mgr-x[31375]:
2024-09-19T08:53:47.740+0000 7f69d9c63040 -1 mgr[py] Module prometheus has missing NOTIFY_TYPES member
2024-09-19T08:53:47.995 INFO:journalctl@ceph.mgr.x.smithi120.stdout:Sep 19 08:53:47 smithi120 ceph-507393d2-7664-11ef-bceb-c7b262605968-mgr-x[31375]:
2024-09-19T08:53:47.804+0000 7f69d9c63040 -1 mgr[py] Module selftest has missing NOTIFY_TYPES member
2024-09-19T08:53:47.995 INFO:journalctl@ceph.mgr.x.smithi120.stdout:Sep 19 08:53:47 smithi120 ceph-507393d2-7664-11ef-bceb-c7b262605968-mgr-x[31375]:
2024-09-19T08:53:47.995+0000 7f69d9c63040 -1 mgr[py] Module volumes has missing NOTIFY_TYPES member
2024-09-19T08:53:48.891 INFO:teuthology.orchestra.run.smithi120.stdout:/usr/bin/ceph: stdout {
2024-09-19T08:53:48.891 INFO:teuthology.orchestra.run.smithi120.stdout:/usr/bin/ceph: stdout "epoch": 9,
2024-09-19T08:53:48.891 INFO:teuthology.orchestra.run.smithi120.stdout:/usr/bin/ceph: stdout "available": true,
2024-09-19T08:53:48.892 INFO:teuthology.orchestra.run.smithi120.stdout:/usr/bin/ceph: stdout "active_name": "x",
2024-09-19T08:53:48.892 INFO:teuthology.orchestra.run.smithi120.stdout:/usr/bin/ceph: stdout "num_standby": 0
2024-09-19T08:53:48.892 INFO:teuthology.orchestra.run.smithi120.stdout:/usr/bin/ceph: stdout }
2024-09-19T08:53:48.892 INFO:teuthology.orchestra.run.smithi120.stdout:/usr/bin/ceph: stderr
2024-09-19T08:53:47.838+0000 7fdf9b3de640 1 Processor -- start
2024-09-19T08:53:48.892 INFO:teuthology.orchestra.run.smithi120.stdout:/usr/bin/ceph: stderr
2024-09-19T08:53:47.839+0000 7fdf9b3de640 1 -- start start
2024-09-19T08:53:48.892 INFO:teuthology.orchestra.run.smithi120.stdout:/usr/bin/ceph: stderr
2024-09-19T08:53:47.839+0000 7fdf9b3de640 1 --2- >> [v2:172.21.15.120:3300/0,v1:172.21.15.120:6789/0] conn(0x7fdf94107740 0x7fdf94107b40 unknown :-1 s=NONE pgs=0 cs=0 l=0 rev1=0 crypto rx=0 tx=0 comp rx=0 tx=0).connect
2024-09-19T08:53:48.892 INFO:teuthology.orchestra.run.smithi120.stdout:/usr/bin/ceph: stderr
2024-09-19T08:53:47.839+0000 7fdf9b3de640 1 -- --> [v2:172.21.15.120:3300/0,v1:172.21.15.120:6789/0] -- mon_getmap magic: 0 -- 0x7fdf94108110 con 0x7fdf94107740
2024-09-19T08:53:48.892 INFO:teuthology.orchestra.run.smithi120.stdout:/usr/bin/ceph: stderr
2024-09-19T08:53:47.839+0000 7fdf9917a640 1 --2- >> [v2:172.21.15.120:3300/0,v1:172.21.15.120:6789/0] conn(0x7fdf94107740 0x7fdf94107b40 unknown :-1 s=BANNER_CONNECTING pgs=0 cs=0 l=0 rev1=0 crypto rx=0 tx=0 comp rx=0 tx=0)._handle_peer_banner_payload supported=3 required=0
2024-09-19T08:53:48.892 INFO:teuthology.orchestra.run.smithi120.stdout:/usr/bin/ceph: stderr
2024-09-19T08:53:47.839+0000 7fdf9917a640 1 --2- >> [v2:172.21.15.120:3300/0,v1:172.21.15.120:6789/0] conn(0x7fdf94107740 0x7fdf94107b40 unknown :-1 s=HELLO_CONNECTING pgs=0 cs=0 l=0 rev1=1 crypto rx=0 tx=0 comp rx=0 tx=0).handle_hello peer v2:172.21.15.120:3300/0 says I am v2:172.21.15.120:33154/0 (socket says 172.21.15.120:33154)
2024-09-19T08:53:48.892 INFO:teuthology.orchestra.run.smithi120.stdout:/usr/bin/ceph: stderr
2024-09-19T08:53:47.839+0000 7fdf9917a640 1 -- 172.21.15.120:0/810739447 learned_addr learned my addr 172.21.15.120:0/810739447 (peer_addr_for_me v2:172.21.15.120:0/0)
2024-09-19T08:53:48.892 INFO:teuthology.orchestra.run.smithi120.stdout:/usr/bin/ceph: stderr
2024-09-19T08:53:47.840+0000 7fdf9917a640 1 -- 172.21.15.120:0/810739447 --> [v2:172.21.15.120:3300/0,v1:172.21.15.120:6789/0] -- mon_subscribe({config=0+,monmap=0+}) -- 0x7fdf941088a0 con 0x7fdf94107740
2024-09-19T08:53:48.892 INFO:teuthology.orchestra.run.smithi120.stdout:/usr/bin/ceph: stderr
2024-09-19T08:53:47.840+0000 7fdf9917a640 1 --2- 172.21.15.120:0/810739447 >> [v2:172.21.15.120:3300/0,v1:172.21.15.120:6789/0] conn(0x7fdf94107740 0x7fdf94107b40 secure :-1 s=READY pgs=57 cs=0 l=1 rev1=1 crypto rx=0x7fdf90009820 tx=0x7fdf9002a270 comp rx=0 tx=0).ready entity=mon.0 client_cookie=c03933efd61fe764 server_cookie=0 in_seq=0 out_seq=0
2024-09-19T08:53:48.892 INFO:teuthology.orchestra.run.smithi120.stdout:/usr/bin/ceph: stderr
2024-09-19T08:53:47.840+0000 7fdf8bfff640 1 -- 172.21.15.120:0/810739447 <== mon.0 v2:172.21.15.120:3300/0 1 ==== mon_map magic: 0 ==== 205+0+0 (secure 0 0 0) 0x7fdf90037070 con 0x7fdf94107740
2024-09-19T08:53:48.892 INFO:teuthology.orchestra.run.smithi120.stdout:/usr/bin/ceph: stderr
2024-09-19T08:53:47.840+0000 7fdf8bfff640 1 -- 172.21.15.120:0/810739447 <== mon.0 v2:172.21.15.120:3300/0 2 ==== config(27 keys) ==== 1140+0+0 (secure 0 0 0) 0x7fdf90032920 con 0x7fdf94107740
2024-09-19T08:53:48.893 INFO:teuthology.orchestra.run.smithi120.stdout:/usr/bin/ceph: stderr
2024-09-19T08:53:47.840+0000 7fdf8bfff640 1 -- 172.21.15.120:0/810739447 <== mon.0 v2:172.21.15.120:3300/0 3 ==== mon_map magic: 0 ==== 205+0+0 (secure 0 0 0) 0x7fdf90030810 con 0x7fdf94107740
2024-09-19T08:53:48.893 INFO:teuthology.orchestra.run.smithi120.stdout:/usr/bin/ceph: stderr
2024-09-19T08:53:47.841+0000 7fdf9b3de640 1 -- 172.21.15.120:0/810739447 >> [v2:172.21.15.120:3300/0,v1:172.21.15.120:6789/0] conn(0x7fdf94107740 msgr2=0x7fdf94107b40 secure :-1 s=STATE_CONNECTION_ESTABLISHED l=1).mark_down
2024-09-19T08:53:48.893 INFO:teuthology.orchestra.run.smithi120.stdout:/usr/bin/ceph: stderr
2024-09-19T08:53:47.841+0000 7fdf9b3de640 1 --2- 172.21.15.120:0/810739447 >> [v2:172.21.15.120:3300/0,v1:172.21.15.120:6789/0] conn(0x7fdf94107740 0x7fdf94107b40 secure :-1 s=READY pgs=57 cs=0 l=1 rev1=1 crypto rx=0x7fdf90009820 tx=0x7fdf9002a270 comp rx=0 tx=0).stop
2024-09-19T08:53:48.893 INFO:teuthology.orchestra.run.smithi120.stdout:/usr/bin/ceph: stderr
2024-09-19T08:53:47.841+0000 7fdf9b3de640 1 -- 172.21.15.120:0/810739447 shutdown_connections
2024-09-19T08:53:48.893 INFO:teuthology.orchestra.run.smithi120.stdout:/usr/bin/ceph: stderr
2024-09-19T08:53:47.841+0000 7fdf9b3de640 1 --2- 172.21.15.120:0/810739447 >> [v2:172.21.15.120:3300/0,v1:172.21.15.120:6789/0] conn(0x7fdf94107740 0x7fdf94107b40 unknown :-1 s=CLOSED pgs=57 cs=0 l=1 rev1=1 crypto rx=0 tx=0 comp rx=0 tx=0).stop
2024-09-19T08:53:48.893 INFO:teuthology.orchestra.run.smithi120.stdout:/usr/bin/ceph: stderr
2024-09-19T08:53:47.841+0000 7fdf9b3de640 1 -- 172.21.15.120:0/810739447 >> 172.21.15.120:0/810739447 conn(0x7fdf94102eb0 msgr2=0x7fdf94105310 unknown :-1 s=STATE_NONE l=0).mark_down
2024-09-19T08:53:48.893 INFO:teuthology.orchestra.run.smithi120.stdout:/usr/bin/ceph: stderr
2024-09-19T08:53:47.841+0000 7fdf9b3de640 1 -- 172.21.15.120:0/810739447 shutdown_connections
2024-09-19T08:53:48.893 INFO:teuthology.orchestra.run.smithi120.stdout:/usr/bin/ceph: stderr
2024-09-19T08:53:47.841+0000 7fdf9b3de640 1 -- 172.21.15.120:0/810739447 wait complete.
2024-09-19T08:53:48.893 INFO:teuthology.orchestra.run.smithi120.stdout:/usr/bin/ceph: stderr
2024-09-19T08:53:47.842+0000 7fdf9b3de640 1 Processor -- start
2024-09-19T08:53:48.893 INFO:teuthology.orchestra.run.smithi120.stdout:/usr/bin/ceph: stderr
2024-09-19T08:53:47.842+0000 7fdf9b3de640 1 -- start start
2024-09-19T08:53:48.893 INFO:teuthology.orchestra.run.smithi120.stdout:/usr/bin/ceph: stderr
2024-09-19T08:53:47.842+0000 7fdf9b3de640 1 --2- >> [v2:172.21.15.120:3300/0,v1:172.21.15.120:6789/0] conn(0x7fdf94107740 0x7fdf9419b6c0 unknown :-1 s=NONE pgs=0 cs=0 l=1 rev1=0 crypto rx=0 tx=0 comp rx=0 tx=0).connect
2024-09-19T08:53:48.893 INFO:teuthology.orchestra.run.smithi120.stdout:/usr/bin/ceph: stderr
2024-09-19T08:53:47.842+0000 7fdf9b3de640 1 -- --> [v2:172.21.15.120:3300/0,v1:172.21.15.120:6789/0] -- mon_getmap magic: 0 -- 0x7fdf9410bc50 con 0x7fdf94107740
2024-09-19T08:53:48.894 INFO:teuthology.orchestra.run.smithi120.stdout:/usr/bin/ceph: stderr
2024-09-19T08:53:47.842+0000 7fdf9917a640 1 --2- >> [v2:172.21.15.120:3300/0,v1:172.21.15.120:6789/0] conn(0x7fdf94107740 0x7fdf9419b6c0 unknown :-1 s=BANNER_CONNECTING pgs=0 cs=0 l=1 rev1=0 crypto rx=0 tx=0 comp rx=0 tx=0)._handle_peer_banner_payload supported=3 required=0
2024-09-19T08:53:48.894 INFO:teuthology.orchestra.run.smithi120.stdout:/usr/bin/ceph: stderr
2024-09-19T08:53:47.842+0000 7fdf9917a640 1 --2- >> [v2:172.21.15.120:3300/0,v1:172.21.15.120:6789/0] conn(0x7fdf94107740 0x7fdf9419b6c0 unknown :-1 s=HELLO_CONNECTING pgs=0 cs=0 l=1 rev1=1 crypto rx=0 tx=0 comp rx=0 tx=0).handle_hello peer v2:172.21.15.120:3300/0 says I am v2:172.21.15.120:33160/0 (socket says 172.21.15.120:33160)
2024-09-19T08:53:48.894 INFO:teuthology.orchestra.run.smithi120.stdout:/usr/bin/ceph: stderr
2024-09-19T08:53:47.842+0000 7fdf9917a640 1 -- 172.21.15.120:0/3243999200 learned_addr learned my addr 172.21.15.120:0/3243999200 (peer_addr_for_me v2:172.21.15.120:0/0)
2024-09-19T08:53:48.894 INFO:teuthology.orchestra.run.smithi120.stdout:/usr/bin/ceph: stderr
2024-09-19T08:53:47.842+0000 7fdf9917a640 1 -- 172.21.15.120:0/3243999200 --> [v2:172.21.15.120:3300/0,v1:172.21.15.120:6789/0] -- mon_subscribe({config=0+,monmap=0+}) -- 0x7fdf9419bc00 con 0x7fdf94107740
2024-09-19T08:53:48.894 INFO:teuthology.orchestra.run.smithi120.stdout:/usr/bin/ceph: stderr
2024-09-19T08:53:47.842+0000 7fdf9917a640 1 --2- 172.21.15.120:0/3243999200 >> [v2:172.21.15.120:3300/0,v1:172.21.15.120:6789/0] conn(0x7fdf94107740 0x7fdf9419b6c0 secure :-1 s=READY pgs=58 cs=0 l=1 rev1=1 crypto rx=0x7fdf900097f0 tx=0x7fdf900327b0 comp rx=0 tx=0).ready entity=mon.0 client_cookie=0 server_cookie=0 in_seq=0 out_seq=0
2024-09-19T08:53:48.894 INFO:teuthology.orchestra.run.smithi120.stdout:/usr/bin/ceph: stderr
2024-09-19T08:53:47.843+0000 7fdf8a7fc640 1 -- 172.21.15.120:0/3243999200 <== mon.0 v2:172.21.15.120:3300/0 1 ==== mon_map magic: 0 ==== 205+0+0 (secure 0 0 0) 0x7fdf90037040 con 0x7fdf94107740
2024-09-19T08:53:48.894 INFO:teuthology.orchestra.run.smithi120.stdout:/usr/bin/ceph: stderr
2024-09-19T08:53:47.843+0000 7fdf8a7fc640 1 -- 172.21.15.120:0/3243999200 <== mon.0 v2:172.21.15.120:3300/0 2 ==== config(27 keys) ==== 1140+0+0 (secure 0 0 0) 0x7fdf90030c40 con 0x7fdf94107740
2024-09-19T08:53:48.894 INFO:teuthology.orchestra.run.smithi120.stdout:/usr/bin/ceph: stderr
2024-09-19T08:53:47.843+0000 7fdf9b3de640 1 -- 172.21.15.120:0/3243999200 --> [v2:172.21.15.120:3300/0,v1:172.21.15.120:6789/0] -- mon_subscribe({mgrmap=0+}) -- 0x7fdf9419be90 con 0x7fdf94107740
2024-09-19T08:53:48.894 INFO:teuthology.orchestra.run.smithi120.stdout:/usr/bin/ceph: stderr
2024-09-19T08:53:47.843+0000 7fdf8a7fc640 1 -- 172.21.15.120:0/3243999200 <== mon.0 v2:172.21.15.120:3300/0 3 ==== mon_map magic: 0 ==== 205+0+0 (secure 0 0 0) 0x7fdf9003a5b0 con 0x7fdf94107740
2024-09-19T08:53:48.894 INFO:teuthology.orchestra.run.smithi120.stdout:/usr/bin/ceph: stderr
2024-09-19T08:53:47.843+0000 7fdf9b3de640 1 -- 172.21.15.120:0/3243999200 --> [v2:172.21.15.120:3300/0,v1:172.21.15.120:6789/0] -- mon_subscribe({osdmap=0}) -- 0x7fdf9419eb80 con 0x7fdf94107740
2024-09-19T08:53:48.894 INFO:teuthology.orchestra.run.smithi120.stdout:/usr/bin/ceph: stderr
2024-09-19T08:53:47.844+0000 7fdf8a7fc640 1 -- 172.21.15.120:0/3243999200 <== mon.0 v2:172.21.15.120:3300/0 4 ==== mgrmap(e 9) ==== 46474+0+0 (secure 0 0 0) 0x7fdf9003b3f0 con 0x7fdf94107740
2024-09-19T08:53:48.895 INFO:teuthology.orchestra.run.smithi120.stdout:/usr/bin/ceph: stderr
2024-09-19T08:53:47.844+0000 7fdf9b3de640 1 -- 172.21.15.120:0/3243999200 --> [v2:172.21.15.120:3300/0,v1:172.21.15.120:6789/0] -- mon_command({"prefix": "get_command_descriptions"} v 0) -- 0x7fdf94107bc0 con 0x7fdf94107740
2024-09-19T08:53:48.895 INFO:teuthology.orchestra.run.smithi120.stdout:/usr/bin/ceph: stderr
2024-09-19T08:53:47.844+0000 7fdf8a7fc640 1 --2- 172.21.15.120:0/3243999200 >> [v2:172.21.15.120:6800/3562882246,v1:172.21.15.120:6801/3562882246] conn(0x7fdf80039260 0x7fdf8003b720 unknown :-1 s=NONE pgs=0 cs=0 l=1 rev1=0 crypto rx=0 tx=0 comp rx=0 tx=0).connect
2024-09-19T08:53:48.895 INFO:teuthology.orchestra.run.smithi120.stdout:/usr/bin/ceph: stderr
2024-09-19T08:53:47.844+0000 7fdf98979640 1 -- 172.21.15.120:0/3243999200 >> [v2:172.21.15.120:6800/3562882246,v1:172.21.15.120:6801/3562882246] conn(0x7fdf80039260 msgr2=0x7fdf8003b720 unknown :-1 s=STATE_CONNECTING_RE l=1).process reconnect failed to v2:172.21.15.120:6800/3562882246
2024-09-19T08:53:48.895 INFO:teuthology.orchestra.run.smithi120.stdout:/usr/bin/ceph: stderr
2024-09-19T08:53:47.844+0000 7fdf8a7fc640 1 -- 172.21.15.120:0/3243999200 <== mon.0 v2:172.21.15.120:3300/0 5 ==== osd_map(2..2 src has 1..2) ==== 940+0+0 (secure 0 0 0) 0x7fdf9006c6d0 con 0x7fdf94107740
2024-09-19T08:53:48.895 INFO:teuthology.orchestra.run.smithi120.stdout:/usr/bin/ceph: stderr
2024-09-19T08:53:47.844+0000 7fdf98979640 1 --2- 172.21.15.120:0/3243999200 >> [v2:172.21.15.120:6800/3562882246,v1:172.21.15.120:6801/3562882246] conn(0x7fdf80039260 0x7fdf8003b720 unknown :-1 s=START_CONNECT pgs=0 cs=0 l=1 rev1=0 crypto rx=0 tx=0 comp rx=0 tx=0)._fault waiting 0.200000
2024-09-19T08:53:48.895 INFO:teuthology.orchestra.run.smithi120.stdout:/usr/bin/ceph: stderr
2024-09-19T08:53:47.849+0000 7fdf8a7fc640 1 -- 172.21.15.120:0/3243999200 <== mon.0 v2:172.21.15.120:3300/0 6 ==== mon_command_ack([{"prefix": "get_command_descriptions"}]=0 v0) ==== 72+0+188913 (secure 0 0 0) 0x7fdf90044dc0 con 0x7fdf94107740
2024-09-19T08:53:48.895 INFO:teuthology.orchestra.run.smithi120.stdout:/usr/bin/ceph: stderr
2024-09-19T08:53:48.045+0000 7fdf98979640 1 -- 172.21.15.120:0/3243999200 >> [v2:172.21.15.120:6800/3562882246,v1:172.21.15.120:6801/3562882246] conn(0x7fdf80039260 msgr2=0x7fdf8003b720 unknown :-1 s=STATE_CONNECTING_RE l=1).process reconnect failed to v2:172.21.15.120:6800/3562882246
2024-09-19T08:53:48.895 INFO:teuthology.orchestra.run.smithi120.stdout:/usr/bin/ceph: stderr
2024-09-19T08:53:48.045+0000 7fdf98979640 1 --2- 172.21.15.120:0/3243999200 >> [v2:172.21.15.120:6800/3562882246,v1:172.21.15.120:6801/3562882246] conn(0x7fdf80039260 0x7fdf8003b720 unknown :-1 s=START_CONNECT pgs=0 cs=0 l=1 rev1=0 crypto rx=0 tx=0 comp rx=0 tx=0)._fault waiting 0.400000
2024-09-19T08:53:48.895 INFO:teuthology.orchestra.run.smithi120.stdout:/usr/bin/ceph: stderr
2024-09-19T08:53:48.067+0000 7fdf9b3de640 1 -- 172.21.15.120:0/3243999200 --> [v2:172.21.15.120:3300/0,v1:172.21.15.120:6789/0] -- mon_command({"prefix": "mgr stat"} v 0) -- 0x7fdf9419f170 con 0x7fdf94107740
2024-09-19T08:53:48.895 INFO:teuthology.orchestra.run.smithi120.stdout:/usr/bin/ceph: stderr
2024-09-19T08:53:48.067+0000 7fdf8a7fc640 1 -- 172.21.15.120:0/3243999200 <== mon.0 v2:172.21.15.120:3300/0 7 ==== mon_command_ack([{"prefix": "mgr stat"}]=0 v9) ==== 56+0+88 (secure 0 0 0) 0x7fdf900313a0 con 0x7fdf94107740
2024-09-19T08:53:48.895 INFO:teuthology.orchestra.run.smithi120.stdout:/usr/bin/ceph: stderr
2024-09-19T08:53:48.069+0000 7fdf9b3de640 1 -- 172.21.15.120:0/3243999200 >> [v2:172.21.15.120:6800/3562882246,v1:172.21.15.120:6801/3562882246] conn(0x7fdf80039260 msgr2=0x7fdf8003b720 unknown :-1 s=STATE_CONNECTING l=1).mark_down
2024-09-19T08:53:48.895 INFO:teuthology.orchestra.run.smithi120.stdout:/usr/bin/ceph: stderr
