2024-09-19T08:53:03.829+0000 7f0c1a7fc640 1 -- 172.21.15.83:0/300451699 <== mon.0 v2:172.21.15.83:3300/0 3 ==== mon_map magic: 0 ==== 205+0+0 (secure 0 0 0) 0x7f0c20037040 con 0x7f0c24108020
2024-09-19T08:53:04.666 INFO:teuthology.orchestra.run.smithi083.stdout:/usr/bin/ceph: stderr
2024-09-19T08:53:03.829+0000 7f0c2b8ab640 1 -- 172.21.15.83:0/300451699 --> [v2:172.21.15.83:3300/0,v1:172.21.15.83:6789/0] -- mon_subscribe({osdmap=0}) -- 0x7f0c2419e9b0 con 0x7f0c24108020
2024-09-19T08:53:04.666 INFO:teuthology.orchestra.run.smithi083.stdout:/usr/bin/ceph: stderr
2024-09-19T08:53:03.830+0000 7f0c1a7fc640 1 -- 172.21.15.83:0/300451699 <== mon.0 v2:172.21.15.83:3300/0 4 ==== mgrmap(e 3) ==== 46344+0+0 (secure 0 0 0) 0x7f0c20045070 con 0x7f0c24108020
2024-09-19T08:53:04.666 INFO:teuthology.orchestra.run.smithi083.stdout:/usr/bin/ceph: stderr
2024-09-19T08:53:03.830+0000 7f0c2b8ab640 1 -- 172.21.15.83:0/300451699 --> [v2:172.21.15.83:3300/0,v1:172.21.15.83:6789/0] -- mon_command({"prefix": "get_command_descriptions"} v 0) -- 0x7f0c24108480 con 0x7f0c24108020
2024-09-19T08:53:04.666 INFO:teuthology.orchestra.run.smithi083.stdout:/usr/bin/ceph: stderr
2024-09-19T08:53:03.830+0000 7f0c1a7fc640 1 --2- 172.21.15.83:0/300451699 >> [v2:172.21.15.83:6800/3693558817,v1:172.21.15.83:6801/3693558817] conn(0x7f0c100390a0 0x7f0c1003b560 unknown :-1 s=NONE pgs=0 cs=0 l=1 rev1=0 crypto rx=0 tx=0 comp rx=0 tx=0).connect
2024-09-19T08:53:04.667 INFO:teuthology.orchestra.run.smithi083.stdout:/usr/bin/ceph: stderr
2024-09-19T08:53:03.830+0000 7f0c1a7fc640 1 -- 172.21.15.83:0/300451699 <== mon.0 v2:172.21.15.83:3300/0 5 ==== osd_map(1..1 src has 1..1) ==== 725+0+0 (secure 0 0 0) 0x7f0c2006c000 con 0x7f0c24108020
2024-09-19T08:53:04.667 INFO:teuthology.orchestra.run.smithi083.stdout:/usr/bin/ceph: stderr
2024-09-19T08:53:03.830+0000 7f0c28e46640 1 --2- 172.21.15.83:0/300451699 >> [v2:172.21.15.83:6800/3693558817,v1:172.21.15.83:6801/3693558817] conn(0x7f0c100390a0 0x7f0c1003b560 unknown :-1 s=BANNER_CONNECTING pgs=0 cs=0 l=1 rev1=0 crypto rx=0 tx=0 comp rx=0 tx=0)._handle_peer_banner_payload supported=3 required=0
2024-09-19T08:53:04.667 INFO:teuthology.orchestra.run.smithi083.stdout:/usr/bin/ceph: stderr
2024-09-19T08:53:03.831+0000 7f0c28e46640 1 --2- 172.21.15.83:0/300451699 >> [v2:172.21.15.83:6800/3693558817,v1:172.21.15.83:6801/3693558817] conn(0x7f0c100390a0 0x7f0c1003b560 secure :-1 s=READY pgs=6 cs=0 l=1 rev1=1 crypto rx=0x7f0c140098c0 tx=0x7f0c14006db0 comp rx=0 tx=0).ready entity=mgr.14100 client_cookie=0 server_cookie=0 in_seq=0 out_seq=0
2024-09-19T08:53:04.667 INFO:teuthology.orchestra.run.smithi083.stdout:/usr/bin/ceph: stderr
2024-09-19T08:53:03.835+0000 7f0c1a7fc640 1 -- 172.21.15.83:0/300451699 <== mon.0 v2:172.21.15.83:3300/0 6 ==== mon_command_ack([{"prefix": "get_command_descriptions"}]=0 v0) ==== 72+0+188913 (secure 0 0 0) 0x7f0c20045360 con 0x7f0c24108020
2024-09-19T08:53:04.667 INFO:teuthology.orchestra.run.smithi083.stdout:/usr/bin/ceph: stderr
2024-09-19T08:53:03.886+0000 7f0c1a7fc640 1 -- 172.21.15.83:0/300451699 <== mon.0 v2:172.21.15.83:3300/0 7 ==== mgrmap(e 4) ==== 46450+0+0 (secure 0 0 0) 0x7f0c2003cac0 con 0x7f0c24108020
2024-09-19T08:53:04.667 INFO:teuthology.orchestra.run.smithi083.stdout:/usr/bin/ceph: stderr
2024-09-19T08:53:04.067+0000 7f0c2b8ab640 1 -- 172.21.15.83:0/300451699 --> [v2:172.21.15.83:3300/0,v1:172.21.15.83:6789/0] -- mon_command({"prefix": "status", "format": "json-pretty"} v 0) -- 0x7f0c2419ef90 con 0x7f0c24108020
2024-09-19T08:53:04.667 INFO:teuthology.orchestra.run.smithi083.stdout:/usr/bin/ceph: stderr
2024-09-19T08:53:04.068+0000 7f0c1a7fc640 1 -- 172.21.15.83:0/300451699 <== mon.0 v2:172.21.15.83:3300/0 8 ==== mon_command_ack([{"prefix": "status", "format": "json-pretty"}]=0 v0) ==== 79+0+1290 (secure 0 0 0) 0x7f0c200392e0 con 0x7f0c24108020
2024-09-19T08:53:04.667 INFO:teuthology.orchestra.run.smithi083.stdout:/usr/bin/ceph: stderr
2024-09-19T08:53:04.070+0000 7f0c2b8ab640 1 -- 172.21.15.83:0/300451699 >> [v2:172.21.15.83:6800/3693558817,v1:172.21.15.83:6801/3693558817] conn(0x7f0c100390a0 msgr2=0x7f0c1003b560 secure :-1 s=STATE_CONNECTION_ESTABLISHED l=1).mark_down
2024-09-19T08:53:04.667 INFO:teuthology.orchestra.run.smithi083.stdout:/usr/bin/ceph: stderr
2024-09-19T08:53:04.070+0000 7f0c2b8ab640 1 --2- 172.21.15.83:0/300451699 >> [v2:172.21.15.83:6800/3693558817,v1:172.21.15.83:6801/3693558817] conn(0x7f0c100390a0 0x7f0c1003b560 secure :-1 s=READY pgs=6 cs=0 l=1 rev1=1 crypto rx=0x7f0c140098c0 tx=0x7f0c14006db0 comp rx=0 tx=0).stop
2024-09-19T08:53:04.667 INFO:teuthology.orchestra.run.smithi083.stdout:/usr/bin/ceph: stderr
2024-09-19T08:53:04.070+0000 7f0c2b8ab640 1 -- 172.21.15.83:0/300451699 >> [v2:172.21.15.83:3300/0,v1:172.21.15.83:6789/0] conn(0x7f0c24108020 msgr2=0x7f0c2419b4f0 secure :-1 s=STATE_CONNECTION_ESTABLISHED l=1).mark_down
2024-09-19T08:53:04.667 INFO:teuthology.orchestra.run.smithi083.stdout:/usr/bin/ceph: stderr
2024-09-19T08:53:04.070+0000 7f0c2b8ab640 1 --2- 172.21.15.83:0/300451699 >> [v2:172.21.15.83:3300/0,v1:172.21.15.83:6789/0] conn(0x7f0c24108020 0x7f0c2419b4f0 secure :-1 s=READY pgs=17 cs=0 l=1 rev1=1 crypto rx=0x7f0c20032e10 tx=0x7f0c20032e40 comp rx=0 tx=0).stop
2024-09-19T08:53:04.667 INFO:teuthology.orchestra.run.smithi083.stdout:/usr/bin/ceph: stderr
2024-09-19T08:53:04.070+0000 7f0c2b8ab640 1 -- 172.21.15.83:0/300451699 shutdown_connections
2024-09-19T08:53:04.667 INFO:teuthology.orchestra.run.smithi083.stdout:/usr/bin/ceph: stderr
2024-09-19T08:53:04.070+0000 7f0c2b8ab640 1 --2- 172.21.15.83:0/300451699 >> [v2:172.21.15.83:6800/3693558817,v1:172.21.15.83:6801/3693558817] conn(0x7f0c100390a0 0x7f0c1003b560 unknown :-1 s=CLOSED pgs=6 cs=0 l=1 rev1=1 crypto rx=0 tx=0 comp rx=0 tx=0).stop
2024-09-19T08:53:04.668 INFO:teuthology.orchestra.run.smithi083.stdout:/usr/bin/ceph: stderr
2024-09-19T08:53:04.070+0000 7f0c2b8ab640 1 --2- 172.21.15.83:0/300451699 >> [v2:172.21.15.83:3300/0,v1:172.21.15.83:6789/0] conn(0x7f0c24108020 0x7f0c2419b4f0 unknown :-1 s=CLOSED pgs=17 cs=0 l=1 rev1=1 crypto rx=0 tx=0 comp rx=0 tx=0).stop
2024-09-19T08:53:04.668 INFO:teuthology.orchestra.run.smithi083.stdout:/usr/bin/ceph: stderr
2024-09-19T08:53:04.070+0000 7f0c2b8ab640 1 -- 172.21.15.83:0/300451699 >> 172.21.15.83:0/300451699 conn(0x7f0c24101c60 msgr2=0x7f0c241027f0 unknown :-1 s=STATE_NONE l=0).mark_down
2024-09-19T08:53:04.668 INFO:teuthology.orchestra.run.smithi083.stdout:/usr/bin/ceph: stderr
2024-09-19T08:53:04.070+0000 7f0c2b8ab640 1 -- 172.21.15.83:0/300451699 shutdown_connections
2024-09-19T08:53:04.668 INFO:teuthology.orchestra.run.smithi083.stdout:/usr/bin/ceph: stderr
2024-09-19T08:53:04.070+0000 7f0c2b8ab640 1 -- 172.21.15.83:0/300451699 wait complete.
2024-09-19T08:53:04.668 INFO:teuthology.orchestra.run.smithi083.stdout:mgr is available
2024-09-19T08:53:05.211 INFO:journalctl@ceph.mon.a.smithi083.stdout:Sep 19 08:53:04 smithi083 ceph-mon[30926]: mgrmap e4: x(active, since 2s)
2024-09-19T08:53:05.211 INFO:journalctl@ceph.mon.a.smithi083.stdout:Sep 19 08:53:04 smithi083 ceph-mon[30926]: from='client.? 172.21.15.83:0/300451699' entity='client.admin' cmd=[{"prefix": "status", "format": "json-pretty"}]: dispatch
2024-09-19T08:53:06.211 INFO:journalctl@ceph.mon.a.smithi083.stdout:Sep 19 08:53:05 smithi083 ceph-mon[30926]: from='client.? 172.21.15.83:0/4008499415' entity='client.admin' cmd=[{"prefix": "config assimilate-conf"}]: dispatch
2024-09-19T08:53:11.226 INFO:teuthology.orchestra.run.smithi083.stdout:/usr/bin/ceph: stdout
2024-09-19T08:53:11.226 INFO:teuthology.orchestra.run.smithi083.stdout:/usr/bin/ceph: stdout [global]
2024-09-19T08:53:11.226 INFO:teuthology.orchestra.run.smithi083.stdout:/usr/bin/ceph: stdout fsid = 68681c4c-7664-11ef-bceb-c7b262605968
2024-09-19T08:53:11.226 INFO:teuthology.orchestra.run.smithi083.stdout:/usr/bin/ceph: stdout mon_host = [v2:172.21.15.83:3300,v1:172.21.15.83:6789]
2024-09-19T08:53:11.227 INFO:teuthology.orchestra.run.smithi083.stdout:/usr/bin/ceph: stdout mon_osd_allow_pg_remap = true
2024-09-19T08:53:11.227 INFO:teuthology.orchestra.run.smithi083.stdout:/usr/bin/ceph: stdout mon_osd_allow_primary_affinity = true
2024-09-19T08:53:11.227 INFO:teuthology.orchestra.run.smithi083.stdout:/usr/bin/ceph: stdout mon_warn_on_no_sortbitwise = false
2024-09-19T08:53:11.227 INFO:teuthology.orchestra.run.smithi083.stdout:/usr/bin/ceph: stdout osd_crush_chooseleaf_type = 0
2024-09-19T08:53:11.227 INFO:teuthology.orchestra.run.smithi083.stdout:/usr/bin/ceph: stdout
2024-09-19T08:53:11.227 INFO:teuthology.orchestra.run.smithi083.stdout:/usr/bin/ceph: stdout [mgr]
2024-09-19T08:53:11.227 INFO:teuthology.orchestra.run.smithi083.stdout:/usr/bin/ceph: stdout mgr/telemetry/nag = false
2024-09-19T08:53:11.227 INFO:teuthology.orchestra.run.smithi083.stdout:/usr/bin/ceph: stdout
2024-09-19T08:53:11.227 INFO:teuthology.orchestra.run.smithi083.stdout:/usr/bin/ceph: stdout [osd]
2024-09-19T08:53:11.227 INFO:teuthology.orchestra.run.smithi083.stdout:/usr/bin/ceph: stdout filestore_flush_min = 0
2024-09-19T08:53:11.227 INFO:teuthology.orchestra.run.smithi083.stdout:/usr/bin/ceph: stdout mon_osd_backfillfull_ratio = 0.85
2024-09-19T08:53:11.227 INFO:teuthology.orchestra.run.smithi083.stdout:/usr/bin/ceph: stdout mon_osd_full_ratio = 0.9
2024-09-19T08:53:11.227 INFO:teuthology.orchestra.run.smithi083.stdout:/usr/bin/ceph: stdout mon_osd_nearfull_ratio = 0.8
2024-09-19T08:53:11.227 INFO:teuthology.orchestra.run.smithi083.stdout:/usr/bin/ceph: stdout osd_map_max_advance = 10
2024-09-19T08:53:11.228 INFO:teuthology.orchestra.run.smithi083.stdout:/usr/bin/ceph: stdout osd_sloppy_crc = true
2024-09-19T08:53:11.228 INFO:teuthology.orchestra.run.smithi083.stdout:/usr/bin/ceph: stderr
2024-09-19T08:53:05.076+0000 7fc522933640 1 Processor -- start
2024-09-19T08:53:11.228 INFO:teuthology.orchestra.run.smithi083.stdout:/usr/bin/ceph: stderr
2024-09-19T08:53:05.076+0000 7fc522933640 1 -- start start
2024-09-19T08:53:11.228 INFO:teuthology.orchestra.run.smithi083.stdout:/usr/bin/ceph: stderr
2024-09-19T08:53:05.076+0000 7fc522933640 1 --2- >> [v2:172.21.15.83:3300/0,v1:172.21.15.83:6789/0] conn(0x7fc51c1064b0 0x7fc51c1068b0 unknown :-1 s=NONE pgs=0 cs=0 l=0 rev1=0 crypto rx=0 tx=0 comp rx=0 tx=0).connect
2024-09-19T08:53:11.228 INFO:teuthology.orchestra.run.smithi083.stdout:/usr/bin/ceph: stderr
2024-09-19T08:53:05.076+0000 7fc522933640 1 -- --> [v2:172.21.15.83:3300/0,v1:172.21.15.83:6789/0] -- mon_getmap magic: 0 -- 0x7fc51c106e80 con 0x7fc51c1064b0
2024-09-19T08:53:11.228 INFO:teuthology.orchestra.run.smithi083.stdout:/usr/bin/ceph: stderr
2024-09-19T08:53:05.077+0000 7fc51bfff640 1 --2- >> [v2:172.21.15.83:3300/0,v1:172.21.15.83:6789/0] conn(0x7fc51c1064b0 0x7fc51c1068b0 unknown :-1 s=BANNER_CONNECTING pgs=0 cs=0 l=0 rev1=0 crypto rx=0 tx=0 comp rx=0 tx=0)._handle_peer_banner_payload supported=3 required=0
2024-09-19T08:53:11.228 INFO:teuthology.orchestra.run.smithi083.stdout:/usr/bin/ceph: stderr
2024-09-19T08:53:05.077+0000 7fc51bfff640 1 --2- >> [v2:172.21.15.83:3300/0,v1:172.21.15.83:6789/0] conn(0x7fc51c1064b0 0x7fc51c1068b0 unknown :-1 s=HELLO_CONNECTING pgs=0 cs=0 l=0 rev1=1 crypto rx=0 tx=0 comp rx=0 tx=0).handle_hello peer v2:172.21.15.83:3300/0 says I am v2:172.21.15.83:48548/0 (socket says 172.21.15.83:48548)
2024-09-19T08:53:11.228 INFO:teuthology.orchestra.run.smithi083.stdout:/usr/bin/ceph: stderr
2024-09-19T08:53:05.077+0000 7fc51bfff640 1 -- 172.21.15.83:0/3723504717 learned_addr learned my addr 172.21.15.83:0/3723504717 (peer_addr_for_me v2:172.21.15.83:0/0)
2024-09-19T08:53:11.228 INFO:teuthology.orchestra.run.smithi083.stdout:/usr/bin/ceph: stderr
2024-09-19T08:53:05.077+0000 7fc51bfff640 1 -- 172.21.15.83:0/3723504717 --> [v2:172.21.15.83:3300/0,v1:172.21.15.83:6789/0] -- mon_subscribe({config=0+,monmap=0+}) -- 0x7fc51c1076b0 con 0x7fc51c1064b0
2024-09-19T08:53:11.228 INFO:teuthology.orchestra.run.smithi083.stdout:/usr/bin/ceph: stderr
2024-09-19T08:53:05.078+0000 7fc51bfff640 1 --2- 172.21.15.83:0/3723504717 >> [v2:172.21.15.83:3300/0,v1:172.21.15.83:6789/0] conn(0x7fc51c1064b0 0x7fc51c1068b0 secure :-1 s=READY pgs=18 cs=0 l=1 rev1=1 crypto rx=0x7fc50c009820 tx=0x7fc50c02a270 comp rx=0 tx=0).ready entity=mon.0 client_cookie=238bb6bac4e7381 server_cookie=0 in_seq=0 out_seq=0
2024-09-19T08:53:11.228 INFO:teuthology.orchestra.run.smithi083.stdout:/usr/bin/ceph: stderr
2024-09-19T08:53:05.078+0000 7fc51affd640 1 -- 172.21.15.83:0/3723504717 <== mon.0 v2:172.21.15.83:3300/0 1 ==== mon_map magic: 0 ==== 205+0+0 (secure 0 0 0) 0x7fc50c037070 con 0x7fc51c1064b0
2024-09-19T08:53:11.228 INFO:teuthology.orchestra.run.smithi083.stdout:/usr/bin/ceph: stderr
2024-09-19T08:53:05.078+0000 7fc51affd640 1 -- 172.21.15.83:0/3723504717 <== mon.0 v2:172.21.15.83:3300/0 2 ==== config(26 keys) ==== 1071+0+0 (secure 0 0 0) 0x7fc50c0328d0 con 0x7fc51c1064b0
2024-09-19T08:53:11.229 INFO:teuthology.orchestra.run.smithi083.stdout:/usr/bin/ceph: stderr
2024-09-19T08:53:05.078+0000 7fc51affd640 1 -- 172.21.15.83:0/3723504717 <== mon.0 v2:172.21.15.83:3300/0 3 ==== mon_map magic: 0 ==== 205+0+0 (secure 0 0 0) 0x7fc50c0307d0 con 0x7fc51c1064b0
2024-09-19T08:53:11.229 INFO:teuthology.orchestra.run.smithi083.stdout:/usr/bin/ceph: stderr
2024-09-19T08:53:05.078+0000 7fc522933640 1 -- 172.21.15.83:0/3723504717 >> [v2:172.21.15.83:3300/0,v1:172.21.15.83:6789/0] conn(0x7fc51c1064b0 msgr2=0x7fc51c1068b0 secure :-1 s=STATE_CONNECTION_ESTABLISHED l=1).mark_down
2024-09-19T08:53:11.229 INFO:teuthology.orchestra.run.smithi083.stdout:/usr/bin/ceph: stderr
2024-09-19T08:53:05.078+0000 7fc522933640 1 --2- 172.21.15.83:0/3723504717 >> [v2:172.21.15.83:3300/0,v1:172.21.15.83:6789/0] conn(0x7fc51c1064b0 0x7fc51c1068b0 secure :-1 s=READY pgs=18 cs=0 l=1 rev1=1 crypto rx=0x7fc50c009820 tx=0x7fc50c02a270 comp rx=0 tx=0).stop
2024-09-19T08:53:11.229 INFO:teuthology.orchestra.run.smithi083.stdout:/usr/bin/ceph: stderr
2024-09-19T08:53:05.078+0000 7fc522933640 1 -- 172.21.15.83:0/3723504717 shutdown_connections
2024-09-19T08:53:11.229 INFO:teuthology.orchestra.run.smithi083.stdout:/usr/bin/ceph: stderr
2024-09-19T08:53:05.078+0000 7fc522933640 1 --2- 172.21.15.83:0/3723504717 >> [v2:172.21.15.83:3300/0,v1:172.21.15.83:6789/0] conn(0x7fc51c1064b0 0x7fc51c1068b0 unknown :-1 s=CLOSED pgs=18 cs=0 l=1 rev1=1 crypto rx=0 tx=0 comp rx=0 tx=0).stop
2024-09-19T08:53:11.229 INFO:teuthology.orchestra.run.smithi083.stdout:/usr/bin/ceph: stderr
2024-09-19T08:53:05.078+0000 7fc522933640 1 -- 172.21.15.83:0/3723504717 >> 172.21.15.83:0/3723504717 conn(0x7fc51c101cc0 msgr2=0x7fc51c1040e0 unknown :-1 s=STATE_NONE l=0).mark_down
2024-09-19T08:53:11.229 INFO:teuthology.orchestra.run.smithi083.stdout:/usr/bin/ceph: stderr
2024-09-19T08:53:05.078+0000 7fc522933640 1 -- 172.21.15.83:0/3723504717 shutdown_connections
2024-09-19T08:53:11.229 INFO:teuthology.orchestra.run.smithi083.stdout:/usr/bin/ceph: stderr
2024-09-19T08:53:05.078+0000 7fc522933640 1 -- 172.21.15.83:0/3723504717 wait complete.
2024-09-19T08:53:11.229 INFO:teuthology.orchestra.run.smithi083.stdout:/usr/bin/ceph: stderr
2024-09-19T08:53:05.079+0000 7fc522933640 1 Processor -- start
2024-09-19T08:53:11.229 INFO:teuthology.orchestra.run.smithi083.stdout:/usr/bin/ceph: stderr
2024-09-19T08:53:05.079+0000 7fc522933640 1 -- start start
2024-09-19T08:53:11.229 INFO:teuthology.orchestra.run.smithi083.stdout:/usr/bin/ceph: stderr
2024-09-19T08:53:05.079+0000 7fc522933640 1 --2- >> [v2:172.21.15.83:3300/0,v1:172.21.15.83:6789/0] conn(0x7fc51c1064b0 0x7fc51c075520 unknown :-1 s=NONE pgs=0 cs=0 l=1 rev1=0 crypto rx=0 tx=0 comp rx=0 tx=0).connect
2024-09-19T08:53:11.229 INFO:teuthology.orchestra.run.smithi083.stdout:/usr/bin/ceph: stderr
2024-09-19T08:53:05.079+0000 7fc522933640 1 -- --> [v2:172.21.15.83:3300/0,v1:172.21.15.83:6789/0] -- mon_getmap magic: 0 -- 0x7fc51c10aa60 con 0x7fc51c1064b0
2024-09-19T08:53:11.230 INFO:teuthology.orchestra.run.smithi083.stdout:/usr/bin/ceph: stderr
2024-09-19T08:53:05.079+0000 7fc51bfff640 1 --2- >> [v2:172.21.15.83:3300/0,v1:172.21.15.83:6789/0] conn(0x7fc51c1064b0 0x7fc51c075520 unknown :-1 s=BANNER_CONNECTING pgs=0 cs=0 l=1 rev1=0 crypto rx=0 tx=0 comp rx=0 tx=0)._handle_peer_banner_payload supported=3 required=0
2024-09-19T08:53:11.230 INFO:teuthology.orchestra.run.smithi083.stdout:/usr/bin/ceph: stderr
2024-09-19T08:53:05.079+0000 7fc51bfff640 1 --2- >> [v2:172.21.15.83:3300/0,v1:172.21.15.83:6789/0] conn(0x7fc51c1064b0 0x7fc51c075520 unknown :-1 s=HELLO_CONNECTING pgs=0 cs=0 l=1 rev1=1 crypto rx=0 tx=0 comp rx=0 tx=0).handle_hello peer v2:172.21.15.83:3300/0 says I am v2:172.21.15.83:48552/0 (socket says 172.21.15.83:48552)
2024-09-19T08:53:11.230 INFO:teuthology.orchestra.run.smithi083.stdout:/usr/bin/ceph: stderr
2024-09-19T08:53:05.079+0000 7fc51bfff640 1 -- 172.21.15.83:0/4008499415 learned_addr learned my addr 172.21.15.83:0/4008499415 (peer_addr_for_me v2:172.21.15.83:0/0)
2024-09-19T08:53:11.230 INFO:teuthology.orchestra.run.smithi083.stdout:/usr/bin/ceph: stderr
2024-09-19T08:53:05.080+0000 7fc51bfff640 1 -- 172.21.15.83:0/4008499415 --> [v2:172.21.15.83:3300/0,v1:172.21.15.83:6789/0] -- mon_subscribe({config=0+,monmap=0+}) -- 0x7fc51c19c0b0 con 0x7fc51c1064b0
2024-09-19T08:53:11.230 INFO:teuthology.orchestra.run.smithi083.stdout:/usr/bin/ceph: stderr
2024-09-19T08:53:05.080+0000 7fc51bfff640 1 --2- 172.21.15.83:0/4008499415 >> [v2:172.21.15.83:3300/0,v1:172.21.15.83:6789/0] conn(0x7fc51c1064b0 0x7fc51c075520 secure :-1 s=READY pgs=19 cs=0 l=1 rev1=1 crypto rx=0x7fc50c0097f0 tx=0x7fc50c030d00 comp rx=0 tx=0).ready entity=mon.0 client_cookie=0 server_cookie=0 in_seq=0 out_seq=0
2024-09-19T08:53:11.230 INFO:teuthology.orchestra.run.smithi083.stdout:/usr/bin/ceph: stderr
2024-09-19T08:53:05.080+0000 7fc5197fa640 1 -- 172.21.15.83:0/4008499415 <== mon.0 v2:172.21.15.83:3300/0 1 ==== mon_map magic: 0 ==== 205+0+0 (secure 0 0 0) 0x7fc50c037040 con 0x7fc51c1064b0
2024-09-19T08:53:11.230 INFO:teuthology.orchestra.run.smithi083.stdout:/usr/bin/ceph: stderr
2024-09-19T08:53:05.080+0000 7fc5197fa640 1 -- 172.21.15.83:0/4008499415 <== mon.0 v2:172.21.15.83:3300/0 2 ==== config(26 keys) ==== 1071+0+0 (secure 0 0 0) 0x7fc50c032bb0 con 0x7fc51c1064b0
2024-09-19T08:53:11.230 INFO:teuthology.orchestra.run.smithi083.stdout:/usr/bin/ceph: stderr
2024-09-19T08:53:05.080+0000 7fc522933640 1 -- 172.21.15.83:0/4008499415 --> [v2:172.21.15.83:3300/0,v1:172.21.15.83:6789/0] -- mon_subscribe({mgrmap=0+}) -- 0x7fc51c1a06c0 con 0x7fc51c1064b0
2024-09-19T08:53:11.230 INFO:teuthology.orchestra.run.smithi083.stdout:/usr/bin/ceph: stderr
2024-09-19T08:53:05.080+0000 7fc5197fa640 1 -- 172.21.15.83:0/4008499415 <== mon.0 v2:172.21.15.83:3300/0 3 ==== mon_map magic: 0 ==== 205+0+0 (secure 0 0 0) 0x7fc50c03a390 con 0x7fc51c1064b0
2024-09-19T08:53:11.230 INFO:teuthology.orchestra.run.smithi083.stdout:/usr/bin/ceph: stderr
2024-09-19T08:53:05.080+0000 7fc522933640 1 -- 172.21.15.83:0/4008499415 --> [v2:172.21.15.83:3300/0,v1:172.21.15.83:6789/0] -- mon_subscribe({osdmap=0}) -- 0x7fc51c1a0a60 con 0x7fc51c1064b0
2024-09-19T08:53:11.230 INFO:teuthology.orchestra.run.smithi083.stdout:/usr/bin/ceph: stderr
2024-09-19T08:53:05.081+0000 7fc5197fa640 1 -- 172.21.15.83:0/4008499415 <== mon.0 v2:172.21.15.83:3300/0 4 ==== mgrmap(e 4) ==== 46450+0+0 (secure 0 0 0) 0x7fc50c03a5d0 con 0x7fc51c1064b0
2024-09-19T08:53:11.230 INFO:teuthology.orchestra.run.smithi083.stdout:/usr/bin/ceph: stderr
2024-09-19T08:53:05.081+0000 7fc5197fa640 1 --2- 172.21.15.83:0/4008499415 >> [v2:172.21.15.83:6800/3693558817,v1:172.21.15.83:6801/3693558817] conn(0x7fc504039160 0x7fc50403b620 unknown :-1 s=NONE pgs=0 cs=0 l=1 rev1=0 crypto rx=0 tx=0 comp rx=0 tx=0).connect
2024-09-19T08:53:11.230 INFO:teuthology.orchestra.run.smithi083.stdout:/usr/bin/ceph: stderr
2024-09-19T08:53:05.081+0000 7fc5197fa640 1 -- 172.21.15.83:0/4008499415 <== mon.0 v2:172.21.15.83:3300/0 5 ==== osd_map(1..1 src has 1..1) ==== 725+0+0 (secure 0 0 0) 0x7fc50c06c5b0 con 0x7fc51c1064b0
2024-09-19T08:53:11.231 INFO:teuthology.orchestra.run.smithi083.stdout:/usr/bin/ceph: stderr
2024-09-19T08:53:05.081+0000 7fc522933640 1 -- 172.21.15.83:0/4008499415 --> [v2:172.21.15.83:3300/0,v1:172.21.15.83:6789/0] -- mon_command({"prefix": "get_command_descriptions"} v 0) -- 0x7fc51c106930 con 0x7fc51c1064b0
2024-09-19T08:53:11.231 INFO:teuthology.orchestra.run.smithi083.stdout:/usr/bin/ceph: stderr
2024-09-19T08:53:05.081+0000 7fc51b7fe640 1 --2- 172.21.15.83:0/4008499415 >> [v2:172.21.15.83:6800/3693558817,v1:172.21.15.83:6801/3693558817] conn(0x7fc504039160 0x7fc50403b620 unknown :-1 s=BANNER_CONNECTING pgs=0 cs=0 l=1 rev1=0 crypto rx=0 tx=0 comp rx=0 tx=0)._handle_peer_banner_payload supported=3 required=0
2024-09-19T08:53:11.231 INFO:teuthology.orchestra.run.smithi083.stdout:/usr/bin/ceph: stderr
2024-09-19T08:53:05.082+0000 7fc51b7fe640 1 --2- 172.21.15.83:0/4008499415 >> [v2:172.21.15.83:6800/3693558817,v1:172.21.15.83:6801/3693558817] conn(0x7fc504039160 0x7fc50403b620 secure :-1 s=READY pgs=7 cs=0 l=1 rev1=1 crypto rx=0x7fc5100098c0 tx=0x7fc510006db0 comp rx=0 tx=0).ready entity=mgr.14100 client_cookie=0 server_cookie=0 in_seq=0 out_seq=0
2024-09-19T08:53:11.231 INFO:teuthology.orchestra.run.smithi083.stdout:/usr/bin/ceph: stderr
2024-09-19T08:53:05.086+0000 7fc5197fa640 1 -- 172.21.15.83:0/4008499415 <== mon.0 v2:172.21.15.83:3300/0 6 ==== mon_command_ack([{"prefix": "get_command_descriptions"}]=0 v0) ==== 72+0+188913 (secure 0 0 0) 0x7fc50c032dd0 con 0x7fc51c1064b0
2024-09-19T08:53:11.231 INFO:teuthology.orchestra.run.smithi083.stdout:/usr/bin/ceph: stderr
2024-09-19T08:53:05.252+0000 7fc522933640 1 -- 172.21.15.83:0/4008499415 --> [v2:172.21.15.83:3300/0,v1:172.21.15.83:6789/0] -- mon_command({"prefix": "config assimilate-conf"} v 0) -- 0x7fc51c1a0ce0 con 0x7fc51c1064b0
2024-09-19T08:53:11.231 INFO:teuthology.orchestra.run.smithi083.stdout:/usr/bin/ceph: stderr
2024-09-19T08:53:05.253+0000 7fc5197fa640 1 -- 172.21.15.83:0/4008499415 <== mon.0 v2:172.21.15.83:3300/0 7 ==== mon_command_ack([{"prefix": "config assimilate-conf"}]=0 v3) ==== 70+0+454 (secure 0 0 0) 0x7fc50c031560 con 0x7fc51c1064b0
2024-09-19T08:53:11.231 INFO:teuthology.orchestra.run.smithi083.stdout:/usr/bin/ceph: stderr
2024-09-19T08:53:05.255+0000 7fc522933640 1 -- 172.21.15.83:0/4008499415 >> [v2:172.21.15.83:6800/3693558817,v1:172.21.15.83:6801/3693558817] conn(0x7fc504039160 msgr2=0x7fc50403b620 secure :-1 s=STATE_CONNECTION_ESTABLISHED l=1).mark_down
2024-09-19T08:53:11.231 INFO:teuthology.orchestra.run.smithi083.stdout:/usr/bin/ceph: stderr
2024-09-19T08:53:05.255+0000 7fc522933640 1 --2- 172.21.15.83:0/4008499415 >> [v2:172.21.15.83:6800/3693558817,v1:172.21.15.83:6801/3693558817] conn(0x7fc504039160 0x7fc50403b620 secure :-1 s=READY pgs=7 cs=0 l=1 rev1=1 crypto rx=0x7fc5100098c0 tx=0x7fc510006db0 comp rx=0 tx=0).stop
2024-09-19T08:53:11.231 INFO:teuthology.orchestra.run.smithi083.stdout:/usr/bin/ceph: stderr
2024-09-19T08:53:05.255+0000 7fc522933640 1 -- 172.21.15.83:0/4008499415 >> [v2:172.21.15.83:3300/0,v1:172.21.15.83:6789/0] conn(0x7fc51c1064b0 msgr2=0x7fc51c075520 secure :-1 s=STATE_CONNECTION_ESTABLISHED l=1).mark_down
2024-09-19T08:53:11.231 INFO:teuthology.orchestra.run.smithi083.stdout:/usr/bin/ceph: stderr
2024-09-19T08:53:05.255+0000 7fc522933640 1 --2- 172.21.15.83:0/4008499415 >> [v2:172.21.15.83:3300/0,v1:172.21.15.83:6789/0] conn(0x7fc51c1064b0 0x7fc51c075520 secure :-1 s=READY pgs=19 cs=0 l=1 rev1=1 crypto rx=0x7fc50c0097f0 tx=0x7fc50c030d00 comp rx=0 tx=0).stop
2024-09-19T08:53:11.231 INFO:teuthology.orchestra.run.smithi083.stdout:/usr/bin/ceph: stderr
2024-09-19T08:53:05.256+0000 7fc522933640 1 -- 172.21.15.83:0/4008499415 shutdown_connections
2024-09-19T08:53:11.231 INFO:teuthology.orchestra.run.smithi083.stdout:/usr/bin/ceph: stderr
2024-09-19T08:53:05.256+0000 7fc522933640 1 --2- 172.21.15.83:0/4008499415 >> [v2:172.21.15.83:6800/3693558817,v1:172.21.15.83:6801/3693558817] conn(0x7fc504039160 0x7fc50403b620 unknown :-1 s=CLOSED pgs=7 cs=0 l=1 rev1=1 crypto rx=0 tx=0 comp rx=0 tx=0).stop
2024-09-19T08:53:11.231 INFO:teuthology.orchestra.run.smithi083.stdout:/usr/bin/ceph: stderr
2024-09-19T08:53:05.256+0000 7fc522933640 1 --2- 172.21.15.83:0/4008499415 >> [v2:172.21.15.83:3300/0,v1:172.21.15.83:6789/0] conn(0x7fc51c1064b0 0x7fc51c075520 unknown :-1 s=CLOSED pgs=19 cs=0 l=1 rev1=1 crypto rx=0 tx=0 comp rx=0 tx=0).stop
2024-09-19T08:53:11.232 INFO:teuthology.orchestra.run.smithi083.stdout:/usr/bin/ceph: stderr
2024-09-19T08:53:05.256+0000 7fc522933640 1 -- 172.21.15.83:0/4008499415 >> 172.21.15.83:0/4008499415 conn(0x7fc51c101cc0 msgr2=0x7fc51c102830 unknown :-1 s=STATE_NONE l=0).mark_down
2024-09-19T08:53:11.232 INFO:teuthology.orchestra.run.smithi083.stdout:/usr/bin/ceph: stderr
2024-09-19T08:53:05.256+0000 7fc522933640 1 -- 172.21.15.83:0/4008499415 shutdown_connections
2024-09-19T08:53:11.232 INFO:teuthology.orchestra.run.smithi083.stdout:/usr/bin/ceph: stderr
2024-09-19T08:53:05.256+0000 7fc522933640 1 -- 172.21.15.83:0/4008499415 wait complete.
2024-09-19T08:53:11.232 INFO:teuthology.orchestra.run.smithi083.stdout:Enabling cephadm module...
2024-09-19T08:53:14.928 INFO:journalctl@ceph.mon.a.smithi083.stdout:Sep 19 08:53:14 smithi083 ceph-mon[30926]: from='client.? 172.21.15.83:0/2169747300' entity='client.admin' cmd=[{"prefix": "mgr module enable", "module": "cephadm"}]: dispatch
2024-09-19T08:53:14.928 INFO:journalctl@ceph.mgr.x.smithi083.stdout:Sep 19 08:53:14 smithi083 ceph-68681c4c-7664-11ef-bceb-c7b262605968-mgr-x[31154]: ignoring --setuser ceph since I am not root
2024-09-19T08:53:14.928 INFO:journalctl@ceph.mgr.x.smithi083.stdout:Sep 19 08:53:14 smithi083 ceph-68681c4c-7664-11ef-bceb-c7b262605968-mgr-x[31154]: ignoring --setgroup ceph since I am not root
2024-09-19T08:53:14.928 INFO:journalctl@ceph.mgr.x.smithi083.stdout:Sep 19 08:53:14 smithi083 ceph-68681c4c-7664-11ef-bceb-c7b262605968-mgr-x[31154]:
2024-09-19T08:53:14.724+0000 7f8c268ed040 -1 mgr[py] Module osd_perf_query has missing NOTIFY_TYPES member
2024-09-19T08:53:14.928 INFO:journalctl@ceph.mgr.x.smithi083.stdout:Sep 19 08:53:14 smithi083 ceph-68681c4c-7664-11ef-bceb-c7b262605968-mgr-x[31154]:
2024-09-19T08:53:14.781+0000 7f8c268ed040 -1 mgr[py] Module osd_support has missing NOTIFY_TYPES member
2024-09-19T08:53:14.928 INFO:journalctl@ceph.mgr.x.smithi083.stdout:Sep 19 08:53:14 smithi083 ceph-68681c4c-7664-11ef-bceb-c7b262605968-mgr-x[31154]:
2024-09-19T08:53:14.927+0000 7f8c268ed040 -1 mgr[py] Module diskprediction_local has missing NOTIFY_TYPES member
2024-09-19T08:53:15.211 INFO:journalctl@ceph.mgr.x.smithi083.stdout:Sep 19 08:53:14 smithi083 ceph-68681c4c-7664-11ef-bceb-c7b262605968-mgr-x[31154]:
2024-09-19T08:53:14.995+0000 7f8c268ed040 -1 mgr[py] Module crash has missing NOTIFY_TYPES member
2024-09-19T08:53:15.211 INFO:journalctl@ceph.mgr.x.smithi083.stdout:Sep 19 08:53:15 smithi083 ceph-68681c4c-7664-11ef-bceb-c7b262605968-mgr-x[31154]:
2024-09-19T08:53:15.143+0000 7f8c268ed040 -1 mgr[py] Module test_orchestrator has missing NOTIFY_TYPES member
2024-09-19T08:53:15.591 INFO:journalctl@ceph.mgr.x.smithi083.stdout:Sep 19 08:53:15 smithi083 ceph-68681c4c-7664-11ef-bceb-c7b262605968-mgr-x[31154]:
2024-09-19T08:53:15.285+0000 7f8c268ed040 -1 mgr[py] Module snap_schedule has missing NOTIFY_TYPES member
2024-09-19T08:53:15.849 INFO:journalctl@ceph.mon.a.smithi083.stdout:Sep 19 08:53:15 smithi083 ceph-mon[30926]: from='client.? 172.21.15.83:0/2169747300' entity='client.admin' cmd='[{"prefix": "mgr module enable", "module": "cephadm"}]': finished
2024-09-19T08:53:15.849 INFO:journalctl@ceph.mon.a.smithi083.stdout:Sep 19 08:53:15 smithi083 ceph-mon[30926]: mgrmap e5: x(active, since 12s)
2024-09-19T08:53:15.850 INFO:journalctl@ceph.mgr.x.smithi083.stdout:Sep 19 08:53:15 smithi083 ceph-68681c4c-7664-11ef-bceb-c7b262605968-mgr-x[31154]:
2024-09-19T08:53:15.601+0000 7f8c268ed040 -1 mgr[py] Module prometheus has missing NOTIFY_TYPES member
2024-09-19T08:53:15.850 INFO:journalctl@ceph.mgr.x.smithi083.stdout:Sep 19 08:53:15 smithi083 ceph-68681c4c-7664-11ef-bceb-c7b262605968-mgr-x[31154]:
2024-09-19T08:53:15.662+0000 7f8c268ed040 -1 mgr[py] Module selftest has missing NOTIFY_TYPES member
2024-09-19T08:53:15.850 INFO:journalctl@ceph.mgr.x.smithi083.stdout:Sep 19 08:53:15 smithi083 ceph-68681c4c-7664-11ef-bceb-c7b262605968-mgr-x[31154]:
2024-09-19T08:53:15.849+0000 7f8c268ed040 -1 mgr[py] Module volumes has missing NOTIFY_TYPES member
2024-09-19T08:53:17.211 INFO:journalctl@ceph.mgr.x.smithi083.stdout:Sep 19 08:53:16 smithi083 ceph-68681c4c-7664-11ef-bceb-c7b262605968-mgr-x[31154]:
2024-09-19T08:53:16.733+0000 7f8c268ed040 -1 mgr[py] Module telemetry has missing NOTIFY_TYPES member
2024-09-19T08:53:17.211 INFO:journalctl@ceph.mgr.x.smithi083.stdout:Sep 19 08:53:16 smithi083 ceph-68681c4c-7664-11ef-bceb-c7b262605968-mgr-x[31154]:
2024-09-19T08:53:16.800+0000 7f8c268ed040 -1 mgr[py] Module balancer has missing NOTIFY_TYPES member
2024-09-19T08:53:17.771 INFO:journalctl@ceph.mgr.x.smithi083.stdout:Sep 19 08:53:17 smithi083 ceph-68681c4c-7664-11ef-bceb-c7b262605968-mgr-x[31154]:
2024-09-19T08:53:17.508+0000 7f8c268ed040 -1 mgr[py] Module rook has missing NOTIFY_TYPES member
2024-09-19T08:53:17.771 INFO:journalctl@ceph.mgr.x.smithi083.stdout:Sep 19 08:53:17 smithi083 ceph-68681c4c-7664-11ef-bceb-c7b262605968-mgr-x[31154]:
2024-09-19T08:53:17.623+0000 7f8c268ed040 -1 mgr[py] Module iostat has missing NOTIFY_TYPES member
2024-09-19T08:53:18.052 INFO:journalctl@ceph.mgr.x.smithi083.stdout:Sep 19 08:53:17 smithi083 ceph-68681c4c-7664-11ef-bceb-c7b262605968-mgr-x[31154]:
2024-09-19T08:53:17.770+0000 7f8c268ed040 -1 mgr[py] Module orchestrator has missing NOTIFY_TYPES member
2024-09-19T08:53:18.052 INFO:journalctl@ceph.mgr.x.smithi083.stdout:Sep 19 08:53:17 smithi083 ceph-68681c4c-7664-11ef-bceb-c7b262605968-mgr-x[31154]:
2024-09-19T08:53:17.831+0000 7f8c268ed040 -1 mgr[py] Module devicehealth has missing NOTIFY_TYPES member
2024-09-19T08:53:18.052 INFO:journalctl@ceph.mgr.x.smithi083.stdout:Sep 19 08:53:17 smithi083 ceph-68681c4c-7664-11ef-bceb-c7b262605968-mgr-x[31154]:
2024-09-19T08:53:17.982+0000 7f8c268ed040 -1 mgr[py] Module rgw has missing NOTIFY_TYPES member
2024-09-19T08:53:18.052 INFO:journalctl@ceph.mgr.x.smithi083.stdout:Sep 19 08:53:18 smithi083 ceph-68681c4c-7664-11ef-bceb-c7b262605968-mgr-x[31154]:
2024-09-19T08:53:18.051+0000 7f8c268ed040 -1 mgr[py] Module alerts has missing NOTIFY_TYPES member
2024-09-19T08:53:18.231 INFO:teuthology.orchestra.run.smithi083.stdout:/usr/bin/ceph: stderr
2024-09-19T08:53:14.312+0000 7ff5a9623640 1 Processor -- start
2024-09-19T08:53:18.236 INFO:teuthology.orchestra.run.smithi083.stdout:/usr/bin/ceph: stderr
2024-09-19T08:53:14.312+0000 7ff5a9623640 1 -- start start
2024-09-19T08:53:18.236 INFO:teuthology.orchestra.run.smithi083.stdout:/usr/bin/ceph: stderr
2024-09-19T08:53:14.312+0000 7ff5a9623640 1 --2- >> [v2:172.21.15.83:3300/0,v1:172.21.15.83:6789/0] conn(0x7ff5a4107fc0 0x7ff5a410a3b0 unknown :-1 s=NONE pgs=0 cs=0 l=0 rev1=0 crypto rx=0 tx=0 comp rx=0 tx=0).connect
2024-09-19T08:53:18.236 INFO:teuthology.orchestra.run.smithi083.stdout:/usr/bin/ceph: stderr
2024-09-19T08:53:14.312+0000 7ff5a9623640 1 -- --> [v2:172.21.15.83:3300/0,v1:172.21.15.83:6789/0] -- mon_getmap magic: 0 -- 0x7ff5a4075980 con 0x7ff5a4107fc0
2024-09-19T08:53:18.236 INFO:teuthology.orchestra.run.smithi083.stdout:/usr/bin/ceph: stderr
2024-09-19T08:53:14.313+0000 7ff5a2ffd640 1 --2- >> [v2:172.21.15.83:3300/0,v1:172.21.15.83:6789/0] conn(0x7ff5a4107fc0 0x7ff5a410a3b0 unknown :-1 s=BANNER_CONNECTING pgs=0 cs=0 l=0 rev1=0 crypto rx=0 tx=0 comp rx=0 tx=0)._handle_peer_banner_payload supported=3 required=0
2024-09-19T08:53:18.236 INFO:teuthology.orchestra.run.smithi083.stdout:/usr/bin/ceph: stderr
2024-09-19T08:53:14.313+0000 7ff5a2ffd640 1 --2- >> [v2:172.21.15.83:3300/0,v1:172.21.15.83:6789/0] conn(0x7ff5a4107fc0 0x7ff5a410a3b0 unknown :-1 s=HELLO_CONNECTING pgs=0 cs=0 l=0 rev1=1 crypto rx=0 tx=0 comp rx=0 tx=0).handle_hello peer v2:172.21.15.83:3300/0 says I am v2:172.21.15.83:55458/0 (socket says 172.21.15.83:55458)
2024-09-19T08:53:18.237 INFO:teuthology.orchestra.run.smithi083.stdout:/usr/bin/ceph: stderr
2024-09-19T08:53:14.313+0000 7ff5a2ffd640 1 -- 172.21.15.83:0/3144256760 learned_addr learned my addr 172.21.15.83:0/3144256760 (peer_addr_for_me v2:172.21.15.83:0/0)
2024-09-19T08:53:18.237 INFO:teuthology.orchestra.run.smithi083.stdout:/usr/bin/ceph: stderr
2024-09-19T08:53:14.313+0000 7ff5a2ffd640 1 -- 172.21.15.83:0/3144256760 --> [v2:172.21.15.83:3300/0,v1:172.21.15.83:6789/0] -- mon_subscribe({config=0+,monmap=0+}) -- 0x7ff5a410a8f0 con 0x7ff5a4107fc0
2024-09-19T08:53:18.237 INFO:teuthology.orchestra.run.smithi083.stdout:/usr/bin/ceph: stderr
2024-09-19T08:53:14.314+0000 7ff5a2ffd640 1 --2- 172.21.15.83:0/3144256760 >> [v2:172.21.15.83:3300/0,v1:172.21.15.83:6789/0] conn(0x7ff5a4107fc0 0x7ff5a410a3b0 secure :-1 s=READY pgs=20 cs=0 l=1 rev1=1 crypto rx=0x7ff594009820 tx=0x7ff59402a270 comp rx=0 tx=0).ready entity=mon.0 client_cookie=ee44c7e81231479a server_cookie=0 in_seq=0 out_seq=0
2024-09-19T08:53:18.237 INFO:teuthology.orchestra.run.smithi083.stdout:/usr/bin/ceph: stderr
2024-09-19T08:53:14.314+0000 7ff5a27fc640 1 -- 172.21.15.83:0/3144256760 <== mon.0 v2:172.21.15.83:3300/0 1 ==== mon_map magic: 0 ==== 205+0+0 (secure 0 0 0) 0x7ff594037070 con 0x7ff5a4107fc0
2024-09-19T08:53:18.237 INFO:teuthology.orchestra.run.smithi083.stdout:/usr/bin/ceph: stderr
2024-09-19T08:53:14.314+0000 7ff5a27fc640 1 -- 172.21.15.83:0/3144256760 <== mon.0 v2:172.21.15.83:3300/0 2 ==== config(26 keys) ==== 1071+0+0 (secure 0 0 0) 0x7ff5940328d0 con 0x7ff5a4107fc0
2024-09-19T08:53:18.237 INFO:teuthology.orchestra.run.smithi083.stdout:/usr/bin/ceph: stderr
2024-09-19T08:53:14.314+0000 7ff5a27fc640 1 -- 172.21.15.83:0/3144256760 <== mon.0 v2:172.21.15.83:3300/0 3 ==== mon_map magic: 0 ==== 205+0+0 (secure 0 0 0) 0x7ff5940307d0 con 0x7ff5a4107fc0
2024-09-19T08:53:18.237 INFO:teuthology.orchestra.run.smithi083.stdout:/usr/bin/ceph: stderr
2024-09-19T08:53:14.314+0000 7ff5a9623640 1 -- 172.21.15.83:0/3144256760 >> [v2:172.21.15.83:3300/0,v1:172.21.15.83:6789/0] conn(0x7ff5a4107fc0 msgr2=0x7ff5a410a3b0 secure :-1 s=STATE_CONNECTION_ESTABLISHED l=1).mark_down
2024-09-19T08:53:18.237 INFO:teuthology.orchestra.run.smithi083.stdout:/usr/bin/ceph: stderr
2024-09-19T08:53:14.314+0000 7ff5a9623640 1 --2- 172.21.15.83:0/3144256760 >> [v2:172.21.15.83:3300/0,v1:172.21.15.83:6789/0] conn(0x7ff5a4107fc0 0x7ff5a410a3b0 secure :-1 s=READY pgs=20 cs=0 l=1 rev1=1 crypto rx=0x7ff594009820 tx=0x7ff59402a270 comp rx=0 tx=0).stop
2024-09-19T08:53:18.237 INFO:teuthology.orchestra.run.smithi083.stdout:/usr/bin/ceph: stderr
2024-09-19T08:53:14.314+0000 7ff5a9623640 1 -- 172.21.15.83:0/3144256760 shutdown_connections
2024-09-19T08:53:18.237 INFO:teuthology.orchestra.run.smithi083.stdout:/usr/bin/ceph: stderr
2024-09-19T08:53:14.314+0000 7ff5a9623640 1 --2- 172.21.15.83:0/3144256760 >> [v2:172.21.15.83:3300/0,v1:172.21.15.83:6789/0] conn(0x7ff5a4107fc0 0x7ff5a410a3b0 unknown :-1 s=CLOSED pgs=20 cs=0 l=1 rev1=1 crypto rx=0 tx=0 comp rx=0 tx=0).stop
2024-09-19T08:53:18.237 INFO:teuthology.orchestra.run.smithi083.stdout:/usr/bin/ceph: stderr
2024-09-19T08:53:14.314+0000 7ff5a9623640 1 -- 172.21.15.83:0/3144256760 >> 172.21.15.83:0/3144256760 conn(0x7ff5a4101c60 msgr2=0x7ff5a4104080 unknown :-1 s=STATE_NONE l=0).mark_down
2024-09-19T08:53:18.237 INFO:teuthology.orchestra.run.smithi083.stdout:/usr/bin/ceph: stderr
2024-09-19T08:53:14.315+0000 7ff5a9623640 1 -- 172.21.15.83:0/3144256760 shutdown_connections
2024-09-19T08:53:18.237 INFO:teuthology.orchestra.run.smithi083.stdout:/usr/bin/ceph: stderr
2024-09-19T08:53:14.315+0000 7ff5a9623640 1 -- 172.21.15.83:0/3144256760 wait complete.
2024-09-19T08:53:18.238 INFO:teuthology.orchestra.run.smithi083.stdout:/usr/bin/ceph: stderr
2024-09-19T08:53:14.315+0000 7ff5a9623640 1 Processor -- start
2024-09-19T08:53:18.238 INFO:teuthology.orchestra.run.smithi083.stdout:/usr/bin/ceph: stderr
2024-09-19T08:53:14.315+0000 7ff5a9623640 1 -- start start
2024-09-19T08:53:18.238 INFO:teuthology.orchestra.run.smithi083.stdout:/usr/bin/ceph: stderr
2024-09-19T08:53:14.315+0000 7ff5a9623640 1 --2- >> [v2:172.21.15.83:3300/0,v1:172.21.15.83:6789/0] conn(0x7ff5a4107fc0 0x7ff5a419b4e0 unknown :-1 s=NONE pgs=0 cs=0 l=1 rev1=0 crypto rx=0 tx=0 comp rx=0 tx=0).connect
2024-09-19T08:53:18.238 INFO:teuthology.orchestra.run.smithi083.stdout:/usr/bin/ceph: stderr
2024-09-19T08:53:14.315+0000 7ff5a9623640 1 -- --> [v2:172.21.15.83:3300/0,v1:172.21.15.83:6789/0] -- mon_getmap magic: 0 -- 0x7ff5a410b930 con 0x7ff5a4107fc0
2024-09-19T08:53:18.238 INFO:teuthology.orchestra.run.smithi083.stdout:/usr/bin/ceph: stderr
2024-09-19T08:53:14.315+0000 7ff5a2ffd640 1 --2- >> [v2:172.21.15.83:3300/0,v1:172.21.15.83:6789/0] conn(0x7ff5a4107fc0 0x7ff5a419b4e0 unknown :-1 s=BANNER_CONNECTING pgs=0 cs=0 l=1 rev1=0 crypto rx=0 tx=0 comp rx=0 tx=0)._handle_peer_banner_payload supported=3 required=0
2024-09-19T08:53:18.238 INFO:teuthology.orchestra.run.smithi083.stdout:/usr/bin/ceph: stderr
2024-09-19T08:53:14.316+0000 7ff5a2ffd640 1 --2- >> [v2:172.21.15.83:3300/0,v1:172.21.15.83:6789/0] conn(0x7ff5a4107fc0 0x7ff5a419b4e0 unknown :-1 s=HELLO_CONNECTING pgs=0 cs=0 l=1 rev1=1 crypto rx=0 tx=0 comp rx=0 tx=0).handle_hello peer v2:172.21.15.83:3300/0 says I am v2:172.21.15.83:55464/0 (socket says 172.21.15.83:55464)
2024-09-19T08:53:18.238 INFO:teuthology.orchestra.run.smithi083.stdout:/usr/bin/ceph: stderr
2024-09-19T08:53:14.316+0000 7ff5a2ffd640 1 -- 172.21.15.83:0/2169747300 learned_addr learned my addr 172.21.15.83:0/2169747300 (peer_addr_for_me v2:172.21.15.83:0/0)
2024-09-19T08:53:18.238 INFO:teuthology.orchestra.run.smithi083.stdout:/usr/bin/ceph: stderr
2024-09-19T08:53:14.316+0000 7ff5a2ffd640 1 -- 172.21.15.83:0/2169747300 --> [v2:172.21.15.83:3300/0,v1:172.21.15.83:6789/0] -- mon_subscribe({config=0+,monmap=0+}) -- 0x7ff5a419ba20 con 0x7ff5a4107fc0
2024-09-19T08:53:18.238 INFO:teuthology.orchestra.run.smithi083.stdout:/usr/bin/ceph: stderr
2024-09-19T08:53:14.316+0000 7ff5a2ffd640 1 --2- 172.21.15.83:0/2169747300 >> [v2:172.21.15.83:3300/0,v1:172.21.15.83:6789/0] conn(0x7ff5a4107fc0 0x7ff5a419b4e0 secure :-1 s=READY pgs=21 cs=0 l=1 rev1=1 crypto rx=0x7ff594032e10 tx=0x7ff594032e40 comp rx=0 tx=0).ready entity=mon.0 client_cookie=0 server_cookie=0 in_seq=0 out_seq=0
2024-09-19T08:53:18.238 INFO:teuthology.orchestra.run.smithi083.stdout:/usr/bin/ceph: stderr
2024-09-19T08:53:14.316+0000 7ff5a0ff9640 1 -- 172.21.15.83:0/2169747300 <== mon.0 v2:172.21.15.83:3300/0 1 ==== mon_map magic: 0 ==== 205+0+0 (secure 0 0 0) 0x7ff594042070 con 0x7ff5a4107fc0
2024-09-19T08:53:18.238 INFO:teuthology.orchestra.run.smithi083.stdout:/usr/bin/ceph: stderr
2024-09-19T08:53:14.316+0000 7ff5a0ff9640 1 -- 172.21.15.83:0/2169747300 <== mon.0 v2:172.21.15.83:3300/0 2 ==== config(26 keys) ==== 1071+0+0 (secure 0 0 0) 0x7ff594030c80 con 0x7ff5a4107fc0
2024-09-19T08:53:18.238 INFO:teuthology.orchestra.run.smithi083.stdout:/usr/bin/ceph: stderr
2024-09-19T08:53:14.316+0000 7ff5a9623640 1 -- 172.21.15.83:0/2169747300 --> [v2:172.21.15.83:3300/0,v1:172.21.15.83:6789/0] -- mon_subscribe({mgrmap=0+}) -- 0x7ff5a419bcb0 con 0x7ff5a4107fc0
2024-09-19T08:53:18.238 INFO:teuthology.orchestra.run.smithi083.stdout:/usr/bin/ceph: stderr
2024-09-19T08:53:14.316+0000 7ff5a0ff9640 1 -- 172.21.15.83:0/2169747300 <== mon.0 v2:172.21.15.83:3300/0 3 ==== mon_map magic: 0 ==== 205+0+0 (secure 0 0 0) 0x7ff594037040 con 0x7ff5a4107fc0
2024-09-19T08:53:18.239 INFO:teuthology.orchestra.run.smithi083.stdout:/usr/bin/ceph: stderr
2024-09-19T08:53:14.316+0000 7ff5a9623640 1 -- 172.21.15.83:0/2169747300 --> [v2:172.21.15.83:3300/0,v1:172.21.15.83:6789/0] -- mon_subscribe({osdmap=0}) -- 0x7ff5a419e9a0 con 0x7ff5a4107fc0
2024-09-19T08:53:18.239 INFO:teuthology.orchestra.run.smithi083.stdout:/usr/bin/ceph: stderr
2024-09-19T08:53:14.317+0000 7ff5a0ff9640 1 -- 172.21.15.83:0/2169747300 <== mon.0 v2:172.21.15.83:3300/0 4 ==== mgrmap(e 4) ==== 46450+0+0 (secure 0 0 0) 0x7ff594045070 con 0x7ff5a4107fc0
2024-09-19T08:53:18.239 INFO:teuthology.orchestra.run.smithi083.stdout:/usr/bin/ceph: stderr
2024-09-19T08:53:14.317+0000 7ff5a0ff9640 1 --2- 172.21.15.83:0/2169747300 >> [v2:172.21.15.83:6800/3693558817,v1:172.21.15.83:6801/3693558817] conn(0x7ff590039160 0x7ff59003b620 unknown :-1 s=NONE pgs=0 cs=0 l=1 rev1=0 crypto rx=0 tx=0 comp rx=0 tx=0).connect
2024-09-19T08:53:18.239 INFO:teuthology.orchestra.run.smithi083.stdout:/usr/bin/ceph: stderr
2024-09-19T08:53:14.317+0000 7ff5a9623640 1 -- 172.21.15.83:0/2169747300 --> [v2:172.21.15.83:3300/0,v1:172.21.15.83:6789/0] -- mon_command({"prefix": "get_command_descriptions"} v 0) -- 0x7ff5a4108420 con 0x7ff5a4107fc0
2024-09-19T08:53:18.239 INFO:teuthology.orchestra.run.smithi083.stdout:/usr/bin/ceph: stderr
2024-09-19T08:53:14.317+0000 7ff5a0ff9640 1 -- 172.21.15.83:0/2169747300 <== mon.0 v2:172.21.15.83:3300/0 5 ==== osd_map(1..1 src has 1..1) ==== 725+0+0 (secure 0 0 0) 0x7ff59406c0d0 con 0x7ff5a4107fc0
2024-09-19T08:53:18.239 INFO:teuthology.orchestra.run.smithi083.stdout:/usr/bin/ceph: stderr
2024-09-19T08:53:14.317+0000 7ff59bfff640 1 --2- 172.21.15.83:0/2169747300 >> [v2:172.21.15.83:6800/3693558817,v1:172.21.15.83:6801/3693558817] conn(0x7ff590039160 0x7ff59003b620 unknown :-1 s=BANNER_CONNECTING pgs=0 cs=0 l=1 rev1=0 crypto rx=0 tx=0 comp rx=0 tx=0)._handle_peer_banner_payload supported=3 required=0
2024-09-19T08:53:18.239 INFO:teuthology.orchestra.run.smithi083.stdout:/usr/bin/ceph: stderr
2024-09-19T08:53:14.318+0000 7ff59bfff640 1 --2- 172.21.15.83:0/2169747300 >> [v2:172.21.15.83:6800/3693558817,v1:172.21.15.83:6801/3693558817] conn(0x7ff590039160 0x7ff59003b620 secure :-1 s=READY pgs=8 cs=0 l=1 rev1=1 crypto rx=0x7ff58c0098c0 tx=0x7ff58c006db0 comp rx=0 tx=0).ready entity=mgr.14100 client_cookie=0 server_cookie=0 in_seq=0 out_seq=0
2024-09-19T08:53:18.239 INFO:teuthology.orchestra.run.smithi083.stdout:/usr/bin/ceph: stderr
2024-09-19T08:53:14.322+0000 7ff5a0ff9640 1 -- 172.21.15.83:0/2169747300 <== mon.0 v2:172.21.15.83:3300/0 6 ==== mon_command_ack([{"prefix": "get_command_descriptions"}]=0 v0) ==== 72+0+188913 (secure 0 0 0) 0x7ff594045360 con 0x7ff5a4107fc0
2024-09-19T08:53:18.239 INFO:teuthology.orchestra.run.smithi083.stdout:/usr/bin/ceph: stderr
2024-09-19T08:53:14.535+0000 7ff5a9623640 1 -- 172.21.15.83:0/2169747300 --> [v2:172.21.15.83:3300/0,v1:172.21.15.83:6789/0] -- mon_command({"prefix": "mgr module enable", "module": "cephadm"} v 0) -- 0x7ff5a419eb70 con 0x7ff5a4107fc0
2024-09-19T08:53:18.239 INFO:teuthology.orchestra.run.smithi083.stdout:/usr/bin/ceph: stderr
2024-09-19T08:53:14.587+0000 7ff5a0ff9640 1 -- 172.21.15.83:0/2169747300 <== mon.0 v2:172.21.15.83:3300/0 7 ==== mon_command_ack([{"prefix": "mgr module enable", "module": "cephadm"}]=0 v5) ==== 86+0+0 (secure 0 0 0) 0x7ff5a419eb70 con 0x7ff5a4107fc0
2024-09-19T08:53:18.239 INFO:teuthology.orchestra.run.smithi083.stdout:/usr/bin/ceph: stderr
2024-09-19T08:53:14.588+0000 7ff5a0ff9640 1 -- 172.21.15.83:0/2169747300 <== mon.0 v2:172.21.15.83:3300/0 8 ==== mgrmap(e 5) ==== 46461+0+0 (secure 0 0 0) 0x7ff5940313a0 con 0x7ff5a4107fc0
2024-09-19T08:53:18.239 INFO:teuthology.orchestra.run.smithi083.stdout:/usr/bin/ceph: stderr
2024-09-19T08:53:14.590+0000 7ff5a9623640 1 -- 172.21.15.83:0/2169747300 >> [v2:172.21.15.83:6800/3693558817,v1:172.21.15.83:6801/3693558817] conn(0x7ff590039160 msgr2=0x7ff59003b620 secure :-1 s=STATE_CONNECTION_ESTABLISHED l=1).mark_down
2024-09-19T08:53:18.239 INFO:teuthology.orchestra.run.smithi083.stdout:/usr/bin/ceph: stderr
2024-09-19T08:53:14.590+0000 7ff5a9623640 1 --2- 172.21.15.83:0/2169747300 >> [v2:172.21.15.83:6800/3693558817,v1:172.21.15.83:6801/3693558817] conn(0x7ff590039160 0x7ff59003b620 secure :-1 s=READY pgs=8 cs=0 l=1 rev1=1 crypto rx=0x7ff58c0098c0 tx=0x7ff58c006db0 comp rx=0 tx=0).stop
2024-09-19T08:53:18.240 INFO:teuthology.orchestra.run.smithi083.stdout:/usr/bin/ceph: stderr
2024-09-19T08:53:14.590+0000 7ff5a9623640 1 -- 172.21.15.83:0/2169747300 >> [v2:172.21.15.83:3300/0,v1:172.21.15.83:6789/0] conn(0x7ff5a4107fc0 msgr2=0x7ff5a419b4e0 secure :-1 s=STATE_CONNECTION_ESTABLISHED l=1).mark_down
2024-09-19T08:53:18.240 INFO:teuthology.orchestra.run.smithi083.stdout:/usr/bin/ceph: stderr
2024-09-19T08:53:14.590+0000 7ff5a9623640 1 --2- 172.21.15.83:0/2169747300 >> [v2:172.21.15.83:3300/0,v1:172.21.15.83:6789/0] conn(0x7ff5a4107fc0 0x7ff5a419b4e0 secure :-1 s=READY pgs=21 cs=0 l=1 rev1=1 crypto rx=0x7ff594032e10 tx=0x7ff594032e40 comp rx=0 tx=0).stop
2024-09-19T08:53:18.240 INFO:teuthology.orchestra.run.smithi083.stdout:/usr/bin/ceph: stderr
2024-09-19T08:53:14.590+0000 7ff5a9623640 1 -- 172.21.15.83:0/2169747300 shutdown_connections
2024-09-19T08:53:18.240 INFO:teuthology.orchestra.run.smithi083.stdout:/usr/bin/ceph: stderr
2024-09-19T08:53:14.590+0000 7ff5a9623640 1 --2- 172.21.15.83:0/2169747300 >> [v2:172.21.15.83:6800/3693558817,v1:172.21.15.83:6801/3693558817] conn(0x7ff590039160 0x7ff59003b620 unknown :-1 s=CLOSED pgs=8 cs=0 l=1 rev1=1 crypto rx=0 tx=0 comp rx=0 tx=0).stop
2024-09-19T08:53:18.240 INFO:teuthology.orchestra.run.smithi083.stdout:/usr/bin/ceph: stderr
2024-09-19T08:53:14.590+0000 7ff5a9623640 1 --2- 172.21.15.83:0/2169747300 >> [v2:172.21.15.83:3300/0,v1:172.21.15.83:6789/0] conn(0x7ff5a4107fc0 0x7ff5a419b4e0 unknown :-1 s=CLOSED pgs=21 cs=0 l=1 rev1=1 crypto rx=0 tx=0 comp rx=0 tx=0).stop
2024-09-19T08:53:18.240 INFO:teuthology.orchestra.run.smithi083.stdout:/usr/bin/ceph: stderr
2024-09-19T08:53:14.590+0000 7ff5a9623640 1 -- 172.21.15.83:0/2169747300 >> 172.21.15.83:0/2169747300 conn(0x7ff5a4101c60 msgr2=0x7ff5a41027c0 unknown :-1 s=STATE_NONE l=0).mark_down
2024-09-19T08:53:18.240 INFO:teuthology.orchestra.run.smithi083.stdout:/usr/bin/ceph: stderr
2024-09-19T08:53:14.590+0000 7ff5a9623640 1 -- 172.21.15.83:0/2169747300 shutdown_connections
2024-09-19T08:53:18.240 INFO:teuthology.orchestra.run.smithi083.stdout:/usr/bin/ceph: stderr
2024-09-19T08:53:14.590+0000 7ff5a9623640 1 -- 172.21.15.83:0/2169747300 wait complete.
2024-09-19T08:53:18.341 INFO:journalctl@ceph.mgr.x.smithi083.stdout:Sep 19 08:53:18 smithi083 ceph-68681c4c-7664-11ef-bceb-c7b262605968-mgr-x[31154]:
2024-09-19T08:53:18.111+0000 7f8c268ed040 -1 mgr[py] Module progress has missing NOTIFY_TYPES member
2024-09-19T08:53:18.341 INFO:journalctl@ceph.mgr.x.smithi083.stdout:Sep 19 08:53:18 smithi083 ceph-68681c4c-7664-11ef-bceb-c7b262605968-mgr-x[31154]:
2024-09-19T08:53:18.274+0000 7f8c268ed040 -1 mgr[py] Module nfs has missing NOTIFY_TYPES member
2024-09-19T08:53:18.341 INFO:journalctl@ceph.mgr.x.smithi083.stdout:Sep 19 08:53:18 smithi083 ceph-68681c4c-7664-11ef-bceb-c7b262605968-mgr-x[31154]:
2024-09-19T08:53:18.340+0000 7f8c268ed040 -1 mgr[py] Module status has missing NOTIFY_TYPES member
2024-09-19T08:53:18.593 INFO:journalctl@ceph.mgr.x.smithi083.stdout:Sep 19 08:53:18 smithi083 ceph-68681c4c-7664-11ef-bceb-c7b262605968-mgr-x[31154]:
2024-09-19T08:53:18.408+0000 7f8c268ed040 -1 mgr[py] Module pg_autoscaler has missing NOTIFY_TYPES member
2024-09-19T08:53:18.594 INFO:journalctl@ceph.mgr.x.smithi083.stdout:Sep 19 08:53:18 smithi083 ceph-68681c4c-7664-11ef-bceb-c7b262605968-mgr-x[31154]:
2024-09-19T08:53:18.492+0000 7f8c268ed040 -1 mgr[py] Module rbd_support has missing NOTIFY_TYPES member
2024-09-19T08:53:18.594 INFO:journalctl@ceph.mgr.x.smithi083.stdout:Sep 19 08:53:18 smithi083 ceph-68681c4c-7664-11ef-bceb-c7b262605968-mgr-x[31154]:
2024-09-19T08:53:18.553+0000 7f8c268ed040 -1 mgr[py] Module influx has missing NOTIFY_TYPES member
2024-09-19T08:53:18.873 INFO:journalctl@ceph.mgr.x.smithi083.stdout:Sep 19 08:53:18 smithi083 ceph-68681c4c-7664-11ef-bceb-c7b262605968-mgr-x[31154]:
2024-09-19T08:53:18.614+0000 7f8c268ed040 -1 mgr[py] Module zabbix has missing NOTIFY_TYPES member
2024-09-19T08:53:19.193 INFO:journalctl@ceph.mon.a.smithi083.stdout:Sep 19 08:53:18 smithi083 ceph-mon[30926]: from='client.? 172.21.15.83:0/605084616' entity='client.admin' cmd=[{"prefix": "mgr stat"}]: dispatch
2024-09-19T08:53:19.461 INFO:journalctl@ceph.mgr.x.smithi083.stdout:Sep 19 08:53:19 smithi083 ceph-68681c4c-7664-11ef-bceb-c7b262605968-mgr-x[31154]:
2024-09-19T08:53:19.426+0000 7f8c268ed040 -1 mgr[py] Module telegraf has missing NOTIFY_TYPES member
2024-09-19T08:53:19.486 INFO:teuthology.orchestra.run.smithi083.stdout:/usr/bin/ceph: stdout {
2024-09-19T08:53:19.486 INFO:teuthology.orchestra.run.smithi083.stdout:/usr/bin/ceph: stdout "epoch": 5,
2024-09-19T08:53:19.486 INFO:teuthology.orchestra.run.smithi083.stdout:/usr/bin/ceph: stdout "available": true,
2024-09-19T08:53:19.486 INFO:teuthology.orchestra.run.smithi083.stdout:/usr/bin/ceph: stdout "active_name": "x",
2024-09-19T08:53:19.486 INFO:teuthology.orchestra.run.smithi083.stdout:/usr/bin/ceph: stdout "num_standby": 0
2024-09-19T08:53:19.486 INFO:teuthology.orchestra.run.smithi083.stdout:/usr/bin/ceph: stdout }
2024-09-19T08:53:19.486 INFO:teuthology.orchestra.run.smithi083.stdout:/usr/bin/ceph: stderr
2024-09-19T08:53:18.667+0000 7fba637af640 1 Processor -- start
2024-09-19T08:53:19.486 INFO:teuthology.orchestra.run.smithi083.stdout:/usr/bin/ceph: stderr
2024-09-19T08:53:18.667+0000 7fba637af640 1 -- start start
2024-09-19T08:53:19.486 INFO:teuthology.orchestra.run.smithi083.stdout:/usr/bin/ceph: stderr
2024-09-19T08:53:18.667+0000 7fba637af640 1 --2- >> [v2:172.21.15.83:3300/0,v1:172.21.15.83:6789/0] conn(0x7fba5c108000 0x7fba5c10a3f0 unknown :-1 s=NONE pgs=0 cs=0 l=0 rev1=0 crypto rx=0 tx=0 comp rx=0 tx=0).connect
2024-09-19T08:53:19.486 INFO:teuthology.orchestra.run.smithi083.stdout:/usr/bin/ceph: stderr
2024-09-19T08:53:18.667+0000 7fba637af640 1 -- --> [v2:172.21.15.83:3300/0,v1:172.21.15.83:6789/0] -- mon_getmap magic: 0 -- 0x7fba5c075940 con 0x7fba5c108000
2024-09-19T08:53:19.486 INFO:teuthology.orchestra.run.smithi083.stdout:/usr/bin/ceph: stderr
