2024-09-19T08:53:26.205 INFO:teuthology.orchestra.run.smithi083.stdout:/usr/bin/ceph: stderr
2024-09-19T08:53:25.439+0000 7efca0dc4640 1 -- 172.21.15.83:0/430541960 >> 172.21.15.83:0/430541960 conn(0x7efc9c101c60 msgr2=0x7efc9c104080 unknown :-1 s=STATE_NONE l=0).mark_down
2024-09-19T08:53:26.205 INFO:teuthology.orchestra.run.smithi083.stdout:/usr/bin/ceph: stderr
2024-09-19T08:53:25.439+0000 7efca0dc4640 1 -- 172.21.15.83:0/430541960 shutdown_connections
2024-09-19T08:53:26.205 INFO:teuthology.orchestra.run.smithi083.stdout:/usr/bin/ceph: stderr
2024-09-19T08:53:25.439+0000 7efca0dc4640 1 -- 172.21.15.83:0/430541960 wait complete.
2024-09-19T08:53:26.205 INFO:teuthology.orchestra.run.smithi083.stdout:/usr/bin/ceph: stderr
2024-09-19T08:53:25.440+0000 7efca0dc4640 1 Processor -- start
2024-09-19T08:53:26.206 INFO:teuthology.orchestra.run.smithi083.stdout:/usr/bin/ceph: stderr
2024-09-19T08:53:25.440+0000 7efca0dc4640 1 -- start start
2024-09-19T08:53:26.206 INFO:teuthology.orchestra.run.smithi083.stdout:/usr/bin/ceph: stderr
2024-09-19T08:53:25.440+0000 7efca0dc4640 1 --2- >> [v2:172.21.15.83:3300/0,v1:172.21.15.83:6789/0] conn(0x7efc9c107fc0 0x7efc9c19b4e0 unknown :-1 s=NONE pgs=0 cs=0 l=1 rev1=0 crypto rx=0 tx=0 comp rx=0 tx=0).connect
2024-09-19T08:53:26.206 INFO:teuthology.orchestra.run.smithi083.stdout:/usr/bin/ceph: stderr
2024-09-19T08:53:25.440+0000 7efca0dc4640 1 -- --> [v2:172.21.15.83:3300/0,v1:172.21.15.83:6789/0] -- mon_getmap magic: 0 -- 0x7efc9c10b930 con 0x7efc9c107fc0
2024-09-19T08:53:26.206 INFO:teuthology.orchestra.run.smithi083.stdout:/usr/bin/ceph: stderr
2024-09-19T08:53:25.440+0000 7efc9a59c640 1 --2- >> [v2:172.21.15.83:3300/0,v1:172.21.15.83:6789/0] conn(0x7efc9c107fc0 0x7efc9c19b4e0 unknown :-1 s=BANNER_CONNECTING pgs=0 cs=0 l=1 rev1=0 crypto rx=0 tx=0 comp rx=0 tx=0)._handle_peer_banner_payload supported=3 required=0
2024-09-19T08:53:26.206 INFO:teuthology.orchestra.run.smithi083.stdout:/usr/bin/ceph: stderr
2024-09-19T08:53:25.440+0000 7efc9a59c640 1 --2- >> [v2:172.21.15.83:3300/0,v1:172.21.15.83:6789/0] conn(0x7efc9c107fc0 0x7efc9c19b4e0 unknown :-1 s=HELLO_CONNECTING pgs=0 cs=0 l=1 rev1=1 crypto rx=0 tx=0 comp rx=0 tx=0).handle_hello peer v2:172.21.15.83:3300/0 says I am v2:172.21.15.83:42236/0 (socket says 172.21.15.83:42236)
2024-09-19T08:53:26.206 INFO:teuthology.orchestra.run.smithi083.stdout:/usr/bin/ceph: stderr
2024-09-19T08:53:25.440+0000 7efc9a59c640 1 -- 172.21.15.83:0/1917854230 learned_addr learned my addr 172.21.15.83:0/1917854230 (peer_addr_for_me v2:172.21.15.83:0/0)
2024-09-19T08:53:26.206 INFO:teuthology.orchestra.run.smithi083.stdout:/usr/bin/ceph: stderr
2024-09-19T08:53:25.441+0000 7efc9a59c640 1 -- 172.21.15.83:0/1917854230 --> [v2:172.21.15.83:3300/0,v1:172.21.15.83:6789/0] -- mon_subscribe({config=0+,monmap=0+}) -- 0x7efc9c19ba20 con 0x7efc9c107fc0
2024-09-19T08:53:26.206 INFO:teuthology.orchestra.run.smithi083.stdout:/usr/bin/ceph: stderr
2024-09-19T08:53:25.441+0000 7efc9a59c640 1 --2- 172.21.15.83:0/1917854230 >> [v2:172.21.15.83:3300/0,v1:172.21.15.83:6789/0] conn(0x7efc9c107fc0 0x7efc9c19b4e0 secure :-1 s=READY pgs=42 cs=0 l=1 rev1=1 crypto rx=0x7efc8c0097f0 tx=0x7efc8c030d00 comp rx=0 tx=0).ready entity=mon.0 client_cookie=0 server_cookie=0 in_seq=0 out_seq=0
2024-09-19T08:53:26.206 INFO:teuthology.orchestra.run.smithi083.stdout:/usr/bin/ceph: stderr
2024-09-19T08:53:25.441+0000 7efc93fff640 1 -- 172.21.15.83:0/1917854230 <== mon.0 v2:172.21.15.83:3300/0 1 ==== mon_map magic: 0 ==== 205+0+0 (secure 0 0 0) 0x7efc8c037040 con 0x7efc9c107fc0
2024-09-19T08:53:26.206 INFO:teuthology.orchestra.run.smithi083.stdout:/usr/bin/ceph: stderr
2024-09-19T08:53:25.441+0000 7efc93fff640 1 -- 172.21.15.83:0/1917854230 <== mon.0 v2:172.21.15.83:3300/0 2 ==== config(26 keys) ==== 1071+0+0 (secure 0 0 0) 0x7efc8c032bb0 con 0x7efc9c107fc0
2024-09-19T08:53:26.206 INFO:teuthology.orchestra.run.smithi083.stdout:/usr/bin/ceph: stderr
2024-09-19T08:53:25.441+0000 7efc93fff640 1 -- 172.21.15.83:0/1917854230 <== mon.0 v2:172.21.15.83:3300/0 3 ==== mon_map magic: 0 ==== 205+0+0 (secure 0 0 0) 0x7efc8c03a390 con 0x7efc9c107fc0
2024-09-19T08:53:26.206 INFO:teuthology.orchestra.run.smithi083.stdout:/usr/bin/ceph: stderr
2024-09-19T08:53:25.441+0000 7efca0dc4640 1 -- 172.21.15.83:0/1917854230 --> [v2:172.21.15.83:3300/0,v1:172.21.15.83:6789/0] -- mon_subscribe({mgrmap=0+}) -- 0x7efc9c19bcb0 con 0x7efc9c107fc0
2024-09-19T08:53:26.207 INFO:teuthology.orchestra.run.smithi083.stdout:/usr/bin/ceph: stderr
2024-09-19T08:53:25.441+0000 7efca0dc4640 1 -- 172.21.15.83:0/1917854230 --> [v2:172.21.15.83:3300/0,v1:172.21.15.83:6789/0] -- mon_subscribe({osdmap=0}) -- 0x7efc9c19e9a0 con 0x7efc9c107fc0
2024-09-19T08:53:26.207 INFO:teuthology.orchestra.run.smithi083.stdout:/usr/bin/ceph: stderr
2024-09-19T08:53:25.442+0000 7efc93fff640 1 -- 172.21.15.83:0/1917854230 <== mon.0 v2:172.21.15.83:3300/0 4 ==== mgrmap(e 8) ==== 46461+0+0 (secure 0 0 0) 0x7efc8c03a580 con 0x7efc9c107fc0
2024-09-19T08:53:26.207 INFO:teuthology.orchestra.run.smithi083.stdout:/usr/bin/ceph: stderr
2024-09-19T08:53:25.442+0000 7efca0dc4640 1 -- 172.21.15.83:0/1917854230 --> [v2:172.21.15.83:3300/0,v1:172.21.15.83:6789/0] -- mon_command({"prefix": "get_command_descriptions"} v 0) -- 0x7efc9c108420 con 0x7efc9c107fc0
2024-09-19T08:53:26.207 INFO:teuthology.orchestra.run.smithi083.stdout:/usr/bin/ceph: stderr
2024-09-19T08:53:25.442+0000 7efc93fff640 1 --2- 172.21.15.83:0/1917854230 >> [v2:172.21.15.83:6800/1883694223,v1:172.21.15.83:6801/1883694223] conn(0x7efc88039200 0x7efc8803b6c0 unknown :-1 s=NONE pgs=0 cs=0 l=1 rev1=0 crypto rx=0 tx=0 comp rx=0 tx=0).connect
2024-09-19T08:53:26.207 INFO:teuthology.orchestra.run.smithi083.stdout:/usr/bin/ceph: stderr
2024-09-19T08:53:25.442+0000 7efc93fff640 1 -- 172.21.15.83:0/1917854230 <== mon.0 v2:172.21.15.83:3300/0 5 ==== osd_map(2..2 src has 1..2) ==== 940+0+0 (secure 0 0 0) 0x7efc8c06c4d0 con 0x7efc9c107fc0
2024-09-19T08:53:26.207 INFO:teuthology.orchestra.run.smithi083.stdout:/usr/bin/ceph: stderr
2024-09-19T08:53:25.442+0000 7efc91d9b640 1 --2- 172.21.15.83:0/1917854230 >> [v2:172.21.15.83:6800/1883694223,v1:172.21.15.83:6801/1883694223] conn(0x7efc88039200 0x7efc8803b6c0 unknown :-1 s=BANNER_CONNECTING pgs=0 cs=0 l=1 rev1=0 crypto rx=0 tx=0 comp rx=0 tx=0)._handle_peer_banner_payload supported=3 required=0
2024-09-19T08:53:26.207 INFO:teuthology.orchestra.run.smithi083.stdout:/usr/bin/ceph: stderr
2024-09-19T08:53:25.443+0000 7efc91d9b640 1 --2- 172.21.15.83:0/1917854230 >> [v2:172.21.15.83:6800/1883694223,v1:172.21.15.83:6801/1883694223] conn(0x7efc88039200 0x7efc8803b6c0 secure :-1 s=READY pgs=10 cs=0 l=1 rev1=1 crypto rx=0x7efc840098c0 tx=0x7efc84006db0 comp rx=0 tx=0).ready entity=mgr.14118 client_cookie=0 server_cookie=0 in_seq=0 out_seq=0
2024-09-19T08:53:26.207 INFO:teuthology.orchestra.run.smithi083.stdout:/usr/bin/ceph: stderr
2024-09-19T08:53:25.447+0000 7efc93fff640 1 -- 172.21.15.83:0/1917854230 <== mon.0 v2:172.21.15.83:3300/0 6 ==== mon_command_ack([{"prefix": "get_command_descriptions"}]=0 v0) ==== 72+0+188913 (secure 0 0 0) 0x7efc8c032d60 con 0x7efc9c107fc0
2024-09-19T08:53:26.207 INFO:teuthology.orchestra.run.smithi083.stdout:/usr/bin/ceph: stderr
2024-09-19T08:53:25.614+0000 7efca0dc4640 1 -- 172.21.15.83:0/1917854230 --> [v2:172.21.15.83:6800/1883694223,v1:172.21.15.83:6801/1883694223] -- mgr_command(tid 0: {"prefix": "cephadm get-pub-key", "target": ["mon-mgr", ""]}) -- 0x7efc9c102ed0 con 0x7efc88039200
2024-09-19T08:53:26.207 INFO:teuthology.orchestra.run.smithi083.stdout:/usr/bin/ceph: stderr
2024-09-19T08:53:25.615+0000 7efc93fff640 1 -- 172.21.15.83:0/1917854230 <== mgr.14118 v2:172.21.15.83:6800/1883694223 1 ==== mgr_command_reply(tid 0: 0 ) ==== 8+0+595 (secure 0 0 0) 0x7efc9c102ed0 con 0x7efc88039200
2024-09-19T08:53:26.207 INFO:teuthology.orchestra.run.smithi083.stdout:/usr/bin/ceph: stderr
2024-09-19T08:53:25.617+0000 7efca0dc4640 1 -- 172.21.15.83:0/1917854230 >> [v2:172.21.15.83:6800/1883694223,v1:172.21.15.83:6801/1883694223] conn(0x7efc88039200 msgr2=0x7efc8803b6c0 secure :-1 s=STATE_CONNECTION_ESTABLISHED l=1).mark_down
2024-09-19T08:53:26.208 INFO:teuthology.orchestra.run.smithi083.stdout:/usr/bin/ceph: stderr
2024-09-19T08:53:25.617+0000 7efca0dc4640 1 --2- 172.21.15.83:0/1917854230 >> [v2:172.21.15.83:6800/1883694223,v1:172.21.15.83:6801/1883694223] conn(0x7efc88039200 0x7efc8803b6c0 secure :-1 s=READY pgs=10 cs=0 l=1 rev1=1 crypto rx=0x7efc840098c0 tx=0x7efc84006db0 comp rx=0 tx=0).stop
2024-09-19T08:53:26.208 INFO:teuthology.orchestra.run.smithi083.stdout:/usr/bin/ceph: stderr
2024-09-19T08:53:25.617+0000 7efca0dc4640 1 -- 172.21.15.83:0/1917854230 >> [v2:172.21.15.83:3300/0,v1:172.21.15.83:6789/0] conn(0x7efc9c107fc0 msgr2=0x7efc9c19b4e0 secure :-1 s=STATE_CONNECTION_ESTABLISHED l=1).mark_down
2024-09-19T08:53:26.208 INFO:teuthology.orchestra.run.smithi083.stdout:/usr/bin/ceph: stderr
2024-09-19T08:53:25.618+0000 7efca0dc4640 1 --2- 172.21.15.83:0/1917854230 >> [v2:172.21.15.83:3300/0,v1:172.21.15.83:6789/0] conn(0x7efc9c107fc0 0x7efc9c19b4e0 secure :-1 s=READY pgs=42 cs=0 l=1 rev1=1 crypto rx=0x7efc8c0097f0 tx=0x7efc8c030d00 comp rx=0 tx=0).stop
2024-09-19T08:53:26.208 INFO:teuthology.orchestra.run.smithi083.stdout:/usr/bin/ceph: stderr
2024-09-19T08:53:25.618+0000 7efca0dc4640 1 -- 172.21.15.83:0/1917854230 shutdown_connections
2024-09-19T08:53:26.208 INFO:teuthology.orchestra.run.smithi083.stdout:/usr/bin/ceph: stderr
2024-09-19T08:53:25.618+0000 7efca0dc4640 1 --2- 172.21.15.83:0/1917854230 >> [v2:172.21.15.83:6800/1883694223,v1:172.21.15.83:6801/1883694223] conn(0x7efc88039200 0x7efc8803b6c0 unknown :-1 s=CLOSED pgs=10 cs=0 l=1 rev1=1 crypto rx=0 tx=0 comp rx=0 tx=0).stop
2024-09-19T08:53:26.208 INFO:teuthology.orchestra.run.smithi083.stdout:/usr/bin/ceph: stderr
2024-09-19T08:53:25.618+0000 7efca0dc4640 1 --2- 172.21.15.83:0/1917854230 >> [v2:172.21.15.83:3300/0,v1:172.21.15.83:6789/0] conn(0x7efc9c107fc0 0x7efc9c19b4e0 unknown :-1 s=CLOSED pgs=42 cs=0 l=1 rev1=1 crypto rx=0 tx=0 comp rx=0 tx=0).stop
2024-09-19T08:53:26.208 INFO:teuthology.orchestra.run.smithi083.stdout:/usr/bin/ceph: stderr
2024-09-19T08:53:25.618+0000 7efca0dc4640 1 -- 172.21.15.83:0/1917854230 >> 172.21.15.83:0/1917854230 conn(0x7efc9c101c60 msgr2=0x7efc9c1027c0 unknown :-1 s=STATE_NONE l=0).mark_down
2024-09-19T08:53:26.208 INFO:teuthology.orchestra.run.smithi083.stdout:/usr/bin/ceph: stderr
2024-09-19T08:53:25.618+0000 7efca0dc4640 1 -- 172.21.15.83:0/1917854230 shutdown_connections
2024-09-19T08:53:26.208 INFO:teuthology.orchestra.run.smithi083.stdout:/usr/bin/ceph: stderr
2024-09-19T08:53:25.618+0000 7efca0dc4640 1 -- 172.21.15.83:0/1917854230 wait complete.
2024-09-19T08:53:26.208 INFO:teuthology.orchestra.run.smithi083.stdout:Wrote public SSH key to /home/ubuntu/cephtest/ceph.pub
2024-09-19T08:53:26.208 INFO:teuthology.orchestra.run.smithi083.stdout:Adding key to root@localhost authorized_keys...
2024-09-19T08:53:26.213 INFO:teuthology.orchestra.run.smithi083.stdout:Adding host smithi083...
2024-09-19T08:53:26.448 INFO:journalctl@ceph.mon.a.smithi083.stdout:Sep 19 08:53:26 smithi083 ceph-mon[30926]: from='client.14136 -' entity='client.admin' cmd=[{"prefix": "cephadm get-pub-key", "target": ["mon-mgr", ""]}]: dispatch
2024-09-19T08:53:27.855 INFO:journalctl@ceph.mon.a.smithi083.stdout:Sep 19 08:53:27 smithi083 ceph-mon[30926]: from='client.14138 -' entity='client.admin' cmd=[{"prefix": "orch host add", "hostname": "smithi083", "addr": "172.21.15.83", "target": ["mon-mgr", ""]}]: dispatch
2024-09-19T08:53:28.961 INFO:journalctl@ceph.mon.a.smithi083.stdout:Sep 19 08:53:28 smithi083 ceph-mon[30926]: Deploying cephadm binary to smithi083
2024-09-19T08:53:30.616 INFO:teuthology.orchestra.run.smithi083.stdout:/usr/bin/ceph: stdout Added host 'smithi083' with addr '172.21.15.83'
2024-09-19T08:53:30.616 INFO:teuthology.orchestra.run.smithi083.stdout:/usr/bin/ceph: stderr
2024-09-19T08:53:26.632+0000 7f586cf46640 1 Processor -- start
2024-09-19T08:53:30.616 INFO:teuthology.orchestra.run.smithi083.stdout:/usr/bin/ceph: stderr
2024-09-19T08:53:26.632+0000 7f586cf46640 1 -- start start
2024-09-19T08:53:30.616 INFO:teuthology.orchestra.run.smithi083.stdout:/usr/bin/ceph: stderr
2024-09-19T08:53:26.632+0000 7f586cf46640 1 --2- >> [v2:172.21.15.83:3300/0,v1:172.21.15.83:6789/0] conn(0x7f5868108060 0x7f586810a450 unknown :-1 s=NONE pgs=0 cs=0 l=0 rev1=0 crypto rx=0 tx=0 comp rx=0 tx=0).connect
2024-09-19T08:53:30.616 INFO:teuthology.orchestra.run.smithi083.stdout:/usr/bin/ceph: stderr
2024-09-19T08:53:26.632+0000 7f586cf46640 1 -- --> [v2:172.21.15.83:3300/0,v1:172.21.15.83:6789/0] -- mon_getmap magic: 0 -- 0x7f5868075940 con 0x7f5868108060
2024-09-19T08:53:30.616 INFO:teuthology.orchestra.run.smithi083.stdout:/usr/bin/ceph: stderr
2024-09-19T08:53:26.632+0000 7f586659c640 1 --2- >> [v2:172.21.15.83:3300/0,v1:172.21.15.83:6789/0] conn(0x7f5868108060 0x7f586810a450 unknown :-1 s=BANNER_CONNECTING pgs=0 cs=0 l=0 rev1=0 crypto rx=0 tx=0 comp rx=0 tx=0)._handle_peer_banner_payload supported=3 required=0
2024-09-19T08:53:30.617 INFO:teuthology.orchestra.run.smithi083.stdout:/usr/bin/ceph: stderr
2024-09-19T08:53:26.632+0000 7f586659c640 1 --2- >> [v2:172.21.15.83:3300/0,v1:172.21.15.83:6789/0] conn(0x7f5868108060 0x7f586810a450 unknown :-1 s=HELLO_CONNECTING pgs=0 cs=0 l=0 rev1=1 crypto rx=0 tx=0 comp rx=0 tx=0).handle_hello peer v2:172.21.15.83:3300/0 says I am v2:172.21.15.83:42238/0 (socket says 172.21.15.83:42238)
2024-09-19T08:53:30.617 INFO:teuthology.orchestra.run.smithi083.stdout:/usr/bin/ceph: stderr
2024-09-19T08:53:26.632+0000 7f586659c640 1 -- 172.21.15.83:0/1712326523 learned_addr learned my addr 172.21.15.83:0/1712326523 (peer_addr_for_me v2:172.21.15.83:0/0)
2024-09-19T08:53:30.617 INFO:teuthology.orchestra.run.smithi083.stdout:/usr/bin/ceph: stderr
2024-09-19T08:53:26.632+0000 7f586659c640 1 -- 172.21.15.83:0/1712326523 --> [v2:172.21.15.83:3300/0,v1:172.21.15.83:6789/0] -- mon_subscribe({config=0+,monmap=0+}) -- 0x7f586810a990 con 0x7f5868108060
2024-09-19T08:53:30.617 INFO:teuthology.orchestra.run.smithi083.stdout:/usr/bin/ceph: stderr
2024-09-19T08:53:26.633+0000 7f586659c640 1 --2- 172.21.15.83:0/1712326523 >> [v2:172.21.15.83:3300/0,v1:172.21.15.83:6789/0] conn(0x7f5868108060 0x7f586810a450 secure :-1 s=READY pgs=43 cs=0 l=1 rev1=1 crypto rx=0x7f5858009820 tx=0x7f585802a270 comp rx=0 tx=0).ready entity=mon.0 client_cookie=1b8e01b5a1ecfe87 server_cookie=0 in_seq=0 out_seq=0
2024-09-19T08:53:30.617 INFO:teuthology.orchestra.run.smithi083.stdout:/usr/bin/ceph: stderr
2024-09-19T08:53:26.633+0000 7f5865d9b640 1 -- 172.21.15.83:0/1712326523 <== mon.0 v2:172.21.15.83:3300/0 1 ==== mon_map magic: 0 ==== 205+0+0 (secure 0 0 0) 0x7f5858037070 con 0x7f5868108060
2024-09-19T08:53:30.617 INFO:teuthology.orchestra.run.smithi083.stdout:/usr/bin/ceph: stderr
2024-09-19T08:53:26.633+0000 7f5865d9b640 1 -- 172.21.15.83:0/1712326523 <== mon.0 v2:172.21.15.83:3300/0 2 ==== config(26 keys) ==== 1071+0+0 (secure 0 0 0) 0x7f58580328d0 con 0x7f5868108060
2024-09-19T08:53:30.618 INFO:teuthology.orchestra.run.smithi083.stdout:/usr/bin/ceph: stderr
2024-09-19T08:53:26.633+0000 7f5865d9b640 1 -- 172.21.15.83:0/1712326523 <== mon.0 v2:172.21.15.83:3300/0 3 ==== mon_map magic: 0 ==== 205+0+0 (secure 0 0 0) 0x7f58580307d0 con 0x7f5868108060
2024-09-19T08:53:30.618 INFO:teuthology.orchestra.run.smithi083.stdout:/usr/bin/ceph: stderr
2024-09-19T08:53:26.634+0000 7f586cf46640 1 -- 172.21.15.83:0/1712326523 >> [v2:172.21.15.83:3300/0,v1:172.21.15.83:6789/0] conn(0x7f5868108060 msgr2=0x7f586810a450 secure :-1 s=STATE_CONNECTION_ESTABLISHED l=1).mark_down
2024-09-19T08:53:30.618 INFO:teuthology.orchestra.run.smithi083.stdout:/usr/bin/ceph: stderr
2024-09-19T08:53:26.634+0000 7f586cf46640 1 --2- 172.21.15.83:0/1712326523 >> [v2:172.21.15.83:3300/0,v1:172.21.15.83:6789/0] conn(0x7f5868108060 0x7f586810a450 secure :-1 s=READY pgs=43 cs=0 l=1 rev1=1 crypto rx=0x7f5858009820 tx=0x7f585802a270 comp rx=0 tx=0).stop
2024-09-19T08:53:30.618 INFO:teuthology.orchestra.run.smithi083.stdout:/usr/bin/ceph: stderr
2024-09-19T08:53:26.634+0000 7f586cf46640 1 -- 172.21.15.83:0/1712326523 shutdown_connections
2024-09-19T08:53:30.618 INFO:teuthology.orchestra.run.smithi083.stdout:/usr/bin/ceph: stderr
2024-09-19T08:53:26.634+0000 7f586cf46640 1 --2- 172.21.15.83:0/1712326523 >> [v2:172.21.15.83:3300/0,v1:172.21.15.83:6789/0] conn(0x7f5868108060 0x7f586810a450 unknown :-1 s=CLOSED pgs=43 cs=0 l=1 rev1=1 crypto rx=0 tx=0 comp rx=0 tx=0).stop
2024-09-19T08:53:30.619 INFO:teuthology.orchestra.run.smithi083.stdout:/usr/bin/ceph: stderr
2024-09-19T08:53:26.634+0000 7f586cf46640 1 -- 172.21.15.83:0/1712326523 >> 172.21.15.83:0/1712326523 conn(0x7f5868101cc0 msgr2=0x7f58681040e0 unknown :-1 s=STATE_NONE l=0).mark_down
2024-09-19T08:53:30.619 INFO:teuthology.orchestra.run.smithi083.stdout:/usr/bin/ceph: stderr
2024-09-19T08:53:26.634+0000 7f586cf46640 1 -- 172.21.15.83:0/1712326523 shutdown_connections
2024-09-19T08:53:30.619 INFO:teuthology.orchestra.run.smithi083.stdout:/usr/bin/ceph: stderr
2024-09-19T08:53:26.634+0000 7f586cf46640 1 -- 172.21.15.83:0/1712326523 wait complete.
2024-09-19T08:53:30.619 INFO:teuthology.orchestra.run.smithi083.stdout:/usr/bin/ceph: stderr
2024-09-19T08:53:26.634+0000 7f586cf46640 1 Processor -- start
2024-09-19T08:53:30.619 INFO:teuthology.orchestra.run.smithi083.stdout:/usr/bin/ceph: stderr
2024-09-19T08:53:26.635+0000 7f586cf46640 1 -- start start
2024-09-19T08:53:30.619 INFO:teuthology.orchestra.run.smithi083.stdout:/usr/bin/ceph: stderr
2024-09-19T08:53:26.635+0000 7f586cf46640 1 --2- >> [v2:172.21.15.83:3300/0,v1:172.21.15.83:6789/0] conn(0x7f5868108060 0x7f586819b550 unknown :-1 s=NONE pgs=0 cs=0 l=1 rev1=0 crypto rx=0 tx=0 comp rx=0 tx=0).connect
2024-09-19T08:53:30.620 INFO:teuthology.orchestra.run.smithi083.stdout:/usr/bin/ceph: stderr
2024-09-19T08:53:26.635+0000 7f586cf46640 1 -- --> [v2:172.21.15.83:3300/0,v1:172.21.15.83:6789/0] -- mon_getmap magic: 0 -- 0x7f586810b970 con 0x7f5868108060
2024-09-19T08:53:30.620 INFO:teuthology.orchestra.run.smithi083.stdout:/usr/bin/ceph: stderr
2024-09-19T08:53:26.635+0000 7f586659c640 1 --2- >> [v2:172.21.15.83:3300/0,v1:172.21.15.83:6789/0] conn(0x7f5868108060 0x7f586819b550 unknown :-1 s=BANNER_CONNECTING pgs=0 cs=0 l=1 rev1=0 crypto rx=0 tx=0 comp rx=0 tx=0)._handle_peer_banner_payload supported=3 required=0
2024-09-19T08:53:30.620 INFO:teuthology.orchestra.run.smithi083.stdout:/usr/bin/ceph: stderr
2024-09-19T08:53:26.635+0000 7f586659c640 1 --2- >> [v2:172.21.15.83:3300/0,v1:172.21.15.83:6789/0] conn(0x7f5868108060 0x7f586819b550 unknown :-1 s=HELLO_CONNECTING pgs=0 cs=0 l=1 rev1=1 crypto rx=0 tx=0 comp rx=0 tx=0).handle_hello peer v2:172.21.15.83:3300/0 says I am v2:172.21.15.83:42248/0 (socket says 172.21.15.83:42248)
2024-09-19T08:53:30.620 INFO:teuthology.orchestra.run.smithi083.stdout:/usr/bin/ceph: stderr
2024-09-19T08:53:26.635+0000 7f586659c640 1 -- 172.21.15.83:0/302281445 learned_addr learned my addr 172.21.15.83:0/302281445 (peer_addr_for_me v2:172.21.15.83:0/0)
2024-09-19T08:53:30.620 INFO:teuthology.orchestra.run.smithi083.stdout:/usr/bin/ceph: stderr
2024-09-19T08:53:26.635+0000 7f586659c640 1 -- 172.21.15.83:0/302281445 --> [v2:172.21.15.83:3300/0,v1:172.21.15.83:6789/0] -- mon_subscribe({config=0+,monmap=0+}) -- 0x7f586819ba90 con 0x7f5868108060
2024-09-19T08:53:30.620 INFO:teuthology.orchestra.run.smithi083.stdout:/usr/bin/ceph: stderr
2024-09-19T08:53:26.635+0000 7f586659c640 1 --2- 172.21.15.83:0/302281445 >> [v2:172.21.15.83:3300/0,v1:172.21.15.83:6789/0] conn(0x7f5868108060 0x7f586819b550 secure :-1 s=READY pgs=44 cs=0 l=1 rev1=1 crypto rx=0x7f58580097f0 tx=0x7f5858030d00 comp rx=0 tx=0).ready entity=mon.0 client_cookie=0 server_cookie=0 in_seq=0 out_seq=0
2024-09-19T08:53:30.621 INFO:teuthology.orchestra.run.smithi083.stdout:/usr/bin/ceph: stderr
2024-09-19T08:53:26.636+0000 7f585ffff640 1 -- 172.21.15.83:0/302281445 <== mon.0 v2:172.21.15.83:3300/0 1 ==== mon_map magic: 0 ==== 205+0+0 (secure 0 0 0) 0x7f5858037040 con 0x7f5868108060
2024-09-19T08:53:30.621 INFO:teuthology.orchestra.run.smithi083.stdout:/usr/bin/ceph: stderr
2024-09-19T08:53:26.636+0000 7f585ffff640 1 -- 172.21.15.83:0/302281445 <== mon.0 v2:172.21.15.83:3300/0 2 ==== config(26 keys) ==== 1071+0+0 (secure 0 0 0) 0x7f5858032bb0 con 0x7f5868108060
2024-09-19T08:53:30.621 INFO:teuthology.orchestra.run.smithi083.stdout:/usr/bin/ceph: stderr
2024-09-19T08:53:26.636+0000 7f586cf46640 1 -- 172.21.15.83:0/302281445 --> [v2:172.21.15.83:3300/0,v1:172.21.15.83:6789/0] -- mon_subscribe({mgrmap=0+}) -- 0x7f586819bd20 con 0x7f5868108060
2024-09-19T08:53:30.621 INFO:teuthology.orchestra.run.smithi083.stdout:/usr/bin/ceph: stderr
2024-09-19T08:53:26.636+0000 7f585ffff640 1 -- 172.21.15.83:0/302281445 <== mon.0 v2:172.21.15.83:3300/0 3 ==== mon_map magic: 0 ==== 205+0+0 (secure 0 0 0) 0x7f585803a390 con 0x7f5868108060
2024-09-19T08:53:30.621 INFO:teuthology.orchestra.run.smithi083.stdout:/usr/bin/ceph: stderr
2024-09-19T08:53:26.636+0000 7f586cf46640 1 -- 172.21.15.83:0/302281445 --> [v2:172.21.15.83:3300/0,v1:172.21.15.83:6789/0] -- mon_subscribe({osdmap=0}) -- 0x7f586819ea10 con 0x7f5868108060
2024-09-19T08:53:30.621 INFO:teuthology.orchestra.run.smithi083.stdout:/usr/bin/ceph: stderr
2024-09-19T08:53:26.636+0000 7f585ffff640 1 -- 172.21.15.83:0/302281445 <== mon.0 v2:172.21.15.83:3300/0 4 ==== mgrmap(e 8) ==== 46461+0+0 (secure 0 0 0) 0x7f585803a5d0 con 0x7f5868108060
2024-09-19T08:53:30.622 INFO:teuthology.orchestra.run.smithi083.stdout:/usr/bin/ceph: stderr
2024-09-19T08:53:26.637+0000 7f585ffff640 1 --2- 172.21.15.83:0/302281445 >> [v2:172.21.15.83:6800/1883694223,v1:172.21.15.83:6801/1883694223] conn(0x7f58540391b0 0x7f585403b670 unknown :-1 s=NONE pgs=0 cs=0 l=1 rev1=0 crypto rx=0 tx=0 comp rx=0 tx=0).connect
2024-09-19T08:53:30.622 INFO:teuthology.orchestra.run.smithi083.stdout:/usr/bin/ceph: stderr
2024-09-19T08:53:26.637+0000 7f585ffff640 1 -- 172.21.15.83:0/302281445 <== mon.0 v2:172.21.15.83:3300/0 5 ==== osd_map(2..2 src has 1..2) ==== 940+0+0 (secure 0 0 0) 0x7f585806d4c0 con 0x7f5868108060
2024-09-19T08:53:30.622 INFO:teuthology.orchestra.run.smithi083.stdout:/usr/bin/ceph: stderr
2024-09-19T08:53:26.637+0000 7f585dd9b640 1 --2- 172.21.15.83:0/302281445 >> [v2:172.21.15.83:6800/1883694223,v1:172.21.15.83:6801/1883694223] conn(0x7f58540391b0 0x7f585403b670 unknown :-1 s=BANNER_CONNECTING pgs=0 cs=0 l=1 rev1=0 crypto rx=0 tx=0 comp rx=0 tx=0)._handle_peer_banner_payload supported=3 required=0
2024-09-19T08:53:30.622 INFO:teuthology.orchestra.run.smithi083.stdout:/usr/bin/ceph: stderr
2024-09-19T08:53:26.637+0000 7f586cf46640 1 -- 172.21.15.83:0/302281445 --> [v2:172.21.15.83:3300/0,v1:172.21.15.83:6789/0] -- mon_command({"prefix": "get_command_descriptions"} v 0) -- 0x7f58681084c0 con 0x7f5868108060
2024-09-19T08:53:30.622 INFO:teuthology.orchestra.run.smithi083.stdout:/usr/bin/ceph: stderr
2024-09-19T08:53:26.637+0000 7f585dd9b640 1 --2- 172.21.15.83:0/302281445 >> [v2:172.21.15.83:6800/1883694223,v1:172.21.15.83:6801/1883694223] conn(0x7f58540391b0 0x7f585403b670 secure :-1 s=READY pgs=11 cs=0 l=1 rev1=1 crypto rx=0x7f58500098c0 tx=0x7f5850006db0 comp rx=0 tx=0).ready entity=mgr.14118 client_cookie=0 server_cookie=0 in_seq=0 out_seq=0
2024-09-19T08:53:30.622 INFO:teuthology.orchestra.run.smithi083.stdout:/usr/bin/ceph: stderr
2024-09-19T08:53:26.642+0000 7f585ffff640 1 -- 172.21.15.83:0/302281445 <== mon.0 v2:172.21.15.83:3300/0 6 ==== mon_command_ack([{"prefix": "get_command_descriptions"}]=0 v0) ==== 72+0+188913 (secure 0 0 0) 0x7f5858040210 con 0x7f5868108060
2024-09-19T08:53:30.623 INFO:teuthology.orchestra.run.smithi083.stdout:/usr/bin/ceph: stderr
2024-09-19T08:53:26.813+0000 7f586cf46640 1 -- 172.21.15.83:0/302281445 --> [v2:172.21.15.83:6800/1883694223,v1:172.21.15.83:6801/1883694223] -- mgr_command(tid 0: {"prefix": "orch host add", "hostname": "smithi083", "addr": "172.21.15.83", "target": ["mon-mgr", ""]}) -- 0x7f5868102f80 con 0x7f58540391b0
2024-09-19T08:53:30.623 INFO:teuthology.orchestra.run.smithi083.stdout:/usr/bin/ceph: stderr
2024-09-19T08:53:30.005+0000 7f585ffff640 1 -- 172.21.15.83:0/302281445 <== mgr.14118 v2:172.21.15.83:6800/1883694223 1 ==== mgr_command_reply(tid 0: 0 ) ==== 8+0+48 (secure 0 0 0) 0x7f5868102f80 con 0x7f58540391b0
2024-09-19T08:53:30.623 INFO:teuthology.orchestra.run.smithi083.stdout:/usr/bin/ceph: stderr
2024-09-19T08:53:30.008+0000 7f586cf46640 1 -- 172.21.15.83:0/302281445 >> [v2:172.21.15.83:6800/1883694223,v1:172.21.15.83:6801/1883694223] conn(0x7f58540391b0 msgr2=0x7f585403b670 secure :-1 s=STATE_CONNECTION_ESTABLISHED l=1).mark_down
2024-09-19T08:53:30.623 INFO:teuthology.orchestra.run.smithi083.stdout:/usr/bin/ceph: stderr
2024-09-19T08:53:30.008+0000 7f586cf46640 1 --2- 172.21.15.83:0/302281445 >> [v2:172.21.15.83:6800/1883694223,v1:172.21.15.83:6801/1883694223] conn(0x7f58540391b0 0x7f585403b670 secure :-1 s=READY pgs=11 cs=0 l=1 rev1=1 crypto rx=0x7f58500098c0 tx=0x7f5850006db0 comp rx=0 tx=0).stop
2024-09-19T08:53:30.623 INFO:teuthology.orchestra.run.smithi083.stdout:/usr/bin/ceph: stderr
2024-09-19T08:53:30.008+0000 7f586cf46640 1 -- 172.21.15.83:0/302281445 >> [v2:172.21.15.83:3300/0,v1:172.21.15.83:6789/0] conn(0x7f5868108060 msgr2=0x7f586819b550 secure :-1 s=STATE_CONNECTION_ESTABLISHED l=1).mark_down
2024-09-19T08:53:30.623 INFO:teuthology.orchestra.run.smithi083.stdout:/usr/bin/ceph: stderr
2024-09-19T08:53:30.008+0000 7f586cf46640 1 --2- 172.21.15.83:0/302281445 >> [v2:172.21.15.83:3300/0,v1:172.21.15.83:6789/0] conn(0x7f5868108060 0x7f586819b550 secure :-1 s=READY pgs=44 cs=0 l=1 rev1=1 crypto rx=0x7f58580097f0 tx=0x7f5858030d00 comp rx=0 tx=0).stop
2024-09-19T08:53:30.624 INFO:teuthology.orchestra.run.smithi083.stdout:/usr/bin/ceph: stderr
2024-09-19T08:53:30.008+0000 7f586cf46640 1 -- 172.21.15.83:0/302281445 shutdown_connections
2024-09-19T08:53:30.624 INFO:teuthology.orchestra.run.smithi083.stdout:/usr/bin/ceph: stderr
2024-09-19T08:53:30.008+0000 7f586cf46640 1 --2- 172.21.15.83:0/302281445 >> [v2:172.21.15.83:6800/1883694223,v1:172.21.15.83:6801/1883694223] conn(0x7f58540391b0 0x7f585403b670 unknown :-1 s=CLOSED pgs=11 cs=0 l=1 rev1=1 crypto rx=0 tx=0 comp rx=0 tx=0).stop
2024-09-19T08:53:30.624 INFO:teuthology.orchestra.run.smithi083.stdout:/usr/bin/ceph: stderr
2024-09-19T08:53:30.008+0000 7f586cf46640 1 --2- 172.21.15.83:0/302281445 >> [v2:172.21.15.83:3300/0,v1:172.21.15.83:6789/0] conn(0x7f5868108060 0x7f586819b550 unknown :-1 s=CLOSED pgs=44 cs=0 l=1 rev1=1 crypto rx=0 tx=0 comp rx=0 tx=0).stop
2024-09-19T08:53:30.624 INFO:teuthology.orchestra.run.smithi083.stdout:/usr/bin/ceph: stderr
2024-09-19T08:53:30.008+0000 7f586cf46640 1 -- 172.21.15.83:0/302281445 >> 172.21.15.83:0/302281445 conn(0x7f5868101cc0 msgr2=0x7f5868102870 unknown :-1 s=STATE_NONE l=0).mark_down
2024-09-19T08:53:30.624 INFO:teuthology.orchestra.run.smithi083.stdout:/usr/bin/ceph: stderr
2024-09-19T08:53:30.008+0000 7f586cf46640 1 -- 172.21.15.83:0/302281445 shutdown_connections
2024-09-19T08:53:30.624 INFO:teuthology.orchestra.run.smithi083.stdout:/usr/bin/ceph: stderr
2024-09-19T08:53:30.008+0000 7f586cf46640 1 -- 172.21.15.83:0/302281445 wait complete.
2024-09-19T08:53:30.624 INFO:teuthology.orchestra.run.smithi083.stdout:Deploying unmanaged mon service...
2024-09-19T08:53:31.211 INFO:journalctl@ceph.mon.a.smithi083.stdout:Sep 19 08:53:31 smithi083 ceph-mon[30926]: from='mgr.14118 172.21.15.83:0/2649730430' entity='mgr.x'
2024-09-19T08:53:31.211 INFO:journalctl@ceph.mon.a.smithi083.stdout:Sep 19 08:53:31 smithi083 ceph-mon[30926]: Added host smithi083
2024-09-19T08:53:31.211 INFO:journalctl@ceph.mon.a.smithi083.stdout:Sep 19 08:53:31 smithi083 ceph-mon[30926]: from='mgr.14118 172.21.15.83:0/2649730430' entity='mgr.x' cmd=[{"prefix": "config dump", "format": "json"}]: dispatch
2024-09-19T08:53:31.973 INFO:teuthology.orchestra.run.smithi083.stdout:/usr/bin/ceph: stdout Scheduled mon update...
2024-09-19T08:53:31.979 INFO:teuthology.orchestra.run.smithi083.stdout:/usr/bin/ceph: stderr
2024-09-19T08:53:31.004+0000 7f037f048640 1 Processor -- start
2024-09-19T08:53:31.979 INFO:teuthology.orchestra.run.smithi083.stdout:/usr/bin/ceph: stderr
2024-09-19T08:53:31.004+0000 7f037f048640 1 -- start start
2024-09-19T08:53:31.980 INFO:teuthology.orchestra.run.smithi083.stdout:/usr/bin/ceph: stderr
2024-09-19T08:53:31.004+0000 7f037f048640 1 --2- >> [v2:172.21.15.83:3300/0,v1:172.21.15.83:6789/0] conn(0x7f03781075b0 0x7f03781079b0 unknown :-1 s=NONE pgs=0 cs=0 l=0 rev1=0 crypto rx=0 tx=0 comp rx=0 tx=0).connect
2024-09-19T08:53:31.980 INFO:teuthology.orchestra.run.smithi083.stdout:/usr/bin/ceph: stderr
2024-09-19T08:53:31.004+0000 7f037f048640 1 -- --> [v2:172.21.15.83:3300/0,v1:172.21.15.83:6789/0] -- mon_getmap magic: 0 -- 0x7f0378107f80 con 0x7f03781075b0
2024-09-19T08:53:31.980 INFO:teuthology.orchestra.run.smithi083.stdout:/usr/bin/ceph: stderr
2024-09-19T08:53:31.004+0000 7f037cde4640 1 --2- >> [v2:172.21.15.83:3300/0,v1:172.21.15.83:6789/0] conn(0x7f03781075b0 0x7f03781079b0 unknown :-1 s=BANNER_CONNECTING pgs=0 cs=0 l=0 rev1=0 crypto rx=0 tx=0 comp rx=0 tx=0)._handle_peer_banner_payload supported=3 required=0
2024-09-19T08:53:31.980 INFO:teuthology.orchestra.run.smithi083.stdout:/usr/bin/ceph: stderr
2024-09-19T08:53:31.004+0000 7f037cde4640 1 --2- >> [v2:172.21.15.83:3300/0,v1:172.21.15.83:6789/0] conn(0x7f03781075b0 0x7f03781079b0 unknown :-1 s=HELLO_CONNECTING pgs=0 cs=0 l=0 rev1=1 crypto rx=0 tx=0 comp rx=0 tx=0).handle_hello peer v2:172.21.15.83:3300/0 says I am v2:172.21.15.83:41556/0 (socket says 172.21.15.83:41556)
2024-09-19T08:53:31.980 INFO:teuthology.orchestra.run.smithi083.stdout:/usr/bin/ceph: stderr
2024-09-19T08:53:31.004+0000 7f037cde4640 1 -- 172.21.15.83:0/3635773187 learned_addr learned my addr 172.21.15.83:0/3635773187 (peer_addr_for_me v2:172.21.15.83:0/0)
2024-09-19T08:53:31.980 INFO:teuthology.orchestra.run.smithi083.stdout:/usr/bin/ceph: stderr
2024-09-19T08:53:31.005+0000 7f037cde4640 1 -- 172.21.15.83:0/3635773187 --> [v2:172.21.15.83:3300/0,v1:172.21.15.83:6789/0] -- mon_subscribe({config=0+,monmap=0+}) -- 0x7f03781087b0 con 0x7f03781075b0
2024-09-19T08:53:31.980 INFO:teuthology.orchestra.run.smithi083.stdout:/usr/bin/ceph: stderr
2024-09-19T08:53:31.005+0000 7f037cde4640 1 --2- 172.21.15.83:0/3635773187 >> [v2:172.21.15.83:3300/0,v1:172.21.15.83:6789/0] conn(0x7f03781075b0 0x7f03781079b0 secure :-1 s=READY pgs=45 cs=0 l=1 rev1=1 crypto rx=0x7f036c009820 tx=0x7f036c02a270 comp rx=0 tx=0).ready entity=mon.0 client_cookie=8a38dfc88ef6a2c8 server_cookie=0 in_seq=0 out_seq=0
2024-09-19T08:53:31.980 INFO:teuthology.orchestra.run.smithi083.stdout:/usr/bin/ceph: stderr
2024-09-19T08:53:31.006+0000 7f03777fe640 1 -- 172.21.15.83:0/3635773187 <== mon.0 v2:172.21.15.83:3300/0 1 ==== mon_map magic: 0 ==== 205+0+0 (secure 0 0 0) 0x7f036c037070 con 0x7f03781075b0
2024-09-19T08:53:31.980 INFO:teuthology.orchestra.run.smithi083.stdout:/usr/bin/ceph: stderr
2024-09-19T08:53:31.006+0000 7f03777fe640 1 -- 172.21.15.83:0/3635773187 <== mon.0 v2:172.21.15.83:3300/0 2 ==== config(26 keys) ==== 1071+0+0 (secure 0 0 0) 0x7f036c0328d0 con 0x7f03781075b0
2024-09-19T08:53:31.980 INFO:teuthology.orchestra.run.smithi083.stdout:/usr/bin/ceph: stderr
2024-09-19T08:53:31.006+0000 7f03777fe640 1 -- 172.21.15.83:0/3635773187 <== mon.0 v2:172.21.15.83:3300/0 3 ==== mon_map magic: 0 ==== 205+0+0 (secure 0 0 0) 0x7f036c0307d0 con 0x7f03781075b0
2024-09-19T08:53:31.980 INFO:teuthology.orchestra.run.smithi083.stdout:/usr/bin/ceph: stderr
2024-09-19T08:53:31.007+0000 7f037f048640 1 -- 172.21.15.83:0/3635773187 >> [v2:172.21.15.83:3300/0,v1:172.21.15.83:6789/0] conn(0x7f03781075b0 msgr2=0x7f03781079b0 secure :-1 s=STATE_CONNECTION_ESTABLISHED l=1).mark_down
2024-09-19T08:53:31.980 INFO:teuthology.orchestra.run.smithi083.stdout:/usr/bin/ceph: stderr
2024-09-19T08:53:31.007+0000 7f037f048640 1 --2- 172.21.15.83:0/3635773187 >> [v2:172.21.15.83:3300/0,v1:172.21.15.83:6789/0] conn(0x7f03781075b0 0x7f03781079b0 secure :-1 s=READY pgs=45 cs=0 l=1 rev1=1 crypto rx=0x7f036c009820 tx=0x7f036c02a270 comp rx=0 tx=0).stop
2024-09-19T08:53:31.980 INFO:teuthology.orchestra.run.smithi083.stdout:/usr/bin/ceph: stderr
2024-09-19T08:53:31.007+0000 7f037f048640 1 -- 172.21.15.83:0/3635773187 shutdown_connections
2024-09-19T08:53:31.981 INFO:teuthology.orchestra.run.smithi083.stdout:/usr/bin/ceph: stderr
2024-09-19T08:53:31.007+0000 7f037f048640 1 --2- 172.21.15.83:0/3635773187 >> [v2:172.21.15.83:3300/0,v1:172.21.15.83:6789/0] conn(0x7f03781075b0 0x7f03781079b0 unknown :-1 s=CLOSED pgs=45 cs=0 l=1 rev1=1 crypto rx=0 tx=0 comp rx=0 tx=0).stop
2024-09-19T08:53:31.981 INFO:teuthology.orchestra.run.smithi083.stdout:/usr/bin/ceph: stderr
2024-09-19T08:53:31.007+0000 7f037f048640 1 -- 172.21.15.83:0/3635773187 >> 172.21.15.83:0/3635773187 conn(0x7f0378102d00 msgr2=0x7f0378105180 unknown :-1 s=STATE_NONE l=0).mark_down
2024-09-19T08:53:31.981 INFO:teuthology.orchestra.run.smithi083.stdout:/usr/bin/ceph: stderr
2024-09-19T08:53:31.007+0000 7f037f048640 1 -- 172.21.15.83:0/3635773187 shutdown_connections
2024-09-19T08:53:31.981 INFO:teuthology.orchestra.run.smithi083.stdout:/usr/bin/ceph: stderr
2024-09-19T08:53:31.007+0000 7f037f048640 1 -- 172.21.15.83:0/3635773187 wait complete.
2024-09-19T08:53:31.981 INFO:teuthology.orchestra.run.smithi083.stdout:/usr/bin/ceph: stderr
2024-09-19T08:53:31.007+0000 7f037f048640 1 Processor -- start
2024-09-19T08:53:31.981 INFO:teuthology.orchestra.run.smithi083.stdout:/usr/bin/ceph: stderr
2024-09-19T08:53:31.007+0000 7f037f048640 1 -- start start
2024-09-19T08:53:31.981 INFO:teuthology.orchestra.run.smithi083.stdout:/usr/bin/ceph: stderr
2024-09-19T08:53:31.008+0000 7f037f048640 1 --2- >> [v2:172.21.15.83:3300/0,v1:172.21.15.83:6789/0] conn(0x7f03781075b0 0x7f0378199300 unknown :-1 s=NONE pgs=0 cs=0 l=1 rev1=0 crypto rx=0 tx=0 comp rx=0 tx=0).connect
2024-09-19T08:53:31.981 INFO:teuthology.orchestra.run.smithi083.stdout:/usr/bin/ceph: stderr
2024-09-19T08:53:31.008+0000 7f037f048640 1 -- --> [v2:172.21.15.83:3300/0,v1:172.21.15.83:6789/0] -- mon_getmap magic: 0 -- 0x7f037807afe0 con 0x7f03781075b0
2024-09-19T08:53:31.981 INFO:teuthology.orchestra.run.smithi083.stdout:/usr/bin/ceph: stderr
2024-09-19T08:53:31.008+0000 7f037cde4640 1 --2- >> [v2:172.21.15.83:3300/0,v1:172.21.15.83:6789/0] conn(0x7f03781075b0 0x7f0378199300 unknown :-1 s=BANNER_CONNECTING pgs=0 cs=0 l=1 rev1=0 crypto rx=0 tx=0 comp rx=0 tx=0)._handle_peer_banner_payload supported=3 required=0
2024-09-19T08:53:31.981 INFO:teuthology.orchestra.run.smithi083.stdout:/usr/bin/ceph: stderr
2024-09-19T08:53:31.008+0000 7f037cde4640 1 --2- >> [v2:172.21.15.83:3300/0,v1:172.21.15.83:6789/0] conn(0x7f03781075b0 0x7f0378199300 unknown :-1 s=HELLO_CONNECTING pgs=0 cs=0 l=1 rev1=1 crypto rx=0 tx=0 comp rx=0 tx=0).handle_hello peer v2:172.21.15.83:3300/0 says I am v2:172.21.15.83:41572/0 (socket says 172.21.15.83:41572)
2024-09-19T08:53:31.981 INFO:teuthology.orchestra.run.smithi083.stdout:/usr/bin/ceph: stderr
2024-09-19T08:53:31.008+0000 7f037cde4640 1 -- 172.21.15.83:0/647493463 learned_addr learned my addr 172.21.15.83:0/647493463 (peer_addr_for_me v2:172.21.15.83:0/0)
2024-09-19T08:53:31.981 INFO:teuthology.orchestra.run.smithi083.stdout:/usr/bin/ceph: stderr
2024-09-19T08:53:31.008+0000 7f037cde4640 1 -- 172.21.15.83:0/647493463 --> [v2:172.21.15.83:3300/0,v1:172.21.15.83:6789/0] -- mon_subscribe({config=0+,monmap=0+}) -- 0x7f0378199840 con 0x7f03781075b0
2024-09-19T08:53:31.982 INFO:teuthology.orchestra.run.smithi083.stdout:/usr/bin/ceph: stderr
2024-09-19T08:53:31.008+0000 7f037cde4640 1 --2- 172.21.15.83:0/647493463 >> [v2:172.21.15.83:3300/0,v1:172.21.15.83:6789/0] conn(0x7f03781075b0 0x7f0378199300 secure :-1 s=READY pgs=46 cs=0 l=1 rev1=1 crypto rx=0x7f036c0097f0 tx=0x7f036c030d00 comp rx=0 tx=0).ready entity=mon.0 client_cookie=0 server_cookie=0 in_seq=0 out_seq=0
2024-09-19T08:53:31.982 INFO:teuthology.orchestra.run.smithi083.stdout:/usr/bin/ceph: stderr
2024-09-19T08:53:31.008+0000 7f0375ffb640 1 -- 172.21.15.83:0/647493463 <== mon.0 v2:172.21.15.83:3300/0 1 ==== mon_map magic: 0 ==== 205+0+0 (secure 0 0 0) 0x7f036c037040 con 0x7f03781075b0
2024-09-19T08:53:31.982 INFO:teuthology.orchestra.run.smithi083.stdout:/usr/bin/ceph: stderr
2024-09-19T08:53:31.008+0000 7f0375ffb640 1 -- 172.21.15.83:0/647493463 <== mon.0 v2:172.21.15.83:3300/0 2 ==== config(26 keys) ==== 1071+0+0 (secure 0 0 0) 0x7f036c032bb0 con 0x7f03781075b0
2024-09-19T08:53:31.982 INFO:teuthology.orchestra.run.smithi083.stdout:/usr/bin/ceph: stderr
2024-09-19T08:53:31.008+0000 7f037f048640 1 -- 172.21.15.83:0/647493463 --> [v2:172.21.15.83:3300/0,v1:172.21.15.83:6789/0] -- mon_subscribe({mgrmap=0+}) -- 0x7f0378199ad0 con 0x7f03781075b0
2024-09-19T08:53:31.982 INFO:teuthology.orchestra.run.smithi083.stdout:/usr/bin/ceph: stderr
2024-09-19T08:53:31.008+0000 7f0375ffb640 1 -- 172.21.15.83:0/647493463 <== mon.0 v2:172.21.15.83:3300/0 3 ==== mon_map magic: 0 ==== 205+0+0 (secure 0 0 0) 0x7f036c03a390 con 0x7f03781075b0
2024-09-19T08:53:31.982 INFO:teuthology.orchestra.run.smithi083.stdout:/usr/bin/ceph: stderr
2024-09-19T08:53:31.008+0000 7f037f048640 1 -- 172.21.15.83:0/647493463 --> [v2:172.21.15.83:3300/0,v1:172.21.15.83:6789/0] -- mon_subscribe({osdmap=0}) -- 0x7f037819c7c0 con 0x7f03781075b0
2024-09-19T08:53:31.982 INFO:teuthology.orchestra.run.smithi083.stdout:/usr/bin/ceph: stderr
2024-09-19T08:53:31.009+0000 7f0375ffb640 1 -- 172.21.15.83:0/647493463 <== mon.0 v2:172.21.15.83:3300/0 4 ==== mgrmap(e 8) ==== 46461+0+0 (secure 0 0 0) 0x7f036c03a580 con 0x7f03781075b0
2024-09-19T08:53:31.982 INFO:teuthology.orchestra.run.smithi083.stdout:/usr/bin/ceph: stderr
2024-09-19T08:53:31.009+0000 7f037f048640 1 -- 172.21.15.83:0/647493463 --> [v2:172.21.15.83:3300/0,v1:172.21.15.83:6789/0] -- mon_command({"prefix": "get_command_descriptions"} v 0) -- 0x7f0378107a30 con 0x7f03781075b0
2024-09-19T08:53:31.982 INFO:teuthology.orchestra.run.smithi083.stdout:/usr/bin/ceph: stderr
2024-09-19T08:53:31.009+0000 7f0375ffb640 1 --2- 172.21.15.83:0/647493463 >> [v2:172.21.15.83:6800/1883694223,v1:172.21.15.83:6801/1883694223] conn(0x7f036803d660 0x7f036803fb20 unknown :-1 s=NONE pgs=0 cs=0 l=1 rev1=0 crypto rx=0 tx=0 comp rx=0 tx=0).connect
2024-09-19T08:53:31.982 INFO:teuthology.orchestra.run.smithi083.stdout:/usr/bin/ceph: stderr
2024-09-19T08:53:31.010+0000 7f0375ffb640 1 -- 172.21.15.83:0/647493463 <== mon.0 v2:172.21.15.83:3300/0 5 ==== osd_map(2..2 src has 1..2) ==== 940+0+0 (secure 0 0 0) 0x7f036c06c430 con 0x7f03781075b0
2024-09-19T08:53:31.983 INFO:teuthology.orchestra.run.smithi083.stdout:/usr/bin/ceph: stderr
2024-09-19T08:53:31.010+0000 7f0377fff640 1 --2- 172.21.15.83:0/647493463 >> [v2:172.21.15.83:6800/1883694223,v1:172.21.15.83:6801/1883694223] conn(0x7f036803d660 0x7f036803fb20 unknown :-1 s=BANNER_CONNECTING pgs=0 cs=0 l=1 rev1=0 crypto rx=0 tx=0 comp rx=0 tx=0)._handle_peer_banner_payload supported=3 required=0
2024-09-19T08:53:31.983 INFO:teuthology.orchestra.run.smithi083.stdout:/usr/bin/ceph: stderr
2024-09-19T08:53:31.010+0000 7f0377fff640 1 --2- 172.21.15.83:0/647493463 >> [v2:172.21.15.83:6800/1883694223,v1:172.21.15.83:6801/1883694223] conn(0x7f036803d660 0x7f036803fb20 secure :-1 s=READY pgs=12 cs=0 l=1 rev1=1 crypto rx=0x7f03640098c0 tx=0x7f0364006db0 comp rx=0 tx=0).ready entity=mgr.14118 client_cookie=0 server_cookie=0 in_seq=0 out_seq=0
2024-09-19T08:53:31.983 INFO:teuthology.orchestra.run.smithi083.stdout:/usr/bin/ceph: stderr
2024-09-19T08:53:31.014+0000 7f0375ffb640 1 -- 172.21.15.83:0/647493463 <== mon.0 v2:172.21.15.83:3300/0 6 ==== mon_command_ack([{"prefix": "get_command_descriptions"}]=0 v0) ==== 72+0+188913 (secure 0 0 0) 0x7f036c02c000 con 0x7f03781075b0
2024-09-19T08:53:31.983 INFO:teuthology.orchestra.run.smithi083.stdout:/usr/bin/ceph: stderr
2024-09-19T08:53:31.224+0000 7f037f048640 1 -- 172.21.15.83:0/647493463 --> [v2:172.21.15.83:6800/1883694223,v1:172.21.15.83:6801/1883694223] -- mgr_command(tid 0: {"prefix": "orch apply", "service_type": "mon", "unmanaged": true, "target": ["mon-mgr", ""]}) -- 0x7f037802dab0 con 0x7f036803d660
2024-09-19T08:53:31.983 INFO:teuthology.orchestra.run.smithi083.stdout:/usr/bin/ceph: stderr
2024-09-19T08:53:31.229+0000 7f0375ffb640 1 -- 172.21.15.83:0/647493463 <== mgr.14118 v2:172.21.15.83:6800/1883694223 1 ==== mgr_command_reply(tid 0: 0 ) ==== 8+0+24 (secure 0 0 0) 0x7f037802dab0 con 0x7f036803d660
2024-09-19T08:53:31.983 INFO:teuthology.orchestra.run.smithi083.stdout:/usr/bin/ceph: stderr
2024-09-19T08:53:31.231+0000 7f037f048640 1 -- 172.21.15.83:0/647493463 >> [v2:172.21.15.83:6800/1883694223,v1:172.21.15.83:6801/1883694223] conn(0x7f036803d660 msgr2=0x7f036803fb20 secure :-1 s=STATE_CONNECTION_ESTABLISHED l=1).mark_down
2024-09-19T08:53:31.983 INFO:teuthology.orchestra.run.smithi083.stdout:/usr/bin/ceph: stderr
2024-09-19T08:53:31.231+0000 7f037f048640 1 --2- 172.21.15.83:0/647493463 >> [v2:172.21.15.83:6800/1883694223,v1:172.21.15.83:6801/1883694223] conn(0x7f036803d660 0x7f036803fb20 secure :-1 s=READY pgs=12 cs=0 l=1 rev1=1 crypto rx=0x7f03640098c0 tx=0x7f0364006db0 comp rx=0 tx=0).stop
2024-09-19T08:53:31.983 INFO:teuthology.orchestra.run.smithi083.stdout:/usr/bin/ceph: stderr
2024-09-19T08:53:31.231+0000 7f037f048640 1 -- 172.21.15.83:0/647493463 >> [v2:172.21.15.83:3300/0,v1:172.21.15.83:6789/0] conn(0x7f03781075b0 msgr2=0x7f0378199300 secure :-1 s=STATE_CONNECTION_ESTABLISHED l=1).mark_down
2024-09-19T08:53:31.983 INFO:teuthology.orchestra.run.smithi083.stdout:/usr/bin/ceph: stderr
2024-09-19T08:53:31.231+0000 7f037f048640 1 --2- 172.21.15.83:0/647493463 >> [v2:172.21.15.83:3300/0,v1:172.21.15.83:6789/0] conn(0x7f03781075b0 0x7f0378199300 secure :-1 s=READY pgs=46 cs=0 l=1 rev1=1 crypto rx=0x7f036c0097f0 tx=0x7f036c030d00 comp rx=0 tx=0).stop
2024-09-19T08:53:31.984 INFO:teuthology.orchestra.run.smithi083.stdout:/usr/bin/ceph: stderr
2024-09-19T08:53:31.231+0000 7f037f048640 1 -- 172.21.15.83:0/647493463 shutdown_connections
2024-09-19T08:53:31.984 INFO:teuthology.orchestra.run.smithi083.stdout:/usr/bin/ceph: stderr
2024-09-19T08:53:31.231+0000 7f037f048640 1 --2- 172.21.15.83:0/647493463 >> [v2:172.21.15.83:6800/1883694223,v1:172.21.15.83:6801/1883694223] conn(0x7f036803d660 0x7f036803fb20 unknown :-1 s=CLOSED pgs=12 cs=0 l=1 rev1=1 crypto rx=0 tx=0 comp rx=0 tx=0).stop
2024-09-19T08:53:31.984 INFO:teuthology.orchestra.run.smithi083.stdout:/usr/bin/ceph: stderr
2024-09-19T08:53:31.231+0000 7f037f048640 1 --2- 172.21.15.83:0/647493463 >> [v2:172.21.15.83:3300/0,v1:172.21.15.83:6789/0] conn(0x7f03781075b0 0x7f0378199300 unknown :-1 s=CLOSED pgs=46 cs=0 l=1 rev1=1 crypto rx=0 tx=0 comp rx=0 tx=0).stop
2024-09-19T08:53:31.984 INFO:teuthology.orchestra.run.smithi083.stdout:/usr/bin/ceph: stderr
2024-09-19T08:53:31.231+0000 7f037f048640 1 -- 172.21.15.83:0/647493463 >> 172.21.15.83:0/647493463 conn(0x7f0378102d00 msgr2=0x7f0378103e60 unknown :-1 s=STATE_NONE l=0).mark_down
2024-09-19T08:53:31.984 INFO:teuthology.orchestra.run.smithi083.stdout:/usr/bin/ceph: stderr
2024-09-19T08:53:31.231+0000 7f037f048640 1 -- 172.21.15.83:0/647493463 shutdown_connections
2024-09-19T08:53:31.984 INFO:teuthology.orchestra.run.smithi083.stdout:/usr/bin/ceph: stderr
2024-09-19T08:53:31.231+0000 7f037f048640 1 -- 172.21.15.83:0/647493463 wait complete.
2024-09-19T08:53:31.984 INFO:teuthology.orchestra.run.smithi083.stdout:Deploying unmanaged mgr service...
2024-09-19T08:53:32.643 INFO:journalctl@ceph.mon.a.smithi083.stdout:Sep 19 08:53:32 smithi083 ceph-mon[30926]: from='client.14140 -' entity='client.admin' cmd=[{"prefix": "orch apply", "service_type": "mon", "unmanaged": true, "target": ["mon-mgr", ""]}]: dispatch
2024-09-19T08:53:32.643 INFO:journalctl@ceph.mon.a.smithi083.stdout:Sep 19 08:53:32 smithi083 ceph-mon[30926]: Saving service mon spec with placement count:5
2024-09-19T08:53:32.644 INFO:journalctl@ceph.mon.a.smithi083.stdout:Sep 19 08:53:32 smithi083 ceph-mon[30926]: from='mgr.14118 172.21.15.83:0/2649730430' entity='mgr.x'
2024-09-19T08:53:33.396 INFO:teuthology.orchestra.run.smithi083.stdout:/usr/bin/ceph: stdout Scheduled mgr update...
2024-09-19T08:53:33.397 INFO:teuthology.orchestra.run.smithi083.stdout:/usr/bin/ceph: stderr
2024-09-19T08:53:32.465+0000 7f47d29fe640 1 Processor -- start
2024-09-19T08:53:33.397 INFO:teuthology.orchestra.run.smithi083.stdout:/usr/bin/ceph: stderr
2024-09-19T08:53:32.465+0000 7f47d29fe640 1 -- start start
2024-09-19T08:53:33.397 INFO:teuthology.orchestra.run.smithi083.stdout:/usr/bin/ceph: stderr
2024-09-19T08:53:32.466+0000 7f47d29fe640 1 --2- >> [v2:172.21.15.83:3300/0,v1:172.21.15.83:6789/0] conn(0x7f47cc107fc0 0x7f47cc10a3b0 unknown :-1 s=NONE pgs=0 cs=0 l=0 rev1=0 crypto rx=0 tx=0 comp rx=0 tx=0).connect
2024-09-19T08:53:33.397 INFO:teuthology.orchestra.run.smithi083.stdout:/usr/bin/ceph: stderr
2024-09-19T08:53:32.466+0000 7f47d29fe640 1 -- --> [v2:172.21.15.83:3300/0,v1:172.21.15.83:6789/0] -- mon_getmap magic: 0 -- 0x7f47cc075980 con 0x7f47cc107fc0
2024-09-19T08:53:33.397 INFO:teuthology.orchestra.run.smithi083.stdout:/usr/bin/ceph: stderr
2024-09-19T08:53:32.466+0000 7f47cbfff640 1 --2- >> [v2:172.21.15.83:3300/0,v1:172.21.15.83:6789/0] conn(0x7f47cc107fc0 0x7f47cc10a3b0 unknown :-1 s=BANNER_CONNECTING pgs=0 cs=0 l=0 rev1=0 crypto rx=0 tx=0 comp rx=0 tx=0)._handle_peer_banner_payload supported=3 required=0
2024-09-19T08:53:33.397 INFO:teuthology.orchestra.run.smithi083.stdout:/usr/bin/ceph: stderr
2024-09-19T08:53:32.466+0000 7f47cbfff640 1 --2- >> [v2:172.21.15.83:3300/0,v1:172.21.15.83:6789/0] conn(0x7f47cc107fc0 0x7f47cc10a3b0 unknown :-1 s=HELLO_CONNECTING pgs=0 cs=0 l=0 rev1=1 crypto rx=0 tx=0 comp rx=0 tx=0).handle_hello peer v2:172.21.15.83:3300/0 says I am v2:172.21.15.83:41588/0 (socket says 172.21.15.83:41588)
2024-09-19T08:53:33.397 INFO:teuthology.orchestra.run.smithi083.stdout:/usr/bin/ceph: stderr
2024-09-19T08:53:32.466+0000 7f47cbfff640 1 -- 172.21.15.83:0/3661711902 learned_addr learned my addr 172.21.15.83:0/3661711902 (peer_addr_for_me v2:172.21.15.83:0/0)
2024-09-19T08:53:33.397 INFO:teuthology.orchestra.run.smithi083.stdout:/usr/bin/ceph: stderr
2024-09-19T08:53:32.466+0000 7f47cbfff640 1 -- 172.21.15.83:0/3661711902 --> [v2:172.21.15.83:3300/0,v1:172.21.15.83:6789/0] -- mon_subscribe({config=0+,monmap=0+}) -- 0x7f47cc10a8f0 con 0x7f47cc107fc0
2024-09-19T08:53:33.397 INFO:teuthology.orchestra.run.smithi083.stdout:/usr/bin/ceph: stderr
2024-09-19T08:53:32.467+0000 7f47cbfff640 1 --2- 172.21.15.83:0/3661711902 >> [v2:172.21.15.83:3300/0,v1:172.21.15.83:6789/0] conn(0x7f47cc107fc0 0x7f47cc10a3b0 secure :-1 s=READY pgs=47 cs=0 l=1 rev1=1 crypto rx=0x7f47bc009820 tx=0x7f47bc02a270 comp rx=0 tx=0).ready entity=mon.0 client_cookie=3e916b5efffb69f0 server_cookie=0 in_seq=0 out_seq=0
2024-09-19T08:53:33.397 INFO:teuthology.orchestra.run.smithi083.stdout:/usr/bin/ceph: stderr
2024-09-19T08:53:32.467+0000 7f47cb7fe640 1 -- 172.21.15.83:0/3661711902 <== mon.0 v2:172.21.15.83:3300/0 1 ==== mon_map magic: 0 ==== 205+0+0 (secure 0 0 0) 0x7f47bc037070 con 0x7f47cc107fc0
2024-09-19T08:53:33.397 INFO:teuthology.orchestra.run.smithi083.stdout:/usr/bin/ceph: stderr
2024-09-19T08:53:32.467+0000 7f47cb7fe640 1 -- 172.21.15.83:0/3661711902 <== mon.0 v2:172.21.15.83:3300/0 2 ==== config(26 keys) ==== 1071+0+0 (secure 0 0 0) 0x7f47bc0328d0 con 0x7f47cc107fc0
2024-09-19T08:53:33.398 INFO:teuthology.orchestra.run.smithi083.stdout:/usr/bin/ceph: stderr
2024-09-19T08:53:32.467+0000 7f47cb7fe640 1 -- 172.21.15.83:0/3661711902 <== mon.0 v2:172.21.15.83:3300/0 3 ==== mon_map magic: 0 ==== 205+0+0 (secure 0 0 0) 0x7f47bc0307d0 con 0x7f47cc107fc0
2024-09-19T08:53:33.398 INFO:teuthology.orchestra.run.smithi083.stdout:/usr/bin/ceph: stderr
2024-09-19T08:53:32.468+0000 7f47d29fe640 1 -- 172.21.15.83:0/3661711902 >> [v2:172.21.15.83:3300/0,v1:172.21.15.83:6789/0] conn(0x7f47cc107fc0 msgr2=0x7f47cc10a3b0 secure :-1 s=STATE_CONNECTION_ESTABLISHED l=1).mark_down
2024-09-19T08:53:33.398 INFO:teuthology.orchestra.run.smithi083.stdout:/usr/bin/ceph: stderr
2024-09-19T08:53:32.468+0000 7f47d29fe640 1 --2- 172.21.15.83:0/3661711902 >> [v2:172.21.15.83:3300/0,v1:172.21.15.83:6789/0] conn(0x7f47cc107fc0 0x7f47cc10a3b0 secure :-1 s=READY pgs=47 cs=0 l=1 rev1=1 crypto rx=0x7f47bc009820 tx=0x7f47bc02a270 comp rx=0 tx=0).stop
2024-09-19T08:53:33.398 INFO:teuthology.orchestra.run.smithi083.stdout:/usr/bin/ceph: stderr
2024-09-19T08:53:32.468+0000 7f47d29fe640 1 -- 172.21.15.83:0/3661711902 shutdown_connections
2024-09-19T08:53:33.398 INFO:teuthology.orchestra.run.smithi083.stdout:/usr/bin/ceph: stderr
2024-09-19T08:53:32.468+0000 7f47d29fe640 1 --2- 172.21.15.83:0/3661711902 >> [v2:172.21.15.83:3300/0,v1:172.21.15.83:6789/0] conn(0x7f47cc107fc0 0x7f47cc10a3b0 unknown :-1 s=CLOSED pgs=47 cs=0 l=1 rev1=1 crypto rx=0 tx=0 comp rx=0 tx=0).stop
2024-09-19T08:53:33.398 INFO:teuthology.orchestra.run.smithi083.stdout:/usr/bin/ceph: stderr
2024-09-19T08:53:32.468+0000 7f47d29fe640 1 -- 172.21.15.83:0/3661711902 >> 172.21.15.83:0/3661711902 conn(0x7f47cc101c60 msgr2=0x7f47cc104080 unknown :-1 s=STATE_NONE l=0).mark_down
2024-09-19T08:53:33.398 INFO:teuthology.orchestra.run.smithi083.stdout:/usr/bin/ceph: stderr
2024-09-19T08:53:32.468+0000 7f47d29fe640 1 -- 172.21.15.83:0/3661711902 shutdown_connections
2024-09-19T08:53:33.398 INFO:teuthology.orchestra.run.smithi083.stdout:/usr/bin/ceph: stderr
2024-09-19T08:53:32.468+0000 7f47d29fe640 1 -- 172.21.15.83:0/3661711902 wait complete.
2024-09-19T08:53:33.398 INFO:teuthology.orchestra.run.smithi083.stdout:/usr/bin/ceph: stderr
2024-09-19T08:53:32.468+0000 7f47d29fe640 1 Processor -- start
2024-09-19T08:53:33.398 INFO:teuthology.orchestra.run.smithi083.stdout:/usr/bin/ceph: stderr
2024-09-19T08:53:32.468+0000 7f47d29fe640 1 -- start start
