2024-09-19T08:53:38.535 INFO:teuthology.orchestra.run.smithi083.stdout:/usr/bin/ceph: stderr
2024-09-19T08:53:37.067+0000 7fc230a91640 1 -- --> [v2:172.21.15.83:3300/0,v1:172.21.15.83:6789/0] -- mon_getmap magic: 0 -- 0x7fc22c107850 con 0x7fc22c105e30
2024-09-19T08:53:38.535 INFO:teuthology.orchestra.run.smithi083.stdout:/usr/bin/ceph: stderr
2024-09-19T08:53:37.067+0000 7fc22a59c640 1 --2- >> [v2:172.21.15.83:3300/0,v1:172.21.15.83:6789/0] conn(0x7fc22c105e30 0x7fc22c19d6f0 unknown :-1 s=BANNER_CONNECTING pgs=0 cs=0 l=1 rev1=0 crypto rx=0 tx=0 comp rx=0 tx=0)._handle_peer_banner_payload supported=3 required=0
2024-09-19T08:53:38.535 INFO:teuthology.orchestra.run.smithi083.stdout:/usr/bin/ceph: stderr
2024-09-19T08:53:37.067+0000 7fc22a59c640 1 --2- >> [v2:172.21.15.83:3300/0,v1:172.21.15.83:6789/0] conn(0x7fc22c105e30 0x7fc22c19d6f0 unknown :-1 s=HELLO_CONNECTING pgs=0 cs=0 l=1 rev1=1 crypto rx=0 tx=0 comp rx=0 tx=0).handle_hello peer v2:172.21.15.83:3300/0 says I am v2:172.21.15.83:41644/0 (socket says 172.21.15.83:41644)
2024-09-19T08:53:38.535 INFO:teuthology.orchestra.run.smithi083.stdout:/usr/bin/ceph: stderr
2024-09-19T08:53:37.067+0000 7fc22a59c640 1 -- 172.21.15.83:0/3644315079 learned_addr learned my addr 172.21.15.83:0/3644315079 (peer_addr_for_me v2:172.21.15.83:0/0)
2024-09-19T08:53:38.535 INFO:teuthology.orchestra.run.smithi083.stdout:/usr/bin/ceph: stderr
2024-09-19T08:53:37.067+0000 7fc22a59c640 1 -- 172.21.15.83:0/3644315079 --> [v2:172.21.15.83:3300/0,v1:172.21.15.83:6789/0] -- mon_subscribe({config=0+,monmap=0+}) -- 0x7fc22c19dc30 con 0x7fc22c105e30
2024-09-19T08:53:38.535 INFO:teuthology.orchestra.run.smithi083.stdout:/usr/bin/ceph: stderr
2024-09-19T08:53:37.068+0000 7fc22a59c640 1 --2- 172.21.15.83:0/3644315079 >> [v2:172.21.15.83:3300/0,v1:172.21.15.83:6789/0] conn(0x7fc22c105e30 0x7fc22c19d6f0 secure :-1 s=READY pgs=54 cs=0 l=1 rev1=1 crypto rx=0x7fc21c0097f0 tx=0x7fc21c030c70 comp rx=0 tx=0).ready entity=mon.0 client_cookie=0 server_cookie=0 in_seq=0 out_seq=0
2024-09-19T08:53:38.536 INFO:teuthology.orchestra.run.smithi083.stdout:/usr/bin/ceph: stderr
2024-09-19T08:53:37.068+0000 7fc223fff640 1 -- 172.21.15.83:0/3644315079 <== mon.0 v2:172.21.15.83:3300/0 1 ==== mon_map magic: 0 ==== 205+0+0 (secure 0 0 0) 0x7fc21c042070 con 0x7fc22c105e30
2024-09-19T08:53:38.536 INFO:teuthology.orchestra.run.smithi083.stdout:/usr/bin/ceph: stderr
2024-09-19T08:53:37.068+0000 7fc223fff640 1 -- 172.21.15.83:0/3644315079 <== mon.0 v2:172.21.15.83:3300/0 2 ==== config(26 keys) ==== 1102+0+0 (secure 0 0 0) 0x7fc21c030d80 con 0x7fc22c105e30
2024-09-19T08:53:38.536 INFO:teuthology.orchestra.run.smithi083.stdout:/usr/bin/ceph: stderr
2024-09-19T08:53:37.068+0000 7fc230a91640 1 -- 172.21.15.83:0/3644315079 --> [v2:172.21.15.83:3300/0,v1:172.21.15.83:6789/0] -- mon_subscribe({mgrmap=0+}) -- 0x7fc22c19dec0 con 0x7fc22c105e30
2024-09-19T08:53:38.536 INFO:teuthology.orchestra.run.smithi083.stdout:/usr/bin/ceph: stderr
2024-09-19T08:53:37.068+0000 7fc223fff640 1 -- 172.21.15.83:0/3644315079 <== mon.0 v2:172.21.15.83:3300/0 3 ==== mon_map magic: 0 ==== 205+0+0 (secure 0 0 0) 0x7fc21c037040 con 0x7fc22c105e30
2024-09-19T08:53:38.536 INFO:teuthology.orchestra.run.smithi083.stdout:/usr/bin/ceph: stderr
2024-09-19T08:53:37.068+0000 7fc230a91640 1 -- 172.21.15.83:0/3644315079 --> [v2:172.21.15.83:3300/0,v1:172.21.15.83:6789/0] -- mon_subscribe({osdmap=0}) -- 0x7fc22c1a0bb0 con 0x7fc22c105e30
2024-09-19T08:53:38.536 INFO:teuthology.orchestra.run.smithi083.stdout:/usr/bin/ceph: stderr
2024-09-19T08:53:37.069+0000 7fc223fff640 1 -- 172.21.15.83:0/3644315079 <== mon.0 v2:172.21.15.83:3300/0 4 ==== mgrmap(e 8) ==== 46461+0+0 (secure 0 0 0) 0x7fc21c045070 con 0x7fc22c105e30
2024-09-19T08:53:38.536 INFO:teuthology.orchestra.run.smithi083.stdout:/usr/bin/ceph: stderr
2024-09-19T08:53:37.069+0000 7fc223fff640 1 --2- 172.21.15.83:0/3644315079 >> [v2:172.21.15.83:6800/1883694223,v1:172.21.15.83:6801/1883694223] conn(0x7fc2180391b0 0x7fc21803b670 unknown :-1 s=NONE pgs=0 cs=0 l=1 rev1=0 crypto rx=0 tx=0 comp rx=0 tx=0).connect
2024-09-19T08:53:38.536 INFO:teuthology.orchestra.run.smithi083.stdout:/usr/bin/ceph: stderr
2024-09-19T08:53:37.069+0000 7fc223fff640 1 -- 172.21.15.83:0/3644315079 <== mon.0 v2:172.21.15.83:3300/0 5 ==== osd_map(2..2 src has 1..2) ==== 940+0+0 (secure 0 0 0) 0x7fc21c06d220 con 0x7fc22c105e30
2024-09-19T08:53:38.536 INFO:teuthology.orchestra.run.smithi083.stdout:/usr/bin/ceph: stderr
2024-09-19T08:53:37.069+0000 7fc221d9b640 1 --2- 172.21.15.83:0/3644315079 >> [v2:172.21.15.83:6800/1883694223,v1:172.21.15.83:6801/1883694223] conn(0x7fc2180391b0 0x7fc21803b670 unknown :-1 s=BANNER_CONNECTING pgs=0 cs=0 l=1 rev1=0 crypto rx=0 tx=0 comp rx=0 tx=0)._handle_peer_banner_payload supported=3 required=0
2024-09-19T08:53:38.536 INFO:teuthology.orchestra.run.smithi083.stdout:/usr/bin/ceph: stderr
2024-09-19T08:53:37.069+0000 7fc230a91640 1 -- 172.21.15.83:0/3644315079 --> [v2:172.21.15.83:3300/0,v1:172.21.15.83:6789/0] -- mon_command({"prefix": "get_command_descriptions"} v 0) -- 0x7fc22c106230 con 0x7fc22c105e30
2024-09-19T08:53:38.536 INFO:teuthology.orchestra.run.smithi083.stdout:/usr/bin/ceph: stderr
2024-09-19T08:53:37.069+0000 7fc221d9b640 1 --2- 172.21.15.83:0/3644315079 >> [v2:172.21.15.83:6800/1883694223,v1:172.21.15.83:6801/1883694223] conn(0x7fc2180391b0 0x7fc21803b670 secure :-1 s=READY pgs=16 cs=0 l=1 rev1=1 crypto rx=0x7fc2140098c0 tx=0x7fc214006db0 comp rx=0 tx=0).ready entity=mgr.14118 client_cookie=0 server_cookie=0 in_seq=0 out_seq=0
2024-09-19T08:53:38.536 INFO:teuthology.orchestra.run.smithi083.stdout:/usr/bin/ceph: stderr
2024-09-19T08:53:37.074+0000 7fc223fff640 1 -- 172.21.15.83:0/3644315079 <== mon.0 v2:172.21.15.83:3300/0 6 ==== mon_command_ack([{"prefix": "get_command_descriptions"}]=0 v0) ==== 72+0+188913 (secure 0 0 0) 0x7fc21c045360 con 0x7fc22c105e30
2024-09-19T08:53:38.537 INFO:teuthology.orchestra.run.smithi083.stdout:/usr/bin/ceph: stderr
2024-09-19T08:53:37.313+0000 7fc230a91640 1 -- 172.21.15.83:0/3644315079 --> [v2:172.21.15.83:3300/0,v1:172.21.15.83:6789/0] -- mon_command({"prefix": "mgr module enable", "module": "dashboard"} v 0) -- 0x7fc22c196b60 con 0x7fc22c105e30
2024-09-19T08:53:38.537 INFO:teuthology.orchestra.run.smithi083.stdout:/usr/bin/ceph: stderr
2024-09-19T08:53:37.909+0000 7fc223fff640 1 -- 172.21.15.83:0/3644315079 <== mon.0 v2:172.21.15.83:3300/0 7 ==== mon_command_ack([{"prefix": "mgr module enable", "module": "dashboard"}]=0 v9) ==== 88+0+0 (secure 0 0 0) 0x7fc21c03ad80 con 0x7fc22c105e30
2024-09-19T08:53:38.537 INFO:teuthology.orchestra.run.smithi083.stdout:/usr/bin/ceph: stderr
2024-09-19T08:53:37.910+0000 7fc223fff640 1 -- 172.21.15.83:0/3644315079 <== mon.0 v2:172.21.15.83:3300/0 8 ==== mgrmap(e 9) ==== 46474+0+0 (secure 0 0 0) 0x7fc21c03cc50 con 0x7fc22c105e30
2024-09-19T08:53:38.537 INFO:teuthology.orchestra.run.smithi083.stdout:/usr/bin/ceph: stderr
2024-09-19T08:53:37.912+0000 7fc230a91640 1 -- 172.21.15.83:0/3644315079 >> [v2:172.21.15.83:6800/1883694223,v1:172.21.15.83:6801/1883694223] conn(0x7fc2180391b0 msgr2=0x7fc21803b670 secure :-1 s=STATE_CONNECTION_ESTABLISHED l=1).mark_down
2024-09-19T08:53:38.537 INFO:teuthology.orchestra.run.smithi083.stdout:/usr/bin/ceph: stderr
2024-09-19T08:53:37.912+0000 7fc230a91640 1 --2- 172.21.15.83:0/3644315079 >> [v2:172.21.15.83:6800/1883694223,v1:172.21.15.83:6801/1883694223] conn(0x7fc2180391b0 0x7fc21803b670 secure :-1 s=READY pgs=16 cs=0 l=1 rev1=1 crypto rx=0x7fc2140098c0 tx=0x7fc214006db0 comp rx=0 tx=0).stop
2024-09-19T08:53:38.537 INFO:teuthology.orchestra.run.smithi083.stdout:/usr/bin/ceph: stderr
2024-09-19T08:53:37.912+0000 7fc230a91640 1 -- 172.21.15.83:0/3644315079 >> [v2:172.21.15.83:3300/0,v1:172.21.15.83:6789/0] conn(0x7fc22c105e30 msgr2=0x7fc22c19d6f0 secure :-1 s=STATE_CONNECTION_ESTABLISHED l=1).mark_down
2024-09-19T08:53:38.537 INFO:teuthology.orchestra.run.smithi083.stdout:/usr/bin/ceph: stderr
2024-09-19T08:53:37.912+0000 7fc230a91640 1 --2- 172.21.15.83:0/3644315079 >> [v2:172.21.15.83:3300/0,v1:172.21.15.83:6789/0] conn(0x7fc22c105e30 0x7fc22c19d6f0 secure :-1 s=READY pgs=54 cs=0 l=1 rev1=1 crypto rx=0x7fc21c0097f0 tx=0x7fc21c030c70 comp rx=0 tx=0).stop
2024-09-19T08:53:38.537 INFO:teuthology.orchestra.run.smithi083.stdout:/usr/bin/ceph: stderr
2024-09-19T08:53:37.912+0000 7fc230a91640 1 -- 172.21.15.83:0/3644315079 shutdown_connections
2024-09-19T08:53:38.537 INFO:teuthology.orchestra.run.smithi083.stdout:/usr/bin/ceph: stderr
2024-09-19T08:53:37.912+0000 7fc230a91640 1 --2- 172.21.15.83:0/3644315079 >> [v2:172.21.15.83:6800/1883694223,v1:172.21.15.83:6801/1883694223] conn(0x7fc2180391b0 0x7fc21803b670 unknown :-1 s=CLOSED pgs=16 cs=0 l=1 rev1=1 crypto rx=0 tx=0 comp rx=0 tx=0).stop
2024-09-19T08:53:38.537 INFO:teuthology.orchestra.run.smithi083.stdout:/usr/bin/ceph: stderr
2024-09-19T08:53:37.912+0000 7fc230a91640 1 --2- 172.21.15.83:0/3644315079 >> [v2:172.21.15.83:3300/0,v1:172.21.15.83:6789/0] conn(0x7fc22c105e30 0x7fc22c19d6f0 unknown :-1 s=CLOSED pgs=54 cs=0 l=1 rev1=1 crypto rx=0 tx=0 comp rx=0 tx=0).stop
2024-09-19T08:53:38.537 INFO:teuthology.orchestra.run.smithi083.stdout:/usr/bin/ceph: stderr
2024-09-19T08:53:37.912+0000 7fc230a91640 1 -- 172.21.15.83:0/3644315079 >> 172.21.15.83:0/3644315079 conn(0x7fc22c101c60 msgr2=0x7fc22c191b00 unknown :-1 s=STATE_NONE l=0).mark_down
2024-09-19T08:53:38.537 INFO:teuthology.orchestra.run.smithi083.stdout:/usr/bin/ceph: stderr
2024-09-19T08:53:37.912+0000 7fc230a91640 1 -- 172.21.15.83:0/3644315079 shutdown_connections
2024-09-19T08:53:38.537 INFO:teuthology.orchestra.run.smithi083.stdout:/usr/bin/ceph: stderr
2024-09-19T08:53:37.912+0000 7fc230a91640 1 -- 172.21.15.83:0/3644315079 wait complete.
2024-09-19T08:53:38.781 INFO:journalctl@ceph.mgr.x.smithi083.stdout:Sep 19 08:53:38 smithi083 ceph-68681c4c-7664-11ef-bceb-c7b262605968-mgr-x[31154]:
2024-09-19T08:53:38.628+0000 7f5f0f831040 -1 mgr[py] Module snap_schedule has missing NOTIFY_TYPES member
2024-09-19T08:53:39.165 INFO:journalctl@ceph.mon.a.smithi083.stdout:Sep 19 08:53:38 smithi083 ceph-mon[30926]: from='client.? 172.21.15.83:0/3644315079' entity='client.admin' cmd='[{"prefix": "mgr module enable", "module": "dashboard"}]': finished
2024-09-19T08:53:39.165 INFO:journalctl@ceph.mon.a.smithi083.stdout:Sep 19 08:53:38 smithi083 ceph-mon[30926]: mgrmap e9: x(active, since 18s)
2024-09-19T08:53:39.165 INFO:journalctl@ceph.mgr.x.smithi083.stdout:Sep 19 08:53:38 smithi083 ceph-68681c4c-7664-11ef-bceb-c7b262605968-mgr-x[31154]:
2024-09-19T08:53:38.953+0000 7f5f0f831040 -1 mgr[py] Module prometheus has missing NOTIFY_TYPES member
2024-09-19T08:53:39.165 INFO:journalctl@ceph.mgr.x.smithi083.stdout:Sep 19 08:53:39 smithi083 ceph-68681c4c-7664-11ef-bceb-c7b262605968-mgr-x[31154]:
2024-09-19T08:53:39.018+0000 7f5f0f831040 -1 mgr[py] Module selftest has missing NOTIFY_TYPES member
2024-09-19T08:53:39.461 INFO:journalctl@ceph.mgr.x.smithi083.stdout:Sep 19 08:53:39 smithi083 ceph-68681c4c-7664-11ef-bceb-c7b262605968-mgr-x[31154]:
2024-09-19T08:53:39.210+0000 7f5f0f831040 -1 mgr[py] Module volumes has missing NOTIFY_TYPES member
2024-09-19T08:53:39.775 INFO:teuthology.orchestra.run.smithi083.stdout:/usr/bin/ceph: stdout {
2024-09-19T08:53:39.775 INFO:teuthology.orchestra.run.smithi083.stdout:/usr/bin/ceph: stdout "epoch": 9,
2024-09-19T08:53:39.775 INFO:teuthology.orchestra.run.smithi083.stdout:/usr/bin/ceph: stdout "available": true,
2024-09-19T08:53:39.775 INFO:teuthology.orchestra.run.smithi083.stdout:/usr/bin/ceph: stdout "active_name": "x",
2024-09-19T08:53:39.775 INFO:teuthology.orchestra.run.smithi083.stdout:/usr/bin/ceph: stdout "num_standby": 0
2024-09-19T08:53:39.775 INFO:teuthology.orchestra.run.smithi083.stdout:/usr/bin/ceph: stdout }
2024-09-19T08:53:39.775 INFO:teuthology.orchestra.run.smithi083.stdout:/usr/bin/ceph: stderr
2024-09-19T08:53:38.959+0000 7fb67e949640 1 Processor -- start
2024-09-19T08:53:39.775 INFO:teuthology.orchestra.run.smithi083.stdout:/usr/bin/ceph: stderr
2024-09-19T08:53:38.959+0000 7fb67e949640 1 -- start start
2024-09-19T08:53:39.776 INFO:teuthology.orchestra.run.smithi083.stdout:/usr/bin/ceph: stderr
2024-09-19T08:53:38.959+0000 7fb67e949640 1 --2- >> [v2:172.21.15.83:3300/0,v1:172.21.15.83:6789/0] conn(0x7fb678108080 0x7fb67810a470 unknown :-1 s=NONE pgs=0 cs=0 l=0 rev1=0 crypto rx=0 tx=0 comp rx=0 tx=0).connect
2024-09-19T08:53:39.776 INFO:teuthology.orchestra.run.smithi083.stdout:/usr/bin/ceph: stderr
2024-09-19T08:53:38.959+0000 7fb67e949640 1 -- --> [v2:172.21.15.83:3300/0,v1:172.21.15.83:6789/0] -- mon_getmap magic: 0 -- 0x7fb678075940 con 0x7fb678108080
2024-09-19T08:53:39.776 INFO:teuthology.orchestra.run.smithi083.stdout:/usr/bin/ceph: stderr
2024-09-19T08:53:38.959+0000 7fb677fff640 1 --2- >> [v2:172.21.15.83:3300/0,v1:172.21.15.83:6789/0] conn(0x7fb678108080 0x7fb67810a470 unknown :-1 s=BANNER_CONNECTING pgs=0 cs=0 l=0 rev1=0 crypto rx=0 tx=0 comp rx=0 tx=0)._handle_peer_banner_payload supported=3 required=0
2024-09-19T08:53:39.776 INFO:teuthology.orchestra.run.smithi083.stdout:/usr/bin/ceph: stderr
2024-09-19T08:53:38.959+0000 7fb677fff640 1 --2- >> [v2:172.21.15.83:3300/0,v1:172.21.15.83:6789/0] conn(0x7fb678108080 0x7fb67810a470 unknown :-1 s=HELLO_CONNECTING pgs=0 cs=0 l=0 rev1=1 crypto rx=0 tx=0 comp rx=0 tx=0).handle_hello peer v2:172.21.15.83:3300/0 says I am v2:172.21.15.83:41664/0 (socket says 172.21.15.83:41664)
2024-09-19T08:53:39.776 INFO:teuthology.orchestra.run.smithi083.stdout:/usr/bin/ceph: stderr
2024-09-19T08:53:38.959+0000 7fb677fff640 1 -- 172.21.15.83:0/3149421484 learned_addr learned my addr 172.21.15.83:0/3149421484 (peer_addr_for_me v2:172.21.15.83:0/0)
2024-09-19T08:53:39.776 INFO:teuthology.orchestra.run.smithi083.stdout:/usr/bin/ceph: stderr
2024-09-19T08:53:38.960+0000 7fb677fff640 1 -- 172.21.15.83:0/3149421484 --> [v2:172.21.15.83:3300/0,v1:172.21.15.83:6789/0] -- mon_subscribe({config=0+,monmap=0+}) -- 0x7fb67810a9b0 con 0x7fb678108080
2024-09-19T08:53:39.776 INFO:teuthology.orchestra.run.smithi083.stdout:/usr/bin/ceph: stderr
2024-09-19T08:53:38.960+0000 7fb677fff640 1 --2- 172.21.15.83:0/3149421484 >> [v2:172.21.15.83:3300/0,v1:172.21.15.83:6789/0] conn(0x7fb678108080 0x7fb67810a470 secure :-1 s=READY pgs=57 cs=0 l=1 rev1=1 crypto rx=0x7fb668009820 tx=0x7fb66802a270 comp rx=0 tx=0).ready entity=mon.0 client_cookie=fb4a611eb336c3dc server_cookie=0 in_seq=0 out_seq=0
2024-09-19T08:53:39.776 INFO:teuthology.orchestra.run.smithi083.stdout:/usr/bin/ceph: stderr
2024-09-19T08:53:38.960+0000 7fb676ffd640 1 -- 172.21.15.83:0/3149421484 <== mon.0 v2:172.21.15.83:3300/0 1 ==== mon_map magic: 0 ==== 205+0+0 (secure 0 0 0) 0x7fb668037070 con 0x7fb678108080
2024-09-19T08:53:39.776 INFO:teuthology.orchestra.run.smithi083.stdout:/usr/bin/ceph: stderr
2024-09-19T08:53:38.960+0000 7fb676ffd640 1 -- 172.21.15.83:0/3149421484 <== mon.0 v2:172.21.15.83:3300/0 2 ==== config(26 keys) ==== 1102+0+0 (secure 0 0 0) 0x7fb6680328f0 con 0x7fb678108080
2024-09-19T08:53:39.776 INFO:teuthology.orchestra.run.smithi083.stdout:/usr/bin/ceph: stderr
2024-09-19T08:53:38.960+0000 7fb676ffd640 1 -- 172.21.15.83:0/3149421484 <== mon.0 v2:172.21.15.83:3300/0 3 ==== mon_map magic: 0 ==== 205+0+0 (secure 0 0 0) 0x7fb668030740 con 0x7fb678108080
2024-09-19T08:53:39.776 INFO:teuthology.orchestra.run.smithi083.stdout:/usr/bin/ceph: stderr
2024-09-19T08:53:38.961+0000 7fb67e949640 1 -- 172.21.15.83:0/3149421484 >> [v2:172.21.15.83:3300/0,v1:172.21.15.83:6789/0] conn(0x7fb678108080 msgr2=0x7fb67810a470 secure :-1 s=STATE_CONNECTION_ESTABLISHED l=1).mark_down
2024-09-19T08:53:39.776 INFO:teuthology.orchestra.run.smithi083.stdout:/usr/bin/ceph: stderr
2024-09-19T08:53:38.961+0000 7fb67e949640 1 --2- 172.21.15.83:0/3149421484 >> [v2:172.21.15.83:3300/0,v1:172.21.15.83:6789/0] conn(0x7fb678108080 0x7fb67810a470 secure :-1 s=READY pgs=57 cs=0 l=1 rev1=1 crypto rx=0x7fb668009820 tx=0x7fb66802a270 comp rx=0 tx=0).stop
2024-09-19T08:53:39.776 INFO:teuthology.orchestra.run.smithi083.stdout:/usr/bin/ceph: stderr
2024-09-19T08:53:38.961+0000 7fb67e949640 1 -- 172.21.15.83:0/3149421484 shutdown_connections
2024-09-19T08:53:39.777 INFO:teuthology.orchestra.run.smithi083.stdout:/usr/bin/ceph: stderr
2024-09-19T08:53:38.961+0000 7fb67e949640 1 --2- 172.21.15.83:0/3149421484 >> [v2:172.21.15.83:3300/0,v1:172.21.15.83:6789/0] conn(0x7fb678108080 0x7fb67810a470 unknown :-1 s=CLOSED pgs=57 cs=0 l=1 rev1=1 crypto rx=0 tx=0 comp rx=0 tx=0).stop
2024-09-19T08:53:39.777 INFO:teuthology.orchestra.run.smithi083.stdout:/usr/bin/ceph: stderr
2024-09-19T08:53:38.961+0000 7fb67e949640 1 -- 172.21.15.83:0/3149421484 >> 172.21.15.83:0/3149421484 conn(0x7fb678101cc0 msgr2=0x7fb6781040e0 unknown :-1 s=STATE_NONE l=0).mark_down
2024-09-19T08:53:39.777 INFO:teuthology.orchestra.run.smithi083.stdout:/usr/bin/ceph: stderr
2024-09-19T08:53:38.961+0000 7fb67e949640 1 -- 172.21.15.83:0/3149421484 shutdown_connections
2024-09-19T08:53:39.777 INFO:teuthology.orchestra.run.smithi083.stdout:/usr/bin/ceph: stderr
2024-09-19T08:53:38.961+0000 7fb67e949640 1 -- 172.21.15.83:0/3149421484 wait complete.
2024-09-19T08:53:39.777 INFO:teuthology.orchestra.run.smithi083.stdout:/usr/bin/ceph: stderr
2024-09-19T08:53:38.962+0000 7fb67e949640 1 Processor -- start
2024-09-19T08:53:39.777 INFO:teuthology.orchestra.run.smithi083.stdout:/usr/bin/ceph: stderr
2024-09-19T08:53:38.962+0000 7fb67e949640 1 -- start start
2024-09-19T08:53:39.777 INFO:teuthology.orchestra.run.smithi083.stdout:/usr/bin/ceph: stderr
2024-09-19T08:53:38.962+0000 7fb67e949640 1 --2- >> [v2:172.21.15.83:3300/0,v1:172.21.15.83:6789/0] conn(0x7fb678108080 0x7fb67819d730 unknown :-1 s=NONE pgs=0 cs=0 l=1 rev1=0 crypto rx=0 tx=0 comp rx=0 tx=0).connect
2024-09-19T08:53:39.777 INFO:teuthology.orchestra.run.smithi083.stdout:/usr/bin/ceph: stderr
2024-09-19T08:53:38.962+0000 7fb67e949640 1 -- --> [v2:172.21.15.83:3300/0,v1:172.21.15.83:6789/0] -- mon_getmap magic: 0 -- 0x7fb67810b9d0 con 0x7fb678108080
2024-09-19T08:53:39.777 INFO:teuthology.orchestra.run.smithi083.stdout:/usr/bin/ceph: stderr
2024-09-19T08:53:38.962+0000 7fb677fff640 1 --2- >> [v2:172.21.15.83:3300/0,v1:172.21.15.83:6789/0] conn(0x7fb678108080 0x7fb67819d730 unknown :-1 s=BANNER_CONNECTING pgs=0 cs=0 l=1 rev1=0 crypto rx=0 tx=0 comp rx=0 tx=0)._handle_peer_banner_payload supported=3 required=0
2024-09-19T08:53:39.777 INFO:teuthology.orchestra.run.smithi083.stdout:/usr/bin/ceph: stderr
2024-09-19T08:53:38.962+0000 7fb677fff640 1 --2- >> [v2:172.21.15.83:3300/0,v1:172.21.15.83:6789/0] conn(0x7fb678108080 0x7fb67819d730 unknown :-1 s=HELLO_CONNECTING pgs=0 cs=0 l=1 rev1=1 crypto rx=0 tx=0 comp rx=0 tx=0).handle_hello peer v2:172.21.15.83:3300/0 says I am v2:172.21.15.83:41666/0 (socket says 172.21.15.83:41666)
2024-09-19T08:53:39.777 INFO:teuthology.orchestra.run.smithi083.stdout:/usr/bin/ceph: stderr
2024-09-19T08:53:38.962+0000 7fb677fff640 1 -- 172.21.15.83:0/1791261510 learned_addr learned my addr 172.21.15.83:0/1791261510 (peer_addr_for_me v2:172.21.15.83:0/0)
2024-09-19T08:53:39.777 INFO:teuthology.orchestra.run.smithi083.stdout:/usr/bin/ceph: stderr
2024-09-19T08:53:38.962+0000 7fb677fff640 1 -- 172.21.15.83:0/1791261510 --> [v2:172.21.15.83:3300/0,v1:172.21.15.83:6789/0] -- mon_subscribe({config=0+,monmap=0+}) -- 0x7fb67819dc70 con 0x7fb678108080
2024-09-19T08:53:39.777 INFO:teuthology.orchestra.run.smithi083.stdout:/usr/bin/ceph: stderr
2024-09-19T08:53:38.963+0000 7fb677fff640 1 --2- 172.21.15.83:0/1791261510 >> [v2:172.21.15.83:3300/0,v1:172.21.15.83:6789/0] conn(0x7fb678108080 0x7fb67819d730 secure :-1 s=READY pgs=58 cs=0 l=1 rev1=1 crypto rx=0x7fb6680097f0 tx=0x7fb668030c70 comp rx=0 tx=0).ready entity=mon.0 client_cookie=0 server_cookie=0 in_seq=0 out_seq=0
2024-09-19T08:53:39.777 INFO:teuthology.orchestra.run.smithi083.stdout:/usr/bin/ceph: stderr
2024-09-19T08:53:38.963+0000 7fb6757fa640 1 -- 172.21.15.83:0/1791261510 <== mon.0 v2:172.21.15.83:3300/0 1 ==== mon_map magic: 0 ==== 205+0+0 (secure 0 0 0) 0x7fb668042070 con 0x7fb678108080
2024-09-19T08:53:39.778 INFO:teuthology.orchestra.run.smithi083.stdout:/usr/bin/ceph: stderr
2024-09-19T08:53:38.963+0000 7fb6757fa640 1 -- 172.21.15.83:0/1791261510 <== mon.0 v2:172.21.15.83:3300/0 2 ==== config(26 keys) ==== 1102+0+0 (secure 0 0 0) 0x7fb668030d80 con 0x7fb678108080
2024-09-19T08:53:39.778 INFO:teuthology.orchestra.run.smithi083.stdout:/usr/bin/ceph: stderr
2024-09-19T08:53:38.963+0000 7fb67e949640 1 -- 172.21.15.83:0/1791261510 --> [v2:172.21.15.83:3300/0,v1:172.21.15.83:6789/0] -- mon_subscribe({mgrmap=0+}) -- 0x7fb67819df00 con 0x7fb678108080
2024-09-19T08:53:39.778 INFO:teuthology.orchestra.run.smithi083.stdout:/usr/bin/ceph: stderr
2024-09-19T08:53:38.963+0000 7fb6757fa640 1 -- 172.21.15.83:0/1791261510 <== mon.0 v2:172.21.15.83:3300/0 3 ==== mon_map magic: 0 ==== 205+0+0 (secure 0 0 0) 0x7fb668037040 con 0x7fb678108080
2024-09-19T08:53:39.778 INFO:teuthology.orchestra.run.smithi083.stdout:/usr/bin/ceph: stderr
2024-09-19T08:53:38.963+0000 7fb67e949640 1 -- 172.21.15.83:0/1791261510 --> [v2:172.21.15.83:3300/0,v1:172.21.15.83:6789/0] -- mon_subscribe({osdmap=0}) -- 0x7fb6781a0bf0 con 0x7fb678108080
2024-09-19T08:53:39.778 INFO:teuthology.orchestra.run.smithi083.stdout:/usr/bin/ceph: stderr
2024-09-19T08:53:38.964+0000 7fb6757fa640 1 -- 172.21.15.83:0/1791261510 <== mon.0 v2:172.21.15.83:3300/0 4 ==== mgrmap(e 9) ==== 46474+0+0 (secure 0 0 0) 0x7fb668045070 con 0x7fb678108080
2024-09-19T08:53:39.778 INFO:teuthology.orchestra.run.smithi083.stdout:/usr/bin/ceph: stderr
2024-09-19T08:53:38.964+0000 7fb6757fa640 1 --2- 172.21.15.83:0/1791261510 >> [v2:172.21.15.83:6800/1883694223,v1:172.21.15.83:6801/1883694223] conn(0x7fb660039260 0x7fb66003b720 unknown :-1 s=NONE pgs=0 cs=0 l=1 rev1=0 crypto rx=0 tx=0 comp rx=0 tx=0).connect
2024-09-19T08:53:39.778 INFO:teuthology.orchestra.run.smithi083.stdout:/usr/bin/ceph: stderr
2024-09-19T08:53:38.964+0000 7fb6757fa640 1 -- 172.21.15.83:0/1791261510 <== mon.0 v2:172.21.15.83:3300/0 5 ==== osd_map(2..2 src has 1..2) ==== 940+0+0 (secure 0 0 0) 0x7fb66806c360 con 0x7fb678108080
2024-09-19T08:53:39.778 INFO:teuthology.orchestra.run.smithi083.stdout:/usr/bin/ceph: stderr
2024-09-19T08:53:38.964+0000 7fb6777fe640 1 -- 172.21.15.83:0/1791261510 >> [v2:172.21.15.83:6800/1883694223,v1:172.21.15.83:6801/1883694223] conn(0x7fb660039260 msgr2=0x7fb66003b720 unknown :-1 s=STATE_CONNECTING_RE l=1).process reconnect failed to v2:172.21.15.83:6800/1883694223
2024-09-19T08:53:39.778 INFO:teuthology.orchestra.run.smithi083.stdout:/usr/bin/ceph: stderr
2024-09-19T08:53:38.964+0000 7fb6777fe640 1 --2- 172.21.15.83:0/1791261510 >> [v2:172.21.15.83:6800/1883694223,v1:172.21.15.83:6801/1883694223] conn(0x7fb660039260 0x7fb66003b720 unknown :-1 s=START_CONNECT pgs=0 cs=0 l=1 rev1=0 crypto rx=0 tx=0 comp rx=0 tx=0)._fault waiting 0.200000
2024-09-19T08:53:39.778 INFO:teuthology.orchestra.run.smithi083.stdout:/usr/bin/ceph: stderr
2024-09-19T08:53:38.964+0000 7fb67e949640 1 -- 172.21.15.83:0/1791261510 --> [v2:172.21.15.83:3300/0,v1:172.21.15.83:6789/0] -- mon_command({"prefix": "get_command_descriptions"} v 0) -- 0x7fb6781084e0 con 0x7fb678108080
2024-09-19T08:53:39.778 INFO:teuthology.orchestra.run.smithi083.stdout:/usr/bin/ceph: stderr
2024-09-19T08:53:38.969+0000 7fb6757fa640 1 -- 172.21.15.83:0/1791261510 <== mon.0 v2:172.21.15.83:3300/0 6 ==== mon_command_ack([{"prefix": "get_command_descriptions"}]=0 v0) ==== 72+0+188913 (secure 0 0 0) 0x7fb668045520 con 0x7fb678108080
2024-09-19T08:53:39.778 INFO:teuthology.orchestra.run.smithi083.stdout:/usr/bin/ceph: stderr
2024-09-19T08:53:39.165+0000 7fb6777fe640 1 -- 172.21.15.83:0/1791261510 >> [v2:172.21.15.83:6800/1883694223,v1:172.21.15.83:6801/1883694223] conn(0x7fb660039260 msgr2=0x7fb66003b720 unknown :-1 s=STATE_CONNECTING_RE l=1).process reconnect failed to v2:172.21.15.83:6800/1883694223
2024-09-19T08:53:39.778 INFO:teuthology.orchestra.run.smithi083.stdout:/usr/bin/ceph: stderr
2024-09-19T08:53:39.165+0000 7fb6777fe640 1 --2- 172.21.15.83:0/1791261510 >> [v2:172.21.15.83:6800/1883694223,v1:172.21.15.83:6801/1883694223] conn(0x7fb660039260 0x7fb66003b720 unknown :-1 s=START_CONNECT pgs=0 cs=0 l=1 rev1=0 crypto rx=0 tx=0 comp rx=0 tx=0)._fault waiting 0.400000
2024-09-19T08:53:39.779 INFO:teuthology.orchestra.run.smithi083.stdout:/usr/bin/ceph: stderr
2024-09-19T08:53:39.188+0000 7fb67e949640 1 -- 172.21.15.83:0/1791261510 --> [v2:172.21.15.83:3300/0,v1:172.21.15.83:6789/0] -- mon_command({"prefix": "mgr stat"} v 0) -- 0x7fb6781a10d0 con 0x7fb678108080
2024-09-19T08:53:39.779 INFO:teuthology.orchestra.run.smithi083.stdout:/usr/bin/ceph: stderr
2024-09-19T08:53:39.189+0000 7fb6757fa640 1 -- 172.21.15.83:0/1791261510 <== mon.0 v2:172.21.15.83:3300/0 7 ==== mon_command_ack([{"prefix": "mgr stat"}]=0 v9) ==== 56+0+88 (secure 0 0 0) 0x7fb66803add0 con 0x7fb678108080
2024-09-19T08:53:39.779 INFO:teuthology.orchestra.run.smithi083.stdout:/usr/bin/ceph: stderr
2024-09-19T08:53:39.191+0000 7fb67e949640 1 -- 172.21.15.83:0/1791261510 >> [v2:172.21.15.83:6800/1883694223,v1:172.21.15.83:6801/1883694223] conn(0x7fb660039260 msgr2=0x7fb66003b720 unknown :-1 s=STATE_CONNECTING l=1).mark_down
2024-09-19T08:53:39.779 INFO:teuthology.orchestra.run.smithi083.stdout:/usr/bin/ceph: stderr
2024-09-19T08:53:39.191+0000 7fb67e949640 1 --2- 172.21.15.83:0/1791261510 >> [v2:172.21.15.83:6800/1883694223,v1:172.21.15.83:6801/1883694223] conn(0x7fb660039260 0x7fb66003b720 unknown :-1 s=START_CONNECT pgs=0 cs=0 l=1 rev1=0 crypto rx=0 tx=0 comp rx=0 tx=0).stop
2024-09-19T08:53:39.779 INFO:teuthology.orchestra.run.smithi083.stdout:/usr/bin/ceph: stderr
2024-09-19T08:53:39.191+0000 7fb67e949640 1 -- 172.21.15.83:0/1791261510 >> [v2:172.21.15.83:3300/0,v1:172.21.15.83:6789/0] conn(0x7fb678108080 msgr2=0x7fb67819d730 secure :-1 s=STATE_CONNECTION_ESTABLISHED l=1).mark_down
2024-09-19T08:53:39.779 INFO:teuthology.orchestra.run.smithi083.stdout:/usr/bin/ceph: stderr
2024-09-19T08:53:39.191+0000 7fb67e949640 1 --2- 172.21.15.83:0/1791261510 >> [v2:172.21.15.83:3300/0,v1:172.21.15.83:6789/0] conn(0x7fb678108080 0x7fb67819d730 secure :-1 s=READY pgs=58 cs=0 l=1 rev1=1 crypto rx=0x7fb6680097f0 tx=0x7fb668030c70 comp rx=0 tx=0).stop
2024-09-19T08:53:39.779 INFO:teuthology.orchestra.run.smithi083.stdout:/usr/bin/ceph: stderr
2024-09-19T08:53:39.191+0000 7fb67e949640 1 -- 172.21.15.83:0/1791261510 shutdown_connections
2024-09-19T08:53:39.779 INFO:teuthology.orchestra.run.smithi083.stdout:/usr/bin/ceph: stderr
2024-09-19T08:53:39.191+0000 7fb67e949640 1 --2- 172.21.15.83:0/1791261510 >> [v2:172.21.15.83:6800/1883694223,v1:172.21.15.83:6801/1883694223] conn(0x7fb660039260 0x7fb66003b720 unknown :-1 s=CLOSED pgs=0 cs=0 l=1 rev1=0 crypto rx=0 tx=0 comp rx=0 tx=0).stop
2024-09-19T08:53:39.779 INFO:teuthology.orchestra.run.smithi083.stdout:/usr/bin/ceph: stderr
2024-09-19T08:53:39.191+0000 7fb67e949640 1 --2- 172.21.15.83:0/1791261510 >> [v2:172.21.15.83:3300/0,v1:172.21.15.83:6789/0] conn(0x7fb678108080 0x7fb67819d730 unknown :-1 s=CLOSED pgs=58 cs=0 l=1 rev1=1 crypto rx=0 tx=0 comp rx=0 tx=0).stop
2024-09-19T08:53:39.779 INFO:teuthology.orchestra.run.smithi083.stdout:/usr/bin/ceph: stderr
2024-09-19T08:53:39.191+0000 7fb67e949640 1 -- 172.21.15.83:0/1791261510 >> 172.21.15.83:0/1791261510 conn(0x7fb678101cc0 msgr2=0x7fb678102810 unknown :-1 s=STATE_NONE l=0).mark_down
2024-09-19T08:53:39.779 INFO:teuthology.orchestra.run.smithi083.stdout:/usr/bin/ceph: stderr
2024-09-19T08:53:39.191+0000 7fb67e949640 1 -- 172.21.15.83:0/1791261510 shutdown_connections
2024-09-19T08:53:39.779 INFO:teuthology.orchestra.run.smithi083.stdout:/usr/bin/ceph: stderr
2024-09-19T08:53:39.191+0000 7fb67e949640 1 -- 172.21.15.83:0/1791261510 wait complete.
2024-09-19T08:53:39.779 INFO:teuthology.orchestra.run.smithi083.stdout:Waiting for the mgr to restart...
2024-09-19T08:53:39.780 INFO:teuthology.orchestra.run.smithi083.stdout:Waiting for mgr epoch 9...
2024-09-19T08:53:39.961 INFO:journalctl@ceph.mon.a.smithi083.stdout:Sep 19 08:53:39 smithi083 ceph-mon[30926]: from='client.? 172.21.15.83:0/1791261510' entity='client.admin' cmd=[{"prefix": "mgr stat"}]: dispatch
2024-09-19T08:53:40.430 INFO:journalctl@ceph.mgr.x.smithi083.stdout:Sep 19 08:53:40 smithi083 ceph-68681c4c-7664-11ef-bceb-c7b262605968-mgr-x[31154]:
2024-09-19T08:53:40.119+0000 7f5f0f831040 -1 mgr[py] Module telemetry has missing NOTIFY_TYPES member
2024-09-19T08:53:40.430 INFO:journalctl@ceph.mgr.x.smithi083.stdout:Sep 19 08:53:40 smithi083 ceph-68681c4c-7664-11ef-bceb-c7b262605968-mgr-x[31154]:
2024-09-19T08:53:40.189+0000 7f5f0f831040 -1 mgr[py] Module balancer has missing NOTIFY_TYPES member
2024-09-19T08:53:41.158 INFO:journalctl@ceph.mgr.x.smithi083.stdout:Sep 19 08:53:40 smithi083 ceph-68681c4c-7664-11ef-bceb-c7b262605968-mgr-x[31154]:
2024-09-19T08:53:40.904+0000 7f5f0f831040 -1 mgr[py] Module rook has missing NOTIFY_TYPES member
2024-09-19T08:53:41.158 INFO:journalctl@ceph.mgr.x.smithi083.stdout:Sep 19 08:53:41 smithi083 ceph-68681c4c-7664-11ef-bceb-c7b262605968-mgr-x[31154]:
2024-09-19T08:53:41.018+0000 7f5f0f831040 -1 mgr[py] Module iostat has missing NOTIFY_TYPES member
2024-09-19T08:53:41.427 INFO:journalctl@ceph.mgr.x.smithi083.stdout:Sep 19 08:53:41 smithi083 ceph-68681c4c-7664-11ef-bceb-c7b262605968-mgr-x[31154]:
2024-09-19T08:53:41.158+0000 7f5f0f831040 -1 mgr[py] Module orchestrator has missing NOTIFY_TYPES member
2024-09-19T08:53:41.427 INFO:journalctl@ceph.mgr.x.smithi083.stdout:Sep 19 08:53:41 smithi083 ceph-68681c4c-7664-11ef-bceb-c7b262605968-mgr-x[31154]:
2024-09-19T08:53:41.224+0000 7f5f0f831040 -1 mgr[py] Module devicehealth has missing NOTIFY_TYPES member
2024-09-19T08:53:41.427 INFO:journalctl@ceph.mgr.x.smithi083.stdout:Sep 19 08:53:41 smithi083 ceph-68681c4c-7664-11ef-bceb-c7b262605968-mgr-x[31154]:
2024-09-19T08:53:41.379+0000 7f5f0f831040 -1 mgr[py] Module rgw has missing NOTIFY_TYPES member
2024-09-19T08:53:41.680 INFO:journalctl@ceph.mgr.x.smithi083.stdout:Sep 19 08:53:41 smithi083 ceph-68681c4c-7664-11ef-bceb-c7b262605968-mgr-x[31154]:
2024-09-19T08:53:41.451+0000 7f5f0f831040 -1 mgr[py] Module alerts has missing NOTIFY_TYPES member
2024-09-19T08:53:41.680 INFO:journalctl@ceph.mgr.x.smithi083.stdout:Sep 19 08:53:41 smithi083 ceph-68681c4c-7664-11ef-bceb-c7b262605968-mgr-x[31154]:
2024-09-19T08:53:41.513+0000 7f5f0f831040 -1 mgr[py] Module progress has missing NOTIFY_TYPES member
2024-09-19T08:53:41.680 INFO:journalctl@ceph.mgr.x.smithi083.stdout:Sep 19 08:53:41 smithi083 ceph-68681c4c-7664-11ef-bceb-c7b262605968-mgr-x[31154]:
2024-09-19T08:53:41.680+0000 7f5f0f831040 -1 mgr[py] Module nfs has missing NOTIFY_TYPES member
2024-09-19T08:53:41.961 INFO:journalctl@ceph.mgr.x.smithi083.stdout:Sep 19 08:53:41 smithi083 ceph-68681c4c-7664-11ef-bceb-c7b262605968-mgr-x[31154]:
2024-09-19T08:53:41.748+0000 7f5f0f831040 -1 mgr[py] Module status has missing NOTIFY_TYPES member
2024-09-19T08:53:41.961 INFO:journalctl@ceph.mgr.x.smithi083.stdout:Sep 19 08:53:41 smithi083 ceph-68681c4c-7664-11ef-bceb-c7b262605968-mgr-x[31154]:
2024-09-19T08:53:41.817+0000 7f5f0f831040 -1 mgr[py] Module pg_autoscaler has missing NOTIFY_TYPES member
2024-09-19T08:53:41.961 INFO:journalctl@ceph.mgr.x.smithi083.stdout:Sep 19 08:53:41 smithi083 ceph-68681c4c-7664-11ef-bceb-c7b262605968-mgr-x[31154]:
2024-09-19T08:53:41.903+0000 7f5f0f831040 -1 mgr[py] Module rbd_support has missing NOTIFY_TYPES member
2024-09-19T08:53:42.412 INFO:journalctl@ceph.mgr.x.smithi083.stdout:Sep 19 08:53:41 smithi083 ceph-68681c4c-7664-11ef-bceb-c7b262605968-mgr-x[31154]:
2024-09-19T08:53:41.964+0000 7f5f0f831040 -1 mgr[py] Module influx has missing NOTIFY_TYPES member
2024-09-19T08:53:42.412 INFO:journalctl@ceph.mgr.x.smithi083.stdout:Sep 19 08:53:42 smithi083 ceph-68681c4c-7664-11ef-bceb-c7b262605968-mgr-x[31154]:
2024-09-19T08:53:42.025+0000 7f5f0f831040 -1 mgr[py] Module zabbix has missing NOTIFY_TYPES member
2024-09-19T08:53:43.211 INFO:journalctl@ceph.mgr.x.smithi083.stdout:Sep 19 08:53:42 smithi083 ceph-68681c4c-7664-11ef-bceb-c7b262605968-mgr-x[31154]:
2024-09-19T08:53:42.829+0000 7f5f0f831040 -1 mgr[py] Module telegraf has missing NOTIFY_TYPES member
2024-09-19T08:53:43.211 INFO:journalctl@ceph.mon.a.smithi083.stdout:Sep 19 08:53:42 smithi083 ceph-mon[30926]: Active manager daemon x restarted
2024-09-19T08:53:43.211 INFO:journalctl@ceph.mon.a.smithi083.stdout:Sep 19 08:53:42 smithi083 ceph-mon[30926]: Activating manager daemon x
2024-09-19T08:53:43.211 INFO:journalctl@ceph.mon.a.smithi083.stdout:Sep 19 08:53:42 smithi083 ceph-mon[30926]: osdmap e3: 0 total, 0 up, 0 in
2024-09-19T08:53:43.211 INFO:journalctl@ceph.mon.a.smithi083.stdout:Sep 19 08:53:42 smithi083 ceph-mon[30926]: mgrmap e10: x(active, starting, since 0.00349388s)
2024-09-19T08:53:43.212 INFO:journalctl@ceph.mon.a.smithi083.stdout:Sep 19 08:53:42 smithi083 ceph-mon[30926]: from='mgr.14150 172.21.15.83:0/3777440541' entity='mgr.x' cmd=[{"prefix": "mon metadata", "id": "a"}]: dispatch
2024-09-19T08:53:43.212 INFO:journalctl@ceph.mon.a.smithi083.stdout:Sep 19 08:53:42 smithi083 ceph-mon[30926]: from='mgr.14150 172.21.15.83:0/3777440541' entity='mgr.x' cmd=[{"prefix": "mgr metadata", "who": "x", "id": "x"}]: dispatch
2024-09-19T08:53:43.212 INFO:journalctl@ceph.mon.a.smithi083.stdout:Sep 19 08:53:42 smithi083 ceph-mon[30926]: from='mgr.14150 172.21.15.83:0/3777440541' entity='mgr.x' cmd=[{"prefix": "mds metadata"}]: dispatch
2024-09-19T08:53:43.212 INFO:journalctl@ceph.mon.a.smithi083.stdout:Sep 19 08:53:42 smithi083 ceph-mon[30926]: from='mgr.14150 172.21.15.83:0/3777440541' entity='mgr.x' cmd=[{"prefix": "osd metadata"}]: dispatch
2024-09-19T08:53:43.212 INFO:journalctl@ceph.mon.a.smithi083.stdout:Sep 19 08:53:42 smithi083 ceph-mon[30926]: from='mgr.14150 172.21.15.83:0/3777440541' entity='mgr.x' cmd=[{"prefix": "mon metadata"}]: dispatch
2024-09-19T08:53:43.212 INFO:journalctl@ceph.mon.a.smithi083.stdout:Sep 19 08:53:42 smithi083 ceph-mon[30926]: Manager daemon x is now available
2024-09-19T08:53:43.212 INFO:journalctl@ceph.mon.a.smithi083.stdout:Sep 19 08:53:42 smithi083 ceph-mon[30926]: from='mgr.14150 172.21.15.83:0/3777440541' entity='mgr.x' cmd=[{"prefix": "config dump", "format": "json"}]: dispatch
2024-09-19T08:53:43.212 INFO:journalctl@ceph.mon.a.smithi083.stdout:Sep 19 08:53:42 smithi083 ceph-mon[30926]: from='mgr.14150 172.21.15.83:0/3777440541' entity='mgr.x' cmd=[{"prefix":"config rm","who":"mgr","name":"mgr/rbd_support/x/mirror_snapshot_schedule"}]: dispatch
2024-09-19T08:53:43.212 INFO:journalctl@ceph.mon.a.smithi083.stdout:Sep 19 08:53:42 smithi083 ceph-mon[30926]: from='mgr.14150 172.21.15.83:0/3777440541' entity='mgr.x' cmd=[{"prefix":"config rm","who":"mgr","name":"mgr/rbd_support/x/trash_purge_schedule"}]: dispatch
2024-09-19T08:53:44.402 INFO:journalctl@ceph.mgr.x.smithi083.stdout:Sep 19 08:53:43 smithi083 ceph-68681c4c-7664-11ef-bceb-c7b262605968-mgr-x[31154]:
2024-09-19T08:53:43.993+0000 7f5e752fa640 -1 log_channel(cephadm) log [ERR] : [19/Sep/2024:08:53:43] ENGINE Error in HTTPServer.serve
2024-09-19T08:53:44.402 INFO:journalctl@ceph.mgr.x.smithi083.stdout:Sep 19 08:53:43 smithi083 ceph-68681c4c-7664-11ef-bceb-c7b262605968-mgr-x[31154]: Traceback (most recent call last):
2024-09-19T08:53:44.402 INFO:journalctl@ceph.mgr.x.smithi083.stdout:Sep 19 08:53:43 smithi083 ceph-68681c4c-7664-11ef-bceb-c7b262605968-mgr-x[31154]: File "/lib/python3.9/site-packages/cheroot/server.py", line 1823, in serve
2024-09-19T08:53:44.403 INFO:journalctl@ceph.mgr.x.smithi083.stdout:Sep 19 08:53:43 smithi083 ceph-68681c4c-7664-11ef-bceb-c7b262605968-mgr-x[31154]: self._connections.run(self.expiration_interval)
2024-09-19T08:53:44.403 INFO:journalctl@ceph.mgr.x.smithi083.stdout:Sep 19 08:53:43 smithi083 ceph-68681c4c-7664-11ef-bceb-c7b262605968-mgr-x[31154]: File "/lib/python3.9/site-packages/cheroot/connections.py", line 203, in run
2024-09-19T08:53:44.403 INFO:journalctl@ceph.mgr.x.smithi083.stdout:Sep 19 08:53:43 smithi083 ceph-68681c4c-7664-11ef-bceb-c7b262605968-mgr-x[31154]: self._run(expiration_interval)
2024-09-19T08:53:44.403 INFO:journalctl@ceph.mgr.x.smithi083.stdout:Sep 19 08:53:43 smithi083 ceph-68681c4c-7664-11ef-bceb-c7b262605968-mgr-x[31154]: File "/lib/python3.9/site-packages/cheroot/connections.py", line 246, in _run
2024-09-19T08:53:44.403 INFO:journalctl@ceph.mgr.x.smithi083.stdout:Sep 19 08:53:43 smithi083 ceph-68681c4c-7664-11ef-bceb-c7b262605968-mgr-x[31154]: new_conn = self._from_server_socket(self.server.socket)
2024-09-19T08:53:44.403 INFO:journalctl@ceph.mgr.x.smithi083.stdout:Sep 19 08:53:43 smithi083 ceph-68681c4c-7664-11ef-bceb-c7b262605968-mgr-x[31154]: File "/lib/python3.9/site-packages/cheroot/connections.py", line 300, in _from_server_socket
2024-09-19T08:53:44.403 INFO:journalctl@ceph.mgr.x.smithi083.stdout:Sep 19 08:53:43 smithi083 ceph-68681c4c-7664-11ef-bceb-c7b262605968-mgr-x[31154]: s, ssl_env = self.server.ssl_adapter.wrap(s)
2024-09-19T08:53:44.403 INFO:journalctl@ceph.mgr.x.smithi083.stdout:Sep 19 08:53:43 smithi083 ceph-68681c4c-7664-11ef-bceb-c7b262605968-mgr-x[31154]: File "/lib/python3.9/site-packages/cheroot/ssl/builtin.py", line 277, in wrap
2024-09-19T08:53:44.403 INFO:journalctl@ceph.mgr.x.smithi083.stdout:Sep 19 08:53:43 smithi083 ceph-68681c4c-7664-11ef-bceb-c7b262605968-mgr-x[31154]: s = self.context.wrap_socket(
2024-09-19T08:53:44.403 INFO:journalctl@ceph.mgr.x.smithi083.stdout:Sep 19 08:53:43 smithi083 ceph-68681c4c-7664-11ef-bceb-c7b262605968-mgr-x[31154]: File "/lib64/python3.9/ssl.py", line 501, in wrap_socket
2024-09-19T08:53:44.403 INFO:journalctl@ceph.mgr.x.smithi083.stdout:Sep 19 08:53:43 smithi083 ceph-68681c4c-7664-11ef-bceb-c7b262605968-mgr-x[31154]: return self.sslsocket_class._create(
2024-09-19T08:53:44.403 INFO:journalctl@ceph.mgr.x.smithi083.stdout:Sep 19 08:53:43 smithi083 ceph-68681c4c-7664-11ef-bceb-c7b262605968-mgr-x[31154]: File "/lib64/python3.9/ssl.py", line 1074, in _create
2024-09-19T08:53:44.403 INFO:journalctl@ceph.mgr.x.smithi083.stdout:Sep 19 08:53:43 smithi083 ceph-68681c4c-7664-11ef-bceb-c7b262605968-mgr-x[31154]: self.do_handshake()
2024-09-19T08:53:44.404 INFO:journalctl@ceph.mgr.x.smithi083.stdout:Sep 19 08:53:43 smithi083 ceph-68681c4c-7664-11ef-bceb-c7b262605968-mgr-x[31154]: File "/lib64/python3.9/ssl.py", line 1343, in do_handshake
2024-09-19T08:53:44.404 INFO:journalctl@ceph.mgr.x.smithi083.stdout:Sep 19 08:53:43 smithi083 ceph-68681c4c-7664-11ef-bceb-c7b262605968-mgr-x[31154]: self._sslobj.do_handshake()
2024-09-19T08:53:44.404 INFO:journalctl@ceph.mgr.x.smithi083.stdout:Sep 19 08:53:43 smithi083 ceph-68681c4c-7664-11ef-bceb-c7b262605968-mgr-x[31154]: ssl.SSLZeroReturnError: TLS/SSL connection has been closed (EOF) (_ssl.c:1133)
2024-09-19T08:53:44.404 INFO:journalctl@ceph.mgr.x.smithi083.stdout:Sep 19 08:53:43 smithi083 ceph-68681c4c-7664-11ef-bceb-c7b262605968-mgr-x[31154]:
2024-09-19T08:53:44.713 INFO:teuthology.orchestra.run.smithi083.stdout:/usr/bin/ceph: stdout {
2024-09-19T08:53:44.713 INFO:teuthology.orchestra.run.smithi083.stdout:/usr/bin/ceph: stdout "mgrmap_epoch": 11,
2024-09-19T08:53:44.713 INFO:teuthology.orchestra.run.smithi083.stdout:/usr/bin/ceph: stdout "initialized": true
2024-09-19T08:53:44.713 INFO:teuthology.orchestra.run.smithi083.stdout:/usr/bin/ceph: stdout }
2024-09-19T08:53:44.713 INFO:teuthology.orchestra.run.smithi083.stdout:/usr/bin/ceph: stderr
2024-09-19T08:53:40.223+0000 7f711daf0640 1 Processor -- start
2024-09-19T08:53:44.713 INFO:teuthology.orchestra.run.smithi083.stdout:/usr/bin/ceph: stderr
2024-09-19T08:53:40.223+0000 7f711daf0640 1 -- start start
2024-09-19T08:53:44.713 INFO:teuthology.orchestra.run.smithi083.stdout:/usr/bin/ceph: stderr
2024-09-19T08:53:40.224+0000 7f711daf0640 1 --2- >> [v2:172.21.15.83:3300/0,v1:172.21.15.83:6789/0] conn(0x7f7118105e20 0x7f7118106220 unknown :-1 s=NONE pgs=0 cs=0 l=0 rev1=0 crypto rx=0 tx=0 comp rx=0 tx=0).connect
2024-09-19T08:53:44.713 INFO:teuthology.orchestra.run.smithi083.stdout:/usr/bin/ceph: stderr
2024-09-19T08:53:40.224+0000 7f711daf0640 1 -- --> [v2:172.21.15.83:3300/0,v1:172.21.15.83:6789/0] -- mon_getmap magic: 0 -- 0x7f7118075920 con 0x7f7118105e20
2024-09-19T08:53:44.713 INFO:teuthology.orchestra.run.smithi083.stdout:/usr/bin/ceph: stderr
2024-09-19T08:53:40.224+0000 7f71177fe640 1 --2- >> [v2:172.21.15.83:3300/0,v1:172.21.15.83:6789/0] conn(0x7f7118105e20 0x7f7118106220 unknown :-1 s=BANNER_CONNECTING pgs=0 cs=0 l=0 rev1=0 crypto rx=0 tx=0 comp rx=0 tx=0)._handle_peer_banner_payload supported=3 required=0
2024-09-19T08:53:44.713 INFO:teuthology.orchestra.run.smithi083.stdout:/usr/bin/ceph: stderr
2024-09-19T08:53:40.224+0000 7f71177fe640 1 --2- >> [v2:172.21.15.83:3300/0,v1:172.21.15.83:6789/0] conn(0x7f7118105e20 0x7f7118106220 unknown :-1 s=HELLO_CONNECTING pgs=0 cs=0 l=0 rev1=1 crypto rx=0 tx=0 comp rx=0 tx=0).handle_hello peer v2:172.21.15.83:3300/0 says I am v2:172.21.15.83:38206/0 (socket says 172.21.15.83:38206)
2024-09-19T08:53:44.714 INFO:teuthology.orchestra.run.smithi083.stdout:/usr/bin/ceph: stderr
2024-09-19T08:53:40.224+0000 7f71177fe640 1 -- 172.21.15.83:0/262122284 learned_addr learned my addr 172.21.15.83:0/262122284 (peer_addr_for_me v2:172.21.15.83:0/0)
2024-09-19T08:53:44.714 INFO:teuthology.orchestra.run.smithi083.stdout:/usr/bin/ceph: stderr
2024-09-19T08:53:40.224+0000 7f71177fe640 1 -- 172.21.15.83:0/262122284 --> [v2:172.21.15.83:3300/0,v1:172.21.15.83:6789/0] -- mon_subscribe({config=0+,monmap=0+}) -- 0x7f7118106760 con 0x7f7118105e20
2024-09-19T08:53:44.714 INFO:teuthology.orchestra.run.smithi083.stdout:/usr/bin/ceph: stderr
2024-09-19T08:53:40.225+0000 7f71177fe640 1 --2- 172.21.15.83:0/262122284 >> [v2:172.21.15.83:3300/0,v1:172.21.15.83:6789/0] conn(0x7f7118105e20 0x7f7118106220 secure :-1 s=READY pgs=59 cs=0 l=1 rev1=1 crypto rx=0x7f7108009820 tx=0x7f710802a270 comp rx=0 tx=0).ready entity=mon.0 client_cookie=816d98f4fef5e620 server_cookie=0 in_seq=0 out_seq=0
2024-09-19T08:53:44.714 INFO:teuthology.orchestra.run.smithi083.stdout:/usr/bin/ceph: stderr
2024-09-19T08:53:40.225+0000 7f71167fc640 1 -- 172.21.15.83:0/262122284 <== mon.0 v2:172.21.15.83:3300/0 1 ==== mon_map magic: 0 ==== 205+0+0 (secure 0 0 0) 0x7f7108037070 con 0x7f7118105e20
2024-09-19T08:53:44.714 INFO:teuthology.orchestra.run.smithi083.stdout:/usr/bin/ceph: stderr
2024-09-19T08:53:40.225+0000 7f71167fc640 1 -- 172.21.15.83:0/262122284 <== mon.0 v2:172.21.15.83:3300/0 2 ==== config(26 keys) ==== 1102+0+0 (secure 0 0 0) 0x7f71080328f0 con 0x7f7118105e20
2024-09-19T08:53:44.714 INFO:teuthology.orchestra.run.smithi083.stdout:/usr/bin/ceph: stderr
2024-09-19T08:53:40.225+0000 7f71167fc640 1 -- 172.21.15.83:0/262122284 <== mon.0 v2:172.21.15.83:3300/0 3 ==== mon_map magic: 0 ==== 205+0+0 (secure 0 0 0) 0x7f7108030740 con 0x7f7118105e20
2024-09-19T08:53:44.714 INFO:teuthology.orchestra.run.smithi083.stdout:/usr/bin/ceph: stderr
2024-09-19T08:53:40.226+0000 7f711daf0640 1 -- 172.21.15.83:0/262122284 >> [v2:172.21.15.83:3300/0,v1:172.21.15.83:6789/0] conn(0x7f7118105e20 msgr2=0x7f7118106220 secure :-1 s=STATE_CONNECTION_ESTABLISHED l=1).mark_down
2024-09-19T08:53:44.714 INFO:teuthology.orchestra.run.smithi083.stdout:/usr/bin/ceph: stderr
2024-09-19T08:53:40.226+0000 7f711daf0640 1 --2- 172.21.15.83:0/262122284 >> [v2:172.21.15.83:3300/0,v1:172.21.15.83:6789/0] conn(0x7f7118105e20 0x7f7118106220 secure :-1 s=READY pgs=59 cs=0 l=1 rev1=1 crypto rx=0x7f7108009820 tx=0x7f710802a270 comp rx=0 tx=0).stop
2024-09-19T08:53:44.714 INFO:teuthology.orchestra.run.smithi083.stdout:/usr/bin/ceph: stderr
2024-09-19T08:53:40.226+0000 7f711daf0640 1 -- 172.21.15.83:0/262122284 shutdown_connections
2024-09-19T08:53:44.714 INFO:teuthology.orchestra.run.smithi083.stdout:/usr/bin/ceph: stderr
2024-09-19T08:53:40.226+0000 7f711daf0640 1 --2- 172.21.15.83:0/262122284 >> [v2:172.21.15.83:3300/0,v1:172.21.15.83:6789/0] conn(0x7f7118105e20 0x7f7118106220 unknown :-1 s=CLOSED pgs=59 cs=0 l=1 rev1=1 crypto rx=0 tx=0 comp rx=0 tx=0).stop
2024-09-19T08:53:44.714 INFO:teuthology.orchestra.run.smithi083.stdout:/usr/bin/ceph: stderr
2024-09-19T08:53:40.226+0000 7f711daf0640 1 -- 172.21.15.83:0/262122284 >> 172.21.15.83:0/262122284 conn(0x7f7118101c70 msgr2=0x7f7118104090 unknown :-1 s=STATE_NONE l=0).mark_down
2024-09-19T08:53:44.714 INFO:teuthology.orchestra.run.smithi083.stdout:/usr/bin/ceph: stderr
2024-09-19T08:53:40.226+0000 7f711daf0640 1 -- 172.21.15.83:0/262122284 shutdown_connections
2024-09-19T08:53:44.715 INFO:teuthology.orchestra.run.smithi083.stdout:/usr/bin/ceph: stderr
2024-09-19T08:53:40.226+0000 7f711daf0640 1 -- 172.21.15.83:0/262122284 wait complete.
2024-09-19T08:53:44.715 INFO:teuthology.orchestra.run.smithi083.stdout:/usr/bin/ceph: stderr
2024-09-19T08:53:40.226+0000 7f711daf0640 1 Processor -- start
2024-09-19T08:53:44.715 INFO:teuthology.orchestra.run.smithi083.stdout:/usr/bin/ceph: stderr
2024-09-19T08:53:40.227+0000 7f711daf0640 1 -- start start
2024-09-19T08:53:44.715 INFO:teuthology.orchestra.run.smithi083.stdout:/usr/bin/ceph: stderr
2024-09-19T08:53:40.227+0000 7f711daf0640 1 --2- >> [v2:172.21.15.83:3300/0,v1:172.21.15.83:6789/0] conn(0x7f7118105e20 0x7f711819d720 unknown :-1 s=NONE pgs=0 cs=0 l=1 rev1=0 crypto rx=0 tx=0 comp rx=0 tx=0).connect
2024-09-19T08:53:44.715 INFO:teuthology.orchestra.run.smithi083.stdout:/usr/bin/ceph: stderr
2024-09-19T08:53:40.227+0000 7f711daf0640 1 -- --> [v2:172.21.15.83:3300/0,v1:172.21.15.83:6789/0] -- mon_getmap magic: 0 -- 0x7f7118107840 con 0x7f7118105e20
2024-09-19T08:53:44.715 INFO:teuthology.orchestra.run.smithi083.stdout:/usr/bin/ceph: stderr
2024-09-19T08:53:40.227+0000 7f71177fe640 1 --2- >> [v2:172.21.15.83:3300/0,v1:172.21.15.83:6789/0] conn(0x7f7118105e20 0x7f711819d720 unknown :-1 s=BANNER_CONNECTING pgs=0 cs=0 l=1 rev1=0 crypto rx=0 tx=0 comp rx=0 tx=0)._handle_peer_banner_payload supported=3 required=0
2024-09-19T08:53:44.715 INFO:teuthology.orchestra.run.smithi083.stdout:/usr/bin/ceph: stderr
2024-09-19T08:53:40.227+0000 7f71177fe640 1 --2- >> [v2:172.21.15.83:3300/0,v1:172.21.15.83:6789/0] conn(0x7f7118105e20 0x7f711819d720 unknown :-1 s=HELLO_CONNECTING pgs=0 cs=0 l=1 rev1=1 crypto rx=0 tx=0 comp rx=0 tx=0).handle_hello peer v2:172.21.15.83:3300/0 says I am v2:172.21.15.83:38216/0 (socket says 172.21.15.83:38216)
2024-09-19T08:53:44.715 INFO:teuthology.orchestra.run.smithi083.stdout:/usr/bin/ceph: stderr
2024-09-19T08:53:40.227+0000 7f71177fe640 1 -- 172.21.15.83:0/596664369 learned_addr learned my addr 172.21.15.83:0/596664369 (peer_addr_for_me v2:172.21.15.83:0/0)
2024-09-19T08:53:44.715 INFO:teuthology.orchestra.run.smithi083.stdout:/usr/bin/ceph: stderr
2024-09-19T08:53:40.227+0000 7f71177fe640 1 -- 172.21.15.83:0/596664369 --> [v2:172.21.15.83:3300/0,v1:172.21.15.83:6789/0] -- mon_subscribe({config=0+,monmap=0+}) -- 0x7f711819dc60 con 0x7f7118105e20
2024-09-19T08:53:44.715 INFO:teuthology.orchestra.run.smithi083.stdout:/usr/bin/ceph: stderr
2024-09-19T08:53:40.227+0000 7f71177fe640 1 --2- 172.21.15.83:0/596664369 >> [v2:172.21.15.83:3300/0,v1:172.21.15.83:6789/0] conn(0x7f7118105e20 0x7f711819d720 secure :-1 s=READY pgs=60 cs=0 l=1 rev1=1 crypto rx=0x7f7108030cc0 tx=0x7f7108030cf0 comp rx=0 tx=0).ready entity=mon.0 client_cookie=0 server_cookie=0 in_seq=0 out_seq=0
2024-09-19T08:53:44.715 INFO:teuthology.orchestra.run.smithi083.stdout:/usr/bin/ceph: stderr
2024-09-19T08:53:40.228+0000 7f7114ff9640 1 -- 172.21.15.83:0/596664369 <== mon.0 v2:172.21.15.83:3300/0 1 ==== mon_map magic: 0 ==== 205+0+0 (secure 0 0 0) 0x7f7108042070 con 0x7f7118105e20
2024-09-19T08:53:44.715 INFO:teuthology.orchestra.run.smithi083.stdout:/usr/bin/ceph: stderr
2024-09-19T08:53:40.228+0000 7f711daf0640 1 -- 172.21.15.83:0/596664369 --> [v2:172.21.15.83:3300/0,v1:172.21.15.83:6789/0] -- mon_subscribe({mgrmap=0+}) -- 0x7f711819def0 con 0x7f7118105e20
2024-09-19T08:53:44.716 INFO:teuthology.orchestra.run.smithi083.stdout:/usr/bin/ceph: stderr
2024-09-19T08:53:40.228+0000 7f7114ff9640 1 -- 172.21.15.83:0/596664369 <== mon.0 v2:172.21.15.83:3300/0 2 ==== config(26 keys) ==== 1102+0+0 (secure 0 0 0) 0x7f7108030e60 con 0x7f7118105e20
2024-09-19T08:53:44.716 INFO:teuthology.orchestra.run.smithi083.stdout:/usr/bin/ceph: stderr
2024-09-19T08:53:40.228+0000 7f7114ff9640 1 -- 172.21.15.83:0/596664369 <== mon.0 v2:172.21.15.83:3300/0 3 ==== mon_map magic: 0 ==== 205+0+0 (secure 0 0 0) 0x7f7108037040 con 0x7f7118105e20
2024-09-19T08:53:44.716 INFO:teuthology.orchestra.run.smithi083.stdout:/usr/bin/ceph: stderr
2024-09-19T08:53:40.228+0000 7f711daf0640 1 -- 172.21.15.83:0/596664369 --> [v2:172.21.15.83:3300/0,v1:172.21.15.83:6789/0] -- mon_subscribe({osdmap=0}) -- 0x7f71181a0be0 con 0x7f7118105e20
2024-09-19T08:53:44.716 INFO:teuthology.orchestra.run.smithi083.stdout:/usr/bin/ceph: stderr
2024-09-19T08:53:40.229+0000 7f7114ff9640 1 -- 172.21.15.83:0/596664369 <== mon.0 v2:172.21.15.83:3300/0 4 ==== mgrmap(e 9) ==== 46474+0+0 (secure 0 0 0) 0x7f7108045070 con 0x7f7118105e20
2024-09-19T08:53:44.716 INFO:teuthology.orchestra.run.smithi083.stdout:/usr/bin/ceph: stderr
2024-09-19T08:53:40.229+0000 7f7114ff9640 1 --2- 172.21.15.83:0/596664369 >> [v2:172.21.15.83:6800/1883694223,v1:172.21.15.83:6801/1883694223] conn(0x7f7100039200 0x7f710003b6c0 unknown :-1 s=NONE pgs=0 cs=0 l=1 rev1=0 crypto rx=0 tx=0 comp rx=0 tx=0).connect
2024-09-19T08:53:44.716 INFO:teuthology.orchestra.run.smithi083.stdout:/usr/bin/ceph: stderr
2024-09-19T08:53:40.229+0000 7f7114ff9640 1 -- 172.21.15.83:0/596664369 --> [v2:172.21.15.83:6800/1883694223,v1:172.21.15.83:6801/1883694223] -- command(tid 0: {"prefix": "get_command_descriptions"}) -- 0x7f710003bdd0 con 0x7f7100039200
2024-09-19T08:53:44.716 INFO:teuthology.orchestra.run.smithi083.stdout:/usr/bin/ceph: stderr
