2024-09-19T09:09:10.116 INFO:journalctl@ceph.mon.a.smithi046.stdout:Sep 19 09:09:09 smithi046 ceph-mon[31203]: [19/Sep/2024:09:09:08] ENGINE Serving on http://172.21.15.46:8765
2024-09-19T09:09:10.116 INFO:journalctl@ceph.mon.a.smithi046.stdout:Sep 19 09:09:09 smithi046 ceph-mon[31203]: [19/Sep/2024:09:09:08] ENGINE Bus STARTED
2024-09-19T09:09:10.116 INFO:journalctl@ceph.mon.a.smithi046.stdout:Sep 19 09:09:09 smithi046 ceph-mon[31203]: from='client.14132 -' entity='client.admin' cmd=[{"prefix": "cephadm set-user", "user": "root", "target": ["mon-mgr", ""]}]: dispatch
2024-09-19T09:09:10.116 INFO:journalctl@ceph.mon.a.smithi046.stdout:Sep 19 09:09:09 smithi046 ceph-mon[31203]: from='mgr.14118 172.21.15.46:0/2448708064' entity='mgr.x'
2024-09-19T09:09:10.116 INFO:journalctl@ceph.mon.a.smithi046.stdout:Sep 19 09:09:09 smithi046 ceph-mon[31203]: from='mgr.14118 172.21.15.46:0/2448708064' entity='mgr.x'
2024-09-19T09:09:10.116 INFO:journalctl@ceph.mgr.x.smithi046.stdout:Sep 19 09:09:09 smithi046 ceph-a514acda-7666-11ef-bceb-c7b262605968-mgr-x[31431]: Generating public/private rsa key pair.
2024-09-19T09:09:10.116 INFO:journalctl@ceph.mgr.x.smithi046.stdout:Sep 19 09:09:09 smithi046 ceph-a514acda-7666-11ef-bceb-c7b262605968-mgr-x[31431]: Your identification has been saved in /tmp/tmpcdj5ga2u/key
2024-09-19T09:09:10.116 INFO:journalctl@ceph.mgr.x.smithi046.stdout:Sep 19 09:09:09 smithi046 ceph-a514acda-7666-11ef-bceb-c7b262605968-mgr-x[31431]: Your public key has been saved in /tmp/tmpcdj5ga2u/key.pub
2024-09-19T09:09:10.117 INFO:journalctl@ceph.mgr.x.smithi046.stdout:Sep 19 09:09:09 smithi046 ceph-a514acda-7666-11ef-bceb-c7b262605968-mgr-x[31431]: The key fingerprint is:
2024-09-19T09:09:10.117 INFO:journalctl@ceph.mgr.x.smithi046.stdout:Sep 19 09:09:09 smithi046 ceph-a514acda-7666-11ef-bceb-c7b262605968-mgr-x[31431]: SHA256:4ETPpkXMtQEugC6BqjA4xk6sA3STSZ5/N9HY6B+K56c ceph-a514acda-7666-11ef-bceb-c7b262605968
2024-09-19T09:09:10.117 INFO:journalctl@ceph.mgr.x.smithi046.stdout:Sep 19 09:09:09 smithi046 ceph-a514acda-7666-11ef-bceb-c7b262605968-mgr-x[31431]: The key's randomart image is:
2024-09-19T09:09:10.117 INFO:journalctl@ceph.mgr.x.smithi046.stdout:Sep 19 09:09:09 smithi046 ceph-a514acda-7666-11ef-bceb-c7b262605968-mgr-x[31431]: +---[RSA 3072]----+
2024-09-19T09:09:10.117 INFO:journalctl@ceph.mgr.x.smithi046.stdout:Sep 19 09:09:09 smithi046 ceph-a514acda-7666-11ef-bceb-c7b262605968-mgr-x[31431]: |. .o+ .oooo |
2024-09-19T09:09:10.117 INFO:journalctl@ceph.mgr.x.smithi046.stdout:Sep 19 09:09:09 smithi046 ceph-a514acda-7666-11ef-bceb-c7b262605968-mgr-x[31431]: |o.o=.o =o =o |
2024-09-19T09:09:10.117 INFO:journalctl@ceph.mgr.x.smithi046.stdout:Sep 19 09:09:09 smithi046 ceph-a514acda-7666-11ef-bceb-c7b262605968-mgr-x[31431]: |*o.o. + *+.o |
2024-09-19T09:09:10.117 INFO:journalctl@ceph.mgr.x.smithi046.stdout:Sep 19 09:09:09 smithi046 ceph-a514acda-7666-11ef-bceb-c7b262605968-mgr-x[31431]: |O=. .o *. . |
2024-09-19T09:09:10.117 INFO:journalctl@ceph.mgr.x.smithi046.stdout:Sep 19 09:09:09 smithi046 ceph-a514acda-7666-11ef-bceb-c7b262605968-mgr-x[31431]: |O+ .o.S+ . |
2024-09-19T09:09:10.117 INFO:journalctl@ceph.mgr.x.smithi046.stdout:Sep 19 09:09:09 smithi046 ceph-a514acda-7666-11ef-bceb-c7b262605968-mgr-x[31431]: |+. . o + . |
2024-09-19T09:09:10.117 INFO:journalctl@ceph.mgr.x.smithi046.stdout:Sep 19 09:09:09 smithi046 ceph-a514acda-7666-11ef-bceb-c7b262605968-mgr-x[31431]: | . . o . |
2024-09-19T09:09:10.118 INFO:journalctl@ceph.mgr.x.smithi046.stdout:Sep 19 09:09:09 smithi046 ceph-a514acda-7666-11ef-bceb-c7b262605968-mgr-x[31431]: | o . |
2024-09-19T09:09:10.118 INFO:journalctl@ceph.mgr.x.smithi046.stdout:Sep 19 09:09:09 smithi046 ceph-a514acda-7666-11ef-bceb-c7b262605968-mgr-x[31431]: | Eo |
2024-09-19T09:09:10.118 INFO:journalctl@ceph.mgr.x.smithi046.stdout:Sep 19 09:09:09 smithi046 ceph-a514acda-7666-11ef-bceb-c7b262605968-mgr-x[31431]: +----[SHA256]-----+
2024-09-19T09:09:10.390 INFO:teuthology.orchestra.run.smithi046.stdout:/usr/bin/ceph: stderr
2024-09-19T09:09:09.536+0000 7f39d755f640 1 Processor -- start
2024-09-19T09:09:10.390 INFO:teuthology.orchestra.run.smithi046.stdout:/usr/bin/ceph: stderr
2024-09-19T09:09:09.536+0000 7f39d755f640 1 -- start start
2024-09-19T09:09:10.390 INFO:teuthology.orchestra.run.smithi046.stdout:/usr/bin/ceph: stderr
2024-09-19T09:09:09.536+0000 7f39d755f640 1 --2- >> [v2:172.21.15.46:3300/0,v1:172.21.15.46:6789/0] conn(0x7f39d0107f80 0x7f39d010a370 unknown :-1 s=NONE pgs=0 cs=0 l=0 rev1=0 crypto rx=0 tx=0 comp rx=0 tx=0).connect
2024-09-19T09:09:10.390 INFO:teuthology.orchestra.run.smithi046.stdout:/usr/bin/ceph: stderr
2024-09-19T09:09:09.536+0000 7f39d755f640 1 -- --> [v2:172.21.15.46:3300/0,v1:172.21.15.46:6789/0] -- mon_getmap magic: 0 -- 0x7f39d007be60 con 0x7f39d0107f80
2024-09-19T09:09:10.390 INFO:teuthology.orchestra.run.smithi046.stdout:/usr/bin/ceph: stderr
2024-09-19T09:09:09.537+0000 7f39d52fb640 1 --2- >> [v2:172.21.15.46:3300/0,v1:172.21.15.46:6789/0] conn(0x7f39d0107f80 0x7f39d010a370 unknown :-1 s=BANNER_CONNECTING pgs=0 cs=0 l=0 rev1=0 crypto rx=0 tx=0 comp rx=0 tx=0)._handle_peer_banner_payload supported=3 required=0
2024-09-19T09:09:10.390 INFO:teuthology.orchestra.run.smithi046.stdout:/usr/bin/ceph: stderr
2024-09-19T09:09:09.537+0000 7f39d52fb640 1 --2- >> [v2:172.21.15.46:3300/0,v1:172.21.15.46:6789/0] conn(0x7f39d0107f80 0x7f39d010a370 unknown :-1 s=HELLO_CONNECTING pgs=0 cs=0 l=0 rev1=1 crypto rx=0 tx=0 comp rx=0 tx=0).handle_hello peer v2:172.21.15.46:3300/0 says I am v2:172.21.15.46:36252/0 (socket says 172.21.15.46:36252)
2024-09-19T09:09:10.390 INFO:teuthology.orchestra.run.smithi046.stdout:/usr/bin/ceph: stderr
2024-09-19T09:09:09.537+0000 7f39d52fb640 1 -- 172.21.15.46:0/1854074205 learned_addr learned my addr 172.21.15.46:0/1854074205 (peer_addr_for_me v2:172.21.15.46:0/0)
2024-09-19T09:09:10.390 INFO:teuthology.orchestra.run.smithi046.stdout:/usr/bin/ceph: stderr
2024-09-19T09:09:09.537+0000 7f39d52fb640 1 -- 172.21.15.46:0/1854074205 --> [v2:172.21.15.46:3300/0,v1:172.21.15.46:6789/0] -- mon_subscribe({config=0+,monmap=0+}) -- 0x7f39d010a8b0 con 0x7f39d0107f80
2024-09-19T09:09:10.390 INFO:teuthology.orchestra.run.smithi046.stdout:/usr/bin/ceph: stderr
2024-09-19T09:09:09.538+0000 7f39d52fb640 1 --2- 172.21.15.46:0/1854074205 >> [v2:172.21.15.46:3300/0,v1:172.21.15.46:6789/0] conn(0x7f39d0107f80 0x7f39d010a370 secure :-1 s=READY pgs=39 cs=0 l=1 rev1=1 crypto rx=0x7f39c0009e80 tx=0x7f39c002a7a0 comp rx=0 tx=0).ready entity=mon.0 client_cookie=8ce46263985fb753 server_cookie=0 in_seq=0 out_seq=0
2024-09-19T09:09:10.391 INFO:teuthology.orchestra.run.smithi046.stdout:/usr/bin/ceph: stderr
2024-09-19T09:09:09.538+0000 7f39cffff640 1 -- 172.21.15.46:0/1854074205 <== mon.0 v2:172.21.15.46:3300/0 1 ==== mon_map magic: 0 ==== 205+0+0 (secure 0 0 0) 0x7f39c0036070 con 0x7f39d0107f80
2024-09-19T09:09:10.391 INFO:teuthology.orchestra.run.smithi046.stdout:/usr/bin/ceph: stderr
2024-09-19T09:09:09.538+0000 7f39cffff640 1 -- 172.21.15.46:0/1854074205 <== mon.0 v2:172.21.15.46:3300/0 2 ==== config(27 keys) ==== 1109+0+0 (secure 0 0 0) 0x7f39c00318c0 con 0x7f39d0107f80
2024-09-19T09:09:10.391 INFO:teuthology.orchestra.run.smithi046.stdout:/usr/bin/ceph: stderr
2024-09-19T09:09:09.538+0000 7f39cffff640 1 -- 172.21.15.46:0/1854074205 <== mon.0 v2:172.21.15.46:3300/0 3 ==== mon_map magic: 0 ==== 205+0+0 (secure 0 0 0) 0x7f39c0007ab0 con 0x7f39d0107f80
2024-09-19T09:09:10.391 INFO:teuthology.orchestra.run.smithi046.stdout:/usr/bin/ceph: stderr
2024-09-19T09:09:09.538+0000 7f39d755f640 1 -- 172.21.15.46:0/1854074205 >> [v2:172.21.15.46:3300/0,v1:172.21.15.46:6789/0] conn(0x7f39d0107f80 msgr2=0x7f39d010a370 secure :-1 s=STATE_CONNECTION_ESTABLISHED l=1).mark_down
2024-09-19T09:09:10.391 INFO:teuthology.orchestra.run.smithi046.stdout:/usr/bin/ceph: stderr
2024-09-19T09:09:09.539+0000 7f39d755f640 1 --2- 172.21.15.46:0/1854074205 >> [v2:172.21.15.46:3300/0,v1:172.21.15.46:6789/0] conn(0x7f39d0107f80 0x7f39d010a370 secure :-1 s=READY pgs=39 cs=0 l=1 rev1=1 crypto rx=0x7f39c0009e80 tx=0x7f39c002a7a0 comp rx=0 tx=0).stop
2024-09-19T09:09:10.391 INFO:teuthology.orchestra.run.smithi046.stdout:/usr/bin/ceph: stderr
2024-09-19T09:09:09.539+0000 7f39d755f640 1 -- 172.21.15.46:0/1854074205 shutdown_connections
2024-09-19T09:09:10.391 INFO:teuthology.orchestra.run.smithi046.stdout:/usr/bin/ceph: stderr
2024-09-19T09:09:09.539+0000 7f39d755f640 1 --2- 172.21.15.46:0/1854074205 >> [v2:172.21.15.46:3300/0,v1:172.21.15.46:6789/0] conn(0x7f39d0107f80 0x7f39d010a370 unknown :-1 s=CLOSED pgs=39 cs=0 l=1 rev1=1 crypto rx=0 tx=0 comp rx=0 tx=0).stop
2024-09-19T09:09:10.391 INFO:teuthology.orchestra.run.smithi046.stdout:/usr/bin/ceph: stderr
2024-09-19T09:09:09.539+0000 7f39d755f640 1 -- 172.21.15.46:0/1854074205 >> 172.21.15.46:0/1854074205 conn(0x7f39d0101b80 msgr2=0x7f39d0103fe0 unknown :-1 s=STATE_NONE l=0).mark_down
2024-09-19T09:09:10.391 INFO:teuthology.orchestra.run.smithi046.stdout:/usr/bin/ceph: stderr
2024-09-19T09:09:09.539+0000 7f39d755f640 1 -- 172.21.15.46:0/1854074205 shutdown_connections
2024-09-19T09:09:10.391 INFO:teuthology.orchestra.run.smithi046.stdout:/usr/bin/ceph: stderr
2024-09-19T09:09:09.539+0000 7f39d755f640 1 -- 172.21.15.46:0/1854074205 wait complete.
2024-09-19T09:09:10.391 INFO:teuthology.orchestra.run.smithi046.stdout:/usr/bin/ceph: stderr
2024-09-19T09:09:09.539+0000 7f39d755f640 1 Processor -- start
2024-09-19T09:09:10.391 INFO:teuthology.orchestra.run.smithi046.stdout:/usr/bin/ceph: stderr
2024-09-19T09:09:09.539+0000 7f39d755f640 1 -- start start
2024-09-19T09:09:10.392 INFO:teuthology.orchestra.run.smithi046.stdout:/usr/bin/ceph: stderr
2024-09-19T09:09:09.539+0000 7f39d755f640 1 --2- >> [v2:172.21.15.46:3300/0,v1:172.21.15.46:6789/0] conn(0x7f39d0107f80 0x7f39d0107800 unknown :-1 s=NONE pgs=0 cs=0 l=1 rev1=0 crypto rx=0 tx=0 comp rx=0 tx=0).connect
2024-09-19T09:09:10.392 INFO:teuthology.orchestra.run.smithi046.stdout:/usr/bin/ceph: stderr
2024-09-19T09:09:09.539+0000 7f39d755f640 1 -- --> [v2:172.21.15.46:3300/0,v1:172.21.15.46:6789/0] -- mon_getmap magic: 0 -- 0x7f39d010b950 con 0x7f39d0107f80
2024-09-19T09:09:10.392 INFO:teuthology.orchestra.run.smithi046.stdout:/usr/bin/ceph: stderr
2024-09-19T09:09:09.540+0000 7f39d52fb640 1 --2- >> [v2:172.21.15.46:3300/0,v1:172.21.15.46:6789/0] conn(0x7f39d0107f80 0x7f39d0107800 unknown :-1 s=BANNER_CONNECTING pgs=0 cs=0 l=1 rev1=0 crypto rx=0 tx=0 comp rx=0 tx=0)._handle_peer_banner_payload supported=3 required=0
2024-09-19T09:09:10.392 INFO:teuthology.orchestra.run.smithi046.stdout:/usr/bin/ceph: stderr
2024-09-19T09:09:09.540+0000 7f39d52fb640 1 --2- >> [v2:172.21.15.46:3300/0,v1:172.21.15.46:6789/0] conn(0x7f39d0107f80 0x7f39d0107800 unknown :-1 s=HELLO_CONNECTING pgs=0 cs=0 l=1 rev1=1 crypto rx=0 tx=0 comp rx=0 tx=0).handle_hello peer v2:172.21.15.46:3300/0 says I am v2:172.21.15.46:36258/0 (socket says 172.21.15.46:36258)
2024-09-19T09:09:10.392 INFO:teuthology.orchestra.run.smithi046.stdout:/usr/bin/ceph: stderr
2024-09-19T09:09:09.540+0000 7f39d52fb640 1 -- 172.21.15.46:0/3144024678 learned_addr learned my addr 172.21.15.46:0/3144024678 (peer_addr_for_me v2:172.21.15.46:0/0)
2024-09-19T09:09:10.392 INFO:teuthology.orchestra.run.smithi046.stdout:/usr/bin/ceph: stderr
2024-09-19T09:09:09.540+0000 7f39d52fb640 1 -- 172.21.15.46:0/3144024678 --> [v2:172.21.15.46:3300/0,v1:172.21.15.46:6789/0] -- mon_subscribe({config=0+,monmap=0+}) -- 0x7f39d0107d40 con 0x7f39d0107f80
2024-09-19T09:09:10.392 INFO:teuthology.orchestra.run.smithi046.stdout:/usr/bin/ceph: stderr
2024-09-19T09:09:09.540+0000 7f39d52fb640 1 --2- 172.21.15.46:0/3144024678 >> [v2:172.21.15.46:3300/0,v1:172.21.15.46:6789/0] conn(0x7f39d0107f80 0x7f39d0107800 secure :-1 s=READY pgs=40 cs=0 l=1 rev1=1 crypto rx=0x7f39c0031ca0 tx=0x7f39c0031cd0 comp rx=0 tx=0).ready entity=mon.0 client_cookie=0 server_cookie=0 in_seq=0 out_seq=0
2024-09-19T09:09:10.392 INFO:teuthology.orchestra.run.smithi046.stdout:/usr/bin/ceph: stderr
2024-09-19T09:09:09.540+0000 7f39ce7fc640 1 -- 172.21.15.46:0/3144024678 <== mon.0 v2:172.21.15.46:3300/0 1 ==== mon_map magic: 0 ==== 205+0+0 (secure 0 0 0) 0x7f39c0036050 con 0x7f39d0107f80
2024-09-19T09:09:10.392 INFO:teuthology.orchestra.run.smithi046.stdout:/usr/bin/ceph: stderr
2024-09-19T09:09:09.540+0000 7f39ce7fc640 1 -- 172.21.15.46:0/3144024678 <== mon.0 v2:172.21.15.46:3300/0 2 ==== config(27 keys) ==== 1109+0+0 (secure 0 0 0) 0x7f39c0042070 con 0x7f39d0107f80
2024-09-19T09:09:10.392 INFO:teuthology.orchestra.run.smithi046.stdout:/usr/bin/ceph: stderr
2024-09-19T09:09:09.540+0000 7f39d755f640 1 -- 172.21.15.46:0/3144024678 --> [v2:172.21.15.46:3300/0,v1:172.21.15.46:6789/0] -- mon_subscribe({mgrmap=0+}) -- 0x7f39d0105f30 con 0x7f39d0107f80
2024-09-19T09:09:10.392 INFO:teuthology.orchestra.run.smithi046.stdout:/usr/bin/ceph: stderr
2024-09-19T09:09:09.540+0000 7f39ce7fc640 1 -- 172.21.15.46:0/3144024678 <== mon.0 v2:172.21.15.46:3300/0 3 ==== mon_map magic: 0 ==== 205+0+0 (secure 0 0 0) 0x7f39c003d820 con 0x7f39d0107f80
2024-09-19T09:09:10.392 INFO:teuthology.orchestra.run.smithi046.stdout:/usr/bin/ceph: stderr
2024-09-19T09:09:09.540+0000 7f39d755f640 1 -- 172.21.15.46:0/3144024678 --> [v2:172.21.15.46:3300/0,v1:172.21.15.46:6789/0] -- mon_subscribe({osdmap=0}) -- 0x7f39d0106470 con 0x7f39d0107f80
2024-09-19T09:09:10.393 INFO:teuthology.orchestra.run.smithi046.stdout:/usr/bin/ceph: stderr
2024-09-19T09:09:09.541+0000 7f39ce7fc640 1 -- 172.21.15.46:0/3144024678 <== mon.0 v2:172.21.15.46:3300/0 4 ==== mgrmap(e 8) ==== 46461+0+0 (secure 0 0 0) 0x7f39c003db20 con 0x7f39d0107f80
2024-09-19T09:09:10.393 INFO:teuthology.orchestra.run.smithi046.stdout:/usr/bin/ceph: stderr
2024-09-19T09:09:09.541+0000 7f39d755f640 1 -- 172.21.15.46:0/3144024678 --> [v2:172.21.15.46:3300/0,v1:172.21.15.46:6789/0] -- mon_command({"prefix": "get_command_descriptions"} v 0) -- 0x7f39d01083e0 con 0x7f39d0107f80
2024-09-19T09:09:10.393 INFO:teuthology.orchestra.run.smithi046.stdout:/usr/bin/ceph: stderr
2024-09-19T09:09:09.541+0000 7f39ce7fc640 1 --2- 172.21.15.46:0/3144024678 >> [v2:172.21.15.46:6800/4173084876,v1:172.21.15.46:6801/4173084876] conn(0x7f39b80391b0 0x7f39b803b670 unknown :-1 s=NONE pgs=0 cs=0 l=1 rev1=0 crypto rx=0 tx=0 comp rx=0 tx=0).connect
2024-09-19T09:09:10.393 INFO:teuthology.orchestra.run.smithi046.stdout:/usr/bin/ceph: stderr
2024-09-19T09:09:09.541+0000 7f39ce7fc640 1 -- 172.21.15.46:0/3144024678 <== mon.0 v2:172.21.15.46:3300/0 5 ==== osd_map(2..2 src has 1..2) ==== 940+0+0 (secure 0 0 0) 0x7f39c0007e00 con 0x7f39d0107f80
2024-09-19T09:09:10.393 INFO:teuthology.orchestra.run.smithi046.stdout:/usr/bin/ceph: stderr
2024-09-19T09:09:09.542+0000 7f39d4afa640 1 --2- 172.21.15.46:0/3144024678 >> [v2:172.21.15.46:6800/4173084876,v1:172.21.15.46:6801/4173084876] conn(0x7f39b80391b0 0x7f39b803b670 unknown :-1 s=BANNER_CONNECTING pgs=0 cs=0 l=1 rev1=0 crypto rx=0 tx=0 comp rx=0 tx=0)._handle_peer_banner_payload supported=3 required=0
2024-09-19T09:09:10.393 INFO:teuthology.orchestra.run.smithi046.stdout:/usr/bin/ceph: stderr
2024-09-19T09:09:09.542+0000 7f39d4afa640 1 --2- 172.21.15.46:0/3144024678 >> [v2:172.21.15.46:6800/4173084876,v1:172.21.15.46:6801/4173084876] conn(0x7f39b80391b0 0x7f39b803b670 secure :-1 s=READY pgs=9 cs=0 l=1 rev1=1 crypto rx=0x7f39c40098c0 tx=0x7f39c4006db0 comp rx=0 tx=0).ready entity=mgr.14118 client_cookie=0 server_cookie=0 in_seq=0 out_seq=0
2024-09-19T09:09:10.393 INFO:teuthology.orchestra.run.smithi046.stdout:/usr/bin/ceph: stderr
2024-09-19T09:09:09.546+0000 7f39ce7fc640 1 -- 172.21.15.46:0/3144024678 <== mon.0 v2:172.21.15.46:3300/0 6 ==== mon_command_ack([{"prefix": "get_command_descriptions"}]=0 v0) ==== 72+0+188913 (secure 0 0 0) 0x7f39c00371f0 con 0x7f39d0107f80
2024-09-19T09:09:10.393 INFO:teuthology.orchestra.run.smithi046.stdout:/usr/bin/ceph: stderr
2024-09-19T09:09:09.725+0000 7f39d755f640 1 -- 172.21.15.46:0/3144024678 --> [v2:172.21.15.46:6800/4173084876,v1:172.21.15.46:6801/4173084876] -- mgr_command(tid 0: {"prefix": "cephadm generate-key", "target": ["mon-mgr", ""]}) -- 0x7f39d0195050 con 0x7f39b80391b0
2024-09-19T09:09:10.393 INFO:teuthology.orchestra.run.smithi046.stdout:/usr/bin/ceph: stderr
2024-09-19T09:09:09.815+0000 7f39ce7fc640 1 -- 172.21.15.46:0/3144024678 <== mgr.14118 v2:172.21.15.46:6800/4173084876 1 ==== mgr_command_reply(tid 0: 0 ) ==== 8+0+0 (secure 0 0 0) 0x7f39d0195050 con 0x7f39b80391b0
2024-09-19T09:09:10.393 INFO:teuthology.orchestra.run.smithi046.stdout:/usr/bin/ceph: stderr
2024-09-19T09:09:09.817+0000 7f39d755f640 1 -- 172.21.15.46:0/3144024678 >> [v2:172.21.15.46:6800/4173084876,v1:172.21.15.46:6801/4173084876] conn(0x7f39b80391b0 msgr2=0x7f39b803b670 secure :-1 s=STATE_CONNECTION_ESTABLISHED l=1).mark_down
2024-09-19T09:09:10.393 INFO:teuthology.orchestra.run.smithi046.stdout:/usr/bin/ceph: stderr
2024-09-19T09:09:09.817+0000 7f39d755f640 1 --2- 172.21.15.46:0/3144024678 >> [v2:172.21.15.46:6800/4173084876,v1:172.21.15.46:6801/4173084876] conn(0x7f39b80391b0 0x7f39b803b670 secure :-1 s=READY pgs=9 cs=0 l=1 rev1=1 crypto rx=0x7f39c40098c0 tx=0x7f39c4006db0 comp rx=0 tx=0).stop
2024-09-19T09:09:10.393 INFO:teuthology.orchestra.run.smithi046.stdout:/usr/bin/ceph: stderr
2024-09-19T09:09:09.817+0000 7f39d755f640 1 -- 172.21.15.46:0/3144024678 >> [v2:172.21.15.46:3300/0,v1:172.21.15.46:6789/0] conn(0x7f39d0107f80 msgr2=0x7f39d0107800 secure :-1 s=STATE_CONNECTION_ESTABLISHED l=1).mark_down
2024-09-19T09:09:10.394 INFO:teuthology.orchestra.run.smithi046.stdout:/usr/bin/ceph: stderr
2024-09-19T09:09:09.817+0000 7f39d755f640 1 --2- 172.21.15.46:0/3144024678 >> [v2:172.21.15.46:3300/0,v1:172.21.15.46:6789/0] conn(0x7f39d0107f80 0x7f39d0107800 secure :-1 s=READY pgs=40 cs=0 l=1 rev1=1 crypto rx=0x7f39c0031ca0 tx=0x7f39c0031cd0 comp rx=0 tx=0).stop
2024-09-19T09:09:10.394 INFO:teuthology.orchestra.run.smithi046.stdout:/usr/bin/ceph: stderr
2024-09-19T09:09:09.817+0000 7f39d755f640 1 -- 172.21.15.46:0/3144024678 shutdown_connections
2024-09-19T09:09:10.394 INFO:teuthology.orchestra.run.smithi046.stdout:/usr/bin/ceph: stderr
2024-09-19T09:09:09.817+0000 7f39d755f640 1 --2- 172.21.15.46:0/3144024678 >> [v2:172.21.15.46:6800/4173084876,v1:172.21.15.46:6801/4173084876] conn(0x7f39b80391b0 0x7f39b803b670 unknown :-1 s=CLOSED pgs=9 cs=0 l=1 rev1=1 crypto rx=0 tx=0 comp rx=0 tx=0).stop
2024-09-19T09:09:10.394 INFO:teuthology.orchestra.run.smithi046.stdout:/usr/bin/ceph: stderr
2024-09-19T09:09:09.817+0000 7f39d755f640 1 --2- 172.21.15.46:0/3144024678 >> [v2:172.21.15.46:3300/0,v1:172.21.15.46:6789/0] conn(0x7f39d0107f80 0x7f39d0107800 unknown :-1 s=CLOSED pgs=40 cs=0 l=1 rev1=1 crypto rx=0 tx=0 comp rx=0 tx=0).stop
2024-09-19T09:09:10.394 INFO:teuthology.orchestra.run.smithi046.stdout:/usr/bin/ceph: stderr
2024-09-19T09:09:09.818+0000 7f39d755f640 1 -- 172.21.15.46:0/3144024678 >> 172.21.15.46:0/3144024678 conn(0x7f39d0101b80 msgr2=0x7f39d0102950 unknown :-1 s=STATE_NONE l=0).mark_down
2024-09-19T09:09:10.394 INFO:teuthology.orchestra.run.smithi046.stdout:/usr/bin/ceph: stderr
2024-09-19T09:09:09.818+0000 7f39d755f640 1 -- 172.21.15.46:0/3144024678 shutdown_connections
2024-09-19T09:09:10.394 INFO:teuthology.orchestra.run.smithi046.stdout:/usr/bin/ceph: stderr
2024-09-19T09:09:09.818+0000 7f39d755f640 1 -- 172.21.15.46:0/3144024678 wait complete.
2024-09-19T09:09:10.962 INFO:journalctl@ceph.mon.a.smithi046.stdout:Sep 19 09:09:10 smithi046 ceph-mon[31203]: from='client.14134 -' entity='client.admin' cmd=[{"prefix": "cephadm generate-key", "target": ["mon-mgr", ""]}]: dispatch
2024-09-19T09:09:10.962 INFO:journalctl@ceph.mon.a.smithi046.stdout:Sep 19 09:09:10 smithi046 ceph-mon[31203]: Generating ssh key...
2024-09-19T09:09:11.520 INFO:teuthology.orchestra.run.smithi046.stdout:/usr/bin/ceph: stdout ssh-rsa AAAAB3NzaC1yc2EAAAADAQABAAABgQCFoUxUmHme7momEJ4Wn/d9qjXGYrnYdCo7uYydg1v6YNU+PQNjoyVYRNoE8SS+FwQCz7CgoQnQpq9cf46ljImrmNqRlEL5RIXLRVmqIg724G/678fnJthjCK8DbLA6I81nUgv9a4HuQy6q4meXh7YUdoG9igN2gQNTA2RDdxyopf1PlZ+S2oX0bdwQ/uk3lH2B5GC2yBkRCCw7M1YhebdUgIFuUebE1Se3Eq003wrq0oXsz7LRl/pkJ52C0RSiD4T31C4nlR6508FyjfHMbFM2tXE48Yiit1oDAlaTOVSMjACSAxZWkgSPEWcU9f3BiB5lfXN1tXNcuxsC2LLvMrSRLYdvp+qkp+NK14tqDxj4zDAd+8EDngkih75yjRzt+cxOZvuN6fETeKI7ffCb4uSoEL9w2Zx925/vwnnAYT/CGT8kfLqKZ5mbujp8ZJqz/2aQOWsRs60W8Vg5IFGaLg246AiYwDNQlPaJ3Ae4u7QRPavVdKsrbtZrFj5/QyUcId8= ceph-a514acda-7666-11ef-bceb-c7b262605968
2024-09-19T09:09:11.521 INFO:teuthology.orchestra.run.smithi046.stdout:/usr/bin/ceph: stderr
2024-09-19T09:09:10.770+0000 7f2251a88640 1 Processor -- start
2024-09-19T09:09:11.521 INFO:teuthology.orchestra.run.smithi046.stdout:/usr/bin/ceph: stderr
2024-09-19T09:09:10.771+0000 7f2251a88640 1 -- start start
2024-09-19T09:09:11.521 INFO:teuthology.orchestra.run.smithi046.stdout:/usr/bin/ceph: stderr
2024-09-19T09:09:10.771+0000 7f2251a88640 1 --2- >> [v2:172.21.15.46:3300/0,v1:172.21.15.46:6789/0] conn(0x7f224c07de00 0x7f224c07c2b0 unknown :-1 s=NONE pgs=0 cs=0 l=0 rev1=0 crypto rx=0 tx=0 comp rx=0 tx=0).connect
2024-09-19T09:09:11.521 INFO:teuthology.orchestra.run.smithi046.stdout:/usr/bin/ceph: stderr
2024-09-19T09:09:10.771+0000 7f2251a88640 1 -- --> [v2:172.21.15.46:3300/0,v1:172.21.15.46:6789/0] -- mon_getmap magic: 0 -- 0x7f224c07c7f0 con 0x7f224c07de00
2024-09-19T09:09:11.521 INFO:teuthology.orchestra.run.smithi046.stdout:/usr/bin/ceph: stderr
2024-09-19T09:09:10.771+0000 7f224b7fe640 1 --2- >> [v2:172.21.15.46:3300/0,v1:172.21.15.46:6789/0] conn(0x7f224c07de00 0x7f224c07c2b0 unknown :-1 s=BANNER_CONNECTING pgs=0 cs=0 l=0 rev1=0 crypto rx=0 tx=0 comp rx=0 tx=0)._handle_peer_banner_payload supported=3 required=0
2024-09-19T09:09:11.521 INFO:teuthology.orchestra.run.smithi046.stdout:/usr/bin/ceph: stderr
2024-09-19T09:09:10.771+0000 7f224b7fe640 1 --2- >> [v2:172.21.15.46:3300/0,v1:172.21.15.46:6789/0] conn(0x7f224c07de00 0x7f224c07c2b0 unknown :-1 s=HELLO_CONNECTING pgs=0 cs=0 l=0 rev1=1 crypto rx=0 tx=0 comp rx=0 tx=0).handle_hello peer v2:172.21.15.46:3300/0 says I am v2:172.21.15.46:36264/0 (socket says 172.21.15.46:36264)
2024-09-19T09:09:11.521 INFO:teuthology.orchestra.run.smithi046.stdout:/usr/bin/ceph: stderr
2024-09-19T09:09:10.771+0000 7f224b7fe640 1 -- 172.21.15.46:0/4282892767 learned_addr learned my addr 172.21.15.46:0/4282892767 (peer_addr_for_me v2:172.21.15.46:0/0)
2024-09-19T09:09:11.522 INFO:teuthology.orchestra.run.smithi046.stdout:/usr/bin/ceph: stderr
2024-09-19T09:09:10.771+0000 7f224b7fe640 1 -- 172.21.15.46:0/4282892767 --> [v2:172.21.15.46:3300/0,v1:172.21.15.46:6789/0] -- mon_subscribe({config=0+,monmap=0+}) -- 0x7f224c07c970 con 0x7f224c07de00
2024-09-19T09:09:11.522 INFO:teuthology.orchestra.run.smithi046.stdout:/usr/bin/ceph: stderr
2024-09-19T09:09:10.772+0000 7f224b7fe640 1 --2- 172.21.15.46:0/4282892767 >> [v2:172.21.15.46:3300/0,v1:172.21.15.46:6789/0] conn(0x7f224c07de00 0x7f224c07c2b0 secure :-1 s=READY pgs=41 cs=0 l=1 rev1=1 crypto rx=0x7f223c009820 tx=0x7f223c02a300 comp rx=0 tx=0).ready entity=mon.0 client_cookie=c02ec0867a0b8e5a server_cookie=0 in_seq=0 out_seq=0
2024-09-19T09:09:11.522 INFO:teuthology.orchestra.run.smithi046.stdout:/usr/bin/ceph: stderr
2024-09-19T09:09:10.772+0000 7f224a7fc640 1 -- 172.21.15.46:0/4282892767 <== mon.0 v2:172.21.15.46:3300/0 1 ==== mon_map magic: 0 ==== 205+0+0 (secure 0 0 0) 0x7f223c037070 con 0x7f224c07de00
2024-09-19T09:09:11.522 INFO:teuthology.orchestra.run.smithi046.stdout:/usr/bin/ceph: stderr
2024-09-19T09:09:10.772+0000 7f224a7fc640 1 -- 172.21.15.46:0/4282892767 <== mon.0 v2:172.21.15.46:3300/0 2 ==== config(27 keys) ==== 1109+0+0 (secure 0 0 0) 0x7f223c032900 con 0x7f224c07de00
2024-09-19T09:09:11.522 INFO:teuthology.orchestra.run.smithi046.stdout:/usr/bin/ceph: stderr
2024-09-19T09:09:10.772+0000 7f224a7fc640 1 -- 172.21.15.46:0/4282892767 <== mon.0 v2:172.21.15.46:3300/0 3 ==== mon_map magic: 0 ==== 205+0+0 (secure 0 0 0) 0x7f223c0308e0 con 0x7f224c07de00
2024-09-19T09:09:11.522 INFO:teuthology.orchestra.run.smithi046.stdout:/usr/bin/ceph: stderr
2024-09-19T09:09:10.773+0000 7f2251a88640 1 -- 172.21.15.46:0/4282892767 >> [v2:172.21.15.46:3300/0,v1:172.21.15.46:6789/0] conn(0x7f224c07de00 msgr2=0x7f224c07c2b0 secure :-1 s=STATE_CONNECTION_ESTABLISHED l=1).mark_down
2024-09-19T09:09:11.522 INFO:teuthology.orchestra.run.smithi046.stdout:/usr/bin/ceph: stderr
2024-09-19T09:09:10.773+0000 7f2251a88640 1 --2- 172.21.15.46:0/4282892767 >> [v2:172.21.15.46:3300/0,v1:172.21.15.46:6789/0] conn(0x7f224c07de00 0x7f224c07c2b0 secure :-1 s=READY pgs=41 cs=0 l=1 rev1=1 crypto rx=0x7f223c009820 tx=0x7f223c02a300 comp rx=0 tx=0).stop
2024-09-19T09:09:11.522 INFO:teuthology.orchestra.run.smithi046.stdout:/usr/bin/ceph: stderr
2024-09-19T09:09:10.773+0000 7f2251a88640 1 -- 172.21.15.46:0/4282892767 shutdown_connections
2024-09-19T09:09:11.522 INFO:teuthology.orchestra.run.smithi046.stdout:/usr/bin/ceph: stderr
2024-09-19T09:09:10.773+0000 7f2251a88640 1 --2- 172.21.15.46:0/4282892767 >> [v2:172.21.15.46:3300/0,v1:172.21.15.46:6789/0] conn(0x7f224c07de00 0x7f224c07c2b0 unknown :-1 s=CLOSED pgs=41 cs=0 l=1 rev1=1 crypto rx=0 tx=0 comp rx=0 tx=0).stop
2024-09-19T09:09:11.522 INFO:teuthology.orchestra.run.smithi046.stdout:/usr/bin/ceph: stderr
2024-09-19T09:09:10.773+0000 7f2251a88640 1 -- 172.21.15.46:0/4282892767 >> 172.21.15.46:0/4282892767 conn(0x7f224c102dc0 msgr2=0x7f224c1051e0 unknown :-1 s=STATE_NONE l=0).mark_down
2024-09-19T09:09:11.522 INFO:teuthology.orchestra.run.smithi046.stdout:/usr/bin/ceph: stderr
2024-09-19T09:09:10.773+0000 7f2251a88640 1 -- 172.21.15.46:0/4282892767 shutdown_connections
2024-09-19T09:09:11.522 INFO:teuthology.orchestra.run.smithi046.stdout:/usr/bin/ceph: stderr
2024-09-19T09:09:10.773+0000 7f2251a88640 1 -- 172.21.15.46:0/4282892767 wait complete.
2024-09-19T09:09:11.523 INFO:teuthology.orchestra.run.smithi046.stdout:/usr/bin/ceph: stderr
2024-09-19T09:09:10.773+0000 7f2251a88640 1 Processor -- start
2024-09-19T09:09:11.523 INFO:teuthology.orchestra.run.smithi046.stdout:/usr/bin/ceph: stderr
2024-09-19T09:09:10.774+0000 7f2251a88640 1 -- start start
2024-09-19T09:09:11.523 INFO:teuthology.orchestra.run.smithi046.stdout:/usr/bin/ceph: stderr
2024-09-19T09:09:10.774+0000 7f2251a88640 1 --2- >> [v2:172.21.15.46:3300/0,v1:172.21.15.46:6789/0] conn(0x7f224c07de00 0x7f224c19da80 unknown :-1 s=NONE pgs=0 cs=0 l=1 rev1=0 crypto rx=0 tx=0 comp rx=0 tx=0).connect
2024-09-19T09:09:11.523 INFO:teuthology.orchestra.run.smithi046.stdout:/usr/bin/ceph: stderr
2024-09-19T09:09:10.774+0000 7f2251a88640 1 -- --> [v2:172.21.15.46:3300/0,v1:172.21.15.46:6789/0] -- mon_getmap magic: 0 -- 0x7f224c10dc00 con 0x7f224c07de00
2024-09-19T09:09:11.523 INFO:teuthology.orchestra.run.smithi046.stdout:/usr/bin/ceph: stderr
2024-09-19T09:09:10.774+0000 7f224b7fe640 1 --2- >> [v2:172.21.15.46:3300/0,v1:172.21.15.46:6789/0] conn(0x7f224c07de00 0x7f224c19da80 unknown :-1 s=BANNER_CONNECTING pgs=0 cs=0 l=1 rev1=0 crypto rx=0 tx=0 comp rx=0 tx=0)._handle_peer_banner_payload supported=3 required=0
2024-09-19T09:09:11.523 INFO:teuthology.orchestra.run.smithi046.stdout:/usr/bin/ceph: stderr
2024-09-19T09:09:10.774+0000 7f224b7fe640 1 --2- >> [v2:172.21.15.46:3300/0,v1:172.21.15.46:6789/0] conn(0x7f224c07de00 0x7f224c19da80 unknown :-1 s=HELLO_CONNECTING pgs=0 cs=0 l=1 rev1=1 crypto rx=0 tx=0 comp rx=0 tx=0).handle_hello peer v2:172.21.15.46:3300/0 says I am v2:172.21.15.46:36274/0 (socket says 172.21.15.46:36274)
2024-09-19T09:09:11.523 INFO:teuthology.orchestra.run.smithi046.stdout:/usr/bin/ceph: stderr
2024-09-19T09:09:10.774+0000 7f224b7fe640 1 -- 172.21.15.46:0/4032503342 learned_addr learned my addr 172.21.15.46:0/4032503342 (peer_addr_for_me v2:172.21.15.46:0/0)
2024-09-19T09:09:11.523 INFO:teuthology.orchestra.run.smithi046.stdout:/usr/bin/ceph: stderr
2024-09-19T09:09:10.774+0000 7f224b7fe640 1 -- 172.21.15.46:0/4032503342 --> [v2:172.21.15.46:3300/0,v1:172.21.15.46:6789/0] -- mon_subscribe({config=0+,monmap=0+}) -- 0x7f224c19dfc0 con 0x7f224c07de00
2024-09-19T09:09:11.523 INFO:teuthology.orchestra.run.smithi046.stdout:/usr/bin/ceph: stderr
2024-09-19T09:09:10.775+0000 7f224b7fe640 1 --2- 172.21.15.46:0/4032503342 >> [v2:172.21.15.46:3300/0,v1:172.21.15.46:6789/0] conn(0x7f224c07de00 0x7f224c19da80 secure :-1 s=READY pgs=42 cs=0 l=1 rev1=1 crypto rx=0x7f223c030610 tx=0x7f223c032670 comp rx=0 tx=0).ready entity=mon.0 client_cookie=0 server_cookie=0 in_seq=0 out_seq=0
2024-09-19T09:09:11.523 INFO:teuthology.orchestra.run.smithi046.stdout:/usr/bin/ceph: stderr
2024-09-19T09:09:10.775+0000 7f2248ff9640 1 -- 172.21.15.46:0/4032503342 <== mon.0 v2:172.21.15.46:3300/0 1 ==== mon_map magic: 0 ==== 205+0+0 (secure 0 0 0) 0x7f223c037040 con 0x7f224c07de00
2024-09-19T09:09:11.523 INFO:teuthology.orchestra.run.smithi046.stdout:/usr/bin/ceph: stderr
2024-09-19T09:09:10.775+0000 7f2248ff9640 1 -- 172.21.15.46:0/4032503342 <== mon.0 v2:172.21.15.46:3300/0 2 ==== config(27 keys) ==== 1109+0+0 (secure 0 0 0) 0x7f223c040070 con 0x7f224c07de00
2024-09-19T09:09:11.523 INFO:teuthology.orchestra.run.smithi046.stdout:/usr/bin/ceph: stderr
2024-09-19T09:09:10.775+0000 7f2248ff9640 1 -- 172.21.15.46:0/4032503342 <== mon.0 v2:172.21.15.46:3300/0 3 ==== mon_map magic: 0 ==== 205+0+0 (secure 0 0 0) 0x7f223c03a390 con 0x7f224c07de00
2024-09-19T09:09:11.523 INFO:teuthology.orchestra.run.smithi046.stdout:/usr/bin/ceph: stderr
2024-09-19T09:09:10.775+0000 7f2251a88640 1 -- 172.21.15.46:0/4032503342 --> [v2:172.21.15.46:3300/0,v1:172.21.15.46:6789/0] -- mon_subscribe({mgrmap=0+}) -- 0x7f224c19e250 con 0x7f224c07de00
2024-09-19T09:09:11.524 INFO:teuthology.orchestra.run.smithi046.stdout:/usr/bin/ceph: stderr
2024-09-19T09:09:10.775+0000 7f2251a88640 1 -- 172.21.15.46:0/4032503342 --> [v2:172.21.15.46:3300/0,v1:172.21.15.46:6789/0] -- mon_subscribe({osdmap=0}) -- 0x7f224c1a0f40 con 0x7f224c07de00
2024-09-19T09:09:11.524 INFO:teuthology.orchestra.run.smithi046.stdout:/usr/bin/ceph: stderr
2024-09-19T09:09:10.776+0000 7f2248ff9640 1 -- 172.21.15.46:0/4032503342 <== mon.0 v2:172.21.15.46:3300/0 4 ==== mgrmap(e 8) ==== 46461+0+0 (secure 0 0 0) 0x7f223c032900 con 0x7f224c07de00
2024-09-19T09:09:11.524 INFO:teuthology.orchestra.run.smithi046.stdout:/usr/bin/ceph: stderr
2024-09-19T09:09:10.776+0000 7f2251a88640 1 -- 172.21.15.46:0/4032503342 --> [v2:172.21.15.46:3300/0,v1:172.21.15.46:6789/0] -- mon_command({"prefix": "get_command_descriptions"} v 0) -- 0x7f224c07c330 con 0x7f224c07de00
2024-09-19T09:09:11.524 INFO:teuthology.orchestra.run.smithi046.stdout:/usr/bin/ceph: stderr
2024-09-19T09:09:10.776+0000 7f2248ff9640 1 --2- 172.21.15.46:0/4032503342 >> [v2:172.21.15.46:6800/4173084876,v1:172.21.15.46:6801/4173084876] conn(0x7f2234039200 0x7f223403b6c0 unknown :-1 s=NONE pgs=0 cs=0 l=1 rev1=0 crypto rx=0 tx=0 comp rx=0 tx=0).connect
2024-09-19T09:09:11.524 INFO:teuthology.orchestra.run.smithi046.stdout:/usr/bin/ceph: stderr
2024-09-19T09:09:10.776+0000 7f2248ff9640 1 -- 172.21.15.46:0/4032503342 <== mon.0 v2:172.21.15.46:3300/0 5 ==== osd_map(2..2 src has 1..2) ==== 940+0+0 (secure 0 0 0) 0x7f223c06c520 con 0x7f224c07de00
2024-09-19T09:09:11.524 INFO:teuthology.orchestra.run.smithi046.stdout:/usr/bin/ceph: stderr
2024-09-19T09:09:10.776+0000 7f224affd640 1 --2- 172.21.15.46:0/4032503342 >> [v2:172.21.15.46:6800/4173084876,v1:172.21.15.46:6801/4173084876] conn(0x7f2234039200 0x7f223403b6c0 unknown :-1 s=BANNER_CONNECTING pgs=0 cs=0 l=1 rev1=0 crypto rx=0 tx=0 comp rx=0 tx=0)._handle_peer_banner_payload supported=3 required=0
2024-09-19T09:09:11.524 INFO:teuthology.orchestra.run.smithi046.stdout:/usr/bin/ceph: stderr
2024-09-19T09:09:10.777+0000 7f224affd640 1 --2- 172.21.15.46:0/4032503342 >> [v2:172.21.15.46:6800/4173084876,v1:172.21.15.46:6801/4173084876] conn(0x7f2234039200 0x7f223403b6c0 secure :-1 s=READY pgs=10 cs=0 l=1 rev1=1 crypto rx=0x7f22400098c0 tx=0x7f2240006db0 comp rx=0 tx=0).ready entity=mgr.14118 client_cookie=0 server_cookie=0 in_seq=0 out_seq=0
2024-09-19T09:09:11.524 INFO:teuthology.orchestra.run.smithi046.stdout:/usr/bin/ceph: stderr
2024-09-19T09:09:10.781+0000 7f2248ff9640 1 -- 172.21.15.46:0/4032503342 <== mon.0 v2:172.21.15.46:3300/0 6 ==== mon_command_ack([{"prefix": "get_command_descriptions"}]=0 v0) ==== 72+0+188913 (secure 0 0 0) 0x7f223c040cc0 con 0x7f224c07de00
2024-09-19T09:09:11.524 INFO:teuthology.orchestra.run.smithi046.stdout:/usr/bin/ceph: stderr
2024-09-19T09:09:10.961+0000 7f2251a88640 1 -- 172.21.15.46:0/4032503342 --> [v2:172.21.15.46:6800/4173084876,v1:172.21.15.46:6801/4173084876] -- mgr_command(tid 0: {"prefix": "cephadm get-pub-key", "target": ["mon-mgr", ""]}) -- 0x7f224c062630 con 0x7f2234039200
2024-09-19T09:09:11.524 INFO:teuthology.orchestra.run.smithi046.stdout:/usr/bin/ceph: stderr
2024-09-19T09:09:10.962+0000 7f2248ff9640 1 -- 172.21.15.46:0/4032503342 <== mgr.14118 v2:172.21.15.46:6800/4173084876 1 ==== mgr_command_reply(tid 0: 0 ) ==== 8+0+595 (secure 0 0 0) 0x7f224c062630 con 0x7f2234039200
2024-09-19T09:09:11.524 INFO:teuthology.orchestra.run.smithi046.stdout:/usr/bin/ceph: stderr
2024-09-19T09:09:10.964+0000 7f2251a88640 1 -- 172.21.15.46:0/4032503342 >> [v2:172.21.15.46:6800/4173084876,v1:172.21.15.46:6801/4173084876] conn(0x7f2234039200 msgr2=0x7f223403b6c0 secure :-1 s=STATE_CONNECTION_ESTABLISHED l=1).mark_down
2024-09-19T09:09:11.524 INFO:teuthology.orchestra.run.smithi046.stdout:/usr/bin/ceph: stderr
2024-09-19T09:09:10.964+0000 7f2251a88640 1 --2- 172.21.15.46:0/4032503342 >> [v2:172.21.15.46:6800/4173084876,v1:172.21.15.46:6801/4173084876] conn(0x7f2234039200 0x7f223403b6c0 secure :-1 s=READY pgs=10 cs=0 l=1 rev1=1 crypto rx=0x7f22400098c0 tx=0x7f2240006db0 comp rx=0 tx=0).stop
2024-09-19T09:09:11.525 INFO:teuthology.orchestra.run.smithi046.stdout:/usr/bin/ceph: stderr
2024-09-19T09:09:10.964+0000 7f2251a88640 1 -- 172.21.15.46:0/4032503342 >> [v2:172.21.15.46:3300/0,v1:172.21.15.46:6789/0] conn(0x7f224c07de00 msgr2=0x7f224c19da80 secure :-1 s=STATE_CONNECTION_ESTABLISHED l=1).mark_down
2024-09-19T09:09:11.525 INFO:teuthology.orchestra.run.smithi046.stdout:/usr/bin/ceph: stderr
2024-09-19T09:09:10.964+0000 7f2251a88640 1 --2- 172.21.15.46:0/4032503342 >> [v2:172.21.15.46:3300/0,v1:172.21.15.46:6789/0] conn(0x7f224c07de00 0x7f224c19da80 secure :-1 s=READY pgs=42 cs=0 l=1 rev1=1 crypto rx=0x7f223c030610 tx=0x7f223c032670 comp rx=0 tx=0).stop
2024-09-19T09:09:11.525 INFO:teuthology.orchestra.run.smithi046.stdout:/usr/bin/ceph: stderr
2024-09-19T09:09:10.964+0000 7f2251a88640 1 -- 172.21.15.46:0/4032503342 shutdown_connections
2024-09-19T09:09:11.525 INFO:teuthology.orchestra.run.smithi046.stdout:/usr/bin/ceph: stderr
2024-09-19T09:09:10.964+0000 7f2251a88640 1 --2- 172.21.15.46:0/4032503342 >> [v2:172.21.15.46:6800/4173084876,v1:172.21.15.46:6801/4173084876] conn(0x7f2234039200 0x7f223403b6c0 unknown :-1 s=CLOSED pgs=10 cs=0 l=1 rev1=1 crypto rx=0 tx=0 comp rx=0 tx=0).stop
2024-09-19T09:09:11.525 INFO:teuthology.orchestra.run.smithi046.stdout:/usr/bin/ceph: stderr
2024-09-19T09:09:10.964+0000 7f2251a88640 1 --2- 172.21.15.46:0/4032503342 >> [v2:172.21.15.46:3300/0,v1:172.21.15.46:6789/0] conn(0x7f224c07de00 0x7f224c19da80 unknown :-1 s=CLOSED pgs=42 cs=0 l=1 rev1=1 crypto rx=0 tx=0 comp rx=0 tx=0).stop
2024-09-19T09:09:11.525 INFO:teuthology.orchestra.run.smithi046.stdout:/usr/bin/ceph: stderr
2024-09-19T09:09:10.965+0000 7f2251a88640 1 -- 172.21.15.46:0/4032503342 >> 172.21.15.46:0/4032503342 conn(0x7f224c102dc0 msgr2=0x7f224c103a50 unknown :-1 s=STATE_NONE l=0).mark_down
2024-09-19T09:09:11.525 INFO:teuthology.orchestra.run.smithi046.stdout:/usr/bin/ceph: stderr
2024-09-19T09:09:10.965+0000 7f2251a88640 1 -- 172.21.15.46:0/4032503342 shutdown_connections
2024-09-19T09:09:11.525 INFO:teuthology.orchestra.run.smithi046.stdout:/usr/bin/ceph: stderr
2024-09-19T09:09:10.965+0000 7f2251a88640 1 -- 172.21.15.46:0/4032503342 wait complete.
2024-09-19T09:09:11.525 INFO:teuthology.orchestra.run.smithi046.stdout:Wrote public SSH key to /home/ubuntu/cephtest/ceph.pub
2024-09-19T09:09:11.525 INFO:teuthology.orchestra.run.smithi046.stdout:Adding key to root@localhost authorized_keys...
2024-09-19T09:09:11.528 INFO:teuthology.orchestra.run.smithi046.stdout:Adding host smithi046...
2024-09-19T09:09:12.127 INFO:journalctl@ceph.mon.a.smithi046.stdout:Sep 19 09:09:11 smithi046 ceph-mon[31203]: from='client.14136 -' entity='client.admin' cmd=[{"prefix": "cephadm get-pub-key", "target": ["mon-mgr", ""]}]: dispatch
2024-09-19T09:09:13.184 INFO:journalctl@ceph.mon.a.smithi046.stdout:Sep 19 09:09:12 smithi046 ceph-mon[31203]: from='client.14138 -' entity='client.admin' cmd=[{"prefix": "orch host add", "hostname": "smithi046", "addr": "172.21.15.46", "target": ["mon-mgr", ""]}]: dispatch
2024-09-19T09:09:14.433 INFO:journalctl@ceph.mon.a.smithi046.stdout:Sep 19 09:09:14 smithi046 ceph-mon[31203]: Deploying cephadm binary to smithi046
2024-09-19T09:09:16.653 INFO:teuthology.orchestra.run.smithi046.stdout:/usr/bin/ceph: stdout Added host 'smithi046' with addr '172.21.15.46'
2024-09-19T09:09:16.653 INFO:teuthology.orchestra.run.smithi046.stdout:/usr/bin/ceph: stderr
2024-09-19T09:09:11.936+0000 7f221a3f4640 1 Processor -- start
2024-09-19T09:09:16.653 INFO:teuthology.orchestra.run.smithi046.stdout:/usr/bin/ceph: stderr
2024-09-19T09:09:11.936+0000 7f221a3f4640 1 -- start start
2024-09-19T09:09:16.653 INFO:teuthology.orchestra.run.smithi046.stdout:/usr/bin/ceph: stderr
2024-09-19T09:09:11.936+0000 7f221a3f4640 1 --2- >> [v2:172.21.15.46:3300/0,v1:172.21.15.46:6789/0] conn(0x7f2214105850 0x7f2214105c50 unknown :-1 s=NONE pgs=0 cs=0 l=0 rev1=0 crypto rx=0 tx=0 comp rx=0 tx=0).connect
2024-09-19T09:09:16.653 INFO:teuthology.orchestra.run.smithi046.stdout:/usr/bin/ceph: stderr
2024-09-19T09:09:11.936+0000 7f221a3f4640 1 -- --> [v2:172.21.15.46:3300/0,v1:172.21.15.46:6789/0] -- mon_getmap magic: 0 -- 0x7f2214106220 con 0x7f2214105850
2024-09-19T09:09:16.653 INFO:teuthology.orchestra.run.smithi046.stdout:/usr/bin/ceph: stderr
2024-09-19T09:09:11.936+0000 7f2213fff640 1 --2- >> [v2:172.21.15.46:3300/0,v1:172.21.15.46:6789/0] conn(0x7f2214105850 0x7f2214105c50 unknown :-1 s=BANNER_CONNECTING pgs=0 cs=0 l=0 rev1=0 crypto rx=0 tx=0 comp rx=0 tx=0)._handle_peer_banner_payload supported=3 required=0
2024-09-19T09:09:16.654 INFO:teuthology.orchestra.run.smithi046.stdout:/usr/bin/ceph: stderr
2024-09-19T09:09:11.936+0000 7f2213fff640 1 --2- >> [v2:172.21.15.46:3300/0,v1:172.21.15.46:6789/0] conn(0x7f2214105850 0x7f2214105c50 unknown :-1 s=HELLO_CONNECTING pgs=0 cs=0 l=0 rev1=1 crypto rx=0 tx=0 comp rx=0 tx=0).handle_hello peer v2:172.21.15.46:3300/0 says I am v2:172.21.15.46:36278/0 (socket says 172.21.15.46:36278)
2024-09-19T09:09:16.654 INFO:teuthology.orchestra.run.smithi046.stdout:/usr/bin/ceph: stderr
2024-09-19T09:09:11.936+0000 7f2213fff640 1 -- 172.21.15.46:0/2433473640 learned_addr learned my addr 172.21.15.46:0/2433473640 (peer_addr_for_me v2:172.21.15.46:0/0)
2024-09-19T09:09:16.654 INFO:teuthology.orchestra.run.smithi046.stdout:/usr/bin/ceph: stderr
2024-09-19T09:09:11.936+0000 7f2213fff640 1 -- 172.21.15.46:0/2433473640 --> [v2:172.21.15.46:3300/0,v1:172.21.15.46:6789/0] -- mon_subscribe({config=0+,monmap=0+}) -- 0x7f2214108830 con 0x7f2214105850
2024-09-19T09:09:16.654 INFO:teuthology.orchestra.run.smithi046.stdout:/usr/bin/ceph: stderr
2024-09-19T09:09:11.937+0000 7f2213fff640 1 --2- 172.21.15.46:0/2433473640 >> [v2:172.21.15.46:3300/0,v1:172.21.15.46:6789/0] conn(0x7f2214105850 0x7f2214105c50 secure :-1 s=READY pgs=43 cs=0 l=1 rev1=1 crypto rx=0x7f2204009820 tx=0x7f220402a270 comp rx=0 tx=0).ready entity=mon.0 client_cookie=c15e3b079d753d81 server_cookie=0 in_seq=0 out_seq=0
2024-09-19T09:09:16.654 INFO:teuthology.orchestra.run.smithi046.stdout:/usr/bin/ceph: stderr
2024-09-19T09:09:11.937+0000 7f2212ffd640 1 -- 172.21.15.46:0/2433473640 <== mon.0 v2:172.21.15.46:3300/0 1 ==== mon_map magic: 0 ==== 205+0+0 (secure 0 0 0) 0x7f2204037070 con 0x7f2214105850
2024-09-19T09:09:16.654 INFO:teuthology.orchestra.run.smithi046.stdout:/usr/bin/ceph: stderr
2024-09-19T09:09:11.937+0000 7f2212ffd640 1 -- 172.21.15.46:0/2433473640 <== mon.0 v2:172.21.15.46:3300/0 2 ==== config(27 keys) ==== 1109+0+0 (secure 0 0 0) 0x7f2204032900 con 0x7f2214105850
2024-09-19T09:09:16.654 INFO:teuthology.orchestra.run.smithi046.stdout:/usr/bin/ceph: stderr
2024-09-19T09:09:11.937+0000 7f2212ffd640 1 -- 172.21.15.46:0/2433473640 <== mon.0 v2:172.21.15.46:3300/0 3 ==== mon_map magic: 0 ==== 205+0+0 (secure 0 0 0) 0x7f2204030850 con 0x7f2214105850
2024-09-19T09:09:16.654 INFO:teuthology.orchestra.run.smithi046.stdout:/usr/bin/ceph: stderr
2024-09-19T09:09:11.938+0000 7f221a3f4640 1 -- 172.21.15.46:0/2433473640 >> [v2:172.21.15.46:3300/0,v1:172.21.15.46:6789/0] conn(0x7f2214105850 msgr2=0x7f2214105c50 secure :-1 s=STATE_CONNECTION_ESTABLISHED l=1).mark_down
2024-09-19T09:09:16.654 INFO:teuthology.orchestra.run.smithi046.stdout:/usr/bin/ceph: stderr
2024-09-19T09:09:11.938+0000 7f221a3f4640 1 --2- 172.21.15.46:0/2433473640 >> [v2:172.21.15.46:3300/0,v1:172.21.15.46:6789/0] conn(0x7f2214105850 0x7f2214105c50 secure :-1 s=READY pgs=43 cs=0 l=1 rev1=1 crypto rx=0x7f2204009820 tx=0x7f220402a270 comp rx=0 tx=0).stop
2024-09-19T09:09:16.654 INFO:teuthology.orchestra.run.smithi046.stdout:/usr/bin/ceph: stderr
2024-09-19T09:09:11.938+0000 7f221a3f4640 1 -- 172.21.15.46:0/2433473640 shutdown_connections
2024-09-19T09:09:16.654 INFO:teuthology.orchestra.run.smithi046.stdout:/usr/bin/ceph: stderr
2024-09-19T09:09:11.938+0000 7f221a3f4640 1 --2- 172.21.15.46:0/2433473640 >> [v2:172.21.15.46:3300/0,v1:172.21.15.46:6789/0] conn(0x7f2214105850 0x7f2214105c50 unknown :-1 s=CLOSED pgs=43 cs=0 l=1 rev1=1 crypto rx=0 tx=0 comp rx=0 tx=0).stop
2024-09-19T09:09:16.654 INFO:teuthology.orchestra.run.smithi046.stdout:/usr/bin/ceph: stderr
2024-09-19T09:09:11.938+0000 7f221a3f4640 1 -- 172.21.15.46:0/2433473640 >> 172.21.15.46:0/2433473640 conn(0x7f2214101400 msgr2=0x7f2214103820 unknown :-1 s=STATE_NONE l=0).mark_down
2024-09-19T09:09:16.655 INFO:teuthology.orchestra.run.smithi046.stdout:/usr/bin/ceph: stderr
2024-09-19T09:09:11.938+0000 7f221a3f4640 1 -- 172.21.15.46:0/2433473640 shutdown_connections
2024-09-19T09:09:16.655 INFO:teuthology.orchestra.run.smithi046.stdout:/usr/bin/ceph: stderr
2024-09-19T09:09:11.938+0000 7f221a3f4640 1 -- 172.21.15.46:0/2433473640 wait complete.
2024-09-19T09:09:16.655 INFO:teuthology.orchestra.run.smithi046.stdout:/usr/bin/ceph: stderr
2024-09-19T09:09:11.938+0000 7f221a3f4640 1 Processor -- start
2024-09-19T09:09:16.655 INFO:teuthology.orchestra.run.smithi046.stdout:/usr/bin/ceph: stderr
2024-09-19T09:09:11.939+0000 7f221a3f4640 1 -- start start
2024-09-19T09:09:16.655 INFO:teuthology.orchestra.run.smithi046.stdout:/usr/bin/ceph: stderr
2024-09-19T09:09:11.939+0000 7f221a3f4640 1 --2- >> [v2:172.21.15.46:3300/0,v1:172.21.15.46:6789/0] conn(0x7f2214105850 0x7f22141080b0 unknown :-1 s=NONE pgs=0 cs=0 l=1 rev1=0 crypto rx=0 tx=0 comp rx=0 tx=0).connect
2024-09-19T09:09:16.655 INFO:teuthology.orchestra.run.smithi046.stdout:/usr/bin/ceph: stderr
2024-09-19T09:09:11.939+0000 7f221a3f4640 1 -- --> [v2:172.21.15.46:3300/0,v1:172.21.15.46:6789/0] -- mon_getmap magic: 0 -- 0x7f221410ba60 con 0x7f2214105850
2024-09-19T09:09:16.655 INFO:teuthology.orchestra.run.smithi046.stdout:/usr/bin/ceph: stderr
2024-09-19T09:09:11.939+0000 7f2213fff640 1 --2- >> [v2:172.21.15.46:3300/0,v1:172.21.15.46:6789/0] conn(0x7f2214105850 0x7f22141080b0 unknown :-1 s=BANNER_CONNECTING pgs=0 cs=0 l=1 rev1=0 crypto rx=0 tx=0 comp rx=0 tx=0)._handle_peer_banner_payload supported=3 required=0
2024-09-19T09:09:16.655 INFO:teuthology.orchestra.run.smithi046.stdout:/usr/bin/ceph: stderr
2024-09-19T09:09:11.939+0000 7f2213fff640 1 --2- >> [v2:172.21.15.46:3300/0,v1:172.21.15.46:6789/0] conn(0x7f2214105850 0x7f22141080b0 unknown :-1 s=HELLO_CONNECTING pgs=0 cs=0 l=1 rev1=1 crypto rx=0 tx=0 comp rx=0 tx=0).handle_hello peer v2:172.21.15.46:3300/0 says I am v2:172.21.15.46:36286/0 (socket says 172.21.15.46:36286)
2024-09-19T09:09:16.655 INFO:teuthology.orchestra.run.smithi046.stdout:/usr/bin/ceph: stderr
2024-09-19T09:09:11.939+0000 7f2213fff640 1 -- 172.21.15.46:0/487147626 learned_addr learned my addr 172.21.15.46:0/487147626 (peer_addr_for_me v2:172.21.15.46:0/0)
2024-09-19T09:09:16.655 INFO:teuthology.orchestra.run.smithi046.stdout:/usr/bin/ceph: stderr
2024-09-19T09:09:11.939+0000 7f2213fff640 1 -- 172.21.15.46:0/487147626 --> [v2:172.21.15.46:3300/0,v1:172.21.15.46:6789/0] -- mon_subscribe({config=0+,monmap=0+}) -- 0x7f22141085f0 con 0x7f2214105850
2024-09-19T09:09:16.655 INFO:teuthology.orchestra.run.smithi046.stdout:/usr/bin/ceph: stderr
2024-09-19T09:09:11.939+0000 7f2213fff640 1 --2- 172.21.15.46:0/487147626 >> [v2:172.21.15.46:3300/0,v1:172.21.15.46:6789/0] conn(0x7f2214105850 0x7f22141080b0 secure :-1 s=READY pgs=44 cs=0 l=1 rev1=1 crypto rx=0x7f22040097f0 tx=0x7f2204030d80 comp rx=0 tx=0).ready entity=mon.0 client_cookie=0 server_cookie=0 in_seq=0 out_seq=0
2024-09-19T09:09:16.656 INFO:teuthology.orchestra.run.smithi046.stdout:/usr/bin/ceph: stderr
2024-09-19T09:09:11.940+0000 7f22117fa640 1 -- 172.21.15.46:0/487147626 <== mon.0 v2:172.21.15.46:3300/0 1 ==== mon_map magic: 0 ==== 205+0+0 (secure 0 0 0) 0x7f2204037040 con 0x7f2214105850
2024-09-19T09:09:16.656 INFO:teuthology.orchestra.run.smithi046.stdout:/usr/bin/ceph: stderr
2024-09-19T09:09:11.940+0000 7f22117fa640 1 -- 172.21.15.46:0/487147626 <== mon.0 v2:172.21.15.46:3300/0 2 ==== config(27 keys) ==== 1109+0+0 (secure 0 0 0) 0x7f2204040070 con 0x7f2214105850
2024-09-19T09:09:16.656 INFO:teuthology.orchestra.run.smithi046.stdout:/usr/bin/ceph: stderr
2024-09-19T09:09:11.940+0000 7f221a3f4640 1 -- 172.21.15.46:0/487147626 --> [v2:172.21.15.46:3300/0,v1:172.21.15.46:6789/0] -- mon_subscribe({mgrmap=0+}) -- 0x7f22141067e0 con 0x7f2214105850
2024-09-19T09:09:16.656 INFO:teuthology.orchestra.run.smithi046.stdout:/usr/bin/ceph: stderr
2024-09-19T09:09:11.940+0000 7f22117fa640 1 -- 172.21.15.46:0/487147626 <== mon.0 v2:172.21.15.46:3300/0 3 ==== mon_map magic: 0 ==== 205+0+0 (secure 0 0 0) 0x7f220403a390 con 0x7f2214105850
2024-09-19T09:09:16.656 INFO:teuthology.orchestra.run.smithi046.stdout:/usr/bin/ceph: stderr
2024-09-19T09:09:11.940+0000 7f221a3f4640 1 -- 172.21.15.46:0/487147626 --> [v2:172.21.15.46:3300/0,v1:172.21.15.46:6789/0] -- mon_subscribe({osdmap=0}) -- 0x7f2214106cc0 con 0x7f2214105850
2024-09-19T09:09:16.656 INFO:teuthology.orchestra.run.smithi046.stdout:/usr/bin/ceph: stderr
2024-09-19T09:09:11.941+0000 7f22117fa640 1 -- 172.21.15.46:0/487147626 <== mon.0 v2:172.21.15.46:3300/0 4 ==== mgrmap(e 8) ==== 46461+0+0 (secure 0 0 0) 0x7f220403b430 con 0x7f2214105850
2024-09-19T09:09:16.656 INFO:teuthology.orchestra.run.smithi046.stdout:/usr/bin/ceph: stderr
2024-09-19T09:09:11.941+0000 7f221a3f4640 1 -- 172.21.15.46:0/487147626 --> [v2:172.21.15.46:3300/0,v1:172.21.15.46:6789/0] -- mon_command({"prefix": "get_command_descriptions"} v 0) -- 0x7f2214105cd0 con 0x7f2214105850
2024-09-19T09:09:16.656 INFO:teuthology.orchestra.run.smithi046.stdout:/usr/bin/ceph: stderr
2024-09-19T09:09:11.941+0000 7f22117fa640 1 --2- 172.21.15.46:0/487147626 >> [v2:172.21.15.46:6800/4173084876,v1:172.21.15.46:6801/4173084876] conn(0x7f21fc039200 0x7f21fc03b6c0 unknown :-1 s=NONE pgs=0 cs=0 l=1 rev1=0 crypto rx=0 tx=0 comp rx=0 tx=0).connect
2024-09-19T09:09:16.656 INFO:teuthology.orchestra.run.smithi046.stdout:/usr/bin/ceph: stderr
2024-09-19T09:09:11.941+0000 7f22117fa640 1 -- 172.21.15.46:0/487147626 <== mon.0 v2:172.21.15.46:3300/0 5 ==== osd_map(2..2 src has 1..2) ==== 940+0+0 (secure 0 0 0) 0x7f220406c710 con 0x7f2214105850
2024-09-19T09:09:16.656 INFO:teuthology.orchestra.run.smithi046.stdout:/usr/bin/ceph: stderr
2024-09-19T09:09:11.941+0000 7f22137fe640 1 --2- 172.21.15.46:0/487147626 >> [v2:172.21.15.46:6800/4173084876,v1:172.21.15.46:6801/4173084876] conn(0x7f21fc039200 0x7f21fc03b6c0 unknown :-1 s=BANNER_CONNECTING pgs=0 cs=0 l=1 rev1=0 crypto rx=0 tx=0 comp rx=0 tx=0)._handle_peer_banner_payload supported=3 required=0
2024-09-19T09:09:16.656 INFO:teuthology.orchestra.run.smithi046.stdout:/usr/bin/ceph: stderr
2024-09-19T09:09:11.942+0000 7f22137fe640 1 --2- 172.21.15.46:0/487147626 >> [v2:172.21.15.46:6800/4173084876,v1:172.21.15.46:6801/4173084876] conn(0x7f21fc039200 0x7f21fc03b6c0 secure :-1 s=READY pgs=11 cs=0 l=1 rev1=1 crypto rx=0x7f22080098c0 tx=0x7f2208006db0 comp rx=0 tx=0).ready entity=mgr.14118 client_cookie=0 server_cookie=0 in_seq=0 out_seq=0
2024-09-19T09:09:16.657 INFO:teuthology.orchestra.run.smithi046.stdout:/usr/bin/ceph: stderr
2024-09-19T09:09:11.946+0000 7f22117fa640 1 -- 172.21.15.46:0/487147626 <== mon.0 v2:172.21.15.46:3300/0 6 ==== mon_command_ack([{"prefix": "get_command_descriptions"}]=0 v0) ==== 72+0+188913 (secure 0 0 0) 0x7f2204032900 con 0x7f2214105850
2024-09-19T09:09:16.657 INFO:teuthology.orchestra.run.smithi046.stdout:/usr/bin/ceph: stderr
2024-09-19T09:09:12.126+0000 7f221a3f4640 1 -- 172.21.15.46:0/487147626 --> [v2:172.21.15.46:6800/4173084876,v1:172.21.15.46:6801/4173084876] -- mgr_command(tid 0: {"prefix": "orch host add", "hostname": "smithi046", "addr": "172.21.15.46", "target": ["mon-mgr", ""]}) -- 0x7f2214107570 con 0x7f21fc039200
2024-09-19T09:09:16.657 INFO:teuthology.orchestra.run.smithi046.stdout:/usr/bin/ceph: stderr
2024-09-19T09:09:16.078+0000 7f22117fa640 1 -- 172.21.15.46:0/487147626 <== mgr.14118 v2:172.21.15.46:6800/4173084876 1 ==== mgr_command_reply(tid 0: 0 ) ==== 8+0+48 (secure 0 0 0) 0x7f2214107570 con 0x7f21fc039200
2024-09-19T09:09:16.657 INFO:teuthology.orchestra.run.smithi046.stdout:/usr/bin/ceph: stderr
2024-09-19T09:09:16.080+0000 7f221a3f4640 1 -- 172.21.15.46:0/487147626 >> [v2:172.21.15.46:6800/4173084876,v1:172.21.15.46:6801/4173084876] conn(0x7f21fc039200 msgr2=0x7f21fc03b6c0 secure :-1 s=STATE_CONNECTION_ESTABLISHED l=1).mark_down
2024-09-19T09:09:16.657 INFO:teuthology.orchestra.run.smithi046.stdout:/usr/bin/ceph: stderr
