2024-09-19T09:09:16.080+0000 7f221a3f4640 1 --2- 172.21.15.46:0/487147626 >> [v2:172.21.15.46:6800/4173084876,v1:172.21.15.46:6801/4173084876] conn(0x7f21fc039200 0x7f21fc03b6c0 secure :-1 s=READY pgs=11 cs=0 l=1 rev1=1 crypto rx=0x7f22080098c0 tx=0x7f2208006db0 comp rx=0 tx=0).stop
2024-09-19T09:09:16.657 INFO:teuthology.orchestra.run.smithi046.stdout:/usr/bin/ceph: stderr
2024-09-19T09:09:16.080+0000 7f221a3f4640 1 -- 172.21.15.46:0/487147626 >> [v2:172.21.15.46:3300/0,v1:172.21.15.46:6789/0] conn(0x7f2214105850 msgr2=0x7f22141080b0 secure :-1 s=STATE_CONNECTION_ESTABLISHED l=1).mark_down
2024-09-19T09:09:16.657 INFO:teuthology.orchestra.run.smithi046.stdout:/usr/bin/ceph: stderr
2024-09-19T09:09:16.080+0000 7f221a3f4640 1 --2- 172.21.15.46:0/487147626 >> [v2:172.21.15.46:3300/0,v1:172.21.15.46:6789/0] conn(0x7f2214105850 0x7f22141080b0 secure :-1 s=READY pgs=44 cs=0 l=1 rev1=1 crypto rx=0x7f22040097f0 tx=0x7f2204030d80 comp rx=0 tx=0).stop
2024-09-19T09:09:16.657 INFO:teuthology.orchestra.run.smithi046.stdout:/usr/bin/ceph: stderr
2024-09-19T09:09:16.080+0000 7f221a3f4640 1 -- 172.21.15.46:0/487147626 shutdown_connections
2024-09-19T09:09:16.657 INFO:teuthology.orchestra.run.smithi046.stdout:/usr/bin/ceph: stderr
2024-09-19T09:09:16.081+0000 7f221a3f4640 1 --2- 172.21.15.46:0/487147626 >> [v2:172.21.15.46:6800/4173084876,v1:172.21.15.46:6801/4173084876] conn(0x7f21fc039200 0x7f21fc03b6c0 unknown :-1 s=CLOSED pgs=11 cs=0 l=1 rev1=1 crypto rx=0 tx=0 comp rx=0 tx=0).stop
2024-09-19T09:09:16.657 INFO:teuthology.orchestra.run.smithi046.stdout:/usr/bin/ceph: stderr
2024-09-19T09:09:16.081+0000 7f221a3f4640 1 --2- 172.21.15.46:0/487147626 >> [v2:172.21.15.46:3300/0,v1:172.21.15.46:6789/0] conn(0x7f2214105850 0x7f22141080b0 unknown :-1 s=CLOSED pgs=44 cs=0 l=1 rev1=1 crypto rx=0 tx=0 comp rx=0 tx=0).stop
2024-09-19T09:09:16.657 INFO:teuthology.orchestra.run.smithi046.stdout:/usr/bin/ceph: stderr
2024-09-19T09:09:16.081+0000 7f221a3f4640 1 -- 172.21.15.46:0/487147626 >> 172.21.15.46:0/487147626 conn(0x7f2214101400 msgr2=0x7f2214101fb0 unknown :-1 s=STATE_NONE l=0).mark_down
2024-09-19T09:09:16.657 INFO:teuthology.orchestra.run.smithi046.stdout:/usr/bin/ceph: stderr
2024-09-19T09:09:16.081+0000 7f221a3f4640 1 -- 172.21.15.46:0/487147626 shutdown_connections
2024-09-19T09:09:16.658 INFO:teuthology.orchestra.run.smithi046.stdout:/usr/bin/ceph: stderr
2024-09-19T09:09:16.081+0000 7f221a3f4640 1 -- 172.21.15.46:0/487147626 wait complete.
2024-09-19T09:09:16.658 INFO:teuthology.orchestra.run.smithi046.stdout:Deploying unmanaged mon service...
2024-09-19T09:09:17.348 INFO:journalctl@ceph.mon.a.smithi046.stdout:Sep 19 09:09:17 smithi046 ceph-mon[31203]: from='mgr.14118 172.21.15.46:0/2448708064' entity='mgr.x'
2024-09-19T09:09:17.348 INFO:journalctl@ceph.mon.a.smithi046.stdout:Sep 19 09:09:17 smithi046 ceph-mon[31203]: Added host smithi046
2024-09-19T09:09:17.349 INFO:journalctl@ceph.mon.a.smithi046.stdout:Sep 19 09:09:17 smithi046 ceph-mon[31203]: from='mgr.14118 172.21.15.46:0/2448708064' entity='mgr.x' cmd=[{"prefix": "config dump", "format": "json"}]: dispatch
2024-09-19T09:09:18.468 INFO:teuthology.orchestra.run.smithi046.stdout:/usr/bin/ceph: stdout Scheduled mon update...
2024-09-19T09:09:18.468 INFO:teuthology.orchestra.run.smithi046.stdout:/usr/bin/ceph: stderr
2024-09-19T09:09:17.140+0000 7f1d5626e640 1 Processor -- start
2024-09-19T09:09:18.468 INFO:teuthology.orchestra.run.smithi046.stdout:/usr/bin/ceph: stderr
2024-09-19T09:09:17.141+0000 7f1d5626e640 1 -- start start
2024-09-19T09:09:18.468 INFO:teuthology.orchestra.run.smithi046.stdout:/usr/bin/ceph: stderr
2024-09-19T09:09:17.141+0000 7f1d5626e640 1 --2- >> [v2:172.21.15.46:3300/0,v1:172.21.15.46:6789/0] conn(0x7f1d5007de90 0x7f1d5007c2f0 unknown :-1 s=NONE pgs=0 cs=0 l=0 rev1=0 crypto rx=0 tx=0 comp rx=0 tx=0).connect
2024-09-19T09:09:18.468 INFO:teuthology.orchestra.run.smithi046.stdout:/usr/bin/ceph: stderr
2024-09-19T09:09:17.141+0000 7f1d5626e640 1 -- --> [v2:172.21.15.46:3300/0,v1:172.21.15.46:6789/0] -- mon_getmap magic: 0 -- 0x7f1d5007c8c0 con 0x7f1d5007de90
2024-09-19T09:09:18.468 INFO:teuthology.orchestra.run.smithi046.stdout:/usr/bin/ceph: stderr
2024-09-19T09:09:17.141+0000 7f1d4ffff640 1 --2- >> [v2:172.21.15.46:3300/0,v1:172.21.15.46:6789/0] conn(0x7f1d5007de90 0x7f1d5007c2f0 unknown :-1 s=BANNER_CONNECTING pgs=0 cs=0 l=0 rev1=0 crypto rx=0 tx=0 comp rx=0 tx=0)._handle_peer_banner_payload supported=3 required=0
2024-09-19T09:09:18.468 INFO:teuthology.orchestra.run.smithi046.stdout:/usr/bin/ceph: stderr
2024-09-19T09:09:17.141+0000 7f1d4ffff640 1 --2- >> [v2:172.21.15.46:3300/0,v1:172.21.15.46:6789/0] conn(0x7f1d5007de90 0x7f1d5007c2f0 unknown :-1 s=HELLO_CONNECTING pgs=0 cs=0 l=0 rev1=1 crypto rx=0 tx=0 comp rx=0 tx=0).handle_hello peer v2:172.21.15.46:3300/0 says I am v2:172.21.15.46:36298/0 (socket says 172.21.15.46:36298)
2024-09-19T09:09:18.468 INFO:teuthology.orchestra.run.smithi046.stdout:/usr/bin/ceph: stderr
2024-09-19T09:09:17.141+0000 7f1d4ffff640 1 -- 172.21.15.46:0/3637159675 learned_addr learned my addr 172.21.15.46:0/3637159675 (peer_addr_for_me v2:172.21.15.46:0/0)
2024-09-19T09:09:18.468 INFO:teuthology.orchestra.run.smithi046.stdout:/usr/bin/ceph: stderr
2024-09-19T09:09:17.141+0000 7f1d4ffff640 1 -- 172.21.15.46:0/3637159675 --> [v2:172.21.15.46:3300/0,v1:172.21.15.46:6789/0] -- mon_subscribe({config=0+,monmap=0+}) -- 0x7f1d5007ca40 con 0x7f1d5007de90
2024-09-19T09:09:18.469 INFO:teuthology.orchestra.run.smithi046.stdout:/usr/bin/ceph: stderr
2024-09-19T09:09:17.142+0000 7f1d4ffff640 1 --2- 172.21.15.46:0/3637159675 >> [v2:172.21.15.46:3300/0,v1:172.21.15.46:6789/0] conn(0x7f1d5007de90 0x7f1d5007c2f0 secure :-1 s=READY pgs=45 cs=0 l=1 rev1=1 crypto rx=0x7f1d40009820 tx=0x7f1d4002a270 comp rx=0 tx=0).ready entity=mon.0 client_cookie=e37227cb29601d1e server_cookie=0 in_seq=0 out_seq=0
2024-09-19T09:09:18.469 INFO:teuthology.orchestra.run.smithi046.stdout:/usr/bin/ceph: stderr
2024-09-19T09:09:17.142+0000 7f1d4effd640 1 -- 172.21.15.46:0/3637159675 <== mon.0 v2:172.21.15.46:3300/0 1 ==== mon_map magic: 0 ==== 205+0+0 (secure 0 0 0) 0x7f1d40037070 con 0x7f1d5007de90
2024-09-19T09:09:18.469 INFO:teuthology.orchestra.run.smithi046.stdout:/usr/bin/ceph: stderr
2024-09-19T09:09:17.142+0000 7f1d4effd640 1 -- 172.21.15.46:0/3637159675 <== mon.0 v2:172.21.15.46:3300/0 2 ==== config(27 keys) ==== 1109+0+0 (secure 0 0 0) 0x7f1d40032900 con 0x7f1d5007de90
2024-09-19T09:09:18.469 INFO:teuthology.orchestra.run.smithi046.stdout:/usr/bin/ceph: stderr
2024-09-19T09:09:17.142+0000 7f1d4effd640 1 -- 172.21.15.46:0/3637159675 <== mon.0 v2:172.21.15.46:3300/0 3 ==== mon_map magic: 0 ==== 205+0+0 (secure 0 0 0) 0x7f1d40030850 con 0x7f1d5007de90
2024-09-19T09:09:18.469 INFO:teuthology.orchestra.run.smithi046.stdout:/usr/bin/ceph: stderr
2024-09-19T09:09:17.143+0000 7f1d5626e640 1 -- 172.21.15.46:0/3637159675 >> [v2:172.21.15.46:3300/0,v1:172.21.15.46:6789/0] conn(0x7f1d5007de90 msgr2=0x7f1d5007c2f0 secure :-1 s=STATE_CONNECTION_ESTABLISHED l=1).mark_down
2024-09-19T09:09:18.469 INFO:teuthology.orchestra.run.smithi046.stdout:/usr/bin/ceph: stderr
2024-09-19T09:09:17.143+0000 7f1d5626e640 1 --2- 172.21.15.46:0/3637159675 >> [v2:172.21.15.46:3300/0,v1:172.21.15.46:6789/0] conn(0x7f1d5007de90 0x7f1d5007c2f0 secure :-1 s=READY pgs=45 cs=0 l=1 rev1=1 crypto rx=0x7f1d40009820 tx=0x7f1d4002a270 comp rx=0 tx=0).stop
2024-09-19T09:09:18.469 INFO:teuthology.orchestra.run.smithi046.stdout:/usr/bin/ceph: stderr
2024-09-19T09:09:17.143+0000 7f1d5626e640 1 -- 172.21.15.46:0/3637159675 shutdown_connections
2024-09-19T09:09:18.469 INFO:teuthology.orchestra.run.smithi046.stdout:/usr/bin/ceph: stderr
2024-09-19T09:09:17.143+0000 7f1d5626e640 1 --2- 172.21.15.46:0/3637159675 >> [v2:172.21.15.46:3300/0,v1:172.21.15.46:6789/0] conn(0x7f1d5007de90 0x7f1d5007c2f0 unknown :-1 s=CLOSED pgs=45 cs=0 l=1 rev1=1 crypto rx=0 tx=0 comp rx=0 tx=0).stop
2024-09-19T09:09:18.469 INFO:teuthology.orchestra.run.smithi046.stdout:/usr/bin/ceph: stderr
2024-09-19T09:09:17.143+0000 7f1d5626e640 1 -- 172.21.15.46:0/3637159675 >> 172.21.15.46:0/3637159675 conn(0x7f1d50102d90 msgr2=0x7f1d501051b0 unknown :-1 s=STATE_NONE l=0).mark_down
2024-09-19T09:09:18.469 INFO:teuthology.orchestra.run.smithi046.stdout:/usr/bin/ceph: stderr
2024-09-19T09:09:17.143+0000 7f1d5626e640 1 -- 172.21.15.46:0/3637159675 shutdown_connections
2024-09-19T09:09:18.469 INFO:teuthology.orchestra.run.smithi046.stdout:/usr/bin/ceph: stderr
2024-09-19T09:09:17.143+0000 7f1d5626e640 1 -- 172.21.15.46:0/3637159675 wait complete.
2024-09-19T09:09:18.469 INFO:teuthology.orchestra.run.smithi046.stdout:/usr/bin/ceph: stderr
2024-09-19T09:09:17.144+0000 7f1d5626e640 1 Processor -- start
2024-09-19T09:09:18.470 INFO:teuthology.orchestra.run.smithi046.stdout:/usr/bin/ceph: stderr
2024-09-19T09:09:17.144+0000 7f1d5626e640 1 -- start start
2024-09-19T09:09:18.470 INFO:teuthology.orchestra.run.smithi046.stdout:/usr/bin/ceph: stderr
2024-09-19T09:09:17.144+0000 7f1d5626e640 1 --2- >> [v2:172.21.15.46:3300/0,v1:172.21.15.46:6789/0] conn(0x7f1d5007de90 0x7f1d501a1e90 unknown :-1 s=NONE pgs=0 cs=0 l=1 rev1=0 crypto rx=0 tx=0 comp rx=0 tx=0).connect
2024-09-19T09:09:18.470 INFO:teuthology.orchestra.run.smithi046.stdout:/usr/bin/ceph: stderr
2024-09-19T09:09:17.144+0000 7f1d5626e640 1 -- --> [v2:172.21.15.46:3300/0,v1:172.21.15.46:6789/0] -- mon_getmap magic: 0 -- 0x7f1d501097a0 con 0x7f1d5007de90
2024-09-19T09:09:18.470 INFO:teuthology.orchestra.run.smithi046.stdout:/usr/bin/ceph: stderr
2024-09-19T09:09:17.144+0000 7f1d4ffff640 1 --2- >> [v2:172.21.15.46:3300/0,v1:172.21.15.46:6789/0] conn(0x7f1d5007de90 0x7f1d501a1e90 unknown :-1 s=BANNER_CONNECTING pgs=0 cs=0 l=1 rev1=0 crypto rx=0 tx=0 comp rx=0 tx=0)._handle_peer_banner_payload supported=3 required=0
2024-09-19T09:09:18.470 INFO:teuthology.orchestra.run.smithi046.stdout:/usr/bin/ceph: stderr
2024-09-19T09:09:17.144+0000 7f1d4ffff640 1 --2- >> [v2:172.21.15.46:3300/0,v1:172.21.15.46:6789/0] conn(0x7f1d5007de90 0x7f1d501a1e90 unknown :-1 s=HELLO_CONNECTING pgs=0 cs=0 l=1 rev1=1 crypto rx=0 tx=0 comp rx=0 tx=0).handle_hello peer v2:172.21.15.46:3300/0 says I am v2:172.21.15.46:36304/0 (socket says 172.21.15.46:36304)
2024-09-19T09:09:18.470 INFO:teuthology.orchestra.run.smithi046.stdout:/usr/bin/ceph: stderr
2024-09-19T09:09:17.144+0000 7f1d4ffff640 1 -- 172.21.15.46:0/1081664558 learned_addr learned my addr 172.21.15.46:0/1081664558 (peer_addr_for_me v2:172.21.15.46:0/0)
2024-09-19T09:09:18.470 INFO:teuthology.orchestra.run.smithi046.stdout:/usr/bin/ceph: stderr
2024-09-19T09:09:17.144+0000 7f1d4ffff640 1 -- 172.21.15.46:0/1081664558 --> [v2:172.21.15.46:3300/0,v1:172.21.15.46:6789/0] -- mon_subscribe({config=0+,monmap=0+}) -- 0x7f1d501a23d0 con 0x7f1d5007de90
2024-09-19T09:09:18.470 INFO:teuthology.orchestra.run.smithi046.stdout:/usr/bin/ceph: stderr
2024-09-19T09:09:17.144+0000 7f1d4ffff640 1 --2- 172.21.15.46:0/1081664558 >> [v2:172.21.15.46:3300/0,v1:172.21.15.46:6789/0] conn(0x7f1d5007de90 0x7f1d501a1e90 secure :-1 s=READY pgs=46 cs=0 l=1 rev1=1 crypto rx=0x7f1d400097f0 tx=0x7f1d40030d80 comp rx=0 tx=0).ready entity=mon.0 client_cookie=0 server_cookie=0 in_seq=0 out_seq=0
2024-09-19T09:09:18.470 INFO:teuthology.orchestra.run.smithi046.stdout:/usr/bin/ceph: stderr
2024-09-19T09:09:17.145+0000 7f1d4d7fa640 1 -- 172.21.15.46:0/1081664558 <== mon.0 v2:172.21.15.46:3300/0 1 ==== mon_map magic: 0 ==== 205+0+0 (secure 0 0 0) 0x7f1d40037040 con 0x7f1d5007de90
2024-09-19T09:09:18.470 INFO:teuthology.orchestra.run.smithi046.stdout:/usr/bin/ceph: stderr
2024-09-19T09:09:17.145+0000 7f1d4d7fa640 1 -- 172.21.15.46:0/1081664558 <== mon.0 v2:172.21.15.46:3300/0 2 ==== config(27 keys) ==== 1109+0+0 (secure 0 0 0) 0x7f1d40040070 con 0x7f1d5007de90
2024-09-19T09:09:18.470 INFO:teuthology.orchestra.run.smithi046.stdout:/usr/bin/ceph: stderr
2024-09-19T09:09:17.145+0000 7f1d5626e640 1 -- 172.21.15.46:0/1081664558 --> [v2:172.21.15.46:3300/0,v1:172.21.15.46:6789/0] -- mon_subscribe({mgrmap=0+}) -- 0x7f1d501a2660 con 0x7f1d5007de90
2024-09-19T09:09:18.471 INFO:teuthology.orchestra.run.smithi046.stdout:/usr/bin/ceph: stderr
2024-09-19T09:09:17.145+0000 7f1d4d7fa640 1 -- 172.21.15.46:0/1081664558 <== mon.0 v2:172.21.15.46:3300/0 3 ==== mon_map magic: 0 ==== 205+0+0 (secure 0 0 0) 0x7f1d4003a390 con 0x7f1d5007de90
2024-09-19T09:09:18.471 INFO:teuthology.orchestra.run.smithi046.stdout:/usr/bin/ceph: stderr
2024-09-19T09:09:17.145+0000 7f1d5626e640 1 -- 172.21.15.46:0/1081664558 --> [v2:172.21.15.46:3300/0,v1:172.21.15.46:6789/0] -- mon_subscribe({osdmap=0}) -- 0x7f1d501a5350 con 0x7f1d5007de90
2024-09-19T09:09:18.471 INFO:teuthology.orchestra.run.smithi046.stdout:/usr/bin/ceph: stderr
2024-09-19T09:09:17.146+0000 7f1d4d7fa640 1 -- 172.21.15.46:0/1081664558 <== mon.0 v2:172.21.15.46:3300/0 4 ==== mgrmap(e 8) ==== 46461+0+0 (secure 0 0 0) 0x7f1d40032900 con 0x7f1d5007de90
2024-09-19T09:09:18.471 INFO:teuthology.orchestra.run.smithi046.stdout:/usr/bin/ceph: stderr
2024-09-19T09:09:17.146+0000 7f1d5626e640 1 -- 172.21.15.46:0/1081664558 --> [v2:172.21.15.46:3300/0,v1:172.21.15.46:6789/0] -- mon_command({"prefix": "get_command_descriptions"} v 0) -- 0x7f1d5007c370 con 0x7f1d5007de90
2024-09-19T09:09:18.471 INFO:teuthology.orchestra.run.smithi046.stdout:/usr/bin/ceph: stderr
2024-09-19T09:09:17.146+0000 7f1d4d7fa640 1 --2- 172.21.15.46:0/1081664558 >> [v2:172.21.15.46:6800/4173084876,v1:172.21.15.46:6801/4173084876] conn(0x7f1d38039200 0x7f1d3803b6c0 unknown :-1 s=NONE pgs=0 cs=0 l=1 rev1=0 crypto rx=0 tx=0 comp rx=0 tx=0).connect
2024-09-19T09:09:18.471 INFO:teuthology.orchestra.run.smithi046.stdout:/usr/bin/ceph: stderr
2024-09-19T09:09:17.146+0000 7f1d4d7fa640 1 -- 172.21.15.46:0/1081664558 <== mon.0 v2:172.21.15.46:3300/0 5 ==== osd_map(2..2 src has 1..2) ==== 940+0+0 (secure 0 0 0) 0x7f1d4006c730 con 0x7f1d5007de90
2024-09-19T09:09:18.471 INFO:teuthology.orchestra.run.smithi046.stdout:/usr/bin/ceph: stderr
2024-09-19T09:09:17.146+0000 7f1d4f7fe640 1 --2- 172.21.15.46:0/1081664558 >> [v2:172.21.15.46:6800/4173084876,v1:172.21.15.46:6801/4173084876] conn(0x7f1d38039200 0x7f1d3803b6c0 unknown :-1 s=BANNER_CONNECTING pgs=0 cs=0 l=1 rev1=0 crypto rx=0 tx=0 comp rx=0 tx=0)._handle_peer_banner_payload supported=3 required=0
2024-09-19T09:09:18.471 INFO:teuthology.orchestra.run.smithi046.stdout:/usr/bin/ceph: stderr
2024-09-19T09:09:17.147+0000 7f1d4f7fe640 1 --2- 172.21.15.46:0/1081664558 >> [v2:172.21.15.46:6800/4173084876,v1:172.21.15.46:6801/4173084876] conn(0x7f1d38039200 0x7f1d3803b6c0 secure :-1 s=READY pgs=12 cs=0 l=1 rev1=1 crypto rx=0x7f1d440098c0 tx=0x7f1d44006db0 comp rx=0 tx=0).ready entity=mgr.14118 client_cookie=0 server_cookie=0 in_seq=0 out_seq=0
2024-09-19T09:09:18.471 INFO:teuthology.orchestra.run.smithi046.stdout:/usr/bin/ceph: stderr
2024-09-19T09:09:17.151+0000 7f1d4d7fa640 1 -- 172.21.15.46:0/1081664558 <== mon.0 v2:172.21.15.46:3300/0 6 ==== mon_command_ack([{"prefix": "get_command_descriptions"}]=0 v0) ==== 72+0+188913 (secure 0 0 0) 0x7f1d40040ce0 con 0x7f1d5007de90
2024-09-19T09:09:18.471 INFO:teuthology.orchestra.run.smithi046.stdout:/usr/bin/ceph: stderr
2024-09-19T09:09:17.348+0000 7f1d5626e640 1 -- 172.21.15.46:0/1081664558 --> [v2:172.21.15.46:6800/4173084876,v1:172.21.15.46:6801/4173084876] -- mgr_command(tid 0: {"prefix": "orch apply", "service_type": "mon", "unmanaged": true, "target": ["mon-mgr", ""]}) -- 0x7f1d5002d830 con 0x7f1d38039200
2024-09-19T09:09:18.471 INFO:teuthology.orchestra.run.smithi046.stdout:/usr/bin/ceph: stderr
2024-09-19T09:09:17.352+0000 7f1d4d7fa640 1 -- 172.21.15.46:0/1081664558 <== mgr.14118 v2:172.21.15.46:6800/4173084876 1 ==== mgr_command_reply(tid 0: 0 ) ==== 8+0+24 (secure 0 0 0) 0x7f1d5002d830 con 0x7f1d38039200
2024-09-19T09:09:18.471 INFO:teuthology.orchestra.run.smithi046.stdout:/usr/bin/ceph: stderr
2024-09-19T09:09:17.354+0000 7f1d5626e640 1 -- 172.21.15.46:0/1081664558 >> [v2:172.21.15.46:6800/4173084876,v1:172.21.15.46:6801/4173084876] conn(0x7f1d38039200 msgr2=0x7f1d3803b6c0 secure :-1 s=STATE_CONNECTION_ESTABLISHED l=1).mark_down
2024-09-19T09:09:18.472 INFO:teuthology.orchestra.run.smithi046.stdout:/usr/bin/ceph: stderr
2024-09-19T09:09:17.354+0000 7f1d5626e640 1 --2- 172.21.15.46:0/1081664558 >> [v2:172.21.15.46:6800/4173084876,v1:172.21.15.46:6801/4173084876] conn(0x7f1d38039200 0x7f1d3803b6c0 secure :-1 s=READY pgs=12 cs=0 l=1 rev1=1 crypto rx=0x7f1d440098c0 tx=0x7f1d44006db0 comp rx=0 tx=0).stop
2024-09-19T09:09:18.472 INFO:teuthology.orchestra.run.smithi046.stdout:/usr/bin/ceph: stderr
2024-09-19T09:09:17.354+0000 7f1d5626e640 1 -- 172.21.15.46:0/1081664558 >> [v2:172.21.15.46:3300/0,v1:172.21.15.46:6789/0] conn(0x7f1d5007de90 msgr2=0x7f1d501a1e90 secure :-1 s=STATE_CONNECTION_ESTABLISHED l=1).mark_down
2024-09-19T09:09:18.472 INFO:teuthology.orchestra.run.smithi046.stdout:/usr/bin/ceph: stderr
2024-09-19T09:09:17.354+0000 7f1d5626e640 1 --2- 172.21.15.46:0/1081664558 >> [v2:172.21.15.46:3300/0,v1:172.21.15.46:6789/0] conn(0x7f1d5007de90 0x7f1d501a1e90 secure :-1 s=READY pgs=46 cs=0 l=1 rev1=1 crypto rx=0x7f1d400097f0 tx=0x7f1d40030d80 comp rx=0 tx=0).stop
2024-09-19T09:09:18.472 INFO:teuthology.orchestra.run.smithi046.stdout:/usr/bin/ceph: stderr
2024-09-19T09:09:17.355+0000 7f1d5626e640 1 -- 172.21.15.46:0/1081664558 shutdown_connections
2024-09-19T09:09:18.472 INFO:teuthology.orchestra.run.smithi046.stdout:/usr/bin/ceph: stderr
2024-09-19T09:09:17.355+0000 7f1d5626e640 1 --2- 172.21.15.46:0/1081664558 >> [v2:172.21.15.46:6800/4173084876,v1:172.21.15.46:6801/4173084876] conn(0x7f1d38039200 0x7f1d3803b6c0 unknown :-1 s=CLOSED pgs=12 cs=0 l=1 rev1=1 crypto rx=0 tx=0 comp rx=0 tx=0).stop
2024-09-19T09:09:18.472 INFO:teuthology.orchestra.run.smithi046.stdout:/usr/bin/ceph: stderr
2024-09-19T09:09:17.355+0000 7f1d5626e640 1 --2- 172.21.15.46:0/1081664558 >> [v2:172.21.15.46:3300/0,v1:172.21.15.46:6789/0] conn(0x7f1d5007de90 0x7f1d501a1e90 unknown :-1 s=CLOSED pgs=46 cs=0 l=1 rev1=1 crypto rx=0 tx=0 comp rx=0 tx=0).stop
2024-09-19T09:09:18.472 INFO:teuthology.orchestra.run.smithi046.stdout:/usr/bin/ceph: stderr
2024-09-19T09:09:17.355+0000 7f1d5626e640 1 -- 172.21.15.46:0/1081664558 >> 172.21.15.46:0/1081664558 conn(0x7f1d50102d90 msgr2=0x7f1d50198870 unknown :-1 s=STATE_NONE l=0).mark_down
2024-09-19T09:09:18.472 INFO:teuthology.orchestra.run.smithi046.stdout:/usr/bin/ceph: stderr
2024-09-19T09:09:17.355+0000 7f1d5626e640 1 -- 172.21.15.46:0/1081664558 shutdown_connections
2024-09-19T09:09:18.472 INFO:teuthology.orchestra.run.smithi046.stdout:/usr/bin/ceph: stderr
2024-09-19T09:09:17.355+0000 7f1d5626e640 1 -- 172.21.15.46:0/1081664558 wait complete.
2024-09-19T09:09:18.472 INFO:teuthology.orchestra.run.smithi046.stdout:Deploying unmanaged mgr service...
2024-09-19T09:09:18.731 INFO:journalctl@ceph.mon.a.smithi046.stdout:Sep 19 09:09:18 smithi046 ceph-mon[31203]: from='client.14140 -' entity='client.admin' cmd=[{"prefix": "orch apply", "service_type": "mon", "unmanaged": true, "target": ["mon-mgr", ""]}]: dispatch
2024-09-19T09:09:18.731 INFO:journalctl@ceph.mon.a.smithi046.stdout:Sep 19 09:09:18 smithi046 ceph-mon[31203]: Saving service mon spec with placement count:5
2024-09-19T09:09:18.731 INFO:journalctl@ceph.mon.a.smithi046.stdout:Sep 19 09:09:18 smithi046 ceph-mon[31203]: from='mgr.14118 172.21.15.46:0/2448708064' entity='mgr.x'
2024-09-19T09:09:19.981 INFO:journalctl@ceph.mon.a.smithi046.stdout:Sep 19 09:09:19 smithi046 ceph-mon[31203]: from='mgr.14118 172.21.15.46:0/2448708064' entity='mgr.x'
2024-09-19T09:09:19.981 INFO:journalctl@ceph.mon.a.smithi046.stdout:Sep 19 09:09:19 smithi046 ceph-mon[31203]: from='mgr.14118 172.21.15.46:0/2448708064' entity='mgr.x'
2024-09-19T09:09:19.981 INFO:journalctl@ceph.mon.a.smithi046.stdout:Sep 19 09:09:19 smithi046 ceph-mon[31203]: from='mgr.14118 172.21.15.46:0/2448708064' entity='mgr.x'
2024-09-19T09:09:20.006 INFO:teuthology.orchestra.run.smithi046.stdout:/usr/bin/ceph: stdout Scheduled mgr update...
2024-09-19T09:09:20.007 INFO:teuthology.orchestra.run.smithi046.stdout:/usr/bin/ceph: stderr
2024-09-19T09:09:19.227+0000 7fe694da0640 1 Processor -- start
2024-09-19T09:09:20.007 INFO:teuthology.orchestra.run.smithi046.stdout:/usr/bin/ceph: stderr
2024-09-19T09:09:19.227+0000 7fe694da0640 1 -- start start
2024-09-19T09:09:20.007 INFO:teuthology.orchestra.run.smithi046.stdout:/usr/bin/ceph: stderr
2024-09-19T09:09:19.227+0000 7fe694da0640 1 --2- >> [v2:172.21.15.46:3300/0,v1:172.21.15.46:6789/0] conn(0x7fe690105e30 0x7fe690108240 unknown :-1 s=NONE pgs=0 cs=0 l=0 rev1=0 crypto rx=0 tx=0 comp rx=0 tx=0).connect
2024-09-19T09:09:20.007 INFO:teuthology.orchestra.run.smithi046.stdout:/usr/bin/ceph: stderr
2024-09-19T09:09:19.227+0000 7fe694da0640 1 -- --> [v2:172.21.15.46:3300/0,v1:172.21.15.46:6789/0] -- mon_getmap magic: 0 -- 0x7fe69007be10 con 0x7fe690105e30
2024-09-19T09:09:20.007 INFO:teuthology.orchestra.run.smithi046.stdout:/usr/bin/ceph: stderr
2024-09-19T09:09:19.227+0000 7fe68e59c640 1 --2- >> [v2:172.21.15.46:3300/0,v1:172.21.15.46:6789/0] conn(0x7fe690105e30 0x7fe690108240 unknown :-1 s=BANNER_CONNECTING pgs=0 cs=0 l=0 rev1=0 crypto rx=0 tx=0 comp rx=0 tx=0)._handle_peer_banner_payload supported=3 required=0
2024-09-19T09:09:20.007 INFO:teuthology.orchestra.run.smithi046.stdout:/usr/bin/ceph: stderr
2024-09-19T09:09:19.227+0000 7fe68e59c640 1 --2- >> [v2:172.21.15.46:3300/0,v1:172.21.15.46:6789/0] conn(0x7fe690105e30 0x7fe690108240 unknown :-1 s=HELLO_CONNECTING pgs=0 cs=0 l=0 rev1=1 crypto rx=0 tx=0 comp rx=0 tx=0).handle_hello peer v2:172.21.15.46:3300/0 says I am v2:172.21.15.46:35414/0 (socket says 172.21.15.46:35414)
2024-09-19T09:09:20.007 INFO:teuthology.orchestra.run.smithi046.stdout:/usr/bin/ceph: stderr
2024-09-19T09:09:19.227+0000 7fe68e59c640 1 -- 172.21.15.46:0/3871511875 learned_addr learned my addr 172.21.15.46:0/3871511875 (peer_addr_for_me v2:172.21.15.46:0/0)
2024-09-19T09:09:20.007 INFO:teuthology.orchestra.run.smithi046.stdout:/usr/bin/ceph: stderr
2024-09-19T09:09:19.228+0000 7fe68e59c640 1 -- 172.21.15.46:0/3871511875 --> [v2:172.21.15.46:3300/0,v1:172.21.15.46:6789/0] -- mon_subscribe({config=0+,monmap=0+}) -- 0x7fe690108780 con 0x7fe690105e30
2024-09-19T09:09:20.007 INFO:teuthology.orchestra.run.smithi046.stdout:/usr/bin/ceph: stderr
2024-09-19T09:09:19.228+0000 7fe68e59c640 1 --2- 172.21.15.46:0/3871511875 >> [v2:172.21.15.46:3300/0,v1:172.21.15.46:6789/0] conn(0x7fe690105e30 0x7fe690108240 secure :-1 s=READY pgs=47 cs=0 l=1 rev1=1 crypto rx=0x7fe680009820 tx=0x7fe68002a270 comp rx=0 tx=0).ready entity=mon.0 client_cookie=25953ef7bc5d83e4 server_cookie=0 in_seq=0 out_seq=0
2024-09-19T09:09:20.007 INFO:teuthology.orchestra.run.smithi046.stdout:/usr/bin/ceph: stderr
2024-09-19T09:09:19.229+0000 7fe68d59a640 1 -- 172.21.15.46:0/3871511875 <== mon.0 v2:172.21.15.46:3300/0 1 ==== mon_map magic: 0 ==== 205+0+0 (secure 0 0 0) 0x7fe680037070 con 0x7fe690105e30
2024-09-19T09:09:20.007 INFO:teuthology.orchestra.run.smithi046.stdout:/usr/bin/ceph: stderr
2024-09-19T09:09:19.229+0000 7fe68d59a640 1 -- 172.21.15.46:0/3871511875 <== mon.0 v2:172.21.15.46:3300/0 2 ==== config(27 keys) ==== 1140+0+0 (secure 0 0 0) 0x7fe680032920 con 0x7fe690105e30
2024-09-19T09:09:20.007 INFO:teuthology.orchestra.run.smithi046.stdout:/usr/bin/ceph: stderr
2024-09-19T09:09:19.229+0000 7fe68d59a640 1 -- 172.21.15.46:0/3871511875 <== mon.0 v2:172.21.15.46:3300/0 3 ==== mon_map magic: 0 ==== 205+0+0 (secure 0 0 0) 0x7fe680030810 con 0x7fe690105e30
2024-09-19T09:09:20.008 INFO:teuthology.orchestra.run.smithi046.stdout:/usr/bin/ceph: stderr
2024-09-19T09:09:19.229+0000 7fe694da0640 1 -- 172.21.15.46:0/3871511875 >> [v2:172.21.15.46:3300/0,v1:172.21.15.46:6789/0] conn(0x7fe690105e30 msgr2=0x7fe690108240 secure :-1 s=STATE_CONNECTION_ESTABLISHED l=1).mark_down
2024-09-19T09:09:20.008 INFO:teuthology.orchestra.run.smithi046.stdout:/usr/bin/ceph: stderr
2024-09-19T09:09:19.229+0000 7fe694da0640 1 --2- 172.21.15.46:0/3871511875 >> [v2:172.21.15.46:3300/0,v1:172.21.15.46:6789/0] conn(0x7fe690105e30 0x7fe690108240 secure :-1 s=READY pgs=47 cs=0 l=1 rev1=1 crypto rx=0x7fe680009820 tx=0x7fe68002a270 comp rx=0 tx=0).stop
2024-09-19T09:09:20.008 INFO:teuthology.orchestra.run.smithi046.stdout:/usr/bin/ceph: stderr
2024-09-19T09:09:19.229+0000 7fe694da0640 1 -- 172.21.15.46:0/3871511875 shutdown_connections
2024-09-19T09:09:20.008 INFO:teuthology.orchestra.run.smithi046.stdout:/usr/bin/ceph: stderr
2024-09-19T09:09:19.229+0000 7fe694da0640 1 --2- 172.21.15.46:0/3871511875 >> [v2:172.21.15.46:3300/0,v1:172.21.15.46:6789/0] conn(0x7fe690105e30 0x7fe690108240 unknown :-1 s=CLOSED pgs=47 cs=0 l=1 rev1=1 crypto rx=0 tx=0 comp rx=0 tx=0).stop
2024-09-19T09:09:20.008 INFO:teuthology.orchestra.run.smithi046.stdout:/usr/bin/ceph: stderr
2024-09-19T09:09:19.229+0000 7fe694da0640 1 -- 172.21.15.46:0/3871511875 >> 172.21.15.46:0/3871511875 conn(0x7fe690101cc0 msgr2=0x7fe6901040e0 unknown :-1 s=STATE_NONE l=0).mark_down
2024-09-19T09:09:20.008 INFO:teuthology.orchestra.run.smithi046.stdout:/usr/bin/ceph: stderr
2024-09-19T09:09:19.229+0000 7fe694da0640 1 -- 172.21.15.46:0/3871511875 shutdown_connections
2024-09-19T09:09:20.008 INFO:teuthology.orchestra.run.smithi046.stdout:/usr/bin/ceph: stderr
2024-09-19T09:09:19.229+0000 7fe694da0640 1 -- 172.21.15.46:0/3871511875 wait complete.
2024-09-19T09:09:20.008 INFO:teuthology.orchestra.run.smithi046.stdout:/usr/bin/ceph: stderr
2024-09-19T09:09:19.230+0000 7fe694da0640 1 Processor -- start
2024-09-19T09:09:20.008 INFO:teuthology.orchestra.run.smithi046.stdout:/usr/bin/ceph: stderr
2024-09-19T09:09:19.230+0000 7fe694da0640 1 -- start start
2024-09-19T09:09:20.008 INFO:teuthology.orchestra.run.smithi046.stdout:/usr/bin/ceph: stderr
2024-09-19T09:09:19.230+0000 7fe694da0640 1 --2- >> [v2:172.21.15.46:3300/0,v1:172.21.15.46:6789/0] conn(0x7fe690105e30 0x7fe6901a1e90 unknown :-1 s=NONE pgs=0 cs=0 l=1 rev1=0 crypto rx=0 tx=0 comp rx=0 tx=0).connect
2024-09-19T09:09:20.008 INFO:teuthology.orchestra.run.smithi046.stdout:/usr/bin/ceph: stderr
2024-09-19T09:09:19.230+0000 7fe694da0640 1 -- --> [v2:172.21.15.46:3300/0,v1:172.21.15.46:6789/0] -- mon_getmap magic: 0 -- 0x7fe6901098c0 con 0x7fe690105e30
2024-09-19T09:09:20.008 INFO:teuthology.orchestra.run.smithi046.stdout:/usr/bin/ceph: stderr
2024-09-19T09:09:19.230+0000 7fe68e59c640 1 --2- >> [v2:172.21.15.46:3300/0,v1:172.21.15.46:6789/0] conn(0x7fe690105e30 0x7fe6901a1e90 unknown :-1 s=BANNER_CONNECTING pgs=0 cs=0 l=1 rev1=0 crypto rx=0 tx=0 comp rx=0 tx=0)._handle_peer_banner_payload supported=3 required=0
2024-09-19T09:09:20.009 INFO:teuthology.orchestra.run.smithi046.stdout:/usr/bin/ceph: stderr
2024-09-19T09:09:19.230+0000 7fe68e59c640 1 --2- >> [v2:172.21.15.46:3300/0,v1:172.21.15.46:6789/0] conn(0x7fe690105e30 0x7fe6901a1e90 unknown :-1 s=HELLO_CONNECTING pgs=0 cs=0 l=1 rev1=1 crypto rx=0 tx=0 comp rx=0 tx=0).handle_hello peer v2:172.21.15.46:3300/0 says I am v2:172.21.15.46:35422/0 (socket says 172.21.15.46:35422)
2024-09-19T09:09:20.009 INFO:teuthology.orchestra.run.smithi046.stdout:/usr/bin/ceph: stderr
2024-09-19T09:09:19.230+0000 7fe68e59c640 1 -- 172.21.15.46:0/911512833 learned_addr learned my addr 172.21.15.46:0/911512833 (peer_addr_for_me v2:172.21.15.46:0/0)
2024-09-19T09:09:20.009 INFO:teuthology.orchestra.run.smithi046.stdout:/usr/bin/ceph: stderr
2024-09-19T09:09:19.231+0000 7fe68e59c640 1 -- 172.21.15.46:0/911512833 --> [v2:172.21.15.46:3300/0,v1:172.21.15.46:6789/0] -- mon_subscribe({config=0+,monmap=0+}) -- 0x7fe6901a23d0 con 0x7fe690105e30
2024-09-19T09:09:20.009 INFO:teuthology.orchestra.run.smithi046.stdout:/usr/bin/ceph: stderr
2024-09-19T09:09:19.231+0000 7fe68e59c640 1 --2- 172.21.15.46:0/911512833 >> [v2:172.21.15.46:3300/0,v1:172.21.15.46:6789/0] conn(0x7fe690105e30 0x7fe6901a1e90 secure :-1 s=READY pgs=48 cs=0 l=1 rev1=1 crypto rx=0x7fe6800097f0 tx=0x7fe6800327b0 comp rx=0 tx=0).ready entity=mon.0 client_cookie=0 server_cookie=0 in_seq=0 out_seq=0
2024-09-19T09:09:20.009 INFO:teuthology.orchestra.run.smithi046.stdout:/usr/bin/ceph: stderr
2024-09-19T09:09:19.231+0000 7fe67f7fe640 1 -- 172.21.15.46:0/911512833 <== mon.0 v2:172.21.15.46:3300/0 1 ==== mon_map magic: 0 ==== 205+0+0 (secure 0 0 0) 0x7fe680037040 con 0x7fe690105e30
2024-09-19T09:09:20.009 INFO:teuthology.orchestra.run.smithi046.stdout:/usr/bin/ceph: stderr
2024-09-19T09:09:19.231+0000 7fe67f7fe640 1 -- 172.21.15.46:0/911512833 <== mon.0 v2:172.21.15.46:3300/0 2 ==== config(27 keys) ==== 1140+0+0 (secure 0 0 0) 0x7fe680030cc0 con 0x7fe690105e30
2024-09-19T09:09:20.009 INFO:teuthology.orchestra.run.smithi046.stdout:/usr/bin/ceph: stderr
2024-09-19T09:09:19.231+0000 7fe694da0640 1 -- 172.21.15.46:0/911512833 --> [v2:172.21.15.46:3300/0,v1:172.21.15.46:6789/0] -- mon_subscribe({mgrmap=0+}) -- 0x7fe6901a2660 con 0x7fe690105e30
2024-09-19T09:09:20.009 INFO:teuthology.orchestra.run.smithi046.stdout:/usr/bin/ceph: stderr
2024-09-19T09:09:19.231+0000 7fe67f7fe640 1 -- 172.21.15.46:0/911512833 <== mon.0 v2:172.21.15.46:3300/0 3 ==== mon_map magic: 0 ==== 205+0+0 (secure 0 0 0) 0x7fe68003a6b0 con 0x7fe690105e30
2024-09-19T09:09:20.009 INFO:teuthology.orchestra.run.smithi046.stdout:/usr/bin/ceph: stderr
2024-09-19T09:09:19.231+0000 7fe694da0640 1 -- 172.21.15.46:0/911512833 --> [v2:172.21.15.46:3300/0,v1:172.21.15.46:6789/0] -- mon_subscribe({osdmap=0}) -- 0x7fe6901a5350 con 0x7fe690105e30
2024-09-19T09:09:20.009 INFO:teuthology.orchestra.run.smithi046.stdout:/usr/bin/ceph: stderr
2024-09-19T09:09:19.232+0000 7fe67f7fe640 1 -- 172.21.15.46:0/911512833 <== mon.0 v2:172.21.15.46:3300/0 4 ==== mgrmap(e 8) ==== 46461+0+0 (secure 0 0 0) 0x7fe68003a850 con 0x7fe690105e30
2024-09-19T09:09:20.009 INFO:teuthology.orchestra.run.smithi046.stdout:/usr/bin/ceph: stderr
2024-09-19T09:09:19.232+0000 7fe694da0640 1 -- 172.21.15.46:0/911512833 --> [v2:172.21.15.46:3300/0,v1:172.21.15.46:6789/0] -- mon_command({"prefix": "get_command_descriptions"} v 0) -- 0x7fe690106230 con 0x7fe690105e30
2024-09-19T09:09:20.009 INFO:teuthology.orchestra.run.smithi046.stdout:/usr/bin/ceph: stderr
2024-09-19T09:09:19.232+0000 7fe67f7fe640 1 --2- 172.21.15.46:0/911512833 >> [v2:172.21.15.46:6800/4173084876,v1:172.21.15.46:6801/4173084876] conn(0x7fe678039200 0x7fe67803b6c0 unknown :-1 s=NONE pgs=0 cs=0 l=1 rev1=0 crypto rx=0 tx=0 comp rx=0 tx=0).connect
2024-09-19T09:09:20.009 INFO:teuthology.orchestra.run.smithi046.stdout:/usr/bin/ceph: stderr
2024-09-19T09:09:19.232+0000 7fe67f7fe640 1 -- 172.21.15.46:0/911512833 <== mon.0 v2:172.21.15.46:3300/0 5 ==== osd_map(2..2 src has 1..2) ==== 940+0+0 (secure 0 0 0) 0x7fe68006c7a0 con 0x7fe690105e30
2024-09-19T09:09:20.010 INFO:teuthology.orchestra.run.smithi046.stdout:/usr/bin/ceph: stderr
2024-09-19T09:09:19.232+0000 7fe68dd9b640 1 --2- 172.21.15.46:0/911512833 >> [v2:172.21.15.46:6800/4173084876,v1:172.21.15.46:6801/4173084876] conn(0x7fe678039200 0x7fe67803b6c0 unknown :-1 s=BANNER_CONNECTING pgs=0 cs=0 l=1 rev1=0 crypto rx=0 tx=0 comp rx=0 tx=0)._handle_peer_banner_payload supported=3 required=0
2024-09-19T09:09:20.010 INFO:teuthology.orchestra.run.smithi046.stdout:/usr/bin/ceph: stderr
2024-09-19T09:09:19.233+0000 7fe68dd9b640 1 --2- 172.21.15.46:0/911512833 >> [v2:172.21.15.46:6800/4173084876,v1:172.21.15.46:6801/4173084876] conn(0x7fe678039200 0x7fe67803b6c0 secure :-1 s=READY pgs=13 cs=0 l=1 rev1=1 crypto rx=0x7fe6840098c0 tx=0x7fe684006db0 comp rx=0 tx=0).ready entity=mgr.14118 client_cookie=0 server_cookie=0 in_seq=0 out_seq=0
2024-09-19T09:09:20.010 INFO:teuthology.orchestra.run.smithi046.stdout:/usr/bin/ceph: stderr
2024-09-19T09:09:19.237+0000 7fe67f7fe640 1 -- 172.21.15.46:0/911512833 <== mon.0 v2:172.21.15.46:3300/0 6 ==== mon_command_ack([{"prefix": "get_command_descriptions"}]=0 v0) ==== 72+0+188913 (secure 0 0 0) 0x7fe68002fd60 con 0x7fe690105e30
2024-09-19T09:09:20.010 INFO:teuthology.orchestra.run.smithi046.stdout:/usr/bin/ceph: stderr
2024-09-19T09:09:19.430+0000 7fe694da0640 1 -- 172.21.15.46:0/911512833 --> [v2:172.21.15.46:6800/4173084876,v1:172.21.15.46:6801/4173084876] -- mgr_command(tid 0: {"prefix": "orch apply", "service_type": "mgr", "unmanaged": true, "target": ["mon-mgr", ""]}) -- 0x7fe69010a7f0 con 0x7fe678039200
2024-09-19T09:09:20.010 INFO:teuthology.orchestra.run.smithi046.stdout:/usr/bin/ceph: stderr
2024-09-19T09:09:19.434+0000 7fe67f7fe640 1 -- 172.21.15.46:0/911512833 <== mgr.14118 v2:172.21.15.46:6800/4173084876 1 ==== mgr_command_reply(tid 0: 0 ) ==== 8+0+24 (secure 0 0 0) 0x7fe69010a7f0 con 0x7fe678039200
2024-09-19T09:09:20.010 INFO:teuthology.orchestra.run.smithi046.stdout:/usr/bin/ceph: stderr
2024-09-19T09:09:19.436+0000 7fe694da0640 1 -- 172.21.15.46:0/911512833 >> [v2:172.21.15.46:6800/4173084876,v1:172.21.15.46:6801/4173084876] conn(0x7fe678039200 msgr2=0x7fe67803b6c0 secure :-1 s=STATE_CONNECTION_ESTABLISHED l=1).mark_down
2024-09-19T09:09:20.010 INFO:teuthology.orchestra.run.smithi046.stdout:/usr/bin/ceph: stderr
2024-09-19T09:09:19.436+0000 7fe694da0640 1 --2- 172.21.15.46:0/911512833 >> [v2:172.21.15.46:6800/4173084876,v1:172.21.15.46:6801/4173084876] conn(0x7fe678039200 0x7fe67803b6c0 secure :-1 s=READY pgs=13 cs=0 l=1 rev1=1 crypto rx=0x7fe6840098c0 tx=0x7fe684006db0 comp rx=0 tx=0).stop
2024-09-19T09:09:20.010 INFO:teuthology.orchestra.run.smithi046.stdout:/usr/bin/ceph: stderr
2024-09-19T09:09:19.436+0000 7fe694da0640 1 -- 172.21.15.46:0/911512833 >> [v2:172.21.15.46:3300/0,v1:172.21.15.46:6789/0] conn(0x7fe690105e30 msgr2=0x7fe6901a1e90 secure :-1 s=STATE_CONNECTION_ESTABLISHED l=1).mark_down
2024-09-19T09:09:20.010 INFO:teuthology.orchestra.run.smithi046.stdout:/usr/bin/ceph: stderr
2024-09-19T09:09:19.436+0000 7fe694da0640 1 --2- 172.21.15.46:0/911512833 >> [v2:172.21.15.46:3300/0,v1:172.21.15.46:6789/0] conn(0x7fe690105e30 0x7fe6901a1e90 secure :-1 s=READY pgs=48 cs=0 l=1 rev1=1 crypto rx=0x7fe6800097f0 tx=0x7fe6800327b0 comp rx=0 tx=0).stop
2024-09-19T09:09:20.010 INFO:teuthology.orchestra.run.smithi046.stdout:/usr/bin/ceph: stderr
2024-09-19T09:09:19.436+0000 7fe694da0640 1 -- 172.21.15.46:0/911512833 shutdown_connections
2024-09-19T09:09:20.010 INFO:teuthology.orchestra.run.smithi046.stdout:/usr/bin/ceph: stderr
2024-09-19T09:09:19.437+0000 7fe694da0640 1 --2- 172.21.15.46:0/911512833 >> [v2:172.21.15.46:6800/4173084876,v1:172.21.15.46:6801/4173084876] conn(0x7fe678039200 0x7fe67803b6c0 unknown :-1 s=CLOSED pgs=13 cs=0 l=1 rev1=1 crypto rx=0 tx=0 comp rx=0 tx=0).stop
2024-09-19T09:09:20.010 INFO:teuthology.orchestra.run.smithi046.stdout:/usr/bin/ceph: stderr
2024-09-19T09:09:19.437+0000 7fe694da0640 1 --2- 172.21.15.46:0/911512833 >> [v2:172.21.15.46:3300/0,v1:172.21.15.46:6789/0] conn(0x7fe690105e30 0x7fe6901a1e90 unknown :-1 s=CLOSED pgs=48 cs=0 l=1 rev1=1 crypto rx=0 tx=0 comp rx=0 tx=0).stop
2024-09-19T09:09:20.011 INFO:teuthology.orchestra.run.smithi046.stdout:/usr/bin/ceph: stderr
2024-09-19T09:09:19.437+0000 7fe694da0640 1 -- 172.21.15.46:0/911512833 >> 172.21.15.46:0/911512833 conn(0x7fe690101cc0 msgr2=0x7fe6901040b0 unknown :-1 s=STATE_NONE l=0).mark_down
2024-09-19T09:09:20.011 INFO:teuthology.orchestra.run.smithi046.stdout:/usr/bin/ceph: stderr
2024-09-19T09:09:19.437+0000 7fe694da0640 1 -- 172.21.15.46:0/911512833 shutdown_connections
2024-09-19T09:09:20.011 INFO:teuthology.orchestra.run.smithi046.stdout:/usr/bin/ceph: stderr
2024-09-19T09:09:19.437+0000 7fe694da0640 1 -- 172.21.15.46:0/911512833 wait complete.
2024-09-19T09:09:20.981 INFO:journalctl@ceph.mon.a.smithi046.stdout:Sep 19 09:09:20 smithi046 ceph-mon[31203]: from='client.14142 -' entity='client.admin' cmd=[{"prefix": "orch apply", "service_type": "mgr", "unmanaged": true, "target": ["mon-mgr", ""]}]: dispatch
2024-09-19T09:09:20.981 INFO:journalctl@ceph.mon.a.smithi046.stdout:Sep 19 09:09:20 smithi046 ceph-mon[31203]: Saving service mgr spec with placement count:2
2024-09-19T09:09:20.981 INFO:journalctl@ceph.mon.a.smithi046.stdout:Sep 19 09:09:20 smithi046 ceph-mon[31203]: from='client.? 172.21.15.46:0/1346486323' entity='client.admin'
2024-09-19T09:09:21.668 INFO:teuthology.orchestra.run.smithi046.stdout:/usr/bin/ceph: stderr
2024-09-19T09:09:20.417+0000 7f51992de640 1 Processor -- start
2024-09-19T09:09:21.668 INFO:teuthology.orchestra.run.smithi046.stdout:/usr/bin/ceph: stderr
2024-09-19T09:09:20.417+0000 7f51992de640 1 -- start start
2024-09-19T09:09:21.668 INFO:teuthology.orchestra.run.smithi046.stdout:/usr/bin/ceph: stderr
2024-09-19T09:09:20.418+0000 7f51992de640 1 --2- >> [v2:172.21.15.46:3300/0,v1:172.21.15.46:6789/0] conn(0x7f5194106410 0x7f5194106810 unknown :-1 s=NONE pgs=0 cs=0 l=0 rev1=0 crypto rx=0 tx=0 comp rx=0 tx=0).connect
2024-09-19T09:09:21.668 INFO:teuthology.orchestra.run.smithi046.stdout:/usr/bin/ceph: stderr
2024-09-19T09:09:20.418+0000 7f51992de640 1 -- --> [v2:172.21.15.46:3300/0,v1:172.21.15.46:6789/0] -- mon_getmap magic: 0 -- 0x7f5194106de0 con 0x7f5194106410
2024-09-19T09:09:21.669 INFO:teuthology.orchestra.run.smithi046.stdout:/usr/bin/ceph: stderr
2024-09-19T09:09:20.418+0000 7f5192ffd640 1 --2- >> [v2:172.21.15.46:3300/0,v1:172.21.15.46:6789/0] conn(0x7f5194106410 0x7f5194106810 unknown :-1 s=BANNER_CONNECTING pgs=0 cs=0 l=0 rev1=0 crypto rx=0 tx=0 comp rx=0 tx=0)._handle_peer_banner_payload supported=3 required=0
2024-09-19T09:09:21.669 INFO:teuthology.orchestra.run.smithi046.stdout:/usr/bin/ceph: stderr
2024-09-19T09:09:20.418+0000 7f5192ffd640 1 --2- >> [v2:172.21.15.46:3300/0,v1:172.21.15.46:6789/0] conn(0x7f5194106410 0x7f5194106810 unknown :-1 s=HELLO_CONNECTING pgs=0 cs=0 l=0 rev1=1 crypto rx=0 tx=0 comp rx=0 tx=0).handle_hello peer v2:172.21.15.46:3300/0 says I am v2:172.21.15.46:35432/0 (socket says 172.21.15.46:35432)
2024-09-19T09:09:21.669 INFO:teuthology.orchestra.run.smithi046.stdout:/usr/bin/ceph: stderr
2024-09-19T09:09:20.418+0000 7f5192ffd640 1 -- 172.21.15.46:0/3400148426 learned_addr learned my addr 172.21.15.46:0/3400148426 (peer_addr_for_me v2:172.21.15.46:0/0)
2024-09-19T09:09:21.669 INFO:teuthology.orchestra.run.smithi046.stdout:/usr/bin/ceph: stderr
2024-09-19T09:09:20.418+0000 7f5192ffd640 1 -- 172.21.15.46:0/3400148426 --> [v2:172.21.15.46:3300/0,v1:172.21.15.46:6789/0] -- mon_subscribe({config=0+,monmap=0+}) -- 0x7f5194107610 con 0x7f5194106410
2024-09-19T09:09:21.669 INFO:teuthology.orchestra.run.smithi046.stdout:/usr/bin/ceph: stderr
2024-09-19T09:09:20.419+0000 7f5192ffd640 1 --2- 172.21.15.46:0/3400148426 >> [v2:172.21.15.46:3300/0,v1:172.21.15.46:6789/0] conn(0x7f5194106410 0x7f5194106810 secure :-1 s=READY pgs=49 cs=0 l=1 rev1=1 crypto rx=0x7f5184009820 tx=0x7f518402a270 comp rx=0 tx=0).ready entity=mon.0 client_cookie=a512bb704d59422 server_cookie=0 in_seq=0 out_seq=0
2024-09-19T09:09:21.669 INFO:teuthology.orchestra.run.smithi046.stdout:/usr/bin/ceph: stderr
2024-09-19T09:09:20.419+0000 7f51927fc640 1 -- 172.21.15.46:0/3400148426 <== mon.0 v2:172.21.15.46:3300/0 1 ==== mon_map magic: 0 ==== 205+0+0 (secure 0 0 0) 0x7f5184037070 con 0x7f5194106410
2024-09-19T09:09:21.670 INFO:teuthology.orchestra.run.smithi046.stdout:/usr/bin/ceph: stderr
2024-09-19T09:09:20.420+0000 7f51927fc640 1 -- 172.21.15.46:0/3400148426 <== mon.0 v2:172.21.15.46:3300/0 2 ==== config(27 keys) ==== 1140+0+0 (secure 0 0 0) 0x7f5184032920 con 0x7f5194106410
2024-09-19T09:09:21.670 INFO:teuthology.orchestra.run.smithi046.stdout:/usr/bin/ceph: stderr
2024-09-19T09:09:20.420+0000 7f51927fc640 1 -- 172.21.15.46:0/3400148426 <== mon.0 v2:172.21.15.46:3300/0 3 ==== mon_map magic: 0 ==== 205+0+0 (secure 0 0 0) 0x7f5184030810 con 0x7f5194106410
2024-09-19T09:09:21.670 INFO:teuthology.orchestra.run.smithi046.stdout:/usr/bin/ceph: stderr
2024-09-19T09:09:20.420+0000 7f51992de640 1 -- 172.21.15.46:0/3400148426 >> [v2:172.21.15.46:3300/0,v1:172.21.15.46:6789/0] conn(0x7f5194106410 msgr2=0x7f5194106810 secure :-1 s=STATE_CONNECTION_ESTABLISHED l=1).mark_down
2024-09-19T09:09:21.671 INFO:teuthology.orchestra.run.smithi046.stdout:/usr/bin/ceph: stderr
2024-09-19T09:09:20.420+0000 7f51992de640 1 --2- 172.21.15.46:0/3400148426 >> [v2:172.21.15.46:3300/0,v1:172.21.15.46:6789/0] conn(0x7f5194106410 0x7f5194106810 secure :-1 s=READY pgs=49 cs=0 l=1 rev1=1 crypto rx=0x7f5184009820 tx=0x7f518402a270 comp rx=0 tx=0).stop
2024-09-19T09:09:21.671 INFO:teuthology.orchestra.run.smithi046.stdout:/usr/bin/ceph: stderr
2024-09-19T09:09:20.420+0000 7f51992de640 1 -- 172.21.15.46:0/3400148426 shutdown_connections
2024-09-19T09:09:21.671 INFO:teuthology.orchestra.run.smithi046.stdout:/usr/bin/ceph: stderr
2024-09-19T09:09:20.420+0000 7f51992de640 1 --2- 172.21.15.46:0/3400148426 >> [v2:172.21.15.46:3300/0,v1:172.21.15.46:6789/0] conn(0x7f5194106410 0x7f5194106810 unknown :-1 s=CLOSED pgs=49 cs=0 l=1 rev1=1 crypto rx=0 tx=0 comp rx=0 tx=0).stop
2024-09-19T09:09:21.671 INFO:teuthology.orchestra.run.smithi046.stdout:/usr/bin/ceph: stderr
2024-09-19T09:09:20.420+0000 7f51992de640 1 -- 172.21.15.46:0/3400148426 >> 172.21.15.46:0/3400148426 conn(0x7f5194101b80 msgr2=0x7f5194103fe0 unknown :-1 s=STATE_NONE l=0).mark_down
2024-09-19T09:09:21.671 INFO:teuthology.orchestra.run.smithi046.stdout:/usr/bin/ceph: stderr
2024-09-19T09:09:20.420+0000 7f51992de640 1 -- 172.21.15.46:0/3400148426 shutdown_connections
2024-09-19T09:09:21.672 INFO:teuthology.orchestra.run.smithi046.stdout:/usr/bin/ceph: stderr
2024-09-19T09:09:20.421+0000 7f51992de640 1 -- 172.21.15.46:0/3400148426 wait complete.
2024-09-19T09:09:21.672 INFO:teuthology.orchestra.run.smithi046.stdout:/usr/bin/ceph: stderr
2024-09-19T09:09:20.421+0000 7f51992de640 1 Processor -- start
2024-09-19T09:09:21.672 INFO:teuthology.orchestra.run.smithi046.stdout:/usr/bin/ceph: stderr
2024-09-19T09:09:20.421+0000 7f51992de640 1 -- start start
2024-09-19T09:09:21.672 INFO:teuthology.orchestra.run.smithi046.stdout:/usr/bin/ceph: stderr
2024-09-19T09:09:20.421+0000 7f51992de640 1 --2- >> [v2:172.21.15.46:3300/0,v1:172.21.15.46:6789/0] conn(0x7f5194106410 0x7f519419b8d0 unknown :-1 s=NONE pgs=0 cs=0 l=1 rev1=0 crypto rx=0 tx=0 comp rx=0 tx=0).connect
2024-09-19T09:09:21.672 INFO:teuthology.orchestra.run.smithi046.stdout:/usr/bin/ceph: stderr
2024-09-19T09:09:20.421+0000 7f51992de640 1 -- --> [v2:172.21.15.46:3300/0,v1:172.21.15.46:6789/0] -- mon_getmap magic: 0 -- 0x7f519410a9c0 con 0x7f5194106410
2024-09-19T09:09:21.672 INFO:teuthology.orchestra.run.smithi046.stdout:/usr/bin/ceph: stderr
2024-09-19T09:09:20.422+0000 7f5192ffd640 1 --2- >> [v2:172.21.15.46:3300/0,v1:172.21.15.46:6789/0] conn(0x7f5194106410 0x7f519419b8d0 unknown :-1 s=BANNER_CONNECTING pgs=0 cs=0 l=1 rev1=0 crypto rx=0 tx=0 comp rx=0 tx=0)._handle_peer_banner_payload supported=3 required=0
2024-09-19T09:09:21.672 INFO:teuthology.orchestra.run.smithi046.stdout:/usr/bin/ceph: stderr
2024-09-19T09:09:20.422+0000 7f5192ffd640 1 --2- >> [v2:172.21.15.46:3300/0,v1:172.21.15.46:6789/0] conn(0x7f5194106410 0x7f519419b8d0 unknown :-1 s=HELLO_CONNECTING pgs=0 cs=0 l=1 rev1=1 crypto rx=0 tx=0 comp rx=0 tx=0).handle_hello peer v2:172.21.15.46:3300/0 says I am v2:172.21.15.46:35436/0 (socket says 172.21.15.46:35436)
2024-09-19T09:09:21.673 INFO:teuthology.orchestra.run.smithi046.stdout:/usr/bin/ceph: stderr
2024-09-19T09:09:20.422+0000 7f5192ffd640 1 -- 172.21.15.46:0/1346486323 learned_addr learned my addr 172.21.15.46:0/1346486323 (peer_addr_for_me v2:172.21.15.46:0/0)
2024-09-19T09:09:21.673 INFO:teuthology.orchestra.run.smithi046.stdout:/usr/bin/ceph: stderr
2024-09-19T09:09:20.422+0000 7f5192ffd640 1 -- 172.21.15.46:0/1346486323 --> [v2:172.21.15.46:3300/0,v1:172.21.15.46:6789/0] -- mon_subscribe({config=0+,monmap=0+}) -- 0x7f519419be10 con 0x7f5194106410
2024-09-19T09:09:21.673 INFO:teuthology.orchestra.run.smithi046.stdout:/usr/bin/ceph: stderr
2024-09-19T09:09:20.422+0000 7f5192ffd640 1 --2- 172.21.15.46:0/1346486323 >> [v2:172.21.15.46:3300/0,v1:172.21.15.46:6789/0] conn(0x7f5194106410 0x7f519419b8d0 secure :-1 s=READY pgs=50 cs=0 l=1 rev1=1 crypto rx=0x7f5184030560 tx=0x7f5184032670 comp rx=0 tx=0).ready entity=mon.0 client_cookie=0 server_cookie=0 in_seq=0 out_seq=0
2024-09-19T09:09:21.673 INFO:teuthology.orchestra.run.smithi046.stdout:/usr/bin/ceph: stderr
2024-09-19T09:09:20.422+0000 7f5190ff9640 1 -- 172.21.15.46:0/1346486323 <== mon.0 v2:172.21.15.46:3300/0 1 ==== mon_map magic: 0 ==== 205+0+0 (secure 0 0 0) 0x7f5184037040 con 0x7f5194106410
2024-09-19T09:09:21.673 INFO:teuthology.orchestra.run.smithi046.stdout:/usr/bin/ceph: stderr
2024-09-19T09:09:20.422+0000 7f5190ff9640 1 -- 172.21.15.46:0/1346486323 <== mon.0 v2:172.21.15.46:3300/0 2 ==== config(27 keys) ==== 1140+0+0 (secure 0 0 0) 0x7f5184040070 con 0x7f5194106410
2024-09-19T09:09:21.673 INFO:teuthology.orchestra.run.smithi046.stdout:/usr/bin/ceph: stderr
2024-09-19T09:09:20.422+0000 7f5190ff9640 1 -- 172.21.15.46:0/1346486323 <== mon.0 v2:172.21.15.46:3300/0 3 ==== mon_map magic: 0 ==== 205+0+0 (secure 0 0 0) 0x7f518403a740 con 0x7f5194106410
2024-09-19T09:09:21.673 INFO:teuthology.orchestra.run.smithi046.stdout:/usr/bin/ceph: stderr
2024-09-19T09:09:20.422+0000 7f51992de640 1 -- 172.21.15.46:0/1346486323 --> [v2:172.21.15.46:3300/0,v1:172.21.15.46:6789/0] -- mon_subscribe({mgrmap=0+}) -- 0x7f519419c0a0 con 0x7f5194106410
2024-09-19T09:09:21.674 INFO:teuthology.orchestra.run.smithi046.stdout:/usr/bin/ceph: stderr
2024-09-19T09:09:20.422+0000 7f51992de640 1 -- 172.21.15.46:0/1346486323 --> [v2:172.21.15.46:3300/0,v1:172.21.15.46:6789/0] -- mon_subscribe({osdmap=0}) -- 0x7f519419ed90 con 0x7f5194106410
2024-09-19T09:09:21.674 INFO:teuthology.orchestra.run.smithi046.stdout:/usr/bin/ceph: stderr
2024-09-19T09:09:20.423+0000 7f5190ff9640 1 -- 172.21.15.46:0/1346486323 <== mon.0 v2:172.21.15.46:3300/0 4 ==== mgrmap(e 8) ==== 46461+0+0 (secure 0 0 0) 0x7f518403a9b0 con 0x7f5194106410
2024-09-19T09:09:21.674 INFO:teuthology.orchestra.run.smithi046.stdout:/usr/bin/ceph: stderr
2024-09-19T09:09:20.423+0000 7f5190ff9640 1 --2- 172.21.15.46:0/1346486323 >> [v2:172.21.15.46:6800/4173084876,v1:172.21.15.46:6801/4173084876] conn(0x7f51800391b0 0x7f518003b670 unknown :-1 s=NONE pgs=0 cs=0 l=1 rev1=0 crypto rx=0 tx=0 comp rx=0 tx=0).connect
2024-09-19T09:09:21.674 INFO:teuthology.orchestra.run.smithi046.stdout:/usr/bin/ceph: stderr
2024-09-19T09:09:20.423+0000 7f5190ff9640 1 -- 172.21.15.46:0/1346486323 <== mon.0 v2:172.21.15.46:3300/0 5 ==== osd_map(2..2 src has 1..2) ==== 940+0+0 (secure 0 0 0) 0x7f518403b8e0 con 0x7f5194106410
2024-09-19T09:09:21.674 INFO:teuthology.orchestra.run.smithi046.stdout:/usr/bin/ceph: stderr
2024-09-19T09:09:20.424+0000 7f518bfff640 1 --2- 172.21.15.46:0/1346486323 >> [v2:172.21.15.46:6800/4173084876,v1:172.21.15.46:6801/4173084876] conn(0x7f51800391b0 0x7f518003b670 unknown :-1 s=BANNER_CONNECTING pgs=0 cs=0 l=1 rev1=0 crypto rx=0 tx=0 comp rx=0 tx=0)._handle_peer_banner_payload supported=3 required=0
2024-09-19T09:09:21.674 INFO:teuthology.orchestra.run.smithi046.stdout:/usr/bin/ceph: stderr
2024-09-19T09:09:20.424+0000 7f51992de640 1 -- 172.21.15.46:0/1346486323 --> [v2:172.21.15.46:3300/0,v1:172.21.15.46:6789/0] -- mon_command({"prefix": "get_command_descriptions"} v 0) -- 0x7f519410ab40 con 0x7f5194106410
2024-09-19T09:09:21.674 INFO:teuthology.orchestra.run.smithi046.stdout:/usr/bin/ceph: stderr
2024-09-19T09:09:20.424+0000 7f518bfff640 1 --2- 172.21.15.46:0/1346486323 >> [v2:172.21.15.46:6800/4173084876,v1:172.21.15.46:6801/4173084876] conn(0x7f51800391b0 0x7f518003b670 secure :-1 s=READY pgs=14 cs=0 l=1 rev1=1 crypto rx=0x7f517c0098c0 tx=0x7f517c006db0 comp rx=0 tx=0).ready entity=mgr.14118 client_cookie=0 server_cookie=0 in_seq=0 out_seq=0
2024-09-19T09:09:21.675 INFO:teuthology.orchestra.run.smithi046.stdout:/usr/bin/ceph: stderr
2024-09-19T09:09:20.430+0000 7f5190ff9640 1 -- 172.21.15.46:0/1346486323 <== mon.0 v2:172.21.15.46:3300/0 6 ==== mon_command_ack([{"prefix": "get_command_descriptions"}]=0 v0) ==== 72+0+188913 (secure 0 0 0) 0x7f5184041270 con 0x7f5194106410
2024-09-19T09:09:21.675 INFO:teuthology.orchestra.run.smithi046.stdout:/usr/bin/ceph: stderr
2024-09-19T09:09:20.625+0000 7f51992de640 1 -- 172.21.15.46:0/1346486323 --> [v2:172.21.15.46:3300/0,v1:172.21.15.46:6789/0] -- mon_command([{prefix=config set, name=mgr/cephadm/container_init}] v 0) -- 0x7f5194075df0 con 0x7f5194106410
2024-09-19T09:09:21.675 INFO:teuthology.orchestra.run.smithi046.stdout:/usr/bin/ceph: stderr
2024-09-19T09:09:20.628+0000 7f5190ff9640 1 -- 172.21.15.46:0/1346486323 <== mon.0 v2:172.21.15.46:3300/0 7 ==== mon_command_ack([{prefix=config set, name=mgr/cephadm/container_init}]=0 v7)=0 v7) ==== 142+0+0 (secure 0 0 0) 0x7f518405d070 con 0x7f5194106410
2024-09-19T09:09:21.675 INFO:teuthology.orchestra.run.smithi046.stdout:/usr/bin/ceph: stderr
2024-09-19T09:09:20.630+0000 7f51992de640 1 -- 172.21.15.46:0/1346486323 >> [v2:172.21.15.46:6800/4173084876,v1:172.21.15.46:6801/4173084876] conn(0x7f51800391b0 msgr2=0x7f518003b670 secure :-1 s=STATE_CONNECTION_ESTABLISHED l=1).mark_down
2024-09-19T09:09:21.675 INFO:teuthology.orchestra.run.smithi046.stdout:/usr/bin/ceph: stderr
2024-09-19T09:09:20.630+0000 7f51992de640 1 --2- 172.21.15.46:0/1346486323 >> [v2:172.21.15.46:6800/4173084876,v1:172.21.15.46:6801/4173084876] conn(0x7f51800391b0 0x7f518003b670 secure :-1 s=READY pgs=14 cs=0 l=1 rev1=1 crypto rx=0x7f517c0098c0 tx=0x7f517c006db0 comp rx=0 tx=0).stop
2024-09-19T09:09:21.675 INFO:teuthology.orchestra.run.smithi046.stdout:/usr/bin/ceph: stderr
2024-09-19T09:09:20.630+0000 7f51992de640 1 -- 172.21.15.46:0/1346486323 >> [v2:172.21.15.46:3300/0,v1:172.21.15.46:6789/0] conn(0x7f5194106410 msgr2=0x7f519419b8d0 secure :-1 s=STATE_CONNECTION_ESTABLISHED l=1).mark_down
2024-09-19T09:09:21.675 INFO:teuthology.orchestra.run.smithi046.stdout:/usr/bin/ceph: stderr
2024-09-19T09:09:20.630+0000 7f51992de640 1 --2- 172.21.15.46:0/1346486323 >> [v2:172.21.15.46:3300/0,v1:172.21.15.46:6789/0] conn(0x7f5194106410 0x7f519419b8d0 secure :-1 s=READY pgs=50 cs=0 l=1 rev1=1 crypto rx=0x7f5184030560 tx=0x7f5184032670 comp rx=0 tx=0).stop
