2024-09-19T09:12:23.906+0000 7f776c98a640 1 --2- >> [v2:172.21.15.52:3300/0,v1:172.21.15.52:6789/0] conn(0x7f77681081b0 0x7f776810a5a0 unknown :-1 s=HELLO_CONNECTING pgs=0 cs=0 l=0 rev1=1 crypto rx=0 tx=0 comp rx=0 tx=0).handle_hello peer v2:172.21.15.52:3300/0 says I am v2:172.21.15.52:42224/0 (socket says 172.21.15.52:42224)
2024-09-19T09:12:24.936 INFO:teuthology.orchestra.run.smithi052.stdout:/usr/bin/ceph: stderr
2024-09-19T09:12:23.906+0000 7f776c98a640 1 -- 172.21.15.52:0/2290393185 learned_addr learned my addr 172.21.15.52:0/2290393185 (peer_addr_for_me v2:172.21.15.52:0/0)
2024-09-19T09:12:24.936 INFO:teuthology.orchestra.run.smithi052.stdout:/usr/bin/ceph: stderr
2024-09-19T09:12:23.906+0000 7f776c98a640 1 -- 172.21.15.52:0/2290393185 --> [v2:172.21.15.52:3300/0,v1:172.21.15.52:6789/0] -- mon_subscribe({config=0+,monmap=0+}) -- 0x7f776810aae0 con 0x7f77681081b0
2024-09-19T09:12:24.936 INFO:teuthology.orchestra.run.smithi052.stdout:/usr/bin/ceph: stderr
2024-09-19T09:12:23.907+0000 7f776c98a640 1 --2- 172.21.15.52:0/2290393185 >> [v2:172.21.15.52:3300/0,v1:172.21.15.52:6789/0] conn(0x7f77681081b0 0x7f776810a5a0 secure :-1 s=READY pgs=51 cs=0 l=1 rev1=1 crypto rx=0x7f7758009820 tx=0x7f775802a270 comp rx=0 tx=0).ready entity=mon.0 client_cookie=df624c7ddf920c0c server_cookie=0 in_seq=0 out_seq=0
2024-09-19T09:12:24.936 INFO:teuthology.orchestra.run.smithi052.stdout:/usr/bin/ceph: stderr
2024-09-19T09:12:23.907+0000 7f77677fe640 1 -- 172.21.15.52:0/2290393185 <== mon.0 v2:172.21.15.52:3300/0 1 ==== mon_map magic: 0 ==== 205+0+0 (secure 0 0 0) 0x7f7758037070 con 0x7f77681081b0
2024-09-19T09:12:24.936 INFO:teuthology.orchestra.run.smithi052.stdout:/usr/bin/ceph: stderr
2024-09-19T09:12:23.907+0000 7f77677fe640 1 -- 172.21.15.52:0/2290393185 <== mon.0 v2:172.21.15.52:3300/0 2 ==== config(27 keys) ==== 1109+0+0 (secure 0 0 0) 0x7f7758032900 con 0x7f77681081b0
2024-09-19T09:12:24.936 INFO:teuthology.orchestra.run.smithi052.stdout:/usr/bin/ceph: stderr
2024-09-19T09:12:23.907+0000 7f77677fe640 1 -- 172.21.15.52:0/2290393185 <== mon.0 v2:172.21.15.52:3300/0 3 ==== mon_map magic: 0 ==== 205+0+0 (secure 0 0 0) 0x7f7758030850 con 0x7f77681081b0
2024-09-19T09:12:24.937 INFO:teuthology.orchestra.run.smithi052.stdout:/usr/bin/ceph: stderr
2024-09-19T09:12:23.908+0000 7f776ebee640 1 -- 172.21.15.52:0/2290393185 >> [v2:172.21.15.52:3300/0,v1:172.21.15.52:6789/0] conn(0x7f77681081b0 msgr2=0x7f776810a5a0 secure :-1 s=STATE_CONNECTION_ESTABLISHED l=1).mark_down
2024-09-19T09:12:24.937 INFO:teuthology.orchestra.run.smithi052.stdout:/usr/bin/ceph: stderr
2024-09-19T09:12:23.908+0000 7f776ebee640 1 --2- 172.21.15.52:0/2290393185 >> [v2:172.21.15.52:3300/0,v1:172.21.15.52:6789/0] conn(0x7f77681081b0 0x7f776810a5a0 secure :-1 s=READY pgs=51 cs=0 l=1 rev1=1 crypto rx=0x7f7758009820 tx=0x7f775802a270 comp rx=0 tx=0).stop
2024-09-19T09:12:24.937 INFO:teuthology.orchestra.run.smithi052.stdout:/usr/bin/ceph: stderr
2024-09-19T09:12:23.908+0000 7f776ebee640 1 -- 172.21.15.52:0/2290393185 shutdown_connections
2024-09-19T09:12:24.937 INFO:teuthology.orchestra.run.smithi052.stdout:/usr/bin/ceph: stderr
2024-09-19T09:12:23.908+0000 7f776ebee640 1 --2- 172.21.15.52:0/2290393185 >> [v2:172.21.15.52:3300/0,v1:172.21.15.52:6789/0] conn(0x7f77681081b0 0x7f776810a5a0 unknown :-1 s=CLOSED pgs=51 cs=0 l=1 rev1=1 crypto rx=0 tx=0 comp rx=0 tx=0).stop
2024-09-19T09:12:24.937 INFO:teuthology.orchestra.run.smithi052.stdout:/usr/bin/ceph: stderr
2024-09-19T09:12:23.908+0000 7f776ebee640 1 -- 172.21.15.52:0/2290393185 >> 172.21.15.52:0/2290393185 conn(0x7f7768101d70 msgr2=0x7f7768104190 unknown :-1 s=STATE_NONE l=0).mark_down
2024-09-19T09:12:24.937 INFO:teuthology.orchestra.run.smithi052.stdout:/usr/bin/ceph: stderr
2024-09-19T09:12:23.908+0000 7f776ebee640 1 -- 172.21.15.52:0/2290393185 shutdown_connections
2024-09-19T09:12:24.937 INFO:teuthology.orchestra.run.smithi052.stdout:/usr/bin/ceph: stderr
2024-09-19T09:12:23.908+0000 7f776ebee640 1 -- 172.21.15.52:0/2290393185 wait complete.
2024-09-19T09:12:24.937 INFO:teuthology.orchestra.run.smithi052.stdout:/usr/bin/ceph: stderr
2024-09-19T09:12:23.908+0000 7f776ebee640 1 Processor -- start
2024-09-19T09:12:24.937 INFO:teuthology.orchestra.run.smithi052.stdout:/usr/bin/ceph: stderr
2024-09-19T09:12:23.909+0000 7f776ebee640 1 -- start start
2024-09-19T09:12:24.937 INFO:teuthology.orchestra.run.smithi052.stdout:/usr/bin/ceph: stderr
2024-09-19T09:12:23.909+0000 7f776ebee640 1 --2- >> [v2:172.21.15.52:3300/0,v1:172.21.15.52:6789/0] conn(0x7f77681081b0 0x7f776819b660 unknown :-1 s=NONE pgs=0 cs=0 l=1 rev1=0 crypto rx=0 tx=0 comp rx=0 tx=0).connect
2024-09-19T09:12:24.937 INFO:teuthology.orchestra.run.smithi052.stdout:/usr/bin/ceph: stderr
2024-09-19T09:12:23.909+0000 7f776ebee640 1 -- --> [v2:172.21.15.52:3300/0,v1:172.21.15.52:6789/0] -- mon_getmap magic: 0 -- 0x7f776810ba50 con 0x7f77681081b0
2024-09-19T09:12:24.937 INFO:teuthology.orchestra.run.smithi052.stdout:/usr/bin/ceph: stderr
2024-09-19T09:12:23.909+0000 7f776c98a640 1 --2- >> [v2:172.21.15.52:3300/0,v1:172.21.15.52:6789/0] conn(0x7f77681081b0 0x7f776819b660 unknown :-1 s=BANNER_CONNECTING pgs=0 cs=0 l=1 rev1=0 crypto rx=0 tx=0 comp rx=0 tx=0)._handle_peer_banner_payload supported=3 required=0
2024-09-19T09:12:24.938 INFO:teuthology.orchestra.run.smithi052.stdout:/usr/bin/ceph: stderr
2024-09-19T09:12:23.909+0000 7f776c98a640 1 --2- >> [v2:172.21.15.52:3300/0,v1:172.21.15.52:6789/0] conn(0x7f77681081b0 0x7f776819b660 unknown :-1 s=HELLO_CONNECTING pgs=0 cs=0 l=1 rev1=1 crypto rx=0 tx=0 comp rx=0 tx=0).handle_hello peer v2:172.21.15.52:3300/0 says I am v2:172.21.15.52:42240/0 (socket says 172.21.15.52:42240)
2024-09-19T09:12:24.938 INFO:teuthology.orchestra.run.smithi052.stdout:/usr/bin/ceph: stderr
2024-09-19T09:12:23.909+0000 7f776c98a640 1 -- 172.21.15.52:0/367549377 learned_addr learned my addr 172.21.15.52:0/367549377 (peer_addr_for_me v2:172.21.15.52:0/0)
2024-09-19T09:12:24.938 INFO:teuthology.orchestra.run.smithi052.stdout:/usr/bin/ceph: stderr
2024-09-19T09:12:23.909+0000 7f776c98a640 1 -- 172.21.15.52:0/367549377 --> [v2:172.21.15.52:3300/0,v1:172.21.15.52:6789/0] -- mon_subscribe({config=0+,monmap=0+}) -- 0x7f776819bba0 con 0x7f77681081b0
2024-09-19T09:12:24.938 INFO:teuthology.orchestra.run.smithi052.stdout:/usr/bin/ceph: stderr
2024-09-19T09:12:23.909+0000 7f776c98a640 1 --2- 172.21.15.52:0/367549377 >> [v2:172.21.15.52:3300/0,v1:172.21.15.52:6789/0] conn(0x7f77681081b0 0x7f776819b660 secure :-1 s=READY pgs=52 cs=0 l=1 rev1=1 crypto rx=0x7f7758032ce0 tx=0x7f7758032d10 comp rx=0 tx=0).ready entity=mon.0 client_cookie=0 server_cookie=0 in_seq=0 out_seq=0
2024-09-19T09:12:24.938 INFO:teuthology.orchestra.run.smithi052.stdout:/usr/bin/ceph: stderr
2024-09-19T09:12:23.909+0000 7f7765ffb640 1 -- 172.21.15.52:0/367549377 <== mon.0 v2:172.21.15.52:3300/0 1 ==== mon_map magic: 0 ==== 205+0+0 (secure 0 0 0) 0x7f7758042070 con 0x7f77681081b0
2024-09-19T09:12:24.938 INFO:teuthology.orchestra.run.smithi052.stdout:/usr/bin/ceph: stderr
2024-09-19T09:12:23.909+0000 7f7765ffb640 1 -- 172.21.15.52:0/367549377 <== mon.0 v2:172.21.15.52:3300/0 2 ==== config(27 keys) ==== 1109+0+0 (secure 0 0 0) 0x7f77580308c0 con 0x7f77681081b0
2024-09-19T09:12:24.938 INFO:teuthology.orchestra.run.smithi052.stdout:/usr/bin/ceph: stderr
2024-09-19T09:12:23.909+0000 7f776ebee640 1 -- 172.21.15.52:0/367549377 --> [v2:172.21.15.52:3300/0,v1:172.21.15.52:6789/0] -- mon_subscribe({mgrmap=0+}) -- 0x7f776819be30 con 0x7f77681081b0
2024-09-19T09:12:24.938 INFO:teuthology.orchestra.run.smithi052.stdout:/usr/bin/ceph: stderr
2024-09-19T09:12:23.909+0000 7f7765ffb640 1 -- 172.21.15.52:0/367549377 <== mon.0 v2:172.21.15.52:3300/0 3 ==== mon_map magic: 0 ==== 205+0+0 (secure 0 0 0) 0x7f7758037040 con 0x7f77681081b0
2024-09-19T09:12:24.938 INFO:teuthology.orchestra.run.smithi052.stdout:/usr/bin/ceph: stderr
2024-09-19T09:12:23.910+0000 7f776ebee640 1 -- 172.21.15.52:0/367549377 --> [v2:172.21.15.52:3300/0,v1:172.21.15.52:6789/0] -- mon_subscribe({osdmap=0}) -- 0x7f776819eb20 con 0x7f77681081b0
2024-09-19T09:12:24.938 INFO:teuthology.orchestra.run.smithi052.stdout:/usr/bin/ceph: stderr
2024-09-19T09:12:23.911+0000 7f7765ffb640 1 -- 172.21.15.52:0/367549377 <== mon.0 v2:172.21.15.52:3300/0 4 ==== mgrmap(e 8) ==== 46461+0+0 (secure 0 0 0) 0x7f7758045070 con 0x7f77681081b0
2024-09-19T09:12:24.938 INFO:teuthology.orchestra.run.smithi052.stdout:/usr/bin/ceph: stderr
2024-09-19T09:12:23.911+0000 7f776ebee640 1 -- 172.21.15.52:0/367549377 --> [v2:172.21.15.52:3300/0,v1:172.21.15.52:6789/0] -- mon_command({"prefix": "get_command_descriptions"} v 0) -- 0x7f7768108610 con 0x7f77681081b0
2024-09-19T09:12:24.938 INFO:teuthology.orchestra.run.smithi052.stdout:/usr/bin/ceph: stderr
2024-09-19T09:12:23.911+0000 7f7765ffb640 1 --2- 172.21.15.52:0/367549377 >> [v2:172.21.15.52:6800/561717915,v1:172.21.15.52:6801/561717915] conn(0x7f7754039200 0x7f775403b6c0 unknown :-1 s=NONE pgs=0 cs=0 l=1 rev1=0 crypto rx=0 tx=0 comp rx=0 tx=0).connect
2024-09-19T09:12:24.939 INFO:teuthology.orchestra.run.smithi052.stdout:/usr/bin/ceph: stderr
2024-09-19T09:12:23.911+0000 7f7765ffb640 1 -- 172.21.15.52:0/367549377 <== mon.0 v2:172.21.15.52:3300/0 5 ==== osd_map(2..2 src has 1..2) ==== 940+0+0 (secure 0 0 0) 0x7f775806c2c0 con 0x7f77681081b0
2024-09-19T09:12:24.939 INFO:teuthology.orchestra.run.smithi052.stdout:/usr/bin/ceph: stderr
2024-09-19T09:12:23.911+0000 7f7767fff640 1 --2- 172.21.15.52:0/367549377 >> [v2:172.21.15.52:6800/561717915,v1:172.21.15.52:6801/561717915] conn(0x7f7754039200 0x7f775403b6c0 unknown :-1 s=BANNER_CONNECTING pgs=0 cs=0 l=1 rev1=0 crypto rx=0 tx=0 comp rx=0 tx=0)._handle_peer_banner_payload supported=3 required=0
2024-09-19T09:12:24.939 INFO:teuthology.orchestra.run.smithi052.stdout:/usr/bin/ceph: stderr
2024-09-19T09:12:23.911+0000 7f7767fff640 1 --2- 172.21.15.52:0/367549377 >> [v2:172.21.15.52:6800/561717915,v1:172.21.15.52:6801/561717915] conn(0x7f7754039200 0x7f775403b6c0 secure :-1 s=READY pgs=15 cs=0 l=1 rev1=1 crypto rx=0x7f77500098c0 tx=0x7f7750006db0 comp rx=0 tx=0).ready entity=mgr.14118 client_cookie=0 server_cookie=0 in_seq=0 out_seq=0
2024-09-19T09:12:24.939 INFO:teuthology.orchestra.run.smithi052.stdout:/usr/bin/ceph: stderr
2024-09-19T09:12:23.916+0000 7f7765ffb640 1 -- 172.21.15.52:0/367549377 <== mon.0 v2:172.21.15.52:3300/0 6 ==== mon_command_ack([{"prefix": "get_command_descriptions"}]=0 v0) ==== 72+0+188913 (secure 0 0 0) 0x7f775804b170 con 0x7f77681081b0
2024-09-19T09:12:24.939 INFO:teuthology.orchestra.run.smithi052.stdout:/usr/bin/ceph: stderr
2024-09-19T09:12:24.093+0000 7f776ebee640 1 -- 172.21.15.52:0/367549377 --> [v2:172.21.15.52:3300/0,v1:172.21.15.52:6789/0] -- mon_command([{prefix=config set, name=mgr/dashboard/ssl_server_port}] v 0) -- 0x7f776819f280 con 0x7f77681081b0
2024-09-19T09:12:24.939 INFO:teuthology.orchestra.run.smithi052.stdout:/usr/bin/ceph: stderr
2024-09-19T09:12:24.095+0000 7f7765ffb640 1 -- 172.21.15.52:0/367549377 <== mon.0 v2:172.21.15.52:3300/0 7 ==== mon_command_ack([{prefix=config set, name=mgr/dashboard/ssl_server_port}]=0 v7)=0 v7) ==== 130+0+0 (secure 0 0 0) 0x7f775803c780 con 0x7f77681081b0
2024-09-19T09:12:24.939 INFO:teuthology.orchestra.run.smithi052.stdout:/usr/bin/ceph: stderr
2024-09-19T09:12:24.097+0000 7f776ebee640 1 -- 172.21.15.52:0/367549377 >> [v2:172.21.15.52:6800/561717915,v1:172.21.15.52:6801/561717915] conn(0x7f7754039200 msgr2=0x7f775403b6c0 secure :-1 s=STATE_CONNECTION_ESTABLISHED l=1).mark_down
2024-09-19T09:12:24.939 INFO:teuthology.orchestra.run.smithi052.stdout:/usr/bin/ceph: stderr
2024-09-19T09:12:24.097+0000 7f776ebee640 1 --2- 172.21.15.52:0/367549377 >> [v2:172.21.15.52:6800/561717915,v1:172.21.15.52:6801/561717915] conn(0x7f7754039200 0x7f775403b6c0 secure :-1 s=READY pgs=15 cs=0 l=1 rev1=1 crypto rx=0x7f77500098c0 tx=0x7f7750006db0 comp rx=0 tx=0).stop
2024-09-19T09:12:24.939 INFO:teuthology.orchestra.run.smithi052.stdout:/usr/bin/ceph: stderr
2024-09-19T09:12:24.097+0000 7f776ebee640 1 -- 172.21.15.52:0/367549377 >> [v2:172.21.15.52:3300/0,v1:172.21.15.52:6789/0] conn(0x7f77681081b0 msgr2=0x7f776819b660 secure :-1 s=STATE_CONNECTION_ESTABLISHED l=1).mark_down
2024-09-19T09:12:24.939 INFO:teuthology.orchestra.run.smithi052.stdout:/usr/bin/ceph: stderr
2024-09-19T09:12:24.097+0000 7f776ebee640 1 --2- 172.21.15.52:0/367549377 >> [v2:172.21.15.52:3300/0,v1:172.21.15.52:6789/0] conn(0x7f77681081b0 0x7f776819b660 secure :-1 s=READY pgs=52 cs=0 l=1 rev1=1 crypto rx=0x7f7758032ce0 tx=0x7f7758032d10 comp rx=0 tx=0).stop
2024-09-19T09:12:24.939 INFO:teuthology.orchestra.run.smithi052.stdout:/usr/bin/ceph: stderr
2024-09-19T09:12:24.097+0000 7f776ebee640 1 -- 172.21.15.52:0/367549377 shutdown_connections
2024-09-19T09:12:24.939 INFO:teuthology.orchestra.run.smithi052.stdout:/usr/bin/ceph: stderr
2024-09-19T09:12:24.097+0000 7f776ebee640 1 --2- 172.21.15.52:0/367549377 >> [v2:172.21.15.52:6800/561717915,v1:172.21.15.52:6801/561717915] conn(0x7f7754039200 0x7f775403b6c0 unknown :-1 s=CLOSED pgs=15 cs=0 l=1 rev1=1 crypto rx=0 tx=0 comp rx=0 tx=0).stop
2024-09-19T09:12:24.940 INFO:teuthology.orchestra.run.smithi052.stdout:/usr/bin/ceph: stderr
2024-09-19T09:12:24.097+0000 7f776ebee640 1 --2- 172.21.15.52:0/367549377 >> [v2:172.21.15.52:3300/0,v1:172.21.15.52:6789/0] conn(0x7f77681081b0 0x7f776819b660 unknown :-1 s=CLOSED pgs=52 cs=0 l=1 rev1=1 crypto rx=0 tx=0 comp rx=0 tx=0).stop
2024-09-19T09:12:24.940 INFO:teuthology.orchestra.run.smithi052.stdout:/usr/bin/ceph: stderr
2024-09-19T09:12:24.097+0000 7f776ebee640 1 -- 172.21.15.52:0/367549377 >> 172.21.15.52:0/367549377 conn(0x7f7768101d70 msgr2=0x7f7768102900 unknown :-1 s=STATE_NONE l=0).mark_down
2024-09-19T09:12:24.940 INFO:teuthology.orchestra.run.smithi052.stdout:/usr/bin/ceph: stderr
2024-09-19T09:12:24.098+0000 7f776ebee640 1 -- 172.21.15.52:0/367549377 shutdown_connections
2024-09-19T09:12:24.940 INFO:teuthology.orchestra.run.smithi052.stdout:/usr/bin/ceph: stderr
2024-09-19T09:12:24.098+0000 7f776ebee640 1 -- 172.21.15.52:0/367549377 wait complete.
2024-09-19T09:12:24.940 INFO:teuthology.orchestra.run.smithi052.stdout:Enabling the dashboard module...
2024-09-19T09:12:25.179 INFO:journalctl@ceph.mon.a.smithi052.stdout:Sep 19 09:12:25 smithi052 ceph-mon[30947]: from='client.? 172.21.15.52:0/367549377' entity='client.admin'
2024-09-19T09:12:25.179 INFO:journalctl@ceph.mon.a.smithi052.stdout:Sep 19 09:12:25 smithi052 ceph-mon[30947]: from='mgr.14118 172.21.15.52:0/4147810855' entity='mgr.x'
2024-09-19T09:12:25.179 INFO:journalctl@ceph.mon.a.smithi052.stdout:Sep 19 09:12:25 smithi052 ceph-mon[30947]: from='mgr.14118 172.21.15.52:0/4147810855' entity='mgr.x'
2024-09-19T09:12:26.142 INFO:journalctl@ceph.mon.a.smithi052.stdout:Sep 19 09:12:26 smithi052 ceph-mon[30947]: from='client.? 172.21.15.52:0/989810225' entity='client.admin' cmd=[{"prefix": "mgr module enable", "module": "dashboard"}]: dispatch
2024-09-19T09:12:26.414 INFO:journalctl@ceph.mgr.x.smithi052.stdout:Sep 19 09:12:26 smithi052 ceph-044f38fa-7667-11ef-bceb-c7b262605968-mgr-x[31174]: ignoring --setuser ceph since I am not root
2024-09-19T09:12:26.414 INFO:journalctl@ceph.mgr.x.smithi052.stdout:Sep 19 09:12:26 smithi052 ceph-044f38fa-7667-11ef-bceb-c7b262605968-mgr-x[31174]: ignoring --setgroup ceph since I am not root
2024-09-19T09:12:26.415 INFO:journalctl@ceph.mgr.x.smithi052.stdout:Sep 19 09:12:26 smithi052 ceph-044f38fa-7667-11ef-bceb-c7b262605968-mgr-x[31174]:
2024-09-19T09:12:26.262+0000 7faccc97f040 -1 mgr[py] Module osd_perf_query has missing NOTIFY_TYPES member
2024-09-19T09:12:26.415 INFO:journalctl@ceph.mgr.x.smithi052.stdout:Sep 19 09:12:26 smithi052 ceph-044f38fa-7667-11ef-bceb-c7b262605968-mgr-x[31174]:
2024-09-19T09:12:26.327+0000 7faccc97f040 -1 mgr[py] Module osd_support has missing NOTIFY_TYPES member
2024-09-19T09:12:26.679 INFO:journalctl@ceph.mgr.x.smithi052.stdout:Sep 19 09:12:26 smithi052 ceph-044f38fa-7667-11ef-bceb-c7b262605968-mgr-x[31174]:
2024-09-19T09:12:26.486+0000 7faccc97f040 -1 mgr[py] Module diskprediction_local has missing NOTIFY_TYPES member
2024-09-19T09:12:26.679 INFO:journalctl@ceph.mgr.x.smithi052.stdout:Sep 19 09:12:26 smithi052 ceph-044f38fa-7667-11ef-bceb-c7b262605968-mgr-x[31174]:
2024-09-19T09:12:26.557+0000 7faccc97f040 -1 mgr[py] Module crash has missing NOTIFY_TYPES member
2024-09-19T09:12:26.841 INFO:teuthology.orchestra.run.smithi052.stdout:/usr/bin/ceph: stderr
2024-09-19T09:12:25.353+0000 7fa804278640 1 Processor -- start
2024-09-19T09:12:26.847 INFO:teuthology.orchestra.run.smithi052.stdout:/usr/bin/ceph: stderr
2024-09-19T09:12:25.353+0000 7fa804278640 1 -- start start
2024-09-19T09:12:26.847 INFO:teuthology.orchestra.run.smithi052.stdout:/usr/bin/ceph: stderr
2024-09-19T09:12:25.354+0000 7fa804278640 1 --2- >> [v2:172.21.15.52:3300/0,v1:172.21.15.52:6789/0] conn(0x7fa7fc1076b0 0x7fa7fc107ab0 unknown :-1 s=NONE pgs=0 cs=0 l=0 rev1=0 crypto rx=0 tx=0 comp rx=0 tx=0).connect
2024-09-19T09:12:26.847 INFO:teuthology.orchestra.run.smithi052.stdout:/usr/bin/ceph: stderr
2024-09-19T09:12:25.354+0000 7fa804278640 1 -- --> [v2:172.21.15.52:3300/0,v1:172.21.15.52:6789/0] -- mon_getmap magic: 0 -- 0x7fa7fc108080 con 0x7fa7fc1076b0
2024-09-19T09:12:26.847 INFO:teuthology.orchestra.run.smithi052.stdout:/usr/bin/ceph: stderr
2024-09-19T09:12:25.354+0000 7fa802014640 1 --2- >> [v2:172.21.15.52:3300/0,v1:172.21.15.52:6789/0] conn(0x7fa7fc1076b0 0x7fa7fc107ab0 unknown :-1 s=BANNER_CONNECTING pgs=0 cs=0 l=0 rev1=0 crypto rx=0 tx=0 comp rx=0 tx=0)._handle_peer_banner_payload supported=3 required=0
2024-09-19T09:12:26.847 INFO:teuthology.orchestra.run.smithi052.stdout:/usr/bin/ceph: stderr
2024-09-19T09:12:25.354+0000 7fa802014640 1 --2- >> [v2:172.21.15.52:3300/0,v1:172.21.15.52:6789/0] conn(0x7fa7fc1076b0 0x7fa7fc107ab0 unknown :-1 s=HELLO_CONNECTING pgs=0 cs=0 l=0 rev1=1 crypto rx=0 tx=0 comp rx=0 tx=0).handle_hello peer v2:172.21.15.52:3300/0 says I am v2:172.21.15.52:42254/0 (socket says 172.21.15.52:42254)
2024-09-19T09:12:26.847 INFO:teuthology.orchestra.run.smithi052.stdout:/usr/bin/ceph: stderr
2024-09-19T09:12:25.354+0000 7fa802014640 1 -- 172.21.15.52:0/2589422160 learned_addr learned my addr 172.21.15.52:0/2589422160 (peer_addr_for_me v2:172.21.15.52:0/0)
2024-09-19T09:12:26.848 INFO:teuthology.orchestra.run.smithi052.stdout:/usr/bin/ceph: stderr
2024-09-19T09:12:25.354+0000 7fa802014640 1 -- 172.21.15.52:0/2589422160 --> [v2:172.21.15.52:3300/0,v1:172.21.15.52:6789/0] -- mon_subscribe({config=0+,monmap=0+}) -- 0x7fa7fc1088b0 con 0x7fa7fc1076b0
2024-09-19T09:12:26.848 INFO:teuthology.orchestra.run.smithi052.stdout:/usr/bin/ceph: stderr
2024-09-19T09:12:25.355+0000 7fa802014640 1 --2- 172.21.15.52:0/2589422160 >> [v2:172.21.15.52:3300/0,v1:172.21.15.52:6789/0] conn(0x7fa7fc1076b0 0x7fa7fc107ab0 secure :-1 s=READY pgs=53 cs=0 l=1 rev1=1 crypto rx=0x7fa7f8009820 tx=0x7fa7f802a270 comp rx=0 tx=0).ready entity=mon.0 client_cookie=531a9bb7a3614562 server_cookie=0 in_seq=0 out_seq=0
2024-09-19T09:12:26.848 INFO:teuthology.orchestra.run.smithi052.stdout:/usr/bin/ceph: stderr
2024-09-19T09:12:25.355+0000 7fa801012640 1 -- 172.21.15.52:0/2589422160 <== mon.0 v2:172.21.15.52:3300/0 1 ==== mon_map magic: 0 ==== 205+0+0 (secure 0 0 0) 0x7fa7f8037070 con 0x7fa7fc1076b0
2024-09-19T09:12:26.848 INFO:teuthology.orchestra.run.smithi052.stdout:/usr/bin/ceph: stderr
2024-09-19T09:12:25.355+0000 7fa801012640 1 -- 172.21.15.52:0/2589422160 <== mon.0 v2:172.21.15.52:3300/0 2 ==== config(27 keys) ==== 1140+0+0 (secure 0 0 0) 0x7fa7f8032920 con 0x7fa7fc1076b0
2024-09-19T09:12:26.848 INFO:teuthology.orchestra.run.smithi052.stdout:/usr/bin/ceph: stderr
2024-09-19T09:12:25.355+0000 7fa801012640 1 -- 172.21.15.52:0/2589422160 <== mon.0 v2:172.21.15.52:3300/0 3 ==== mon_map magic: 0 ==== 205+0+0 (secure 0 0 0) 0x7fa7f8030810 con 0x7fa7fc1076b0
2024-09-19T09:12:26.848 INFO:teuthology.orchestra.run.smithi052.stdout:/usr/bin/ceph: stderr
2024-09-19T09:12:25.356+0000 7fa804278640 1 -- 172.21.15.52:0/2589422160 >> [v2:172.21.15.52:3300/0,v1:172.21.15.52:6789/0] conn(0x7fa7fc1076b0 msgr2=0x7fa7fc107ab0 secure :-1 s=STATE_CONNECTION_ESTABLISHED l=1).mark_down
2024-09-19T09:12:26.848 INFO:teuthology.orchestra.run.smithi052.stdout:/usr/bin/ceph: stderr
2024-09-19T09:12:25.356+0000 7fa804278640 1 --2- 172.21.15.52:0/2589422160 >> [v2:172.21.15.52:3300/0,v1:172.21.15.52:6789/0] conn(0x7fa7fc1076b0 0x7fa7fc107ab0 secure :-1 s=READY pgs=53 cs=0 l=1 rev1=1 crypto rx=0x7fa7f8009820 tx=0x7fa7f802a270 comp rx=0 tx=0).stop
2024-09-19T09:12:26.848 INFO:teuthology.orchestra.run.smithi052.stdout:/usr/bin/ceph: stderr
2024-09-19T09:12:25.356+0000 7fa804278640 1 -- 172.21.15.52:0/2589422160 shutdown_connections
2024-09-19T09:12:26.848 INFO:teuthology.orchestra.run.smithi052.stdout:/usr/bin/ceph: stderr
2024-09-19T09:12:25.356+0000 7fa804278640 1 --2- 172.21.15.52:0/2589422160 >> [v2:172.21.15.52:3300/0,v1:172.21.15.52:6789/0] conn(0x7fa7fc1076b0 0x7fa7fc107ab0 unknown :-1 s=CLOSED pgs=53 cs=0 l=1 rev1=1 crypto rx=0 tx=0 comp rx=0 tx=0).stop
2024-09-19T09:12:26.848 INFO:teuthology.orchestra.run.smithi052.stdout:/usr/bin/ceph: stderr
2024-09-19T09:12:25.356+0000 7fa804278640 1 -- 172.21.15.52:0/2589422160 >> 172.21.15.52:0/2589422160 conn(0x7fa7fc102e80 msgr2=0x7fa7fc1052a0 unknown :-1 s=STATE_NONE l=0).mark_down
2024-09-19T09:12:26.848 INFO:teuthology.orchestra.run.smithi052.stdout:/usr/bin/ceph: stderr
2024-09-19T09:12:25.356+0000 7fa804278640 1 -- 172.21.15.52:0/2589422160 shutdown_connections
2024-09-19T09:12:26.848 INFO:teuthology.orchestra.run.smithi052.stdout:/usr/bin/ceph: stderr
2024-09-19T09:12:25.356+0000 7fa804278640 1 -- 172.21.15.52:0/2589422160 wait complete.
2024-09-19T09:12:26.849 INFO:teuthology.orchestra.run.smithi052.stdout:/usr/bin/ceph: stderr
2024-09-19T09:12:25.357+0000 7fa804278640 1 Processor -- start
2024-09-19T09:12:26.849 INFO:teuthology.orchestra.run.smithi052.stdout:/usr/bin/ceph: stderr
2024-09-19T09:12:25.357+0000 7fa804278640 1 -- start start
2024-09-19T09:12:26.849 INFO:teuthology.orchestra.run.smithi052.stdout:/usr/bin/ceph: stderr
2024-09-19T09:12:25.357+0000 7fa804278640 1 --2- >> [v2:172.21.15.52:3300/0,v1:172.21.15.52:6789/0] conn(0x7fa7fc1076b0 0x7fa7fc19b6e0 unknown :-1 s=NONE pgs=0 cs=0 l=1 rev1=0 crypto rx=0 tx=0 comp rx=0 tx=0).connect
2024-09-19T09:12:26.849 INFO:teuthology.orchestra.run.smithi052.stdout:/usr/bin/ceph: stderr
2024-09-19T09:12:25.357+0000 7fa804278640 1 -- --> [v2:172.21.15.52:3300/0,v1:172.21.15.52:6789/0] -- mon_getmap magic: 0 -- 0x7fa7fc10bc60 con 0x7fa7fc1076b0
2024-09-19T09:12:26.849 INFO:teuthology.orchestra.run.smithi052.stdout:/usr/bin/ceph: stderr
2024-09-19T09:12:25.357+0000 7fa802014640 1 --2- >> [v2:172.21.15.52:3300/0,v1:172.21.15.52:6789/0] conn(0x7fa7fc1076b0 0x7fa7fc19b6e0 unknown :-1 s=BANNER_CONNECTING pgs=0 cs=0 l=1 rev1=0 crypto rx=0 tx=0 comp rx=0 tx=0)._handle_peer_banner_payload supported=3 required=0
2024-09-19T09:12:26.849 INFO:teuthology.orchestra.run.smithi052.stdout:/usr/bin/ceph: stderr
2024-09-19T09:12:25.357+0000 7fa802014640 1 --2- >> [v2:172.21.15.52:3300/0,v1:172.21.15.52:6789/0] conn(0x7fa7fc1076b0 0x7fa7fc19b6e0 unknown :-1 s=HELLO_CONNECTING pgs=0 cs=0 l=1 rev1=1 crypto rx=0 tx=0 comp rx=0 tx=0).handle_hello peer v2:172.21.15.52:3300/0 says I am v2:172.21.15.52:42258/0 (socket says 172.21.15.52:42258)
2024-09-19T09:12:26.849 INFO:teuthology.orchestra.run.smithi052.stdout:/usr/bin/ceph: stderr
2024-09-19T09:12:25.357+0000 7fa802014640 1 -- 172.21.15.52:0/989810225 learned_addr learned my addr 172.21.15.52:0/989810225 (peer_addr_for_me v2:172.21.15.52:0/0)
2024-09-19T09:12:26.849 INFO:teuthology.orchestra.run.smithi052.stdout:/usr/bin/ceph: stderr
2024-09-19T09:12:25.357+0000 7fa802014640 1 -- 172.21.15.52:0/989810225 --> [v2:172.21.15.52:3300/0,v1:172.21.15.52:6789/0] -- mon_subscribe({config=0+,monmap=0+}) -- 0x7fa7fc19bc20 con 0x7fa7fc1076b0
2024-09-19T09:12:26.849 INFO:teuthology.orchestra.run.smithi052.stdout:/usr/bin/ceph: stderr
2024-09-19T09:12:25.358+0000 7fa802014640 1 --2- 172.21.15.52:0/989810225 >> [v2:172.21.15.52:3300/0,v1:172.21.15.52:6789/0] conn(0x7fa7fc1076b0 0x7fa7fc19b6e0 secure :-1 s=READY pgs=54 cs=0 l=1 rev1=1 crypto rx=0x7fa7f8030560 tx=0x7fa7f8032670 comp rx=0 tx=0).ready entity=mon.0 client_cookie=0 server_cookie=0 in_seq=0 out_seq=0
2024-09-19T09:12:26.849 INFO:teuthology.orchestra.run.smithi052.stdout:/usr/bin/ceph: stderr
2024-09-19T09:12:25.358+0000 7fa7f37fe640 1 -- 172.21.15.52:0/989810225 <== mon.0 v2:172.21.15.52:3300/0 1 ==== mon_map magic: 0 ==== 205+0+0 (secure 0 0 0) 0x7fa7f8037040 con 0x7fa7fc1076b0
2024-09-19T09:12:26.849 INFO:teuthology.orchestra.run.smithi052.stdout:/usr/bin/ceph: stderr
2024-09-19T09:12:25.358+0000 7fa7f37fe640 1 -- 172.21.15.52:0/989810225 <== mon.0 v2:172.21.15.52:3300/0 2 ==== config(27 keys) ==== 1140+0+0 (secure 0 0 0) 0x7fa7f8040070 con 0x7fa7fc1076b0
2024-09-19T09:12:26.849 INFO:teuthology.orchestra.run.smithi052.stdout:/usr/bin/ceph: stderr
2024-09-19T09:12:25.358+0000 7fa804278640 1 -- 172.21.15.52:0/989810225 --> [v2:172.21.15.52:3300/0,v1:172.21.15.52:6789/0] -- mon_subscribe({mgrmap=0+}) -- 0x7fa7fc19beb0 con 0x7fa7fc1076b0
2024-09-19T09:12:26.849 INFO:teuthology.orchestra.run.smithi052.stdout:/usr/bin/ceph: stderr
2024-09-19T09:12:25.358+0000 7fa7f37fe640 1 -- 172.21.15.52:0/989810225 <== mon.0 v2:172.21.15.52:3300/0 3 ==== mon_map magic: 0 ==== 205+0+0 (secure 0 0 0) 0x7fa7f803a740 con 0x7fa7fc1076b0
2024-09-19T09:12:26.850 INFO:teuthology.orchestra.run.smithi052.stdout:/usr/bin/ceph: stderr
2024-09-19T09:12:25.358+0000 7fa804278640 1 -- 172.21.15.52:0/989810225 --> [v2:172.21.15.52:3300/0,v1:172.21.15.52:6789/0] -- mon_subscribe({osdmap=0}) -- 0x7fa7fc19eba0 con 0x7fa7fc1076b0
2024-09-19T09:12:26.850 INFO:teuthology.orchestra.run.smithi052.stdout:/usr/bin/ceph: stderr
2024-09-19T09:12:25.359+0000 7fa7f37fe640 1 -- 172.21.15.52:0/989810225 <== mon.0 v2:172.21.15.52:3300/0 4 ==== mgrmap(e 8) ==== 46461+0+0 (secure 0 0 0) 0x7fa7f803a8e0 con 0x7fa7fc1076b0
2024-09-19T09:12:26.850 INFO:teuthology.orchestra.run.smithi052.stdout:/usr/bin/ceph: stderr
2024-09-19T09:12:25.359+0000 7fa804278640 1 -- 172.21.15.52:0/989810225 --> [v2:172.21.15.52:3300/0,v1:172.21.15.52:6789/0] -- mon_command({"prefix": "get_command_descriptions"} v 0) -- 0x7fa7fc107b30 con 0x7fa7fc1076b0
2024-09-19T09:12:26.850 INFO:teuthology.orchestra.run.smithi052.stdout:/usr/bin/ceph: stderr
2024-09-19T09:12:25.359+0000 7fa7f37fe640 1 --2- 172.21.15.52:0/989810225 >> [v2:172.21.15.52:6800/561717915,v1:172.21.15.52:6801/561717915] conn(0x7fa7e8039200 0x7fa7e803b6c0 unknown :-1 s=NONE pgs=0 cs=0 l=1 rev1=0 crypto rx=0 tx=0 comp rx=0 tx=0).connect
2024-09-19T09:12:26.850 INFO:teuthology.orchestra.run.smithi052.stdout:/usr/bin/ceph: stderr
2024-09-19T09:12:25.359+0000 7fa7f37fe640 1 -- 172.21.15.52:0/989810225 <== mon.0 v2:172.21.15.52:3300/0 5 ==== osd_map(2..2 src has 1..2) ==== 940+0+0 (secure 0 0 0) 0x7fa7f806c940 con 0x7fa7fc1076b0
2024-09-19T09:12:26.850 INFO:teuthology.orchestra.run.smithi052.stdout:/usr/bin/ceph: stderr
2024-09-19T09:12:25.359+0000 7fa801813640 1 --2- 172.21.15.52:0/989810225 >> [v2:172.21.15.52:6800/561717915,v1:172.21.15.52:6801/561717915] conn(0x7fa7e8039200 0x7fa7e803b6c0 unknown :-1 s=BANNER_CONNECTING pgs=0 cs=0 l=1 rev1=0 crypto rx=0 tx=0 comp rx=0 tx=0)._handle_peer_banner_payload supported=3 required=0
2024-09-19T09:12:26.850 INFO:teuthology.orchestra.run.smithi052.stdout:/usr/bin/ceph: stderr
2024-09-19T09:12:25.360+0000 7fa801813640 1 --2- 172.21.15.52:0/989810225 >> [v2:172.21.15.52:6800/561717915,v1:172.21.15.52:6801/561717915] conn(0x7fa7e8039200 0x7fa7e803b6c0 secure :-1 s=READY pgs=16 cs=0 l=1 rev1=1 crypto rx=0x7fa7ec0098c0 tx=0x7fa7ec006db0 comp rx=0 tx=0).ready entity=mgr.14118 client_cookie=0 server_cookie=0 in_seq=0 out_seq=0
2024-09-19T09:12:26.850 INFO:teuthology.orchestra.run.smithi052.stdout:/usr/bin/ceph: stderr
2024-09-19T09:12:25.364+0000 7fa7f37fe640 1 -- 172.21.15.52:0/989810225 <== mon.0 v2:172.21.15.52:3300/0 6 ==== mon_command_ack([{"prefix": "get_command_descriptions"}]=0 v0) ==== 72+0+188913 (secure 0 0 0) 0x7fa7f803acd0 con 0x7fa7fc1076b0
2024-09-19T09:12:26.850 INFO:teuthology.orchestra.run.smithi052.stdout:/usr/bin/ceph: stderr
2024-09-19T09:12:25.599+0000 7fa804278640 1 -- 172.21.15.52:0/989810225 --> [v2:172.21.15.52:3300/0,v1:172.21.15.52:6789/0] -- mon_command({"prefix": "mgr module enable", "module": "dashboard"} v 0) -- 0x7fa7fc19ed70 con 0x7fa7fc1076b0
2024-09-19T09:12:26.850 INFO:teuthology.orchestra.run.smithi052.stdout:/usr/bin/ceph: stderr
2024-09-19T09:12:26.097+0000 7fa7f37fe640 1 -- 172.21.15.52:0/989810225 <== mon.0 v2:172.21.15.52:3300/0 7 ==== mon_command_ack([{"prefix": "mgr module enable", "module": "dashboard"}]=0 v9) ==== 88+0+0 (secure 0 0 0) 0x7fa7f8045980 con 0x7fa7fc1076b0
2024-09-19T09:12:26.850 INFO:teuthology.orchestra.run.smithi052.stdout:/usr/bin/ceph: stderr
2024-09-19T09:12:26.099+0000 7fa7f37fe640 1 -- 172.21.15.52:0/989810225 <== mon.0 v2:172.21.15.52:3300/0 8 ==== mgrmap(e 9) ==== 46474+0+0 (secure 0 0 0) 0x7fa7f8045460 con 0x7fa7fc1076b0
2024-09-19T09:12:26.850 INFO:teuthology.orchestra.run.smithi052.stdout:/usr/bin/ceph: stderr
2024-09-19T09:12:26.100+0000 7fa804278640 1 -- 172.21.15.52:0/989810225 >> [v2:172.21.15.52:6800/561717915,v1:172.21.15.52:6801/561717915] conn(0x7fa7e8039200 msgr2=0x7fa7e803b6c0 secure :-1 s=STATE_CONNECTION_ESTABLISHED l=1).mark_down
2024-09-19T09:12:26.850 INFO:teuthology.orchestra.run.smithi052.stdout:/usr/bin/ceph: stderr
2024-09-19T09:12:26.100+0000 7fa804278640 1 --2- 172.21.15.52:0/989810225 >> [v2:172.21.15.52:6800/561717915,v1:172.21.15.52:6801/561717915] conn(0x7fa7e8039200 0x7fa7e803b6c0 secure :-1 s=READY pgs=16 cs=0 l=1 rev1=1 crypto rx=0x7fa7ec0098c0 tx=0x7fa7ec006db0 comp rx=0 tx=0).stop
2024-09-19T09:12:26.850 INFO:teuthology.orchestra.run.smithi052.stdout:/usr/bin/ceph: stderr
2024-09-19T09:12:26.100+0000 7fa804278640 1 -- 172.21.15.52:0/989810225 >> [v2:172.21.15.52:3300/0,v1:172.21.15.52:6789/0] conn(0x7fa7fc1076b0 msgr2=0x7fa7fc19b6e0 secure :-1 s=STATE_CONNECTION_ESTABLISHED l=1).mark_down
2024-09-19T09:12:26.851 INFO:teuthology.orchestra.run.smithi052.stdout:/usr/bin/ceph: stderr
2024-09-19T09:12:26.100+0000 7fa804278640 1 --2- 172.21.15.52:0/989810225 >> [v2:172.21.15.52:3300/0,v1:172.21.15.52:6789/0] conn(0x7fa7fc1076b0 0x7fa7fc19b6e0 secure :-1 s=READY pgs=54 cs=0 l=1 rev1=1 crypto rx=0x7fa7f8030560 tx=0x7fa7f8032670 comp rx=0 tx=0).stop
2024-09-19T09:12:26.851 INFO:teuthology.orchestra.run.smithi052.stdout:/usr/bin/ceph: stderr
2024-09-19T09:12:26.100+0000 7fa804278640 1 -- 172.21.15.52:0/989810225 shutdown_connections
2024-09-19T09:12:26.851 INFO:teuthology.orchestra.run.smithi052.stdout:/usr/bin/ceph: stderr
2024-09-19T09:12:26.100+0000 7fa804278640 1 --2- 172.21.15.52:0/989810225 >> [v2:172.21.15.52:6800/561717915,v1:172.21.15.52:6801/561717915] conn(0x7fa7e8039200 0x7fa7e803b6c0 unknown :-1 s=CLOSED pgs=16 cs=0 l=1 rev1=1 crypto rx=0 tx=0 comp rx=0 tx=0).stop
2024-09-19T09:12:26.851 INFO:teuthology.orchestra.run.smithi052.stdout:/usr/bin/ceph: stderr
2024-09-19T09:12:26.100+0000 7fa804278640 1 --2- 172.21.15.52:0/989810225 >> [v2:172.21.15.52:3300/0,v1:172.21.15.52:6789/0] conn(0x7fa7fc1076b0 0x7fa7fc19b6e0 unknown :-1 s=CLOSED pgs=54 cs=0 l=1 rev1=1 crypto rx=0 tx=0 comp rx=0 tx=0).stop
2024-09-19T09:12:26.851 INFO:teuthology.orchestra.run.smithi052.stdout:/usr/bin/ceph: stderr
2024-09-19T09:12:26.100+0000 7fa804278640 1 -- 172.21.15.52:0/989810225 >> 172.21.15.52:0/989810225 conn(0x7fa7fc102e80 msgr2=0x7fa7fc103a20 unknown :-1 s=STATE_NONE l=0).mark_down
2024-09-19T09:12:26.851 INFO:teuthology.orchestra.run.smithi052.stdout:/usr/bin/ceph: stderr
2024-09-19T09:12:26.101+0000 7fa804278640 1 -- 172.21.15.52:0/989810225 shutdown_connections
2024-09-19T09:12:26.851 INFO:teuthology.orchestra.run.smithi052.stdout:/usr/bin/ceph: stderr
2024-09-19T09:12:26.101+0000 7fa804278640 1 -- 172.21.15.52:0/989810225 wait complete.
2024-09-19T09:12:26.968 INFO:journalctl@ceph.mgr.x.smithi052.stdout:Sep 19 09:12:26 smithi052 ceph-044f38fa-7667-11ef-bceb-c7b262605968-mgr-x[31174]:
2024-09-19T09:12:26.716+0000 7faccc97f040 -1 mgr[py] Module test_orchestrator has missing NOTIFY_TYPES member
2024-09-19T09:12:26.968 INFO:journalctl@ceph.mgr.x.smithi052.stdout:Sep 19 09:12:26 smithi052 ceph-044f38fa-7667-11ef-bceb-c7b262605968-mgr-x[31174]:
2024-09-19T09:12:26.869+0000 7faccc97f040 -1 mgr[py] Module snap_schedule has missing NOTIFY_TYPES member
2024-09-19T09:12:27.278 INFO:journalctl@ceph.mon.a.smithi052.stdout:Sep 19 09:12:27 smithi052 ceph-mon[30947]: from='client.? 172.21.15.52:0/989810225' entity='client.admin' cmd='[{"prefix": "mgr module enable", "module": "dashboard"}]': finished
2024-09-19T09:12:27.279 INFO:journalctl@ceph.mon.a.smithi052.stdout:Sep 19 09:12:27 smithi052 ceph-mon[30947]: mgrmap e9: x(active, since 18s)
2024-09-19T09:12:27.279 INFO:journalctl@ceph.mgr.x.smithi052.stdout:Sep 19 09:12:27 smithi052 ceph-044f38fa-7667-11ef-bceb-c7b262605968-mgr-x[31174]:
2024-09-19T09:12:27.213+0000 7faccc97f040 -1 mgr[py] Module prometheus has missing NOTIFY_TYPES member
2024-09-19T09:12:27.279 INFO:journalctl@ceph.mgr.x.smithi052.stdout:Sep 19 09:12:27 smithi052 ceph-044f38fa-7667-11ef-bceb-c7b262605968-mgr-x[31174]:
2024-09-19T09:12:27.278+0000 7faccc97f040 -1 mgr[py] Module selftest has missing NOTIFY_TYPES member
2024-09-19T09:12:27.532 INFO:journalctl@ceph.mgr.x.smithi052.stdout:Sep 19 09:12:27 smithi052 ceph-044f38fa-7667-11ef-bceb-c7b262605968-mgr-x[31174]:
2024-09-19T09:12:27.478+0000 7faccc97f040 -1 mgr[py] Module volumes has missing NOTIFY_TYPES member
2024-09-19T09:12:28.112 INFO:teuthology.orchestra.run.smithi052.stdout:/usr/bin/ceph: stdout {
2024-09-19T09:12:28.112 INFO:teuthology.orchestra.run.smithi052.stdout:/usr/bin/ceph: stdout "epoch": 9,
2024-09-19T09:12:28.112 INFO:teuthology.orchestra.run.smithi052.stdout:/usr/bin/ceph: stdout "available": true,
2024-09-19T09:12:28.113 INFO:teuthology.orchestra.run.smithi052.stdout:/usr/bin/ceph: stdout "active_name": "x",
2024-09-19T09:12:28.113 INFO:teuthology.orchestra.run.smithi052.stdout:/usr/bin/ceph: stdout "num_standby": 0
2024-09-19T09:12:28.113 INFO:teuthology.orchestra.run.smithi052.stdout:/usr/bin/ceph: stdout }
2024-09-19T09:12:28.113 INFO:teuthology.orchestra.run.smithi052.stdout:/usr/bin/ceph: stderr
2024-09-19T09:12:27.283+0000 7f668685c640 1 Processor -- start
2024-09-19T09:12:28.113 INFO:teuthology.orchestra.run.smithi052.stdout:/usr/bin/ceph: stderr
2024-09-19T09:12:27.283+0000 7f668685c640 1 -- start start
2024-09-19T09:12:28.113 INFO:teuthology.orchestra.run.smithi052.stdout:/usr/bin/ceph: stderr
2024-09-19T09:12:27.284+0000 7f668685c640 1 --2- >> [v2:172.21.15.52:3300/0,v1:172.21.15.52:6789/0] conn(0x7f66801076b0 0x7f6680107ab0 unknown :-1 s=NONE pgs=0 cs=0 l=0 rev1=0 crypto rx=0 tx=0 comp rx=0 tx=0).connect
2024-09-19T09:12:28.113 INFO:teuthology.orchestra.run.smithi052.stdout:/usr/bin/ceph: stderr
2024-09-19T09:12:27.284+0000 7f668685c640 1 -- --> [v2:172.21.15.52:3300/0,v1:172.21.15.52:6789/0] -- mon_getmap magic: 0 -- 0x7f6680108080 con 0x7f66801076b0
2024-09-19T09:12:28.113 INFO:teuthology.orchestra.run.smithi052.stdout:/usr/bin/ceph: stderr
2024-09-19T09:12:27.284+0000 7f667ffff640 1 --2- >> [v2:172.21.15.52:3300/0,v1:172.21.15.52:6789/0] conn(0x7f66801076b0 0x7f6680107ab0 unknown :-1 s=BANNER_CONNECTING pgs=0 cs=0 l=0 rev1=0 crypto rx=0 tx=0 comp rx=0 tx=0)._handle_peer_banner_payload supported=3 required=0
2024-09-19T09:12:28.113 INFO:teuthology.orchestra.run.smithi052.stdout:/usr/bin/ceph: stderr
2024-09-19T09:12:27.284+0000 7f667ffff640 1 --2- >> [v2:172.21.15.52:3300/0,v1:172.21.15.52:6789/0] conn(0x7f66801076b0 0x7f6680107ab0 unknown :-1 s=HELLO_CONNECTING pgs=0 cs=0 l=0 rev1=1 crypto rx=0 tx=0 comp rx=0 tx=0).handle_hello peer v2:172.21.15.52:3300/0 says I am v2:172.21.15.52:42290/0 (socket says 172.21.15.52:42290)
2024-09-19T09:12:28.113 INFO:teuthology.orchestra.run.smithi052.stdout:/usr/bin/ceph: stderr
2024-09-19T09:12:27.284+0000 7f667ffff640 1 -- 172.21.15.52:0/3612010410 learned_addr learned my addr 172.21.15.52:0/3612010410 (peer_addr_for_me v2:172.21.15.52:0/0)
2024-09-19T09:12:28.113 INFO:teuthology.orchestra.run.smithi052.stdout:/usr/bin/ceph: stderr
2024-09-19T09:12:27.284+0000 7f667ffff640 1 -- 172.21.15.52:0/3612010410 --> [v2:172.21.15.52:3300/0,v1:172.21.15.52:6789/0] -- mon_subscribe({config=0+,monmap=0+}) -- 0x7f66801088b0 con 0x7f66801076b0
2024-09-19T09:12:28.114 INFO:teuthology.orchestra.run.smithi052.stdout:/usr/bin/ceph: stderr
2024-09-19T09:12:27.285+0000 7f667ffff640 1 --2- 172.21.15.52:0/3612010410 >> [v2:172.21.15.52:3300/0,v1:172.21.15.52:6789/0] conn(0x7f66801076b0 0x7f6680107ab0 secure :-1 s=READY pgs=57 cs=0 l=1 rev1=1 crypto rx=0x7f667000f960 tx=0x7f667002e550 comp rx=0 tx=0).ready entity=mon.0 client_cookie=992b26e25b618da1 server_cookie=0 in_seq=0 out_seq=0
2024-09-19T09:12:28.114 INFO:teuthology.orchestra.run.smithi052.stdout:/usr/bin/ceph: stderr
2024-09-19T09:12:27.285+0000 7f667effd640 1 -- 172.21.15.52:0/3612010410 <== mon.0 v2:172.21.15.52:3300/0 1 ==== mon_map magic: 0 ==== 205+0+0 (secure 0 0 0) 0x7f667003a070 con 0x7f66801076b0
2024-09-19T09:12:28.114 INFO:teuthology.orchestra.run.smithi052.stdout:/usr/bin/ceph: stderr
2024-09-19T09:12:27.285+0000 7f667effd640 1 -- 172.21.15.52:0/3612010410 <== mon.0 v2:172.21.15.52:3300/0 2 ==== config(27 keys) ==== 1140+0+0 (secure 0 0 0) 0x7f6670033b20 con 0x7f66801076b0
2024-09-19T09:12:28.114 INFO:teuthology.orchestra.run.smithi052.stdout:/usr/bin/ceph: stderr
2024-09-19T09:12:27.285+0000 7f667effd640 1 -- 172.21.15.52:0/3612010410 <== mon.0 v2:172.21.15.52:3300/0 3 ==== mon_map magic: 0 ==== 205+0+0 (secure 0 0 0) 0x7f6670035cb0 con 0x7f66801076b0
2024-09-19T09:12:28.114 INFO:teuthology.orchestra.run.smithi052.stdout:/usr/bin/ceph: stderr
2024-09-19T09:12:27.286+0000 7f668685c640 1 -- 172.21.15.52:0/3612010410 >> [v2:172.21.15.52:3300/0,v1:172.21.15.52:6789/0] conn(0x7f66801076b0 msgr2=0x7f6680107ab0 secure :-1 s=STATE_CONNECTION_ESTABLISHED l=1).mark_down
2024-09-19T09:12:28.114 INFO:teuthology.orchestra.run.smithi052.stdout:/usr/bin/ceph: stderr
2024-09-19T09:12:27.286+0000 7f668685c640 1 --2- 172.21.15.52:0/3612010410 >> [v2:172.21.15.52:3300/0,v1:172.21.15.52:6789/0] conn(0x7f66801076b0 0x7f6680107ab0 secure :-1 s=READY pgs=57 cs=0 l=1 rev1=1 crypto rx=0x7f667000f960 tx=0x7f667002e550 comp rx=0 tx=0).stop
2024-09-19T09:12:28.114 INFO:teuthology.orchestra.run.smithi052.stdout:/usr/bin/ceph: stderr
2024-09-19T09:12:27.286+0000 7f668685c640 1 -- 172.21.15.52:0/3612010410 shutdown_connections
2024-09-19T09:12:28.114 INFO:teuthology.orchestra.run.smithi052.stdout:/usr/bin/ceph: stderr
2024-09-19T09:12:27.286+0000 7f668685c640 1 --2- 172.21.15.52:0/3612010410 >> [v2:172.21.15.52:3300/0,v1:172.21.15.52:6789/0] conn(0x7f66801076b0 0x7f6680107ab0 unknown :-1 s=CLOSED pgs=57 cs=0 l=1 rev1=1 crypto rx=0 tx=0 comp rx=0 tx=0).stop
2024-09-19T09:12:28.114 INFO:teuthology.orchestra.run.smithi052.stdout:/usr/bin/ceph: stderr
2024-09-19T09:12:27.286+0000 7f668685c640 1 -- 172.21.15.52:0/3612010410 >> 172.21.15.52:0/3612010410 conn(0x7f6680102e40 msgr2=0x7f6680105280 unknown :-1 s=STATE_NONE l=0).mark_down
2024-09-19T09:12:28.114 INFO:teuthology.orchestra.run.smithi052.stdout:/usr/bin/ceph: stderr
2024-09-19T09:12:27.286+0000 7f668685c640 1 -- 172.21.15.52:0/3612010410 shutdown_connections
2024-09-19T09:12:28.114 INFO:teuthology.orchestra.run.smithi052.stdout:/usr/bin/ceph: stderr
2024-09-19T09:12:27.286+0000 7f668685c640 1 -- 172.21.15.52:0/3612010410 wait complete.
2024-09-19T09:12:28.114 INFO:teuthology.orchestra.run.smithi052.stdout:/usr/bin/ceph: stderr
2024-09-19T09:12:27.287+0000 7f668685c640 1 Processor -- start
2024-09-19T09:12:28.115 INFO:teuthology.orchestra.run.smithi052.stdout:/usr/bin/ceph: stderr
2024-09-19T09:12:27.287+0000 7f668685c640 1 -- start start
2024-09-19T09:12:28.115 INFO:teuthology.orchestra.run.smithi052.stdout:/usr/bin/ceph: stderr
2024-09-19T09:12:27.288+0000 7f668685c640 1 --2- >> [v2:172.21.15.52:3300/0,v1:172.21.15.52:6789/0] conn(0x7f66801076b0 0x7f6680199480 unknown :-1 s=NONE pgs=0 cs=0 l=1 rev1=0 crypto rx=0 tx=0 comp rx=0 tx=0).connect
2024-09-19T09:12:28.115 INFO:teuthology.orchestra.run.smithi052.stdout:/usr/bin/ceph: stderr
2024-09-19T09:12:27.288+0000 7f668685c640 1 -- --> [v2:172.21.15.52:3300/0,v1:172.21.15.52:6789/0] -- mon_getmap magic: 0 -- 0x7f668007c100 con 0x7f66801076b0
2024-09-19T09:12:28.115 INFO:teuthology.orchestra.run.smithi052.stdout:/usr/bin/ceph: stderr
2024-09-19T09:12:27.288+0000 7f667ffff640 1 --2- >> [v2:172.21.15.52:3300/0,v1:172.21.15.52:6789/0] conn(0x7f66801076b0 0x7f6680199480 unknown :-1 s=BANNER_CONNECTING pgs=0 cs=0 l=1 rev1=0 crypto rx=0 tx=0 comp rx=0 tx=0)._handle_peer_banner_payload supported=3 required=0
2024-09-19T09:12:28.115 INFO:teuthology.orchestra.run.smithi052.stdout:/usr/bin/ceph: stderr
2024-09-19T09:12:27.288+0000 7f667ffff640 1 --2- >> [v2:172.21.15.52:3300/0,v1:172.21.15.52:6789/0] conn(0x7f66801076b0 0x7f6680199480 unknown :-1 s=HELLO_CONNECTING pgs=0 cs=0 l=1 rev1=1 crypto rx=0 tx=0 comp rx=0 tx=0).handle_hello peer v2:172.21.15.52:3300/0 says I am v2:172.21.15.52:42296/0 (socket says 172.21.15.52:42296)
2024-09-19T09:12:28.115 INFO:teuthology.orchestra.run.smithi052.stdout:/usr/bin/ceph: stderr
2024-09-19T09:12:27.288+0000 7f667ffff640 1 -- 172.21.15.52:0/2236378681 learned_addr learned my addr 172.21.15.52:0/2236378681 (peer_addr_for_me v2:172.21.15.52:0/0)
2024-09-19T09:12:28.115 INFO:teuthology.orchestra.run.smithi052.stdout:/usr/bin/ceph: stderr
2024-09-19T09:12:27.288+0000 7f667ffff640 1 -- 172.21.15.52:0/2236378681 --> [v2:172.21.15.52:3300/0,v1:172.21.15.52:6789/0] -- mon_subscribe({config=0+,monmap=0+}) -- 0x7f66801999c0 con 0x7f66801076b0
2024-09-19T09:12:28.115 INFO:teuthology.orchestra.run.smithi052.stdout:/usr/bin/ceph: stderr
2024-09-19T09:12:27.288+0000 7f667ffff640 1 --2- 172.21.15.52:0/2236378681 >> [v2:172.21.15.52:3300/0,v1:172.21.15.52:6789/0] conn(0x7f66801076b0 0x7f6680199480 secure :-1 s=READY pgs=58 cs=0 l=1 rev1=1 crypto rx=0x7f667000fa80 tx=0x7f6670033740 comp rx=0 tx=0).ready entity=mon.0 client_cookie=0 server_cookie=0 in_seq=0 out_seq=0
2024-09-19T09:12:28.115 INFO:teuthology.orchestra.run.smithi052.stdout:/usr/bin/ceph: stderr
2024-09-19T09:12:27.288+0000 7f667d7fa640 1 -- 172.21.15.52:0/2236378681 <== mon.0 v2:172.21.15.52:3300/0 1 ==== mon_map magic: 0 ==== 205+0+0 (secure 0 0 0) 0x7f6670044020 con 0x7f66801076b0
2024-09-19T09:12:28.115 INFO:teuthology.orchestra.run.smithi052.stdout:/usr/bin/ceph: stderr
2024-09-19T09:12:27.288+0000 7f668685c640 1 -- 172.21.15.52:0/2236378681 --> [v2:172.21.15.52:3300/0,v1:172.21.15.52:6789/0] -- mon_subscribe({mgrmap=0+}) -- 0x7f6680199c50 con 0x7f66801076b0
2024-09-19T09:12:28.115 INFO:teuthology.orchestra.run.smithi052.stdout:/usr/bin/ceph: stderr
2024-09-19T09:12:27.289+0000 7f667d7fa640 1 -- 172.21.15.52:0/2236378681 <== mon.0 v2:172.21.15.52:3300/0 2 ==== config(27 keys) ==== 1140+0+0 (secure 0 0 0) 0x7f6670040900 con 0x7f66801076b0
2024-09-19T09:12:28.115 INFO:teuthology.orchestra.run.smithi052.stdout:/usr/bin/ceph: stderr
2024-09-19T09:12:27.289+0000 7f667d7fa640 1 -- 172.21.15.52:0/2236378681 <== mon.0 v2:172.21.15.52:3300/0 3 ==== mon_map magic: 0 ==== 205+0+0 (secure 0 0 0) 0x7f667003a040 con 0x7f66801076b0
2024-09-19T09:12:28.115 INFO:teuthology.orchestra.run.smithi052.stdout:/usr/bin/ceph: stderr
2024-09-19T09:12:27.289+0000 7f668685c640 1 -- 172.21.15.52:0/2236378681 --> [v2:172.21.15.52:3300/0,v1:172.21.15.52:6789/0] -- mon_subscribe({osdmap=0}) -- 0x7f668019c940 con 0x7f66801076b0
2024-09-19T09:12:28.116 INFO:teuthology.orchestra.run.smithi052.stdout:/usr/bin/ceph: stderr
2024-09-19T09:12:27.290+0000 7f667d7fa640 1 -- 172.21.15.52:0/2236378681 <== mon.0 v2:172.21.15.52:3300/0 4 ==== mgrmap(e 9) ==== 46474+0+0 (secure 0 0 0) 0x7f6670047020 con 0x7f66801076b0
2024-09-19T09:12:28.116 INFO:teuthology.orchestra.run.smithi052.stdout:/usr/bin/ceph: stderr
2024-09-19T09:12:27.290+0000 7f668685c640 1 -- 172.21.15.52:0/2236378681 --> [v2:172.21.15.52:3300/0,v1:172.21.15.52:6789/0] -- mon_command({"prefix": "get_command_descriptions"} v 0) -- 0x7f6680107b30 con 0x7f66801076b0
2024-09-19T09:12:28.116 INFO:teuthology.orchestra.run.smithi052.stdout:/usr/bin/ceph: stderr
2024-09-19T09:12:27.290+0000 7f667d7fa640 1 --2- 172.21.15.52:0/2236378681 >> [v2:172.21.15.52:6800/561717915,v1:172.21.15.52:6801/561717915] conn(0x7f6668039200 0x7f666803b6c0 unknown :-1 s=NONE pgs=0 cs=0 l=1 rev1=0 crypto rx=0 tx=0 comp rx=0 tx=0).connect
2024-09-19T09:12:28.116 INFO:teuthology.orchestra.run.smithi052.stdout:/usr/bin/ceph: stderr
2024-09-19T09:12:27.290+0000 7f667d7fa640 1 -- 172.21.15.52:0/2236378681 <== mon.0 v2:172.21.15.52:3300/0 5 ==== osd_map(2..2 src has 1..2) ==== 940+0+0 (secure 0 0 0) 0x7f6670071220 con 0x7f66801076b0
2024-09-19T09:12:28.116 INFO:teuthology.orchestra.run.smithi052.stdout:/usr/bin/ceph: stderr
2024-09-19T09:12:27.290+0000 7f667f7fe640 1 -- 172.21.15.52:0/2236378681 >> [v2:172.21.15.52:6800/561717915,v1:172.21.15.52:6801/561717915] conn(0x7f6668039200 msgr2=0x7f666803b6c0 unknown :-1 s=STATE_CONNECTING_RE l=1).process reconnect failed to v2:172.21.15.52:6800/561717915
2024-09-19T09:12:28.116 INFO:teuthology.orchestra.run.smithi052.stdout:/usr/bin/ceph: stderr
2024-09-19T09:12:27.290+0000 7f667f7fe640 1 --2- 172.21.15.52:0/2236378681 >> [v2:172.21.15.52:6800/561717915,v1:172.21.15.52:6801/561717915] conn(0x7f6668039200 0x7f666803b6c0 unknown :-1 s=START_CONNECT pgs=0 cs=0 l=1 rev1=0 crypto rx=0 tx=0 comp rx=0 tx=0)._fault waiting 0.200000
2024-09-19T09:12:28.116 INFO:teuthology.orchestra.run.smithi052.stdout:/usr/bin/ceph: stderr
2024-09-19T09:12:27.295+0000 7f667d7fa640 1 -- 172.21.15.52:0/2236378681 <== mon.0 v2:172.21.15.52:3300/0 6 ==== mon_command_ack([{"prefix": "get_command_descriptions"}]=0 v0) ==== 72+0+188913 (secure 0 0 0) 0x7f667004e020 con 0x7f66801076b0
2024-09-19T09:12:28.116 INFO:teuthology.orchestra.run.smithi052.stdout:/usr/bin/ceph: stderr
2024-09-19T09:12:27.491+0000 7f667f7fe640 1 -- 172.21.15.52:0/2236378681 >> [v2:172.21.15.52:6800/561717915,v1:172.21.15.52:6801/561717915] conn(0x7f6668039200 msgr2=0x7f666803b6c0 unknown :-1 s=STATE_CONNECTING_RE l=1).process reconnect failed to v2:172.21.15.52:6800/561717915
2024-09-19T09:12:28.116 INFO:teuthology.orchestra.run.smithi052.stdout:/usr/bin/ceph: stderr
2024-09-19T09:12:27.491+0000 7f667f7fe640 1 --2- 172.21.15.52:0/2236378681 >> [v2:172.21.15.52:6800/561717915,v1:172.21.15.52:6801/561717915] conn(0x7f6668039200 0x7f666803b6c0 unknown :-1 s=START_CONNECT pgs=0 cs=0 l=1 rev1=0 crypto rx=0 tx=0 comp rx=0 tx=0)._fault waiting 0.400000
2024-09-19T09:12:28.116 INFO:teuthology.orchestra.run.smithi052.stdout:/usr/bin/ceph: stderr
2024-09-19T09:12:27.520+0000 7f668685c640 1 -- 172.21.15.52:0/2236378681 --> [v2:172.21.15.52:3300/0,v1:172.21.15.52:6789/0] -- mon_command({"prefix": "mgr stat"} v 0) -- 0x7f668002d9b0 con 0x7f66801076b0
2024-09-19T09:12:28.116 INFO:teuthology.orchestra.run.smithi052.stdout:/usr/bin/ceph: stderr
2024-09-19T09:12:27.520+0000 7f667d7fa640 1 -- 172.21.15.52:0/2236378681 <== mon.0 v2:172.21.15.52:3300/0 7 ==== mon_command_ack([{"prefix": "mgr stat"}]=0 v9) ==== 56+0+88 (secure 0 0 0) 0x7f667003b250 con 0x7f66801076b0
2024-09-19T09:12:28.116 INFO:teuthology.orchestra.run.smithi052.stdout:/usr/bin/ceph: stderr
2024-09-19T09:12:27.522+0000 7f668685c640 1 -- 172.21.15.52:0/2236378681 >> [v2:172.21.15.52:6800/561717915,v1:172.21.15.52:6801/561717915] conn(0x7f6668039200 msgr2=0x7f666803b6c0 unknown :-1 s=STATE_CONNECTING l=1).mark_down
2024-09-19T09:12:28.117 INFO:teuthology.orchestra.run.smithi052.stdout:/usr/bin/ceph: stderr
2024-09-19T09:12:27.522+0000 7f668685c640 1 --2- 172.21.15.52:0/2236378681 >> [v2:172.21.15.52:6800/561717915,v1:172.21.15.52:6801/561717915] conn(0x7f6668039200 0x7f666803b6c0 unknown :-1 s=START_CONNECT pgs=0 cs=0 l=1 rev1=0 crypto rx=0 tx=0 comp rx=0 tx=0).stop
2024-09-19T09:12:28.117 INFO:teuthology.orchestra.run.smithi052.stdout:/usr/bin/ceph: stderr
2024-09-19T09:12:27.522+0000 7f668685c640 1 -- 172.21.15.52:0/2236378681 >> [v2:172.21.15.52:3300/0,v1:172.21.15.52:6789/0] conn(0x7f66801076b0 msgr2=0x7f6680199480 secure :-1 s=STATE_CONNECTION_ESTABLISHED l=1).mark_down
2024-09-19T09:12:28.117 INFO:teuthology.orchestra.run.smithi052.stdout:/usr/bin/ceph: stderr
2024-09-19T09:12:27.522+0000 7f668685c640 1 --2- 172.21.15.52:0/2236378681 >> [v2:172.21.15.52:3300/0,v1:172.21.15.52:6789/0] conn(0x7f66801076b0 0x7f6680199480 secure :-1 s=READY pgs=58 cs=0 l=1 rev1=1 crypto rx=0x7f667000fa80 tx=0x7f6670033740 comp rx=0 tx=0).stop
2024-09-19T09:12:28.117 INFO:teuthology.orchestra.run.smithi052.stdout:/usr/bin/ceph: stderr
2024-09-19T09:12:27.522+0000 7f668685c640 1 -- 172.21.15.52:0/2236378681 shutdown_connections
2024-09-19T09:12:28.117 INFO:teuthology.orchestra.run.smithi052.stdout:/usr/bin/ceph: stderr
2024-09-19T09:12:27.522+0000 7f668685c640 1 --2- 172.21.15.52:0/2236378681 >> [v2:172.21.15.52:6800/561717915,v1:172.21.15.52:6801/561717915] conn(0x7f6668039200 0x7f666803b6c0 unknown :-1 s=CLOSED pgs=0 cs=0 l=1 rev1=0 crypto rx=0 tx=0 comp rx=0 tx=0).stop
2024-09-19T09:12:28.117 INFO:teuthology.orchestra.run.smithi052.stdout:/usr/bin/ceph: stderr
2024-09-19T09:12:27.522+0000 7f668685c640 1 --2- 172.21.15.52:0/2236378681 >> [v2:172.21.15.52:3300/0,v1:172.21.15.52:6789/0] conn(0x7f66801076b0 0x7f6680199480 unknown :-1 s=CLOSED pgs=58 cs=0 l=1 rev1=1 crypto rx=0 tx=0 comp rx=0 tx=0).stop
2024-09-19T09:12:28.117 INFO:teuthology.orchestra.run.smithi052.stdout:/usr/bin/ceph: stderr
2024-09-19T09:12:27.522+0000 7f668685c640 1 -- 172.21.15.52:0/2236378681 >> 172.21.15.52:0/2236378681 conn(0x7f6680102e40 msgr2=0x7f6680104150 unknown :-1 s=STATE_NONE l=0).mark_down
