2024-09-19T09:11:55.430 INFO:journalctl@ceph.mon.a.smithi052.stdout:Sep 19 09:11:55 smithi052 ceph-mon[30947]: from='mgr.14100 172.21.15.52:0/2462402473' entity='mgr.x' cmd=[{"prefix": "osd metadata"}]: dispatch
2024-09-19T09:11:55.430 INFO:journalctl@ceph.mon.a.smithi052.stdout:Sep 19 09:11:55 smithi052 ceph-mon[30947]: from='mgr.14100 172.21.15.52:0/2462402473' entity='mgr.x' cmd=[{"prefix": "mon metadata"}]: dispatch
2024-09-19T09:11:55.430 INFO:journalctl@ceph.mon.a.smithi052.stdout:Sep 19 09:11:55 smithi052 ceph-mon[30947]: from='mgr.14100 172.21.15.52:0/2462402473' entity='mgr.x' cmd=[{"prefix": "mon metadata", "id": "a"}]: dispatch
2024-09-19T09:11:55.430 INFO:journalctl@ceph.mon.a.smithi052.stdout:Sep 19 09:11:55 smithi052 ceph-mon[30947]: from='mgr.14100 172.21.15.52:0/2462402473' entity='mgr.x' cmd=[{"prefix": "mgr metadata", "who": "x", "id": "x"}]: dispatch
2024-09-19T09:11:55.430 INFO:journalctl@ceph.mon.a.smithi052.stdout:Sep 19 09:11:55 smithi052 ceph-mon[30947]: Manager daemon x is now available
2024-09-19T09:11:55.430 INFO:journalctl@ceph.mon.a.smithi052.stdout:Sep 19 09:11:55 smithi052 ceph-mon[30947]: from='mgr.14100 172.21.15.52:0/2462402473' entity='mgr.x' cmd=[{"prefix":"config rm","who":"mgr","name":"mgr/rbd_support/x/mirror_snapshot_schedule"}]: dispatch
2024-09-19T09:11:55.430 INFO:journalctl@ceph.mon.a.smithi052.stdout:Sep 19 09:11:55 smithi052 ceph-mon[30947]: from='mgr.14100 172.21.15.52:0/2462402473' entity='mgr.x' cmd=[{"prefix":"config rm","who":"mgr","name":"mgr/rbd_support/x/trash_purge_schedule"}]: dispatch
2024-09-19T09:11:55.430 INFO:journalctl@ceph.mon.a.smithi052.stdout:Sep 19 09:11:55 smithi052 ceph-mon[30947]: from='mgr.14100 172.21.15.52:0/2462402473' entity='mgr.x'
2024-09-19T09:11:55.431 INFO:journalctl@ceph.mon.a.smithi052.stdout:Sep 19 09:11:55 smithi052 ceph-mon[30947]: from='mgr.14100 172.21.15.52:0/2462402473' entity='mgr.x'
2024-09-19T09:11:55.431 INFO:journalctl@ceph.mon.a.smithi052.stdout:Sep 19 09:11:55 smithi052 ceph-mon[30947]: from='mgr.14100 172.21.15.52:0/2462402473' entity='mgr.x'
2024-09-19T09:11:57.429 INFO:journalctl@ceph.mon.a.smithi052.stdout:Sep 19 09:11:57 smithi052 ceph-mon[30947]: mgrmap e3: x(active, since 1.00699s)
2024-09-19T09:11:58.429 INFO:journalctl@ceph.mon.a.smithi052.stdout:Sep 19 09:11:58 smithi052 ceph-mon[30947]: mgrmap e4: x(active, since 2s)
2024-09-19T09:12:00.126 INFO:journalctl@ceph.mon.a.smithi052.stdout:Sep 19 09:11:59 smithi052 ceph-mon[30947]: from='client.? 172.21.15.52:0/1952282663' entity='client.admin' cmd=[{"prefix": "status", "format": "json-pretty"}]: dispatch
2024-09-19T09:12:00.396 INFO:teuthology.orchestra.run.smithi052.stdout:/usr/bin/ceph: stdout
2024-09-19T09:12:00.398 INFO:teuthology.orchestra.run.smithi052.stdout:/usr/bin/ceph: stdout {
2024-09-19T09:12:00.398 INFO:teuthology.orchestra.run.smithi052.stdout:/usr/bin/ceph: stdout "fsid": "044f38fa-7667-11ef-bceb-c7b262605968",
2024-09-19T09:12:00.399 INFO:teuthology.orchestra.run.smithi052.stdout:/usr/bin/ceph: stdout "health": {
2024-09-19T09:12:00.399 INFO:teuthology.orchestra.run.smithi052.stdout:/usr/bin/ceph: stdout "status": "HEALTH_OK",
2024-09-19T09:12:00.399 INFO:teuthology.orchestra.run.smithi052.stdout:/usr/bin/ceph: stdout "checks": {},
2024-09-19T09:12:00.399 INFO:teuthology.orchestra.run.smithi052.stdout:/usr/bin/ceph: stdout "mutes": []
2024-09-19T09:12:00.399 INFO:teuthology.orchestra.run.smithi052.stdout:/usr/bin/ceph: stdout },
2024-09-19T09:12:00.399 INFO:teuthology.orchestra.run.smithi052.stdout:/usr/bin/ceph: stdout "election_epoch": 5,
2024-09-19T09:12:00.399 INFO:teuthology.orchestra.run.smithi052.stdout:/usr/bin/ceph: stdout "quorum": [
2024-09-19T09:12:00.399 INFO:teuthology.orchestra.run.smithi052.stdout:/usr/bin/ceph: stdout 0
2024-09-19T09:12:00.399 INFO:teuthology.orchestra.run.smithi052.stdout:/usr/bin/ceph: stdout ],
2024-09-19T09:12:00.399 INFO:teuthology.orchestra.run.smithi052.stdout:/usr/bin/ceph: stdout "quorum_names": [
2024-09-19T09:12:00.399 INFO:teuthology.orchestra.run.smithi052.stdout:/usr/bin/ceph: stdout "a"
2024-09-19T09:12:00.399 INFO:teuthology.orchestra.run.smithi052.stdout:/usr/bin/ceph: stdout ],
2024-09-19T09:12:00.399 INFO:teuthology.orchestra.run.smithi052.stdout:/usr/bin/ceph: stdout "quorum_age": 17,
2024-09-19T09:12:00.400 INFO:teuthology.orchestra.run.smithi052.stdout:/usr/bin/ceph: stdout "monmap": {
2024-09-19T09:12:00.400 INFO:teuthology.orchestra.run.smithi052.stdout:/usr/bin/ceph: stdout "epoch": 1,
2024-09-19T09:12:00.400 INFO:teuthology.orchestra.run.smithi052.stdout:/usr/bin/ceph: stdout "min_mon_release_name": "squid",
2024-09-19T09:12:00.400 INFO:teuthology.orchestra.run.smithi052.stdout:/usr/bin/ceph: stdout "num_mons": 1
2024-09-19T09:12:00.400 INFO:teuthology.orchestra.run.smithi052.stdout:/usr/bin/ceph: stdout },
2024-09-19T09:12:00.400 INFO:teuthology.orchestra.run.smithi052.stdout:/usr/bin/ceph: stdout "osdmap": {
2024-09-19T09:12:00.400 INFO:teuthology.orchestra.run.smithi052.stdout:/usr/bin/ceph: stdout "epoch": 1,
2024-09-19T09:12:00.400 INFO:teuthology.orchestra.run.smithi052.stdout:/usr/bin/ceph: stdout "num_osds": 0,
2024-09-19T09:12:00.400 INFO:teuthology.orchestra.run.smithi052.stdout:/usr/bin/ceph: stdout "num_up_osds": 0,
2024-09-19T09:12:00.400 INFO:teuthology.orchestra.run.smithi052.stdout:/usr/bin/ceph: stdout "osd_up_since": 0,
2024-09-19T09:12:00.408 INFO:teuthology.orchestra.run.smithi052.stdout:/usr/bin/ceph: stdout "num_in_osds": 0,
2024-09-19T09:12:00.408 INFO:teuthology.orchestra.run.smithi052.stdout:/usr/bin/ceph: stdout "osd_in_since": 0,
2024-09-19T09:12:00.408 INFO:teuthology.orchestra.run.smithi052.stdout:/usr/bin/ceph: stdout "num_remapped_pgs": 0
2024-09-19T09:12:00.409 INFO:teuthology.orchestra.run.smithi052.stdout:/usr/bin/ceph: stdout },
2024-09-19T09:12:00.409 INFO:teuthology.orchestra.run.smithi052.stdout:/usr/bin/ceph: stdout "pgmap": {
2024-09-19T09:12:00.409 INFO:teuthology.orchestra.run.smithi052.stdout:/usr/bin/ceph: stdout "pgs_by_state": [],
2024-09-19T09:12:00.409 INFO:teuthology.orchestra.run.smithi052.stdout:/usr/bin/ceph: stdout "num_pgs": 0,
2024-09-19T09:12:00.409 INFO:teuthology.orchestra.run.smithi052.stdout:/usr/bin/ceph: stdout "num_pools": 0,
2024-09-19T09:12:00.409 INFO:teuthology.orchestra.run.smithi052.stdout:/usr/bin/ceph: stdout "num_objects": 0,
2024-09-19T09:12:00.409 INFO:teuthology.orchestra.run.smithi052.stdout:/usr/bin/ceph: stdout "data_bytes": 0,
2024-09-19T09:12:00.409 INFO:teuthology.orchestra.run.smithi052.stdout:/usr/bin/ceph: stdout "bytes_used": 0,
2024-09-19T09:12:00.409 INFO:teuthology.orchestra.run.smithi052.stdout:/usr/bin/ceph: stdout "bytes_avail": 0,
2024-09-19T09:12:00.409 INFO:teuthology.orchestra.run.smithi052.stdout:/usr/bin/ceph: stdout "bytes_total": 0
2024-09-19T09:12:00.409 INFO:teuthology.orchestra.run.smithi052.stdout:/usr/bin/ceph: stdout },
2024-09-19T09:12:00.409 INFO:teuthology.orchestra.run.smithi052.stdout:/usr/bin/ceph: stdout "fsmap": {
2024-09-19T09:12:00.409 INFO:teuthology.orchestra.run.smithi052.stdout:/usr/bin/ceph: stdout "epoch": 1,
2024-09-19T09:12:00.410 INFO:teuthology.orchestra.run.smithi052.stdout:/usr/bin/ceph: stdout "btime": "2024-09-19T09:11:37:433536+0000",
2024-09-19T09:12:00.410 INFO:teuthology.orchestra.run.smithi052.stdout:/usr/bin/ceph: stdout "by_rank": [],
2024-09-19T09:12:00.410 INFO:teuthology.orchestra.run.smithi052.stdout:/usr/bin/ceph: stdout "up:standby": 0
2024-09-19T09:12:00.410 INFO:teuthology.orchestra.run.smithi052.stdout:/usr/bin/ceph: stdout },
2024-09-19T09:12:00.410 INFO:teuthology.orchestra.run.smithi052.stdout:/usr/bin/ceph: stdout "mgrmap": {
2024-09-19T09:12:00.410 INFO:teuthology.orchestra.run.smithi052.stdout:/usr/bin/ceph: stdout "available": true,
2024-09-19T09:12:00.410 INFO:teuthology.orchestra.run.smithi052.stdout:/usr/bin/ceph: stdout "num_standbys": 0,
2024-09-19T09:12:00.410 INFO:teuthology.orchestra.run.smithi052.stdout:/usr/bin/ceph: stdout "modules": [
2024-09-19T09:12:00.410 INFO:teuthology.orchestra.run.smithi052.stdout:/usr/bin/ceph: stdout "iostat",
2024-09-19T09:12:00.410 INFO:teuthology.orchestra.run.smithi052.stdout:/usr/bin/ceph: stdout "nfs",
2024-09-19T09:12:00.410 INFO:teuthology.orchestra.run.smithi052.stdout:/usr/bin/ceph: stdout "restful"
2024-09-19T09:12:00.410 INFO:teuthology.orchestra.run.smithi052.stdout:/usr/bin/ceph: stdout ],
2024-09-19T09:12:00.410 INFO:teuthology.orchestra.run.smithi052.stdout:/usr/bin/ceph: stdout "services": {}
2024-09-19T09:12:00.410 INFO:teuthology.orchestra.run.smithi052.stdout:/usr/bin/ceph: stdout },
2024-09-19T09:12:00.411 INFO:teuthology.orchestra.run.smithi052.stdout:/usr/bin/ceph: stdout "servicemap": {
2024-09-19T09:12:00.411 INFO:teuthology.orchestra.run.smithi052.stdout:/usr/bin/ceph: stdout "epoch": 1,
2024-09-19T09:12:00.411 INFO:teuthology.orchestra.run.smithi052.stdout:/usr/bin/ceph: stdout "modified": "2024-09-19T09:11:37.434170+0000",
2024-09-19T09:12:00.411 INFO:teuthology.orchestra.run.smithi052.stdout:/usr/bin/ceph: stdout "services": {}
2024-09-19T09:12:00.411 INFO:teuthology.orchestra.run.smithi052.stdout:/usr/bin/ceph: stdout },
2024-09-19T09:12:00.411 INFO:teuthology.orchestra.run.smithi052.stdout:/usr/bin/ceph: stdout "progress_events": {}
2024-09-19T09:12:00.411 INFO:teuthology.orchestra.run.smithi052.stdout:/usr/bin/ceph: stdout }
2024-09-19T09:12:00.411 INFO:teuthology.orchestra.run.smithi052.stdout:/usr/bin/ceph: stderr
2024-09-19T09:11:59.554+0000 7ff9ffa8e640 1 Processor -- start
2024-09-19T09:12:00.411 INFO:teuthology.orchestra.run.smithi052.stdout:/usr/bin/ceph: stderr
2024-09-19T09:11:59.554+0000 7ff9ffa8e640 1 -- start start
2024-09-19T09:12:00.411 INFO:teuthology.orchestra.run.smithi052.stdout:/usr/bin/ceph: stderr
2024-09-19T09:11:59.554+0000 7ff9ffa8e640 1 --2- >> [v2:172.21.15.52:3300/0,v1:172.21.15.52:6789/0] conn(0x7ff9f81076b0 0x7ff9f8107ab0 unknown :-1 s=NONE pgs=0 cs=0 l=0 rev1=0 crypto rx=0 tx=0 comp rx=0 tx=0).connect
2024-09-19T09:12:00.411 INFO:teuthology.orchestra.run.smithi052.stdout:/usr/bin/ceph: stderr
2024-09-19T09:11:59.554+0000 7ff9ffa8e640 1 -- --> [v2:172.21.15.52:3300/0,v1:172.21.15.52:6789/0] -- mon_getmap magic: 0 -- 0x7ff9f8108080 con 0x7ff9f81076b0
2024-09-19T09:12:00.411 INFO:teuthology.orchestra.run.smithi052.stdout:/usr/bin/ceph: stderr
2024-09-19T09:11:59.555+0000 7ff9fd82a640 1 --2- >> [v2:172.21.15.52:3300/0,v1:172.21.15.52:6789/0] conn(0x7ff9f81076b0 0x7ff9f8107ab0 unknown :-1 s=BANNER_CONNECTING pgs=0 cs=0 l=0 rev1=0 crypto rx=0 tx=0 comp rx=0 tx=0)._handle_peer_banner_payload supported=3 required=0
2024-09-19T09:12:00.411 INFO:teuthology.orchestra.run.smithi052.stdout:/usr/bin/ceph: stderr
2024-09-19T09:11:59.555+0000 7ff9fd82a640 1 --2- >> [v2:172.21.15.52:3300/0,v1:172.21.15.52:6789/0] conn(0x7ff9f81076b0 0x7ff9f8107ab0 unknown :-1 s=HELLO_CONNECTING pgs=0 cs=0 l=0 rev1=1 crypto rx=0 tx=0 comp rx=0 tx=0).handle_hello peer v2:172.21.15.52:3300/0 says I am v2:172.21.15.52:60804/0 (socket says 172.21.15.52:60804)
2024-09-19T09:12:00.411 INFO:teuthology.orchestra.run.smithi052.stdout:/usr/bin/ceph: stderr
2024-09-19T09:11:59.555+0000 7ff9fd82a640 1 -- 172.21.15.52:0/361147294 learned_addr learned my addr 172.21.15.52:0/361147294 (peer_addr_for_me v2:172.21.15.52:0/0)
2024-09-19T09:12:00.412 INFO:teuthology.orchestra.run.smithi052.stdout:/usr/bin/ceph: stderr
2024-09-19T09:11:59.555+0000 7ff9fd82a640 1 -- 172.21.15.52:0/361147294 --> [v2:172.21.15.52:3300/0,v1:172.21.15.52:6789/0] -- mon_subscribe({config=0+,monmap=0+}) -- 0x7ff9f81088b0 con 0x7ff9f81076b0
2024-09-19T09:12:00.412 INFO:teuthology.orchestra.run.smithi052.stdout:/usr/bin/ceph: stderr
2024-09-19T09:11:59.556+0000 7ff9fd82a640 1 --2- 172.21.15.52:0/361147294 >> [v2:172.21.15.52:3300/0,v1:172.21.15.52:6789/0] conn(0x7ff9f81076b0 0x7ff9f8107ab0 secure :-1 s=READY pgs=16 cs=0 l=1 rev1=1 crypto rx=0x7ff9f4009820 tx=0x7ff9f402a270 comp rx=0 tx=0).ready entity=mon.0 client_cookie=1379ce6ff5d95201 server_cookie=0 in_seq=0 out_seq=0
2024-09-19T09:12:00.412 INFO:teuthology.orchestra.run.smithi052.stdout:/usr/bin/ceph: stderr
2024-09-19T09:11:59.556+0000 7ff9fc828640 1 -- 172.21.15.52:0/361147294 <== mon.0 v2:172.21.15.52:3300/0 1 ==== mon_map magic: 0 ==== 205+0+0 (secure 0 0 0) 0x7ff9f4037070 con 0x7ff9f81076b0
2024-09-19T09:12:00.412 INFO:teuthology.orchestra.run.smithi052.stdout:/usr/bin/ceph: stderr
2024-09-19T09:11:59.556+0000 7ff9fc828640 1 -- 172.21.15.52:0/361147294 <== mon.0 v2:172.21.15.52:3300/0 2 ==== config(27 keys) ==== 1109+0+0 (secure 0 0 0) 0x7ff9f4032900 con 0x7ff9f81076b0
2024-09-19T09:12:00.412 INFO:teuthology.orchestra.run.smithi052.stdout:/usr/bin/ceph: stderr
2024-09-19T09:11:59.556+0000 7ff9fc828640 1 -- 172.21.15.52:0/361147294 <== mon.0 v2:172.21.15.52:3300/0 3 ==== mon_map magic: 0 ==== 205+0+0 (secure 0 0 0) 0x7ff9f4030850 con 0x7ff9f81076b0
2024-09-19T09:12:00.412 INFO:teuthology.orchestra.run.smithi052.stdout:/usr/bin/ceph: stderr
2024-09-19T09:11:59.557+0000 7ff9ffa8e640 1 -- 172.21.15.52:0/361147294 >> [v2:172.21.15.52:3300/0,v1:172.21.15.52:6789/0] conn(0x7ff9f81076b0 msgr2=0x7ff9f8107ab0 secure :-1 s=STATE_CONNECTION_ESTABLISHED l=1).mark_down
2024-09-19T09:12:00.412 INFO:teuthology.orchestra.run.smithi052.stdout:/usr/bin/ceph: stderr
2024-09-19T09:11:59.557+0000 7ff9ffa8e640 1 --2- 172.21.15.52:0/361147294 >> [v2:172.21.15.52:3300/0,v1:172.21.15.52:6789/0] conn(0x7ff9f81076b0 0x7ff9f8107ab0 secure :-1 s=READY pgs=16 cs=0 l=1 rev1=1 crypto rx=0x7ff9f4009820 tx=0x7ff9f402a270 comp rx=0 tx=0).stop
2024-09-19T09:12:00.412 INFO:teuthology.orchestra.run.smithi052.stdout:/usr/bin/ceph: stderr
2024-09-19T09:11:59.557+0000 7ff9ffa8e640 1 -- 172.21.15.52:0/361147294 shutdown_connections
2024-09-19T09:12:00.412 INFO:teuthology.orchestra.run.smithi052.stdout:/usr/bin/ceph: stderr
2024-09-19T09:11:59.557+0000 7ff9ffa8e640 1 --2- 172.21.15.52:0/361147294 >> [v2:172.21.15.52:3300/0,v1:172.21.15.52:6789/0] conn(0x7ff9f81076b0 0x7ff9f8107ab0 unknown :-1 s=CLOSED pgs=16 cs=0 l=1 rev1=1 crypto rx=0 tx=0 comp rx=0 tx=0).stop
2024-09-19T09:12:00.412 INFO:teuthology.orchestra.run.smithi052.stdout:/usr/bin/ceph: stderr
2024-09-19T09:11:59.557+0000 7ff9ffa8e640 1 -- 172.21.15.52:0/361147294 >> 172.21.15.52:0/361147294 conn(0x7ff9f8102e80 msgr2=0x7ff9f81052a0 unknown :-1 s=STATE_NONE l=0).mark_down
2024-09-19T09:12:00.412 INFO:teuthology.orchestra.run.smithi052.stdout:/usr/bin/ceph: stderr
2024-09-19T09:11:59.557+0000 7ff9ffa8e640 1 -- 172.21.15.52:0/361147294 shutdown_connections
2024-09-19T09:12:00.412 INFO:teuthology.orchestra.run.smithi052.stdout:/usr/bin/ceph: stderr
2024-09-19T09:11:59.557+0000 7ff9ffa8e640 1 -- 172.21.15.52:0/361147294 wait complete.
2024-09-19T09:12:00.413 INFO:teuthology.orchestra.run.smithi052.stdout:/usr/bin/ceph: stderr
2024-09-19T09:11:59.558+0000 7ff9ffa8e640 1 Processor -- start
2024-09-19T09:12:00.413 INFO:teuthology.orchestra.run.smithi052.stdout:/usr/bin/ceph: stderr
2024-09-19T09:11:59.558+0000 7ff9ffa8e640 1 -- start start
2024-09-19T09:12:00.413 INFO:teuthology.orchestra.run.smithi052.stdout:/usr/bin/ceph: stderr
2024-09-19T09:11:59.558+0000 7ff9ffa8e640 1 --2- >> [v2:172.21.15.52:3300/0,v1:172.21.15.52:6789/0] conn(0x7ff9f81076b0 0x7ff9f807db90 unknown :-1 s=NONE pgs=0 cs=0 l=1 rev1=0 crypto rx=0 tx=0 comp rx=0 tx=0).connect
2024-09-19T09:12:00.413 INFO:teuthology.orchestra.run.smithi052.stdout:/usr/bin/ceph: stderr
2024-09-19T09:11:59.558+0000 7ff9ffa8e640 1 -- --> [v2:172.21.15.52:3300/0,v1:172.21.15.52:6789/0] -- mon_getmap magic: 0 -- 0x7ff9f810bc60 con 0x7ff9f81076b0
2024-09-19T09:12:00.413 INFO:teuthology.orchestra.run.smithi052.stdout:/usr/bin/ceph: stderr
2024-09-19T09:11:59.558+0000 7ff9fd82a640 1 --2- >> [v2:172.21.15.52:3300/0,v1:172.21.15.52:6789/0] conn(0x7ff9f81076b0 0x7ff9f807db90 unknown :-1 s=BANNER_CONNECTING pgs=0 cs=0 l=1 rev1=0 crypto rx=0 tx=0 comp rx=0 tx=0)._handle_peer_banner_payload supported=3 required=0
2024-09-19T09:12:00.413 INFO:teuthology.orchestra.run.smithi052.stdout:/usr/bin/ceph: stderr
2024-09-19T09:11:59.558+0000 7ff9fd82a640 1 --2- >> [v2:172.21.15.52:3300/0,v1:172.21.15.52:6789/0] conn(0x7ff9f81076b0 0x7ff9f807db90 unknown :-1 s=HELLO_CONNECTING pgs=0 cs=0 l=1 rev1=1 crypto rx=0 tx=0 comp rx=0 tx=0).handle_hello peer v2:172.21.15.52:3300/0 says I am v2:172.21.15.52:60818/0 (socket says 172.21.15.52:60818)
2024-09-19T09:12:00.413 INFO:teuthology.orchestra.run.smithi052.stdout:/usr/bin/ceph: stderr
2024-09-19T09:11:59.558+0000 7ff9fd82a640 1 -- 172.21.15.52:0/1952282663 learned_addr learned my addr 172.21.15.52:0/1952282663 (peer_addr_for_me v2:172.21.15.52:0/0)
2024-09-19T09:12:00.413 INFO:teuthology.orchestra.run.smithi052.stdout:/usr/bin/ceph: stderr
2024-09-19T09:11:59.558+0000 7ff9fd82a640 1 -- 172.21.15.52:0/1952282663 --> [v2:172.21.15.52:3300/0,v1:172.21.15.52:6789/0] -- mon_subscribe({config=0+,monmap=0+}) -- 0x7ff9f807e0d0 con 0x7ff9f81076b0
2024-09-19T09:12:00.413 INFO:teuthology.orchestra.run.smithi052.stdout:/usr/bin/ceph: stderr
2024-09-19T09:11:59.558+0000 7ff9fd82a640 1 --2- 172.21.15.52:0/1952282663 >> [v2:172.21.15.52:3300/0,v1:172.21.15.52:6789/0] conn(0x7ff9f81076b0 0x7ff9f807db90 secure :-1 s=READY pgs=17 cs=0 l=1 rev1=1 crypto rx=0x7ff9f40097f0 tx=0x7ff9f4030d80 comp rx=0 tx=0).ready entity=mon.0 client_cookie=0 server_cookie=0 in_seq=0 out_seq=0
2024-09-19T09:12:00.413 INFO:teuthology.orchestra.run.smithi052.stdout:/usr/bin/ceph: stderr
2024-09-19T09:11:59.559+0000 7ff9eeffd640 1 -- 172.21.15.52:0/1952282663 <== mon.0 v2:172.21.15.52:3300/0 1 ==== mon_map magic: 0 ==== 205+0+0 (secure 0 0 0) 0x7ff9f4037040 con 0x7ff9f81076b0
2024-09-19T09:12:00.413 INFO:teuthology.orchestra.run.smithi052.stdout:/usr/bin/ceph: stderr
2024-09-19T09:11:59.559+0000 7ff9eeffd640 1 -- 172.21.15.52:0/1952282663 <== mon.0 v2:172.21.15.52:3300/0 2 ==== config(27 keys) ==== 1109+0+0 (secure 0 0 0) 0x7ff9f4040070 con 0x7ff9f81076b0
2024-09-19T09:12:00.413 INFO:teuthology.orchestra.run.smithi052.stdout:/usr/bin/ceph: stderr
2024-09-19T09:11:59.559+0000 7ff9eeffd640 1 -- 172.21.15.52:0/1952282663 <== mon.0 v2:172.21.15.52:3300/0 3 ==== mon_map magic: 0 ==== 205+0+0 (secure 0 0 0) 0x7ff9f403a390 con 0x7ff9f81076b0
2024-09-19T09:12:00.413 INFO:teuthology.orchestra.run.smithi052.stdout:/usr/bin/ceph: stderr
2024-09-19T09:11:59.559+0000 7ff9ffa8e640 1 -- 172.21.15.52:0/1952282663 --> [v2:172.21.15.52:3300/0,v1:172.21.15.52:6789/0] -- mon_subscribe({mgrmap=0+}) -- 0x7ff9f807c2c0 con 0x7ff9f81076b0
2024-09-19T09:12:00.414 INFO:teuthology.orchestra.run.smithi052.stdout:/usr/bin/ceph: stderr
2024-09-19T09:11:59.559+0000 7ff9ffa8e640 1 -- 172.21.15.52:0/1952282663 --> [v2:172.21.15.52:3300/0,v1:172.21.15.52:6789/0] -- mon_subscribe({osdmap=0}) -- 0x7ff9f807c7a0 con 0x7ff9f81076b0
2024-09-19T09:12:00.414 INFO:teuthology.orchestra.run.smithi052.stdout:/usr/bin/ceph: stderr
2024-09-19T09:11:59.560+0000 7ff9eeffd640 1 -- 172.21.15.52:0/1952282663 <== mon.0 v2:172.21.15.52:3300/0 4 ==== mgrmap(e 4) ==== 46450+0+0 (secure 0 0 0) 0x7ff9f403a5e0 con 0x7ff9f81076b0
2024-09-19T09:12:00.414 INFO:teuthology.orchestra.run.smithi052.stdout:/usr/bin/ceph: stderr
2024-09-19T09:11:59.560+0000 7ff9ffa8e640 1 -- 172.21.15.52:0/1952282663 --> [v2:172.21.15.52:3300/0,v1:172.21.15.52:6789/0] -- mon_command({"prefix": "get_command_descriptions"} v 0) -- 0x7ff9f8107b30 con 0x7ff9f81076b0
2024-09-19T09:12:00.414 INFO:teuthology.orchestra.run.smithi052.stdout:/usr/bin/ceph: stderr
2024-09-19T09:11:59.560+0000 7ff9eeffd640 1 --2- 172.21.15.52:0/1952282663 >> [v2:172.21.15.52:6800/3194006990,v1:172.21.15.52:6801/3194006990] conn(0x7ff9e40391b0 0x7ff9e403b670 unknown :-1 s=NONE pgs=0 cs=0 l=1 rev1=0 crypto rx=0 tx=0 comp rx=0 tx=0).connect
2024-09-19T09:12:00.414 INFO:teuthology.orchestra.run.smithi052.stdout:/usr/bin/ceph: stderr
2024-09-19T09:11:59.560+0000 7ff9eeffd640 1 -- 172.21.15.52:0/1952282663 <== mon.0 v2:172.21.15.52:3300/0 5 ==== osd_map(1..1 src has 1..1) ==== 725+0+0 (secure 0 0 0) 0x7ff9f406c4c0 con 0x7ff9f81076b0
2024-09-19T09:12:00.414 INFO:teuthology.orchestra.run.smithi052.stdout:/usr/bin/ceph: stderr
2024-09-19T09:11:59.560+0000 7ff9fd029640 1 --2- 172.21.15.52:0/1952282663 >> [v2:172.21.15.52:6800/3194006990,v1:172.21.15.52:6801/3194006990] conn(0x7ff9e40391b0 0x7ff9e403b670 unknown :-1 s=BANNER_CONNECTING pgs=0 cs=0 l=1 rev1=0 crypto rx=0 tx=0 comp rx=0 tx=0)._handle_peer_banner_payload supported=3 required=0
2024-09-19T09:12:00.414 INFO:teuthology.orchestra.run.smithi052.stdout:/usr/bin/ceph: stderr
2024-09-19T09:11:59.561+0000 7ff9fd029640 1 --2- 172.21.15.52:0/1952282663 >> [v2:172.21.15.52:6800/3194006990,v1:172.21.15.52:6801/3194006990] conn(0x7ff9e40391b0 0x7ff9e403b670 secure :-1 s=READY pgs=6 cs=0 l=1 rev1=1 crypto rx=0x7ff9e80098c0 tx=0x7ff9e8006db0 comp rx=0 tx=0).ready entity=mgr.14100 client_cookie=0 server_cookie=0 in_seq=0 out_seq=0
2024-09-19T09:12:00.414 INFO:teuthology.orchestra.run.smithi052.stdout:/usr/bin/ceph: stderr
2024-09-19T09:11:59.565+0000 7ff9eeffd640 1 -- 172.21.15.52:0/1952282663 <== mon.0 v2:172.21.15.52:3300/0 6 ==== mon_command_ack([{"prefix": "get_command_descriptions"}]=0 v0) ==== 72+0+188913 (secure 0 0 0) 0x7ff9f403a980 con 0x7ff9f81076b0
2024-09-19T09:12:00.414 INFO:teuthology.orchestra.run.smithi052.stdout:/usr/bin/ceph: stderr
2024-09-19T09:11:59.806+0000 7ff9ffa8e640 1 -- 172.21.15.52:0/1952282663 --> [v2:172.21.15.52:3300/0,v1:172.21.15.52:6789/0] -- mon_command({"prefix": "status", "format": "json-pretty"} v 0) -- 0x7ff9f807cfe0 con 0x7ff9f81076b0
2024-09-19T09:12:00.414 INFO:teuthology.orchestra.run.smithi052.stdout:/usr/bin/ceph: stderr
2024-09-19T09:11:59.806+0000 7ff9eeffd640 1 -- 172.21.15.52:0/1952282663 <== mon.0 v2:172.21.15.52:3300/0 7 ==== mon_command_ack([{"prefix": "status", "format": "json-pretty"}]=0 v0) ==== 79+0+1291 (secure 0 0 0) 0x7ff9f406c220 con 0x7ff9f81076b0
2024-09-19T09:12:00.414 INFO:teuthology.orchestra.run.smithi052.stdout:/usr/bin/ceph: stderr
2024-09-19T09:11:59.808+0000 7ff9ffa8e640 1 -- 172.21.15.52:0/1952282663 >> [v2:172.21.15.52:6800/3194006990,v1:172.21.15.52:6801/3194006990] conn(0x7ff9e40391b0 msgr2=0x7ff9e403b670 secure :-1 s=STATE_CONNECTION_ESTABLISHED l=1).mark_down
2024-09-19T09:12:00.414 INFO:teuthology.orchestra.run.smithi052.stdout:/usr/bin/ceph: stderr
2024-09-19T09:11:59.808+0000 7ff9ffa8e640 1 --2- 172.21.15.52:0/1952282663 >> [v2:172.21.15.52:6800/3194006990,v1:172.21.15.52:6801/3194006990] conn(0x7ff9e40391b0 0x7ff9e403b670 secure :-1 s=READY pgs=6 cs=0 l=1 rev1=1 crypto rx=0x7ff9e80098c0 tx=0x7ff9e8006db0 comp rx=0 tx=0).stop
2024-09-19T09:12:00.414 INFO:teuthology.orchestra.run.smithi052.stdout:/usr/bin/ceph: stderr
2024-09-19T09:11:59.808+0000 7ff9ffa8e640 1 -- 172.21.15.52:0/1952282663 >> [v2:172.21.15.52:3300/0,v1:172.21.15.52:6789/0] conn(0x7ff9f81076b0 msgr2=0x7ff9f807db90 secure :-1 s=STATE_CONNECTION_ESTABLISHED l=1).mark_down
2024-09-19T09:12:00.414 INFO:teuthology.orchestra.run.smithi052.stdout:/usr/bin/ceph: stderr
2024-09-19T09:11:59.808+0000 7ff9ffa8e640 1 --2- 172.21.15.52:0/1952282663 >> [v2:172.21.15.52:3300/0,v1:172.21.15.52:6789/0] conn(0x7ff9f81076b0 0x7ff9f807db90 secure :-1 s=READY pgs=17 cs=0 l=1 rev1=1 crypto rx=0x7ff9f40097f0 tx=0x7ff9f4030d80 comp rx=0 tx=0).stop
2024-09-19T09:12:00.415 INFO:teuthology.orchestra.run.smithi052.stdout:/usr/bin/ceph: stderr
2024-09-19T09:11:59.809+0000 7ff9ffa8e640 1 -- 172.21.15.52:0/1952282663 shutdown_connections
2024-09-19T09:12:00.415 INFO:teuthology.orchestra.run.smithi052.stdout:/usr/bin/ceph: stderr
2024-09-19T09:11:59.809+0000 7ff9ffa8e640 1 --2- 172.21.15.52:0/1952282663 >> [v2:172.21.15.52:6800/3194006990,v1:172.21.15.52:6801/3194006990] conn(0x7ff9e40391b0 0x7ff9e403b670 unknown :-1 s=CLOSED pgs=6 cs=0 l=1 rev1=1 crypto rx=0 tx=0 comp rx=0 tx=0).stop
2024-09-19T09:12:00.415 INFO:teuthology.orchestra.run.smithi052.stdout:/usr/bin/ceph: stderr
2024-09-19T09:11:59.809+0000 7ff9ffa8e640 1 --2- 172.21.15.52:0/1952282663 >> [v2:172.21.15.52:3300/0,v1:172.21.15.52:6789/0] conn(0x7ff9f81076b0 0x7ff9f807db90 unknown :-1 s=CLOSED pgs=17 cs=0 l=1 rev1=1 crypto rx=0 tx=0 comp rx=0 tx=0).stop
2024-09-19T09:12:00.415 INFO:teuthology.orchestra.run.smithi052.stdout:/usr/bin/ceph: stderr
2024-09-19T09:11:59.809+0000 7ff9ffa8e640 1 -- 172.21.15.52:0/1952282663 >> 172.21.15.52:0/1952282663 conn(0x7ff9f8102e80 msgr2=0x7ff9f81039b0 unknown :-1 s=STATE_NONE l=0).mark_down
2024-09-19T09:12:00.415 INFO:teuthology.orchestra.run.smithi052.stdout:/usr/bin/ceph: stderr
2024-09-19T09:11:59.809+0000 7ff9ffa8e640 1 -- 172.21.15.52:0/1952282663 shutdown_connections
2024-09-19T09:12:00.415 INFO:teuthology.orchestra.run.smithi052.stdout:/usr/bin/ceph: stderr
2024-09-19T09:11:59.809+0000 7ff9ffa8e640 1 -- 172.21.15.52:0/1952282663 wait complete.
2024-09-19T09:12:00.415 INFO:teuthology.orchestra.run.smithi052.stdout:mgr is available
2024-09-19T09:12:01.929 INFO:journalctl@ceph.mon.a.smithi052.stdout:Sep 19 09:12:01 smithi052 ceph-mon[30947]: from='client.? 172.21.15.52:0/3517862390' entity='client.admin' cmd=[{"prefix": "config assimilate-conf"}]: dispatch
2024-09-19T09:12:02.118 INFO:teuthology.orchestra.run.smithi052.stdout:/usr/bin/ceph: stdout
2024-09-19T09:12:02.118 INFO:teuthology.orchestra.run.smithi052.stdout:/usr/bin/ceph: stdout [global]
2024-09-19T09:12:02.119 INFO:teuthology.orchestra.run.smithi052.stdout:/usr/bin/ceph: stdout fsid = 044f38fa-7667-11ef-bceb-c7b262605968
2024-09-19T09:12:02.119 INFO:teuthology.orchestra.run.smithi052.stdout:/usr/bin/ceph: stdout mon_host = [v2:172.21.15.52:3300,v1:172.21.15.52:6789]
2024-09-19T09:12:02.119 INFO:teuthology.orchestra.run.smithi052.stdout:/usr/bin/ceph: stdout mon_osd_allow_pg_remap = true
2024-09-19T09:12:02.119 INFO:teuthology.orchestra.run.smithi052.stdout:/usr/bin/ceph: stdout mon_osd_allow_primary_affinity = true
2024-09-19T09:12:02.119 INFO:teuthology.orchestra.run.smithi052.stdout:/usr/bin/ceph: stdout mon_warn_on_no_sortbitwise = false
2024-09-19T09:12:02.119 INFO:teuthology.orchestra.run.smithi052.stdout:/usr/bin/ceph: stdout osd_crush_chooseleaf_type = 0
2024-09-19T09:12:02.119 INFO:teuthology.orchestra.run.smithi052.stdout:/usr/bin/ceph: stdout
2024-09-19T09:12:02.119 INFO:teuthology.orchestra.run.smithi052.stdout:/usr/bin/ceph: stdout [mgr]
2024-09-19T09:12:02.119 INFO:teuthology.orchestra.run.smithi052.stdout:/usr/bin/ceph: stdout mgr/telemetry/nag = false
2024-09-19T09:12:02.119 INFO:teuthology.orchestra.run.smithi052.stdout:/usr/bin/ceph: stdout
2024-09-19T09:12:02.119 INFO:teuthology.orchestra.run.smithi052.stdout:/usr/bin/ceph: stdout [osd]
2024-09-19T09:12:02.119 INFO:teuthology.orchestra.run.smithi052.stdout:/usr/bin/ceph: stdout mon_osd_backfillfull_ratio = 0.85
2024-09-19T09:12:02.119 INFO:teuthology.orchestra.run.smithi052.stdout:/usr/bin/ceph: stdout mon_osd_full_ratio = 0.9
2024-09-19T09:12:02.120 INFO:teuthology.orchestra.run.smithi052.stdout:/usr/bin/ceph: stdout mon_osd_nearfull_ratio = 0.8
2024-09-19T09:12:02.120 INFO:teuthology.orchestra.run.smithi052.stdout:/usr/bin/ceph: stdout osd_map_max_advance = 10
2024-09-19T09:12:02.120 INFO:teuthology.orchestra.run.smithi052.stdout:/usr/bin/ceph: stdout osd_sloppy_crc = true
2024-09-19T09:12:02.120 INFO:teuthology.orchestra.run.smithi052.stdout:/usr/bin/ceph: stderr
2024-09-19T09:12:01.373+0000 7f199cddd640 1 Processor -- start
2024-09-19T09:12:02.120 INFO:teuthology.orchestra.run.smithi052.stdout:/usr/bin/ceph: stderr
2024-09-19T09:12:01.373+0000 7f199cddd640 1 -- start start
2024-09-19T09:12:02.120 INFO:teuthology.orchestra.run.smithi052.stdout:/usr/bin/ceph: stderr
2024-09-19T09:12:01.374+0000 7f199cddd640 1 --2- >> [v2:172.21.15.52:3300/0,v1:172.21.15.52:6789/0] conn(0x7f19981081b0 0x7f199810a5a0 unknown :-1 s=NONE pgs=0 cs=0 l=0 rev1=0 crypto rx=0 tx=0 comp rx=0 tx=0).connect
2024-09-19T09:12:02.120 INFO:teuthology.orchestra.run.smithi052.stdout:/usr/bin/ceph: stderr
2024-09-19T09:12:01.374+0000 7f199cddd640 1 -- --> [v2:172.21.15.52:3300/0,v1:172.21.15.52:6789/0] -- mon_getmap magic: 0 -- 0x7f199807be50 con 0x7f19981081b0
2024-09-19T09:12:02.120 INFO:teuthology.orchestra.run.smithi052.stdout:/usr/bin/ceph: stderr
2024-09-19T09:12:01.374+0000 7f199659c640 1 --2- >> [v2:172.21.15.52:3300/0,v1:172.21.15.52:6789/0] conn(0x7f19981081b0 0x7f199810a5a0 unknown :-1 s=BANNER_CONNECTING pgs=0 cs=0 l=0 rev1=0 crypto rx=0 tx=0 comp rx=0 tx=0)._handle_peer_banner_payload supported=3 required=0
2024-09-19T09:12:02.120 INFO:teuthology.orchestra.run.smithi052.stdout:/usr/bin/ceph: stderr
2024-09-19T09:12:01.374+0000 7f199659c640 1 --2- >> [v2:172.21.15.52:3300/0,v1:172.21.15.52:6789/0] conn(0x7f19981081b0 0x7f199810a5a0 unknown :-1 s=HELLO_CONNECTING pgs=0 cs=0 l=0 rev1=1 crypto rx=0 tx=0 comp rx=0 tx=0).handle_hello peer v2:172.21.15.52:3300/0 says I am v2:172.21.15.52:60822/0 (socket says 172.21.15.52:60822)
2024-09-19T09:12:02.120 INFO:teuthology.orchestra.run.smithi052.stdout:/usr/bin/ceph: stderr
2024-09-19T09:12:01.374+0000 7f199659c640 1 -- 172.21.15.52:0/3123924781 learned_addr learned my addr 172.21.15.52:0/3123924781 (peer_addr_for_me v2:172.21.15.52:0/0)
2024-09-19T09:12:02.120 INFO:teuthology.orchestra.run.smithi052.stdout:/usr/bin/ceph: stderr
2024-09-19T09:12:01.374+0000 7f199659c640 1 -- 172.21.15.52:0/3123924781 --> [v2:172.21.15.52:3300/0,v1:172.21.15.52:6789/0] -- mon_subscribe({config=0+,monmap=0+}) -- 0x7f199810aae0 con 0x7f19981081b0
2024-09-19T09:12:02.120 INFO:teuthology.orchestra.run.smithi052.stdout:/usr/bin/ceph: stderr
2024-09-19T09:12:01.375+0000 7f199659c640 1 --2- 172.21.15.52:0/3123924781 >> [v2:172.21.15.52:3300/0,v1:172.21.15.52:6789/0] conn(0x7f19981081b0 0x7f199810a5a0 secure :-1 s=READY pgs=18 cs=0 l=1 rev1=1 crypto rx=0x7f1988009e80 tx=0x7f198802a7a0 comp rx=0 tx=0).ready entity=mon.0 client_cookie=4049c8c3d7115b8d server_cookie=0 in_seq=0 out_seq=0
2024-09-19T09:12:02.121 INFO:teuthology.orchestra.run.smithi052.stdout:/usr/bin/ceph: stderr
2024-09-19T09:12:01.375+0000 7f199559a640 1 -- 172.21.15.52:0/3123924781 <== mon.0 v2:172.21.15.52:3300/0 1 ==== mon_map magic: 0 ==== 205+0+0 (secure 0 0 0) 0x7f1988036070 con 0x7f19981081b0
2024-09-19T09:12:02.121 INFO:teuthology.orchestra.run.smithi052.stdout:/usr/bin/ceph: stderr
2024-09-19T09:12:01.375+0000 7f199559a640 1 -- 172.21.15.52:0/3123924781 <== mon.0 v2:172.21.15.52:3300/0 2 ==== config(27 keys) ==== 1109+0+0 (secure 0 0 0) 0x7f19880318c0 con 0x7f19981081b0
2024-09-19T09:12:02.121 INFO:teuthology.orchestra.run.smithi052.stdout:/usr/bin/ceph: stderr
2024-09-19T09:12:01.375+0000 7f199559a640 1 -- 172.21.15.52:0/3123924781 <== mon.0 v2:172.21.15.52:3300/0 3 ==== mon_map magic: 0 ==== 205+0+0 (secure 0 0 0) 0x7f1988007ab0 con 0x7f19981081b0
2024-09-19T09:12:02.121 INFO:teuthology.orchestra.run.smithi052.stdout:/usr/bin/ceph: stderr
2024-09-19T09:12:01.375+0000 7f199cddd640 1 -- 172.21.15.52:0/3123924781 >> [v2:172.21.15.52:3300/0,v1:172.21.15.52:6789/0] conn(0x7f19981081b0 msgr2=0x7f199810a5a0 secure :-1 s=STATE_CONNECTION_ESTABLISHED l=1).mark_down
2024-09-19T09:12:02.121 INFO:teuthology.orchestra.run.smithi052.stdout:/usr/bin/ceph: stderr
2024-09-19T09:12:01.375+0000 7f199cddd640 1 --2- 172.21.15.52:0/3123924781 >> [v2:172.21.15.52:3300/0,v1:172.21.15.52:6789/0] conn(0x7f19981081b0 0x7f199810a5a0 secure :-1 s=READY pgs=18 cs=0 l=1 rev1=1 crypto rx=0x7f1988009e80 tx=0x7f198802a7a0 comp rx=0 tx=0).stop
2024-09-19T09:12:02.121 INFO:teuthology.orchestra.run.smithi052.stdout:/usr/bin/ceph: stderr
2024-09-19T09:12:01.376+0000 7f199cddd640 1 -- 172.21.15.52:0/3123924781 shutdown_connections
2024-09-19T09:12:02.121 INFO:teuthology.orchestra.run.smithi052.stdout:/usr/bin/ceph: stderr
2024-09-19T09:12:01.376+0000 7f199cddd640 1 --2- 172.21.15.52:0/3123924781 >> [v2:172.21.15.52:3300/0,v1:172.21.15.52:6789/0] conn(0x7f19981081b0 0x7f199810a5a0 unknown :-1 s=CLOSED pgs=18 cs=0 l=1 rev1=1 crypto rx=0 tx=0 comp rx=0 tx=0).stop
2024-09-19T09:12:02.121 INFO:teuthology.orchestra.run.smithi052.stdout:/usr/bin/ceph: stderr
2024-09-19T09:12:01.376+0000 7f199cddd640 1 -- 172.21.15.52:0/3123924781 >> 172.21.15.52:0/3123924781 conn(0x7f1998101d70 msgr2=0x7f1998104190 unknown :-1 s=STATE_NONE l=0).mark_down
2024-09-19T09:12:02.121 INFO:teuthology.orchestra.run.smithi052.stdout:/usr/bin/ceph: stderr
2024-09-19T09:12:01.376+0000 7f199cddd640 1 -- 172.21.15.52:0/3123924781 shutdown_connections
2024-09-19T09:12:02.121 INFO:teuthology.orchestra.run.smithi052.stdout:/usr/bin/ceph: stderr
2024-09-19T09:12:01.376+0000 7f199cddd640 1 -- 172.21.15.52:0/3123924781 wait complete.
2024-09-19T09:12:02.121 INFO:teuthology.orchestra.run.smithi052.stdout:/usr/bin/ceph: stderr
2024-09-19T09:12:01.376+0000 7f199cddd640 1 Processor -- start
2024-09-19T09:12:02.121 INFO:teuthology.orchestra.run.smithi052.stdout:/usr/bin/ceph: stderr
2024-09-19T09:12:01.377+0000 7f199cddd640 1 -- start start
2024-09-19T09:12:02.121 INFO:teuthology.orchestra.run.smithi052.stdout:/usr/bin/ceph: stderr
2024-09-19T09:12:01.377+0000 7f199cddd640 1 --2- >> [v2:172.21.15.52:3300/0,v1:172.21.15.52:6789/0] conn(0x7f19981081b0 0x7f199819b650 unknown :-1 s=NONE pgs=0 cs=0 l=1 rev1=0 crypto rx=0 tx=0 comp rx=0 tx=0).connect
2024-09-19T09:12:02.122 INFO:teuthology.orchestra.run.smithi052.stdout:/usr/bin/ceph: stderr
2024-09-19T09:12:01.377+0000 7f199cddd640 1 -- --> [v2:172.21.15.52:3300/0,v1:172.21.15.52:6789/0] -- mon_getmap magic: 0 -- 0x7f199810ba50 con 0x7f19981081b0
2024-09-19T09:12:02.122 INFO:teuthology.orchestra.run.smithi052.stdout:/usr/bin/ceph: stderr
2024-09-19T09:12:01.377+0000 7f199659c640 1 --2- >> [v2:172.21.15.52:3300/0,v1:172.21.15.52:6789/0] conn(0x7f19981081b0 0x7f199819b650 unknown :-1 s=BANNER_CONNECTING pgs=0 cs=0 l=1 rev1=0 crypto rx=0 tx=0 comp rx=0 tx=0)._handle_peer_banner_payload supported=3 required=0
2024-09-19T09:12:02.122 INFO:teuthology.orchestra.run.smithi052.stdout:/usr/bin/ceph: stderr
2024-09-19T09:12:01.377+0000 7f199659c640 1 --2- >> [v2:172.21.15.52:3300/0,v1:172.21.15.52:6789/0] conn(0x7f19981081b0 0x7f199819b650 unknown :-1 s=HELLO_CONNECTING pgs=0 cs=0 l=1 rev1=1 crypto rx=0 tx=0 comp rx=0 tx=0).handle_hello peer v2:172.21.15.52:3300/0 says I am v2:172.21.15.52:60828/0 (socket says 172.21.15.52:60828)
2024-09-19T09:12:02.122 INFO:teuthology.orchestra.run.smithi052.stdout:/usr/bin/ceph: stderr
2024-09-19T09:12:01.377+0000 7f199659c640 1 -- 172.21.15.52:0/3517862390 learned_addr learned my addr 172.21.15.52:0/3517862390 (peer_addr_for_me v2:172.21.15.52:0/0)
2024-09-19T09:12:02.122 INFO:teuthology.orchestra.run.smithi052.stdout:/usr/bin/ceph: stderr
2024-09-19T09:12:01.377+0000 7f199659c640 1 -- 172.21.15.52:0/3517862390 --> [v2:172.21.15.52:3300/0,v1:172.21.15.52:6789/0] -- mon_subscribe({config=0+,monmap=0+}) -- 0x7f199819bb90 con 0x7f19981081b0
2024-09-19T09:12:02.122 INFO:teuthology.orchestra.run.smithi052.stdout:/usr/bin/ceph: stderr
2024-09-19T09:12:01.377+0000 7f199659c640 1 --2- 172.21.15.52:0/3517862390 >> [v2:172.21.15.52:3300/0,v1:172.21.15.52:6789/0] conn(0x7f19981081b0 0x7f199819b650 secure :-1 s=READY pgs=19 cs=0 l=1 rev1=1 crypto rx=0x7f198802acc0 tx=0x7f1988031ca0 comp rx=0 tx=0).ready entity=mon.0 client_cookie=0 server_cookie=0 in_seq=0 out_seq=0
2024-09-19T09:12:02.122 INFO:teuthology.orchestra.run.smithi052.stdout:/usr/bin/ceph: stderr
2024-09-19T09:12:01.377+0000 7f19877fe640 1 -- 172.21.15.52:0/3517862390 <== mon.0 v2:172.21.15.52:3300/0 1 ==== mon_map magic: 0 ==== 205+0+0 (secure 0 0 0) 0x7f1988036050 con 0x7f19981081b0
2024-09-19T09:12:02.122 INFO:teuthology.orchestra.run.smithi052.stdout:/usr/bin/ceph: stderr
2024-09-19T09:12:01.378+0000 7f19877fe640 1 -- 172.21.15.52:0/3517862390 <== mon.0 v2:172.21.15.52:3300/0 2 ==== config(27 keys) ==== 1109+0+0 (secure 0 0 0) 0x7f1988037040 con 0x7f19981081b0
2024-09-19T09:12:02.122 INFO:teuthology.orchestra.run.smithi052.stdout:/usr/bin/ceph: stderr
2024-09-19T09:12:01.378+0000 7f19877fe640 1 -- 172.21.15.52:0/3517862390 <== mon.0 v2:172.21.15.52:3300/0 3 ==== mon_map magic: 0 ==== 205+0+0 (secure 0 0 0) 0x7f198803d850 con 0x7f19981081b0
2024-09-19T09:12:02.123 INFO:teuthology.orchestra.run.smithi052.stdout:/usr/bin/ceph: stderr
2024-09-19T09:12:01.378+0000 7f199cddd640 1 -- 172.21.15.52:0/3517862390 --> [v2:172.21.15.52:3300/0,v1:172.21.15.52:6789/0] -- mon_subscribe({mgrmap=0+}) -- 0x7f199819be20 con 0x7f19981081b0
2024-09-19T09:12:02.123 INFO:teuthology.orchestra.run.smithi052.stdout:/usr/bin/ceph: stderr
2024-09-19T09:12:01.378+0000 7f199cddd640 1 -- 172.21.15.52:0/3517862390 --> [v2:172.21.15.52:3300/0,v1:172.21.15.52:6789/0] -- mon_subscribe({osdmap=0}) -- 0x7f199819eb10 con 0x7f19981081b0
2024-09-19T09:12:02.123 INFO:teuthology.orchestra.run.smithi052.stdout:/usr/bin/ceph: stderr
2024-09-19T09:12:01.378+0000 7f19877fe640 1 -- 172.21.15.52:0/3517862390 <== mon.0 v2:172.21.15.52:3300/0 4 ==== mgrmap(e 4) ==== 46450+0+0 (secure 0 0 0) 0x7f1988044020 con 0x7f19981081b0
2024-09-19T09:12:02.123 INFO:teuthology.orchestra.run.smithi052.stdout:/usr/bin/ceph: stderr
2024-09-19T09:12:01.379+0000 7f19877fe640 1 --2- 172.21.15.52:0/3517862390 >> [v2:172.21.15.52:6800/3194006990,v1:172.21.15.52:6801/3194006990] conn(0x7f19800391b0 0x7f198003b670 unknown :-1 s=NONE pgs=0 cs=0 l=1 rev1=0 crypto rx=0 tx=0 comp rx=0 tx=0).connect
2024-09-19T09:12:02.123 INFO:teuthology.orchestra.run.smithi052.stdout:/usr/bin/ceph: stderr
2024-09-19T09:12:01.379+0000 7f199cddd640 1 -- 172.21.15.52:0/3517862390 --> [v2:172.21.15.52:3300/0,v1:172.21.15.52:6789/0] -- mon_command({"prefix": "get_command_descriptions"} v 0) -- 0x7f1998108610 con 0x7f19981081b0
2024-09-19T09:12:02.123 INFO:teuthology.orchestra.run.smithi052.stdout:/usr/bin/ceph: stderr
2024-09-19T09:12:01.379+0000 7f19877fe640 1 -- 172.21.15.52:0/3517862390 <== mon.0 v2:172.21.15.52:3300/0 5 ==== osd_map(1..1 src has 1..1) ==== 725+0+0 (secure 0 0 0) 0x7f1988042020 con 0x7f19981081b0
2024-09-19T09:12:02.123 INFO:teuthology.orchestra.run.smithi052.stdout:/usr/bin/ceph: stderr
2024-09-19T09:12:01.379+0000 7f1995d9b640 1 --2- 172.21.15.52:0/3517862390 >> [v2:172.21.15.52:6800/3194006990,v1:172.21.15.52:6801/3194006990] conn(0x7f19800391b0 0x7f198003b670 unknown :-1 s=BANNER_CONNECTING pgs=0 cs=0 l=1 rev1=0 crypto rx=0 tx=0 comp rx=0 tx=0)._handle_peer_banner_payload supported=3 required=0
2024-09-19T09:12:02.123 INFO:teuthology.orchestra.run.smithi052.stdout:/usr/bin/ceph: stderr
2024-09-19T09:12:01.379+0000 7f1995d9b640 1 --2- 172.21.15.52:0/3517862390 >> [v2:172.21.15.52:6800/3194006990,v1:172.21.15.52:6801/3194006990] conn(0x7f19800391b0 0x7f198003b670 secure :-1 s=READY pgs=7 cs=0 l=1 rev1=1 crypto rx=0x7f198c0098c0 tx=0x7f198c006db0 comp rx=0 tx=0).ready entity=mgr.14100 client_cookie=0 server_cookie=0 in_seq=0 out_seq=0
2024-09-19T09:12:02.123 INFO:teuthology.orchestra.run.smithi052.stdout:/usr/bin/ceph: stderr
2024-09-19T09:12:01.384+0000 7f19877fe640 1 -- 172.21.15.52:0/3517862390 <== mon.0 v2:172.21.15.52:3300/0 6 ==== mon_command_ack([{"prefix": "get_command_descriptions"}]=0 v0) ==== 72+0+188913 (secure 0 0 0) 0x7f198804b020 con 0x7f19981081b0
2024-09-19T09:12:02.123 INFO:teuthology.orchestra.run.smithi052.stdout:/usr/bin/ceph: stderr
2024-09-19T09:12:01.562+0000 7f199cddd640 1 -- 172.21.15.52:0/3517862390 --> [v2:172.21.15.52:3300/0,v1:172.21.15.52:6789/0] -- mon_command({"prefix": "config assimilate-conf"} v 0) -- 0x7f19981a02e0 con 0x7f19981081b0
2024-09-19T09:12:02.123 INFO:teuthology.orchestra.run.smithi052.stdout:/usr/bin/ceph: stderr
2024-09-19T09:12:01.563+0000 7f19877fe640 1 -- 172.21.15.52:0/3517862390 <== mon.0 v2:172.21.15.52:3300/0 7 ==== mon_command_ack([{"prefix": "config assimilate-conf"}]=0 v3) ==== 70+0+429 (secure 0 0 0) 0x7f198806c7e0 con 0x7f19981081b0
2024-09-19T09:12:02.123 INFO:teuthology.orchestra.run.smithi052.stdout:/usr/bin/ceph: stderr
2024-09-19T09:12:01.565+0000 7f199cddd640 1 -- 172.21.15.52:0/3517862390 >> [v2:172.21.15.52:6800/3194006990,v1:172.21.15.52:6801/3194006990] conn(0x7f19800391b0 msgr2=0x7f198003b670 secure :-1 s=STATE_CONNECTION_ESTABLISHED l=1).mark_down
2024-09-19T09:12:02.123 INFO:teuthology.orchestra.run.smithi052.stdout:/usr/bin/ceph: stderr
2024-09-19T09:12:01.565+0000 7f199cddd640 1 --2- 172.21.15.52:0/3517862390 >> [v2:172.21.15.52:6800/3194006990,v1:172.21.15.52:6801/3194006990] conn(0x7f19800391b0 0x7f198003b670 secure :-1 s=READY pgs=7 cs=0 l=1 rev1=1 crypto rx=0x7f198c0098c0 tx=0x7f198c006db0 comp rx=0 tx=0).stop
2024-09-19T09:12:02.124 INFO:teuthology.orchestra.run.smithi052.stdout:/usr/bin/ceph: stderr
2024-09-19T09:12:01.565+0000 7f199cddd640 1 -- 172.21.15.52:0/3517862390 >> [v2:172.21.15.52:3300/0,v1:172.21.15.52:6789/0] conn(0x7f19981081b0 msgr2=0x7f199819b650 secure :-1 s=STATE_CONNECTION_ESTABLISHED l=1).mark_down
2024-09-19T09:12:02.124 INFO:teuthology.orchestra.run.smithi052.stdout:/usr/bin/ceph: stderr
2024-09-19T09:12:01.565+0000 7f199cddd640 1 --2- 172.21.15.52:0/3517862390 >> [v2:172.21.15.52:3300/0,v1:172.21.15.52:6789/0] conn(0x7f19981081b0 0x7f199819b650 secure :-1 s=READY pgs=19 cs=0 l=1 rev1=1 crypto rx=0x7f198802acc0 tx=0x7f1988031ca0 comp rx=0 tx=0).stop
2024-09-19T09:12:02.124 INFO:teuthology.orchestra.run.smithi052.stdout:/usr/bin/ceph: stderr
2024-09-19T09:12:01.565+0000 7f199cddd640 1 -- 172.21.15.52:0/3517862390 shutdown_connections
2024-09-19T09:12:02.124 INFO:teuthology.orchestra.run.smithi052.stdout:/usr/bin/ceph: stderr
2024-09-19T09:12:01.565+0000 7f199cddd640 1 --2- 172.21.15.52:0/3517862390 >> [v2:172.21.15.52:6800/3194006990,v1:172.21.15.52:6801/3194006990] conn(0x7f19800391b0 0x7f198003b670 unknown :-1 s=CLOSED pgs=7 cs=0 l=1 rev1=1 crypto rx=0 tx=0 comp rx=0 tx=0).stop
2024-09-19T09:12:02.124 INFO:teuthology.orchestra.run.smithi052.stdout:/usr/bin/ceph: stderr
2024-09-19T09:12:01.565+0000 7f199cddd640 1 --2- 172.21.15.52:0/3517862390 >> [v2:172.21.15.52:3300/0,v1:172.21.15.52:6789/0] conn(0x7f19981081b0 0x7f199819b650 unknown :-1 s=CLOSED pgs=19 cs=0 l=1 rev1=1 crypto rx=0 tx=0 comp rx=0 tx=0).stop
2024-09-19T09:12:02.124 INFO:teuthology.orchestra.run.smithi052.stdout:/usr/bin/ceph: stderr
2024-09-19T09:12:01.565+0000 7f199cddd640 1 -- 172.21.15.52:0/3517862390 >> 172.21.15.52:0/3517862390 conn(0x7f1998101d70 msgr2=0x7f1998102920 unknown :-1 s=STATE_NONE l=0).mark_down
2024-09-19T09:12:02.124 INFO:teuthology.orchestra.run.smithi052.stdout:/usr/bin/ceph: stderr
2024-09-19T09:12:01.566+0000 7f199cddd640 1 -- 172.21.15.52:0/3517862390 shutdown_connections
2024-09-19T09:12:02.124 INFO:teuthology.orchestra.run.smithi052.stdout:/usr/bin/ceph: stderr
2024-09-19T09:12:01.566+0000 7f199cddd640 1 -- 172.21.15.52:0/3517862390 wait complete.
2024-09-19T09:12:02.124 INFO:teuthology.orchestra.run.smithi052.stdout:Enabling cephadm module...
2024-09-19T09:12:03.023 INFO:journalctl@ceph.mon.a.smithi052.stdout:Sep 19 09:12:02 smithi052 ceph-mon[30947]: from='client.? 172.21.15.52:0/4023405755' entity='client.admin' cmd=[{"prefix": "mgr module enable", "module": "cephadm"}]: dispatch
2024-09-19T09:12:03.023 INFO:journalctl@ceph.mgr.x.smithi052.stdout:Sep 19 09:12:02 smithi052 ceph-044f38fa-7667-11ef-bceb-c7b262605968-mgr-x[31174]: ignoring --setuser ceph since I am not root
2024-09-19T09:12:03.024 INFO:journalctl@ceph.mgr.x.smithi052.stdout:Sep 19 09:12:02 smithi052 ceph-044f38fa-7667-11ef-bceb-c7b262605968-mgr-x[31174]: ignoring --setgroup ceph since I am not root
2024-09-19T09:12:03.024 INFO:journalctl@ceph.mgr.x.smithi052.stdout:Sep 19 09:12:02 smithi052 ceph-044f38fa-7667-11ef-bceb-c7b262605968-mgr-x[31174]:
2024-09-19T09:12:02.962+0000 7f4f85623040 -1 mgr[py] Module osd_perf_query has missing NOTIFY_TYPES member
2024-09-19T09:12:03.024 INFO:journalctl@ceph.mgr.x.smithi052.stdout:Sep 19 09:12:03 smithi052 ceph-044f38fa-7667-11ef-bceb-c7b262605968-mgr-x[31174]:
2024-09-19T09:12:03.022+0000 7f4f85623040 -1 mgr[py] Module osd_support has missing NOTIFY_TYPES member
2024-09-19T09:12:03.358 INFO:journalctl@ceph.mgr.x.smithi052.stdout:Sep 19 09:12:03 smithi052 ceph-044f38fa-7667-11ef-bceb-c7b262605968-mgr-x[31174]:
2024-09-19T09:12:03.176+0000 7f4f85623040 -1 mgr[py] Module diskprediction_local has missing NOTIFY_TYPES member
2024-09-19T09:12:03.358 INFO:journalctl@ceph.mgr.x.smithi052.stdout:Sep 19 09:12:03 smithi052 ceph-044f38fa-7667-11ef-bceb-c7b262605968-mgr-x[31174]:
2024-09-19T09:12:03.245+0000 7f4f85623040 -1 mgr[py] Module crash has missing NOTIFY_TYPES member
2024-09-19T09:12:03.365 INFO:teuthology.orchestra.run.smithi052.stdout:/usr/bin/ceph: stderr
2024-09-19T09:12:02.529+0000 7fd487eef640 1 Processor -- start
2024-09-19T09:12:03.365 INFO:teuthology.orchestra.run.smithi052.stdout:/usr/bin/ceph: stderr
2024-09-19T09:12:02.529+0000 7fd487eef640 1 -- start start
2024-09-19T09:12:03.365 INFO:teuthology.orchestra.run.smithi052.stdout:/usr/bin/ceph: stderr
2024-09-19T09:12:02.529+0000 7fd487eef640 1 --2- >> [v2:172.21.15.52:3300/0,v1:172.21.15.52:6789/0] conn(0x7fd4801076b0 0x7fd480107ab0 unknown :-1 s=NONE pgs=0 cs=0 l=0 rev1=0 crypto rx=0 tx=0 comp rx=0 tx=0).connect
2024-09-19T09:12:03.365 INFO:teuthology.orchestra.run.smithi052.stdout:/usr/bin/ceph: stderr
2024-09-19T09:12:02.529+0000 7fd487eef640 1 -- --> [v2:172.21.15.52:3300/0,v1:172.21.15.52:6789/0] -- mon_getmap magic: 0 -- 0x7fd480108080 con 0x7fd4801076b0
2024-09-19T09:12:03.365 INFO:teuthology.orchestra.run.smithi052.stdout:/usr/bin/ceph: stderr
2024-09-19T09:12:02.529+0000 7fd485c8b640 1 --2- >> [v2:172.21.15.52:3300/0,v1:172.21.15.52:6789/0] conn(0x7fd4801076b0 0x7fd480107ab0 unknown :-1 s=BANNER_CONNECTING pgs=0 cs=0 l=0 rev1=0 crypto rx=0 tx=0 comp rx=0 tx=0)._handle_peer_banner_payload supported=3 required=0
2024-09-19T09:12:03.365 INFO:teuthology.orchestra.run.smithi052.stdout:/usr/bin/ceph: stderr
2024-09-19T09:12:02.529+0000 7fd485c8b640 1 --2- >> [v2:172.21.15.52:3300/0,v1:172.21.15.52:6789/0] conn(0x7fd4801076b0 0x7fd480107ab0 unknown :-1 s=HELLO_CONNECTING pgs=0 cs=0 l=0 rev1=1 crypto rx=0 tx=0 comp rx=0 tx=0).handle_hello peer v2:172.21.15.52:3300/0 says I am v2:172.21.15.52:60842/0 (socket says 172.21.15.52:60842)
2024-09-19T09:12:03.365 INFO:teuthology.orchestra.run.smithi052.stdout:/usr/bin/ceph: stderr
2024-09-19T09:12:02.529+0000 7fd485c8b640 1 -- 172.21.15.52:0/1467449037 learned_addr learned my addr 172.21.15.52:0/1467449037 (peer_addr_for_me v2:172.21.15.52:0/0)
2024-09-19T09:12:03.365 INFO:teuthology.orchestra.run.smithi052.stdout:/usr/bin/ceph: stderr
2024-09-19T09:12:02.529+0000 7fd485c8b640 1 -- 172.21.15.52:0/1467449037 --> [v2:172.21.15.52:3300/0,v1:172.21.15.52:6789/0] -- mon_subscribe({config=0+,monmap=0+}) -- 0x7fd4801088b0 con 0x7fd4801076b0
2024-09-19T09:12:03.366 INFO:teuthology.orchestra.run.smithi052.stdout:/usr/bin/ceph: stderr
2024-09-19T09:12:02.530+0000 7fd485c8b640 1 --2- 172.21.15.52:0/1467449037 >> [v2:172.21.15.52:3300/0,v1:172.21.15.52:6789/0] conn(0x7fd4801076b0 0x7fd480107ab0 secure :-1 s=READY pgs=20 cs=0 l=1 rev1=1 crypto rx=0x7fd47c009820 tx=0x7fd47c02a270 comp rx=0 tx=0).ready entity=mon.0 client_cookie=7137537689b58021 server_cookie=0 in_seq=0 out_seq=0
2024-09-19T09:12:03.366 INFO:teuthology.orchestra.run.smithi052.stdout:/usr/bin/ceph: stderr
2024-09-19T09:12:02.530+0000 7fd484c89640 1 -- 172.21.15.52:0/1467449037 <== mon.0 v2:172.21.15.52:3300/0 1 ==== mon_map magic: 0 ==== 205+0+0 (secure 0 0 0) 0x7fd47c037070 con 0x7fd4801076b0
2024-09-19T09:12:03.366 INFO:teuthology.orchestra.run.smithi052.stdout:/usr/bin/ceph: stderr
2024-09-19T09:12:02.530+0000 7fd484c89640 1 -- 172.21.15.52:0/1467449037 <== mon.0 v2:172.21.15.52:3300/0 2 ==== config(27 keys) ==== 1109+0+0 (secure 0 0 0) 0x7fd47c032900 con 0x7fd4801076b0
2024-09-19T09:12:03.366 INFO:teuthology.orchestra.run.smithi052.stdout:/usr/bin/ceph: stderr
2024-09-19T09:12:02.530+0000 7fd484c89640 1 -- 172.21.15.52:0/1467449037 <== mon.0 v2:172.21.15.52:3300/0 3 ==== mon_map magic: 0 ==== 205+0+0 (secure 0 0 0) 0x7fd47c030850 con 0x7fd4801076b0
2024-09-19T09:12:03.366 INFO:teuthology.orchestra.run.smithi052.stdout:/usr/bin/ceph: stderr
2024-09-19T09:12:02.531+0000 7fd487eef640 1 -- 172.21.15.52:0/1467449037 >> [v2:172.21.15.52:3300/0,v1:172.21.15.52:6789/0] conn(0x7fd4801076b0 msgr2=0x7fd480107ab0 secure :-1 s=STATE_CONNECTION_ESTABLISHED l=1).mark_down
2024-09-19T09:12:03.366 INFO:teuthology.orchestra.run.smithi052.stdout:/usr/bin/ceph: stderr
2024-09-19T09:12:02.531+0000 7fd487eef640 1 --2- 172.21.15.52:0/1467449037 >> [v2:172.21.15.52:3300/0,v1:172.21.15.52:6789/0] conn(0x7fd4801076b0 0x7fd480107ab0 secure :-1 s=READY pgs=20 cs=0 l=1 rev1=1 crypto rx=0x7fd47c009820 tx=0x7fd47c02a270 comp rx=0 tx=0).stop
2024-09-19T09:12:03.366 INFO:teuthology.orchestra.run.smithi052.stdout:/usr/bin/ceph: stderr
2024-09-19T09:12:02.531+0000 7fd487eef640 1 -- 172.21.15.52:0/1467449037 shutdown_connections
2024-09-19T09:12:03.366 INFO:teuthology.orchestra.run.smithi052.stdout:/usr/bin/ceph: stderr
2024-09-19T09:12:02.531+0000 7fd487eef640 1 --2- 172.21.15.52:0/1467449037 >> [v2:172.21.15.52:3300/0,v1:172.21.15.52:6789/0] conn(0x7fd4801076b0 0x7fd480107ab0 unknown :-1 s=CLOSED pgs=20 cs=0 l=1 rev1=1 crypto rx=0 tx=0 comp rx=0 tx=0).stop
2024-09-19T09:12:03.366 INFO:teuthology.orchestra.run.smithi052.stdout:/usr/bin/ceph: stderr
2024-09-19T09:12:02.531+0000 7fd487eef640 1 -- 172.21.15.52:0/1467449037 >> 172.21.15.52:0/1467449037 conn(0x7fd480102e80 msgr2=0x7fd4801052a0 unknown :-1 s=STATE_NONE l=0).mark_down
2024-09-19T09:12:03.366 INFO:teuthology.orchestra.run.smithi052.stdout:/usr/bin/ceph: stderr
2024-09-19T09:12:02.531+0000 7fd487eef640 1 -- 172.21.15.52:0/1467449037 shutdown_connections
2024-09-19T09:12:03.366 INFO:teuthology.orchestra.run.smithi052.stdout:/usr/bin/ceph: stderr
2024-09-19T09:12:02.531+0000 7fd487eef640 1 -- 172.21.15.52:0/1467449037 wait complete.
2024-09-19T09:12:03.366 INFO:teuthology.orchestra.run.smithi052.stdout:/usr/bin/ceph: stderr
2024-09-19T09:12:02.532+0000 7fd487eef640 1 Processor -- start
2024-09-19T09:12:03.367 INFO:teuthology.orchestra.run.smithi052.stdout:/usr/bin/ceph: stderr
2024-09-19T09:12:02.532+0000 7fd487eef640 1 -- start start
