2024-09-19T09:12:09.445 INFO:teuthology.orchestra.run.smithi052.stdout:/usr/bin/ceph: stderr
2024-09-19T09:12:06.364+0000 7f0a4d29e640 1 --2- 172.21.15.52:0/1328256722 >> [v2:172.21.15.52:6800/3194006990,v1:172.21.15.52:6801/3194006990] conn(0x7f0a340391b0 0x7f0a3403b670 unknown :-1 s=START_CONNECT pgs=0 cs=0 l=1 rev1=0 crypto rx=0 tx=0 comp rx=0 tx=0)._fault waiting 1.600000
2024-09-19T09:12:09.445 INFO:teuthology.orchestra.run.smithi052.stdout:/usr/bin/ceph: stderr
2024-09-19T09:12:07.900+0000 7f0a3affd640 1 -- 172.21.15.52:0/1328256722 <== mon.0 v2:172.21.15.52:3300/0 6 ==== mgrmap(e 6) ==== 46228+0+0 (secure 0 0 0) 0x7f0a44039d80 con 0x7f0a48108240
2024-09-19T09:12:09.445 INFO:teuthology.orchestra.run.smithi052.stdout:/usr/bin/ceph: stderr
2024-09-19T09:12:07.901+0000 7f0a3affd640 1 -- 172.21.15.52:0/1328256722 >> [v2:172.21.15.52:6800/3194006990,v1:172.21.15.52:6801/3194006990] conn(0x7f0a340391b0 msgr2=0x7f0a3403b670 unknown :-1 s=STATE_CONNECTING l=1).mark_down
2024-09-19T09:12:09.445 INFO:teuthology.orchestra.run.smithi052.stdout:/usr/bin/ceph: stderr
2024-09-19T09:12:07.901+0000 7f0a3affd640 1 --2- 172.21.15.52:0/1328256722 >> [v2:172.21.15.52:6800/3194006990,v1:172.21.15.52:6801/3194006990] conn(0x7f0a340391b0 0x7f0a3403b670 unknown :-1 s=START_CONNECT pgs=0 cs=0 l=1 rev1=0 crypto rx=0 tx=0 comp rx=0 tx=0).stop
2024-09-19T09:12:09.445 INFO:teuthology.orchestra.run.smithi052.stdout:/usr/bin/ceph: stderr
2024-09-19T09:12:08.902+0000 7f0a3affd640 1 -- 172.21.15.52:0/1328256722 <== mon.0 v2:172.21.15.52:3300/0 7 ==== mgrmap(e 7) ==== 46355+0+0 (secure 0 0 0) 0x7f0a4403d430 con 0x7f0a48108240
2024-09-19T09:12:09.445 INFO:teuthology.orchestra.run.smithi052.stdout:/usr/bin/ceph: stderr
2024-09-19T09:12:08.902+0000 7f0a3affd640 1 --2- 172.21.15.52:0/1328256722 >> [v2:172.21.15.52:6800/561717915,v1:172.21.15.52:6801/561717915] conn(0x7f0a3403cae0 0x7f0a3403eed0 unknown :-1 s=NONE pgs=0 cs=0 l=1 rev1=0 crypto rx=0 tx=0 comp rx=0 tx=0).connect
2024-09-19T09:12:09.445 INFO:teuthology.orchestra.run.smithi052.stdout:/usr/bin/ceph: stderr
2024-09-19T09:12:08.902+0000 7f0a3affd640 1 -- 172.21.15.52:0/1328256722 --> [v2:172.21.15.52:6800/561717915,v1:172.21.15.52:6801/561717915] -- command(tid 0: {"prefix": "get_command_descriptions"}) -- 0x7f0a3403bd80 con 0x7f0a3403cae0
2024-09-19T09:12:09.445 INFO:teuthology.orchestra.run.smithi052.stdout:/usr/bin/ceph: stderr
2024-09-19T09:12:08.902+0000 7f0a4d29e640 1 --2- 172.21.15.52:0/1328256722 >> [v2:172.21.15.52:6800/561717915,v1:172.21.15.52:6801/561717915] conn(0x7f0a3403cae0 0x7f0a3403eed0 unknown :-1 s=BANNER_CONNECTING pgs=0 cs=0 l=1 rev1=0 crypto rx=0 tx=0 comp rx=0 tx=0)._handle_peer_banner_payload supported=3 required=0
2024-09-19T09:12:09.445 INFO:teuthology.orchestra.run.smithi052.stdout:/usr/bin/ceph: stderr
2024-09-19T09:12:08.903+0000 7f0a4d29e640 1 --2- 172.21.15.52:0/1328256722 >> [v2:172.21.15.52:6800/561717915,v1:172.21.15.52:6801/561717915] conn(0x7f0a3403cae0 0x7f0a3403eed0 secure :-1 s=READY pgs=1 cs=0 l=1 rev1=1 crypto rx=0x7f0a3c003980 tx=0x7f0a3c006e10 comp rx=0 tx=0).ready entity=mgr.14118 client_cookie=0 server_cookie=0 in_seq=0 out_seq=0
2024-09-19T09:12:09.445 INFO:teuthology.orchestra.run.smithi052.stdout:/usr/bin/ceph: stderr
2024-09-19T09:12:08.904+0000 7f0a3affd640 1 -- 172.21.15.52:0/1328256722 <== mgr.14118 v2:172.21.15.52:6800/561717915 1 ==== command_reply(tid 0: 0 ) ==== 8+0+9564 (secure 0 0 0) 0x7f0a3403bd80 con 0x7f0a3403cae0
2024-09-19T09:12:09.445 INFO:teuthology.orchestra.run.smithi052.stdout:/usr/bin/ceph: stderr
2024-09-19T09:12:08.916+0000 7f0a4fd03640 1 -- 172.21.15.52:0/1328256722 --> [v2:172.21.15.52:6800/561717915,v1:172.21.15.52:6801/561717915] -- command(tid 1: {"prefix": "mgr_status"}) -- 0x7f0a481086a0 con 0x7f0a3403cae0
2024-09-19T09:12:09.445 INFO:teuthology.orchestra.run.smithi052.stdout:/usr/bin/ceph: stderr
2024-09-19T09:12:08.916+0000 7f0a3affd640 1 -- 172.21.15.52:0/1328256722 <== mgr.14118 v2:172.21.15.52:6800/561717915 2 ==== command_reply(tid 1: 0 ) ==== 8+0+51 (secure 0 0 0) 0x7f0a481086a0 con 0x7f0a3403cae0
2024-09-19T09:12:09.446 INFO:teuthology.orchestra.run.smithi052.stdout:/usr/bin/ceph: stderr
2024-09-19T09:12:08.917+0000 7f0a4fd03640 1 -- 172.21.15.52:0/1328256722 >> [v2:172.21.15.52:6800/561717915,v1:172.21.15.52:6801/561717915] conn(0x7f0a3403cae0 msgr2=0x7f0a3403eed0 secure :-1 s=STATE_CONNECTION_ESTABLISHED l=1).mark_down
2024-09-19T09:12:09.446 INFO:teuthology.orchestra.run.smithi052.stdout:/usr/bin/ceph: stderr
2024-09-19T09:12:08.917+0000 7f0a4fd03640 1 --2- 172.21.15.52:0/1328256722 >> [v2:172.21.15.52:6800/561717915,v1:172.21.15.52:6801/561717915] conn(0x7f0a3403cae0 0x7f0a3403eed0 secure :-1 s=READY pgs=1 cs=0 l=1 rev1=1 crypto rx=0x7f0a3c003980 tx=0x7f0a3c006e10 comp rx=0 tx=0).stop
2024-09-19T09:12:09.446 INFO:teuthology.orchestra.run.smithi052.stdout:/usr/bin/ceph: stderr
2024-09-19T09:12:08.917+0000 7f0a4fd03640 1 -- 172.21.15.52:0/1328256722 >> [v2:172.21.15.52:3300/0,v1:172.21.15.52:6789/0] conn(0x7f0a48108240 msgr2=0x7f0a4819b6d0 secure :-1 s=STATE_CONNECTION_ESTABLISHED l=1).mark_down
2024-09-19T09:12:09.446 INFO:teuthology.orchestra.run.smithi052.stdout:/usr/bin/ceph: stderr
2024-09-19T09:12:08.917+0000 7f0a4fd03640 1 --2- 172.21.15.52:0/1328256722 >> [v2:172.21.15.52:3300/0,v1:172.21.15.52:6789/0] conn(0x7f0a48108240 0x7f0a4819b6d0 secure :-1 s=READY pgs=27 cs=0 l=1 rev1=1 crypto rx=0x7f0a44031000 tx=0x7f0a440326e0 comp rx=0 tx=0).stop
2024-09-19T09:12:09.446 INFO:teuthology.orchestra.run.smithi052.stdout:/usr/bin/ceph: stderr
2024-09-19T09:12:08.917+0000 7f0a4fd03640 1 -- 172.21.15.52:0/1328256722 shutdown_connections
2024-09-19T09:12:09.446 INFO:teuthology.orchestra.run.smithi052.stdout:/usr/bin/ceph: stderr
2024-09-19T09:12:08.917+0000 7f0a4fd03640 1 --2- 172.21.15.52:0/1328256722 >> [v2:172.21.15.52:6800/561717915,v1:172.21.15.52:6801/561717915] conn(0x7f0a3403cae0 0x7f0a3403eed0 unknown :-1 s=CLOSED pgs=1 cs=0 l=1 rev1=1 crypto rx=0 tx=0 comp rx=0 tx=0).stop
2024-09-19T09:12:09.446 INFO:teuthology.orchestra.run.smithi052.stdout:/usr/bin/ceph: stderr
2024-09-19T09:12:08.917+0000 7f0a4fd03640 1 --2- 172.21.15.52:0/1328256722 >> [v2:172.21.15.52:6800/3194006990,v1:172.21.15.52:6801/3194006990] conn(0x7f0a340391b0 0x7f0a3403b670 unknown :-1 s=CLOSED pgs=0 cs=0 l=1 rev1=0 crypto rx=0 tx=0 comp rx=0 tx=0).stop
2024-09-19T09:12:09.446 INFO:teuthology.orchestra.run.smithi052.stdout:/usr/bin/ceph: stderr
2024-09-19T09:12:08.917+0000 7f0a4fd03640 1 --2- 172.21.15.52:0/1328256722 >> [v2:172.21.15.52:3300/0,v1:172.21.15.52:6789/0] conn(0x7f0a48108240 0x7f0a4819b6d0 unknown :-1 s=CLOSED pgs=27 cs=0 l=1 rev1=1 crypto rx=0 tx=0 comp rx=0 tx=0).stop
2024-09-19T09:12:09.446 INFO:teuthology.orchestra.run.smithi052.stdout:/usr/bin/ceph: stderr
2024-09-19T09:12:08.917+0000 7f0a4fd03640 1 -- 172.21.15.52:0/1328256722 >> 172.21.15.52:0/1328256722 conn(0x7f0a48101dc0 msgr2=0x7f0a48102990 unknown :-1 s=STATE_NONE l=0).mark_down
2024-09-19T09:12:09.446 INFO:teuthology.orchestra.run.smithi052.stdout:/usr/bin/ceph: stderr
2024-09-19T09:12:08.917+0000 7f0a4fd03640 1 -- 172.21.15.52:0/1328256722 shutdown_connections
2024-09-19T09:12:09.446 INFO:teuthology.orchestra.run.smithi052.stdout:/usr/bin/ceph: stderr
2024-09-19T09:12:08.917+0000 7f0a4fd03640 1 -- 172.21.15.52:0/1328256722 wait complete.
2024-09-19T09:12:09.446 INFO:teuthology.orchestra.run.smithi052.stdout:mgr epoch 5 is available
2024-09-19T09:12:09.446 INFO:teuthology.orchestra.run.smithi052.stdout:Setting orchestrator backend to cephadm...
2024-09-19T09:12:10.179 INFO:journalctl@ceph.mon.a.smithi052.stdout:Sep 19 09:12:09 smithi052 ceph-mon[30947]: from='client.14122 -' entity='client.admin' cmd=[{"prefix": "get_command_descriptions"}]: dispatch
2024-09-19T09:12:10.179 INFO:journalctl@ceph.mon.a.smithi052.stdout:Sep 19 09:12:09 smithi052 ceph-mon[30947]: from='client.14122 -' entity='client.admin' cmd=[{"prefix": "mgr_status"}]: dispatch
2024-09-19T09:12:10.179 INFO:journalctl@ceph.mon.a.smithi052.stdout:Sep 19 09:12:09 smithi052 ceph-mon[30947]: from='mgr.14118 172.21.15.52:0/4147810855' entity='mgr.x'
2024-09-19T09:12:10.179 INFO:journalctl@ceph.mon.a.smithi052.stdout:Sep 19 09:12:09 smithi052 ceph-mon[30947]: from='mgr.14118 172.21.15.52:0/4147810855' entity='mgr.x'
2024-09-19T09:12:10.680 INFO:journalctl@ceph.mgr.x.smithi052.stdout:Sep 19 09:12:10 smithi052 ceph-044f38fa-7667-11ef-bceb-c7b262605968-mgr-x[31174]:
2024-09-19T09:12:10.409+0000 7f4eec93d640 -1 log_channel(cephadm) log [ERR] : [19/Sep/2024:09:12:10] ENGINE Error in HTTPServer.serve
2024-09-19T09:12:10.680 INFO:journalctl@ceph.mgr.x.smithi052.stdout:Sep 19 09:12:10 smithi052 ceph-044f38fa-7667-11ef-bceb-c7b262605968-mgr-x[31174]: Traceback (most recent call last):
2024-09-19T09:12:10.680 INFO:journalctl@ceph.mgr.x.smithi052.stdout:Sep 19 09:12:10 smithi052 ceph-044f38fa-7667-11ef-bceb-c7b262605968-mgr-x[31174]: File "/lib/python3.9/site-packages/cheroot/server.py", line 1823, in serve
2024-09-19T09:12:10.680 INFO:journalctl@ceph.mgr.x.smithi052.stdout:Sep 19 09:12:10 smithi052 ceph-044f38fa-7667-11ef-bceb-c7b262605968-mgr-x[31174]: self._connections.run(self.expiration_interval)
2024-09-19T09:12:10.680 INFO:journalctl@ceph.mgr.x.smithi052.stdout:Sep 19 09:12:10 smithi052 ceph-044f38fa-7667-11ef-bceb-c7b262605968-mgr-x[31174]: File "/lib/python3.9/site-packages/cheroot/connections.py", line 203, in run
2024-09-19T09:12:10.680 INFO:journalctl@ceph.mgr.x.smithi052.stdout:Sep 19 09:12:10 smithi052 ceph-044f38fa-7667-11ef-bceb-c7b262605968-mgr-x[31174]: self._run(expiration_interval)
2024-09-19T09:12:10.681 INFO:journalctl@ceph.mgr.x.smithi052.stdout:Sep 19 09:12:10 smithi052 ceph-044f38fa-7667-11ef-bceb-c7b262605968-mgr-x[31174]: File "/lib/python3.9/site-packages/cheroot/connections.py", line 246, in _run
2024-09-19T09:12:10.681 INFO:journalctl@ceph.mgr.x.smithi052.stdout:Sep 19 09:12:10 smithi052 ceph-044f38fa-7667-11ef-bceb-c7b262605968-mgr-x[31174]: new_conn = self._from_server_socket(self.server.socket)
2024-09-19T09:12:10.681 INFO:journalctl@ceph.mgr.x.smithi052.stdout:Sep 19 09:12:10 smithi052 ceph-044f38fa-7667-11ef-bceb-c7b262605968-mgr-x[31174]: File "/lib/python3.9/site-packages/cheroot/connections.py", line 300, in _from_server_socket
2024-09-19T09:12:10.681 INFO:journalctl@ceph.mgr.x.smithi052.stdout:Sep 19 09:12:10 smithi052 ceph-044f38fa-7667-11ef-bceb-c7b262605968-mgr-x[31174]: s, ssl_env = self.server.ssl_adapter.wrap(s)
2024-09-19T09:12:10.681 INFO:journalctl@ceph.mgr.x.smithi052.stdout:Sep 19 09:12:10 smithi052 ceph-044f38fa-7667-11ef-bceb-c7b262605968-mgr-x[31174]: File "/lib/python3.9/site-packages/cheroot/ssl/builtin.py", line 277, in wrap
2024-09-19T09:12:10.681 INFO:journalctl@ceph.mgr.x.smithi052.stdout:Sep 19 09:12:10 smithi052 ceph-044f38fa-7667-11ef-bceb-c7b262605968-mgr-x[31174]: s = self.context.wrap_socket(
2024-09-19T09:12:10.681 INFO:journalctl@ceph.mgr.x.smithi052.stdout:Sep 19 09:12:10 smithi052 ceph-044f38fa-7667-11ef-bceb-c7b262605968-mgr-x[31174]: File "/lib64/python3.9/ssl.py", line 501, in wrap_socket
2024-09-19T09:12:10.681 INFO:journalctl@ceph.mgr.x.smithi052.stdout:Sep 19 09:12:10 smithi052 ceph-044f38fa-7667-11ef-bceb-c7b262605968-mgr-x[31174]: return self.sslsocket_class._create(
2024-09-19T09:12:10.681 INFO:journalctl@ceph.mgr.x.smithi052.stdout:Sep 19 09:12:10 smithi052 ceph-044f38fa-7667-11ef-bceb-c7b262605968-mgr-x[31174]: File "/lib64/python3.9/ssl.py", line 1074, in _create
2024-09-19T09:12:10.681 INFO:journalctl@ceph.mgr.x.smithi052.stdout:Sep 19 09:12:10 smithi052 ceph-044f38fa-7667-11ef-bceb-c7b262605968-mgr-x[31174]: self.do_handshake()
2024-09-19T09:12:10.681 INFO:journalctl@ceph.mgr.x.smithi052.stdout:Sep 19 09:12:10 smithi052 ceph-044f38fa-7667-11ef-bceb-c7b262605968-mgr-x[31174]: File "/lib64/python3.9/ssl.py", line 1343, in do_handshake
2024-09-19T09:12:10.681 INFO:journalctl@ceph.mgr.x.smithi052.stdout:Sep 19 09:12:10 smithi052 ceph-044f38fa-7667-11ef-bceb-c7b262605968-mgr-x[31174]: self._sslobj.do_handshake()
2024-09-19T09:12:10.682 INFO:journalctl@ceph.mgr.x.smithi052.stdout:Sep 19 09:12:10 smithi052 ceph-044f38fa-7667-11ef-bceb-c7b262605968-mgr-x[31174]: ssl.SSLZeroReturnError: TLS/SSL connection has been closed (EOF) (_ssl.c:1133)
2024-09-19T09:12:10.682 INFO:journalctl@ceph.mgr.x.smithi052.stdout:Sep 19 09:12:10 smithi052 ceph-044f38fa-7667-11ef-bceb-c7b262605968-mgr-x[31174]:
2024-09-19T09:12:10.812 INFO:teuthology.orchestra.run.smithi052.stdout:/usr/bin/ceph: stderr
2024-09-19T09:12:09.828+0000 7f4f1ed7c640 1 Processor -- start
2024-09-19T09:12:10.812 INFO:teuthology.orchestra.run.smithi052.stdout:/usr/bin/ceph: stderr
2024-09-19T09:12:09.828+0000 7f4f1ed7c640 1 -- start start
2024-09-19T09:12:10.813 INFO:teuthology.orchestra.run.smithi052.stdout:/usr/bin/ceph: stderr
2024-09-19T09:12:09.828+0000 7f4f1ed7c640 1 --2- >> [v2:172.21.15.52:3300/0,v1:172.21.15.52:6789/0] conn(0x7f4f18108130 0x7f4f1810a520 unknown :-1 s=NONE pgs=0 cs=0 l=0 rev1=0 crypto rx=0 tx=0 comp rx=0 tx=0).connect
2024-09-19T09:12:10.813 INFO:teuthology.orchestra.run.smithi052.stdout:/usr/bin/ceph: stderr
2024-09-19T09:12:09.828+0000 7f4f1ed7c640 1 -- --> [v2:172.21.15.52:3300/0,v1:172.21.15.52:6789/0] -- mon_getmap magic: 0 -- 0x7f4f1807bed0 con 0x7f4f18108130
2024-09-19T09:12:10.813 INFO:teuthology.orchestra.run.smithi052.stdout:/usr/bin/ceph: stderr
2024-09-19T09:12:09.828+0000 7f4f1cb18640 1 --2- >> [v2:172.21.15.52:3300/0,v1:172.21.15.52:6789/0] conn(0x7f4f18108130 0x7f4f1810a520 unknown :-1 s=BANNER_CONNECTING pgs=0 cs=0 l=0 rev1=0 crypto rx=0 tx=0 comp rx=0 tx=0)._handle_peer_banner_payload supported=3 required=0
2024-09-19T09:12:10.813 INFO:teuthology.orchestra.run.smithi052.stdout:/usr/bin/ceph: stderr
2024-09-19T09:12:09.828+0000 7f4f1cb18640 1 --2- >> [v2:172.21.15.52:3300/0,v1:172.21.15.52:6789/0] conn(0x7f4f18108130 0x7f4f1810a520 unknown :-1 s=HELLO_CONNECTING pgs=0 cs=0 l=0 rev1=1 crypto rx=0 tx=0 comp rx=0 tx=0).handle_hello peer v2:172.21.15.52:3300/0 says I am v2:172.21.15.52:43640/0 (socket says 172.21.15.52:43640)
2024-09-19T09:12:10.813 INFO:teuthology.orchestra.run.smithi052.stdout:/usr/bin/ceph: stderr
2024-09-19T09:12:09.828+0000 7f4f1cb18640 1 -- 172.21.15.52:0/4256412715 learned_addr learned my addr 172.21.15.52:0/4256412715 (peer_addr_for_me v2:172.21.15.52:0/0)
2024-09-19T09:12:10.813 INFO:teuthology.orchestra.run.smithi052.stdout:/usr/bin/ceph: stderr
2024-09-19T09:12:09.828+0000 7f4f1cb18640 1 -- 172.21.15.52:0/4256412715 --> [v2:172.21.15.52:3300/0,v1:172.21.15.52:6789/0] -- mon_subscribe({config=0+,monmap=0+}) -- 0x7f4f1810aa60 con 0x7f4f18108130
2024-09-19T09:12:10.813 INFO:teuthology.orchestra.run.smithi052.stdout:/usr/bin/ceph: stderr
2024-09-19T09:12:09.829+0000 7f4f1cb18640 1 --2- 172.21.15.52:0/4256412715 >> [v2:172.21.15.52:3300/0,v1:172.21.15.52:6789/0] conn(0x7f4f18108130 0x7f4f1810a520 secure :-1 s=READY pgs=35 cs=0 l=1 rev1=1 crypto rx=0x7f4f0c009820 tx=0x7f4f0c02a270 comp rx=0 tx=0).ready entity=mon.0 client_cookie=f0a2f4d37266c89b server_cookie=0 in_seq=0 out_seq=0
2024-09-19T09:12:10.813 INFO:teuthology.orchestra.run.smithi052.stdout:/usr/bin/ceph: stderr
2024-09-19T09:12:09.830+0000 7f4f177fe640 1 -- 172.21.15.52:0/4256412715 <== mon.0 v2:172.21.15.52:3300/0 1 ==== mon_map magic: 0 ==== 205+0+0 (secure 0 0 0) 0x7f4f0c037070 con 0x7f4f18108130
2024-09-19T09:12:10.814 INFO:teuthology.orchestra.run.smithi052.stdout:/usr/bin/ceph: stderr
2024-09-19T09:12:09.830+0000 7f4f177fe640 1 -- 172.21.15.52:0/4256412715 <== mon.0 v2:172.21.15.52:3300/0 2 ==== config(27 keys) ==== 1109+0+0 (secure 0 0 0) 0x7f4f0c032900 con 0x7f4f18108130
2024-09-19T09:12:10.814 INFO:teuthology.orchestra.run.smithi052.stdout:/usr/bin/ceph: stderr
2024-09-19T09:12:09.830+0000 7f4f177fe640 1 -- 172.21.15.52:0/4256412715 <== mon.0 v2:172.21.15.52:3300/0 3 ==== mon_map magic: 0 ==== 205+0+0 (secure 0 0 0) 0x7f4f0c030850 con 0x7f4f18108130
2024-09-19T09:12:10.814 INFO:teuthology.orchestra.run.smithi052.stdout:/usr/bin/ceph: stderr
2024-09-19T09:12:09.830+0000 7f4f1ed7c640 1 -- 172.21.15.52:0/4256412715 >> [v2:172.21.15.52:3300/0,v1:172.21.15.52:6789/0] conn(0x7f4f18108130 msgr2=0x7f4f1810a520 secure :-1 s=STATE_CONNECTION_ESTABLISHED l=1).mark_down
2024-09-19T09:12:10.814 INFO:teuthology.orchestra.run.smithi052.stdout:/usr/bin/ceph: stderr
2024-09-19T09:12:09.830+0000 7f4f1ed7c640 1 --2- 172.21.15.52:0/4256412715 >> [v2:172.21.15.52:3300/0,v1:172.21.15.52:6789/0] conn(0x7f4f18108130 0x7f4f1810a520 secure :-1 s=READY pgs=35 cs=0 l=1 rev1=1 crypto rx=0x7f4f0c009820 tx=0x7f4f0c02a270 comp rx=0 tx=0).stop
2024-09-19T09:12:10.814 INFO:teuthology.orchestra.run.smithi052.stdout:/usr/bin/ceph: stderr
2024-09-19T09:12:09.830+0000 7f4f1ed7c640 1 -- 172.21.15.52:0/4256412715 shutdown_connections
2024-09-19T09:12:10.814 INFO:teuthology.orchestra.run.smithi052.stdout:/usr/bin/ceph: stderr
2024-09-19T09:12:09.830+0000 7f4f1ed7c640 1 --2- 172.21.15.52:0/4256412715 >> [v2:172.21.15.52:3300/0,v1:172.21.15.52:6789/0] conn(0x7f4f18108130 0x7f4f1810a520 unknown :-1 s=CLOSED pgs=35 cs=0 l=1 rev1=1 crypto rx=0 tx=0 comp rx=0 tx=0).stop
2024-09-19T09:12:10.814 INFO:teuthology.orchestra.run.smithi052.stdout:/usr/bin/ceph: stderr
2024-09-19T09:12:09.830+0000 7f4f1ed7c640 1 -- 172.21.15.52:0/4256412715 >> 172.21.15.52:0/4256412715 conn(0x7f4f18101d70 msgr2=0x7f4f18104190 unknown :-1 s=STATE_NONE l=0).mark_down
2024-09-19T09:12:10.814 INFO:teuthology.orchestra.run.smithi052.stdout:/usr/bin/ceph: stderr
2024-09-19T09:12:09.830+0000 7f4f1ed7c640 1 -- 172.21.15.52:0/4256412715 shutdown_connections
2024-09-19T09:12:10.814 INFO:teuthology.orchestra.run.smithi052.stdout:/usr/bin/ceph: stderr
2024-09-19T09:12:09.830+0000 7f4f1ed7c640 1 -- 172.21.15.52:0/4256412715 wait complete.
2024-09-19T09:12:10.815 INFO:teuthology.orchestra.run.smithi052.stdout:/usr/bin/ceph: stderr
2024-09-19T09:12:09.831+0000 7f4f1ed7c640 1 Processor -- start
2024-09-19T09:12:10.815 INFO:teuthology.orchestra.run.smithi052.stdout:/usr/bin/ceph: stderr
2024-09-19T09:12:09.831+0000 7f4f1ed7c640 1 -- start start
2024-09-19T09:12:10.815 INFO:teuthology.orchestra.run.smithi052.stdout:/usr/bin/ceph: stderr
2024-09-19T09:12:09.831+0000 7f4f1ed7c640 1 --2- >> [v2:172.21.15.52:3300/0,v1:172.21.15.52:6789/0] conn(0x7f4f18108130 0x7f4f1819b640 unknown :-1 s=NONE pgs=0 cs=0 l=1 rev1=0 crypto rx=0 tx=0 comp rx=0 tx=0).connect
2024-09-19T09:12:10.815 INFO:teuthology.orchestra.run.smithi052.stdout:/usr/bin/ceph: stderr
2024-09-19T09:12:09.831+0000 7f4f1ed7c640 1 -- --> [v2:172.21.15.52:3300/0,v1:172.21.15.52:6789/0] -- mon_getmap magic: 0 -- 0x7f4f1810ba90 con 0x7f4f18108130
2024-09-19T09:12:10.815 INFO:teuthology.orchestra.run.smithi052.stdout:/usr/bin/ceph: stderr
2024-09-19T09:12:09.831+0000 7f4f1cb18640 1 --2- >> [v2:172.21.15.52:3300/0,v1:172.21.15.52:6789/0] conn(0x7f4f18108130 0x7f4f1819b640 unknown :-1 s=BANNER_CONNECTING pgs=0 cs=0 l=1 rev1=0 crypto rx=0 tx=0 comp rx=0 tx=0)._handle_peer_banner_payload supported=3 required=0
2024-09-19T09:12:10.815 INFO:teuthology.orchestra.run.smithi052.stdout:/usr/bin/ceph: stderr
2024-09-19T09:12:09.831+0000 7f4f1cb18640 1 --2- >> [v2:172.21.15.52:3300/0,v1:172.21.15.52:6789/0] conn(0x7f4f18108130 0x7f4f1819b640 unknown :-1 s=HELLO_CONNECTING pgs=0 cs=0 l=1 rev1=1 crypto rx=0 tx=0 comp rx=0 tx=0).handle_hello peer v2:172.21.15.52:3300/0 says I am v2:172.21.15.52:43646/0 (socket says 172.21.15.52:43646)
2024-09-19T09:12:10.815 INFO:teuthology.orchestra.run.smithi052.stdout:/usr/bin/ceph: stderr
2024-09-19T09:12:09.831+0000 7f4f1cb18640 1 -- 172.21.15.52:0/3486168873 learned_addr learned my addr 172.21.15.52:0/3486168873 (peer_addr_for_me v2:172.21.15.52:0/0)
2024-09-19T09:12:10.815 INFO:teuthology.orchestra.run.smithi052.stdout:/usr/bin/ceph: stderr
2024-09-19T09:12:09.832+0000 7f4f1cb18640 1 -- 172.21.15.52:0/3486168873 --> [v2:172.21.15.52:3300/0,v1:172.21.15.52:6789/0] -- mon_subscribe({config=0+,monmap=0+}) -- 0x7f4f1819bb80 con 0x7f4f18108130
2024-09-19T09:12:10.815 INFO:teuthology.orchestra.run.smithi052.stdout:/usr/bin/ceph: stderr
2024-09-19T09:12:09.832+0000 7f4f1cb18640 1 --2- 172.21.15.52:0/3486168873 >> [v2:172.21.15.52:3300/0,v1:172.21.15.52:6789/0] conn(0x7f4f18108130 0x7f4f1819b640 secure :-1 s=READY pgs=36 cs=0 l=1 rev1=1 crypto rx=0x7f4f0c0097f0 tx=0x7f4f0c030d80 comp rx=0 tx=0).ready entity=mon.0 client_cookie=0 server_cookie=0 in_seq=0 out_seq=0
2024-09-19T09:12:10.815 INFO:teuthology.orchestra.run.smithi052.stdout:/usr/bin/ceph: stderr
2024-09-19T09:12:09.832+0000 7f4f15ffb640 1 -- 172.21.15.52:0/3486168873 <== mon.0 v2:172.21.15.52:3300/0 1 ==== mon_map magic: 0 ==== 205+0+0 (secure 0 0 0) 0x7f4f0c037040 con 0x7f4f18108130
2024-09-19T09:12:10.815 INFO:teuthology.orchestra.run.smithi052.stdout:/usr/bin/ceph: stderr
2024-09-19T09:12:09.832+0000 7f4f15ffb640 1 -- 172.21.15.52:0/3486168873 <== mon.0 v2:172.21.15.52:3300/0 2 ==== config(27 keys) ==== 1109+0+0 (secure 0 0 0) 0x7f4f0c040070 con 0x7f4f18108130
2024-09-19T09:12:10.815 INFO:teuthology.orchestra.run.smithi052.stdout:/usr/bin/ceph: stderr
2024-09-19T09:12:09.832+0000 7f4f1ed7c640 1 -- 172.21.15.52:0/3486168873 --> [v2:172.21.15.52:3300/0,v1:172.21.15.52:6789/0] -- mon_subscribe({mgrmap=0+}) -- 0x7f4f1819be10 con 0x7f4f18108130
2024-09-19T09:12:10.816 INFO:teuthology.orchestra.run.smithi052.stdout:/usr/bin/ceph: stderr
2024-09-19T09:12:09.832+0000 7f4f15ffb640 1 -- 172.21.15.52:0/3486168873 <== mon.0 v2:172.21.15.52:3300/0 3 ==== mon_map magic: 0 ==== 205+0+0 (secure 0 0 0) 0x7f4f0c03a390 con 0x7f4f18108130
2024-09-19T09:12:10.816 INFO:teuthology.orchestra.run.smithi052.stdout:/usr/bin/ceph: stderr
2024-09-19T09:12:09.832+0000 7f4f1ed7c640 1 -- 172.21.15.52:0/3486168873 --> [v2:172.21.15.52:3300/0,v1:172.21.15.52:6789/0] -- mon_subscribe({osdmap=0}) -- 0x7f4f1819eb00 con 0x7f4f18108130
2024-09-19T09:12:10.816 INFO:teuthology.orchestra.run.smithi052.stdout:/usr/bin/ceph: stderr
2024-09-19T09:12:09.833+0000 7f4f15ffb640 1 -- 172.21.15.52:0/3486168873 <== mon.0 v2:172.21.15.52:3300/0 4 ==== mgrmap(e 7) ==== 46355+0+0 (secure 0 0 0) 0x7f4f0c03a5e0 con 0x7f4f18108130
2024-09-19T09:12:10.816 INFO:teuthology.orchestra.run.smithi052.stdout:/usr/bin/ceph: stderr
2024-09-19T09:12:09.833+0000 7f4f15ffb640 1 --2- 172.21.15.52:0/3486168873 >> [v2:172.21.15.52:6800/561717915,v1:172.21.15.52:6801/561717915] conn(0x7f4f080390f0 0x7f4f0803b5b0 unknown :-1 s=NONE pgs=0 cs=0 l=1 rev1=0 crypto rx=0 tx=0 comp rx=0 tx=0).connect
2024-09-19T09:12:10.816 INFO:teuthology.orchestra.run.smithi052.stdout:/usr/bin/ceph: stderr
2024-09-19T09:12:09.833+0000 7f4f15ffb640 1 -- 172.21.15.52:0/3486168873 <== mon.0 v2:172.21.15.52:3300/0 5 ==== osd_map(2..2 src has 1..2) ==== 940+0+0 (secure 0 0 0) 0x7f4f0c06c5b0 con 0x7f4f18108130
2024-09-19T09:12:10.816 INFO:teuthology.orchestra.run.smithi052.stdout:/usr/bin/ceph: stderr
2024-09-19T09:12:09.834+0000 7f4f17fff640 1 --2- 172.21.15.52:0/3486168873 >> [v2:172.21.15.52:6800/561717915,v1:172.21.15.52:6801/561717915] conn(0x7f4f080390f0 0x7f4f0803b5b0 unknown :-1 s=BANNER_CONNECTING pgs=0 cs=0 l=1 rev1=0 crypto rx=0 tx=0 comp rx=0 tx=0)._handle_peer_banner_payload supported=3 required=0
2024-09-19T09:12:10.816 INFO:teuthology.orchestra.run.smithi052.stdout:/usr/bin/ceph: stderr
2024-09-19T09:12:09.834+0000 7f4f1ed7c640 1 -- 172.21.15.52:0/3486168873 --> [v2:172.21.15.52:3300/0,v1:172.21.15.52:6789/0] -- mon_command({"prefix": "get_command_descriptions"} v 0) -- 0x7f4f18108590 con 0x7f4f18108130
2024-09-19T09:12:10.816 INFO:teuthology.orchestra.run.smithi052.stdout:/usr/bin/ceph: stderr
2024-09-19T09:12:09.834+0000 7f4f17fff640 1 --2- 172.21.15.52:0/3486168873 >> [v2:172.21.15.52:6800/561717915,v1:172.21.15.52:6801/561717915] conn(0x7f4f080390f0 0x7f4f0803b5b0 secure :-1 s=READY pgs=7 cs=0 l=1 rev1=1 crypto rx=0x7f4f040098c0 tx=0x7f4f04006db0 comp rx=0 tx=0).ready entity=mgr.14118 client_cookie=0 server_cookie=0 in_seq=0 out_seq=0
2024-09-19T09:12:10.816 INFO:teuthology.orchestra.run.smithi052.stdout:/usr/bin/ceph: stderr
2024-09-19T09:12:09.839+0000 7f4f15ffb640 1 -- 172.21.15.52:0/3486168873 <== mon.0 v2:172.21.15.52:3300/0 6 ==== mon_command_ack([{"prefix": "get_command_descriptions"}]=0 v0) ==== 72+0+188913 (secure 0 0 0) 0x7f4f0c03a920 con 0x7f4f18108130
2024-09-19T09:12:10.816 INFO:teuthology.orchestra.run.smithi052.stdout:/usr/bin/ceph: stderr
2024-09-19T09:12:09.974+0000 7f4f15ffb640 1 -- 172.21.15.52:0/3486168873 <== mon.0 v2:172.21.15.52:3300/0 7 ==== mgrmap(e 8) ==== 46461+0+0 (secure 0 0 0) 0x7f4f0c02fd60 con 0x7f4f18108130
2024-09-19T09:12:10.816 INFO:teuthology.orchestra.run.smithi052.stdout:/usr/bin/ceph: stderr
2024-09-19T09:12:10.045+0000 7f4f1ed7c640 1 -- 172.21.15.52:0/3486168873 --> [v2:172.21.15.52:6800/561717915,v1:172.21.15.52:6801/561717915] -- mgr_command(tid 0: {"prefix": "orch set backend", "module_name": "cephadm", "target": ["mon-mgr", ""]}) -- 0x7f4f18102ff0 con 0x7f4f080390f0
2024-09-19T09:12:10.816 INFO:teuthology.orchestra.run.smithi052.stdout:/usr/bin/ceph: stderr
2024-09-19T09:12:10.050+0000 7f4f15ffb640 1 -- 172.21.15.52:0/3486168873 <== mgr.14118 v2:172.21.15.52:6800/561717915 1 ==== mgr_command_reply(tid 0: 0 ) ==== 8+0+0 (secure 0 0 0) 0x7f4f18102ff0 con 0x7f4f080390f0
2024-09-19T09:12:10.816 INFO:teuthology.orchestra.run.smithi052.stdout:/usr/bin/ceph: stderr
2024-09-19T09:12:10.053+0000 7f4f1ed7c640 1 -- 172.21.15.52:0/3486168873 >> [v2:172.21.15.52:6800/561717915,v1:172.21.15.52:6801/561717915] conn(0x7f4f080390f0 msgr2=0x7f4f0803b5b0 secure :-1 s=STATE_CONNECTION_ESTABLISHED l=1).mark_down
2024-09-19T09:12:10.817 INFO:teuthology.orchestra.run.smithi052.stdout:/usr/bin/ceph: stderr
2024-09-19T09:12:10.053+0000 7f4f1ed7c640 1 --2- 172.21.15.52:0/3486168873 >> [v2:172.21.15.52:6800/561717915,v1:172.21.15.52:6801/561717915] conn(0x7f4f080390f0 0x7f4f0803b5b0 secure :-1 s=READY pgs=7 cs=0 l=1 rev1=1 crypto rx=0x7f4f040098c0 tx=0x7f4f04006db0 comp rx=0 tx=0).stop
2024-09-19T09:12:10.817 INFO:teuthology.orchestra.run.smithi052.stdout:/usr/bin/ceph: stderr
2024-09-19T09:12:10.053+0000 7f4f1ed7c640 1 -- 172.21.15.52:0/3486168873 >> [v2:172.21.15.52:3300/0,v1:172.21.15.52:6789/0] conn(0x7f4f18108130 msgr2=0x7f4f1819b640 secure :-1 s=STATE_CONNECTION_ESTABLISHED l=1).mark_down
2024-09-19T09:12:10.817 INFO:teuthology.orchestra.run.smithi052.stdout:/usr/bin/ceph: stderr
2024-09-19T09:12:10.053+0000 7f4f1ed7c640 1 --2- 172.21.15.52:0/3486168873 >> [v2:172.21.15.52:3300/0,v1:172.21.15.52:6789/0] conn(0x7f4f18108130 0x7f4f1819b640 secure :-1 s=READY pgs=36 cs=0 l=1 rev1=1 crypto rx=0x7f4f0c0097f0 tx=0x7f4f0c030d80 comp rx=0 tx=0).stop
2024-09-19T09:12:10.817 INFO:teuthology.orchestra.run.smithi052.stdout:/usr/bin/ceph: stderr
2024-09-19T09:12:10.053+0000 7f4f1ed7c640 1 -- 172.21.15.52:0/3486168873 shutdown_connections
2024-09-19T09:12:10.817 INFO:teuthology.orchestra.run.smithi052.stdout:/usr/bin/ceph: stderr
2024-09-19T09:12:10.053+0000 7f4f1ed7c640 1 --2- 172.21.15.52:0/3486168873 >> [v2:172.21.15.52:6800/561717915,v1:172.21.15.52:6801/561717915] conn(0x7f4f080390f0 0x7f4f0803b5b0 unknown :-1 s=CLOSED pgs=7 cs=0 l=1 rev1=1 crypto rx=0 tx=0 comp rx=0 tx=0).stop
2024-09-19T09:12:10.817 INFO:teuthology.orchestra.run.smithi052.stdout:/usr/bin/ceph: stderr
2024-09-19T09:12:10.053+0000 7f4f1ed7c640 1 --2- 172.21.15.52:0/3486168873 >> [v2:172.21.15.52:3300/0,v1:172.21.15.52:6789/0] conn(0x7f4f18108130 0x7f4f1819b640 unknown :-1 s=CLOSED pgs=36 cs=0 l=1 rev1=1 crypto rx=0 tx=0 comp rx=0 tx=0).stop
2024-09-19T09:12:10.817 INFO:teuthology.orchestra.run.smithi052.stdout:/usr/bin/ceph: stderr
2024-09-19T09:12:10.053+0000 7f4f1ed7c640 1 -- 172.21.15.52:0/3486168873 >> 172.21.15.52:0/3486168873 conn(0x7f4f18101d70 msgr2=0x7f4f181028e0 unknown :-1 s=STATE_NONE l=0).mark_down
2024-09-19T09:12:10.817 INFO:teuthology.orchestra.run.smithi052.stdout:/usr/bin/ceph: stderr
2024-09-19T09:12:10.053+0000 7f4f1ed7c640 1 -- 172.21.15.52:0/3486168873 shutdown_connections
2024-09-19T09:12:10.817 INFO:teuthology.orchestra.run.smithi052.stdout:/usr/bin/ceph: stderr
2024-09-19T09:12:10.053+0000 7f4f1ed7c640 1 -- 172.21.15.52:0/3486168873 wait complete.
2024-09-19T09:12:11.123 INFO:journalctl@ceph.mon.a.smithi052.stdout:Sep 19 09:12:10 smithi052 ceph-mon[30947]: mgrmap e8: x(active, since 2s)
2024-09-19T09:12:11.123 INFO:journalctl@ceph.mon.a.smithi052.stdout:Sep 19 09:12:10 smithi052 ceph-mon[30947]: from='client.14130 -' entity='client.admin' cmd=[{"prefix": "orch set backend", "module_name": "cephadm", "target": ["mon-mgr", ""]}]: dispatch
2024-09-19T09:12:11.123 INFO:journalctl@ceph.mon.a.smithi052.stdout:Sep 19 09:12:10 smithi052 ceph-mon[30947]: from='mgr.14118 172.21.15.52:0/4147810855' entity='mgr.x'
2024-09-19T09:12:11.123 INFO:journalctl@ceph.mon.a.smithi052.stdout:Sep 19 09:12:10 smithi052 ceph-mon[30947]: from='mgr.14118 172.21.15.52:0/4147810855' entity='mgr.x' cmd=[{"prefix": "config dump", "format": "json"}]: dispatch
2024-09-19T09:12:11.123 INFO:journalctl@ceph.mon.a.smithi052.stdout:Sep 19 09:12:10 smithi052 ceph-mon[30947]: [19/Sep/2024:09:12:10] ENGINE Bus STARTING
2024-09-19T09:12:11.123 INFO:journalctl@ceph.mon.a.smithi052.stdout:Sep 19 09:12:10 smithi052 ceph-mon[30947]: [19/Sep/2024:09:12:10] ENGINE Serving on http://172.21.15.52:8765
2024-09-19T09:12:11.123 INFO:journalctl@ceph.mon.a.smithi052.stdout:Sep 19 09:12:10 smithi052 ceph-mon[30947]: [19/Sep/2024:09:12:10] ENGINE Serving on https://172.21.15.52:7150
2024-09-19T09:12:11.123 INFO:journalctl@ceph.mon.a.smithi052.stdout:Sep 19 09:12:10 smithi052 ceph-mon[30947]: [19/Sep/2024:09:12:10] ENGINE Bus STARTED
2024-09-19T09:12:11.123 INFO:journalctl@ceph.mon.a.smithi052.stdout:Sep 19 09:12:10 smithi052 ceph-mon[30947]: from='mgr.14118 172.21.15.52:0/4147810855' entity='mgr.x' cmd=[{"prefix": "config dump", "format": "json"}]: dispatch
2024-09-19T09:12:11.123 INFO:journalctl@ceph.mon.a.smithi052.stdout:Sep 19 09:12:10 smithi052 ceph-mon[30947]: [19/Sep/2024:09:12:10] ENGINE Error in HTTPServer.serve
2024-09-19T09:12:11.124 INFO:journalctl@ceph.mon.a.smithi052.stdout: Traceback (most recent call last):
2024-09-19T09:12:11.124 INFO:journalctl@ceph.mon.a.smithi052.stdout: File "/lib/python3.9/site-packages/cheroot/server.py", line 1823, in serve
2024-09-19T09:12:11.124 INFO:journalctl@ceph.mon.a.smithi052.stdout: self._connections.run(self.expiration_interval)
2024-09-19T09:12:11.124 INFO:journalctl@ceph.mon.a.smithi052.stdout: File "/lib/python3.9/site-packages/cheroot/connections.py", line 203, in run
2024-09-19T09:12:11.124 INFO:journalctl@ceph.mon.a.smithi052.stdout: self._run(expiration_interval)
2024-09-19T09:12:11.124 INFO:journalctl@ceph.mon.a.smithi052.stdout: File "/lib/python3.9/site-packages/cheroot/connections.py", line 246, in _run
2024-09-19T09:12:11.124 INFO:journalctl@ceph.mon.a.smithi052.stdout: new_conn = self._from_server_socket(self.server.socket)
2024-09-19T09:12:11.124 INFO:journalctl@ceph.mon.a.smithi052.stdout: File "/lib/python3.9/site-packages/cheroot/connections.py", line 300, in _from_server_socket
2024-09-19T09:12:11.125 INFO:journalctl@ceph.mon.a.smithi052.stdout: s, ssl_env = self.server.ssl_adapter.wrap(s)
2024-09-19T09:12:11.125 INFO:journalctl@ceph.mon.a.smithi052.stdout: File "/lib/python3.9/site-packages/cheroot/ssl/builtin.py", line 277, in wrap
2024-09-19T09:12:11.125 INFO:journalctl@ceph.mon.a.smithi052.stdout: s = self.context.wrap_socket(
2024-09-19T09:12:11.125 INFO:journalctl@ceph.mon.a.smithi052.stdout: File "/lib64/python3.9/ssl.py", line 501, in wrap_socket
2024-09-19T09:12:11.125 INFO:journalctl@ceph.mon.a.smithi052.stdout: return self.sslsocket_class._create(
2024-09-19T09:12:11.125 INFO:journalctl@ceph.mon.a.smithi052.stdout: File "/lib64/python3.9/ssl.py", line 1074, in _create
2024-09-19T09:12:11.125 INFO:journalctl@ceph.mon.a.smithi052.stdout: self.do_handshake()
2024-09-19T09:12:11.126 INFO:journalctl@ceph.mon.a.smithi052.stdout: File "/lib64/python3.9/ssl.py", line 1343, in do_handshake
2024-09-19T09:12:11.126 INFO:journalctl@ceph.mon.a.smithi052.stdout: self._sslobj.do_handshake()
2024-09-19T09:12:11.126 INFO:journalctl@ceph.mon.a.smithi052.stdout: ssl.SSLZeroReturnError: TLS/SSL connection has been closed (EOF) (_ssl.c:1133)
2024-09-19T09:12:11.909 INFO:teuthology.orchestra.run.smithi052.stdout:/usr/bin/ceph: stdout value unchanged
2024-09-19T09:12:11.909 INFO:teuthology.orchestra.run.smithi052.stdout:/usr/bin/ceph: stderr
2024-09-19T09:12:11.210+0000 7f582a9eb640 1 Processor -- start
2024-09-19T09:12:11.909 INFO:teuthology.orchestra.run.smithi052.stdout:/usr/bin/ceph: stderr
2024-09-19T09:12:11.210+0000 7f582a9eb640 1 -- start start
2024-09-19T09:12:11.909 INFO:teuthology.orchestra.run.smithi052.stdout:/usr/bin/ceph: stderr
2024-09-19T09:12:11.211+0000 7f582a9eb640 1 --2- >> [v2:172.21.15.52:3300/0,v1:172.21.15.52:6789/0] conn(0x7f58241081e0 0x7f582410a5d0 unknown :-1 s=NONE pgs=0 cs=0 l=0 rev1=0 crypto rx=0 tx=0 comp rx=0 tx=0).connect
2024-09-19T09:12:11.909 INFO:teuthology.orchestra.run.smithi052.stdout:/usr/bin/ceph: stderr
2024-09-19T09:12:11.211+0000 7f582a9eb640 1 -- --> [v2:172.21.15.52:3300/0,v1:172.21.15.52:6789/0] -- mon_getmap magic: 0 -- 0x7f582407be50 con 0x7f58241081e0
2024-09-19T09:12:11.909 INFO:teuthology.orchestra.run.smithi052.stdout:/usr/bin/ceph: stderr
2024-09-19T09:12:11.211+0000 7f5823fff640 1 --2- >> [v2:172.21.15.52:3300/0,v1:172.21.15.52:6789/0] conn(0x7f58241081e0 0x7f582410a5d0 unknown :-1 s=BANNER_CONNECTING pgs=0 cs=0 l=0 rev1=0 crypto rx=0 tx=0 comp rx=0 tx=0)._handle_peer_banner_payload supported=3 required=0
2024-09-19T09:12:11.909 INFO:teuthology.orchestra.run.smithi052.stdout:/usr/bin/ceph: stderr
2024-09-19T09:12:11.211+0000 7f5823fff640 1 --2- >> [v2:172.21.15.52:3300/0,v1:172.21.15.52:6789/0] conn(0x7f58241081e0 0x7f582410a5d0 unknown :-1 s=HELLO_CONNECTING pgs=0 cs=0 l=0 rev1=1 crypto rx=0 tx=0 comp rx=0 tx=0).handle_hello peer v2:172.21.15.52:3300/0 says I am v2:172.21.15.52:43658/0 (socket says 172.21.15.52:43658)
2024-09-19T09:12:11.909 INFO:teuthology.orchestra.run.smithi052.stdout:/usr/bin/ceph: stderr
2024-09-19T09:12:11.211+0000 7f5823fff640 1 -- 172.21.15.52:0/4141246779 learned_addr learned my addr 172.21.15.52:0/4141246779 (peer_addr_for_me v2:172.21.15.52:0/0)
2024-09-19T09:12:11.910 INFO:teuthology.orchestra.run.smithi052.stdout:/usr/bin/ceph: stderr
2024-09-19T09:12:11.211+0000 7f5823fff640 1 -- 172.21.15.52:0/4141246779 --> [v2:172.21.15.52:3300/0,v1:172.21.15.52:6789/0] -- mon_subscribe({config=0+,monmap=0+}) -- 0x7f582410ab10 con 0x7f58241081e0
2024-09-19T09:12:11.910 INFO:teuthology.orchestra.run.smithi052.stdout:/usr/bin/ceph: stderr
2024-09-19T09:12:11.212+0000 7f5823fff640 1 --2- 172.21.15.52:0/4141246779 >> [v2:172.21.15.52:3300/0,v1:172.21.15.52:6789/0] conn(0x7f58241081e0 0x7f582410a5d0 secure :-1 s=READY pgs=37 cs=0 l=1 rev1=1 crypto rx=0x7f5814009820 tx=0x7f581402a270 comp rx=0 tx=0).ready entity=mon.0 client_cookie=80bf28d28927d3f4 server_cookie=0 in_seq=0 out_seq=0
2024-09-19T09:12:11.910 INFO:teuthology.orchestra.run.smithi052.stdout:/usr/bin/ceph: stderr
2024-09-19T09:12:11.212+0000 7f5822ffd640 1 -- 172.21.15.52:0/4141246779 <== mon.0 v2:172.21.15.52:3300/0 1 ==== mon_map magic: 0 ==== 205+0+0 (secure 0 0 0) 0x7f5814037070 con 0x7f58241081e0
2024-09-19T09:12:11.910 INFO:teuthology.orchestra.run.smithi052.stdout:/usr/bin/ceph: stderr
2024-09-19T09:12:11.212+0000 7f5822ffd640 1 -- 172.21.15.52:0/4141246779 <== mon.0 v2:172.21.15.52:3300/0 2 ==== config(27 keys) ==== 1109+0+0 (secure 0 0 0) 0x7f5814032900 con 0x7f58241081e0
2024-09-19T09:12:11.910 INFO:teuthology.orchestra.run.smithi052.stdout:/usr/bin/ceph: stderr
2024-09-19T09:12:11.212+0000 7f5822ffd640 1 -- 172.21.15.52:0/4141246779 <== mon.0 v2:172.21.15.52:3300/0 3 ==== mon_map magic: 0 ==== 205+0+0 (secure 0 0 0) 0x7f5814030850 con 0x7f58241081e0
2024-09-19T09:12:11.910 INFO:teuthology.orchestra.run.smithi052.stdout:/usr/bin/ceph: stderr
2024-09-19T09:12:11.213+0000 7f582a9eb640 1 -- 172.21.15.52:0/4141246779 >> [v2:172.21.15.52:3300/0,v1:172.21.15.52:6789/0] conn(0x7f58241081e0 msgr2=0x7f582410a5d0 secure :-1 s=STATE_CONNECTION_ESTABLISHED l=1).mark_down
2024-09-19T09:12:11.910 INFO:teuthology.orchestra.run.smithi052.stdout:/usr/bin/ceph: stderr
2024-09-19T09:12:11.213+0000 7f582a9eb640 1 --2- 172.21.15.52:0/4141246779 >> [v2:172.21.15.52:3300/0,v1:172.21.15.52:6789/0] conn(0x7f58241081e0 0x7f582410a5d0 secure :-1 s=READY pgs=37 cs=0 l=1 rev1=1 crypto rx=0x7f5814009820 tx=0x7f581402a270 comp rx=0 tx=0).stop
2024-09-19T09:12:11.910 INFO:teuthology.orchestra.run.smithi052.stdout:/usr/bin/ceph: stderr
2024-09-19T09:12:11.213+0000 7f582a9eb640 1 -- 172.21.15.52:0/4141246779 shutdown_connections
2024-09-19T09:12:11.910 INFO:teuthology.orchestra.run.smithi052.stdout:/usr/bin/ceph: stderr
2024-09-19T09:12:11.213+0000 7f582a9eb640 1 --2- 172.21.15.52:0/4141246779 >> [v2:172.21.15.52:3300/0,v1:172.21.15.52:6789/0] conn(0x7f58241081e0 0x7f582410a5d0 unknown :-1 s=CLOSED pgs=37 cs=0 l=1 rev1=1 crypto rx=0 tx=0 comp rx=0 tx=0).stop
2024-09-19T09:12:11.910 INFO:teuthology.orchestra.run.smithi052.stdout:/usr/bin/ceph: stderr
2024-09-19T09:12:11.213+0000 7f582a9eb640 1 -- 172.21.15.52:0/4141246779 >> 172.21.15.52:0/4141246779 conn(0x7f5824101dc0 msgr2=0x7f58241041e0 unknown :-1 s=STATE_NONE l=0).mark_down
2024-09-19T09:12:11.910 INFO:teuthology.orchestra.run.smithi052.stdout:/usr/bin/ceph: stderr
2024-09-19T09:12:11.213+0000 7f582a9eb640 1 -- 172.21.15.52:0/4141246779 shutdown_connections
2024-09-19T09:12:11.910 INFO:teuthology.orchestra.run.smithi052.stdout:/usr/bin/ceph: stderr
2024-09-19T09:12:11.213+0000 7f582a9eb640 1 -- 172.21.15.52:0/4141246779 wait complete.
2024-09-19T09:12:11.910 INFO:teuthology.orchestra.run.smithi052.stdout:/usr/bin/ceph: stderr
2024-09-19T09:12:11.213+0000 7f582a9eb640 1 Processor -- start
2024-09-19T09:12:11.910 INFO:teuthology.orchestra.run.smithi052.stdout:/usr/bin/ceph: stderr
2024-09-19T09:12:11.213+0000 7f582a9eb640 1 -- start start
2024-09-19T09:12:11.911 INFO:teuthology.orchestra.run.smithi052.stdout:/usr/bin/ceph: stderr
2024-09-19T09:12:11.214+0000 7f582a9eb640 1 --2- >> [v2:172.21.15.52:3300/0,v1:172.21.15.52:6789/0] conn(0x7f58241081e0 0x7f5824107a60 unknown :-1 s=NONE pgs=0 cs=0 l=1 rev1=0 crypto rx=0 tx=0 comp rx=0 tx=0).connect
2024-09-19T09:12:11.911 INFO:teuthology.orchestra.run.smithi052.stdout:/usr/bin/ceph: stderr
2024-09-19T09:12:11.214+0000 7f582a9eb640 1 -- --> [v2:172.21.15.52:3300/0,v1:172.21.15.52:6789/0] -- mon_getmap magic: 0 -- 0x7f582410ba80 con 0x7f58241081e0
2024-09-19T09:12:11.911 INFO:teuthology.orchestra.run.smithi052.stdout:/usr/bin/ceph: stderr
2024-09-19T09:12:11.214+0000 7f5823fff640 1 --2- >> [v2:172.21.15.52:3300/0,v1:172.21.15.52:6789/0] conn(0x7f58241081e0 0x7f5824107a60 unknown :-1 s=BANNER_CONNECTING pgs=0 cs=0 l=1 rev1=0 crypto rx=0 tx=0 comp rx=0 tx=0)._handle_peer_banner_payload supported=3 required=0
2024-09-19T09:12:11.911 INFO:teuthology.orchestra.run.smithi052.stdout:/usr/bin/ceph: stderr
2024-09-19T09:12:11.214+0000 7f5823fff640 1 --2- >> [v2:172.21.15.52:3300/0,v1:172.21.15.52:6789/0] conn(0x7f58241081e0 0x7f5824107a60 unknown :-1 s=HELLO_CONNECTING pgs=0 cs=0 l=1 rev1=1 crypto rx=0 tx=0 comp rx=0 tx=0).handle_hello peer v2:172.21.15.52:3300/0 says I am v2:172.21.15.52:43664/0 (socket says 172.21.15.52:43664)
2024-09-19T09:12:11.911 INFO:teuthology.orchestra.run.smithi052.stdout:/usr/bin/ceph: stderr
2024-09-19T09:12:11.214+0000 7f5823fff640 1 -- 172.21.15.52:0/626146894 learned_addr learned my addr 172.21.15.52:0/626146894 (peer_addr_for_me v2:172.21.15.52:0/0)
2024-09-19T09:12:11.911 INFO:teuthology.orchestra.run.smithi052.stdout:/usr/bin/ceph: stderr
2024-09-19T09:12:11.214+0000 7f5823fff640 1 -- 172.21.15.52:0/626146894 --> [v2:172.21.15.52:3300/0,v1:172.21.15.52:6789/0] -- mon_subscribe({config=0+,monmap=0+}) -- 0x7f5824107fa0 con 0x7f58241081e0
2024-09-19T09:12:11.911 INFO:teuthology.orchestra.run.smithi052.stdout:/usr/bin/ceph: stderr
2024-09-19T09:12:11.214+0000 7f5823fff640 1 --2- 172.21.15.52:0/626146894 >> [v2:172.21.15.52:3300/0,v1:172.21.15.52:6789/0] conn(0x7f58241081e0 0x7f5824107a60 secure :-1 s=READY pgs=38 cs=0 l=1 rev1=1 crypto rx=0x7f5814031000 tx=0x7f58140326e0 comp rx=0 tx=0).ready entity=mon.0 client_cookie=0 server_cookie=0 in_seq=0 out_seq=0
2024-09-19T09:12:11.911 INFO:teuthology.orchestra.run.smithi052.stdout:/usr/bin/ceph: stderr
2024-09-19T09:12:11.215+0000 7f58217fa640 1 -- 172.21.15.52:0/626146894 <== mon.0 v2:172.21.15.52:3300/0 1 ==== mon_map magic: 0 ==== 205+0+0 (secure 0 0 0) 0x7f5814042070 con 0x7f58241081e0
2024-09-19T09:12:11.911 INFO:teuthology.orchestra.run.smithi052.stdout:/usr/bin/ceph: stderr
2024-09-19T09:12:11.215+0000 7f58217fa640 1 -- 172.21.15.52:0/626146894 <== mon.0 v2:172.21.15.52:3300/0 2 ==== config(27 keys) ==== 1109+0+0 (secure 0 0 0) 0x7f5814032be0 con 0x7f58241081e0
2024-09-19T09:12:11.911 INFO:teuthology.orchestra.run.smithi052.stdout:/usr/bin/ceph: stderr
2024-09-19T09:12:11.215+0000 7f582a9eb640 1 -- 172.21.15.52:0/626146894 --> [v2:172.21.15.52:3300/0,v1:172.21.15.52:6789/0] -- mon_subscribe({mgrmap=0+}) -- 0x7f5824106190 con 0x7f58241081e0
2024-09-19T09:12:11.911 INFO:teuthology.orchestra.run.smithi052.stdout:/usr/bin/ceph: stderr
2024-09-19T09:12:11.215+0000 7f58217fa640 1 -- 172.21.15.52:0/626146894 <== mon.0 v2:172.21.15.52:3300/0 3 ==== mon_map magic: 0 ==== 205+0+0 (secure 0 0 0) 0x7f5814037040 con 0x7f58241081e0
2024-09-19T09:12:11.911 INFO:teuthology.orchestra.run.smithi052.stdout:/usr/bin/ceph: stderr
2024-09-19T09:12:11.215+0000 7f582a9eb640 1 -- 172.21.15.52:0/626146894 --> [v2:172.21.15.52:3300/0,v1:172.21.15.52:6789/0] -- mon_subscribe({osdmap=0}) -- 0x7f58241066d0 con 0x7f58241081e0
2024-09-19T09:12:11.912 INFO:teuthology.orchestra.run.smithi052.stdout:/usr/bin/ceph: stderr
2024-09-19T09:12:11.216+0000 7f58217fa640 1 -- 172.21.15.52:0/626146894 <== mon.0 v2:172.21.15.52:3300/0 4 ==== mgrmap(e 8) ==== 46461+0+0 (secure 0 0 0) 0x7f5814045070 con 0x7f58241081e0
2024-09-19T09:12:11.912 INFO:teuthology.orchestra.run.smithi052.stdout:/usr/bin/ceph: stderr
2024-09-19T09:12:11.216+0000 7f582a9eb640 1 -- 172.21.15.52:0/626146894 --> [v2:172.21.15.52:3300/0,v1:172.21.15.52:6789/0] -- mon_command({"prefix": "get_command_descriptions"} v 0) -- 0x7f5824108640 con 0x7f58241081e0
2024-09-19T09:12:11.912 INFO:teuthology.orchestra.run.smithi052.stdout:/usr/bin/ceph: stderr
2024-09-19T09:12:11.216+0000 7f58217fa640 1 --2- 172.21.15.52:0/626146894 >> [v2:172.21.15.52:6800/561717915,v1:172.21.15.52:6801/561717915] conn(0x7f580c039200 0x7f580c03b6c0 unknown :-1 s=NONE pgs=0 cs=0 l=1 rev1=0 crypto rx=0 tx=0 comp rx=0 tx=0).connect
2024-09-19T09:12:11.912 INFO:teuthology.orchestra.run.smithi052.stdout:/usr/bin/ceph: stderr
2024-09-19T09:12:11.216+0000 7f58217fa640 1 -- 172.21.15.52:0/626146894 <== mon.0 v2:172.21.15.52:3300/0 5 ==== osd_map(2..2 src has 1..2) ==== 940+0+0 (secure 0 0 0) 0x7f581406c250 con 0x7f58241081e0
2024-09-19T09:12:11.912 INFO:teuthology.orchestra.run.smithi052.stdout:/usr/bin/ceph: stderr
2024-09-19T09:12:11.216+0000 7f58237fe640 1 --2- 172.21.15.52:0/626146894 >> [v2:172.21.15.52:6800/561717915,v1:172.21.15.52:6801/561717915] conn(0x7f580c039200 0x7f580c03b6c0 unknown :-1 s=BANNER_CONNECTING pgs=0 cs=0 l=1 rev1=0 crypto rx=0 tx=0 comp rx=0 tx=0)._handle_peer_banner_payload supported=3 required=0
2024-09-19T09:12:11.912 INFO:teuthology.orchestra.run.smithi052.stdout:/usr/bin/ceph: stderr
2024-09-19T09:12:11.217+0000 7f58237fe640 1 --2- 172.21.15.52:0/626146894 >> [v2:172.21.15.52:6800/561717915,v1:172.21.15.52:6801/561717915] conn(0x7f580c039200 0x7f580c03b6c0 secure :-1 s=READY pgs=8 cs=0 l=1 rev1=1 crypto rx=0x7f58180098c0 tx=0x7f5818006db0 comp rx=0 tx=0).ready entity=mgr.14118 client_cookie=0 server_cookie=0 in_seq=0 out_seq=0
2024-09-19T09:12:11.912 INFO:teuthology.orchestra.run.smithi052.stdout:/usr/bin/ceph: stderr
2024-09-19T09:12:11.221+0000 7f58217fa640 1 -- 172.21.15.52:0/626146894 <== mon.0 v2:172.21.15.52:3300/0 6 ==== mon_command_ack([{"prefix": "get_command_descriptions"}]=0 v0) ==== 72+0+188913 (secure 0 0 0) 0x7f581402f2a0 con 0x7f58241081e0
2024-09-19T09:12:11.912 INFO:teuthology.orchestra.run.smithi052.stdout:/usr/bin/ceph: stderr
2024-09-19T09:12:11.399+0000 7f582a9eb640 1 -- 172.21.15.52:0/626146894 --> [v2:172.21.15.52:6800/561717915,v1:172.21.15.52:6801/561717915] -- mgr_command(tid 0: {"prefix": "cephadm set-user", "user": "root", "target": ["mon-mgr", ""]}) -- 0x7f5824106f20 con 0x7f580c039200
2024-09-19T09:12:11.912 INFO:teuthology.orchestra.run.smithi052.stdout:/usr/bin/ceph: stderr
2024-09-19T09:12:11.400+0000 7f58217fa640 1 -- 172.21.15.52:0/626146894 <== mgr.14118 v2:172.21.15.52:6800/561717915 1 ==== mgr_command_reply(tid 0: 0 ) ==== 8+0+16 (secure 0 0 0) 0x7f5824106f20 con 0x7f580c039200
2024-09-19T09:12:11.912 INFO:teuthology.orchestra.run.smithi052.stdout:/usr/bin/ceph: stderr
2024-09-19T09:12:11.402+0000 7f582a9eb640 1 -- 172.21.15.52:0/626146894 >> [v2:172.21.15.52:6800/561717915,v1:172.21.15.52:6801/561717915] conn(0x7f580c039200 msgr2=0x7f580c03b6c0 secure :-1 s=STATE_CONNECTION_ESTABLISHED l=1).mark_down
2024-09-19T09:12:11.912 INFO:teuthology.orchestra.run.smithi052.stdout:/usr/bin/ceph: stderr
2024-09-19T09:12:11.402+0000 7f582a9eb640 1 --2- 172.21.15.52:0/626146894 >> [v2:172.21.15.52:6800/561717915,v1:172.21.15.52:6801/561717915] conn(0x7f580c039200 0x7f580c03b6c0 secure :-1 s=READY pgs=8 cs=0 l=1 rev1=1 crypto rx=0x7f58180098c0 tx=0x7f5818006db0 comp rx=0 tx=0).stop
2024-09-19T09:12:11.912 INFO:teuthology.orchestra.run.smithi052.stdout:/usr/bin/ceph: stderr
2024-09-19T09:12:11.402+0000 7f582a9eb640 1 -- 172.21.15.52:0/626146894 >> [v2:172.21.15.52:3300/0,v1:172.21.15.52:6789/0] conn(0x7f58241081e0 msgr2=0x7f5824107a60 secure :-1 s=STATE_CONNECTION_ESTABLISHED l=1).mark_down
2024-09-19T09:12:11.913 INFO:teuthology.orchestra.run.smithi052.stdout:/usr/bin/ceph: stderr
2024-09-19T09:12:11.402+0000 7f582a9eb640 1 --2- 172.21.15.52:0/626146894 >> [v2:172.21.15.52:3300/0,v1:172.21.15.52:6789/0] conn(0x7f58241081e0 0x7f5824107a60 secure :-1 s=READY pgs=38 cs=0 l=1 rev1=1 crypto rx=0x7f5814031000 tx=0x7f58140326e0 comp rx=0 tx=0).stop
2024-09-19T09:12:11.913 INFO:teuthology.orchestra.run.smithi052.stdout:/usr/bin/ceph: stderr
2024-09-19T09:12:11.403+0000 7f582a9eb640 1 -- 172.21.15.52:0/626146894 shutdown_connections
2024-09-19T09:12:11.913 INFO:teuthology.orchestra.run.smithi052.stdout:/usr/bin/ceph: stderr
2024-09-19T09:12:11.403+0000 7f582a9eb640 1 --2- 172.21.15.52:0/626146894 >> [v2:172.21.15.52:6800/561717915,v1:172.21.15.52:6801/561717915] conn(0x7f580c039200 0x7f580c03b6c0 unknown :-1 s=CLOSED pgs=8 cs=0 l=1 rev1=1 crypto rx=0 tx=0 comp rx=0 tx=0).stop
2024-09-19T09:12:11.913 INFO:teuthology.orchestra.run.smithi052.stdout:/usr/bin/ceph: stderr
2024-09-19T09:12:11.403+0000 7f582a9eb640 1 --2- 172.21.15.52:0/626146894 >> [v2:172.21.15.52:3300/0,v1:172.21.15.52:6789/0] conn(0x7f58241081e0 0x7f5824107a60 unknown :-1 s=CLOSED pgs=38 cs=0 l=1 rev1=1 crypto rx=0 tx=0 comp rx=0 tx=0).stop
2024-09-19T09:12:11.913 INFO:teuthology.orchestra.run.smithi052.stdout:/usr/bin/ceph: stderr
2024-09-19T09:12:11.403+0000 7f582a9eb640 1 -- 172.21.15.52:0/626146894 >> 172.21.15.52:0/626146894 conn(0x7f5824101dc0 msgr2=0x7f5824102970 unknown :-1 s=STATE_NONE l=0).mark_down
2024-09-19T09:12:11.913 INFO:teuthology.orchestra.run.smithi052.stdout:/usr/bin/ceph: stderr
2024-09-19T09:12:11.403+0000 7f582a9eb640 1 -- 172.21.15.52:0/626146894 shutdown_connections
2024-09-19T09:12:11.913 INFO:teuthology.orchestra.run.smithi052.stdout:/usr/bin/ceph: stderr
2024-09-19T09:12:11.403+0000 7f582a9eb640 1 -- 172.21.15.52:0/626146894 wait complete.
2024-09-19T09:12:11.913 INFO:teuthology.orchestra.run.smithi052.stdout:Generating ssh key...
2024-09-19T09:12:12.179 INFO:journalctl@ceph.mon.a.smithi052.stdout:Sep 19 09:12:11 smithi052 ceph-mon[30947]: from='client.14132 -' entity='client.admin' cmd=[{"prefix": "cephadm set-user", "user": "root", "target": ["mon-mgr", ""]}]: dispatch
2024-09-19T09:12:12.930 INFO:journalctl@ceph.mgr.x.smithi052.stdout:Sep 19 09:12:12 smithi052 ceph-044f38fa-7667-11ef-bceb-c7b262605968-mgr-x[31174]: Generating public/private rsa key pair.
2024-09-19T09:12:12.930 INFO:journalctl@ceph.mgr.x.smithi052.stdout:Sep 19 09:12:12 smithi052 ceph-044f38fa-7667-11ef-bceb-c7b262605968-mgr-x[31174]: Your identification has been saved in /tmp/tmpct2wt5kr/key
2024-09-19T09:12:12.930 INFO:journalctl@ceph.mgr.x.smithi052.stdout:Sep 19 09:12:12 smithi052 ceph-044f38fa-7667-11ef-bceb-c7b262605968-mgr-x[31174]: Your public key has been saved in /tmp/tmpct2wt5kr/key.pub
2024-09-19T09:12:12.930 INFO:journalctl@ceph.mgr.x.smithi052.stdout:Sep 19 09:12:12 smithi052 ceph-044f38fa-7667-11ef-bceb-c7b262605968-mgr-x[31174]: The key fingerprint is:
2024-09-19T09:12:12.930 INFO:journalctl@ceph.mgr.x.smithi052.stdout:Sep 19 09:12:12 smithi052 ceph-044f38fa-7667-11ef-bceb-c7b262605968-mgr-x[31174]: SHA256:oK4Ia7NxoxD8NRXSwtPd3xPSAi4wbnWdSMV+ssSMT5Q ceph-044f38fa-7667-11ef-bceb-c7b262605968
2024-09-19T09:12:12.930 INFO:journalctl@ceph.mgr.x.smithi052.stdout:Sep 19 09:12:12 smithi052 ceph-044f38fa-7667-11ef-bceb-c7b262605968-mgr-x[31174]: The key's randomart image is:
2024-09-19T09:12:12.930 INFO:journalctl@ceph.mgr.x.smithi052.stdout:Sep 19 09:12:12 smithi052 ceph-044f38fa-7667-11ef-bceb-c7b262605968-mgr-x[31174]: +---[RSA 3072]----+
2024-09-19T09:12:12.930 INFO:journalctl@ceph.mgr.x.smithi052.stdout:Sep 19 09:12:12 smithi052 ceph-044f38fa-7667-11ef-bceb-c7b262605968-mgr-x[31174]: | ..o+..o+*.+ |
2024-09-19T09:12:12.930 INFO:journalctl@ceph.mgr.x.smithi052.stdout:Sep 19 09:12:12 smithi052 ceph-044f38fa-7667-11ef-bceb-c7b262605968-mgr-x[31174]: | +oo=.oo E o |
2024-09-19T09:12:12.930 INFO:journalctl@ceph.mgr.x.smithi052.stdout:Sep 19 09:12:12 smithi052 ceph-044f38fa-7667-11ef-bceb-c7b262605968-mgr-x[31174]: | ++ . .B + .|
