2024-09-19T09:16:59.969 INFO:teuthology.orchestra.run.smithi094.stdout:/usr/bin/ceph: stderr
2024-09-19T09:16:58.998+0000 7f3d9c88e640 1 --2- >> [v2:172.21.15.94:3300/0,v1:172.21.15.94:6789/0] conn(0x7f3d981081e0 0x7f3d9810a5d0 unknown :-1 s=NONE pgs=0 cs=0 l=0 rev1=0 crypto rx=0 tx=0 comp rx=0 tx=0).connect
2024-09-19T09:16:59.969 INFO:teuthology.orchestra.run.smithi094.stdout:/usr/bin/ceph: stderr
2024-09-19T09:16:58.998+0000 7f3d9c88e640 1 -- --> [v2:172.21.15.94:3300/0,v1:172.21.15.94:6789/0] -- mon_getmap magic: 0 -- 0x7f3d9807be40 con 0x7f3d981081e0
2024-09-19T09:16:59.969 INFO:teuthology.orchestra.run.smithi094.stdout:/usr/bin/ceph: stderr
2024-09-19T09:16:58.999+0000 7f3d9659c640 1 --2- >> [v2:172.21.15.94:3300/0,v1:172.21.15.94:6789/0] conn(0x7f3d981081e0 0x7f3d9810a5d0 unknown :-1 s=BANNER_CONNECTING pgs=0 cs=0 l=0 rev1=0 crypto rx=0 tx=0 comp rx=0 tx=0)._handle_peer_banner_payload supported=3 required=0
2024-09-19T09:16:59.969 INFO:teuthology.orchestra.run.smithi094.stdout:/usr/bin/ceph: stderr
2024-09-19T09:16:58.999+0000 7f3d9659c640 1 --2- >> [v2:172.21.15.94:3300/0,v1:172.21.15.94:6789/0] conn(0x7f3d981081e0 0x7f3d9810a5d0 unknown :-1 s=HELLO_CONNECTING pgs=0 cs=0 l=0 rev1=1 crypto rx=0 tx=0 comp rx=0 tx=0).handle_hello peer v2:172.21.15.94:3300/0 says I am v2:172.21.15.94:60428/0 (socket says 172.21.15.94:60428)
2024-09-19T09:16:59.969 INFO:teuthology.orchestra.run.smithi094.stdout:/usr/bin/ceph: stderr
2024-09-19T09:16:58.999+0000 7f3d9659c640 1 -- 172.21.15.94:0/1663619928 learned_addr learned my addr 172.21.15.94:0/1663619928 (peer_addr_for_me v2:172.21.15.94:0/0)
2024-09-19T09:16:59.969 INFO:teuthology.orchestra.run.smithi094.stdout:/usr/bin/ceph: stderr
2024-09-19T09:16:58.999+0000 7f3d9659c640 1 -- 172.21.15.94:0/1663619928 --> [v2:172.21.15.94:3300/0,v1:172.21.15.94:6789/0] -- mon_subscribe({config=0+,monmap=0+}) -- 0x7f3d9810ab10 con 0x7f3d981081e0
2024-09-19T09:16:59.969 INFO:teuthology.orchestra.run.smithi094.stdout:/usr/bin/ceph: stderr
2024-09-19T09:16:59.000+0000 7f3d9659c640 1 --2- 172.21.15.94:0/1663619928 >> [v2:172.21.15.94:3300/0,v1:172.21.15.94:6789/0] conn(0x7f3d981081e0 0x7f3d9810a5d0 secure :-1 s=READY pgs=47 cs=0 l=1 rev1=1 crypto rx=0x7f3d90009820 tx=0x7f3d9002a270 comp rx=0 tx=0).ready entity=mon.0 client_cookie=1ea0842dfe0a205d server_cookie=0 in_seq=0 out_seq=0
2024-09-19T09:16:59.969 INFO:teuthology.orchestra.run.smithi094.stdout:/usr/bin/ceph: stderr
2024-09-19T09:16:59.000+0000 7f3d9559a640 1 -- 172.21.15.94:0/1663619928 <== mon.0 v2:172.21.15.94:3300/0 1 ==== mon_map magic: 0 ==== 205+0+0 (secure 0 0 0) 0x7f3d90037070 con 0x7f3d981081e0
2024-09-19T09:16:59.969 INFO:teuthology.orchestra.run.smithi094.stdout:/usr/bin/ceph: stderr
2024-09-19T09:16:59.000+0000 7f3d9559a640 1 -- 172.21.15.94:0/1663619928 <== mon.0 v2:172.21.15.94:3300/0 2 ==== config(28 keys) ==== 1140+0+0 (secure 0 0 0) 0x7f3d90032920 con 0x7f3d981081e0
2024-09-19T09:16:59.969 INFO:teuthology.orchestra.run.smithi094.stdout:/usr/bin/ceph: stderr
2024-09-19T09:16:59.000+0000 7f3d9559a640 1 -- 172.21.15.94:0/1663619928 <== mon.0 v2:172.21.15.94:3300/0 3 ==== mon_map magic: 0 ==== 205+0+0 (secure 0 0 0) 0x7f3d90030950 con 0x7f3d981081e0
2024-09-19T09:16:59.969 INFO:teuthology.orchestra.run.smithi094.stdout:/usr/bin/ceph: stderr
2024-09-19T09:16:59.000+0000 7f3d9c88e640 1 -- 172.21.15.94:0/1663619928 >> [v2:172.21.15.94:3300/0,v1:172.21.15.94:6789/0] conn(0x7f3d981081e0 msgr2=0x7f3d9810a5d0 secure :-1 s=STATE_CONNECTION_ESTABLISHED l=1).mark_down
2024-09-19T09:16:59.969 INFO:teuthology.orchestra.run.smithi094.stdout:/usr/bin/ceph: stderr
2024-09-19T09:16:59.000+0000 7f3d9c88e640 1 --2- 172.21.15.94:0/1663619928 >> [v2:172.21.15.94:3300/0,v1:172.21.15.94:6789/0] conn(0x7f3d981081e0 0x7f3d9810a5d0 secure :-1 s=READY pgs=47 cs=0 l=1 rev1=1 crypto rx=0x7f3d90009820 tx=0x7f3d9002a270 comp rx=0 tx=0).stop
2024-09-19T09:16:59.970 INFO:teuthology.orchestra.run.smithi094.stdout:/usr/bin/ceph: stderr
2024-09-19T09:16:59.001+0000 7f3d9c88e640 1 -- 172.21.15.94:0/1663619928 shutdown_connections
2024-09-19T09:16:59.970 INFO:teuthology.orchestra.run.smithi094.stdout:/usr/bin/ceph: stderr
2024-09-19T09:16:59.001+0000 7f3d9c88e640 1 --2- 172.21.15.94:0/1663619928 >> [v2:172.21.15.94:3300/0,v1:172.21.15.94:6789/0] conn(0x7f3d981081e0 0x7f3d9810a5d0 unknown :-1 s=CLOSED pgs=47 cs=0 l=1 rev1=1 crypto rx=0 tx=0 comp rx=0 tx=0).stop
2024-09-19T09:16:59.970 INFO:teuthology.orchestra.run.smithi094.stdout:/usr/bin/ceph: stderr
2024-09-19T09:16:59.001+0000 7f3d9c88e640 1 -- 172.21.15.94:0/1663619928 >> 172.21.15.94:0/1663619928 conn(0x7f3d98101de0 msgr2=0x7f3d98104200 unknown :-1 s=STATE_NONE l=0).mark_down
2024-09-19T09:16:59.970 INFO:teuthology.orchestra.run.smithi094.stdout:/usr/bin/ceph: stderr
2024-09-19T09:16:59.001+0000 7f3d9c88e640 1 -- 172.21.15.94:0/1663619928 shutdown_connections
2024-09-19T09:16:59.970 INFO:teuthology.orchestra.run.smithi094.stdout:/usr/bin/ceph: stderr
2024-09-19T09:16:59.001+0000 7f3d9c88e640 1 -- 172.21.15.94:0/1663619928 wait complete.
2024-09-19T09:16:59.970 INFO:teuthology.orchestra.run.smithi094.stdout:/usr/bin/ceph: stderr
2024-09-19T09:16:59.001+0000 7f3d9c88e640 1 Processor -- start
2024-09-19T09:16:59.970 INFO:teuthology.orchestra.run.smithi094.stdout:/usr/bin/ceph: stderr
2024-09-19T09:16:59.001+0000 7f3d9c88e640 1 -- start start
2024-09-19T09:16:59.970 INFO:teuthology.orchestra.run.smithi094.stdout:/usr/bin/ceph: stderr
2024-09-19T09:16:59.002+0000 7f3d9c88e640 1 --2- >> [v2:172.21.15.94:3300/0,v1:172.21.15.94:6789/0] conn(0x7f3d981081e0 0x7f3d9819d9c0 unknown :-1 s=NONE pgs=0 cs=0 l=1 rev1=0 crypto rx=0 tx=0 comp rx=0 tx=0).connect
2024-09-19T09:16:59.970 INFO:teuthology.orchestra.run.smithi094.stdout:/usr/bin/ceph: stderr
2024-09-19T09:16:59.002+0000 7f3d9c88e640 1 -- --> [v2:172.21.15.94:3300/0,v1:172.21.15.94:6789/0] -- mon_getmap magic: 0 -- 0x7f3d9810bbb0 con 0x7f3d981081e0
2024-09-19T09:16:59.970 INFO:teuthology.orchestra.run.smithi094.stdout:/usr/bin/ceph: stderr
2024-09-19T09:16:59.002+0000 7f3d9659c640 1 --2- >> [v2:172.21.15.94:3300/0,v1:172.21.15.94:6789/0] conn(0x7f3d981081e0 0x7f3d9819d9c0 unknown :-1 s=BANNER_CONNECTING pgs=0 cs=0 l=1 rev1=0 crypto rx=0 tx=0 comp rx=0 tx=0)._handle_peer_banner_payload supported=3 required=0
2024-09-19T09:16:59.970 INFO:teuthology.orchestra.run.smithi094.stdout:/usr/bin/ceph: stderr
2024-09-19T09:16:59.002+0000 7f3d9659c640 1 --2- >> [v2:172.21.15.94:3300/0,v1:172.21.15.94:6789/0] conn(0x7f3d981081e0 0x7f3d9819d9c0 unknown :-1 s=HELLO_CONNECTING pgs=0 cs=0 l=1 rev1=1 crypto rx=0 tx=0 comp rx=0 tx=0).handle_hello peer v2:172.21.15.94:3300/0 says I am v2:172.21.15.94:60432/0 (socket says 172.21.15.94:60432)
2024-09-19T09:16:59.970 INFO:teuthology.orchestra.run.smithi094.stdout:/usr/bin/ceph: stderr
2024-09-19T09:16:59.002+0000 7f3d9659c640 1 -- 172.21.15.94:0/2566902965 learned_addr learned my addr 172.21.15.94:0/2566902965 (peer_addr_for_me v2:172.21.15.94:0/0)
2024-09-19T09:16:59.970 INFO:teuthology.orchestra.run.smithi094.stdout:/usr/bin/ceph: stderr
2024-09-19T09:16:59.002+0000 7f3d9659c640 1 -- 172.21.15.94:0/2566902965 --> [v2:172.21.15.94:3300/0,v1:172.21.15.94:6789/0] -- mon_subscribe({config=0+,monmap=0+}) -- 0x7f3d9819df00 con 0x7f3d981081e0
2024-09-19T09:16:59.971 INFO:teuthology.orchestra.run.smithi094.stdout:/usr/bin/ceph: stderr
2024-09-19T09:16:59.002+0000 7f3d9659c640 1 --2- 172.21.15.94:0/2566902965 >> [v2:172.21.15.94:3300/0,v1:172.21.15.94:6789/0] conn(0x7f3d981081e0 0x7f3d9819d9c0 secure :-1 s=READY pgs=48 cs=0 l=1 rev1=1 crypto rx=0x7f3d90032d90 tx=0x7f3d90032dc0 comp rx=0 tx=0).ready entity=mon.0 client_cookie=0 server_cookie=0 in_seq=0 out_seq=0
2024-09-19T09:16:59.971 INFO:teuthology.orchestra.run.smithi094.stdout:/usr/bin/ceph: stderr
2024-09-19T09:16:59.002+0000 7f3d8f7fe640 1 -- 172.21.15.94:0/2566902965 <== mon.0 v2:172.21.15.94:3300/0 1 ==== mon_map magic: 0 ==== 205+0+0 (secure 0 0 0) 0x7f3d90042070 con 0x7f3d981081e0
2024-09-19T09:16:59.971 INFO:teuthology.orchestra.run.smithi094.stdout:/usr/bin/ceph: stderr
2024-09-19T09:16:59.002+0000 7f3d9c88e640 1 -- 172.21.15.94:0/2566902965 --> [v2:172.21.15.94:3300/0,v1:172.21.15.94:6789/0] -- mon_subscribe({mgrmap=0+}) -- 0x7f3d9819e190 con 0x7f3d981081e0
2024-09-19T09:16:59.971 INFO:teuthology.orchestra.run.smithi094.stdout:/usr/bin/ceph: stderr
2024-09-19T09:16:59.002+0000 7f3d8f7fe640 1 -- 172.21.15.94:0/2566902965 <== mon.0 v2:172.21.15.94:3300/0 2 ==== config(28 keys) ==== 1140+0+0 (secure 0 0 0) 0x7f3d90032570 con 0x7f3d981081e0
2024-09-19T09:16:59.971 INFO:teuthology.orchestra.run.smithi094.stdout:/usr/bin/ceph: stderr
2024-09-19T09:16:59.002+0000 7f3d8f7fe640 1 -- 172.21.15.94:0/2566902965 <== mon.0 v2:172.21.15.94:3300/0 3 ==== mon_map magic: 0 ==== 205+0+0 (secure 0 0 0) 0x7f3d90037040 con 0x7f3d981081e0
2024-09-19T09:16:59.971 INFO:teuthology.orchestra.run.smithi094.stdout:/usr/bin/ceph: stderr
2024-09-19T09:16:59.002+0000 7f3d9c88e640 1 -- 172.21.15.94:0/2566902965 --> [v2:172.21.15.94:3300/0,v1:172.21.15.94:6789/0] -- mon_subscribe({osdmap=0}) -- 0x7f3d981a0e80 con 0x7f3d981081e0
2024-09-19T09:16:59.971 INFO:teuthology.orchestra.run.smithi094.stdout:/usr/bin/ceph: stderr
2024-09-19T09:16:59.003+0000 7f3d8f7fe640 1 -- 172.21.15.94:0/2566902965 <== mon.0 v2:172.21.15.94:3300/0 4 ==== mgrmap(e 8) ==== 46461+0+0 (secure 0 0 0) 0x7f3d90045070 con 0x7f3d981081e0
2024-09-19T09:16:59.971 INFO:teuthology.orchestra.run.smithi094.stdout:/usr/bin/ceph: stderr
2024-09-19T09:16:59.003+0000 7f3d9c88e640 1 -- 172.21.15.94:0/2566902965 --> [v2:172.21.15.94:3300/0,v1:172.21.15.94:6789/0] -- mon_command({"prefix": "get_command_descriptions"} v 0) -- 0x7f3d98108640 con 0x7f3d981081e0
2024-09-19T09:16:59.971 INFO:teuthology.orchestra.run.smithi094.stdout:/usr/bin/ceph: stderr
2024-09-19T09:16:59.003+0000 7f3d8f7fe640 1 --2- 172.21.15.94:0/2566902965 >> [v2:172.21.15.94:6800/366190540,v1:172.21.15.94:6801/366190540] conn(0x7f3d840391b0 0x7f3d8403b670 unknown :-1 s=NONE pgs=0 cs=0 l=1 rev1=0 crypto rx=0 tx=0 comp rx=0 tx=0).connect
2024-09-19T09:16:59.971 INFO:teuthology.orchestra.run.smithi094.stdout:/usr/bin/ceph: stderr
2024-09-19T09:16:59.003+0000 7f3d8f7fe640 1 -- 172.21.15.94:0/2566902965 <== mon.0 v2:172.21.15.94:3300/0 5 ==== osd_map(2..2 src has 1..2) ==== 940+0+0 (secure 0 0 0) 0x7f3d9006c2b0 con 0x7f3d981081e0
2024-09-19T09:16:59.971 INFO:teuthology.orchestra.run.smithi094.stdout:/usr/bin/ceph: stderr
2024-09-19T09:16:59.004+0000 7f3d95d9b640 1 --2- 172.21.15.94:0/2566902965 >> [v2:172.21.15.94:6800/366190540,v1:172.21.15.94:6801/366190540] conn(0x7f3d840391b0 0x7f3d8403b670 unknown :-1 s=BANNER_CONNECTING pgs=0 cs=0 l=1 rev1=0 crypto rx=0 tx=0 comp rx=0 tx=0)._handle_peer_banner_payload supported=3 required=0
2024-09-19T09:16:59.971 INFO:teuthology.orchestra.run.smithi094.stdout:/usr/bin/ceph: stderr
2024-09-19T09:16:59.004+0000 7f3d95d9b640 1 --2- 172.21.15.94:0/2566902965 >> [v2:172.21.15.94:6800/366190540,v1:172.21.15.94:6801/366190540] conn(0x7f3d840391b0 0x7f3d8403b670 secure :-1 s=READY pgs=13 cs=0 l=1 rev1=1 crypto rx=0x7f3d800098c0 tx=0x7f3d80006db0 comp rx=0 tx=0).ready entity=mgr.14118 client_cookie=0 server_cookie=0 in_seq=0 out_seq=0
2024-09-19T09:16:59.971 INFO:teuthology.orchestra.run.smithi094.stdout:/usr/bin/ceph: stderr
2024-09-19T09:16:59.008+0000 7f3d8f7fe640 1 -- 172.21.15.94:0/2566902965 <== mon.0 v2:172.21.15.94:3300/0 6 ==== mon_command_ack([{"prefix": "get_command_descriptions"}]=0 v0) ==== 72+0+188913 (secure 0 0 0) 0x7f3d9003c820 con 0x7f3d981081e0
2024-09-19T09:16:59.971 INFO:teuthology.orchestra.run.smithi094.stdout:/usr/bin/ceph: stderr
2024-09-19T09:16:59.188+0000 7f3d9c88e640 1 -- 172.21.15.94:0/2566902965 --> [v2:172.21.15.94:6800/366190540,v1:172.21.15.94:6801/366190540] -- mgr_command(tid 0: {"prefix": "orch apply", "service_type": "mgr", "unmanaged": true, "target": ["mon-mgr", ""]}) -- 0x7f3d98103010 con 0x7f3d840391b0
2024-09-19T09:16:59.972 INFO:teuthology.orchestra.run.smithi094.stdout:/usr/bin/ceph: stderr
2024-09-19T09:16:59.193+0000 7f3d8f7fe640 1 -- 172.21.15.94:0/2566902965 <== mgr.14118 v2:172.21.15.94:6800/366190540 1 ==== mgr_command_reply(tid 0: 0 ) ==== 8+0+24 (secure 0 0 0) 0x7f3d98103010 con 0x7f3d840391b0
2024-09-19T09:16:59.972 INFO:teuthology.orchestra.run.smithi094.stdout:/usr/bin/ceph: stderr
2024-09-19T09:16:59.195+0000 7f3d9c88e640 1 -- 172.21.15.94:0/2566902965 >> [v2:172.21.15.94:6800/366190540,v1:172.21.15.94:6801/366190540] conn(0x7f3d840391b0 msgr2=0x7f3d8403b670 secure :-1 s=STATE_CONNECTION_ESTABLISHED l=1).mark_down
2024-09-19T09:16:59.972 INFO:teuthology.orchestra.run.smithi094.stdout:/usr/bin/ceph: stderr
2024-09-19T09:16:59.195+0000 7f3d9c88e640 1 --2- 172.21.15.94:0/2566902965 >> [v2:172.21.15.94:6800/366190540,v1:172.21.15.94:6801/366190540] conn(0x7f3d840391b0 0x7f3d8403b670 secure :-1 s=READY pgs=13 cs=0 l=1 rev1=1 crypto rx=0x7f3d800098c0 tx=0x7f3d80006db0 comp rx=0 tx=0).stop
2024-09-19T09:16:59.972 INFO:teuthology.orchestra.run.smithi094.stdout:/usr/bin/ceph: stderr
2024-09-19T09:16:59.195+0000 7f3d9c88e640 1 -- 172.21.15.94:0/2566902965 >> [v2:172.21.15.94:3300/0,v1:172.21.15.94:6789/0] conn(0x7f3d981081e0 msgr2=0x7f3d9819d9c0 secure :-1 s=STATE_CONNECTION_ESTABLISHED l=1).mark_down
2024-09-19T09:16:59.972 INFO:teuthology.orchestra.run.smithi094.stdout:/usr/bin/ceph: stderr
2024-09-19T09:16:59.195+0000 7f3d9c88e640 1 --2- 172.21.15.94:0/2566902965 >> [v2:172.21.15.94:3300/0,v1:172.21.15.94:6789/0] conn(0x7f3d981081e0 0x7f3d9819d9c0 secure :-1 s=READY pgs=48 cs=0 l=1 rev1=1 crypto rx=0x7f3d90032d90 tx=0x7f3d90032dc0 comp rx=0 tx=0).stop
2024-09-19T09:16:59.972 INFO:teuthology.orchestra.run.smithi094.stdout:/usr/bin/ceph: stderr
2024-09-19T09:16:59.195+0000 7f3d9c88e640 1 -- 172.21.15.94:0/2566902965 shutdown_connections
2024-09-19T09:16:59.972 INFO:teuthology.orchestra.run.smithi094.stdout:/usr/bin/ceph: stderr
2024-09-19T09:16:59.195+0000 7f3d9c88e640 1 --2- 172.21.15.94:0/2566902965 >> [v2:172.21.15.94:6800/366190540,v1:172.21.15.94:6801/366190540] conn(0x7f3d840391b0 0x7f3d8403b670 unknown :-1 s=CLOSED pgs=13 cs=0 l=1 rev1=1 crypto rx=0 tx=0 comp rx=0 tx=0).stop
2024-09-19T09:16:59.972 INFO:teuthology.orchestra.run.smithi094.stdout:/usr/bin/ceph: stderr
2024-09-19T09:16:59.195+0000 7f3d9c88e640 1 --2- 172.21.15.94:0/2566902965 >> [v2:172.21.15.94:3300/0,v1:172.21.15.94:6789/0] conn(0x7f3d981081e0 0x7f3d9819d9c0 unknown :-1 s=CLOSED pgs=48 cs=0 l=1 rev1=1 crypto rx=0 tx=0 comp rx=0 tx=0).stop
2024-09-19T09:16:59.972 INFO:teuthology.orchestra.run.smithi094.stdout:/usr/bin/ceph: stderr
2024-09-19T09:16:59.195+0000 7f3d9c88e640 1 -- 172.21.15.94:0/2566902965 >> 172.21.15.94:0/2566902965 conn(0x7f3d98101de0 msgr2=0x7f3d98102900 unknown :-1 s=STATE_NONE l=0).mark_down
2024-09-19T09:16:59.972 INFO:teuthology.orchestra.run.smithi094.stdout:/usr/bin/ceph: stderr
2024-09-19T09:16:59.195+0000 7f3d9c88e640 1 -- 172.21.15.94:0/2566902965 shutdown_connections
2024-09-19T09:16:59.972 INFO:teuthology.orchestra.run.smithi094.stdout:/usr/bin/ceph: stderr
2024-09-19T09:16:59.195+0000 7f3d9c88e640 1 -- 172.21.15.94:0/2566902965 wait complete.
2024-09-19T09:17:00.404 INFO:journalctl@ceph.mon.a.smithi094.stdout:Sep 19 09:17:00 smithi094 ceph-mon[30930]: from='client.14142 -' entity='client.admin' cmd=[{"prefix": "orch apply", "service_type": "mgr", "unmanaged": true, "target": ["mon-mgr", ""]}]: dispatch
2024-09-19T09:17:00.404 INFO:journalctl@ceph.mon.a.smithi094.stdout:Sep 19 09:17:00 smithi094 ceph-mon[30930]: Saving service mgr spec with placement count:2
2024-09-19T09:17:00.404 INFO:journalctl@ceph.mon.a.smithi094.stdout:Sep 19 09:17:00 smithi094 ceph-mon[30930]: from='mgr.14118 172.21.15.94:0/2612765730' entity='mgr.x'
2024-09-19T09:17:00.404 INFO:journalctl@ceph.mon.a.smithi094.stdout:Sep 19 09:17:00 smithi094 ceph-mon[30930]: from='mgr.14118 172.21.15.94:0/2612765730' entity='mgr.x'
2024-09-19T09:17:00.404 INFO:journalctl@ceph.mon.a.smithi094.stdout:Sep 19 09:17:00 smithi094 ceph-mon[30930]: from='mgr.14118 172.21.15.94:0/2612765730' entity='mgr.x'
2024-09-19T09:17:01.809 INFO:journalctl@ceph.mon.a.smithi094.stdout:Sep 19 09:17:01 smithi094 ceph-mon[30930]: from='client.? 172.21.15.94:0/2000556007' entity='client.admin'
2024-09-19T09:17:01.809 INFO:journalctl@ceph.mon.a.smithi094.stdout:Sep 19 09:17:01 smithi094 ceph-mon[30930]: from='mgr.14118 172.21.15.94:0/2612765730' entity='mgr.x'
2024-09-19T09:17:01.956 INFO:teuthology.orchestra.run.smithi094.stdout:/usr/bin/ceph: stderr
2024-09-19T09:17:00.402+0000 7fcca3d25640 1 Processor -- start
2024-09-19T09:17:01.956 INFO:teuthology.orchestra.run.smithi094.stdout:/usr/bin/ceph: stderr
2024-09-19T09:17:00.403+0000 7fcca3d25640 1 -- start start
2024-09-19T09:17:01.956 INFO:teuthology.orchestra.run.smithi094.stdout:/usr/bin/ceph: stderr
2024-09-19T09:17:00.403+0000 7fcca3d25640 1 --2- >> [v2:172.21.15.94:3300/0,v1:172.21.15.94:6789/0] conn(0x7fcc9c07de90 0x7fcc9c07c2f0 unknown :-1 s=NONE pgs=0 cs=0 l=0 rev1=0 crypto rx=0 tx=0 comp rx=0 tx=0).connect
2024-09-19T09:17:01.956 INFO:teuthology.orchestra.run.smithi094.stdout:/usr/bin/ceph: stderr
2024-09-19T09:17:00.403+0000 7fcca3d25640 1 -- --> [v2:172.21.15.94:3300/0,v1:172.21.15.94:6789/0] -- mon_getmap magic: 0 -- 0x7fcc9c07c8c0 con 0x7fcc9c07de90
2024-09-19T09:17:01.956 INFO:teuthology.orchestra.run.smithi094.stdout:/usr/bin/ceph: stderr
2024-09-19T09:17:00.403+0000 7fcca1ac1640 1 --2- >> [v2:172.21.15.94:3300/0,v1:172.21.15.94:6789/0] conn(0x7fcc9c07de90 0x7fcc9c07c2f0 unknown :-1 s=BANNER_CONNECTING pgs=0 cs=0 l=0 rev1=0 crypto rx=0 tx=0 comp rx=0 tx=0)._handle_peer_banner_payload supported=3 required=0
2024-09-19T09:17:01.956 INFO:teuthology.orchestra.run.smithi094.stdout:/usr/bin/ceph: stderr
2024-09-19T09:17:00.403+0000 7fcca1ac1640 1 --2- >> [v2:172.21.15.94:3300/0,v1:172.21.15.94:6789/0] conn(0x7fcc9c07de90 0x7fcc9c07c2f0 unknown :-1 s=HELLO_CONNECTING pgs=0 cs=0 l=0 rev1=1 crypto rx=0 tx=0 comp rx=0 tx=0).handle_hello peer v2:172.21.15.94:3300/0 says I am v2:172.21.15.94:60440/0 (socket says 172.21.15.94:60440)
2024-09-19T09:17:01.956 INFO:teuthology.orchestra.run.smithi094.stdout:/usr/bin/ceph: stderr
2024-09-19T09:17:00.403+0000 7fcca1ac1640 1 -- 172.21.15.94:0/814360767 learned_addr learned my addr 172.21.15.94:0/814360767 (peer_addr_for_me v2:172.21.15.94:0/0)
2024-09-19T09:17:01.957 INFO:teuthology.orchestra.run.smithi094.stdout:/usr/bin/ceph: stderr
2024-09-19T09:17:00.403+0000 7fcca1ac1640 1 -- 172.21.15.94:0/814360767 --> [v2:172.21.15.94:3300/0,v1:172.21.15.94:6789/0] -- mon_subscribe({config=0+,monmap=0+}) -- 0x7fcc9c07ca40 con 0x7fcc9c07de90
2024-09-19T09:17:01.957 INFO:teuthology.orchestra.run.smithi094.stdout:/usr/bin/ceph: stderr
2024-09-19T09:17:00.404+0000 7fcca1ac1640 1 --2- 172.21.15.94:0/814360767 >> [v2:172.21.15.94:3300/0,v1:172.21.15.94:6789/0] conn(0x7fcc9c07de90 0x7fcc9c07c2f0 secure :-1 s=READY pgs=49 cs=0 l=1 rev1=1 crypto rx=0x7fcc98009820 tx=0x7fcc9802a270 comp rx=0 tx=0).ready entity=mon.0 client_cookie=b8a4c7d831e858ac server_cookie=0 in_seq=0 out_seq=0
2024-09-19T09:17:01.957 INFO:teuthology.orchestra.run.smithi094.stdout:/usr/bin/ceph: stderr
2024-09-19T09:17:00.404+0000 7fcca0abf640 1 -- 172.21.15.94:0/814360767 <== mon.0 v2:172.21.15.94:3300/0 1 ==== mon_map magic: 0 ==== 205+0+0 (secure 0 0 0) 0x7fcc98037070 con 0x7fcc9c07de90
2024-09-19T09:17:01.957 INFO:teuthology.orchestra.run.smithi094.stdout:/usr/bin/ceph: stderr
2024-09-19T09:17:00.404+0000 7fcca0abf640 1 -- 172.21.15.94:0/814360767 <== mon.0 v2:172.21.15.94:3300/0 2 ==== config(28 keys) ==== 1171+0+0 (secure 0 0 0) 0x7fcc98032940 con 0x7fcc9c07de90
2024-09-19T09:17:01.957 INFO:teuthology.orchestra.run.smithi094.stdout:/usr/bin/ceph: stderr
2024-09-19T09:17:00.404+0000 7fcca0abf640 1 -- 172.21.15.94:0/814360767 <== mon.0 v2:172.21.15.94:3300/0 3 ==== mon_map magic: 0 ==== 205+0+0 (secure 0 0 0) 0x7fcc980308b0 con 0x7fcc9c07de90
2024-09-19T09:17:01.957 INFO:teuthology.orchestra.run.smithi094.stdout:/usr/bin/ceph: stderr
2024-09-19T09:17:00.405+0000 7fcca3d25640 1 -- 172.21.15.94:0/814360767 >> [v2:172.21.15.94:3300/0,v1:172.21.15.94:6789/0] conn(0x7fcc9c07de90 msgr2=0x7fcc9c07c2f0 secure :-1 s=STATE_CONNECTION_ESTABLISHED l=1).mark_down
2024-09-19T09:17:01.957 INFO:teuthology.orchestra.run.smithi094.stdout:/usr/bin/ceph: stderr
2024-09-19T09:17:00.405+0000 7fcca3d25640 1 --2- 172.21.15.94:0/814360767 >> [v2:172.21.15.94:3300/0,v1:172.21.15.94:6789/0] conn(0x7fcc9c07de90 0x7fcc9c07c2f0 secure :-1 s=READY pgs=49 cs=0 l=1 rev1=1 crypto rx=0x7fcc98009820 tx=0x7fcc9802a270 comp rx=0 tx=0).stop
2024-09-19T09:17:01.957 INFO:teuthology.orchestra.run.smithi094.stdout:/usr/bin/ceph: stderr
2024-09-19T09:17:00.405+0000 7fcca3d25640 1 -- 172.21.15.94:0/814360767 shutdown_connections
2024-09-19T09:17:01.957 INFO:teuthology.orchestra.run.smithi094.stdout:/usr/bin/ceph: stderr
2024-09-19T09:17:00.405+0000 7fcca3d25640 1 --2- 172.21.15.94:0/814360767 >> [v2:172.21.15.94:3300/0,v1:172.21.15.94:6789/0] conn(0x7fcc9c07de90 0x7fcc9c07c2f0 unknown :-1 s=CLOSED pgs=49 cs=0 l=1 rev1=1 crypto rx=0 tx=0 comp rx=0 tx=0).stop
2024-09-19T09:17:01.957 INFO:teuthology.orchestra.run.smithi094.stdout:/usr/bin/ceph: stderr
2024-09-19T09:17:00.405+0000 7fcca3d25640 1 -- 172.21.15.94:0/814360767 >> 172.21.15.94:0/814360767 conn(0x7fcc9c102ee0 msgr2=0x7fcc9c105300 unknown :-1 s=STATE_NONE l=0).mark_down
2024-09-19T09:17:01.957 INFO:teuthology.orchestra.run.smithi094.stdout:/usr/bin/ceph: stderr
2024-09-19T09:17:00.405+0000 7fcca3d25640 1 -- 172.21.15.94:0/814360767 shutdown_connections
2024-09-19T09:17:01.957 INFO:teuthology.orchestra.run.smithi094.stdout:/usr/bin/ceph: stderr
2024-09-19T09:17:00.405+0000 7fcca3d25640 1 -- 172.21.15.94:0/814360767 wait complete.
2024-09-19T09:17:01.957 INFO:teuthology.orchestra.run.smithi094.stdout:/usr/bin/ceph: stderr
2024-09-19T09:17:00.405+0000 7fcca3d25640 1 Processor -- start
2024-09-19T09:17:01.958 INFO:teuthology.orchestra.run.smithi094.stdout:/usr/bin/ceph: stderr
2024-09-19T09:17:00.406+0000 7fcca3d25640 1 -- start start
2024-09-19T09:17:01.958 INFO:teuthology.orchestra.run.smithi094.stdout:/usr/bin/ceph: stderr
2024-09-19T09:17:00.406+0000 7fcca3d25640 1 --2- >> [v2:172.21.15.94:3300/0,v1:172.21.15.94:6789/0] conn(0x7fcc9c07de90 0x7fcc9c19d9e0 unknown :-1 s=NONE pgs=0 cs=0 l=1 rev1=0 crypto rx=0 tx=0 comp rx=0 tx=0).connect
2024-09-19T09:17:01.958 INFO:teuthology.orchestra.run.smithi094.stdout:/usr/bin/ceph: stderr
2024-09-19T09:17:00.406+0000 7fcca3d25640 1 -- --> [v2:172.21.15.94:3300/0,v1:172.21.15.94:6789/0] -- mon_getmap magic: 0 -- 0x7fcc9c10de40 con 0x7fcc9c07de90
2024-09-19T09:17:01.958 INFO:teuthology.orchestra.run.smithi094.stdout:/usr/bin/ceph: stderr
2024-09-19T09:17:00.406+0000 7fcca1ac1640 1 --2- >> [v2:172.21.15.94:3300/0,v1:172.21.15.94:6789/0] conn(0x7fcc9c07de90 0x7fcc9c19d9e0 unknown :-1 s=BANNER_CONNECTING pgs=0 cs=0 l=1 rev1=0 crypto rx=0 tx=0 comp rx=0 tx=0)._handle_peer_banner_payload supported=3 required=0
2024-09-19T09:17:01.958 INFO:teuthology.orchestra.run.smithi094.stdout:/usr/bin/ceph: stderr
2024-09-19T09:17:00.406+0000 7fcca1ac1640 1 --2- >> [v2:172.21.15.94:3300/0,v1:172.21.15.94:6789/0] conn(0x7fcc9c07de90 0x7fcc9c19d9e0 unknown :-1 s=HELLO_CONNECTING pgs=0 cs=0 l=1 rev1=1 crypto rx=0 tx=0 comp rx=0 tx=0).handle_hello peer v2:172.21.15.94:3300/0 says I am v2:172.21.15.94:60446/0 (socket says 172.21.15.94:60446)
2024-09-19T09:17:01.958 INFO:teuthology.orchestra.run.smithi094.stdout:/usr/bin/ceph: stderr
2024-09-19T09:17:00.406+0000 7fcca1ac1640 1 -- 172.21.15.94:0/2000556007 learned_addr learned my addr 172.21.15.94:0/2000556007 (peer_addr_for_me v2:172.21.15.94:0/0)
2024-09-19T09:17:01.958 INFO:teuthology.orchestra.run.smithi094.stdout:/usr/bin/ceph: stderr
2024-09-19T09:17:00.406+0000 7fcca1ac1640 1 -- 172.21.15.94:0/2000556007 --> [v2:172.21.15.94:3300/0,v1:172.21.15.94:6789/0] -- mon_subscribe({config=0+,monmap=0+}) -- 0x7fcc9c19df20 con 0x7fcc9c07de90
2024-09-19T09:17:01.958 INFO:teuthology.orchestra.run.smithi094.stdout:/usr/bin/ceph: stderr
2024-09-19T09:17:00.406+0000 7fcca1ac1640 1 --2- 172.21.15.94:0/2000556007 >> [v2:172.21.15.94:3300/0,v1:172.21.15.94:6789/0] conn(0x7fcc9c07de90 0x7fcc9c19d9e0 secure :-1 s=READY pgs=50 cs=0 l=1 rev1=1 crypto rx=0x7fcc98009940 tx=0x7fcc98032670 comp rx=0 tx=0).ready entity=mon.0 client_cookie=0 server_cookie=0 in_seq=0 out_seq=0
2024-09-19T09:17:01.958 INFO:teuthology.orchestra.run.smithi094.stdout:/usr/bin/ceph: stderr
2024-09-19T09:17:00.406+0000 7fcc92ffd640 1 -- 172.21.15.94:0/2000556007 <== mon.0 v2:172.21.15.94:3300/0 1 ==== mon_map magic: 0 ==== 205+0+0 (secure 0 0 0) 0x7fcc98042070 con 0x7fcc9c07de90
2024-09-19T09:17:01.958 INFO:teuthology.orchestra.run.smithi094.stdout:/usr/bin/ceph: stderr
2024-09-19T09:17:00.406+0000 7fcc92ffd640 1 -- 172.21.15.94:0/2000556007 <== mon.0 v2:172.21.15.94:3300/0 2 ==== config(28 keys) ==== 1171+0+0 (secure 0 0 0) 0x7fcc98030e60 con 0x7fcc9c07de90
2024-09-19T09:17:01.958 INFO:teuthology.orchestra.run.smithi094.stdout:/usr/bin/ceph: stderr
2024-09-19T09:17:00.406+0000 7fcca3d25640 1 -- 172.21.15.94:0/2000556007 --> [v2:172.21.15.94:3300/0,v1:172.21.15.94:6789/0] -- mon_subscribe({mgrmap=0+}) -- 0x7fcc9c19e1b0 con 0x7fcc9c07de90
2024-09-19T09:17:01.959 INFO:teuthology.orchestra.run.smithi094.stdout:/usr/bin/ceph: stderr
2024-09-19T09:17:00.406+0000 7fcc92ffd640 1 -- 172.21.15.94:0/2000556007 <== mon.0 v2:172.21.15.94:3300/0 3 ==== mon_map magic: 0 ==== 205+0+0 (secure 0 0 0) 0x7fcc98037040 con 0x7fcc9c07de90
2024-09-19T09:17:01.959 INFO:teuthology.orchestra.run.smithi094.stdout:/usr/bin/ceph: stderr
2024-09-19T09:17:00.407+0000 7fcca3d25640 1 -- 172.21.15.94:0/2000556007 --> [v2:172.21.15.94:3300/0,v1:172.21.15.94:6789/0] -- mon_subscribe({osdmap=0}) -- 0x7fcc9c1a0ea0 con 0x7fcc9c07de90
2024-09-19T09:17:01.959 INFO:teuthology.orchestra.run.smithi094.stdout:/usr/bin/ceph: stderr
2024-09-19T09:17:00.407+0000 7fcc92ffd640 1 -- 172.21.15.94:0/2000556007 <== mon.0 v2:172.21.15.94:3300/0 4 ==== mgrmap(e 8) ==== 46461+0+0 (secure 0 0 0) 0x7fcc98045070 con 0x7fcc9c07de90
2024-09-19T09:17:01.959 INFO:teuthology.orchestra.run.smithi094.stdout:/usr/bin/ceph: stderr
2024-09-19T09:17:00.407+0000 7fcc92ffd640 1 --2- 172.21.15.94:0/2000556007 >> [v2:172.21.15.94:6800/366190540,v1:172.21.15.94:6801/366190540] conn(0x7fcc880391b0 0x7fcc8803b670 unknown :-1 s=NONE pgs=0 cs=0 l=1 rev1=0 crypto rx=0 tx=0 comp rx=0 tx=0).connect
2024-09-19T09:17:01.959 INFO:teuthology.orchestra.run.smithi094.stdout:/usr/bin/ceph: stderr
2024-09-19T09:17:00.407+0000 7fcc92ffd640 1 -- 172.21.15.94:0/2000556007 <== mon.0 v2:172.21.15.94:3300/0 5 ==== osd_map(2..2 src has 1..2) ==== 940+0+0 (secure 0 0 0) 0x7fcc9806c330 con 0x7fcc9c07de90
2024-09-19T09:17:01.959 INFO:teuthology.orchestra.run.smithi094.stdout:/usr/bin/ceph: stderr
2024-09-19T09:17:00.407+0000 7fcca12c0640 1 --2- 172.21.15.94:0/2000556007 >> [v2:172.21.15.94:6800/366190540,v1:172.21.15.94:6801/366190540] conn(0x7fcc880391b0 0x7fcc8803b670 unknown :-1 s=BANNER_CONNECTING pgs=0 cs=0 l=1 rev1=0 crypto rx=0 tx=0 comp rx=0 tx=0)._handle_peer_banner_payload supported=3 required=0
2024-09-19T09:17:01.959 INFO:teuthology.orchestra.run.smithi094.stdout:/usr/bin/ceph: stderr
2024-09-19T09:17:00.408+0000 7fcca3d25640 1 -- 172.21.15.94:0/2000556007 --> [v2:172.21.15.94:3300/0,v1:172.21.15.94:6789/0] -- mon_command({"prefix": "get_command_descriptions"} v 0) -- 0x7fcc9c07c370 con 0x7fcc9c07de90
2024-09-19T09:17:01.959 INFO:teuthology.orchestra.run.smithi094.stdout:/usr/bin/ceph: stderr
2024-09-19T09:17:00.408+0000 7fcca12c0640 1 --2- 172.21.15.94:0/2000556007 >> [v2:172.21.15.94:6800/366190540,v1:172.21.15.94:6801/366190540] conn(0x7fcc880391b0 0x7fcc8803b670 secure :-1 s=READY pgs=14 cs=0 l=1 rev1=1 crypto rx=0x7fcc8c0098c0 tx=0x7fcc8c006db0 comp rx=0 tx=0).ready entity=mgr.14118 client_cookie=0 server_cookie=0 in_seq=0 out_seq=0
2024-09-19T09:17:01.959 INFO:teuthology.orchestra.run.smithi094.stdout:/usr/bin/ceph: stderr
2024-09-19T09:17:00.412+0000 7fcc92ffd640 1 -- 172.21.15.94:0/2000556007 <== mon.0 v2:172.21.15.94:3300/0 6 ==== mon_command_ack([{"prefix": "get_command_descriptions"}]=0 v0) ==== 72+0+188913 (secure 0 0 0) 0x7fcc9803cdb0 con 0x7fcc9c07de90
2024-09-19T09:17:01.959 INFO:teuthology.orchestra.run.smithi094.stdout:/usr/bin/ceph: stderr
2024-09-19T09:17:00.591+0000 7fcca3d25640 1 -- 172.21.15.94:0/2000556007 --> [v2:172.21.15.94:3300/0,v1:172.21.15.94:6789/0] -- mon_command([{prefix=config set, name=mgr/cephadm/container_init}] v 0) -- 0x7fcc9c1a1360 con 0x7fcc9c07de90
2024-09-19T09:17:01.960 INFO:teuthology.orchestra.run.smithi094.stdout:/usr/bin/ceph: stderr
2024-09-19T09:17:00.594+0000 7fcc92ffd640 1 -- 172.21.15.94:0/2000556007 <== mon.0 v2:172.21.15.94:3300/0 7 ==== mon_command_ack([{prefix=config set, name=mgr/cephadm/container_init}]=0 v7)=0 v7) ==== 142+0+0 (secure 0 0 0) 0x7fcc9803c870 con 0x7fcc9c07de90
2024-09-19T09:17:01.960 INFO:teuthology.orchestra.run.smithi094.stdout:/usr/bin/ceph: stderr
2024-09-19T09:17:00.597+0000 7fcca3d25640 1 -- 172.21.15.94:0/2000556007 >> [v2:172.21.15.94:6800/366190540,v1:172.21.15.94:6801/366190540] conn(0x7fcc880391b0 msgr2=0x7fcc8803b670 secure :-1 s=STATE_CONNECTION_ESTABLISHED l=1).mark_down
2024-09-19T09:17:01.960 INFO:teuthology.orchestra.run.smithi094.stdout:/usr/bin/ceph: stderr
2024-09-19T09:17:00.597+0000 7fcca3d25640 1 --2- 172.21.15.94:0/2000556007 >> [v2:172.21.15.94:6800/366190540,v1:172.21.15.94:6801/366190540] conn(0x7fcc880391b0 0x7fcc8803b670 secure :-1 s=READY pgs=14 cs=0 l=1 rev1=1 crypto rx=0x7fcc8c0098c0 tx=0x7fcc8c006db0 comp rx=0 tx=0).stop
2024-09-19T09:17:01.960 INFO:teuthology.orchestra.run.smithi094.stdout:/usr/bin/ceph: stderr
2024-09-19T09:17:00.597+0000 7fcca3d25640 1 -- 172.21.15.94:0/2000556007 >> [v2:172.21.15.94:3300/0,v1:172.21.15.94:6789/0] conn(0x7fcc9c07de90 msgr2=0x7fcc9c19d9e0 secure :-1 s=STATE_CONNECTION_ESTABLISHED l=1).mark_down
2024-09-19T09:17:01.960 INFO:teuthology.orchestra.run.smithi094.stdout:/usr/bin/ceph: stderr
2024-09-19T09:17:00.597+0000 7fcca3d25640 1 --2- 172.21.15.94:0/2000556007 >> [v2:172.21.15.94:3300/0,v1:172.21.15.94:6789/0] conn(0x7fcc9c07de90 0x7fcc9c19d9e0 secure :-1 s=READY pgs=50 cs=0 l=1 rev1=1 crypto rx=0x7fcc98009940 tx=0x7fcc98032670 comp rx=0 tx=0).stop
2024-09-19T09:17:01.960 INFO:teuthology.orchestra.run.smithi094.stdout:/usr/bin/ceph: stderr
2024-09-19T09:17:00.597+0000 7fcca3d25640 1 -- 172.21.15.94:0/2000556007 shutdown_connections
2024-09-19T09:17:01.960 INFO:teuthology.orchestra.run.smithi094.stdout:/usr/bin/ceph: stderr
2024-09-19T09:17:00.597+0000 7fcca3d25640 1 --2- 172.21.15.94:0/2000556007 >> [v2:172.21.15.94:6800/366190540,v1:172.21.15.94:6801/366190540] conn(0x7fcc880391b0 0x7fcc8803b670 unknown :-1 s=CLOSED pgs=14 cs=0 l=1 rev1=1 crypto rx=0 tx=0 comp rx=0 tx=0).stop
2024-09-19T09:17:01.960 INFO:teuthology.orchestra.run.smithi094.stdout:/usr/bin/ceph: stderr
2024-09-19T09:17:00.597+0000 7fcca3d25640 1 --2- 172.21.15.94:0/2000556007 >> [v2:172.21.15.94:3300/0,v1:172.21.15.94:6789/0] conn(0x7fcc9c07de90 0x7fcc9c19d9e0 unknown :-1 s=CLOSED pgs=50 cs=0 l=1 rev1=1 crypto rx=0 tx=0 comp rx=0 tx=0).stop
2024-09-19T09:17:01.960 INFO:teuthology.orchestra.run.smithi094.stdout:/usr/bin/ceph: stderr
2024-09-19T09:17:00.597+0000 7fcca3d25640 1 -- 172.21.15.94:0/2000556007 >> 172.21.15.94:0/2000556007 conn(0x7fcc9c102ee0 msgr2=0x7fcc9c103ab0 unknown :-1 s=STATE_NONE l=0).mark_down
2024-09-19T09:17:01.960 INFO:teuthology.orchestra.run.smithi094.stdout:/usr/bin/ceph: stderr
2024-09-19T09:17:00.597+0000 7fcca3d25640 1 -- 172.21.15.94:0/2000556007 shutdown_connections
2024-09-19T09:17:01.960 INFO:teuthology.orchestra.run.smithi094.stdout:/usr/bin/ceph: stderr
2024-09-19T09:17:00.597+0000 7fcca3d25640 1 -- 172.21.15.94:0/2000556007 wait complete.
2024-09-19T09:17:03.143 INFO:teuthology.orchestra.run.smithi094.stdout:/usr/bin/ceph: stderr
2024-09-19T09:17:02.371+0000 7f35bf39b640 1 Processor -- start
2024-09-19T09:17:03.143 INFO:teuthology.orchestra.run.smithi094.stdout:/usr/bin/ceph: stderr
2024-09-19T09:17:02.371+0000 7f35bf39b640 1 -- start start
2024-09-19T09:17:03.144 INFO:teuthology.orchestra.run.smithi094.stdout:/usr/bin/ceph: stderr
2024-09-19T09:17:02.371+0000 7f35bf39b640 1 --2- >> [v2:172.21.15.94:3300/0,v1:172.21.15.94:6789/0] conn(0x7f35b8105ff0 0x7f35b81063f0 unknown :-1 s=NONE pgs=0 cs=0 l=0 rev1=0 crypto rx=0 tx=0 comp rx=0 tx=0).connect
2024-09-19T09:17:03.145 INFO:teuthology.orchestra.run.smithi094.stdout:/usr/bin/ceph: stderr
2024-09-19T09:17:02.371+0000 7f35bf39b640 1 -- --> [v2:172.21.15.94:3300/0,v1:172.21.15.94:6789/0] -- mon_getmap magic: 0 -- 0x7f35b807be20 con 0x7f35b8105ff0
2024-09-19T09:17:03.145 INFO:teuthology.orchestra.run.smithi094.stdout:/usr/bin/ceph: stderr
2024-09-19T09:17:02.372+0000 7f35bd137640 1 --2- >> [v2:172.21.15.94:3300/0,v1:172.21.15.94:6789/0] conn(0x7f35b8105ff0 0x7f35b81063f0 unknown :-1 s=BANNER_CONNECTING pgs=0 cs=0 l=0 rev1=0 crypto rx=0 tx=0 comp rx=0 tx=0)._handle_peer_banner_payload supported=3 required=0
2024-09-19T09:17:03.145 INFO:teuthology.orchestra.run.smithi094.stdout:/usr/bin/ceph: stderr
2024-09-19T09:17:02.372+0000 7f35bd137640 1 --2- >> [v2:172.21.15.94:3300/0,v1:172.21.15.94:6789/0] conn(0x7f35b8105ff0 0x7f35b81063f0 unknown :-1 s=HELLO_CONNECTING pgs=0 cs=0 l=0 rev1=1 crypto rx=0 tx=0 comp rx=0 tx=0).handle_hello peer v2:172.21.15.94:3300/0 says I am v2:172.21.15.94:60456/0 (socket says 172.21.15.94:60456)
2024-09-19T09:17:03.145 INFO:teuthology.orchestra.run.smithi094.stdout:/usr/bin/ceph: stderr
2024-09-19T09:17:02.372+0000 7f35bd137640 1 -- 172.21.15.94:0/4008528968 learned_addr learned my addr 172.21.15.94:0/4008528968 (peer_addr_for_me v2:172.21.15.94:0/0)
2024-09-19T09:17:03.145 INFO:teuthology.orchestra.run.smithi094.stdout:/usr/bin/ceph: stderr
2024-09-19T09:17:02.372+0000 7f35bd137640 1 -- 172.21.15.94:0/4008528968 --> [v2:172.21.15.94:3300/0,v1:172.21.15.94:6789/0] -- mon_subscribe({config=0+,monmap=0+}) -- 0x7f35b8106930 con 0x7f35b8105ff0
2024-09-19T09:17:03.145 INFO:teuthology.orchestra.run.smithi094.stdout:/usr/bin/ceph: stderr
2024-09-19T09:17:02.373+0000 7f35bd137640 1 --2- 172.21.15.94:0/4008528968 >> [v2:172.21.15.94:3300/0,v1:172.21.15.94:6789/0] conn(0x7f35b8105ff0 0x7f35b81063f0 secure :-1 s=READY pgs=51 cs=0 l=1 rev1=1 crypto rx=0x7f35b4009820 tx=0x7f35b402a270 comp rx=0 tx=0).ready entity=mon.0 client_cookie=f087e7a612d6b0d8 server_cookie=0 in_seq=0 out_seq=0
2024-09-19T09:17:03.145 INFO:teuthology.orchestra.run.smithi094.stdout:/usr/bin/ceph: stderr
2024-09-19T09:17:02.373+0000 7f35affff640 1 -- 172.21.15.94:0/4008528968 <== mon.0 v2:172.21.15.94:3300/0 1 ==== mon_map magic: 0 ==== 205+0+0 (secure 0 0 0) 0x7f35b4037070 con 0x7f35b8105ff0
2024-09-19T09:17:03.149 INFO:teuthology.orchestra.run.smithi094.stdout:/usr/bin/ceph: stderr
2024-09-19T09:17:02.373+0000 7f35affff640 1 -- 172.21.15.94:0/4008528968 <== mon.0 v2:172.21.15.94:3300/0 2 ==== config(28 keys) ==== 1171+0+0 (secure 0 0 0) 0x7f35b4032940 con 0x7f35b8105ff0
2024-09-19T09:17:03.149 INFO:teuthology.orchestra.run.smithi094.stdout:/usr/bin/ceph: stderr
2024-09-19T09:17:02.373+0000 7f35affff640 1 -- 172.21.15.94:0/4008528968 <== mon.0 v2:172.21.15.94:3300/0 3 ==== mon_map magic: 0 ==== 205+0+0 (secure 0 0 0) 0x7f35b40308b0 con 0x7f35b8105ff0
2024-09-19T09:17:03.149 INFO:teuthology.orchestra.run.smithi094.stdout:/usr/bin/ceph: stderr
2024-09-19T09:17:02.374+0000 7f35bf39b640 1 -- 172.21.15.94:0/4008528968 >> [v2:172.21.15.94:3300/0,v1:172.21.15.94:6789/0] conn(0x7f35b8105ff0 msgr2=0x7f35b81063f0 secure :-1 s=STATE_CONNECTION_ESTABLISHED l=1).mark_down
2024-09-19T09:17:03.149 INFO:teuthology.orchestra.run.smithi094.stdout:/usr/bin/ceph: stderr
2024-09-19T09:17:02.374+0000 7f35bf39b640 1 --2- 172.21.15.94:0/4008528968 >> [v2:172.21.15.94:3300/0,v1:172.21.15.94:6789/0] conn(0x7f35b8105ff0 0x7f35b81063f0 secure :-1 s=READY pgs=51 cs=0 l=1 rev1=1 crypto rx=0x7f35b4009820 tx=0x7f35b402a270 comp rx=0 tx=0).stop
2024-09-19T09:17:03.149 INFO:teuthology.orchestra.run.smithi094.stdout:/usr/bin/ceph: stderr
2024-09-19T09:17:02.374+0000 7f35bf39b640 1 -- 172.21.15.94:0/4008528968 shutdown_connections
2024-09-19T09:17:03.157 INFO:teuthology.orchestra.run.smithi094.stdout:/usr/bin/ceph: stderr
2024-09-19T09:17:02.374+0000 7f35bf39b640 1 --2- 172.21.15.94:0/4008528968 >> [v2:172.21.15.94:3300/0,v1:172.21.15.94:6789/0] conn(0x7f35b8105ff0 0x7f35b81063f0 unknown :-1 s=CLOSED pgs=51 cs=0 l=1 rev1=1 crypto rx=0 tx=0 comp rx=0 tx=0).stop
2024-09-19T09:17:03.157 INFO:teuthology.orchestra.run.smithi094.stdout:/usr/bin/ceph: stderr
2024-09-19T09:17:02.374+0000 7f35bf39b640 1 -- 172.21.15.94:0/4008528968 >> 172.21.15.94:0/4008528968 conn(0x7f35b8101de0 msgr2=0x7f35b8104200 unknown :-1 s=STATE_NONE l=0).mark_down
2024-09-19T09:17:03.157 INFO:teuthology.orchestra.run.smithi094.stdout:/usr/bin/ceph: stderr
2024-09-19T09:17:02.374+0000 7f35bf39b640 1 -- 172.21.15.94:0/4008528968 shutdown_connections
2024-09-19T09:17:03.157 INFO:teuthology.orchestra.run.smithi094.stdout:/usr/bin/ceph: stderr
2024-09-19T09:17:02.374+0000 7f35bf39b640 1 -- 172.21.15.94:0/4008528968 wait complete.
2024-09-19T09:17:03.157 INFO:teuthology.orchestra.run.smithi094.stdout:/usr/bin/ceph: stderr
2024-09-19T09:17:02.375+0000 7f35bf39b640 1 Processor -- start
2024-09-19T09:17:03.157 INFO:teuthology.orchestra.run.smithi094.stdout:/usr/bin/ceph: stderr
2024-09-19T09:17:02.375+0000 7f35bf39b640 1 -- start start
2024-09-19T09:17:03.157 INFO:teuthology.orchestra.run.smithi094.stdout:/usr/bin/ceph: stderr
2024-09-19T09:17:02.375+0000 7f35bf39b640 1 --2- >> [v2:172.21.15.94:3300/0,v1:172.21.15.94:6789/0] conn(0x7f35b8105ff0 0x7f35b819d980 unknown :-1 s=NONE pgs=0 cs=0 l=1 rev1=0 crypto rx=0 tx=0 comp rx=0 tx=0).connect
2024-09-19T09:17:03.160 INFO:teuthology.orchestra.run.smithi094.stdout:/usr/bin/ceph: stderr
2024-09-19T09:17:02.375+0000 7f35bf39b640 1 -- --> [v2:172.21.15.94:3300/0,v1:172.21.15.94:6789/0] -- mon_getmap magic: 0 -- 0x7f35b8107ad0 con 0x7f35b8105ff0
2024-09-19T09:17:03.160 INFO:teuthology.orchestra.run.smithi094.stdout:/usr/bin/ceph: stderr
2024-09-19T09:17:02.375+0000 7f35bd137640 1 --2- >> [v2:172.21.15.94:3300/0,v1:172.21.15.94:6789/0] conn(0x7f35b8105ff0 0x7f35b819d980 unknown :-1 s=BANNER_CONNECTING pgs=0 cs=0 l=1 rev1=0 crypto rx=0 tx=0 comp rx=0 tx=0)._handle_peer_banner_payload supported=3 required=0
2024-09-19T09:17:03.160 INFO:teuthology.orchestra.run.smithi094.stdout:/usr/bin/ceph: stderr
2024-09-19T09:17:02.375+0000 7f35bd137640 1 --2- >> [v2:172.21.15.94:3300/0,v1:172.21.15.94:6789/0] conn(0x7f35b8105ff0 0x7f35b819d980 unknown :-1 s=HELLO_CONNECTING pgs=0 cs=0 l=1 rev1=1 crypto rx=0 tx=0 comp rx=0 tx=0).handle_hello peer v2:172.21.15.94:3300/0 says I am v2:172.21.15.94:60466/0 (socket says 172.21.15.94:60466)
2024-09-19T09:17:03.160 INFO:teuthology.orchestra.run.smithi094.stdout:/usr/bin/ceph: stderr
2024-09-19T09:17:02.375+0000 7f35bd137640 1 -- 172.21.15.94:0/224469556 learned_addr learned my addr 172.21.15.94:0/224469556 (peer_addr_for_me v2:172.21.15.94:0/0)
2024-09-19T09:17:03.160 INFO:teuthology.orchestra.run.smithi094.stdout:/usr/bin/ceph: stderr
2024-09-19T09:17:02.375+0000 7f35bd137640 1 -- 172.21.15.94:0/224469556 --> [v2:172.21.15.94:3300/0,v1:172.21.15.94:6789/0] -- mon_subscribe({config=0+,monmap=0+}) -- 0x7f35b819dec0 con 0x7f35b8105ff0
2024-09-19T09:17:03.161 INFO:teuthology.orchestra.run.smithi094.stdout:/usr/bin/ceph: stderr
2024-09-19T09:17:02.376+0000 7f35bd137640 1 --2- 172.21.15.94:0/224469556 >> [v2:172.21.15.94:3300/0,v1:172.21.15.94:6789/0] conn(0x7f35b8105ff0 0x7f35b819d980 secure :-1 s=READY pgs=52 cs=0 l=1 rev1=1 crypto rx=0x7f35b4032670 tx=0x7f35b40326a0 comp rx=0 tx=0).ready entity=mon.0 client_cookie=0 server_cookie=0 in_seq=0 out_seq=0
2024-09-19T09:17:03.161 INFO:teuthology.orchestra.run.smithi094.stdout:/usr/bin/ceph: stderr
2024-09-19T09:17:02.376+0000 7f35ae7fc640 1 -- 172.21.15.94:0/224469556 <== mon.0 v2:172.21.15.94:3300/0 1 ==== mon_map magic: 0 ==== 205+0+0 (secure 0 0 0) 0x7f35b4042070 con 0x7f35b8105ff0
2024-09-19T09:17:03.161 INFO:teuthology.orchestra.run.smithi094.stdout:/usr/bin/ceph: stderr
2024-09-19T09:17:02.376+0000 7f35bf39b640 1 -- 172.21.15.94:0/224469556 --> [v2:172.21.15.94:3300/0,v1:172.21.15.94:6789/0] -- mon_subscribe({mgrmap=0+}) -- 0x7f35b819e150 con 0x7f35b8105ff0
2024-09-19T09:17:03.161 INFO:teuthology.orchestra.run.smithi094.stdout:/usr/bin/ceph: stderr
2024-09-19T09:17:02.376+0000 7f35ae7fc640 1 -- 172.21.15.94:0/224469556 <== mon.0 v2:172.21.15.94:3300/0 2 ==== config(28 keys) ==== 1171+0+0 (secure 0 0 0) 0x7f35b4030e60 con 0x7f35b8105ff0
2024-09-19T09:17:03.161 INFO:teuthology.orchestra.run.smithi094.stdout:/usr/bin/ceph: stderr
2024-09-19T09:17:02.376+0000 7f35ae7fc640 1 -- 172.21.15.94:0/224469556 <== mon.0 v2:172.21.15.94:3300/0 3 ==== mon_map magic: 0 ==== 205+0+0 (secure 0 0 0) 0x7f35b4037040 con 0x7f35b8105ff0
2024-09-19T09:17:03.161 INFO:teuthology.orchestra.run.smithi094.stdout:/usr/bin/ceph: stderr
2024-09-19T09:17:02.376+0000 7f35bf39b640 1 -- 172.21.15.94:0/224469556 --> [v2:172.21.15.94:3300/0,v1:172.21.15.94:6789/0] -- mon_subscribe({osdmap=0}) -- 0x7f35b81a0e40 con 0x7f35b8105ff0
2024-09-19T09:17:03.161 INFO:teuthology.orchestra.run.smithi094.stdout:/usr/bin/ceph: stderr
2024-09-19T09:17:02.377+0000 7f35ae7fc640 1 -- 172.21.15.94:0/224469556 <== mon.0 v2:172.21.15.94:3300/0 4 ==== mgrmap(e 8) ==== 46461+0+0 (secure 0 0 0) 0x7f35b4045070 con 0x7f35b8105ff0
2024-09-19T09:17:03.161 INFO:teuthology.orchestra.run.smithi094.stdout:/usr/bin/ceph: stderr
2024-09-19T09:17:02.377+0000 7f35bf39b640 1 -- 172.21.15.94:0/224469556 --> [v2:172.21.15.94:3300/0,v1:172.21.15.94:6789/0] -- mon_command({"prefix": "get_command_descriptions"} v 0) -- 0x7f35b81063f0 con 0x7f35b8105ff0
2024-09-19T09:17:03.161 INFO:teuthology.orchestra.run.smithi094.stdout:/usr/bin/ceph: stderr
2024-09-19T09:17:02.378+0000 7f35ae7fc640 1 --2- 172.21.15.94:0/224469556 >> [v2:172.21.15.94:6800/366190540,v1:172.21.15.94:6801/366190540] conn(0x7f35a40391b0 0x7f35a403b670 unknown :-1 s=NONE pgs=0 cs=0 l=1 rev1=0 crypto rx=0 tx=0 comp rx=0 tx=0).connect
2024-09-19T09:17:03.161 INFO:teuthology.orchestra.run.smithi094.stdout:/usr/bin/ceph: stderr
2024-09-19T09:17:02.378+0000 7f35ae7fc640 1 -- 172.21.15.94:0/224469556 <== mon.0 v2:172.21.15.94:3300/0 5 ==== osd_map(2..2 src has 1..2) ==== 940+0+0 (secure 0 0 0) 0x7f35b406c3b0 con 0x7f35b8105ff0
2024-09-19T09:17:03.161 INFO:teuthology.orchestra.run.smithi094.stdout:/usr/bin/ceph: stderr
2024-09-19T09:17:02.378+0000 7f35bc936640 1 --2- 172.21.15.94:0/224469556 >> [v2:172.21.15.94:6800/366190540,v1:172.21.15.94:6801/366190540] conn(0x7f35a40391b0 0x7f35a403b670 unknown :-1 s=BANNER_CONNECTING pgs=0 cs=0 l=1 rev1=0 crypto rx=0 tx=0 comp rx=0 tx=0)._handle_peer_banner_payload supported=3 required=0
2024-09-19T09:17:03.161 INFO:teuthology.orchestra.run.smithi094.stdout:/usr/bin/ceph: stderr
2024-09-19T09:17:02.379+0000 7f35bc936640 1 --2- 172.21.15.94:0/224469556 >> [v2:172.21.15.94:6800/366190540,v1:172.21.15.94:6801/366190540] conn(0x7f35a40391b0 0x7f35a403b670 secure :-1 s=READY pgs=15 cs=0 l=1 rev1=1 crypto rx=0x7f35a80098c0 tx=0x7f35a8006db0 comp rx=0 tx=0).ready entity=mgr.14118 client_cookie=0 server_cookie=0 in_seq=0 out_seq=0
2024-09-19T09:17:03.161 INFO:teuthology.orchestra.run.smithi094.stdout:/usr/bin/ceph: stderr
2024-09-19T09:17:02.383+0000 7f35ae7fc640 1 -- 172.21.15.94:0/224469556 <== mon.0 v2:172.21.15.94:3300/0 6 ==== mon_command_ack([{"prefix": "get_command_descriptions"}]=0 v0) ==== 72+0+188913 (secure 0 0 0) 0x7f35b406bd40 con 0x7f35b8105ff0
2024-09-19T09:17:03.162 INFO:teuthology.orchestra.run.smithi094.stdout:/usr/bin/ceph: stderr
2024-09-19T09:17:02.565+0000 7f35bf39b640 1 -- 172.21.15.94:0/224469556 --> [v2:172.21.15.94:3300/0,v1:172.21.15.94:6789/0] -- mon_command([{prefix=config set, name=mgr/dashboard/ssl_server_port}] v 0) -- 0x7f35b802daa0 con 0x7f35b8105ff0
2024-09-19T09:17:03.162 INFO:teuthology.orchestra.run.smithi094.stdout:/usr/bin/ceph: stderr
2024-09-19T09:17:02.568+0000 7f35ae7fc640 1 -- 172.21.15.94:0/224469556 <== mon.0 v2:172.21.15.94:3300/0 7 ==== mon_command_ack([{prefix=config set, name=mgr/dashboard/ssl_server_port}]=0 v8)=0 v8) ==== 130+0+0 (secure 0 0 0) 0x7f35b403cd70 con 0x7f35b8105ff0
2024-09-19T09:17:03.162 INFO:teuthology.orchestra.run.smithi094.stdout:/usr/bin/ceph: stderr
2024-09-19T09:17:02.572+0000 7f35bf39b640 1 -- 172.21.15.94:0/224469556 >> [v2:172.21.15.94:6800/366190540,v1:172.21.15.94:6801/366190540] conn(0x7f35a40391b0 msgr2=0x7f35a403b670 secure :-1 s=STATE_CONNECTION_ESTABLISHED l=1).mark_down
2024-09-19T09:17:03.162 INFO:teuthology.orchestra.run.smithi094.stdout:/usr/bin/ceph: stderr
2024-09-19T09:17:02.572+0000 7f35bf39b640 1 --2- 172.21.15.94:0/224469556 >> [v2:172.21.15.94:6800/366190540,v1:172.21.15.94:6801/366190540] conn(0x7f35a40391b0 0x7f35a403b670 secure :-1 s=READY pgs=15 cs=0 l=1 rev1=1 crypto rx=0x7f35a80098c0 tx=0x7f35a8006db0 comp rx=0 tx=0).stop
2024-09-19T09:17:03.162 INFO:teuthology.orchestra.run.smithi094.stdout:/usr/bin/ceph: stderr
2024-09-19T09:17:02.572+0000 7f35bf39b640 1 -- 172.21.15.94:0/224469556 >> [v2:172.21.15.94:3300/0,v1:172.21.15.94:6789/0] conn(0x7f35b8105ff0 msgr2=0x7f35b819d980 secure :-1 s=STATE_CONNECTION_ESTABLISHED l=1).mark_down
2024-09-19T09:17:03.162 INFO:teuthology.orchestra.run.smithi094.stdout:/usr/bin/ceph: stderr
2024-09-19T09:17:02.572+0000 7f35bf39b640 1 --2- 172.21.15.94:0/224469556 >> [v2:172.21.15.94:3300/0,v1:172.21.15.94:6789/0] conn(0x7f35b8105ff0 0x7f35b819d980 secure :-1 s=READY pgs=52 cs=0 l=1 rev1=1 crypto rx=0x7f35b4032670 tx=0x7f35b40326a0 comp rx=0 tx=0).stop
2024-09-19T09:17:03.162 INFO:teuthology.orchestra.run.smithi094.stdout:/usr/bin/ceph: stderr
2024-09-19T09:17:02.572+0000 7f35bf39b640 1 -- 172.21.15.94:0/224469556 shutdown_connections
2024-09-19T09:17:03.162 INFO:teuthology.orchestra.run.smithi094.stdout:/usr/bin/ceph: stderr
2024-09-19T09:17:02.572+0000 7f35bf39b640 1 --2- 172.21.15.94:0/224469556 >> [v2:172.21.15.94:6800/366190540,v1:172.21.15.94:6801/366190540] conn(0x7f35a40391b0 0x7f35a403b670 unknown :-1 s=CLOSED pgs=15 cs=0 l=1 rev1=1 crypto rx=0 tx=0 comp rx=0 tx=0).stop
2024-09-19T09:17:03.162 INFO:teuthology.orchestra.run.smithi094.stdout:/usr/bin/ceph: stderr
2024-09-19T09:17:02.572+0000 7f35bf39b640 1 --2- 172.21.15.94:0/224469556 >> [v2:172.21.15.94:3300/0,v1:172.21.15.94:6789/0] conn(0x7f35b8105ff0 0x7f35b819d980 unknown :-1 s=CLOSED pgs=52 cs=0 l=1 rev1=1 crypto rx=0 tx=0 comp rx=0 tx=0).stop
2024-09-19T09:17:03.162 INFO:teuthology.orchestra.run.smithi094.stdout:/usr/bin/ceph: stderr
2024-09-19T09:17:02.572+0000 7f35bf39b640 1 -- 172.21.15.94:0/224469556 >> 172.21.15.94:0/224469556 conn(0x7f35b8101de0 msgr2=0x7f35b8194640 unknown :-1 s=STATE_NONE l=0).mark_down
2024-09-19T09:17:03.163 INFO:teuthology.orchestra.run.smithi094.stdout:/usr/bin/ceph: stderr
2024-09-19T09:17:02.572+0000 7f35bf39b640 1 -- 172.21.15.94:0/224469556 shutdown_connections
2024-09-19T09:17:03.163 INFO:teuthology.orchestra.run.smithi094.stdout:/usr/bin/ceph: stderr
2024-09-19T09:17:02.572+0000 7f35bf39b640 1 -- 172.21.15.94:0/224469556 wait complete.
2024-09-19T09:17:03.163 INFO:teuthology.orchestra.run.smithi094.stdout:Enabling the dashboard module...
2024-09-19T09:17:03.736 INFO:journalctl@ceph.mon.a.smithi094.stdout:Sep 19 09:17:03 smithi094 ceph-mon[30930]: from='client.? 172.21.15.94:0/224469556' entity='client.admin'
2024-09-19T09:17:04.901 INFO:journalctl@ceph.mon.a.smithi094.stdout:Sep 19 09:17:04 smithi094 ceph-mon[30930]: from='mgr.14118 172.21.15.94:0/2612765730' entity='mgr.x'
2024-09-19T09:17:04.901 INFO:journalctl@ceph.mon.a.smithi094.stdout:Sep 19 09:17:04 smithi094 ceph-mon[30930]: from='client.? 172.21.15.94:0/2118245282' entity='client.admin' cmd=[{"prefix": "mgr module enable", "module": "dashboard"}]: dispatch
2024-09-19T09:17:04.901 INFO:journalctl@ceph.mgr.x.smithi094.stdout:Sep 19 09:17:04 smithi094 ceph-a7fe9360-7667-11ef-bceb-c7b262605968-mgr-x[31160]: ignoring --setuser ceph since I am not root
2024-09-19T09:17:04.901 INFO:journalctl@ceph.mgr.x.smithi094.stdout:Sep 19 09:17:04 smithi094 ceph-a7fe9360-7667-11ef-bceb-c7b262605968-mgr-x[31160]: ignoring --setgroup ceph since I am not root
2024-09-19T09:17:04.901 INFO:journalctl@ceph.mgr.x.smithi094.stdout:Sep 19 09:17:04 smithi094 ceph-a7fe9360-7667-11ef-bceb-c7b262605968-mgr-x[31160]:
2024-09-19T09:17:04.721+0000 7f18a4d1a040 -1 mgr[py] Module osd_perf_query has missing NOTIFY_TYPES member
2024-09-19T09:17:04.901 INFO:journalctl@ceph.mgr.x.smithi094.stdout:Sep 19 09:17:04 smithi094 ceph-a7fe9360-7667-11ef-bceb-c7b262605968-mgr-x[31160]:
2024-09-19T09:17:04.778+0000 7f18a4d1a040 -1 mgr[py] Module osd_support has missing NOTIFY_TYPES member
2024-09-19T09:17:05.235 INFO:journalctl@ceph.mgr.x.smithi094.stdout:Sep 19 09:17:04 smithi094 ceph-a7fe9360-7667-11ef-bceb-c7b262605968-mgr-x[31160]:
2024-09-19T09:17:04.928+0000 7f18a4d1a040 -1 mgr[py] Module diskprediction_local has missing NOTIFY_TYPES member
2024-09-19T09:17:05.236 INFO:journalctl@ceph.mgr.x.smithi094.stdout:Sep 19 09:17:04 smithi094 ceph-a7fe9360-7667-11ef-bceb-c7b262605968-mgr-x[31160]:
2024-09-19T09:17:04.995+0000 7f18a4d1a040 -1 mgr[py] Module crash has missing NOTIFY_TYPES member
2024-09-19T09:17:05.236 INFO:journalctl@ceph.mgr.x.smithi094.stdout:Sep 19 09:17:05 smithi094 ceph-a7fe9360-7667-11ef-bceb-c7b262605968-mgr-x[31160]:
2024-09-19T09:17:05.139+0000 7f18a4d1a040 -1 mgr[py] Module test_orchestrator has missing NOTIFY_TYPES member
2024-09-19T09:17:05.505 INFO:journalctl@ceph.mgr.x.smithi094.stdout:Sep 19 09:17:05 smithi094 ceph-a7fe9360-7667-11ef-bceb-c7b262605968-mgr-x[31160]:
2024-09-19T09:17:05.284+0000 7f18a4d1a040 -1 mgr[py] Module snap_schedule has missing NOTIFY_TYPES member
2024-09-19T09:17:05.512 INFO:teuthology.orchestra.run.smithi094.stdout:/usr/bin/ceph: stderr
2024-09-19T09:17:03.528+0000 7f531f09f640 1 Processor -- start
