2024-09-19T09:18:28.409+0000 7fa247eca640 1 --2- 172.21.15.16:0/2210915382 >> [v2:172.21.15.16:6800/1680178094,v1:172.21.15.16:6801/1680178094] conn(0x7fa22c039200 0x7fa22c03b6c0 secure :-1 s=READY pgs=11 cs=0 l=1 rev1=1 crypto rx=0x7fa2300098c0 tx=0x7fa230006db0 comp rx=0 tx=0).stop
2024-09-19T09:18:29.006 INFO:teuthology.orchestra.run.smithi016.stdout:/usr/bin/ceph: stderr
2024-09-19T09:18:28.409+0000 7fa247eca640 1 -- 172.21.15.16:0/2210915382 >> [v2:172.21.15.16:3300/0,v1:172.21.15.16:6789/0] conn(0x7fa240107780 msgr2=0x7fa24019b710 secure :-1 s=STATE_CONNECTION_ESTABLISHED l=1).mark_down
2024-09-19T09:18:29.006 INFO:teuthology.orchestra.run.smithi016.stdout:/usr/bin/ceph: stderr
2024-09-19T09:18:28.409+0000 7fa247eca640 1 --2- 172.21.15.16:0/2210915382 >> [v2:172.21.15.16:3300/0,v1:172.21.15.16:6789/0] conn(0x7fa240107780 0x7fa24019b710 secure :-1 s=READY pgs=44 cs=0 l=1 rev1=1 crypto rx=0x7fa23c0097f0 tx=0x7fa23c030d80 comp rx=0 tx=0).stop
2024-09-19T09:18:29.006 INFO:teuthology.orchestra.run.smithi016.stdout:/usr/bin/ceph: stderr
2024-09-19T09:18:28.409+0000 7fa247eca640 1 -- 172.21.15.16:0/2210915382 shutdown_connections
2024-09-19T09:18:29.006 INFO:teuthology.orchestra.run.smithi016.stdout:/usr/bin/ceph: stderr
2024-09-19T09:18:28.409+0000 7fa247eca640 1 --2- 172.21.15.16:0/2210915382 >> [v2:172.21.15.16:6800/1680178094,v1:172.21.15.16:6801/1680178094] conn(0x7fa22c039200 0x7fa22c03b6c0 unknown :-1 s=CLOSED pgs=11 cs=0 l=1 rev1=1 crypto rx=0 tx=0 comp rx=0 tx=0).stop
2024-09-19T09:18:29.006 INFO:teuthology.orchestra.run.smithi016.stdout:/usr/bin/ceph: stderr
2024-09-19T09:18:28.409+0000 7fa247eca640 1 --2- 172.21.15.16:0/2210915382 >> [v2:172.21.15.16:3300/0,v1:172.21.15.16:6789/0] conn(0x7fa240107780 0x7fa24019b710 unknown :-1 s=CLOSED pgs=44 cs=0 l=1 rev1=1 crypto rx=0 tx=0 comp rx=0 tx=0).stop
2024-09-19T09:18:29.006 INFO:teuthology.orchestra.run.smithi016.stdout:/usr/bin/ceph: stderr
2024-09-19T09:18:28.409+0000 7fa247eca640 1 -- 172.21.15.16:0/2210915382 >> 172.21.15.16:0/2210915382 conn(0x7fa240102f30 msgr2=0x7fa240103aa0 unknown :-1 s=STATE_NONE l=0).mark_down
2024-09-19T09:18:29.006 INFO:teuthology.orchestra.run.smithi016.stdout:/usr/bin/ceph: stderr
2024-09-19T09:18:28.409+0000 7fa247eca640 1 -- 172.21.15.16:0/2210915382 shutdown_connections
2024-09-19T09:18:29.006 INFO:teuthology.orchestra.run.smithi016.stdout:/usr/bin/ceph: stderr
2024-09-19T09:18:28.409+0000 7fa247eca640 1 -- 172.21.15.16:0/2210915382 wait complete.
2024-09-19T09:18:29.006 INFO:teuthology.orchestra.run.smithi016.stdout:Deploying unmanaged mon service...
2024-09-19T09:18:29.697 INFO:journalctl@ceph.mon.a.smithi016.stdout:Sep 19 09:18:29 smithi016 ceph-mon[30979]: from='mgr.14118 172.21.15.16:0/4011210594' entity='mgr.x'
2024-09-19T09:18:29.697 INFO:journalctl@ceph.mon.a.smithi016.stdout:Sep 19 09:18:29 smithi016 ceph-mon[30979]: Added host smithi016
2024-09-19T09:18:29.697 INFO:journalctl@ceph.mon.a.smithi016.stdout:Sep 19 09:18:29 smithi016 ceph-mon[30979]: from='mgr.14118 172.21.15.16:0/4011210594' entity='mgr.x' cmd=[{"prefix": "config dump", "format": "json"}]: dispatch
2024-09-19T09:18:30.496 INFO:teuthology.orchestra.run.smithi016.stdout:/usr/bin/ceph: stdout Scheduled mon update...
2024-09-19T09:18:30.497 INFO:teuthology.orchestra.run.smithi016.stdout:/usr/bin/ceph: stderr
2024-09-19T09:18:29.465+0000 7f47d1117640 1 Processor -- start
2024-09-19T09:18:30.497 INFO:teuthology.orchestra.run.smithi016.stdout:/usr/bin/ceph: stderr
2024-09-19T09:18:29.465+0000 7f47d1117640 1 -- start start
2024-09-19T09:18:30.497 INFO:teuthology.orchestra.run.smithi016.stdout:/usr/bin/ceph: stderr
2024-09-19T09:18:29.466+0000 7f47d1117640 1 --2- >> [v2:172.21.15.16:3300/0,v1:172.21.15.16:6789/0] conn(0x7f47cc1081a0 0x7f47cc10a590 unknown :-1 s=NONE pgs=0 cs=0 l=0 rev1=0 crypto rx=0 tx=0 comp rx=0 tx=0).connect
2024-09-19T09:18:30.497 INFO:teuthology.orchestra.run.smithi016.stdout:/usr/bin/ceph: stderr
2024-09-19T09:18:29.466+0000 7f47d1117640 1 -- --> [v2:172.21.15.16:3300/0,v1:172.21.15.16:6789/0] -- mon_getmap magic: 0 -- 0x7f47cc07bdd0 con 0x7f47cc1081a0
2024-09-19T09:18:30.497 INFO:teuthology.orchestra.run.smithi016.stdout:/usr/bin/ceph: stderr
2024-09-19T09:18:29.466+0000 7f47cad9d640 1 --2- >> [v2:172.21.15.16:3300/0,v1:172.21.15.16:6789/0] conn(0x7f47cc1081a0 0x7f47cc10a590 unknown :-1 s=BANNER_CONNECTING pgs=0 cs=0 l=0 rev1=0 crypto rx=0 tx=0 comp rx=0 tx=0)._handle_peer_banner_payload supported=3 required=0
2024-09-19T09:18:30.497 INFO:teuthology.orchestra.run.smithi016.stdout:/usr/bin/ceph: stderr
2024-09-19T09:18:29.466+0000 7f47cad9d640 1 --2- >> [v2:172.21.15.16:3300/0,v1:172.21.15.16:6789/0] conn(0x7f47cc1081a0 0x7f47cc10a590 unknown :-1 s=HELLO_CONNECTING pgs=0 cs=0 l=0 rev1=1 crypto rx=0 tx=0 comp rx=0 tx=0).handle_hello peer v2:172.21.15.16:3300/0 says I am v2:172.21.15.16:51272/0 (socket says 172.21.15.16:51272)
2024-09-19T09:18:30.497 INFO:teuthology.orchestra.run.smithi016.stdout:/usr/bin/ceph: stderr
2024-09-19T09:18:29.466+0000 7f47cad9d640 1 -- 172.21.15.16:0/4178075891 learned_addr learned my addr 172.21.15.16:0/4178075891 (peer_addr_for_me v2:172.21.15.16:0/0)
2024-09-19T09:18:30.497 INFO:teuthology.orchestra.run.smithi016.stdout:/usr/bin/ceph: stderr
2024-09-19T09:18:29.466+0000 7f47cad9d640 1 -- 172.21.15.16:0/4178075891 --> [v2:172.21.15.16:3300/0,v1:172.21.15.16:6789/0] -- mon_subscribe({config=0+,monmap=0+}) -- 0x7f47cc10aad0 con 0x7f47cc1081a0
2024-09-19T09:18:30.497 INFO:teuthology.orchestra.run.smithi016.stdout:/usr/bin/ceph: stderr
2024-09-19T09:18:29.467+0000 7f47cad9d640 1 --2- 172.21.15.16:0/4178075891 >> [v2:172.21.15.16:3300/0,v1:172.21.15.16:6789/0] conn(0x7f47cc1081a0 0x7f47cc10a590 secure :-1 s=READY pgs=45 cs=0 l=1 rev1=1 crypto rx=0x7f47bc009820 tx=0x7f47bc02a270 comp rx=0 tx=0).ready entity=mon.0 client_cookie=301a6c2f6d0048df server_cookie=0 in_seq=0 out_seq=0
2024-09-19T09:18:30.497 INFO:teuthology.orchestra.run.smithi016.stdout:/usr/bin/ceph: stderr
2024-09-19T09:18:29.467+0000 7f47ca59c640 1 -- 172.21.15.16:0/4178075891 <== mon.0 v2:172.21.15.16:3300/0 1 ==== mon_map magic: 0 ==== 205+0+0 (secure 0 0 0) 0x7f47bc037070 con 0x7f47cc1081a0
2024-09-19T09:18:30.497 INFO:teuthology.orchestra.run.smithi016.stdout:/usr/bin/ceph: stderr
2024-09-19T09:18:29.467+0000 7f47ca59c640 1 -- 172.21.15.16:0/4178075891 <== mon.0 v2:172.21.15.16:3300/0 2 ==== config(27 keys) ==== 1109+0+0 (secure 0 0 0) 0x7f47bc032900 con 0x7f47cc1081a0
2024-09-19T09:18:30.497 INFO:teuthology.orchestra.run.smithi016.stdout:/usr/bin/ceph: stderr
2024-09-19T09:18:29.467+0000 7f47ca59c640 1 -- 172.21.15.16:0/4178075891 <== mon.0 v2:172.21.15.16:3300/0 3 ==== mon_map magic: 0 ==== 205+0+0 (secure 0 0 0) 0x7f47bc030850 con 0x7f47cc1081a0
2024-09-19T09:18:30.498 INFO:teuthology.orchestra.run.smithi016.stdout:/usr/bin/ceph: stderr
2024-09-19T09:18:29.468+0000 7f47d1117640 1 -- 172.21.15.16:0/4178075891 >> [v2:172.21.15.16:3300/0,v1:172.21.15.16:6789/0] conn(0x7f47cc1081a0 msgr2=0x7f47cc10a590 secure :-1 s=STATE_CONNECTION_ESTABLISHED l=1).mark_down
2024-09-19T09:18:30.498 INFO:teuthology.orchestra.run.smithi016.stdout:/usr/bin/ceph: stderr
2024-09-19T09:18:29.468+0000 7f47d1117640 1 --2- 172.21.15.16:0/4178075891 >> [v2:172.21.15.16:3300/0,v1:172.21.15.16:6789/0] conn(0x7f47cc1081a0 0x7f47cc10a590 secure :-1 s=READY pgs=45 cs=0 l=1 rev1=1 crypto rx=0x7f47bc009820 tx=0x7f47bc02a270 comp rx=0 tx=0).stop
2024-09-19T09:18:30.498 INFO:teuthology.orchestra.run.smithi016.stdout:/usr/bin/ceph: stderr
2024-09-19T09:18:29.468+0000 7f47d1117640 1 -- 172.21.15.16:0/4178075891 shutdown_connections
2024-09-19T09:18:30.498 INFO:teuthology.orchestra.run.smithi016.stdout:/usr/bin/ceph: stderr
2024-09-19T09:18:29.468+0000 7f47d1117640 1 --2- 172.21.15.16:0/4178075891 >> [v2:172.21.15.16:3300/0,v1:172.21.15.16:6789/0] conn(0x7f47cc1081a0 0x7f47cc10a590 unknown :-1 s=CLOSED pgs=45 cs=0 l=1 rev1=1 crypto rx=0 tx=0 comp rx=0 tx=0).stop
2024-09-19T09:18:30.498 INFO:teuthology.orchestra.run.smithi016.stdout:/usr/bin/ceph: stderr
2024-09-19T09:18:29.468+0000 7f47d1117640 1 -- 172.21.15.16:0/4178075891 >> 172.21.15.16:0/4178075891 conn(0x7f47cc101e20 msgr2=0x7f47cc104240 unknown :-1 s=STATE_NONE l=0).mark_down
2024-09-19T09:18:30.498 INFO:teuthology.orchestra.run.smithi016.stdout:/usr/bin/ceph: stderr
2024-09-19T09:18:29.468+0000 7f47d1117640 1 -- 172.21.15.16:0/4178075891 shutdown_connections
2024-09-19T09:18:30.498 INFO:teuthology.orchestra.run.smithi016.stdout:/usr/bin/ceph: stderr
2024-09-19T09:18:29.468+0000 7f47d1117640 1 -- 172.21.15.16:0/4178075891 wait complete.
2024-09-19T09:18:30.499 INFO:teuthology.orchestra.run.smithi016.stdout:/usr/bin/ceph: stderr
2024-09-19T09:18:29.468+0000 7f47d1117640 1 Processor -- start
2024-09-19T09:18:30.499 INFO:teuthology.orchestra.run.smithi016.stdout:/usr/bin/ceph: stderr
2024-09-19T09:18:29.469+0000 7f47d1117640 1 -- start start
2024-09-19T09:18:30.499 INFO:teuthology.orchestra.run.smithi016.stdout:/usr/bin/ceph: stderr
2024-09-19T09:18:29.469+0000 7f47d1117640 1 --2- >> [v2:172.21.15.16:3300/0,v1:172.21.15.16:6789/0] conn(0x7f47cc1081a0 0x7f47cc19b6d0 unknown :-1 s=NONE pgs=0 cs=0 l=1 rev1=0 crypto rx=0 tx=0 comp rx=0 tx=0).connect
2024-09-19T09:18:30.499 INFO:teuthology.orchestra.run.smithi016.stdout:/usr/bin/ceph: stderr
2024-09-19T09:18:29.469+0000 7f47d1117640 1 -- --> [v2:172.21.15.16:3300/0,v1:172.21.15.16:6789/0] -- mon_getmap magic: 0 -- 0x7f47cc10bb10 con 0x7f47cc1081a0
2024-09-19T09:18:30.499 INFO:teuthology.orchestra.run.smithi016.stdout:/usr/bin/ceph: stderr
2024-09-19T09:18:29.469+0000 7f47cad9d640 1 --2- >> [v2:172.21.15.16:3300/0,v1:172.21.15.16:6789/0] conn(0x7f47cc1081a0 0x7f47cc19b6d0 unknown :-1 s=BANNER_CONNECTING pgs=0 cs=0 l=1 rev1=0 crypto rx=0 tx=0 comp rx=0 tx=0)._handle_peer_banner_payload supported=3 required=0
2024-09-19T09:18:30.499 INFO:teuthology.orchestra.run.smithi016.stdout:/usr/bin/ceph: stderr
2024-09-19T09:18:29.469+0000 7f47cad9d640 1 --2- >> [v2:172.21.15.16:3300/0,v1:172.21.15.16:6789/0] conn(0x7f47cc1081a0 0x7f47cc19b6d0 unknown :-1 s=HELLO_CONNECTING pgs=0 cs=0 l=1 rev1=1 crypto rx=0 tx=0 comp rx=0 tx=0).handle_hello peer v2:172.21.15.16:3300/0 says I am v2:172.21.15.16:51278/0 (socket says 172.21.15.16:51278)
2024-09-19T09:18:30.499 INFO:teuthology.orchestra.run.smithi016.stdout:/usr/bin/ceph: stderr
2024-09-19T09:18:29.469+0000 7f47cad9d640 1 -- 172.21.15.16:0/3762250141 learned_addr learned my addr 172.21.15.16:0/3762250141 (peer_addr_for_me v2:172.21.15.16:0/0)
2024-09-19T09:18:30.499 INFO:teuthology.orchestra.run.smithi016.stdout:/usr/bin/ceph: stderr
2024-09-19T09:18:29.469+0000 7f47cad9d640 1 -- 172.21.15.16:0/3762250141 --> [v2:172.21.15.16:3300/0,v1:172.21.15.16:6789/0] -- mon_subscribe({config=0+,monmap=0+}) -- 0x7f47cc19bc10 con 0x7f47cc1081a0
2024-09-19T09:18:30.499 INFO:teuthology.orchestra.run.smithi016.stdout:/usr/bin/ceph: stderr
2024-09-19T09:18:29.469+0000 7f47cad9d640 1 --2- 172.21.15.16:0/3762250141 >> [v2:172.21.15.16:3300/0,v1:172.21.15.16:6789/0] conn(0x7f47cc1081a0 0x7f47cc19b6d0 secure :-1 s=READY pgs=46 cs=0 l=1 rev1=1 crypto rx=0x7f47bc032ce0 tx=0x7f47bc032d10 comp rx=0 tx=0).ready entity=mon.0 client_cookie=0 server_cookie=0 in_seq=0 out_seq=0
2024-09-19T09:18:30.499 INFO:teuthology.orchestra.run.smithi016.stdout:/usr/bin/ceph: stderr
2024-09-19T09:18:29.469+0000 7f47c8d99640 1 -- 172.21.15.16:0/3762250141 <== mon.0 v2:172.21.15.16:3300/0 1 ==== mon_map magic: 0 ==== 205+0+0 (secure 0 0 0) 0x7f47bc042070 con 0x7f47cc1081a0
2024-09-19T09:18:30.500 INFO:teuthology.orchestra.run.smithi016.stdout:/usr/bin/ceph: stderr
2024-09-19T09:18:29.469+0000 7f47c8d99640 1 -- 172.21.15.16:0/3762250141 <== mon.0 v2:172.21.15.16:3300/0 2 ==== config(27 keys) ==== 1109+0+0 (secure 0 0 0) 0x7f47bc0308c0 con 0x7f47cc1081a0
2024-09-19T09:18:30.500 INFO:teuthology.orchestra.run.smithi016.stdout:/usr/bin/ceph: stderr
2024-09-19T09:18:29.469+0000 7f47d1117640 1 -- 172.21.15.16:0/3762250141 --> [v2:172.21.15.16:3300/0,v1:172.21.15.16:6789/0] -- mon_subscribe({mgrmap=0+}) -- 0x7f47cc19bea0 con 0x7f47cc1081a0
2024-09-19T09:18:30.500 INFO:teuthology.orchestra.run.smithi016.stdout:/usr/bin/ceph: stderr
2024-09-19T09:18:29.469+0000 7f47c8d99640 1 -- 172.21.15.16:0/3762250141 <== mon.0 v2:172.21.15.16:3300/0 3 ==== mon_map magic: 0 ==== 205+0+0 (secure 0 0 0) 0x7f47bc037040 con 0x7f47cc1081a0
2024-09-19T09:18:30.500 INFO:teuthology.orchestra.run.smithi016.stdout:/usr/bin/ceph: stderr
2024-09-19T09:18:29.469+0000 7f47d1117640 1 -- 172.21.15.16:0/3762250141 --> [v2:172.21.15.16:3300/0,v1:172.21.15.16:6789/0] -- mon_subscribe({osdmap=0}) -- 0x7f47cc19eb90 con 0x7f47cc1081a0
2024-09-19T09:18:30.500 INFO:teuthology.orchestra.run.smithi016.stdout:/usr/bin/ceph: stderr
2024-09-19T09:18:29.470+0000 7f47c8d99640 1 -- 172.21.15.16:0/3762250141 <== mon.0 v2:172.21.15.16:3300/0 4 ==== mgrmap(e 8) ==== 46461+0+0 (secure 0 0 0) 0x7f47bc045070 con 0x7f47cc1081a0
2024-09-19T09:18:30.500 INFO:teuthology.orchestra.run.smithi016.stdout:/usr/bin/ceph: stderr
2024-09-19T09:18:29.470+0000 7f47c8d99640 1 --2- 172.21.15.16:0/3762250141 >> [v2:172.21.15.16:6800/1680178094,v1:172.21.15.16:6801/1680178094] conn(0x7f47b8039200 0x7f47b803b6c0 unknown :-1 s=NONE pgs=0 cs=0 l=1 rev1=0 crypto rx=0 tx=0 comp rx=0 tx=0).connect
2024-09-19T09:18:30.500 INFO:teuthology.orchestra.run.smithi016.stdout:/usr/bin/ceph: stderr
2024-09-19T09:18:29.471+0000 7f47c8d99640 1 -- 172.21.15.16:0/3762250141 <== mon.0 v2:172.21.15.16:3300/0 5 ==== osd_map(2..2 src has 1..2) ==== 940+0+0 (secure 0 0 0) 0x7f47bc06c370 con 0x7f47cc1081a0
2024-09-19T09:18:30.500 INFO:teuthology.orchestra.run.smithi016.stdout:/usr/bin/ceph: stderr
2024-09-19T09:18:29.471+0000 7f47c3fff640 1 --2- 172.21.15.16:0/3762250141 >> [v2:172.21.15.16:6800/1680178094,v1:172.21.15.16:6801/1680178094] conn(0x7f47b8039200 0x7f47b803b6c0 unknown :-1 s=BANNER_CONNECTING pgs=0 cs=0 l=1 rev1=0 crypto rx=0 tx=0 comp rx=0 tx=0)._handle_peer_banner_payload supported=3 required=0
2024-09-19T09:18:30.500 INFO:teuthology.orchestra.run.smithi016.stdout:/usr/bin/ceph: stderr
2024-09-19T09:18:29.471+0000 7f47d1117640 1 -- 172.21.15.16:0/3762250141 --> [v2:172.21.15.16:3300/0,v1:172.21.15.16:6789/0] -- mon_command({"prefix": "get_command_descriptions"} v 0) -- 0x7f47cc108600 con 0x7f47cc1081a0
2024-09-19T09:18:30.500 INFO:teuthology.orchestra.run.smithi016.stdout:/usr/bin/ceph: stderr
2024-09-19T09:18:29.471+0000 7f47c3fff640 1 --2- 172.21.15.16:0/3762250141 >> [v2:172.21.15.16:6800/1680178094,v1:172.21.15.16:6801/1680178094] conn(0x7f47b8039200 0x7f47b803b6c0 secure :-1 s=READY pgs=12 cs=0 l=1 rev1=1 crypto rx=0x7f47b40098c0 tx=0x7f47b4006db0 comp rx=0 tx=0).ready entity=mgr.14118 client_cookie=0 server_cookie=0 in_seq=0 out_seq=0
2024-09-19T09:18:30.500 INFO:teuthology.orchestra.run.smithi016.stdout:/usr/bin/ceph: stderr
2024-09-19T09:18:29.476+0000 7f47c8d99640 1 -- 172.21.15.16:0/3762250141 <== mon.0 v2:172.21.15.16:3300/0 6 ==== mon_command_ack([{"prefix": "get_command_descriptions"}]=0 v0) ==== 72+0+188913 (secure 0 0 0) 0x7f47bc045520 con 0x7f47cc1081a0
2024-09-19T09:18:30.500 INFO:teuthology.orchestra.run.smithi016.stdout:/usr/bin/ceph: stderr
2024-09-19T09:18:29.695+0000 7f47d1117640 1 -- 172.21.15.16:0/3762250141 --> [v2:172.21.15.16:6800/1680178094,v1:172.21.15.16:6801/1680178094] -- mgr_command(tid 0: {"prefix": "orch apply", "service_type": "mon", "unmanaged": true, "target": ["mon-mgr", ""]}) -- 0x7f47cc1030f0 con 0x7f47b8039200
2024-09-19T09:18:30.500 INFO:teuthology.orchestra.run.smithi016.stdout:/usr/bin/ceph: stderr
2024-09-19T09:18:29.700+0000 7f47c8d99640 1 -- 172.21.15.16:0/3762250141 <== mgr.14118 v2:172.21.15.16:6800/1680178094 1 ==== mgr_command_reply(tid 0: 0 ) ==== 8+0+24 (secure 0 0 0) 0x7f47cc1030f0 con 0x7f47b8039200
2024-09-19T09:18:30.501 INFO:teuthology.orchestra.run.smithi016.stdout:/usr/bin/ceph: stderr
2024-09-19T09:18:29.702+0000 7f47d1117640 1 -- 172.21.15.16:0/3762250141 >> [v2:172.21.15.16:6800/1680178094,v1:172.21.15.16:6801/1680178094] conn(0x7f47b8039200 msgr2=0x7f47b803b6c0 secure :-1 s=STATE_CONNECTION_ESTABLISHED l=1).mark_down
2024-09-19T09:18:30.501 INFO:teuthology.orchestra.run.smithi016.stdout:/usr/bin/ceph: stderr
2024-09-19T09:18:29.702+0000 7f47d1117640 1 --2- 172.21.15.16:0/3762250141 >> [v2:172.21.15.16:6800/1680178094,v1:172.21.15.16:6801/1680178094] conn(0x7f47b8039200 0x7f47b803b6c0 secure :-1 s=READY pgs=12 cs=0 l=1 rev1=1 crypto rx=0x7f47b40098c0 tx=0x7f47b4006db0 comp rx=0 tx=0).stop
2024-09-19T09:18:30.501 INFO:teuthology.orchestra.run.smithi016.stdout:/usr/bin/ceph: stderr
2024-09-19T09:18:29.702+0000 7f47d1117640 1 -- 172.21.15.16:0/3762250141 >> [v2:172.21.15.16:3300/0,v1:172.21.15.16:6789/0] conn(0x7f47cc1081a0 msgr2=0x7f47cc19b6d0 secure :-1 s=STATE_CONNECTION_ESTABLISHED l=1).mark_down
2024-09-19T09:18:30.501 INFO:teuthology.orchestra.run.smithi016.stdout:/usr/bin/ceph: stderr
2024-09-19T09:18:29.702+0000 7f47d1117640 1 --2- 172.21.15.16:0/3762250141 >> [v2:172.21.15.16:3300/0,v1:172.21.15.16:6789/0] conn(0x7f47cc1081a0 0x7f47cc19b6d0 secure :-1 s=READY pgs=46 cs=0 l=1 rev1=1 crypto rx=0x7f47bc032ce0 tx=0x7f47bc032d10 comp rx=0 tx=0).stop
2024-09-19T09:18:30.501 INFO:teuthology.orchestra.run.smithi016.stdout:/usr/bin/ceph: stderr
2024-09-19T09:18:29.702+0000 7f47d1117640 1 -- 172.21.15.16:0/3762250141 shutdown_connections
2024-09-19T09:18:30.501 INFO:teuthology.orchestra.run.smithi016.stdout:/usr/bin/ceph: stderr
2024-09-19T09:18:29.702+0000 7f47d1117640 1 --2- 172.21.15.16:0/3762250141 >> [v2:172.21.15.16:6800/1680178094,v1:172.21.15.16:6801/1680178094] conn(0x7f47b8039200 0x7f47b803b6c0 unknown :-1 s=CLOSED pgs=12 cs=0 l=1 rev1=1 crypto rx=0 tx=0 comp rx=0 tx=0).stop
2024-09-19T09:18:30.501 INFO:teuthology.orchestra.run.smithi016.stdout:/usr/bin/ceph: stderr
2024-09-19T09:18:29.702+0000 7f47d1117640 1 --2- 172.21.15.16:0/3762250141 >> [v2:172.21.15.16:3300/0,v1:172.21.15.16:6789/0] conn(0x7f47cc1081a0 0x7f47cc19b6d0 unknown :-1 s=CLOSED pgs=46 cs=0 l=1 rev1=1 crypto rx=0 tx=0 comp rx=0 tx=0).stop
2024-09-19T09:18:30.501 INFO:teuthology.orchestra.run.smithi016.stdout:/usr/bin/ceph: stderr
2024-09-19T09:18:29.702+0000 7f47d1117640 1 -- 172.21.15.16:0/3762250141 >> 172.21.15.16:0/3762250141 conn(0x7f47cc101e20 msgr2=0x7f47cc1029e0 unknown :-1 s=STATE_NONE l=0).mark_down
2024-09-19T09:18:30.501 INFO:teuthology.orchestra.run.smithi016.stdout:/usr/bin/ceph: stderr
2024-09-19T09:18:29.702+0000 7f47d1117640 1 -- 172.21.15.16:0/3762250141 shutdown_connections
2024-09-19T09:18:30.501 INFO:teuthology.orchestra.run.smithi016.stdout:/usr/bin/ceph: stderr
2024-09-19T09:18:29.702+0000 7f47d1117640 1 -- 172.21.15.16:0/3762250141 wait complete.
2024-09-19T09:18:30.501 INFO:teuthology.orchestra.run.smithi016.stdout:Deploying unmanaged mgr service...
2024-09-19T09:18:30.743 INFO:journalctl@ceph.mon.a.smithi016.stdout:Sep 19 09:18:30 smithi016 ceph-mon[30979]: from='client.14140 -' entity='client.admin' cmd=[{"prefix": "orch apply", "service_type": "mon", "unmanaged": true, "target": ["mon-mgr", ""]}]: dispatch
2024-09-19T09:18:30.743 INFO:journalctl@ceph.mon.a.smithi016.stdout:Sep 19 09:18:30 smithi016 ceph-mon[30979]: Saving service mon spec with placement count:5
2024-09-19T09:18:30.743 INFO:journalctl@ceph.mon.a.smithi016.stdout:Sep 19 09:18:30 smithi016 ceph-mon[30979]: from='mgr.14118 172.21.15.16:0/4011210594' entity='mgr.x'
2024-09-19T09:18:32.116 INFO:teuthology.orchestra.run.smithi016.stdout:/usr/bin/ceph: stdout Scheduled mgr update...
2024-09-19T09:18:32.116 INFO:teuthology.orchestra.run.smithi016.stdout:/usr/bin/ceph: stderr
2024-09-19T09:18:31.114+0000 7f6eb1094640 1 Processor -- start
2024-09-19T09:18:32.116 INFO:teuthology.orchestra.run.smithi016.stdout:/usr/bin/ceph: stderr
2024-09-19T09:18:31.114+0000 7f6eb1094640 1 -- start start
2024-09-19T09:18:32.116 INFO:teuthology.orchestra.run.smithi016.stdout:/usr/bin/ceph: stderr
2024-09-19T09:18:31.114+0000 7f6eb1094640 1 --2- >> [v2:172.21.15.16:3300/0,v1:172.21.15.16:6789/0] conn(0x7f6eac1081c0 0x7f6eac10a5b0 unknown :-1 s=NONE pgs=0 cs=0 l=0 rev1=0 crypto rx=0 tx=0 comp rx=0 tx=0).connect
2024-09-19T09:18:32.117 INFO:teuthology.orchestra.run.smithi016.stdout:/usr/bin/ceph: stderr
2024-09-19T09:18:31.114+0000 7f6eb1094640 1 -- --> [v2:172.21.15.16:3300/0,v1:172.21.15.16:6789/0] -- mon_getmap magic: 0 -- 0x7f6eac07bdb0 con 0x7f6eac1081c0
2024-09-19T09:18:32.117 INFO:teuthology.orchestra.run.smithi016.stdout:/usr/bin/ceph: stderr
2024-09-19T09:18:31.115+0000 7f6eaad9d640 1 --2- >> [v2:172.21.15.16:3300/0,v1:172.21.15.16:6789/0] conn(0x7f6eac1081c0 0x7f6eac10a5b0 unknown :-1 s=BANNER_CONNECTING pgs=0 cs=0 l=0 rev1=0 crypto rx=0 tx=0 comp rx=0 tx=0)._handle_peer_banner_payload supported=3 required=0
2024-09-19T09:18:32.117 INFO:teuthology.orchestra.run.smithi016.stdout:/usr/bin/ceph: stderr
2024-09-19T09:18:31.115+0000 7f6eaad9d640 1 --2- >> [v2:172.21.15.16:3300/0,v1:172.21.15.16:6789/0] conn(0x7f6eac1081c0 0x7f6eac10a5b0 unknown :-1 s=HELLO_CONNECTING pgs=0 cs=0 l=0 rev1=1 crypto rx=0 tx=0 comp rx=0 tx=0).handle_hello peer v2:172.21.15.16:3300/0 says I am v2:172.21.15.16:51292/0 (socket says 172.21.15.16:51292)
2024-09-19T09:18:32.117 INFO:teuthology.orchestra.run.smithi016.stdout:/usr/bin/ceph: stderr
2024-09-19T09:18:31.115+0000 7f6eaad9d640 1 -- 172.21.15.16:0/1287708038 learned_addr learned my addr 172.21.15.16:0/1287708038 (peer_addr_for_me v2:172.21.15.16:0/0)
2024-09-19T09:18:32.117 INFO:teuthology.orchestra.run.smithi016.stdout:/usr/bin/ceph: stderr
2024-09-19T09:18:31.115+0000 7f6eaad9d640 1 -- 172.21.15.16:0/1287708038 --> [v2:172.21.15.16:3300/0,v1:172.21.15.16:6789/0] -- mon_subscribe({config=0+,monmap=0+}) -- 0x7f6eac10aaf0 con 0x7f6eac1081c0
2024-09-19T09:18:32.117 INFO:teuthology.orchestra.run.smithi016.stdout:/usr/bin/ceph: stderr
2024-09-19T09:18:31.116+0000 7f6eaad9d640 1 --2- 172.21.15.16:0/1287708038 >> [v2:172.21.15.16:3300/0,v1:172.21.15.16:6789/0] conn(0x7f6eac1081c0 0x7f6eac10a5b0 secure :-1 s=READY pgs=47 cs=0 l=1 rev1=1 crypto rx=0x7f6e9c009e80 tx=0x7f6e9c02a7a0 comp rx=0 tx=0).ready entity=mon.0 client_cookie=239474f240c24bbf server_cookie=0 in_seq=0 out_seq=0
2024-09-19T09:18:32.117 INFO:teuthology.orchestra.run.smithi016.stdout:/usr/bin/ceph: stderr
2024-09-19T09:18:31.116+0000 7f6ea9d9b640 1 -- 172.21.15.16:0/1287708038 <== mon.0 v2:172.21.15.16:3300/0 1 ==== mon_map magic: 0 ==== 205+0+0 (secure 0 0 0) 0x7f6e9c036070 con 0x7f6eac1081c0
2024-09-19T09:18:32.117 INFO:teuthology.orchestra.run.smithi016.stdout:/usr/bin/ceph: stderr
2024-09-19T09:18:31.116+0000 7f6ea9d9b640 1 -- 172.21.15.16:0/1287708038 <== mon.0 v2:172.21.15.16:3300/0 2 ==== config(27 keys) ==== 1109+0+0 (secure 0 0 0) 0x7f6e9c0318c0 con 0x7f6eac1081c0
2024-09-19T09:18:32.117 INFO:teuthology.orchestra.run.smithi016.stdout:/usr/bin/ceph: stderr
2024-09-19T09:18:31.116+0000 7f6ea9d9b640 1 -- 172.21.15.16:0/1287708038 <== mon.0 v2:172.21.15.16:3300/0 3 ==== mon_map magic: 0 ==== 205+0+0 (secure 0 0 0) 0x7f6e9c007ab0 con 0x7f6eac1081c0
2024-09-19T09:18:32.117 INFO:teuthology.orchestra.run.smithi016.stdout:/usr/bin/ceph: stderr
2024-09-19T09:18:31.116+0000 7f6eb1094640 1 -- 172.21.15.16:0/1287708038 >> [v2:172.21.15.16:3300/0,v1:172.21.15.16:6789/0] conn(0x7f6eac1081c0 msgr2=0x7f6eac10a5b0 secure :-1 s=STATE_CONNECTION_ESTABLISHED l=1).mark_down
2024-09-19T09:18:32.117 INFO:teuthology.orchestra.run.smithi016.stdout:/usr/bin/ceph: stderr
2024-09-19T09:18:31.116+0000 7f6eb1094640 1 --2- 172.21.15.16:0/1287708038 >> [v2:172.21.15.16:3300/0,v1:172.21.15.16:6789/0] conn(0x7f6eac1081c0 0x7f6eac10a5b0 secure :-1 s=READY pgs=47 cs=0 l=1 rev1=1 crypto rx=0x7f6e9c009e80 tx=0x7f6e9c02a7a0 comp rx=0 tx=0).stop
2024-09-19T09:18:32.118 INFO:teuthology.orchestra.run.smithi016.stdout:/usr/bin/ceph: stderr
2024-09-19T09:18:31.117+0000 7f6eb1094640 1 -- 172.21.15.16:0/1287708038 shutdown_connections
2024-09-19T09:18:32.118 INFO:teuthology.orchestra.run.smithi016.stdout:/usr/bin/ceph: stderr
2024-09-19T09:18:31.117+0000 7f6eb1094640 1 --2- 172.21.15.16:0/1287708038 >> [v2:172.21.15.16:3300/0,v1:172.21.15.16:6789/0] conn(0x7f6eac1081c0 0x7f6eac10a5b0 unknown :-1 s=CLOSED pgs=47 cs=0 l=1 rev1=1 crypto rx=0 tx=0 comp rx=0 tx=0).stop
2024-09-19T09:18:32.118 INFO:teuthology.orchestra.run.smithi016.stdout:/usr/bin/ceph: stderr
2024-09-19T09:18:31.117+0000 7f6eb1094640 1 -- 172.21.15.16:0/1287708038 >> 172.21.15.16:0/1287708038 conn(0x7f6eac101e20 msgr2=0x7f6eac104240 unknown :-1 s=STATE_NONE l=0).mark_down
2024-09-19T09:18:32.118 INFO:teuthology.orchestra.run.smithi016.stdout:/usr/bin/ceph: stderr
2024-09-19T09:18:31.117+0000 7f6eb1094640 1 -- 172.21.15.16:0/1287708038 shutdown_connections
2024-09-19T09:18:32.118 INFO:teuthology.orchestra.run.smithi016.stdout:/usr/bin/ceph: stderr
2024-09-19T09:18:31.117+0000 7f6eb1094640 1 -- 172.21.15.16:0/1287708038 wait complete.
2024-09-19T09:18:32.118 INFO:teuthology.orchestra.run.smithi016.stdout:/usr/bin/ceph: stderr
2024-09-19T09:18:31.117+0000 7f6eb1094640 1 Processor -- start
2024-09-19T09:18:32.118 INFO:teuthology.orchestra.run.smithi016.stdout:/usr/bin/ceph: stderr
2024-09-19T09:18:31.118+0000 7f6eb1094640 1 -- start start
2024-09-19T09:18:32.118 INFO:teuthology.orchestra.run.smithi016.stdout:/usr/bin/ceph: stderr
2024-09-19T09:18:31.118+0000 7f6eb1094640 1 --2- >> [v2:172.21.15.16:3300/0,v1:172.21.15.16:6789/0] conn(0x7f6eac1081c0 0x7f6eac107a40 unknown :-1 s=NONE pgs=0 cs=0 l=1 rev1=0 crypto rx=0 tx=0 comp rx=0 tx=0).connect
2024-09-19T09:18:32.118 INFO:teuthology.orchestra.run.smithi016.stdout:/usr/bin/ceph: stderr
2024-09-19T09:18:31.118+0000 7f6eb1094640 1 -- --> [v2:172.21.15.16:3300/0,v1:172.21.15.16:6789/0] -- mon_getmap magic: 0 -- 0x7f6eac10bad0 con 0x7f6eac1081c0
2024-09-19T09:18:32.119 INFO:teuthology.orchestra.run.smithi016.stdout:/usr/bin/ceph: stderr
2024-09-19T09:18:31.118+0000 7f6eaad9d640 1 --2- >> [v2:172.21.15.16:3300/0,v1:172.21.15.16:6789/0] conn(0x7f6eac1081c0 0x7f6eac107a40 unknown :-1 s=BANNER_CONNECTING pgs=0 cs=0 l=1 rev1=0 crypto rx=0 tx=0 comp rx=0 tx=0)._handle_peer_banner_payload supported=3 required=0
2024-09-19T09:18:32.119 INFO:teuthology.orchestra.run.smithi016.stdout:/usr/bin/ceph: stderr
2024-09-19T09:18:31.118+0000 7f6eaad9d640 1 --2- >> [v2:172.21.15.16:3300/0,v1:172.21.15.16:6789/0] conn(0x7f6eac1081c0 0x7f6eac107a40 unknown :-1 s=HELLO_CONNECTING pgs=0 cs=0 l=1 rev1=1 crypto rx=0 tx=0 comp rx=0 tx=0).handle_hello peer v2:172.21.15.16:3300/0 says I am v2:172.21.15.16:51300/0 (socket says 172.21.15.16:51300)
2024-09-19T09:18:32.119 INFO:teuthology.orchestra.run.smithi016.stdout:/usr/bin/ceph: stderr
2024-09-19T09:18:31.118+0000 7f6eaad9d640 1 -- 172.21.15.16:0/2412171541 learned_addr learned my addr 172.21.15.16:0/2412171541 (peer_addr_for_me v2:172.21.15.16:0/0)
2024-09-19T09:18:32.119 INFO:teuthology.orchestra.run.smithi016.stdout:/usr/bin/ceph: stderr
2024-09-19T09:18:31.118+0000 7f6eaad9d640 1 -- 172.21.15.16:0/2412171541 --> [v2:172.21.15.16:3300/0,v1:172.21.15.16:6789/0] -- mon_subscribe({config=0+,monmap=0+}) -- 0x7f6eac107f80 con 0x7f6eac1081c0
2024-09-19T09:18:32.119 INFO:teuthology.orchestra.run.smithi016.stdout:/usr/bin/ceph: stderr
2024-09-19T09:18:31.118+0000 7f6eaad9d640 1 --2- 172.21.15.16:0/2412171541 >> [v2:172.21.15.16:3300/0,v1:172.21.15.16:6789/0] conn(0x7f6eac1081c0 0x7f6eac107a40 secure :-1 s=READY pgs=48 cs=0 l=1 rev1=1 crypto rx=0x7f6e9c02acc0 tx=0x7f6e9c031ca0 comp rx=0 tx=0).ready entity=mon.0 client_cookie=0 server_cookie=0 in_seq=0 out_seq=0
2024-09-19T09:18:32.119 INFO:teuthology.orchestra.run.smithi016.stdout:/usr/bin/ceph: stderr
2024-09-19T09:18:31.118+0000 7f6e93fff640 1 -- 172.21.15.16:0/2412171541 <== mon.0 v2:172.21.15.16:3300/0 1 ==== mon_map magic: 0 ==== 205+0+0 (secure 0 0 0) 0x7f6e9c036050 con 0x7f6eac1081c0
2024-09-19T09:18:32.119 INFO:teuthology.orchestra.run.smithi016.stdout:/usr/bin/ceph: stderr
2024-09-19T09:18:31.119+0000 7f6e93fff640 1 -- 172.21.15.16:0/2412171541 <== mon.0 v2:172.21.15.16:3300/0 2 ==== config(27 keys) ==== 1109+0+0 (secure 0 0 0) 0x7f6e9c037040 con 0x7f6eac1081c0
2024-09-19T09:18:32.119 INFO:teuthology.orchestra.run.smithi016.stdout:/usr/bin/ceph: stderr
2024-09-19T09:18:31.119+0000 7f6eb1094640 1 -- 172.21.15.16:0/2412171541 --> [v2:172.21.15.16:3300/0,v1:172.21.15.16:6789/0] -- mon_subscribe({mgrmap=0+}) -- 0x7f6eac106170 con 0x7f6eac1081c0
2024-09-19T09:18:32.119 INFO:teuthology.orchestra.run.smithi016.stdout:/usr/bin/ceph: stderr
2024-09-19T09:18:31.119+0000 7f6e93fff640 1 -- 172.21.15.16:0/2412171541 <== mon.0 v2:172.21.15.16:3300/0 3 ==== mon_map magic: 0 ==== 205+0+0 (secure 0 0 0) 0x7f6e9c03d850 con 0x7f6eac1081c0
2024-09-19T09:18:32.119 INFO:teuthology.orchestra.run.smithi016.stdout:/usr/bin/ceph: stderr
2024-09-19T09:18:31.119+0000 7f6eb1094640 1 -- 172.21.15.16:0/2412171541 --> [v2:172.21.15.16:3300/0,v1:172.21.15.16:6789/0] -- mon_subscribe({osdmap=0}) -- 0x7f6eac1066b0 con 0x7f6eac1081c0
2024-09-19T09:18:32.119 INFO:teuthology.orchestra.run.smithi016.stdout:/usr/bin/ceph: stderr
2024-09-19T09:18:31.119+0000 7f6e93fff640 1 -- 172.21.15.16:0/2412171541 <== mon.0 v2:172.21.15.16:3300/0 4 ==== mgrmap(e 8) ==== 46461+0+0 (secure 0 0 0) 0x7f6e9c044020 con 0x7f6eac1081c0
2024-09-19T09:18:32.119 INFO:teuthology.orchestra.run.smithi016.stdout:/usr/bin/ceph: stderr
2024-09-19T09:18:31.120+0000 7f6e93fff640 1 --2- 172.21.15.16:0/2412171541 >> [v2:172.21.15.16:6800/1680178094,v1:172.21.15.16:6801/1680178094] conn(0x7f6e940391b0 0x7f6e9403b670 unknown :-1 s=NONE pgs=0 cs=0 l=1 rev1=0 crypto rx=0 tx=0 comp rx=0 tx=0).connect
2024-09-19T09:18:32.120 INFO:teuthology.orchestra.run.smithi016.stdout:/usr/bin/ceph: stderr
2024-09-19T09:18:31.120+0000 7f6e93fff640 1 -- 172.21.15.16:0/2412171541 <== mon.0 v2:172.21.15.16:3300/0 5 ==== osd_map(2..2 src has 1..2) ==== 940+0+0 (secure 0 0 0) 0x7f6e9c042020 con 0x7f6eac1081c0
2024-09-19T09:18:32.120 INFO:teuthology.orchestra.run.smithi016.stdout:/usr/bin/ceph: stderr
2024-09-19T09:18:31.120+0000 7f6eaa59c640 1 --2- 172.21.15.16:0/2412171541 >> [v2:172.21.15.16:6800/1680178094,v1:172.21.15.16:6801/1680178094] conn(0x7f6e940391b0 0x7f6e9403b670 unknown :-1 s=BANNER_CONNECTING pgs=0 cs=0 l=1 rev1=0 crypto rx=0 tx=0 comp rx=0 tx=0)._handle_peer_banner_payload supported=3 required=0
2024-09-19T09:18:32.120 INFO:teuthology.orchestra.run.smithi016.stdout:/usr/bin/ceph: stderr
2024-09-19T09:18:31.120+0000 7f6eb1094640 1 -- 172.21.15.16:0/2412171541 --> [v2:172.21.15.16:3300/0,v1:172.21.15.16:6789/0] -- mon_command({"prefix": "get_command_descriptions"} v 0) -- 0x7f6eac108620 con 0x7f6eac1081c0
2024-09-19T09:18:32.120 INFO:teuthology.orchestra.run.smithi016.stdout:/usr/bin/ceph: stderr
2024-09-19T09:18:31.120+0000 7f6eaa59c640 1 --2- 172.21.15.16:0/2412171541 >> [v2:172.21.15.16:6800/1680178094,v1:172.21.15.16:6801/1680178094] conn(0x7f6e940391b0 0x7f6e9403b670 secure :-1 s=READY pgs=13 cs=0 l=1 rev1=1 crypto rx=0x7f6ea00098c0 tx=0x7f6ea0006db0 comp rx=0 tx=0).ready entity=mgr.14118 client_cookie=0 server_cookie=0 in_seq=0 out_seq=0
2024-09-19T09:18:32.120 INFO:teuthology.orchestra.run.smithi016.stdout:/usr/bin/ceph: stderr
2024-09-19T09:18:31.125+0000 7f6e93fff640 1 -- 172.21.15.16:0/2412171541 <== mon.0 v2:172.21.15.16:3300/0 6 ==== mon_command_ack([{"prefix": "get_command_descriptions"}]=0 v0) ==== 72+0+188913 (secure 0 0 0) 0x7f6e9c04b020 con 0x7f6eac1081c0
2024-09-19T09:18:32.120 INFO:teuthology.orchestra.run.smithi016.stdout:/usr/bin/ceph: stderr
2024-09-19T09:18:31.317+0000 7f6eb1094640 1 -- 172.21.15.16:0/2412171541 --> [v2:172.21.15.16:6800/1680178094,v1:172.21.15.16:6801/1680178094] -- mgr_command(tid 0: {"prefix": "orch apply", "service_type": "mgr", "unmanaged": true, "target": ["mon-mgr", ""]}) -- 0x7f6eac106cf0 con 0x7f6e940391b0
2024-09-19T09:18:32.120 INFO:teuthology.orchestra.run.smithi016.stdout:/usr/bin/ceph: stderr
2024-09-19T09:18:31.321+0000 7f6e93fff640 1 -- 172.21.15.16:0/2412171541 <== mgr.14118 v2:172.21.15.16:6800/1680178094 1 ==== mgr_command_reply(tid 0: 0 ) ==== 8+0+24 (secure 0 0 0) 0x7f6eac106cf0 con 0x7f6e940391b0
2024-09-19T09:18:32.120 INFO:teuthology.orchestra.run.smithi016.stdout:/usr/bin/ceph: stderr
2024-09-19T09:18:31.323+0000 7f6eb1094640 1 -- 172.21.15.16:0/2412171541 >> [v2:172.21.15.16:6800/1680178094,v1:172.21.15.16:6801/1680178094] conn(0x7f6e940391b0 msgr2=0x7f6e9403b670 secure :-1 s=STATE_CONNECTION_ESTABLISHED l=1).mark_down
2024-09-19T09:18:32.120 INFO:teuthology.orchestra.run.smithi016.stdout:/usr/bin/ceph: stderr
2024-09-19T09:18:31.323+0000 7f6eb1094640 1 --2- 172.21.15.16:0/2412171541 >> [v2:172.21.15.16:6800/1680178094,v1:172.21.15.16:6801/1680178094] conn(0x7f6e940391b0 0x7f6e9403b670 secure :-1 s=READY pgs=13 cs=0 l=1 rev1=1 crypto rx=0x7f6ea00098c0 tx=0x7f6ea0006db0 comp rx=0 tx=0).stop
2024-09-19T09:18:32.120 INFO:teuthology.orchestra.run.smithi016.stdout:/usr/bin/ceph: stderr
2024-09-19T09:18:31.323+0000 7f6eb1094640 1 -- 172.21.15.16:0/2412171541 >> [v2:172.21.15.16:3300/0,v1:172.21.15.16:6789/0] conn(0x7f6eac1081c0 msgr2=0x7f6eac107a40 secure :-1 s=STATE_CONNECTION_ESTABLISHED l=1).mark_down
2024-09-19T09:18:32.120 INFO:teuthology.orchestra.run.smithi016.stdout:/usr/bin/ceph: stderr
2024-09-19T09:18:31.323+0000 7f6eb1094640 1 --2- 172.21.15.16:0/2412171541 >> [v2:172.21.15.16:3300/0,v1:172.21.15.16:6789/0] conn(0x7f6eac1081c0 0x7f6eac107a40 secure :-1 s=READY pgs=48 cs=0 l=1 rev1=1 crypto rx=0x7f6e9c02acc0 tx=0x7f6e9c031ca0 comp rx=0 tx=0).stop
2024-09-19T09:18:32.121 INFO:teuthology.orchestra.run.smithi016.stdout:/usr/bin/ceph: stderr
2024-09-19T09:18:31.323+0000 7f6eb1094640 1 -- 172.21.15.16:0/2412171541 shutdown_connections
2024-09-19T09:18:32.121 INFO:teuthology.orchestra.run.smithi016.stdout:/usr/bin/ceph: stderr
2024-09-19T09:18:31.323+0000 7f6eb1094640 1 --2- 172.21.15.16:0/2412171541 >> [v2:172.21.15.16:6800/1680178094,v1:172.21.15.16:6801/1680178094] conn(0x7f6e940391b0 0x7f6e9403b670 unknown :-1 s=CLOSED pgs=13 cs=0 l=1 rev1=1 crypto rx=0 tx=0 comp rx=0 tx=0).stop
2024-09-19T09:18:32.121 INFO:teuthology.orchestra.run.smithi016.stdout:/usr/bin/ceph: stderr
2024-09-19T09:18:31.323+0000 7f6eb1094640 1 --2- 172.21.15.16:0/2412171541 >> [v2:172.21.15.16:3300/0,v1:172.21.15.16:6789/0] conn(0x7f6eac1081c0 0x7f6eac107a40 unknown :-1 s=CLOSED pgs=48 cs=0 l=1 rev1=1 crypto rx=0 tx=0 comp rx=0 tx=0).stop
2024-09-19T09:18:32.121 INFO:teuthology.orchestra.run.smithi016.stdout:/usr/bin/ceph: stderr
2024-09-19T09:18:31.323+0000 7f6eb1094640 1 -- 172.21.15.16:0/2412171541 >> 172.21.15.16:0/2412171541 conn(0x7f6eac101e20 msgr2=0x7f6eac1029c0 unknown :-1 s=STATE_NONE l=0).mark_down
2024-09-19T09:18:32.121 INFO:teuthology.orchestra.run.smithi016.stdout:/usr/bin/ceph: stderr
2024-09-19T09:18:31.323+0000 7f6eb1094640 1 -- 172.21.15.16:0/2412171541 shutdown_connections
2024-09-19T09:18:32.121 INFO:teuthology.orchestra.run.smithi016.stdout:/usr/bin/ceph: stderr
2024-09-19T09:18:31.323+0000 7f6eb1094640 1 -- 172.21.15.16:0/2412171541 wait complete.
2024-09-19T09:18:32.367 INFO:journalctl@ceph.mon.a.smithi016.stdout:Sep 19 09:18:32 smithi016 ceph-mon[30979]: from='client.14142 -' entity='client.admin' cmd=[{"prefix": "orch apply", "service_type": "mgr", "unmanaged": true, "target": ["mon-mgr", ""]}]: dispatch
2024-09-19T09:18:32.367 INFO:journalctl@ceph.mon.a.smithi016.stdout:Sep 19 09:18:32 smithi016 ceph-mon[30979]: Saving service mgr spec with placement count:2
2024-09-19T09:18:32.367 INFO:journalctl@ceph.mon.a.smithi016.stdout:Sep 19 09:18:32 smithi016 ceph-mon[30979]: from='mgr.14118 172.21.15.16:0/4011210594' entity='mgr.x'
2024-09-19T09:18:33.595 INFO:teuthology.orchestra.run.smithi016.stdout:/usr/bin/ceph: stderr
2024-09-19T09:18:32.550+0000 7f6b61040640 1 Processor -- start
2024-09-19T09:18:33.595 INFO:teuthology.orchestra.run.smithi016.stdout:/usr/bin/ceph: stderr
2024-09-19T09:18:32.550+0000 7f6b61040640 1 -- start start
2024-09-19T09:18:33.595 INFO:teuthology.orchestra.run.smithi016.stdout:/usr/bin/ceph: stderr
2024-09-19T09:18:32.550+0000 7f6b61040640 1 --2- >> [v2:172.21.15.16:3300/0,v1:172.21.15.16:6789/0] conn(0x7f6b5c105fd0 0x7f6b5c1063d0 unknown :-1 s=NONE pgs=0 cs=0 l=0 rev1=0 crypto rx=0 tx=0 comp rx=0 tx=0).connect
2024-09-19T09:18:33.595 INFO:teuthology.orchestra.run.smithi016.stdout:/usr/bin/ceph: stderr
2024-09-19T09:18:32.550+0000 7f6b61040640 1 -- --> [v2:172.21.15.16:3300/0,v1:172.21.15.16:6789/0] -- mon_getmap magic: 0 -- 0x7f6b5c07bd90 con 0x7f6b5c105fd0
2024-09-19T09:18:33.595 INFO:teuthology.orchestra.run.smithi016.stdout:/usr/bin/ceph: stderr
2024-09-19T09:18:32.551+0000 7f6b5ad9d640 1 --2- >> [v2:172.21.15.16:3300/0,v1:172.21.15.16:6789/0] conn(0x7f6b5c105fd0 0x7f6b5c1063d0 unknown :-1 s=BANNER_CONNECTING pgs=0 cs=0 l=0 rev1=0 crypto rx=0 tx=0 comp rx=0 tx=0)._handle_peer_banner_payload supported=3 required=0
2024-09-19T09:18:33.596 INFO:teuthology.orchestra.run.smithi016.stdout:/usr/bin/ceph: stderr
2024-09-19T09:18:32.551+0000 7f6b5ad9d640 1 --2- >> [v2:172.21.15.16:3300/0,v1:172.21.15.16:6789/0] conn(0x7f6b5c105fd0 0x7f6b5c1063d0 unknown :-1 s=HELLO_CONNECTING pgs=0 cs=0 l=0 rev1=1 crypto rx=0 tx=0 comp rx=0 tx=0).handle_hello peer v2:172.21.15.16:3300/0 says I am v2:172.21.15.16:51316/0 (socket says 172.21.15.16:51316)
2024-09-19T09:18:33.596 INFO:teuthology.orchestra.run.smithi016.stdout:/usr/bin/ceph: stderr
2024-09-19T09:18:32.551+0000 7f6b5ad9d640 1 -- 172.21.15.16:0/3890254101 learned_addr learned my addr 172.21.15.16:0/3890254101 (peer_addr_for_me v2:172.21.15.16:0/0)
2024-09-19T09:18:33.596 INFO:teuthology.orchestra.run.smithi016.stdout:/usr/bin/ceph: stderr
2024-09-19T09:18:32.551+0000 7f6b5ad9d640 1 -- 172.21.15.16:0/3890254101 --> [v2:172.21.15.16:3300/0,v1:172.21.15.16:6789/0] -- mon_subscribe({config=0+,monmap=0+}) -- 0x7f6b5c106910 con 0x7f6b5c105fd0
2024-09-19T09:18:33.596 INFO:teuthology.orchestra.run.smithi016.stdout:/usr/bin/ceph: stderr
2024-09-19T09:18:32.552+0000 7f6b5ad9d640 1 --2- 172.21.15.16:0/3890254101 >> [v2:172.21.15.16:3300/0,v1:172.21.15.16:6789/0] conn(0x7f6b5c105fd0 0x7f6b5c1063d0 secure :-1 s=READY pgs=49 cs=0 l=1 rev1=1 crypto rx=0x7f6b54009820 tx=0x7f6b5402a270 comp rx=0 tx=0).ready entity=mon.0 client_cookie=5be524f4d22772ae server_cookie=0 in_seq=0 out_seq=0
2024-09-19T09:18:33.596 INFO:teuthology.orchestra.run.smithi016.stdout:/usr/bin/ceph: stderr
2024-09-19T09:18:32.552+0000 7f6b59d9b640 1 -- 172.21.15.16:0/3890254101 <== mon.0 v2:172.21.15.16:3300/0 1 ==== mon_map magic: 0 ==== 205+0+0 (secure 0 0 0) 0x7f6b54037070 con 0x7f6b5c105fd0
2024-09-19T09:18:33.596 INFO:teuthology.orchestra.run.smithi016.stdout:/usr/bin/ceph: stderr
2024-09-19T09:18:32.552+0000 7f6b59d9b640 1 -- 172.21.15.16:0/3890254101 <== mon.0 v2:172.21.15.16:3300/0 2 ==== config(27 keys) ==== 1109+0+0 (secure 0 0 0) 0x7f6b54032900 con 0x7f6b5c105fd0
2024-09-19T09:18:33.597 INFO:teuthology.orchestra.run.smithi016.stdout:/usr/bin/ceph: stderr
2024-09-19T09:18:32.552+0000 7f6b59d9b640 1 -- 172.21.15.16:0/3890254101 <== mon.0 v2:172.21.15.16:3300/0 3 ==== mon_map magic: 0 ==== 205+0+0 (secure 0 0 0) 0x7f6b54030850 con 0x7f6b5c105fd0
2024-09-19T09:18:33.597 INFO:teuthology.orchestra.run.smithi016.stdout:/usr/bin/ceph: stderr
2024-09-19T09:18:32.552+0000 7f6b61040640 1 -- 172.21.15.16:0/3890254101 >> [v2:172.21.15.16:3300/0,v1:172.21.15.16:6789/0] conn(0x7f6b5c105fd0 msgr2=0x7f6b5c1063d0 secure :-1 s=STATE_CONNECTION_ESTABLISHED l=1).mark_down
2024-09-19T09:18:33.597 INFO:teuthology.orchestra.run.smithi016.stdout:/usr/bin/ceph: stderr
2024-09-19T09:18:32.552+0000 7f6b61040640 1 --2- 172.21.15.16:0/3890254101 >> [v2:172.21.15.16:3300/0,v1:172.21.15.16:6789/0] conn(0x7f6b5c105fd0 0x7f6b5c1063d0 secure :-1 s=READY pgs=49 cs=0 l=1 rev1=1 crypto rx=0x7f6b54009820 tx=0x7f6b5402a270 comp rx=0 tx=0).stop
2024-09-19T09:18:33.597 INFO:teuthology.orchestra.run.smithi016.stdout:/usr/bin/ceph: stderr
2024-09-19T09:18:32.552+0000 7f6b61040640 1 -- 172.21.15.16:0/3890254101 shutdown_connections
2024-09-19T09:18:33.597 INFO:teuthology.orchestra.run.smithi016.stdout:/usr/bin/ceph: stderr
2024-09-19T09:18:32.552+0000 7f6b61040640 1 --2- 172.21.15.16:0/3890254101 >> [v2:172.21.15.16:3300/0,v1:172.21.15.16:6789/0] conn(0x7f6b5c105fd0 0x7f6b5c1063d0 unknown :-1 s=CLOSED pgs=49 cs=0 l=1 rev1=1 crypto rx=0 tx=0 comp rx=0 tx=0).stop
2024-09-19T09:18:33.598 INFO:teuthology.orchestra.run.smithi016.stdout:/usr/bin/ceph: stderr
2024-09-19T09:18:32.552+0000 7f6b61040640 1 -- 172.21.15.16:0/3890254101 >> 172.21.15.16:0/3890254101 conn(0x7f6b5c101e20 msgr2=0x7f6b5c104240 unknown :-1 s=STATE_NONE l=0).mark_down
2024-09-19T09:18:33.598 INFO:teuthology.orchestra.run.smithi016.stdout:/usr/bin/ceph: stderr
2024-09-19T09:18:32.552+0000 7f6b61040640 1 -- 172.21.15.16:0/3890254101 shutdown_connections
2024-09-19T09:18:33.598 INFO:teuthology.orchestra.run.smithi016.stdout:/usr/bin/ceph: stderr
2024-09-19T09:18:32.553+0000 7f6b61040640 1 -- 172.21.15.16:0/3890254101 wait complete.
2024-09-19T09:18:33.598 INFO:teuthology.orchestra.run.smithi016.stdout:/usr/bin/ceph: stderr
2024-09-19T09:18:32.553+0000 7f6b61040640 1 Processor -- start
2024-09-19T09:18:33.598 INFO:teuthology.orchestra.run.smithi016.stdout:/usr/bin/ceph: stderr
2024-09-19T09:18:32.554+0000 7f6b61040640 1 -- start start
2024-09-19T09:18:33.598 INFO:teuthology.orchestra.run.smithi016.stdout:/usr/bin/ceph: stderr
2024-09-19T09:18:32.554+0000 7f6b61040640 1 --2- >> [v2:172.21.15.16:3300/0,v1:172.21.15.16:6789/0] conn(0x7f6b5c105fd0 0x7f6b5c19d8c0 unknown :-1 s=NONE pgs=0 cs=0 l=1 rev1=0 crypto rx=0 tx=0 comp rx=0 tx=0).connect
2024-09-19T09:18:33.599 INFO:teuthology.orchestra.run.smithi016.stdout:/usr/bin/ceph: stderr
2024-09-19T09:18:32.554+0000 7f6b61040640 1 -- --> [v2:172.21.15.16:3300/0,v1:172.21.15.16:6789/0] -- mon_getmap magic: 0 -- 0x7f6b5c107a10 con 0x7f6b5c105fd0
2024-09-19T09:18:33.599 INFO:teuthology.orchestra.run.smithi016.stdout:/usr/bin/ceph: stderr
2024-09-19T09:18:32.554+0000 7f6b5ad9d640 1 --2- >> [v2:172.21.15.16:3300/0,v1:172.21.15.16:6789/0] conn(0x7f6b5c105fd0 0x7f6b5c19d8c0 unknown :-1 s=BANNER_CONNECTING pgs=0 cs=0 l=1 rev1=0 crypto rx=0 tx=0 comp rx=0 tx=0)._handle_peer_banner_payload supported=3 required=0
2024-09-19T09:18:33.599 INFO:teuthology.orchestra.run.smithi016.stdout:/usr/bin/ceph: stderr
2024-09-19T09:18:32.554+0000 7f6b5ad9d640 1 --2- >> [v2:172.21.15.16:3300/0,v1:172.21.15.16:6789/0] conn(0x7f6b5c105fd0 0x7f6b5c19d8c0 unknown :-1 s=HELLO_CONNECTING pgs=0 cs=0 l=1 rev1=1 crypto rx=0 tx=0 comp rx=0 tx=0).handle_hello peer v2:172.21.15.16:3300/0 says I am v2:172.21.15.16:51330/0 (socket says 172.21.15.16:51330)
2024-09-19T09:18:33.599 INFO:teuthology.orchestra.run.smithi016.stdout:/usr/bin/ceph: stderr
2024-09-19T09:18:32.554+0000 7f6b5ad9d640 1 -- 172.21.15.16:0/37026705 learned_addr learned my addr 172.21.15.16:0/37026705 (peer_addr_for_me v2:172.21.15.16:0/0)
2024-09-19T09:18:33.599 INFO:teuthology.orchestra.run.smithi016.stdout:/usr/bin/ceph: stderr
2024-09-19T09:18:32.554+0000 7f6b5ad9d640 1 -- 172.21.15.16:0/37026705 --> [v2:172.21.15.16:3300/0,v1:172.21.15.16:6789/0] -- mon_subscribe({config=0+,monmap=0+}) -- 0x7f6b5c19de00 con 0x7f6b5c105fd0
2024-09-19T09:18:33.599 INFO:teuthology.orchestra.run.smithi016.stdout:/usr/bin/ceph: stderr
2024-09-19T09:18:32.554+0000 7f6b5ad9d640 1 --2- 172.21.15.16:0/37026705 >> [v2:172.21.15.16:3300/0,v1:172.21.15.16:6789/0] conn(0x7f6b5c105fd0 0x7f6b5c19d8c0 secure :-1 s=READY pgs=50 cs=0 l=1 rev1=1 crypto rx=0x7f6b540097f0 tx=0x7f6b54030d80 comp rx=0 tx=0).ready entity=mon.0 client_cookie=0 server_cookie=0 in_seq=0 out_seq=0
2024-09-19T09:18:33.600 INFO:teuthology.orchestra.run.smithi016.stdout:/usr/bin/ceph: stderr
2024-09-19T09:18:32.555+0000 7f6b53fff640 1 -- 172.21.15.16:0/37026705 <== mon.0 v2:172.21.15.16:3300/0 1 ==== mon_map magic: 0 ==== 205+0+0 (secure 0 0 0) 0x7f6b54037040 con 0x7f6b5c105fd0
2024-09-19T09:18:33.600 INFO:teuthology.orchestra.run.smithi016.stdout:/usr/bin/ceph: stderr
2024-09-19T09:18:32.555+0000 7f6b53fff640 1 -- 172.21.15.16:0/37026705 <== mon.0 v2:172.21.15.16:3300/0 2 ==== config(27 keys) ==== 1109+0+0 (secure 0 0 0) 0x7f6b54040070 con 0x7f6b5c105fd0
2024-09-19T09:18:33.600 INFO:teuthology.orchestra.run.smithi016.stdout:/usr/bin/ceph: stderr
2024-09-19T09:18:32.555+0000 7f6b53fff640 1 -- 172.21.15.16:0/37026705 <== mon.0 v2:172.21.15.16:3300/0 3 ==== mon_map magic: 0 ==== 205+0+0 (secure 0 0 0) 0x7f6b5403a390 con 0x7f6b5c105fd0
2024-09-19T09:18:33.600 INFO:teuthology.orchestra.run.smithi016.stdout:/usr/bin/ceph: stderr
2024-09-19T09:18:32.555+0000 7f6b61040640 1 -- 172.21.15.16:0/37026705 --> [v2:172.21.15.16:3300/0,v1:172.21.15.16:6789/0] -- mon_subscribe({mgrmap=0+}) -- 0x7f6b5c19e090 con 0x7f6b5c105fd0
2024-09-19T09:18:33.600 INFO:teuthology.orchestra.run.smithi016.stdout:/usr/bin/ceph: stderr
2024-09-19T09:18:32.555+0000 7f6b61040640 1 -- 172.21.15.16:0/37026705 --> [v2:172.21.15.16:3300/0,v1:172.21.15.16:6789/0] -- mon_subscribe({osdmap=0}) -- 0x7f6b5c1a0d80 con 0x7f6b5c105fd0
2024-09-19T09:18:33.601 INFO:teuthology.orchestra.run.smithi016.stdout:/usr/bin/ceph: stderr
2024-09-19T09:18:32.556+0000 7f6b53fff640 1 -- 172.21.15.16:0/37026705 <== mon.0 v2:172.21.15.16:3300/0 4 ==== mgrmap(e 8) ==== 46461+0+0 (secure 0 0 0) 0x7f6b5403a5e0 con 0x7f6b5c105fd0
2024-09-19T09:18:33.601 INFO:teuthology.orchestra.run.smithi016.stdout:/usr/bin/ceph: stderr
2024-09-19T09:18:32.556+0000 7f6b61040640 1 -- 172.21.15.16:0/37026705 --> [v2:172.21.15.16:3300/0,v1:172.21.15.16:6789/0] -- mon_command({"prefix": "get_command_descriptions"} v 0) -- 0x7f6b5c1063d0 con 0x7f6b5c105fd0
2024-09-19T09:18:33.601 INFO:teuthology.orchestra.run.smithi016.stdout:/usr/bin/ceph: stderr
2024-09-19T09:18:32.556+0000 7f6b53fff640 1 --2- 172.21.15.16:0/37026705 >> [v2:172.21.15.16:6800/1680178094,v1:172.21.15.16:6801/1680178094] conn(0x7f6b48039200 0x7f6b4803b6c0 unknown :-1 s=NONE pgs=0 cs=0 l=1 rev1=0 crypto rx=0 tx=0 comp rx=0 tx=0).connect
2024-09-19T09:18:33.601 INFO:teuthology.orchestra.run.smithi016.stdout:/usr/bin/ceph: stderr
2024-09-19T09:18:32.556+0000 7f6b53fff640 1 -- 172.21.15.16:0/37026705 <== mon.0 v2:172.21.15.16:3300/0 5 ==== osd_map(2..2 src has 1..2) ==== 940+0+0 (secure 0 0 0) 0x7f6b5406c860 con 0x7f6b5c105fd0
2024-09-19T09:18:33.601 INFO:teuthology.orchestra.run.smithi016.stdout:/usr/bin/ceph: stderr
2024-09-19T09:18:32.556+0000 7f6b5a59c640 1 --2- 172.21.15.16:0/37026705 >> [v2:172.21.15.16:6800/1680178094,v1:172.21.15.16:6801/1680178094] conn(0x7f6b48039200 0x7f6b4803b6c0 unknown :-1 s=BANNER_CONNECTING pgs=0 cs=0 l=1 rev1=0 crypto rx=0 tx=0 comp rx=0 tx=0)._handle_peer_banner_payload supported=3 required=0
2024-09-19T09:18:33.601 INFO:teuthology.orchestra.run.smithi016.stdout:/usr/bin/ceph: stderr
2024-09-19T09:18:32.557+0000 7f6b5a59c640 1 --2- 172.21.15.16:0/37026705 >> [v2:172.21.15.16:6800/1680178094,v1:172.21.15.16:6801/1680178094] conn(0x7f6b48039200 0x7f6b4803b6c0 secure :-1 s=READY pgs=14 cs=0 l=1 rev1=1 crypto rx=0x7f6b440098c0 tx=0x7f6b44006db0 comp rx=0 tx=0).ready entity=mgr.14118 client_cookie=0 server_cookie=0 in_seq=0 out_seq=0
2024-09-19T09:18:33.602 INFO:teuthology.orchestra.run.smithi016.stdout:/usr/bin/ceph: stderr
2024-09-19T09:18:32.561+0000 7f6b53fff640 1 -- 172.21.15.16:0/37026705 <== mon.0 v2:172.21.15.16:3300/0 6 ==== mon_command_ack([{"prefix": "get_command_descriptions"}]=0 v0) ==== 72+0+188913 (secure 0 0 0) 0x7f6b54043760 con 0x7f6b5c105fd0
2024-09-19T09:18:33.602 INFO:teuthology.orchestra.run.smithi016.stdout:/usr/bin/ceph: stderr
2024-09-19T09:18:32.740+0000 7f6b61040640 1 -- 172.21.15.16:0/37026705 --> [v2:172.21.15.16:3300/0,v1:172.21.15.16:6789/0] -- mon_command([{prefix=config set, name=mgr/cephadm/container_init}] v 0) -- 0x7f6b5c196d30 con 0x7f6b5c105fd0
2024-09-19T09:18:33.602 INFO:teuthology.orchestra.run.smithi016.stdout:/usr/bin/ceph: stderr
2024-09-19T09:18:32.742+0000 7f6b53fff640 1 -- 172.21.15.16:0/37026705 <== mon.0 v2:172.21.15.16:3300/0 7 ==== mon_command_ack([{prefix=config set, name=mgr/cephadm/container_init}]=0 v6)=0 v6) ==== 142+0+0 (secure 0 0 0) 0x7f6b5403a9d0 con 0x7f6b5c105fd0
2024-09-19T09:18:33.602 INFO:teuthology.orchestra.run.smithi016.stdout:/usr/bin/ceph: stderr
2024-09-19T09:18:32.744+0000 7f6b61040640 1 -- 172.21.15.16:0/37026705 >> [v2:172.21.15.16:6800/1680178094,v1:172.21.15.16:6801/1680178094] conn(0x7f6b48039200 msgr2=0x7f6b4803b6c0 secure :-1 s=STATE_CONNECTION_ESTABLISHED l=1).mark_down
2024-09-19T09:18:33.602 INFO:teuthology.orchestra.run.smithi016.stdout:/usr/bin/ceph: stderr
2024-09-19T09:18:32.744+0000 7f6b61040640 1 --2- 172.21.15.16:0/37026705 >> [v2:172.21.15.16:6800/1680178094,v1:172.21.15.16:6801/1680178094] conn(0x7f6b48039200 0x7f6b4803b6c0 secure :-1 s=READY pgs=14 cs=0 l=1 rev1=1 crypto rx=0x7f6b440098c0 tx=0x7f6b44006db0 comp rx=0 tx=0).stop
2024-09-19T09:18:33.602 INFO:teuthology.orchestra.run.smithi016.stdout:/usr/bin/ceph: stderr
2024-09-19T09:18:32.744+0000 7f6b61040640 1 -- 172.21.15.16:0/37026705 >> [v2:172.21.15.16:3300/0,v1:172.21.15.16:6789/0] conn(0x7f6b5c105fd0 msgr2=0x7f6b5c19d8c0 secure :-1 s=STATE_CONNECTION_ESTABLISHED l=1).mark_down
2024-09-19T09:18:33.603 INFO:teuthology.orchestra.run.smithi016.stdout:/usr/bin/ceph: stderr
2024-09-19T09:18:32.744+0000 7f6b61040640 1 --2- 172.21.15.16:0/37026705 >> [v2:172.21.15.16:3300/0,v1:172.21.15.16:6789/0] conn(0x7f6b5c105fd0 0x7f6b5c19d8c0 secure :-1 s=READY pgs=50 cs=0 l=1 rev1=1 crypto rx=0x7f6b540097f0 tx=0x7f6b54030d80 comp rx=0 tx=0).stop
2024-09-19T09:18:33.603 INFO:teuthology.orchestra.run.smithi016.stdout:/usr/bin/ceph: stderr
2024-09-19T09:18:32.744+0000 7f6b61040640 1 -- 172.21.15.16:0/37026705 shutdown_connections
2024-09-19T09:18:33.603 INFO:teuthology.orchestra.run.smithi016.stdout:/usr/bin/ceph: stderr
2024-09-19T09:18:32.744+0000 7f6b61040640 1 --2- 172.21.15.16:0/37026705 >> [v2:172.21.15.16:6800/1680178094,v1:172.21.15.16:6801/1680178094] conn(0x7f6b48039200 0x7f6b4803b6c0 unknown :-1 s=CLOSED pgs=14 cs=0 l=1 rev1=1 crypto rx=0 tx=0 comp rx=0 tx=0).stop
