2024-09-19T09:28:44.692+0000 7f545b7fe640 1 --2- 172.21.15.1:0/1871042794 >> [v2:172.21.15.1:3300/0,v1:172.21.15.1:6789/0] conn(0x7f545c107710 0x7f545c107b10 secure :-1 s=READY pgs=20 cs=0 l=1 rev1=1 crypto rx=0x7f544c009820 tx=0x7f544c02a270 comp rx=0 tx=0).ready entity=mon.0 client_cookie=3ca8c10be391b2fd server_cookie=0 in_seq=0 out_seq=0
2024-09-19T09:28:45.553 INFO:teuthology.orchestra.run.smithi001.stdout:/usr/bin/ceph: stderr
2024-09-19T09:28:44.692+0000 7f545a7fc640 1 -- 172.21.15.1:0/1871042794 <== mon.0 v2:172.21.15.1:3300/0 1 ==== mon_map magic: 0 ==== 205+0+0 (secure 0 0 0) 0x7f544c037070 con 0x7f545c107710
2024-09-19T09:28:45.553 INFO:teuthology.orchestra.run.smithi001.stdout:/usr/bin/ceph: stderr
2024-09-19T09:28:44.692+0000 7f545a7fc640 1 -- 172.21.15.1:0/1871042794 <== mon.0 v2:172.21.15.1:3300/0 2 ==== config(27 keys) ==== 1109+0+0 (secure 0 0 0) 0x7f544c032900 con 0x7f545c107710
2024-09-19T09:28:45.553 INFO:teuthology.orchestra.run.smithi001.stdout:/usr/bin/ceph: stderr
2024-09-19T09:28:44.692+0000 7f545a7fc640 1 -- 172.21.15.1:0/1871042794 <== mon.0 v2:172.21.15.1:3300/0 3 ==== mon_map magic: 0 ==== 205+0+0 (secure 0 0 0) 0x7f544c030850 con 0x7f545c107710
2024-09-19T09:28:45.553 INFO:teuthology.orchestra.run.smithi001.stdout:/usr/bin/ceph: stderr
2024-09-19T09:28:44.692+0000 7f5462102640 1 -- 172.21.15.1:0/1871042794 >> [v2:172.21.15.1:3300/0,v1:172.21.15.1:6789/0] conn(0x7f545c107710 msgr2=0x7f545c107b10 secure :-1 s=STATE_CONNECTION_ESTABLISHED l=1).mark_down
2024-09-19T09:28:45.553 INFO:teuthology.orchestra.run.smithi001.stdout:/usr/bin/ceph: stderr
2024-09-19T09:28:44.692+0000 7f5462102640 1 --2- 172.21.15.1:0/1871042794 >> [v2:172.21.15.1:3300/0,v1:172.21.15.1:6789/0] conn(0x7f545c107710 0x7f545c107b10 secure :-1 s=READY pgs=20 cs=0 l=1 rev1=1 crypto rx=0x7f544c009820 tx=0x7f544c02a270 comp rx=0 tx=0).stop
2024-09-19T09:28:45.554 INFO:teuthology.orchestra.run.smithi001.stdout:/usr/bin/ceph: stderr
2024-09-19T09:28:44.692+0000 7f5462102640 1 -- 172.21.15.1:0/1871042794 shutdown_connections
2024-09-19T09:28:45.554 INFO:teuthology.orchestra.run.smithi001.stdout:/usr/bin/ceph: stderr
2024-09-19T09:28:44.692+0000 7f5462102640 1 --2- 172.21.15.1:0/1871042794 >> [v2:172.21.15.1:3300/0,v1:172.21.15.1:6789/0] conn(0x7f545c107710 0x7f545c107b10 unknown :-1 s=CLOSED pgs=20 cs=0 l=1 rev1=1 crypto rx=0 tx=0 comp rx=0 tx=0).stop
2024-09-19T09:28:45.554 INFO:teuthology.orchestra.run.smithi001.stdout:/usr/bin/ceph: stderr
2024-09-19T09:28:44.692+0000 7f5462102640 1 -- 172.21.15.1:0/1871042794 >> 172.21.15.1:0/1871042794 conn(0x7f545c102f20 msgr2=0x7f545c105340 unknown :-1 s=STATE_NONE l=0).mark_down
2024-09-19T09:28:45.554 INFO:teuthology.orchestra.run.smithi001.stdout:/usr/bin/ceph: stderr
2024-09-19T09:28:44.692+0000 7f5462102640 1 -- 172.21.15.1:0/1871042794 shutdown_connections
2024-09-19T09:28:45.554 INFO:teuthology.orchestra.run.smithi001.stdout:/usr/bin/ceph: stderr
2024-09-19T09:28:44.692+0000 7f5462102640 1 -- 172.21.15.1:0/1871042794 wait complete.
2024-09-19T09:28:45.554 INFO:teuthology.orchestra.run.smithi001.stdout:/usr/bin/ceph: stderr
2024-09-19T09:28:44.692+0000 7f5462102640 1 Processor -- start
2024-09-19T09:28:45.554 INFO:teuthology.orchestra.run.smithi001.stdout:/usr/bin/ceph: stderr
2024-09-19T09:28:44.693+0000 7f5462102640 1 -- start start
2024-09-19T09:28:45.554 INFO:teuthology.orchestra.run.smithi001.stdout:/usr/bin/ceph: stderr
2024-09-19T09:28:44.693+0000 7f5462102640 1 --2- >> [v2:172.21.15.1:3300/0,v1:172.21.15.1:6789/0] conn(0x7f545c107710 0x7f545c19b690 unknown :-1 s=NONE pgs=0 cs=0 l=1 rev1=0 crypto rx=0 tx=0 comp rx=0 tx=0).connect
2024-09-19T09:28:45.554 INFO:teuthology.orchestra.run.smithi001.stdout:/usr/bin/ceph: stderr
2024-09-19T09:28:44.693+0000 7f5462102640 1 -- --> [v2:172.21.15.1:3300/0,v1:172.21.15.1:6789/0] -- mon_getmap magic: 0 -- 0x7f545c10bcc0 con 0x7f545c107710
2024-09-19T09:28:45.554 INFO:teuthology.orchestra.run.smithi001.stdout:/usr/bin/ceph: stderr
2024-09-19T09:28:44.693+0000 7f545b7fe640 1 --2- >> [v2:172.21.15.1:3300/0,v1:172.21.15.1:6789/0] conn(0x7f545c107710 0x7f545c19b690 unknown :-1 s=BANNER_CONNECTING pgs=0 cs=0 l=1 rev1=0 crypto rx=0 tx=0 comp rx=0 tx=0)._handle_peer_banner_payload supported=3 required=0
2024-09-19T09:28:45.554 INFO:teuthology.orchestra.run.smithi001.stdout:/usr/bin/ceph: stderr
2024-09-19T09:28:44.693+0000 7f545b7fe640 1 --2- >> [v2:172.21.15.1:3300/0,v1:172.21.15.1:6789/0] conn(0x7f545c107710 0x7f545c19b690 unknown :-1 s=HELLO_CONNECTING pgs=0 cs=0 l=1 rev1=1 crypto rx=0 tx=0 comp rx=0 tx=0).handle_hello peer v2:172.21.15.1:3300/0 says I am v2:172.21.15.1:49588/0 (socket says 172.21.15.1:49588)
2024-09-19T09:28:45.554 INFO:teuthology.orchestra.run.smithi001.stdout:/usr/bin/ceph: stderr
2024-09-19T09:28:44.693+0000 7f545b7fe640 1 -- 172.21.15.1:0/3580785647 learned_addr learned my addr 172.21.15.1:0/3580785647 (peer_addr_for_me v2:172.21.15.1:0/0)
2024-09-19T09:28:45.554 INFO:teuthology.orchestra.run.smithi001.stdout:/usr/bin/ceph: stderr
2024-09-19T09:28:44.693+0000 7f545b7fe640 1 -- 172.21.15.1:0/3580785647 --> [v2:172.21.15.1:3300/0,v1:172.21.15.1:6789/0] -- mon_subscribe({config=0+,monmap=0+}) -- 0x7f545c19bbd0 con 0x7f545c107710
2024-09-19T09:28:45.554 INFO:teuthology.orchestra.run.smithi001.stdout:/usr/bin/ceph: stderr
2024-09-19T09:28:44.693+0000 7f545b7fe640 1 --2- 172.21.15.1:0/3580785647 >> [v2:172.21.15.1:3300/0,v1:172.21.15.1:6789/0] conn(0x7f545c107710 0x7f545c19b690 secure :-1 s=READY pgs=21 cs=0 l=1 rev1=1 crypto rx=0x7f544c009940 tx=0x7f544c032ce0 comp rx=0 tx=0).ready entity=mon.0 client_cookie=0 server_cookie=0 in_seq=0 out_seq=0
2024-09-19T09:28:45.555 INFO:teuthology.orchestra.run.smithi001.stdout:/usr/bin/ceph: stderr
2024-09-19T09:28:44.694+0000 7f5458ff9640 1 -- 172.21.15.1:0/3580785647 <== mon.0 v2:172.21.15.1:3300/0 1 ==== mon_map magic: 0 ==== 205+0+0 (secure 0 0 0) 0x7f544c042070 con 0x7f545c107710
2024-09-19T09:28:45.555 INFO:teuthology.orchestra.run.smithi001.stdout:/usr/bin/ceph: stderr
2024-09-19T09:28:44.694+0000 7f5462102640 1 -- 172.21.15.1:0/3580785647 --> [v2:172.21.15.1:3300/0,v1:172.21.15.1:6789/0] -- mon_subscribe({mgrmap=0+}) -- 0x7f545c19be60 con 0x7f545c107710
2024-09-19T09:28:45.555 INFO:teuthology.orchestra.run.smithi001.stdout:/usr/bin/ceph: stderr
2024-09-19T09:28:44.694+0000 7f5458ff9640 1 -- 172.21.15.1:0/3580785647 <== mon.0 v2:172.21.15.1:3300/0 2 ==== config(27 keys) ==== 1109+0+0 (secure 0 0 0) 0x7f544c0308c0 con 0x7f545c107710
2024-09-19T09:28:45.555 INFO:teuthology.orchestra.run.smithi001.stdout:/usr/bin/ceph: stderr
2024-09-19T09:28:44.694+0000 7f5458ff9640 1 -- 172.21.15.1:0/3580785647 <== mon.0 v2:172.21.15.1:3300/0 3 ==== mon_map magic: 0 ==== 205+0+0 (secure 0 0 0) 0x7f544c037040 con 0x7f545c107710
2024-09-19T09:28:45.555 INFO:teuthology.orchestra.run.smithi001.stdout:/usr/bin/ceph: stderr
2024-09-19T09:28:44.694+0000 7f5462102640 1 -- 172.21.15.1:0/3580785647 --> [v2:172.21.15.1:3300/0,v1:172.21.15.1:6789/0] -- mon_subscribe({osdmap=0}) -- 0x7f545c19eb50 con 0x7f545c107710
2024-09-19T09:28:45.555 INFO:teuthology.orchestra.run.smithi001.stdout:/usr/bin/ceph: stderr
2024-09-19T09:28:44.696+0000 7f5458ff9640 1 -- 172.21.15.1:0/3580785647 <== mon.0 v2:172.21.15.1:3300/0 4 ==== mgrmap(e 4) ==== 46450+0+0 (secure 0 0 0) 0x7f544c045070 con 0x7f545c107710
2024-09-19T09:28:45.555 INFO:teuthology.orchestra.run.smithi001.stdout:/usr/bin/ceph: stderr
2024-09-19T09:28:44.696+0000 7f5458ff9640 1 --2- 172.21.15.1:0/3580785647 >> [v2:172.21.15.1:6800/1296304385,v1:172.21.15.1:6801/1296304385] conn(0x7f5444039160 0x7f544403b620 unknown :-1 s=NONE pgs=0 cs=0 l=1 rev1=0 crypto rx=0 tx=0 comp rx=0 tx=0).connect
2024-09-19T09:28:45.555 INFO:teuthology.orchestra.run.smithi001.stdout:/usr/bin/ceph: stderr
2024-09-19T09:28:44.696+0000 7f5462102640 1 -- 172.21.15.1:0/3580785647 --> [v2:172.21.15.1:3300/0,v1:172.21.15.1:6789/0] -- mon_command({"prefix": "get_command_descriptions"} v 0) -- 0x7f545c107b90 con 0x7f545c107710
2024-09-19T09:28:45.555 INFO:teuthology.orchestra.run.smithi001.stdout:/usr/bin/ceph: stderr
2024-09-19T09:28:44.696+0000 7f5458ff9640 1 -- 172.21.15.1:0/3580785647 <== mon.0 v2:172.21.15.1:3300/0 5 ==== osd_map(1..1 src has 1..1) ==== 725+0+0 (secure 0 0 0) 0x7f544c06c2a0 con 0x7f545c107710
2024-09-19T09:28:45.555 INFO:teuthology.orchestra.run.smithi001.stdout:/usr/bin/ceph: stderr
2024-09-19T09:28:44.696+0000 7f545affd640 1 --2- 172.21.15.1:0/3580785647 >> [v2:172.21.15.1:6800/1296304385,v1:172.21.15.1:6801/1296304385] conn(0x7f5444039160 0x7f544403b620 unknown :-1 s=BANNER_CONNECTING pgs=0 cs=0 l=1 rev1=0 crypto rx=0 tx=0 comp rx=0 tx=0)._handle_peer_banner_payload supported=3 required=0
2024-09-19T09:28:45.555 INFO:teuthology.orchestra.run.smithi001.stdout:/usr/bin/ceph: stderr
2024-09-19T09:28:44.696+0000 7f545affd640 1 --2- 172.21.15.1:0/3580785647 >> [v2:172.21.15.1:6800/1296304385,v1:172.21.15.1:6801/1296304385] conn(0x7f5444039160 0x7f544403b620 secure :-1 s=READY pgs=8 cs=0 l=1 rev1=1 crypto rx=0x7f54500098c0 tx=0x7f5450006db0 comp rx=0 tx=0).ready entity=mgr.14100 client_cookie=0 server_cookie=0 in_seq=0 out_seq=0
2024-09-19T09:28:45.555 INFO:teuthology.orchestra.run.smithi001.stdout:/usr/bin/ceph: stderr
2024-09-19T09:28:44.701+0000 7f5458ff9640 1 -- 172.21.15.1:0/3580785647 <== mon.0 v2:172.21.15.1:3300/0 6 ==== mon_command_ack([{"prefix": "get_command_descriptions"}]=0 v0) ==== 72+0+188913 (secure 0 0 0) 0x7f544c06bcc0 con 0x7f545c107710
2024-09-19T09:28:45.556 INFO:teuthology.orchestra.run.smithi001.stdout:/usr/bin/ceph: stderr
2024-09-19T09:28:44.925+0000 7f5462102640 1 -- 172.21.15.1:0/3580785647 --> [v2:172.21.15.1:3300/0,v1:172.21.15.1:6789/0] -- mon_command({"prefix": "mgr module enable", "module": "cephadm"} v 0) -- 0x7f545c19f1d0 con 0x7f545c107710
2024-09-19T09:28:45.556 INFO:teuthology.orchestra.run.smithi001.stdout:/usr/bin/ceph: stderr
2024-09-19T09:28:44.976+0000 7f5458ff9640 1 -- 172.21.15.1:0/3580785647 <== mon.0 v2:172.21.15.1:3300/0 7 ==== mon_command_ack([{"prefix": "mgr module enable", "module": "cephadm"}]=0 v5) ==== 86+0+0 (secure 0 0 0) 0x7f544c03cd90 con 0x7f545c107710
2024-09-19T09:28:45.556 INFO:teuthology.orchestra.run.smithi001.stdout:/usr/bin/ceph: stderr
2024-09-19T09:28:44.977+0000 7f5458ff9640 1 -- 172.21.15.1:0/3580785647 <== mon.0 v2:172.21.15.1:3300/0 8 ==== mgrmap(e 5) ==== 46461+0+0 (secure 0 0 0) 0x7f544c0327b0 con 0x7f545c107710
2024-09-19T09:28:45.556 INFO:teuthology.orchestra.run.smithi001.stdout:/usr/bin/ceph: stderr
2024-09-19T09:28:44.979+0000 7f5462102640 1 -- 172.21.15.1:0/3580785647 >> [v2:172.21.15.1:6800/1296304385,v1:172.21.15.1:6801/1296304385] conn(0x7f5444039160 msgr2=0x7f544403b620 secure :-1 s=STATE_CONNECTION_ESTABLISHED l=1).mark_down
2024-09-19T09:28:45.556 INFO:teuthology.orchestra.run.smithi001.stdout:/usr/bin/ceph: stderr
2024-09-19T09:28:44.979+0000 7f5462102640 1 --2- 172.21.15.1:0/3580785647 >> [v2:172.21.15.1:6800/1296304385,v1:172.21.15.1:6801/1296304385] conn(0x7f5444039160 0x7f544403b620 secure :-1 s=READY pgs=8 cs=0 l=1 rev1=1 crypto rx=0x7f54500098c0 tx=0x7f5450006db0 comp rx=0 tx=0).stop
2024-09-19T09:28:45.556 INFO:teuthology.orchestra.run.smithi001.stdout:/usr/bin/ceph: stderr
2024-09-19T09:28:44.979+0000 7f5462102640 1 -- 172.21.15.1:0/3580785647 >> [v2:172.21.15.1:3300/0,v1:172.21.15.1:6789/0] conn(0x7f545c107710 msgr2=0x7f545c19b690 secure :-1 s=STATE_CONNECTION_ESTABLISHED l=1).mark_down
2024-09-19T09:28:45.556 INFO:teuthology.orchestra.run.smithi001.stdout:/usr/bin/ceph: stderr
2024-09-19T09:28:44.979+0000 7f5462102640 1 --2- 172.21.15.1:0/3580785647 >> [v2:172.21.15.1:3300/0,v1:172.21.15.1:6789/0] conn(0x7f545c107710 0x7f545c19b690 secure :-1 s=READY pgs=21 cs=0 l=1 rev1=1 crypto rx=0x7f544c009940 tx=0x7f544c032ce0 comp rx=0 tx=0).stop
2024-09-19T09:28:45.556 INFO:teuthology.orchestra.run.smithi001.stdout:/usr/bin/ceph: stderr
2024-09-19T09:28:44.979+0000 7f5462102640 1 -- 172.21.15.1:0/3580785647 shutdown_connections
2024-09-19T09:28:45.556 INFO:teuthology.orchestra.run.smithi001.stdout:/usr/bin/ceph: stderr
2024-09-19T09:28:44.979+0000 7f5462102640 1 --2- 172.21.15.1:0/3580785647 >> [v2:172.21.15.1:6800/1296304385,v1:172.21.15.1:6801/1296304385] conn(0x7f5444039160 0x7f544403b620 unknown :-1 s=CLOSED pgs=8 cs=0 l=1 rev1=1 crypto rx=0 tx=0 comp rx=0 tx=0).stop
2024-09-19T09:28:45.556 INFO:teuthology.orchestra.run.smithi001.stdout:/usr/bin/ceph: stderr
2024-09-19T09:28:44.979+0000 7f5462102640 1 --2- 172.21.15.1:0/3580785647 >> [v2:172.21.15.1:3300/0,v1:172.21.15.1:6789/0] conn(0x7f545c107710 0x7f545c19b690 unknown :-1 s=CLOSED pgs=21 cs=0 l=1 rev1=1 crypto rx=0 tx=0 comp rx=0 tx=0).stop
2024-09-19T09:28:45.557 INFO:teuthology.orchestra.run.smithi001.stdout:/usr/bin/ceph: stderr
2024-09-19T09:28:44.979+0000 7f5462102640 1 -- 172.21.15.1:0/3580785647 >> 172.21.15.1:0/3580785647 conn(0x7f545c102f20 msgr2=0x7f545c103a70 unknown :-1 s=STATE_NONE l=0).mark_down
2024-09-19T09:28:45.557 INFO:teuthology.orchestra.run.smithi001.stdout:/usr/bin/ceph: stderr
2024-09-19T09:28:44.979+0000 7f5462102640 1 -- 172.21.15.1:0/3580785647 shutdown_connections
2024-09-19T09:28:45.557 INFO:teuthology.orchestra.run.smithi001.stdout:/usr/bin/ceph: stderr
2024-09-19T09:28:44.979+0000 7f5462102640 1 -- 172.21.15.1:0/3580785647 wait complete.
2024-09-19T09:28:45.812 INFO:journalctl@ceph.mgr.x.smithi001.stdout:Sep 19 09:28:45 smithi001 ceph-57238232-7669-11ef-bceb-c7b262605968-mgr-x[31454]:
2024-09-19T09:28:45.562+0000 7f9831072040 -1 mgr[py] Module test_orchestrator has missing NOTIFY_TYPES member
2024-09-19T09:28:45.812 INFO:journalctl@ceph.mgr.x.smithi001.stdout:Sep 19 09:28:45 smithi001 ceph-57238232-7669-11ef-bceb-c7b262605968-mgr-x[31454]:
2024-09-19T09:28:45.712+0000 7f9831072040 -1 mgr[py] Module snap_schedule has missing NOTIFY_TYPES member
2024-09-19T09:28:46.124 INFO:journalctl@ceph.mgr.x.smithi001.stdout:Sep 19 09:28:46 smithi001 ceph-57238232-7669-11ef-bceb-c7b262605968-mgr-x[31454]:
2024-09-19T09:28:46.059+0000 7f9831072040 -1 mgr[py] Module prometheus has missing NOTIFY_TYPES member
2024-09-19T09:28:46.125 INFO:journalctl@ceph.mon.a.smithi001.stdout:Sep 19 09:28:45 smithi001 ceph-mon[31225]: from='client.? 172.21.15.1:0/3580785647' entity='client.admin' cmd='[{"prefix": "mgr module enable", "module": "cephadm"}]': finished
2024-09-19T09:28:46.125 INFO:journalctl@ceph.mon.a.smithi001.stdout:Sep 19 09:28:45 smithi001 ceph-mon[31225]: mgrmap e5: x(active, since 4s)
2024-09-19T09:28:46.497 INFO:journalctl@ceph.mgr.x.smithi001.stdout:Sep 19 09:28:46 smithi001 ceph-57238232-7669-11ef-bceb-c7b262605968-mgr-x[31454]:
2024-09-19T09:28:46.123+0000 7f9831072040 -1 mgr[py] Module selftest has missing NOTIFY_TYPES member
2024-09-19T09:28:46.497 INFO:journalctl@ceph.mgr.x.smithi001.stdout:Sep 19 09:28:46 smithi001 ceph-57238232-7669-11ef-bceb-c7b262605968-mgr-x[31454]:
2024-09-19T09:28:46.323+0000 7f9831072040 -1 mgr[py] Module volumes has missing NOTIFY_TYPES member
2024-09-19T09:28:46.817 INFO:teuthology.orchestra.run.smithi001.stdout:/usr/bin/ceph: stdout {
2024-09-19T09:28:46.817 INFO:teuthology.orchestra.run.smithi001.stdout:/usr/bin/ceph: stdout "epoch": 5,
2024-09-19T09:28:46.817 INFO:teuthology.orchestra.run.smithi001.stdout:/usr/bin/ceph: stdout "available": true,
2024-09-19T09:28:46.817 INFO:teuthology.orchestra.run.smithi001.stdout:/usr/bin/ceph: stdout "active_name": "x",
2024-09-19T09:28:46.817 INFO:teuthology.orchestra.run.smithi001.stdout:/usr/bin/ceph: stdout "num_standby": 0
2024-09-19T09:28:46.818 INFO:teuthology.orchestra.run.smithi001.stdout:/usr/bin/ceph: stdout }
2024-09-19T09:28:46.818 INFO:teuthology.orchestra.run.smithi001.stdout:/usr/bin/ceph: stderr
2024-09-19T09:28:45.991+0000 7f65f37d2640 1 Processor -- start
2024-09-19T09:28:46.818 INFO:teuthology.orchestra.run.smithi001.stdout:/usr/bin/ceph: stderr
2024-09-19T09:28:45.991+0000 7f65f37d2640 1 -- start start
2024-09-19T09:28:46.818 INFO:teuthology.orchestra.run.smithi001.stdout:/usr/bin/ceph: stderr
2024-09-19T09:28:45.991+0000 7f65f37d2640 1 --2- >> [v2:172.21.15.1:3300/0,v1:172.21.15.1:6789/0] conn(0x7f65ec1065a0 0x7f65ec1069a0 unknown :-1 s=NONE pgs=0 cs=0 l=0 rev1=0 crypto rx=0 tx=0 comp rx=0 tx=0).connect
2024-09-19T09:28:46.818 INFO:teuthology.orchestra.run.smithi001.stdout:/usr/bin/ceph: stderr
2024-09-19T09:28:45.991+0000 7f65f37d2640 1 -- --> [v2:172.21.15.1:3300/0,v1:172.21.15.1:6789/0] -- mon_getmap magic: 0 -- 0x7f65ec106f70 con 0x7f65ec1065a0
2024-09-19T09:28:46.818 INFO:teuthology.orchestra.run.smithi001.stdout:/usr/bin/ceph: stderr
2024-09-19T09:28:45.992+0000 7f65f156e640 1 --2- >> [v2:172.21.15.1:3300/0,v1:172.21.15.1:6789/0] conn(0x7f65ec1065a0 0x7f65ec1069a0 unknown :-1 s=BANNER_CONNECTING pgs=0 cs=0 l=0 rev1=0 crypto rx=0 tx=0 comp rx=0 tx=0)._handle_peer_banner_payload supported=3 required=0
2024-09-19T09:28:46.818 INFO:teuthology.orchestra.run.smithi001.stdout:/usr/bin/ceph: stderr
2024-09-19T09:28:45.992+0000 7f65f156e640 1 --2- >> [v2:172.21.15.1:3300/0,v1:172.21.15.1:6789/0] conn(0x7f65ec1065a0 0x7f65ec1069a0 unknown :-1 s=HELLO_CONNECTING pgs=0 cs=0 l=0 rev1=1 crypto rx=0 tx=0 comp rx=0 tx=0).handle_hello peer v2:172.21.15.1:3300/0 says I am v2:172.21.15.1:37806/0 (socket says 172.21.15.1:37806)
2024-09-19T09:28:46.818 INFO:teuthology.orchestra.run.smithi001.stdout:/usr/bin/ceph: stderr
2024-09-19T09:28:45.992+0000 7f65f156e640 1 -- 172.21.15.1:0/1066571917 learned_addr learned my addr 172.21.15.1:0/1066571917 (peer_addr_for_me v2:172.21.15.1:0/0)
2024-09-19T09:28:46.818 INFO:teuthology.orchestra.run.smithi001.stdout:/usr/bin/ceph: stderr
2024-09-19T09:28:45.992+0000 7f65f156e640 1 -- 172.21.15.1:0/1066571917 --> [v2:172.21.15.1:3300/0,v1:172.21.15.1:6789/0] -- mon_subscribe({config=0+,monmap=0+}) -- 0x7f65ec1077a0 con 0x7f65ec1065a0
2024-09-19T09:28:46.818 INFO:teuthology.orchestra.run.smithi001.stdout:/usr/bin/ceph: stderr
2024-09-19T09:28:45.993+0000 7f65f156e640 1 --2- 172.21.15.1:0/1066571917 >> [v2:172.21.15.1:3300/0,v1:172.21.15.1:6789/0] conn(0x7f65ec1065a0 0x7f65ec1069a0 secure :-1 s=READY pgs=24 cs=0 l=1 rev1=1 crypto rx=0x7f65e8009820 tx=0x7f65e802a270 comp rx=0 tx=0).ready entity=mon.0 client_cookie=53007a1f3ca2c758 server_cookie=0 in_seq=0 out_seq=0
2024-09-19T09:28:46.818 INFO:teuthology.orchestra.run.smithi001.stdout:/usr/bin/ceph: stderr
2024-09-19T09:28:45.993+0000 7f65e3fff640 1 -- 172.21.15.1:0/1066571917 <== mon.0 v2:172.21.15.1:3300/0 1 ==== mon_map magic: 0 ==== 205+0+0 (secure 0 0 0) 0x7f65e8037070 con 0x7f65ec1065a0
2024-09-19T09:28:46.818 INFO:teuthology.orchestra.run.smithi001.stdout:/usr/bin/ceph: stderr
2024-09-19T09:28:45.993+0000 7f65e3fff640 1 -- 172.21.15.1:0/1066571917 <== mon.0 v2:172.21.15.1:3300/0 2 ==== config(27 keys) ==== 1109+0+0 (secure 0 0 0) 0x7f65e8032900 con 0x7f65ec1065a0
2024-09-19T09:28:46.818 INFO:teuthology.orchestra.run.smithi001.stdout:/usr/bin/ceph: stderr
2024-09-19T09:28:45.993+0000 7f65e3fff640 1 -- 172.21.15.1:0/1066571917 <== mon.0 v2:172.21.15.1:3300/0 3 ==== mon_map magic: 0 ==== 205+0+0 (secure 0 0 0) 0x7f65e8030850 con 0x7f65ec1065a0
2024-09-19T09:28:46.819 INFO:teuthology.orchestra.run.smithi001.stdout:/usr/bin/ceph: stderr
2024-09-19T09:28:45.993+0000 7f65f37d2640 1 -- 172.21.15.1:0/1066571917 >> [v2:172.21.15.1:3300/0,v1:172.21.15.1:6789/0] conn(0x7f65ec1065a0 msgr2=0x7f65ec1069a0 secure :-1 s=STATE_CONNECTION_ESTABLISHED l=1).mark_down
2024-09-19T09:28:46.819 INFO:teuthology.orchestra.run.smithi001.stdout:/usr/bin/ceph: stderr
2024-09-19T09:28:45.993+0000 7f65f37d2640 1 --2- 172.21.15.1:0/1066571917 >> [v2:172.21.15.1:3300/0,v1:172.21.15.1:6789/0] conn(0x7f65ec1065a0 0x7f65ec1069a0 secure :-1 s=READY pgs=24 cs=0 l=1 rev1=1 crypto rx=0x7f65e8009820 tx=0x7f65e802a270 comp rx=0 tx=0).stop
2024-09-19T09:28:46.819 INFO:teuthology.orchestra.run.smithi001.stdout:/usr/bin/ceph: stderr
2024-09-19T09:28:45.994+0000 7f65f37d2640 1 -- 172.21.15.1:0/1066571917 shutdown_connections
2024-09-19T09:28:46.819 INFO:teuthology.orchestra.run.smithi001.stdout:/usr/bin/ceph: stderr
2024-09-19T09:28:45.994+0000 7f65f37d2640 1 --2- 172.21.15.1:0/1066571917 >> [v2:172.21.15.1:3300/0,v1:172.21.15.1:6789/0] conn(0x7f65ec1065a0 0x7f65ec1069a0 unknown :-1 s=CLOSED pgs=24 cs=0 l=1 rev1=1 crypto rx=0 tx=0 comp rx=0 tx=0).stop
2024-09-19T09:28:46.819 INFO:teuthology.orchestra.run.smithi001.stdout:/usr/bin/ceph: stderr
2024-09-19T09:28:45.994+0000 7f65f37d2640 1 -- 172.21.15.1:0/1066571917 >> 172.21.15.1:0/1066571917 conn(0x7f65ec101d50 msgr2=0x7f65ec104170 unknown :-1 s=STATE_NONE l=0).mark_down
2024-09-19T09:28:46.819 INFO:teuthology.orchestra.run.smithi001.stdout:/usr/bin/ceph: stderr
2024-09-19T09:28:45.994+0000 7f65f37d2640 1 -- 172.21.15.1:0/1066571917 shutdown_connections
2024-09-19T09:28:46.819 INFO:teuthology.orchestra.run.smithi001.stdout:/usr/bin/ceph: stderr
2024-09-19T09:28:45.994+0000 7f65f37d2640 1 -- 172.21.15.1:0/1066571917 wait complete.
2024-09-19T09:28:46.819 INFO:teuthology.orchestra.run.smithi001.stdout:/usr/bin/ceph: stderr
2024-09-19T09:28:45.994+0000 7f65f37d2640 1 Processor -- start
2024-09-19T09:28:46.819 INFO:teuthology.orchestra.run.smithi001.stdout:/usr/bin/ceph: stderr
2024-09-19T09:28:45.994+0000 7f65f37d2640 1 -- start start
2024-09-19T09:28:46.819 INFO:teuthology.orchestra.run.smithi001.stdout:/usr/bin/ceph: stderr
2024-09-19T09:28:45.994+0000 7f65f37d2640 1 --2- >> [v2:172.21.15.1:3300/0,v1:172.21.15.1:6789/0] conn(0x7f65ec1065a0 0x7f65ec19b760 unknown :-1 s=NONE pgs=0 cs=0 l=1 rev1=0 crypto rx=0 tx=0 comp rx=0 tx=0).connect
2024-09-19T09:28:46.820 INFO:teuthology.orchestra.run.smithi001.stdout:/usr/bin/ceph: stderr
2024-09-19T09:28:45.994+0000 7f65f37d2640 1 -- --> [v2:172.21.15.1:3300/0,v1:172.21.15.1:6789/0] -- mon_getmap magic: 0 -- 0x7f65ec10ab50 con 0x7f65ec1065a0
2024-09-19T09:28:46.820 INFO:teuthology.orchestra.run.smithi001.stdout:/usr/bin/ceph: stderr
2024-09-19T09:28:45.995+0000 7f65f156e640 1 --2- >> [v2:172.21.15.1:3300/0,v1:172.21.15.1:6789/0] conn(0x7f65ec1065a0 0x7f65ec19b760 unknown :-1 s=BANNER_CONNECTING pgs=0 cs=0 l=1 rev1=0 crypto rx=0 tx=0 comp rx=0 tx=0)._handle_peer_banner_payload supported=3 required=0
2024-09-19T09:28:46.820 INFO:teuthology.orchestra.run.smithi001.stdout:/usr/bin/ceph: stderr
2024-09-19T09:28:45.995+0000 7f65f156e640 1 --2- >> [v2:172.21.15.1:3300/0,v1:172.21.15.1:6789/0] conn(0x7f65ec1065a0 0x7f65ec19b760 unknown :-1 s=HELLO_CONNECTING pgs=0 cs=0 l=1 rev1=1 crypto rx=0 tx=0 comp rx=0 tx=0).handle_hello peer v2:172.21.15.1:3300/0 says I am v2:172.21.15.1:37808/0 (socket says 172.21.15.1:37808)
2024-09-19T09:28:46.820 INFO:teuthology.orchestra.run.smithi001.stdout:/usr/bin/ceph: stderr
2024-09-19T09:28:45.995+0000 7f65f156e640 1 -- 172.21.15.1:0/2648607374 learned_addr learned my addr 172.21.15.1:0/2648607374 (peer_addr_for_me v2:172.21.15.1:0/0)
2024-09-19T09:28:46.820 INFO:teuthology.orchestra.run.smithi001.stdout:/usr/bin/ceph: stderr
2024-09-19T09:28:45.995+0000 7f65f156e640 1 -- 172.21.15.1:0/2648607374 --> [v2:172.21.15.1:3300/0,v1:172.21.15.1:6789/0] -- mon_subscribe({config=0+,monmap=0+}) -- 0x7f65ec19bca0 con 0x7f65ec1065a0
2024-09-19T09:28:46.820 INFO:teuthology.orchestra.run.smithi001.stdout:/usr/bin/ceph: stderr
2024-09-19T09:28:45.995+0000 7f65f156e640 1 --2- 172.21.15.1:0/2648607374 >> [v2:172.21.15.1:3300/0,v1:172.21.15.1:6789/0] conn(0x7f65ec1065a0 0x7f65ec19b760 secure :-1 s=READY pgs=25 cs=0 l=1 rev1=1 crypto rx=0x7f65e80097f0 tx=0x7f65e8030ec0 comp rx=0 tx=0).ready entity=mon.0 client_cookie=0 server_cookie=0 in_seq=0 out_seq=0
2024-09-19T09:28:46.820 INFO:teuthology.orchestra.run.smithi001.stdout:/usr/bin/ceph: stderr
2024-09-19T09:28:45.995+0000 7f65e27fc640 1 -- 172.21.15.1:0/2648607374 <== mon.0 v2:172.21.15.1:3300/0 1 ==== mon_map magic: 0 ==== 205+0+0 (secure 0 0 0) 0x7f65e8042070 con 0x7f65ec1065a0
2024-09-19T09:28:46.820 INFO:teuthology.orchestra.run.smithi001.stdout:/usr/bin/ceph: stderr
2024-09-19T09:28:45.995+0000 7f65e27fc640 1 -- 172.21.15.1:0/2648607374 <== mon.0 v2:172.21.15.1:3300/0 2 ==== config(27 keys) ==== 1109+0+0 (secure 0 0 0) 0x7f65e8032ca0 con 0x7f65ec1065a0
2024-09-19T09:28:46.820 INFO:teuthology.orchestra.run.smithi001.stdout:/usr/bin/ceph: stderr
2024-09-19T09:28:45.995+0000 7f65f37d2640 1 -- 172.21.15.1:0/2648607374 --> [v2:172.21.15.1:3300/0,v1:172.21.15.1:6789/0] -- mon_subscribe({mgrmap=0+}) -- 0x7f65ec19bf30 con 0x7f65ec1065a0
2024-09-19T09:28:46.820 INFO:teuthology.orchestra.run.smithi001.stdout:/usr/bin/ceph: stderr
2024-09-19T09:28:45.995+0000 7f65e27fc640 1 -- 172.21.15.1:0/2648607374 <== mon.0 v2:172.21.15.1:3300/0 3 ==== mon_map magic: 0 ==== 205+0+0 (secure 0 0 0) 0x7f65e8037040 con 0x7f65ec1065a0
2024-09-19T09:28:46.820 INFO:teuthology.orchestra.run.smithi001.stdout:/usr/bin/ceph: stderr
2024-09-19T09:28:45.995+0000 7f65f37d2640 1 -- 172.21.15.1:0/2648607374 --> [v2:172.21.15.1:3300/0,v1:172.21.15.1:6789/0] -- mon_subscribe({osdmap=0}) -- 0x7f65ec19ec20 con 0x7f65ec1065a0
2024-09-19T09:28:46.820 INFO:teuthology.orchestra.run.smithi001.stdout:/usr/bin/ceph: stderr
2024-09-19T09:28:45.996+0000 7f65e27fc640 1 -- 172.21.15.1:0/2648607374 <== mon.0 v2:172.21.15.1:3300/0 4 ==== mgrmap(e 5) ==== 46461+0+0 (secure 0 0 0) 0x7f65e8045070 con 0x7f65ec1065a0
2024-09-19T09:28:46.820 INFO:teuthology.orchestra.run.smithi001.stdout:/usr/bin/ceph: stderr
2024-09-19T09:28:45.996+0000 7f65e27fc640 1 --2- 172.21.15.1:0/2648607374 >> [v2:172.21.15.1:6800/1296304385,v1:172.21.15.1:6801/1296304385] conn(0x7f65d80391b0 0x7f65d803b670 unknown :-1 s=NONE pgs=0 cs=0 l=1 rev1=0 crypto rx=0 tx=0 comp rx=0 tx=0).connect
2024-09-19T09:28:46.821 INFO:teuthology.orchestra.run.smithi001.stdout:/usr/bin/ceph: stderr
2024-09-19T09:28:45.996+0000 7f65e27fc640 1 -- 172.21.15.1:0/2648607374 <== mon.0 v2:172.21.15.1:3300/0 5 ==== osd_map(1..1 src has 1..1) ==== 725+0+0 (secure 0 0 0) 0x7f65e806c400 con 0x7f65ec1065a0
2024-09-19T09:28:46.821 INFO:teuthology.orchestra.run.smithi001.stdout:/usr/bin/ceph: stderr
2024-09-19T09:28:45.996+0000 7f65f0d6d640 1 -- 172.21.15.1:0/2648607374 >> [v2:172.21.15.1:6800/1296304385,v1:172.21.15.1:6801/1296304385] conn(0x7f65d80391b0 msgr2=0x7f65d803b670 unknown :-1 s=STATE_CONNECTING_RE l=1).process reconnect failed to v2:172.21.15.1:6800/1296304385
2024-09-19T09:28:46.821 INFO:teuthology.orchestra.run.smithi001.stdout:/usr/bin/ceph: stderr
2024-09-19T09:28:45.996+0000 7f65f0d6d640 1 --2- 172.21.15.1:0/2648607374 >> [v2:172.21.15.1:6800/1296304385,v1:172.21.15.1:6801/1296304385] conn(0x7f65d80391b0 0x7f65d803b670 unknown :-1 s=START_CONNECT pgs=0 cs=0 l=1 rev1=0 crypto rx=0 tx=0 comp rx=0 tx=0)._fault waiting 0.200000
2024-09-19T09:28:46.821 INFO:teuthology.orchestra.run.smithi001.stdout:/usr/bin/ceph: stderr
2024-09-19T09:28:45.997+0000 7f65f37d2640 1 -- 172.21.15.1:0/2648607374 --> [v2:172.21.15.1:3300/0,v1:172.21.15.1:6789/0] -- mon_command({"prefix": "get_command_descriptions"} v 0) -- 0x7f65ec10acd0 con 0x7f65ec1065a0
2024-09-19T09:28:46.821 INFO:teuthology.orchestra.run.smithi001.stdout:/usr/bin/ceph: stderr
2024-09-19T09:28:46.002+0000 7f65e27fc640 1 -- 172.21.15.1:0/2648607374 <== mon.0 v2:172.21.15.1:3300/0 6 ==== mon_command_ack([{"prefix": "get_command_descriptions"}]=0 v0) ==== 72+0+188913 (secure 0 0 0) 0x7f65e806be20 con 0x7f65ec1065a0
2024-09-19T09:28:46.821 INFO:teuthology.orchestra.run.smithi001.stdout:/usr/bin/ceph: stderr
2024-09-19T09:28:46.197+0000 7f65f0d6d640 1 -- 172.21.15.1:0/2648607374 >> [v2:172.21.15.1:6800/1296304385,v1:172.21.15.1:6801/1296304385] conn(0x7f65d80391b0 msgr2=0x7f65d803b670 unknown :-1 s=STATE_CONNECTING_RE l=1).process reconnect failed to v2:172.21.15.1:6800/1296304385
2024-09-19T09:28:46.821 INFO:teuthology.orchestra.run.smithi001.stdout:/usr/bin/ceph: stderr
2024-09-19T09:28:46.197+0000 7f65f0d6d640 1 --2- 172.21.15.1:0/2648607374 >> [v2:172.21.15.1:6800/1296304385,v1:172.21.15.1:6801/1296304385] conn(0x7f65d80391b0 0x7f65d803b670 unknown :-1 s=START_CONNECT pgs=0 cs=0 l=1 rev1=0 crypto rx=0 tx=0 comp rx=0 tx=0)._fault waiting 0.400000
2024-09-19T09:28:46.821 INFO:teuthology.orchestra.run.smithi001.stdout:/usr/bin/ceph: stderr
2024-09-19T09:28:46.240+0000 7f65f37d2640 1 -- 172.21.15.1:0/2648607374 --> [v2:172.21.15.1:3300/0,v1:172.21.15.1:6789/0] -- mon_command({"prefix": "mgr stat"} v 0) -- 0x7f65ec02d860 con 0x7f65ec1065a0
2024-09-19T09:28:46.821 INFO:teuthology.orchestra.run.smithi001.stdout:/usr/bin/ceph: stderr
2024-09-19T09:28:46.241+0000 7f65e27fc640 1 -- 172.21.15.1:0/2648607374 <== mon.0 v2:172.21.15.1:3300/0 7 ==== mon_command_ack([{"prefix": "mgr stat"}]=0 v5) ==== 56+0+88 (secure 0 0 0) 0x7f65e803ccd0 con 0x7f65ec1065a0
2024-09-19T09:28:46.822 INFO:teuthology.orchestra.run.smithi001.stdout:/usr/bin/ceph: stderr
2024-09-19T09:28:46.243+0000 7f65f37d2640 1 -- 172.21.15.1:0/2648607374 >> [v2:172.21.15.1:6800/1296304385,v1:172.21.15.1:6801/1296304385] conn(0x7f65d80391b0 msgr2=0x7f65d803b670 unknown :-1 s=STATE_CONNECTING l=1).mark_down
2024-09-19T09:28:46.822 INFO:teuthology.orchestra.run.smithi001.stdout:/usr/bin/ceph: stderr
2024-09-19T09:28:46.243+0000 7f65f37d2640 1 --2- 172.21.15.1:0/2648607374 >> [v2:172.21.15.1:6800/1296304385,v1:172.21.15.1:6801/1296304385] conn(0x7f65d80391b0 0x7f65d803b670 unknown :-1 s=START_CONNECT pgs=0 cs=0 l=1 rev1=0 crypto rx=0 tx=0 comp rx=0 tx=0).stop
2024-09-19T09:28:46.822 INFO:teuthology.orchestra.run.smithi001.stdout:/usr/bin/ceph: stderr
2024-09-19T09:28:46.243+0000 7f65f37d2640 1 -- 172.21.15.1:0/2648607374 >> [v2:172.21.15.1:3300/0,v1:172.21.15.1:6789/0] conn(0x7f65ec1065a0 msgr2=0x7f65ec19b760 secure :-1 s=STATE_CONNECTION_ESTABLISHED l=1).mark_down
2024-09-19T09:28:46.822 INFO:teuthology.orchestra.run.smithi001.stdout:/usr/bin/ceph: stderr
2024-09-19T09:28:46.243+0000 7f65f37d2640 1 --2- 172.21.15.1:0/2648607374 >> [v2:172.21.15.1:3300/0,v1:172.21.15.1:6789/0] conn(0x7f65ec1065a0 0x7f65ec19b760 secure :-1 s=READY pgs=25 cs=0 l=1 rev1=1 crypto rx=0x7f65e80097f0 tx=0x7f65e8030ec0 comp rx=0 tx=0).stop
2024-09-19T09:28:46.822 INFO:teuthology.orchestra.run.smithi001.stdout:/usr/bin/ceph: stderr
2024-09-19T09:28:46.243+0000 7f65f37d2640 1 -- 172.21.15.1:0/2648607374 shutdown_connections
2024-09-19T09:28:46.822 INFO:teuthology.orchestra.run.smithi001.stdout:/usr/bin/ceph: stderr
2024-09-19T09:28:46.243+0000 7f65f37d2640 1 --2- 172.21.15.1:0/2648607374 >> [v2:172.21.15.1:6800/1296304385,v1:172.21.15.1:6801/1296304385] conn(0x7f65d80391b0 0x7f65d803b670 unknown :-1 s=CLOSED pgs=0 cs=0 l=1 rev1=0 crypto rx=0 tx=0 comp rx=0 tx=0).stop
2024-09-19T09:28:46.822 INFO:teuthology.orchestra.run.smithi001.stdout:/usr/bin/ceph: stderr
2024-09-19T09:28:46.243+0000 7f65f37d2640 1 --2- 172.21.15.1:0/2648607374 >> [v2:172.21.15.1:3300/0,v1:172.21.15.1:6789/0] conn(0x7f65ec1065a0 0x7f65ec19b760 unknown :-1 s=CLOSED pgs=25 cs=0 l=1 rev1=1 crypto rx=0 tx=0 comp rx=0 tx=0).stop
2024-09-19T09:28:46.822 INFO:teuthology.orchestra.run.smithi001.stdout:/usr/bin/ceph: stderr
2024-09-19T09:28:46.243+0000 7f65f37d2640 1 -- 172.21.15.1:0/2648607374 >> 172.21.15.1:0/2648607374 conn(0x7f65ec101d50 msgr2=0x7f65ec102cc0 unknown :-1 s=STATE_NONE l=0).mark_down
2024-09-19T09:28:46.822 INFO:teuthology.orchestra.run.smithi001.stdout:/usr/bin/ceph: stderr
2024-09-19T09:28:46.243+0000 7f65f37d2640 1 -- 172.21.15.1:0/2648607374 shutdown_connections
2024-09-19T09:28:46.822 INFO:teuthology.orchestra.run.smithi001.stdout:/usr/bin/ceph: stderr
2024-09-19T09:28:46.243+0000 7f65f37d2640 1 -- 172.21.15.1:0/2648607374 wait complete.
2024-09-19T09:28:46.822 INFO:teuthology.orchestra.run.smithi001.stdout:Waiting for the mgr to restart...
2024-09-19T09:28:46.822 INFO:teuthology.orchestra.run.smithi001.stdout:Waiting for mgr epoch 5...
2024-09-19T09:28:47.145 INFO:journalctl@ceph.mon.a.smithi001.stdout:Sep 19 09:28:46 smithi001 ceph-mon[31225]: from='client.? 172.21.15.1:0/2648607374' entity='client.admin' cmd=[{"prefix": "mgr stat"}]: dispatch
2024-09-19T09:28:47.433 INFO:journalctl@ceph.mgr.x.smithi001.stdout:Sep 19 09:28:47 smithi001 ceph-57238232-7669-11ef-bceb-c7b262605968-mgr-x[31454]:
2024-09-19T09:28:47.260+0000 7f9831072040 -1 mgr[py] Module telemetry has missing NOTIFY_TYPES member
2024-09-19T09:28:47.433 INFO:journalctl@ceph.mgr.x.smithi001.stdout:Sep 19 09:28:47 smithi001 ceph-57238232-7669-11ef-bceb-c7b262605968-mgr-x[31454]:
2024-09-19T09:28:47.331+0000 7f9831072040 -1 mgr[py] Module balancer has missing NOTIFY_TYPES member
2024-09-19T09:28:48.359 INFO:journalctl@ceph.mgr.x.smithi001.stdout:Sep 19 09:28:48 smithi001 ceph-57238232-7669-11ef-bceb-c7b262605968-mgr-x[31454]:
2024-09-19T09:28:48.083+0000 7f9831072040 -1 mgr[py] Module rook has missing NOTIFY_TYPES member
2024-09-19T09:28:48.359 INFO:journalctl@ceph.mgr.x.smithi001.stdout:Sep 19 09:28:48 smithi001 ceph-57238232-7669-11ef-bceb-c7b262605968-mgr-x[31454]:
2024-09-19T09:28:48.205+0000 7f9831072040 -1 mgr[py] Module iostat has missing NOTIFY_TYPES member
2024-09-19T09:28:48.636 INFO:journalctl@ceph.mgr.x.smithi001.stdout:Sep 19 09:28:48 smithi001 ceph-57238232-7669-11ef-bceb-c7b262605968-mgr-x[31454]:
2024-09-19T09:28:48.357+0000 7f9831072040 -1 mgr[py] Module orchestrator has missing NOTIFY_TYPES member
2024-09-19T09:28:48.636 INFO:journalctl@ceph.mgr.x.smithi001.stdout:Sep 19 09:28:48 smithi001 ceph-57238232-7669-11ef-bceb-c7b262605968-mgr-x[31454]:
2024-09-19T09:28:48.423+0000 7f9831072040 -1 mgr[py] Module devicehealth has missing NOTIFY_TYPES member
2024-09-19T09:28:48.636 INFO:journalctl@ceph.mgr.x.smithi001.stdout:Sep 19 09:28:48 smithi001 ceph-57238232-7669-11ef-bceb-c7b262605968-mgr-x[31454]:
2024-09-19T09:28:48.583+0000 7f9831072040 -1 mgr[py] Module rgw has missing NOTIFY_TYPES member
2024-09-19T09:28:48.891 INFO:journalctl@ceph.mgr.x.smithi001.stdout:Sep 19 09:28:48 smithi001 ceph-57238232-7669-11ef-bceb-c7b262605968-mgr-x[31454]:
2024-09-19T09:28:48.656+0000 7f9831072040 -1 mgr[py] Module alerts has missing NOTIFY_TYPES member
2024-09-19T09:28:48.891 INFO:journalctl@ceph.mgr.x.smithi001.stdout:Sep 19 09:28:48 smithi001 ceph-57238232-7669-11ef-bceb-c7b262605968-mgr-x[31454]:
2024-09-19T09:28:48.721+0000 7f9831072040 -1 mgr[py] Module progress has missing NOTIFY_TYPES member
2024-09-19T09:28:48.891 INFO:journalctl@ceph.mgr.x.smithi001.stdout:Sep 19 09:28:48 smithi001 ceph-57238232-7669-11ef-bceb-c7b262605968-mgr-x[31454]:
2024-09-19T09:28:48.889+0000 7f9831072040 -1 mgr[py] Module nfs has missing NOTIFY_TYPES member
2024-09-19T09:28:49.180 INFO:journalctl@ceph.mgr.x.smithi001.stdout:Sep 19 09:28:48 smithi001 ceph-57238232-7669-11ef-bceb-c7b262605968-mgr-x[31454]:
2024-09-19T09:28:48.958+0000 7f9831072040 -1 mgr[py] Module status has missing NOTIFY_TYPES member
2024-09-19T09:28:49.180 INFO:journalctl@ceph.mgr.x.smithi001.stdout:Sep 19 09:28:49 smithi001 ceph-57238232-7669-11ef-bceb-c7b262605968-mgr-x[31454]:
2024-09-19T09:28:49.028+0000 7f9831072040 -1 mgr[py] Module pg_autoscaler has missing NOTIFY_TYPES member
2024-09-19T09:28:49.180 INFO:journalctl@ceph.mgr.x.smithi001.stdout:Sep 19 09:28:49 smithi001 ceph-57238232-7669-11ef-bceb-c7b262605968-mgr-x[31454]:
2024-09-19T09:28:49.115+0000 7f9831072040 -1 mgr[py] Module rbd_support has missing NOTIFY_TYPES member
2024-09-19T09:28:49.180 INFO:journalctl@ceph.mgr.x.smithi001.stdout:Sep 19 09:28:49 smithi001 ceph-57238232-7669-11ef-bceb-c7b262605968-mgr-x[31454]:
2024-09-19T09:28:49.178+0000 7f9831072040 -1 mgr[py] Module influx has missing NOTIFY_TYPES member
2024-09-19T09:28:49.439 INFO:journalctl@ceph.mgr.x.smithi001.stdout:Sep 19 09:28:49 smithi001 ceph-57238232-7669-11ef-bceb-c7b262605968-mgr-x[31454]:
2024-09-19T09:28:49.240+0000 7f9831072040 -1 mgr[py] Module zabbix has missing NOTIFY_TYPES member
2024-09-19T09:28:50.497 INFO:journalctl@ceph.mgr.x.smithi001.stdout:Sep 19 09:28:50 smithi001 ceph-57238232-7669-11ef-bceb-c7b262605968-mgr-x[31454]:
2024-09-19T09:28:50.072+0000 7f9831072040 -1 mgr[py] Module telegraf has missing NOTIFY_TYPES member
2024-09-19T09:28:50.498 INFO:journalctl@ceph.mon.a.smithi001.stdout:Sep 19 09:28:50 smithi001 ceph-mon[31225]: Active manager daemon x restarted
2024-09-19T09:28:50.498 INFO:journalctl@ceph.mon.a.smithi001.stdout:Sep 19 09:28:50 smithi001 ceph-mon[31225]: Activating manager daemon x
2024-09-19T09:28:50.498 INFO:journalctl@ceph.mon.a.smithi001.stdout:Sep 19 09:28:50 smithi001 ceph-mon[31225]: osdmap e2: 0 total, 0 up, 0 in
2024-09-19T09:28:50.498 INFO:journalctl@ceph.mon.a.smithi001.stdout:Sep 19 09:28:50 smithi001 ceph-mon[31225]: mgrmap e6: x(active, starting, since 0.00326615s)
2024-09-19T09:28:50.498 INFO:journalctl@ceph.mon.a.smithi001.stdout:Sep 19 09:28:50 smithi001 ceph-mon[31225]: from='mgr.14118 172.21.15.1:0/3271285817' entity='mgr.x' cmd=[{"prefix": "mon metadata", "id": "a"}]: dispatch
2024-09-19T09:28:50.498 INFO:journalctl@ceph.mon.a.smithi001.stdout:Sep 19 09:28:50 smithi001 ceph-mon[31225]: from='mgr.14118 172.21.15.1:0/3271285817' entity='mgr.x' cmd=[{"prefix": "mgr metadata", "who": "x", "id": "x"}]: dispatch
2024-09-19T09:28:50.498 INFO:journalctl@ceph.mon.a.smithi001.stdout:Sep 19 09:28:50 smithi001 ceph-mon[31225]: from='mgr.14118 172.21.15.1:0/3271285817' entity='mgr.x' cmd=[{"prefix": "mds metadata"}]: dispatch
2024-09-19T09:28:50.498 INFO:journalctl@ceph.mon.a.smithi001.stdout:Sep 19 09:28:50 smithi001 ceph-mon[31225]: from='mgr.14118 172.21.15.1:0/3271285817' entity='mgr.x' cmd=[{"prefix": "osd metadata"}]: dispatch
2024-09-19T09:28:50.498 INFO:journalctl@ceph.mon.a.smithi001.stdout:Sep 19 09:28:50 smithi001 ceph-mon[31225]: from='mgr.14118 172.21.15.1:0/3271285817' entity='mgr.x' cmd=[{"prefix": "mon metadata"}]: dispatch
2024-09-19T09:28:50.499 INFO:journalctl@ceph.mon.a.smithi001.stdout:Sep 19 09:28:50 smithi001 ceph-mon[31225]: Manager daemon x is now available
2024-09-19T09:28:50.499 INFO:journalctl@ceph.mon.a.smithi001.stdout:Sep 19 09:28:50 smithi001 ceph-mon[31225]: from='mgr.14118 172.21.15.1:0/3271285817' entity='mgr.x'
2024-09-19T09:28:50.499 INFO:journalctl@ceph.mon.a.smithi001.stdout:Sep 19 09:28:50 smithi001 ceph-mon[31225]: from='mgr.14118 172.21.15.1:0/3271285817' entity='mgr.x'
2024-09-19T09:28:50.499 INFO:journalctl@ceph.mon.a.smithi001.stdout:Sep 19 09:28:50 smithi001 ceph-mon[31225]: from='mgr.14118 172.21.15.1:0/3271285817' entity='mgr.x' cmd=[{"prefix": "config dump", "format": "json"}]: dispatch
2024-09-19T09:28:50.499 INFO:journalctl@ceph.mon.a.smithi001.stdout:Sep 19 09:28:50 smithi001 ceph-mon[31225]: from='mgr.14118 172.21.15.1:0/3271285817' entity='mgr.x' cmd=[{"prefix": "config dump", "format": "json"}]: dispatch
2024-09-19T09:28:50.499 INFO:journalctl@ceph.mon.a.smithi001.stdout:Sep 19 09:28:50 smithi001 ceph-mon[31225]: from='mgr.14118 172.21.15.1:0/3271285817' entity='mgr.x' cmd=[{"prefix":"config rm","who":"mgr","name":"mgr/rbd_support/x/mirror_snapshot_schedule"}]: dispatch
2024-09-19T09:28:50.499 INFO:journalctl@ceph.mon.a.smithi001.stdout:Sep 19 09:28:50 smithi001 ceph-mon[31225]: from='mgr.14118 172.21.15.1:0/3271285817' entity='mgr.x' cmd=[{"prefix":"config rm","who":"mgr","name":"mgr/rbd_support/x/trash_purge_schedule"}]: dispatch
2024-09-19T09:28:51.659 INFO:teuthology.orchestra.run.smithi001.stdout:/usr/bin/ceph: stdout {
2024-09-19T09:28:51.669 INFO:teuthology.orchestra.run.smithi001.stdout:/usr/bin/ceph: stdout "mgrmap_epoch": 7,
2024-09-19T09:28:51.670 INFO:teuthology.orchestra.run.smithi001.stdout:/usr/bin/ceph: stdout "initialized": true
2024-09-19T09:28:51.670 INFO:teuthology.orchestra.run.smithi001.stdout:/usr/bin/ceph: stdout }
2024-09-19T09:28:51.670 INFO:teuthology.orchestra.run.smithi001.stdout:/usr/bin/ceph: stderr
2024-09-19T09:28:47.225+0000 7fa798da2640 1 Processor -- start
2024-09-19T09:28:51.670 INFO:teuthology.orchestra.run.smithi001.stdout:/usr/bin/ceph: stderr
2024-09-19T09:28:47.225+0000 7fa798da2640 1 -- start start
2024-09-19T09:28:51.670 INFO:teuthology.orchestra.run.smithi001.stdout:/usr/bin/ceph: stderr
2024-09-19T09:28:47.225+0000 7fa798da2640 1 --2- >> [v2:172.21.15.1:3300/0,v1:172.21.15.1:6789/0] conn(0x7fa794105db0 0x7fa7941061b0 unknown :-1 s=NONE pgs=0 cs=0 l=0 rev1=0 crypto rx=0 tx=0 comp rx=0 tx=0).connect
2024-09-19T09:28:51.670 INFO:teuthology.orchestra.run.smithi001.stdout:/usr/bin/ceph: stderr
2024-09-19T09:28:47.225+0000 7fa798da2640 1 -- --> [v2:172.21.15.1:3300/0,v1:172.21.15.1:6789/0] -- mon_getmap magic: 0 -- 0x7fa79407be10 con 0x7fa794105db0
2024-09-19T09:28:51.670 INFO:teuthology.orchestra.run.smithi001.stdout:/usr/bin/ceph: stderr
2024-09-19T09:28:47.226+0000 7fa7937fe640 1 --2- >> [v2:172.21.15.1:3300/0,v1:172.21.15.1:6789/0] conn(0x7fa794105db0 0x7fa7941061b0 unknown :-1 s=BANNER_CONNECTING pgs=0 cs=0 l=0 rev1=0 crypto rx=0 tx=0 comp rx=0 tx=0)._handle_peer_banner_payload supported=3 required=0
2024-09-19T09:28:51.670 INFO:teuthology.orchestra.run.smithi001.stdout:/usr/bin/ceph: stderr
2024-09-19T09:28:47.226+0000 7fa7937fe640 1 --2- >> [v2:172.21.15.1:3300/0,v1:172.21.15.1:6789/0] conn(0x7fa794105db0 0x7fa7941061b0 unknown :-1 s=HELLO_CONNECTING pgs=0 cs=0 l=0 rev1=1 crypto rx=0 tx=0 comp rx=0 tx=0).handle_hello peer v2:172.21.15.1:3300/0 says I am v2:172.21.15.1:37814/0 (socket says 172.21.15.1:37814)
2024-09-19T09:28:51.670 INFO:teuthology.orchestra.run.smithi001.stdout:/usr/bin/ceph: stderr
2024-09-19T09:28:47.226+0000 7fa7937fe640 1 -- 172.21.15.1:0/1608450363 learned_addr learned my addr 172.21.15.1:0/1608450363 (peer_addr_for_me v2:172.21.15.1:0/0)
2024-09-19T09:28:51.670 INFO:teuthology.orchestra.run.smithi001.stdout:/usr/bin/ceph: stderr
2024-09-19T09:28:47.226+0000 7fa7937fe640 1 -- 172.21.15.1:0/1608450363 --> [v2:172.21.15.1:3300/0,v1:172.21.15.1:6789/0] -- mon_subscribe({config=0+,monmap=0+}) -- 0x7fa7941066f0 con 0x7fa794105db0
2024-09-19T09:28:51.671 INFO:teuthology.orchestra.run.smithi001.stdout:/usr/bin/ceph: stderr
2024-09-19T09:28:47.227+0000 7fa7937fe640 1 --2- 172.21.15.1:0/1608450363 >> [v2:172.21.15.1:3300/0,v1:172.21.15.1:6789/0] conn(0x7fa794105db0 0x7fa7941061b0 secure :-1 s=READY pgs=26 cs=0 l=1 rev1=1 crypto rx=0x7fa784009820 tx=0x7fa78402a270 comp rx=0 tx=0).ready entity=mon.0 client_cookie=7c272bd96ec4c0f7 server_cookie=0 in_seq=0 out_seq=0
2024-09-19T09:28:51.671 INFO:teuthology.orchestra.run.smithi001.stdout:/usr/bin/ceph: stderr
2024-09-19T09:28:47.227+0000 7fa7927fc640 1 -- 172.21.15.1:0/1608450363 <== mon.0 v2:172.21.15.1:3300/0 1 ==== mon_map magic: 0 ==== 205+0+0 (secure 0 0 0) 0x7fa784037070 con 0x7fa794105db0
2024-09-19T09:28:51.671 INFO:teuthology.orchestra.run.smithi001.stdout:/usr/bin/ceph: stderr
2024-09-19T09:28:47.227+0000 7fa7927fc640 1 -- 172.21.15.1:0/1608450363 <== mon.0 v2:172.21.15.1:3300/0 2 ==== config(27 keys) ==== 1109+0+0 (secure 0 0 0) 0x7fa784032900 con 0x7fa794105db0
2024-09-19T09:28:51.671 INFO:teuthology.orchestra.run.smithi001.stdout:/usr/bin/ceph: stderr
2024-09-19T09:28:47.227+0000 7fa7927fc640 1 -- 172.21.15.1:0/1608450363 <== mon.0 v2:172.21.15.1:3300/0 3 ==== mon_map magic: 0 ==== 205+0+0 (secure 0 0 0) 0x7fa784030850 con 0x7fa794105db0
2024-09-19T09:28:51.671 INFO:teuthology.orchestra.run.smithi001.stdout:/usr/bin/ceph: stderr
2024-09-19T09:28:47.227+0000 7fa798da2640 1 -- 172.21.15.1:0/1608450363 >> [v2:172.21.15.1:3300/0,v1:172.21.15.1:6789/0] conn(0x7fa794105db0 msgr2=0x7fa7941061b0 secure :-1 s=STATE_CONNECTION_ESTABLISHED l=1).mark_down
2024-09-19T09:28:51.671 INFO:teuthology.orchestra.run.smithi001.stdout:/usr/bin/ceph: stderr
2024-09-19T09:28:47.227+0000 7fa798da2640 1 --2- 172.21.15.1:0/1608450363 >> [v2:172.21.15.1:3300/0,v1:172.21.15.1:6789/0] conn(0x7fa794105db0 0x7fa7941061b0 secure :-1 s=READY pgs=26 cs=0 l=1 rev1=1 crypto rx=0x7fa784009820 tx=0x7fa78402a270 comp rx=0 tx=0).stop
2024-09-19T09:28:51.671 INFO:teuthology.orchestra.run.smithi001.stdout:/usr/bin/ceph: stderr
2024-09-19T09:28:47.228+0000 7fa798da2640 1 -- 172.21.15.1:0/1608450363 shutdown_connections
2024-09-19T09:28:51.671 INFO:teuthology.orchestra.run.smithi001.stdout:/usr/bin/ceph: stderr
2024-09-19T09:28:47.228+0000 7fa798da2640 1 --2- 172.21.15.1:0/1608450363 >> [v2:172.21.15.1:3300/0,v1:172.21.15.1:6789/0] conn(0x7fa794105db0 0x7fa7941061b0 unknown :-1 s=CLOSED pgs=26 cs=0 l=1 rev1=1 crypto rx=0 tx=0 comp rx=0 tx=0).stop
2024-09-19T09:28:51.672 INFO:teuthology.orchestra.run.smithi001.stdout:/usr/bin/ceph: stderr
2024-09-19T09:28:47.228+0000 7fa798da2640 1 -- 172.21.15.1:0/1608450363 >> 172.21.15.1:0/1608450363 conn(0x7fa794101ba0 msgr2=0x7fa794103fc0 unknown :-1 s=STATE_NONE l=0).mark_down
2024-09-19T09:28:51.672 INFO:teuthology.orchestra.run.smithi001.stdout:/usr/bin/ceph: stderr
2024-09-19T09:28:47.228+0000 7fa798da2640 1 -- 172.21.15.1:0/1608450363 shutdown_connections
2024-09-19T09:28:51.672 INFO:teuthology.orchestra.run.smithi001.stdout:/usr/bin/ceph: stderr
2024-09-19T09:28:47.228+0000 7fa798da2640 1 -- 172.21.15.1:0/1608450363 wait complete.
2024-09-19T09:28:51.672 INFO:teuthology.orchestra.run.smithi001.stdout:/usr/bin/ceph: stderr
2024-09-19T09:28:47.228+0000 7fa798da2640 1 Processor -- start
2024-09-19T09:28:51.672 INFO:teuthology.orchestra.run.smithi001.stdout:/usr/bin/ceph: stderr
2024-09-19T09:28:47.228+0000 7fa798da2640 1 -- start start
2024-09-19T09:28:51.673 INFO:teuthology.orchestra.run.smithi001.stdout:/usr/bin/ceph: stderr
2024-09-19T09:28:47.229+0000 7fa798da2640 1 --2- >> [v2:172.21.15.1:3300/0,v1:172.21.15.1:6789/0] conn(0x7fa794105db0 0x7fa79419d6a0 unknown :-1 s=NONE pgs=0 cs=0 l=1 rev1=0 crypto rx=0 tx=0 comp rx=0 tx=0).connect
2024-09-19T09:28:51.673 INFO:teuthology.orchestra.run.smithi001.stdout:/usr/bin/ceph: stderr
2024-09-19T09:28:47.229+0000 7fa798da2640 1 -- --> [v2:172.21.15.1:3300/0,v1:172.21.15.1:6789/0] -- mon_getmap magic: 0 -- 0x7fa7941077f0 con 0x7fa794105db0
2024-09-19T09:28:51.673 INFO:teuthology.orchestra.run.smithi001.stdout:/usr/bin/ceph: stderr
2024-09-19T09:28:47.229+0000 7fa7937fe640 1 --2- >> [v2:172.21.15.1:3300/0,v1:172.21.15.1:6789/0] conn(0x7fa794105db0 0x7fa79419d6a0 unknown :-1 s=BANNER_CONNECTING pgs=0 cs=0 l=1 rev1=0 crypto rx=0 tx=0 comp rx=0 tx=0)._handle_peer_banner_payload supported=3 required=0
2024-09-19T09:28:51.673 INFO:teuthology.orchestra.run.smithi001.stdout:/usr/bin/ceph: stderr
2024-09-19T09:28:47.229+0000 7fa7937fe640 1 --2- >> [v2:172.21.15.1:3300/0,v1:172.21.15.1:6789/0] conn(0x7fa794105db0 0x7fa79419d6a0 unknown :-1 s=HELLO_CONNECTING pgs=0 cs=0 l=1 rev1=1 crypto rx=0 tx=0 comp rx=0 tx=0).handle_hello peer v2:172.21.15.1:3300/0 says I am v2:172.21.15.1:37824/0 (socket says 172.21.15.1:37824)
2024-09-19T09:28:51.673 INFO:teuthology.orchestra.run.smithi001.stdout:/usr/bin/ceph: stderr
2024-09-19T09:28:47.229+0000 7fa7937fe640 1 -- 172.21.15.1:0/1079147437 learned_addr learned my addr 172.21.15.1:0/1079147437 (peer_addr_for_me v2:172.21.15.1:0/0)
2024-09-19T09:28:51.673 INFO:teuthology.orchestra.run.smithi001.stdout:/usr/bin/ceph: stderr
2024-09-19T09:28:47.229+0000 7fa7937fe640 1 -- 172.21.15.1:0/1079147437 --> [v2:172.21.15.1:3300/0,v1:172.21.15.1:6789/0] -- mon_subscribe({config=0+,monmap=0+}) -- 0x7fa79419dbe0 con 0x7fa794105db0
2024-09-19T09:28:51.674 INFO:teuthology.orchestra.run.smithi001.stdout:/usr/bin/ceph: stderr
2024-09-19T09:28:47.229+0000 7fa7937fe640 1 --2- 172.21.15.1:0/1079147437 >> [v2:172.21.15.1:3300/0,v1:172.21.15.1:6789/0] conn(0x7fa794105db0 0x7fa79419d6a0 secure :-1 s=READY pgs=27 cs=0 l=1 rev1=1 crypto rx=0x7fa784032ce0 tx=0x7fa784032d10 comp rx=0 tx=0).ready entity=mon.0 client_cookie=0 server_cookie=0 in_seq=0 out_seq=0
2024-09-19T09:28:51.674 INFO:teuthology.orchestra.run.smithi001.stdout:/usr/bin/ceph: stderr
2024-09-19T09:28:47.229+0000 7fa790ff9640 1 -- 172.21.15.1:0/1079147437 <== mon.0 v2:172.21.15.1:3300/0 1 ==== mon_map magic: 0 ==== 205+0+0 (secure 0 0 0) 0x7fa784042070 con 0x7fa794105db0
2024-09-19T09:28:51.674 INFO:teuthology.orchestra.run.smithi001.stdout:/usr/bin/ceph: stderr
2024-09-19T09:28:47.229+0000 7fa790ff9640 1 -- 172.21.15.1:0/1079147437 <== mon.0 v2:172.21.15.1:3300/0 2 ==== config(27 keys) ==== 1109+0+0 (secure 0 0 0) 0x7fa7840308c0 con 0x7fa794105db0
2024-09-19T09:28:51.674 INFO:teuthology.orchestra.run.smithi001.stdout:/usr/bin/ceph: stderr
2024-09-19T09:28:47.229+0000 7fa798da2640 1 -- 172.21.15.1:0/1079147437 --> [v2:172.21.15.1:3300/0,v1:172.21.15.1:6789/0] -- mon_subscribe({mgrmap=0+}) -- 0x7fa79419de70 con 0x7fa794105db0
2024-09-19T09:28:51.675 INFO:teuthology.orchestra.run.smithi001.stdout:/usr/bin/ceph: stderr
2024-09-19T09:28:47.229+0000 7fa790ff9640 1 -- 172.21.15.1:0/1079147437 <== mon.0 v2:172.21.15.1:3300/0 3 ==== mon_map magic: 0 ==== 205+0+0 (secure 0 0 0) 0x7fa784037040 con 0x7fa794105db0
2024-09-19T09:28:51.675 INFO:teuthology.orchestra.run.smithi001.stdout:/usr/bin/ceph: stderr
2024-09-19T09:28:47.229+0000 7fa798da2640 1 -- 172.21.15.1:0/1079147437 --> [v2:172.21.15.1:3300/0,v1:172.21.15.1:6789/0] -- mon_subscribe({osdmap=0}) -- 0x7fa7941a0b60 con 0x7fa794105db0
2024-09-19T09:28:51.675 INFO:teuthology.orchestra.run.smithi001.stdout:/usr/bin/ceph: stderr
2024-09-19T09:28:47.230+0000 7fa790ff9640 1 -- 172.21.15.1:0/1079147437 <== mon.0 v2:172.21.15.1:3300/0 4 ==== mgrmap(e 5) ==== 46461+0+0 (secure 0 0 0) 0x7fa784045070 con 0x7fa794105db0
2024-09-19T09:28:51.675 INFO:teuthology.orchestra.run.smithi001.stdout:/usr/bin/ceph: stderr
2024-09-19T09:28:47.230+0000 7fa790ff9640 1 --2- 172.21.15.1:0/1079147437 >> [v2:172.21.15.1:6800/1296304385,v1:172.21.15.1:6801/1296304385] conn(0x7fa780039200 0x7fa78003b6c0 unknown :-1 s=NONE pgs=0 cs=0 l=1 rev1=0 crypto rx=0 tx=0 comp rx=0 tx=0).connect
2024-09-19T09:28:51.675 INFO:teuthology.orchestra.run.smithi001.stdout:/usr/bin/ceph: stderr
2024-09-19T09:28:47.230+0000 7fa790ff9640 1 -- 172.21.15.1:0/1079147437 --> [v2:172.21.15.1:6800/1296304385,v1:172.21.15.1:6801/1296304385] -- command(tid 0: {"prefix": "get_command_descriptions"}) -- 0x7fa78003bdd0 con 0x7fa780039200
2024-09-19T09:28:51.675 INFO:teuthology.orchestra.run.smithi001.stdout:/usr/bin/ceph: stderr
