2024-09-19T09:28:53.985 INFO:teuthology.orchestra.run.smithi001.stdout:/usr/bin/ceph: stderr
2024-09-19T09:28:53.396+0000 7f20d404f640 1 -- 172.21.15.1:0/3150623621 shutdown_connections
2024-09-19T09:28:53.985 INFO:teuthology.orchestra.run.smithi001.stdout:/usr/bin/ceph: stderr
2024-09-19T09:28:53.396+0000 7f20d404f640 1 -- 172.21.15.1:0/3150623621 wait complete.
2024-09-19T09:28:53.985 INFO:teuthology.orchestra.run.smithi001.stdout:Generating ssh key...
2024-09-19T09:28:54.851 INFO:journalctl@ceph.mgr.x.smithi001.stdout:Sep 19 09:28:54 smithi001 ceph-57238232-7669-11ef-bceb-c7b262605968-mgr-x[31454]: Generating public/private rsa key pair.
2024-09-19T09:28:54.851 INFO:journalctl@ceph.mgr.x.smithi001.stdout:Sep 19 09:28:54 smithi001 ceph-57238232-7669-11ef-bceb-c7b262605968-mgr-x[31454]: Your identification has been saved in /tmp/tmpy2724w6l/key
2024-09-19T09:28:54.851 INFO:journalctl@ceph.mgr.x.smithi001.stdout:Sep 19 09:28:54 smithi001 ceph-57238232-7669-11ef-bceb-c7b262605968-mgr-x[31454]: Your public key has been saved in /tmp/tmpy2724w6l/key.pub
2024-09-19T09:28:54.852 INFO:journalctl@ceph.mgr.x.smithi001.stdout:Sep 19 09:28:54 smithi001 ceph-57238232-7669-11ef-bceb-c7b262605968-mgr-x[31454]: The key fingerprint is:
2024-09-19T09:28:54.852 INFO:journalctl@ceph.mgr.x.smithi001.stdout:Sep 19 09:28:54 smithi001 ceph-57238232-7669-11ef-bceb-c7b262605968-mgr-x[31454]: SHA256:W+vukYRwg+G5XMQyX6P7DbM7OMMnRdnbcRTM4+Aoe2s ceph-57238232-7669-11ef-bceb-c7b262605968
2024-09-19T09:28:54.852 INFO:journalctl@ceph.mgr.x.smithi001.stdout:Sep 19 09:28:54 smithi001 ceph-57238232-7669-11ef-bceb-c7b262605968-mgr-x[31454]: The key's randomart image is:
2024-09-19T09:28:54.852 INFO:journalctl@ceph.mgr.x.smithi001.stdout:Sep 19 09:28:54 smithi001 ceph-57238232-7669-11ef-bceb-c7b262605968-mgr-x[31454]: +---[RSA 3072]----+
2024-09-19T09:28:54.852 INFO:journalctl@ceph.mgr.x.smithi001.stdout:Sep 19 09:28:54 smithi001 ceph-57238232-7669-11ef-bceb-c7b262605968-mgr-x[31454]: | ... o..|
2024-09-19T09:28:54.852 INFO:journalctl@ceph.mgr.x.smithi001.stdout:Sep 19 09:28:54 smithi001 ceph-57238232-7669-11ef-bceb-c7b262605968-mgr-x[31454]: | .o=. o . +.|
2024-09-19T09:28:54.852 INFO:journalctl@ceph.mgr.x.smithi001.stdout:Sep 19 09:28:54 smithi001 ceph-57238232-7669-11ef-bceb-c7b262605968-mgr-x[31454]: | =++o +o o..|
2024-09-19T09:28:54.852 INFO:journalctl@ceph.mgr.x.smithi001.stdout:Sep 19 09:28:54 smithi001 ceph-57238232-7669-11ef-bceb-c7b262605968-mgr-x[31454]: | . =o+o......|
2024-09-19T09:28:54.852 INFO:journalctl@ceph.mgr.x.smithi001.stdout:Sep 19 09:28:54 smithi001 ceph-57238232-7669-11ef-bceb-c7b262605968-mgr-x[31454]: | o So= o o |
2024-09-19T09:28:54.852 INFO:journalctl@ceph.mgr.x.smithi001.stdout:Sep 19 09:28:54 smithi001 ceph-57238232-7669-11ef-bceb-c7b262605968-mgr-x[31454]: | .=++. . |
2024-09-19T09:28:54.852 INFO:journalctl@ceph.mgr.x.smithi001.stdout:Sep 19 09:28:54 smithi001 ceph-57238232-7669-11ef-bceb-c7b262605968-mgr-x[31454]: | ..+==. |
2024-09-19T09:28:54.852 INFO:journalctl@ceph.mgr.x.smithi001.stdout:Sep 19 09:28:54 smithi001 ceph-57238232-7669-11ef-bceb-c7b262605968-mgr-x[31454]: | *.=E. |
2024-09-19T09:28:54.852 INFO:journalctl@ceph.mgr.x.smithi001.stdout:Sep 19 09:28:54 smithi001 ceph-57238232-7669-11ef-bceb-c7b262605968-mgr-x[31454]: | B*o |
2024-09-19T09:28:54.853 INFO:journalctl@ceph.mgr.x.smithi001.stdout:Sep 19 09:28:54 smithi001 ceph-57238232-7669-11ef-bceb-c7b262605968-mgr-x[31454]: +----[SHA256]-----+
2024-09-19T09:28:55.217 INFO:journalctl@ceph.mon.a.smithi001.stdout:Sep 19 09:28:54 smithi001 ceph-mon[31225]: from='client.14132 -' entity='client.admin' cmd=[{"prefix": "cephadm set-user", "user": "root", "target": ["mon-mgr", ""]}]: dispatch
2024-09-19T09:28:55.217 INFO:journalctl@ceph.mon.a.smithi001.stdout:Sep 19 09:28:54 smithi001 ceph-mon[31225]: from='mgr.14118 172.21.15.1:0/3271285817' entity='mgr.x'
2024-09-19T09:28:55.218 INFO:journalctl@ceph.mon.a.smithi001.stdout:Sep 19 09:28:54 smithi001 ceph-mon[31225]: from='mgr.14118 172.21.15.1:0/3271285817' entity='mgr.x'
2024-09-19T09:28:55.493 INFO:teuthology.orchestra.run.smithi001.stdout:/usr/bin/ceph: stderr
2024-09-19T09:28:54.408+0000 7f0e8f327640 1 Processor -- start
2024-09-19T09:28:55.494 INFO:teuthology.orchestra.run.smithi001.stdout:/usr/bin/ceph: stderr
2024-09-19T09:28:54.408+0000 7f0e8f327640 1 -- start start
2024-09-19T09:28:55.494 INFO:teuthology.orchestra.run.smithi001.stdout:/usr/bin/ceph: stderr
2024-09-19T09:28:54.408+0000 7f0e8f327640 1 --2- >> [v2:172.21.15.1:3300/0,v1:172.21.15.1:6789/0] conn(0x7f0e88106ac0 0x7f0e88106ec0 unknown :-1 s=NONE pgs=0 cs=0 l=0 rev1=0 crypto rx=0 tx=0 comp rx=0 tx=0).connect
2024-09-19T09:28:55.494 INFO:teuthology.orchestra.run.smithi001.stdout:/usr/bin/ceph: stderr
2024-09-19T09:28:54.408+0000 7f0e8f327640 1 -- --> [v2:172.21.15.1:3300/0,v1:172.21.15.1:6789/0] -- mon_getmap magic: 0 -- 0x7f0e88107490 con 0x7f0e88106ac0
2024-09-19T09:28:55.494 INFO:teuthology.orchestra.run.smithi001.stdout:/usr/bin/ceph: stderr
2024-09-19T09:28:54.409+0000 7f0e8d0c3640 1 --2- >> [v2:172.21.15.1:3300/0,v1:172.21.15.1:6789/0] conn(0x7f0e88106ac0 0x7f0e88106ec0 unknown :-1 s=BANNER_CONNECTING pgs=0 cs=0 l=0 rev1=0 crypto rx=0 tx=0 comp rx=0 tx=0)._handle_peer_banner_payload supported=3 required=0
2024-09-19T09:28:55.494 INFO:teuthology.orchestra.run.smithi001.stdout:/usr/bin/ceph: stderr
2024-09-19T09:28:54.409+0000 7f0e8d0c3640 1 --2- >> [v2:172.21.15.1:3300/0,v1:172.21.15.1:6789/0] conn(0x7f0e88106ac0 0x7f0e88106ec0 unknown :-1 s=HELLO_CONNECTING pgs=0 cs=0 l=0 rev1=1 crypto rx=0 tx=0 comp rx=0 tx=0).handle_hello peer v2:172.21.15.1:3300/0 says I am v2:172.21.15.1:37936/0 (socket says 172.21.15.1:37936)
2024-09-19T09:28:55.494 INFO:teuthology.orchestra.run.smithi001.stdout:/usr/bin/ceph: stderr
2024-09-19T09:28:54.409+0000 7f0e8d0c3640 1 -- 172.21.15.1:0/3977091396 learned_addr learned my addr 172.21.15.1:0/3977091396 (peer_addr_for_me v2:172.21.15.1:0/0)
2024-09-19T09:28:55.494 INFO:teuthology.orchestra.run.smithi001.stdout:/usr/bin/ceph: stderr
2024-09-19T09:28:54.409+0000 7f0e8d0c3640 1 -- 172.21.15.1:0/3977091396 --> [v2:172.21.15.1:3300/0,v1:172.21.15.1:6789/0] -- mon_subscribe({config=0+,monmap=0+}) -- 0x7f0e881077e0 con 0x7f0e88106ac0
2024-09-19T09:28:55.494 INFO:teuthology.orchestra.run.smithi001.stdout:/usr/bin/ceph: stderr
2024-09-19T09:28:54.410+0000 7f0e8d0c3640 1 --2- 172.21.15.1:0/3977091396 >> [v2:172.21.15.1:3300/0,v1:172.21.15.1:6789/0] conn(0x7f0e88106ac0 0x7f0e88106ec0 secure :-1 s=READY pgs=39 cs=0 l=1 rev1=1 crypto rx=0x7f0e84009820 tx=0x7f0e8402a270 comp rx=0 tx=0).ready entity=mon.0 client_cookie=df1619d64b9fb0d3 server_cookie=0 in_seq=0 out_seq=0
2024-09-19T09:28:55.494 INFO:teuthology.orchestra.run.smithi001.stdout:/usr/bin/ceph: stderr
2024-09-19T09:28:54.410+0000 7f0e7ffff640 1 -- 172.21.15.1:0/3977091396 <== mon.0 v2:172.21.15.1:3300/0 1 ==== mon_map magic: 0 ==== 205+0+0 (secure 0 0 0) 0x7f0e84037070 con 0x7f0e88106ac0
2024-09-19T09:28:55.495 INFO:teuthology.orchestra.run.smithi001.stdout:/usr/bin/ceph: stderr
2024-09-19T09:28:54.410+0000 7f0e7ffff640 1 -- 172.21.15.1:0/3977091396 <== mon.0 v2:172.21.15.1:3300/0 2 ==== config(27 keys) ==== 1109+0+0 (secure 0 0 0) 0x7f0e84032900 con 0x7f0e88106ac0
2024-09-19T09:28:55.495 INFO:teuthology.orchestra.run.smithi001.stdout:/usr/bin/ceph: stderr
2024-09-19T09:28:54.410+0000 7f0e7ffff640 1 -- 172.21.15.1:0/3977091396 <== mon.0 v2:172.21.15.1:3300/0 3 ==== mon_map magic: 0 ==== 205+0+0 (secure 0 0 0) 0x7f0e84030850 con 0x7f0e88106ac0
2024-09-19T09:28:55.495 INFO:teuthology.orchestra.run.smithi001.stdout:/usr/bin/ceph: stderr
2024-09-19T09:28:54.411+0000 7f0e8f327640 1 -- 172.21.15.1:0/3977091396 >> [v2:172.21.15.1:3300/0,v1:172.21.15.1:6789/0] conn(0x7f0e88106ac0 msgr2=0x7f0e88106ec0 secure :-1 s=STATE_CONNECTION_ESTABLISHED l=1).mark_down
2024-09-19T09:28:55.495 INFO:teuthology.orchestra.run.smithi001.stdout:/usr/bin/ceph: stderr
2024-09-19T09:28:54.411+0000 7f0e8f327640 1 --2- 172.21.15.1:0/3977091396 >> [v2:172.21.15.1:3300/0,v1:172.21.15.1:6789/0] conn(0x7f0e88106ac0 0x7f0e88106ec0 secure :-1 s=READY pgs=39 cs=0 l=1 rev1=1 crypto rx=0x7f0e84009820 tx=0x7f0e8402a270 comp rx=0 tx=0).stop
2024-09-19T09:28:55.495 INFO:teuthology.orchestra.run.smithi001.stdout:/usr/bin/ceph: stderr
2024-09-19T09:28:54.411+0000 7f0e8f327640 1 -- 172.21.15.1:0/3977091396 shutdown_connections
2024-09-19T09:28:55.495 INFO:teuthology.orchestra.run.smithi001.stdout:/usr/bin/ceph: stderr
2024-09-19T09:28:54.411+0000 7f0e8f327640 1 --2- 172.21.15.1:0/3977091396 >> [v2:172.21.15.1:3300/0,v1:172.21.15.1:6789/0] conn(0x7f0e88106ac0 0x7f0e88106ec0 unknown :-1 s=CLOSED pgs=39 cs=0 l=1 rev1=1 crypto rx=0 tx=0 comp rx=0 tx=0).stop
2024-09-19T09:28:55.495 INFO:teuthology.orchestra.run.smithi001.stdout:/usr/bin/ceph: stderr
2024-09-19T09:28:54.411+0000 7f0e8f327640 1 -- 172.21.15.1:0/3977091396 >> 172.21.15.1:0/3977091396 conn(0x7f0e88101530 msgr2=0x7f0e88103950 unknown :-1 s=STATE_NONE l=0).mark_down
2024-09-19T09:28:55.495 INFO:teuthology.orchestra.run.smithi001.stdout:/usr/bin/ceph: stderr
2024-09-19T09:28:54.411+0000 7f0e8f327640 1 -- 172.21.15.1:0/3977091396 shutdown_connections
2024-09-19T09:28:55.495 INFO:teuthology.orchestra.run.smithi001.stdout:/usr/bin/ceph: stderr
2024-09-19T09:28:54.411+0000 7f0e8f327640 1 -- 172.21.15.1:0/3977091396 wait complete.
2024-09-19T09:28:55.495 INFO:teuthology.orchestra.run.smithi001.stdout:/usr/bin/ceph: stderr
2024-09-19T09:28:54.411+0000 7f0e8f327640 1 Processor -- start
2024-09-19T09:28:55.495 INFO:teuthology.orchestra.run.smithi001.stdout:/usr/bin/ceph: stderr
2024-09-19T09:28:54.411+0000 7f0e8f327640 1 -- start start
2024-09-19T09:28:55.495 INFO:teuthology.orchestra.run.smithi001.stdout:/usr/bin/ceph: stderr
2024-09-19T09:28:54.412+0000 7f0e8f327640 1 --2- >> [v2:172.21.15.1:3300/0,v1:172.21.15.1:6789/0] conn(0x7f0e88106ac0 0x7f0e8819b690 unknown :-1 s=NONE pgs=0 cs=0 l=1 rev1=0 crypto rx=0 tx=0 comp rx=0 tx=0).connect
2024-09-19T09:28:55.495 INFO:teuthology.orchestra.run.smithi001.stdout:/usr/bin/ceph: stderr
2024-09-19T09:28:54.412+0000 7f0e8f327640 1 -- --> [v2:172.21.15.1:3300/0,v1:172.21.15.1:6789/0] -- mon_getmap magic: 0 -- 0x7f0e8810ab90 con 0x7f0e88106ac0
2024-09-19T09:28:55.496 INFO:teuthology.orchestra.run.smithi001.stdout:/usr/bin/ceph: stderr
2024-09-19T09:28:54.412+0000 7f0e8d0c3640 1 --2- >> [v2:172.21.15.1:3300/0,v1:172.21.15.1:6789/0] conn(0x7f0e88106ac0 0x7f0e8819b690 unknown :-1 s=BANNER_CONNECTING pgs=0 cs=0 l=1 rev1=0 crypto rx=0 tx=0 comp rx=0 tx=0)._handle_peer_banner_payload supported=3 required=0
2024-09-19T09:28:55.496 INFO:teuthology.orchestra.run.smithi001.stdout:/usr/bin/ceph: stderr
2024-09-19T09:28:54.412+0000 7f0e8d0c3640 1 --2- >> [v2:172.21.15.1:3300/0,v1:172.21.15.1:6789/0] conn(0x7f0e88106ac0 0x7f0e8819b690 unknown :-1 s=HELLO_CONNECTING pgs=0 cs=0 l=1 rev1=1 crypto rx=0 tx=0 comp rx=0 tx=0).handle_hello peer v2:172.21.15.1:3300/0 says I am v2:172.21.15.1:37938/0 (socket says 172.21.15.1:37938)
2024-09-19T09:28:55.496 INFO:teuthology.orchestra.run.smithi001.stdout:/usr/bin/ceph: stderr
2024-09-19T09:28:54.412+0000 7f0e8d0c3640 1 -- 172.21.15.1:0/3497889889 learned_addr learned my addr 172.21.15.1:0/3497889889 (peer_addr_for_me v2:172.21.15.1:0/0)
2024-09-19T09:28:55.496 INFO:teuthology.orchestra.run.smithi001.stdout:/usr/bin/ceph: stderr
2024-09-19T09:28:54.412+0000 7f0e8d0c3640 1 -- 172.21.15.1:0/3497889889 --> [v2:172.21.15.1:3300/0,v1:172.21.15.1:6789/0] -- mon_subscribe({config=0+,monmap=0+}) -- 0x7f0e8819bbd0 con 0x7f0e88106ac0
2024-09-19T09:28:55.496 INFO:teuthology.orchestra.run.smithi001.stdout:/usr/bin/ceph: stderr
2024-09-19T09:28:54.412+0000 7f0e8d0c3640 1 --2- 172.21.15.1:0/3497889889 >> [v2:172.21.15.1:3300/0,v1:172.21.15.1:6789/0] conn(0x7f0e88106ac0 0x7f0e8819b690 secure :-1 s=READY pgs=40 cs=0 l=1 rev1=1 crypto rx=0x7f0e840097f0 tx=0x7f0e84030d80 comp rx=0 tx=0).ready entity=mon.0 client_cookie=0 server_cookie=0 in_seq=0 out_seq=0
2024-09-19T09:28:55.496 INFO:teuthology.orchestra.run.smithi001.stdout:/usr/bin/ceph: stderr
2024-09-19T09:28:54.412+0000 7f0e7e7fc640 1 -- 172.21.15.1:0/3497889889 <== mon.0 v2:172.21.15.1:3300/0 1 ==== mon_map magic: 0 ==== 205+0+0 (secure 0 0 0) 0x7f0e84037040 con 0x7f0e88106ac0
2024-09-19T09:28:55.496 INFO:teuthology.orchestra.run.smithi001.stdout:/usr/bin/ceph: stderr
2024-09-19T09:28:54.412+0000 7f0e7e7fc640 1 -- 172.21.15.1:0/3497889889 <== mon.0 v2:172.21.15.1:3300/0 2 ==== config(27 keys) ==== 1109+0+0 (secure 0 0 0) 0x7f0e84040070 con 0x7f0e88106ac0
2024-09-19T09:28:55.496 INFO:teuthology.orchestra.run.smithi001.stdout:/usr/bin/ceph: stderr
2024-09-19T09:28:54.412+0000 7f0e7e7fc640 1 -- 172.21.15.1:0/3497889889 <== mon.0 v2:172.21.15.1:3300/0 3 ==== mon_map magic: 0 ==== 205+0+0 (secure 0 0 0) 0x7f0e8403a390 con 0x7f0e88106ac0
2024-09-19T09:28:55.496 INFO:teuthology.orchestra.run.smithi001.stdout:/usr/bin/ceph: stderr
2024-09-19T09:28:54.413+0000 7f0e8f327640 1 -- 172.21.15.1:0/3497889889 --> [v2:172.21.15.1:3300/0,v1:172.21.15.1:6789/0] -- mon_subscribe({mgrmap=0+}) -- 0x7f0e8819be60 con 0x7f0e88106ac0
2024-09-19T09:28:55.496 INFO:teuthology.orchestra.run.smithi001.stdout:/usr/bin/ceph: stderr
2024-09-19T09:28:54.413+0000 7f0e8f327640 1 -- 172.21.15.1:0/3497889889 --> [v2:172.21.15.1:3300/0,v1:172.21.15.1:6789/0] -- mon_subscribe({osdmap=0}) -- 0x7f0e8819eb50 con 0x7f0e88106ac0
2024-09-19T09:28:55.496 INFO:teuthology.orchestra.run.smithi001.stdout:/usr/bin/ceph: stderr
2024-09-19T09:28:54.413+0000 7f0e7e7fc640 1 -- 172.21.15.1:0/3497889889 <== mon.0 v2:172.21.15.1:3300/0 4 ==== mgrmap(e 8) ==== 46461+0+0 (secure 0 0 0) 0x7f0e8403a5e0 con 0x7f0e88106ac0
2024-09-19T09:28:55.496 INFO:teuthology.orchestra.run.smithi001.stdout:/usr/bin/ceph: stderr
2024-09-19T09:28:54.414+0000 7f0e7e7fc640 1 --2- 172.21.15.1:0/3497889889 >> [v2:172.21.15.1:6800/1028873727,v1:172.21.15.1:6801/1028873727] conn(0x7f0e74039200 0x7f0e7403b6c0 unknown :-1 s=NONE pgs=0 cs=0 l=1 rev1=0 crypto rx=0 tx=0 comp rx=0 tx=0).connect
2024-09-19T09:28:55.496 INFO:teuthology.orchestra.run.smithi001.stdout:/usr/bin/ceph: stderr
2024-09-19T09:28:54.414+0000 7f0e7e7fc640 1 -- 172.21.15.1:0/3497889889 <== mon.0 v2:172.21.15.1:3300/0 5 ==== osd_map(2..2 src has 1..2) ==== 940+0+0 (secure 0 0 0) 0x7f0e8406d7e0 con 0x7f0e88106ac0
2024-09-19T09:28:55.497 INFO:teuthology.orchestra.run.smithi001.stdout:/usr/bin/ceph: stderr
2024-09-19T09:28:54.414+0000 7f0e8f327640 1 -- 172.21.15.1:0/3497889889 --> [v2:172.21.15.1:3300/0,v1:172.21.15.1:6789/0] -- mon_command({"prefix": "get_command_descriptions"} v 0) -- 0x7f0e88106f40 con 0x7f0e88106ac0
2024-09-19T09:28:55.497 INFO:teuthology.orchestra.run.smithi001.stdout:/usr/bin/ceph: stderr
2024-09-19T09:28:54.414+0000 7f0e8c8c2640 1 --2- 172.21.15.1:0/3497889889 >> [v2:172.21.15.1:6800/1028873727,v1:172.21.15.1:6801/1028873727] conn(0x7f0e74039200 0x7f0e7403b6c0 unknown :-1 s=BANNER_CONNECTING pgs=0 cs=0 l=1 rev1=0 crypto rx=0 tx=0 comp rx=0 tx=0)._handle_peer_banner_payload supported=3 required=0
2024-09-19T09:28:55.497 INFO:teuthology.orchestra.run.smithi001.stdout:/usr/bin/ceph: stderr
2024-09-19T09:28:54.414+0000 7f0e8c8c2640 1 --2- 172.21.15.1:0/3497889889 >> [v2:172.21.15.1:6800/1028873727,v1:172.21.15.1:6801/1028873727] conn(0x7f0e74039200 0x7f0e7403b6c0 secure :-1 s=READY pgs=9 cs=0 l=1 rev1=1 crypto rx=0x7f0e780098c0 tx=0x7f0e78006db0 comp rx=0 tx=0).ready entity=mgr.14118 client_cookie=0 server_cookie=0 in_seq=0 out_seq=0
2024-09-19T09:28:55.497 INFO:teuthology.orchestra.run.smithi001.stdout:/usr/bin/ceph: stderr
2024-09-19T09:28:54.419+0000 7f0e7e7fc640 1 -- 172.21.15.1:0/3497889889 <== mon.0 v2:172.21.15.1:3300/0 6 ==== mon_command_ack([{"prefix": "get_command_descriptions"}]=0 v0) ==== 72+0+188913 (secure 0 0 0) 0x7f0e84043760 con 0x7f0e88106ac0
2024-09-19T09:28:55.497 INFO:teuthology.orchestra.run.smithi001.stdout:/usr/bin/ceph: stderr
2024-09-19T09:28:54.596+0000 7f0e8f327640 1 -- 172.21.15.1:0/3497889889 --> [v2:172.21.15.1:6800/1028873727,v1:172.21.15.1:6801/1028873727] -- mgr_command(tid 0: {"prefix": "cephadm generate-key", "target": ["mon-mgr", ""]}) -- 0x7f0e8802d9f0 con 0x7f0e74039200
2024-09-19T09:28:55.497 INFO:teuthology.orchestra.run.smithi001.stdout:/usr/bin/ceph: stderr
2024-09-19T09:28:54.838+0000 7f0e7e7fc640 1 -- 172.21.15.1:0/3497889889 <== mgr.14118 v2:172.21.15.1:6800/1028873727 1 ==== mgr_command_reply(tid 0: 0 ) ==== 8+0+0 (secure 0 0 0) 0x7f0e8802d9f0 con 0x7f0e74039200
2024-09-19T09:28:55.497 INFO:teuthology.orchestra.run.smithi001.stdout:/usr/bin/ceph: stderr
2024-09-19T09:28:54.840+0000 7f0e8f327640 1 -- 172.21.15.1:0/3497889889 >> [v2:172.21.15.1:6800/1028873727,v1:172.21.15.1:6801/1028873727] conn(0x7f0e74039200 msgr2=0x7f0e7403b6c0 secure :-1 s=STATE_CONNECTION_ESTABLISHED l=1).mark_down
2024-09-19T09:28:55.497 INFO:teuthology.orchestra.run.smithi001.stdout:/usr/bin/ceph: stderr
2024-09-19T09:28:54.840+0000 7f0e8f327640 1 --2- 172.21.15.1:0/3497889889 >> [v2:172.21.15.1:6800/1028873727,v1:172.21.15.1:6801/1028873727] conn(0x7f0e74039200 0x7f0e7403b6c0 secure :-1 s=READY pgs=9 cs=0 l=1 rev1=1 crypto rx=0x7f0e780098c0 tx=0x7f0e78006db0 comp rx=0 tx=0).stop
2024-09-19T09:28:55.497 INFO:teuthology.orchestra.run.smithi001.stdout:/usr/bin/ceph: stderr
2024-09-19T09:28:54.840+0000 7f0e8f327640 1 -- 172.21.15.1:0/3497889889 >> [v2:172.21.15.1:3300/0,v1:172.21.15.1:6789/0] conn(0x7f0e88106ac0 msgr2=0x7f0e8819b690 secure :-1 s=STATE_CONNECTION_ESTABLISHED l=1).mark_down
2024-09-19T09:28:55.497 INFO:teuthology.orchestra.run.smithi001.stdout:/usr/bin/ceph: stderr
2024-09-19T09:28:54.840+0000 7f0e8f327640 1 --2- 172.21.15.1:0/3497889889 >> [v2:172.21.15.1:3300/0,v1:172.21.15.1:6789/0] conn(0x7f0e88106ac0 0x7f0e8819b690 secure :-1 s=READY pgs=40 cs=0 l=1 rev1=1 crypto rx=0x7f0e840097f0 tx=0x7f0e84030d80 comp rx=0 tx=0).stop
2024-09-19T09:28:55.497 INFO:teuthology.orchestra.run.smithi001.stdout:/usr/bin/ceph: stderr
2024-09-19T09:28:54.840+0000 7f0e8f327640 1 -- 172.21.15.1:0/3497889889 shutdown_connections
2024-09-19T09:28:55.497 INFO:teuthology.orchestra.run.smithi001.stdout:/usr/bin/ceph: stderr
2024-09-19T09:28:54.840+0000 7f0e8f327640 1 --2- 172.21.15.1:0/3497889889 >> [v2:172.21.15.1:6800/1028873727,v1:172.21.15.1:6801/1028873727] conn(0x7f0e74039200 0x7f0e7403b6c0 unknown :-1 s=CLOSED pgs=9 cs=0 l=1 rev1=1 crypto rx=0 tx=0 comp rx=0 tx=0).stop
2024-09-19T09:28:55.498 INFO:teuthology.orchestra.run.smithi001.stdout:/usr/bin/ceph: stderr
2024-09-19T09:28:54.840+0000 7f0e8f327640 1 --2- 172.21.15.1:0/3497889889 >> [v2:172.21.15.1:3300/0,v1:172.21.15.1:6789/0] conn(0x7f0e88106ac0 0x7f0e8819b690 unknown :-1 s=CLOSED pgs=40 cs=0 l=1 rev1=1 crypto rx=0 tx=0 comp rx=0 tx=0).stop
2024-09-19T09:28:55.498 INFO:teuthology.orchestra.run.smithi001.stdout:/usr/bin/ceph: stderr
2024-09-19T09:28:54.840+0000 7f0e8f327640 1 -- 172.21.15.1:0/3497889889 >> 172.21.15.1:0/3497889889 conn(0x7f0e88101530 msgr2=0x7f0e88102440 unknown :-1 s=STATE_NONE l=0).mark_down
2024-09-19T09:28:55.498 INFO:teuthology.orchestra.run.smithi001.stdout:/usr/bin/ceph: stderr
2024-09-19T09:28:54.840+0000 7f0e8f327640 1 -- 172.21.15.1:0/3497889889 shutdown_connections
2024-09-19T09:28:55.498 INFO:teuthology.orchestra.run.smithi001.stdout:/usr/bin/ceph: stderr
2024-09-19T09:28:54.840+0000 7f0e8f327640 1 -- 172.21.15.1:0/3497889889 wait complete.
2024-09-19T09:28:56.128 INFO:journalctl@ceph.mon.a.smithi001.stdout:Sep 19 09:28:55 smithi001 ceph-mon[31225]: from='client.14134 -' entity='client.admin' cmd=[{"prefix": "cephadm generate-key", "target": ["mon-mgr", ""]}]: dispatch
2024-09-19T09:28:56.128 INFO:journalctl@ceph.mon.a.smithi001.stdout:Sep 19 09:28:55 smithi001 ceph-mon[31225]: Generating ssh key...
2024-09-19T09:28:56.727 INFO:teuthology.orchestra.run.smithi001.stdout:/usr/bin/ceph: stdout ssh-rsa AAAAB3NzaC1yc2EAAAADAQABAAABgQDMjJuNkNl3QCj7szS0FqFBPQC1mOSFGgfbAgHsMDKucPuW7OgakHdNFdhxVUOpoL5HQFYjZYAqS7W9dGU2I17MXK3BvDJbxRUw7iR7ydRx26sw5aYiNQnPHrgrflQcinSLb2CrbSADTFqX/huJVp1HHssfpuSvYM/L00948a/W5rCcU8YU/vQ/XXivahiM54BEO7JXz61cmXvoG9mGcbard9ewoSBGni309hXS/ZADgKYIIep838Q5JOCnbemrg8JwlbftnafflzVzec5Hg2TcW2fTY4lGSgzhZPqRd3UCtNCk49hRes84NSeOmRYPUnDQTBobHusoarba3om83VJv2PLJJU2tXlwUf+zfpoLUXW47Fd6DX8w9JhzCbhNYZoCZ4qtN79Il4airC5330E7N/WIRgxOXkwufX5SgjXvaq/x6jrMdFHQJ7/xJIkoNwqAX6H/lpOw0yr9XxT5TDoYNs+hflwg68r2Bm9f2jPzhRunoFAG6N7kZ1YqN2Xy5pFc= ceph-57238232-7669-11ef-bceb-c7b262605968
2024-09-19T09:28:56.727 INFO:teuthology.orchestra.run.smithi001.stdout:/usr/bin/ceph: stderr
2024-09-19T09:28:55.935+0000 7f2f7a96b640 1 Processor -- start
2024-09-19T09:28:56.727 INFO:teuthology.orchestra.run.smithi001.stdout:/usr/bin/ceph: stderr
2024-09-19T09:28:55.935+0000 7f2f7a96b640 1 -- start start
2024-09-19T09:28:56.727 INFO:teuthology.orchestra.run.smithi001.stdout:/usr/bin/ceph: stderr
2024-09-19T09:28:55.935+0000 7f2f7a96b640 1 --2- >> [v2:172.21.15.1:3300/0,v1:172.21.15.1:6789/0] conn(0x7f2f74105980 0x7f2f74105d80 unknown :-1 s=NONE pgs=0 cs=0 l=0 rev1=0 crypto rx=0 tx=0 comp rx=0 tx=0).connect
2024-09-19T09:28:56.727 INFO:teuthology.orchestra.run.smithi001.stdout:/usr/bin/ceph: stderr
2024-09-19T09:28:55.935+0000 7f2f7a96b640 1 -- --> [v2:172.21.15.1:3300/0,v1:172.21.15.1:6789/0] -- mon_getmap magic: 0 -- 0x7f2f74106350 con 0x7f2f74105980
2024-09-19T09:28:56.727 INFO:teuthology.orchestra.run.smithi001.stdout:/usr/bin/ceph: stderr
2024-09-19T09:28:55.935+0000 7f2f73fff640 1 --2- >> [v2:172.21.15.1:3300/0,v1:172.21.15.1:6789/0] conn(0x7f2f74105980 0x7f2f74105d80 unknown :-1 s=BANNER_CONNECTING pgs=0 cs=0 l=0 rev1=0 crypto rx=0 tx=0 comp rx=0 tx=0)._handle_peer_banner_payload supported=3 required=0
2024-09-19T09:28:56.727 INFO:teuthology.orchestra.run.smithi001.stdout:/usr/bin/ceph: stderr
2024-09-19T09:28:55.935+0000 7f2f73fff640 1 --2- >> [v2:172.21.15.1:3300/0,v1:172.21.15.1:6789/0] conn(0x7f2f74105980 0x7f2f74105d80 unknown :-1 s=HELLO_CONNECTING pgs=0 cs=0 l=0 rev1=1 crypto rx=0 tx=0 comp rx=0 tx=0).handle_hello peer v2:172.21.15.1:3300/0 says I am v2:172.21.15.1:39908/0 (socket says 172.21.15.1:39908)
2024-09-19T09:28:56.728 INFO:teuthology.orchestra.run.smithi001.stdout:/usr/bin/ceph: stderr
2024-09-19T09:28:55.935+0000 7f2f73fff640 1 -- 172.21.15.1:0/4010803343 learned_addr learned my addr 172.21.15.1:0/4010803343 (peer_addr_for_me v2:172.21.15.1:0/0)
2024-09-19T09:28:56.728 INFO:teuthology.orchestra.run.smithi001.stdout:/usr/bin/ceph: stderr
2024-09-19T09:28:55.936+0000 7f2f73fff640 1 -- 172.21.15.1:0/4010803343 --> [v2:172.21.15.1:3300/0,v1:172.21.15.1:6789/0] -- mon_subscribe({config=0+,monmap=0+}) -- 0x7f2f741064d0 con 0x7f2f74105980
2024-09-19T09:28:56.728 INFO:teuthology.orchestra.run.smithi001.stdout:/usr/bin/ceph: stderr
2024-09-19T09:28:55.936+0000 7f2f73fff640 1 --2- 172.21.15.1:0/4010803343 >> [v2:172.21.15.1:3300/0,v1:172.21.15.1:6789/0] conn(0x7f2f74105980 0x7f2f74105d80 secure :-1 s=READY pgs=41 cs=0 l=1 rev1=1 crypto rx=0x7f2f64009820 tx=0x7f2f6402a270 comp rx=0 tx=0).ready entity=mon.0 client_cookie=fbb19cdd24a084d7 server_cookie=0 in_seq=0 out_seq=0
2024-09-19T09:28:56.728 INFO:teuthology.orchestra.run.smithi001.stdout:/usr/bin/ceph: stderr
2024-09-19T09:28:55.937+0000 7f2f72ffd640 1 -- 172.21.15.1:0/4010803343 <== mon.0 v2:172.21.15.1:3300/0 1 ==== mon_map magic: 0 ==== 205+0+0 (secure 0 0 0) 0x7f2f64037070 con 0x7f2f74105980
2024-09-19T09:28:56.728 INFO:teuthology.orchestra.run.smithi001.stdout:/usr/bin/ceph: stderr
2024-09-19T09:28:55.937+0000 7f2f72ffd640 1 -- 172.21.15.1:0/4010803343 <== mon.0 v2:172.21.15.1:3300/0 2 ==== config(27 keys) ==== 1109+0+0 (secure 0 0 0) 0x7f2f64032900 con 0x7f2f74105980
2024-09-19T09:28:56.728 INFO:teuthology.orchestra.run.smithi001.stdout:/usr/bin/ceph: stderr
2024-09-19T09:28:55.937+0000 7f2f72ffd640 1 -- 172.21.15.1:0/4010803343 <== mon.0 v2:172.21.15.1:3300/0 3 ==== mon_map magic: 0 ==== 205+0+0 (secure 0 0 0) 0x7f2f64030850 con 0x7f2f74105980
2024-09-19T09:28:56.728 INFO:teuthology.orchestra.run.smithi001.stdout:/usr/bin/ceph: stderr
2024-09-19T09:28:55.937+0000 7f2f7a96b640 1 -- 172.21.15.1:0/4010803343 >> [v2:172.21.15.1:3300/0,v1:172.21.15.1:6789/0] conn(0x7f2f74105980 msgr2=0x7f2f74105d80 secure :-1 s=STATE_CONNECTION_ESTABLISHED l=1).mark_down
2024-09-19T09:28:56.728 INFO:teuthology.orchestra.run.smithi001.stdout:/usr/bin/ceph: stderr
2024-09-19T09:28:55.937+0000 7f2f7a96b640 1 --2- 172.21.15.1:0/4010803343 >> [v2:172.21.15.1:3300/0,v1:172.21.15.1:6789/0] conn(0x7f2f74105980 0x7f2f74105d80 secure :-1 s=READY pgs=41 cs=0 l=1 rev1=1 crypto rx=0x7f2f64009820 tx=0x7f2f6402a270 comp rx=0 tx=0).stop
2024-09-19T09:28:56.728 INFO:teuthology.orchestra.run.smithi001.stdout:/usr/bin/ceph: stderr
2024-09-19T09:28:55.937+0000 7f2f7a96b640 1 -- 172.21.15.1:0/4010803343 shutdown_connections
2024-09-19T09:28:56.728 INFO:teuthology.orchestra.run.smithi001.stdout:/usr/bin/ceph: stderr
2024-09-19T09:28:55.937+0000 7f2f7a96b640 1 --2- 172.21.15.1:0/4010803343 >> [v2:172.21.15.1:3300/0,v1:172.21.15.1:6789/0] conn(0x7f2f74105980 0x7f2f74105d80 unknown :-1 s=CLOSED pgs=41 cs=0 l=1 rev1=1 crypto rx=0 tx=0 comp rx=0 tx=0).stop
2024-09-19T09:28:56.729 INFO:teuthology.orchestra.run.smithi001.stdout:/usr/bin/ceph: stderr
2024-09-19T09:28:55.937+0000 7f2f7a96b640 1 -- 172.21.15.1:0/4010803343 >> 172.21.15.1:0/4010803343 conn(0x7f2f74101530 msgr2=0x7f2f74103950 unknown :-1 s=STATE_NONE l=0).mark_down
2024-09-19T09:28:56.729 INFO:teuthology.orchestra.run.smithi001.stdout:/usr/bin/ceph: stderr
2024-09-19T09:28:55.937+0000 7f2f7a96b640 1 -- 172.21.15.1:0/4010803343 shutdown_connections
2024-09-19T09:28:56.729 INFO:teuthology.orchestra.run.smithi001.stdout:/usr/bin/ceph: stderr
2024-09-19T09:28:55.938+0000 7f2f7a96b640 1 -- 172.21.15.1:0/4010803343 wait complete.
2024-09-19T09:28:56.729 INFO:teuthology.orchestra.run.smithi001.stdout:/usr/bin/ceph: stderr
2024-09-19T09:28:55.938+0000 7f2f7a96b640 1 Processor -- start
2024-09-19T09:28:56.729 INFO:teuthology.orchestra.run.smithi001.stdout:/usr/bin/ceph: stderr
2024-09-19T09:28:55.938+0000 7f2f7a96b640 1 -- start start
2024-09-19T09:28:56.729 INFO:teuthology.orchestra.run.smithi001.stdout:/usr/bin/ceph: stderr
2024-09-19T09:28:55.939+0000 7f2f7a96b640 1 --2- >> [v2:172.21.15.1:3300/0,v1:172.21.15.1:6789/0] conn(0x7f2f74105980 0x7f2f7419b650 unknown :-1 s=NONE pgs=0 cs=0 l=1 rev1=0 crypto rx=0 tx=0 comp rx=0 tx=0).connect
2024-09-19T09:28:56.729 INFO:teuthology.orchestra.run.smithi001.stdout:/usr/bin/ceph: stderr
2024-09-19T09:28:55.939+0000 7f2f7a96b640 1 -- --> [v2:172.21.15.1:3300/0,v1:172.21.15.1:6789/0] -- mon_getmap magic: 0 -- 0x7f2f74109860 con 0x7f2f74105980
2024-09-19T09:28:56.730 INFO:teuthology.orchestra.run.smithi001.stdout:/usr/bin/ceph: stderr
2024-09-19T09:28:55.939+0000 7f2f73fff640 1 --2- >> [v2:172.21.15.1:3300/0,v1:172.21.15.1:6789/0] conn(0x7f2f74105980 0x7f2f7419b650 unknown :-1 s=BANNER_CONNECTING pgs=0 cs=0 l=1 rev1=0 crypto rx=0 tx=0 comp rx=0 tx=0)._handle_peer_banner_payload supported=3 required=0
2024-09-19T09:28:56.730 INFO:teuthology.orchestra.run.smithi001.stdout:/usr/bin/ceph: stderr
2024-09-19T09:28:55.939+0000 7f2f73fff640 1 --2- >> [v2:172.21.15.1:3300/0,v1:172.21.15.1:6789/0] conn(0x7f2f74105980 0x7f2f7419b650 unknown :-1 s=HELLO_CONNECTING pgs=0 cs=0 l=1 rev1=1 crypto rx=0 tx=0 comp rx=0 tx=0).handle_hello peer v2:172.21.15.1:3300/0 says I am v2:172.21.15.1:39912/0 (socket says 172.21.15.1:39912)
2024-09-19T09:28:56.730 INFO:teuthology.orchestra.run.smithi001.stdout:/usr/bin/ceph: stderr
2024-09-19T09:28:55.939+0000 7f2f73fff640 1 -- 172.21.15.1:0/1000130769 learned_addr learned my addr 172.21.15.1:0/1000130769 (peer_addr_for_me v2:172.21.15.1:0/0)
2024-09-19T09:28:56.730 INFO:teuthology.orchestra.run.smithi001.stdout:/usr/bin/ceph: stderr
2024-09-19T09:28:55.939+0000 7f2f73fff640 1 -- 172.21.15.1:0/1000130769 --> [v2:172.21.15.1:3300/0,v1:172.21.15.1:6789/0] -- mon_subscribe({config=0+,monmap=0+}) -- 0x7f2f7419bb90 con 0x7f2f74105980
2024-09-19T09:28:56.730 INFO:teuthology.orchestra.run.smithi001.stdout:/usr/bin/ceph: stderr
2024-09-19T09:28:55.939+0000 7f2f73fff640 1 --2- 172.21.15.1:0/1000130769 >> [v2:172.21.15.1:3300/0,v1:172.21.15.1:6789/0] conn(0x7f2f74105980 0x7f2f7419b650 secure :-1 s=READY pgs=42 cs=0 l=1 rev1=1 crypto rx=0x7f2f64009940 tx=0x7f2f64032ce0 comp rx=0 tx=0).ready entity=mon.0 client_cookie=0 server_cookie=0 in_seq=0 out_seq=0
2024-09-19T09:28:56.730 INFO:teuthology.orchestra.run.smithi001.stdout:/usr/bin/ceph: stderr
2024-09-19T09:28:55.939+0000 7f2f717fa640 1 -- 172.21.15.1:0/1000130769 <== mon.0 v2:172.21.15.1:3300/0 1 ==== mon_map magic: 0 ==== 205+0+0 (secure 0 0 0) 0x7f2f64042070 con 0x7f2f74105980
2024-09-19T09:28:56.730 INFO:teuthology.orchestra.run.smithi001.stdout:/usr/bin/ceph: stderr
2024-09-19T09:28:55.939+0000 7f2f7a96b640 1 -- 172.21.15.1:0/1000130769 --> [v2:172.21.15.1:3300/0,v1:172.21.15.1:6789/0] -- mon_subscribe({mgrmap=0+}) -- 0x7f2f7419be80 con 0x7f2f74105980
2024-09-19T09:28:56.730 INFO:teuthology.orchestra.run.smithi001.stdout:/usr/bin/ceph: stderr
2024-09-19T09:28:55.939+0000 7f2f717fa640 1 -- 172.21.15.1:0/1000130769 <== mon.0 v2:172.21.15.1:3300/0 2 ==== config(27 keys) ==== 1109+0+0 (secure 0 0 0) 0x7f2f640308c0 con 0x7f2f74105980
2024-09-19T09:28:56.730 INFO:teuthology.orchestra.run.smithi001.stdout:/usr/bin/ceph: stderr
2024-09-19T09:28:55.939+0000 7f2f717fa640 1 -- 172.21.15.1:0/1000130769 <== mon.0 v2:172.21.15.1:3300/0 3 ==== mon_map magic: 0 ==== 205+0+0 (secure 0 0 0) 0x7f2f64037040 con 0x7f2f74105980
2024-09-19T09:28:56.731 INFO:teuthology.orchestra.run.smithi001.stdout:/usr/bin/ceph: stderr
2024-09-19T09:28:55.940+0000 7f2f7a96b640 1 -- 172.21.15.1:0/1000130769 --> [v2:172.21.15.1:3300/0,v1:172.21.15.1:6789/0] -- mon_subscribe({osdmap=0}) -- 0x7f2f7419eb10 con 0x7f2f74105980
2024-09-19T09:28:56.731 INFO:teuthology.orchestra.run.smithi001.stdout:/usr/bin/ceph: stderr
2024-09-19T09:28:55.940+0000 7f2f717fa640 1 -- 172.21.15.1:0/1000130769 <== mon.0 v2:172.21.15.1:3300/0 4 ==== mgrmap(e 8) ==== 46461+0+0 (secure 0 0 0) 0x7f2f64045070 con 0x7f2f74105980
2024-09-19T09:28:56.731 INFO:teuthology.orchestra.run.smithi001.stdout:/usr/bin/ceph: stderr
2024-09-19T09:28:55.941+0000 7f2f7a96b640 1 -- 172.21.15.1:0/1000130769 --> [v2:172.21.15.1:3300/0,v1:172.21.15.1:6789/0] -- mon_command({"prefix": "get_command_descriptions"} v 0) -- 0x7f2f74105e00 con 0x7f2f74105980
2024-09-19T09:28:56.731 INFO:teuthology.orchestra.run.smithi001.stdout:/usr/bin/ceph: stderr
2024-09-19T09:28:55.941+0000 7f2f717fa640 1 --2- 172.21.15.1:0/1000130769 >> [v2:172.21.15.1:6800/1028873727,v1:172.21.15.1:6801/1028873727] conn(0x7f2f5c0391b0 0x7f2f5c03b670 unknown :-1 s=NONE pgs=0 cs=0 l=1 rev1=0 crypto rx=0 tx=0 comp rx=0 tx=0).connect
2024-09-19T09:28:56.731 INFO:teuthology.orchestra.run.smithi001.stdout:/usr/bin/ceph: stderr
2024-09-19T09:28:55.941+0000 7f2f717fa640 1 -- 172.21.15.1:0/1000130769 <== mon.0 v2:172.21.15.1:3300/0 5 ==== osd_map(2..2 src has 1..2) ==== 940+0+0 (secure 0 0 0) 0x7f2f6406c340 con 0x7f2f74105980
2024-09-19T09:28:56.731 INFO:teuthology.orchestra.run.smithi001.stdout:/usr/bin/ceph: stderr
2024-09-19T09:28:55.941+0000 7f2f737fe640 1 --2- 172.21.15.1:0/1000130769 >> [v2:172.21.15.1:6800/1028873727,v1:172.21.15.1:6801/1028873727] conn(0x7f2f5c0391b0 0x7f2f5c03b670 unknown :-1 s=BANNER_CONNECTING pgs=0 cs=0 l=1 rev1=0 crypto rx=0 tx=0 comp rx=0 tx=0)._handle_peer_banner_payload supported=3 required=0
2024-09-19T09:28:56.731 INFO:teuthology.orchestra.run.smithi001.stdout:/usr/bin/ceph: stderr
2024-09-19T09:28:55.941+0000 7f2f737fe640 1 --2- 172.21.15.1:0/1000130769 >> [v2:172.21.15.1:6800/1028873727,v1:172.21.15.1:6801/1028873727] conn(0x7f2f5c0391b0 0x7f2f5c03b670 secure :-1 s=READY pgs=10 cs=0 l=1 rev1=1 crypto rx=0x7f2f680098c0 tx=0x7f2f68006db0 comp rx=0 tx=0).ready entity=mgr.14118 client_cookie=0 server_cookie=0 in_seq=0 out_seq=0
2024-09-19T09:28:56.731 INFO:teuthology.orchestra.run.smithi001.stdout:/usr/bin/ceph: stderr
2024-09-19T09:28:55.946+0000 7f2f717fa640 1 -- 172.21.15.1:0/1000130769 <== mon.0 v2:172.21.15.1:3300/0 6 ==== mon_command_ack([{"prefix": "get_command_descriptions"}]=0 v0) ==== 72+0+188913 (secure 0 0 0) 0x7f2f64043260 con 0x7f2f74105980
2024-09-19T09:28:56.731 INFO:teuthology.orchestra.run.smithi001.stdout:/usr/bin/ceph: stderr
2024-09-19T09:28:56.127+0000 7f2f7a96b640 1 -- 172.21.15.1:0/1000130769 --> [v2:172.21.15.1:6800/1028873727,v1:172.21.15.1:6801/1028873727] -- mgr_command(tid 0: {"prefix": "cephadm get-pub-key", "target": ["mon-mgr", ""]}) -- 0x7f2f741027f0 con 0x7f2f5c0391b0
2024-09-19T09:28:56.732 INFO:teuthology.orchestra.run.smithi001.stdout:/usr/bin/ceph: stderr
2024-09-19T09:28:56.127+0000 7f2f717fa640 1 -- 172.21.15.1:0/1000130769 <== mgr.14118 v2:172.21.15.1:6800/1028873727 1 ==== mgr_command_reply(tid 0: 0 ) ==== 8+0+595 (secure 0 0 0) 0x7f2f741027f0 con 0x7f2f5c0391b0
2024-09-19T09:28:56.732 INFO:teuthology.orchestra.run.smithi001.stdout:/usr/bin/ceph: stderr
2024-09-19T09:28:56.130+0000 7f2f7a96b640 1 -- 172.21.15.1:0/1000130769 >> [v2:172.21.15.1:6800/1028873727,v1:172.21.15.1:6801/1028873727] conn(0x7f2f5c0391b0 msgr2=0x7f2f5c03b670 secure :-1 s=STATE_CONNECTION_ESTABLISHED l=1).mark_down
2024-09-19T09:28:56.732 INFO:teuthology.orchestra.run.smithi001.stdout:/usr/bin/ceph: stderr
2024-09-19T09:28:56.130+0000 7f2f7a96b640 1 --2- 172.21.15.1:0/1000130769 >> [v2:172.21.15.1:6800/1028873727,v1:172.21.15.1:6801/1028873727] conn(0x7f2f5c0391b0 0x7f2f5c03b670 secure :-1 s=READY pgs=10 cs=0 l=1 rev1=1 crypto rx=0x7f2f680098c0 tx=0x7f2f68006db0 comp rx=0 tx=0).stop
2024-09-19T09:28:56.732 INFO:teuthology.orchestra.run.smithi001.stdout:/usr/bin/ceph: stderr
2024-09-19T09:28:56.130+0000 7f2f7a96b640 1 -- 172.21.15.1:0/1000130769 >> [v2:172.21.15.1:3300/0,v1:172.21.15.1:6789/0] conn(0x7f2f74105980 msgr2=0x7f2f7419b650 secure :-1 s=STATE_CONNECTION_ESTABLISHED l=1).mark_down
2024-09-19T09:28:56.732 INFO:teuthology.orchestra.run.smithi001.stdout:/usr/bin/ceph: stderr
2024-09-19T09:28:56.130+0000 7f2f7a96b640 1 --2- 172.21.15.1:0/1000130769 >> [v2:172.21.15.1:3300/0,v1:172.21.15.1:6789/0] conn(0x7f2f74105980 0x7f2f7419b650 secure :-1 s=READY pgs=42 cs=0 l=1 rev1=1 crypto rx=0x7f2f64009940 tx=0x7f2f64032ce0 comp rx=0 tx=0).stop
2024-09-19T09:28:56.732 INFO:teuthology.orchestra.run.smithi001.stdout:/usr/bin/ceph: stderr
2024-09-19T09:28:56.131+0000 7f2f7a96b640 1 -- 172.21.15.1:0/1000130769 shutdown_connections
2024-09-19T09:28:56.732 INFO:teuthology.orchestra.run.smithi001.stdout:/usr/bin/ceph: stderr
2024-09-19T09:28:56.131+0000 7f2f7a96b640 1 --2- 172.21.15.1:0/1000130769 >> [v2:172.21.15.1:6800/1028873727,v1:172.21.15.1:6801/1028873727] conn(0x7f2f5c0391b0 0x7f2f5c03b670 unknown :-1 s=CLOSED pgs=10 cs=0 l=1 rev1=1 crypto rx=0 tx=0 comp rx=0 tx=0).stop
2024-09-19T09:28:56.732 INFO:teuthology.orchestra.run.smithi001.stdout:/usr/bin/ceph: stderr
2024-09-19T09:28:56.131+0000 7f2f7a96b640 1 --2- 172.21.15.1:0/1000130769 >> [v2:172.21.15.1:3300/0,v1:172.21.15.1:6789/0] conn(0x7f2f74105980 0x7f2f7419b650 unknown :-1 s=CLOSED pgs=42 cs=0 l=1 rev1=1 crypto rx=0 tx=0 comp rx=0 tx=0).stop
2024-09-19T09:28:56.732 INFO:teuthology.orchestra.run.smithi001.stdout:/usr/bin/ceph: stderr
2024-09-19T09:28:56.131+0000 7f2f7a96b640 1 -- 172.21.15.1:0/1000130769 >> 172.21.15.1:0/1000130769 conn(0x7f2f74101530 msgr2=0x7f2f741020e0 unknown :-1 s=STATE_NONE l=0).mark_down
2024-09-19T09:28:56.732 INFO:teuthology.orchestra.run.smithi001.stdout:/usr/bin/ceph: stderr
2024-09-19T09:28:56.131+0000 7f2f7a96b640 1 -- 172.21.15.1:0/1000130769 shutdown_connections
2024-09-19T09:28:56.733 INFO:teuthology.orchestra.run.smithi001.stdout:/usr/bin/ceph: stderr
2024-09-19T09:28:56.131+0000 7f2f7a96b640 1 -- 172.21.15.1:0/1000130769 wait complete.
2024-09-19T09:28:56.733 INFO:teuthology.orchestra.run.smithi001.stdout:Wrote public SSH key to /home/ubuntu/cephtest/ceph.pub
2024-09-19T09:28:56.733 INFO:teuthology.orchestra.run.smithi001.stdout:Adding key to root@localhost authorized_keys...
2024-09-19T09:28:56.733 INFO:teuthology.orchestra.run.smithi001.stdout:Adding host smithi001...
2024-09-19T09:28:57.302 INFO:journalctl@ceph.mon.a.smithi001.stdout:Sep 19 09:28:57 smithi001 ceph-mon[31225]: from='client.14136 -' entity='client.admin' cmd=[{"prefix": "cephadm get-pub-key", "target": ["mon-mgr", ""]}]: dispatch
2024-09-19T09:28:58.351 INFO:journalctl@ceph.mon.a.smithi001.stdout:Sep 19 09:28:58 smithi001 ceph-mon[31225]: from='client.14138 -' entity='client.admin' cmd=[{"prefix": "orch host add", "hostname": "smithi001", "addr": "172.21.15.1", "target": ["mon-mgr", ""]}]: dispatch
2024-09-19T09:28:59.247 INFO:journalctl@ceph.mon.a.smithi001.stdout:Sep 19 09:28:59 smithi001 ceph-mon[31225]: Deploying cephadm binary to smithi001
2024-09-19T09:29:01.826 INFO:teuthology.orchestra.run.smithi001.stdout:/usr/bin/ceph: stdout Added host 'smithi001' with addr '172.21.15.1'
2024-09-19T09:29:01.826 INFO:teuthology.orchestra.run.smithi001.stdout:/usr/bin/ceph: stderr
2024-09-19T09:28:57.112+0000 7fd367ca5640 1 Processor -- start
2024-09-19T09:29:01.826 INFO:teuthology.orchestra.run.smithi001.stdout:/usr/bin/ceph: stderr
2024-09-19T09:28:57.112+0000 7fd367ca5640 1 -- start start
2024-09-19T09:29:01.826 INFO:teuthology.orchestra.run.smithi001.stdout:/usr/bin/ceph: stderr
2024-09-19T09:28:57.113+0000 7fd367ca5640 1 --2- >> [v2:172.21.15.1:3300/0,v1:172.21.15.1:6789/0] conn(0x7fd360108180 0x7fd36010a570 unknown :-1 s=NONE pgs=0 cs=0 l=0 rev1=0 crypto rx=0 tx=0 comp rx=0 tx=0).connect
2024-09-19T09:29:01.826 INFO:teuthology.orchestra.run.smithi001.stdout:/usr/bin/ceph: stderr
2024-09-19T09:28:57.113+0000 7fd367ca5640 1 -- --> [v2:172.21.15.1:3300/0,v1:172.21.15.1:6789/0] -- mon_getmap magic: 0 -- 0x7fd36007be30 con 0x7fd360108180
2024-09-19T09:29:01.826 INFO:teuthology.orchestra.run.smithi001.stdout:/usr/bin/ceph: stderr
2024-09-19T09:28:57.113+0000 7fd365a41640 1 --2- >> [v2:172.21.15.1:3300/0,v1:172.21.15.1:6789/0] conn(0x7fd360108180 0x7fd36010a570 unknown :-1 s=BANNER_CONNECTING pgs=0 cs=0 l=0 rev1=0 crypto rx=0 tx=0 comp rx=0 tx=0)._handle_peer_banner_payload supported=3 required=0
2024-09-19T09:29:01.826 INFO:teuthology.orchestra.run.smithi001.stdout:/usr/bin/ceph: stderr
2024-09-19T09:28:57.113+0000 7fd365a41640 1 --2- >> [v2:172.21.15.1:3300/0,v1:172.21.15.1:6789/0] conn(0x7fd360108180 0x7fd36010a570 unknown :-1 s=HELLO_CONNECTING pgs=0 cs=0 l=0 rev1=1 crypto rx=0 tx=0 comp rx=0 tx=0).handle_hello peer v2:172.21.15.1:3300/0 says I am v2:172.21.15.1:39920/0 (socket says 172.21.15.1:39920)
2024-09-19T09:29:01.827 INFO:teuthology.orchestra.run.smithi001.stdout:/usr/bin/ceph: stderr
2024-09-19T09:28:57.113+0000 7fd365a41640 1 -- 172.21.15.1:0/2374851741 learned_addr learned my addr 172.21.15.1:0/2374851741 (peer_addr_for_me v2:172.21.15.1:0/0)
2024-09-19T09:29:01.827 INFO:teuthology.orchestra.run.smithi001.stdout:/usr/bin/ceph: stderr
2024-09-19T09:28:57.113+0000 7fd365a41640 1 -- 172.21.15.1:0/2374851741 --> [v2:172.21.15.1:3300/0,v1:172.21.15.1:6789/0] -- mon_subscribe({config=0+,monmap=0+}) -- 0x7fd36010aab0 con 0x7fd360108180
2024-09-19T09:29:01.827 INFO:teuthology.orchestra.run.smithi001.stdout:/usr/bin/ceph: stderr
2024-09-19T09:28:57.114+0000 7fd365a41640 1 --2- 172.21.15.1:0/2374851741 >> [v2:172.21.15.1:3300/0,v1:172.21.15.1:6789/0] conn(0x7fd360108180 0x7fd36010a570 secure :-1 s=READY pgs=43 cs=0 l=1 rev1=1 crypto rx=0x7fd358009820 tx=0x7fd35802a270 comp rx=0 tx=0).ready entity=mon.0 client_cookie=98f4d7f5014b3442 server_cookie=0 in_seq=0 out_seq=0
2024-09-19T09:29:01.827 INFO:teuthology.orchestra.run.smithi001.stdout:/usr/bin/ceph: stderr
2024-09-19T09:28:57.114+0000 7fd364a3f640 1 -- 172.21.15.1:0/2374851741 <== mon.0 v2:172.21.15.1:3300/0 1 ==== mon_map magic: 0 ==== 205+0+0 (secure 0 0 0) 0x7fd358037070 con 0x7fd360108180
2024-09-19T09:29:01.827 INFO:teuthology.orchestra.run.smithi001.stdout:/usr/bin/ceph: stderr
2024-09-19T09:28:57.114+0000 7fd364a3f640 1 -- 172.21.15.1:0/2374851741 <== mon.0 v2:172.21.15.1:3300/0 2 ==== config(27 keys) ==== 1109+0+0 (secure 0 0 0) 0x7fd358032900 con 0x7fd360108180
2024-09-19T09:29:01.827 INFO:teuthology.orchestra.run.smithi001.stdout:/usr/bin/ceph: stderr
2024-09-19T09:28:57.114+0000 7fd364a3f640 1 -- 172.21.15.1:0/2374851741 <== mon.0 v2:172.21.15.1:3300/0 3 ==== mon_map magic: 0 ==== 205+0+0 (secure 0 0 0) 0x7fd358030850 con 0x7fd360108180
2024-09-19T09:29:01.827 INFO:teuthology.orchestra.run.smithi001.stdout:/usr/bin/ceph: stderr
2024-09-19T09:28:57.115+0000 7fd367ca5640 1 -- 172.21.15.1:0/2374851741 >> [v2:172.21.15.1:3300/0,v1:172.21.15.1:6789/0] conn(0x7fd360108180 msgr2=0x7fd36010a570 secure :-1 s=STATE_CONNECTION_ESTABLISHED l=1).mark_down
2024-09-19T09:29:01.827 INFO:teuthology.orchestra.run.smithi001.stdout:/usr/bin/ceph: stderr
2024-09-19T09:28:57.115+0000 7fd367ca5640 1 --2- 172.21.15.1:0/2374851741 >> [v2:172.21.15.1:3300/0,v1:172.21.15.1:6789/0] conn(0x7fd360108180 0x7fd36010a570 secure :-1 s=READY pgs=43 cs=0 l=1 rev1=1 crypto rx=0x7fd358009820 tx=0x7fd35802a270 comp rx=0 tx=0).stop
2024-09-19T09:29:01.827 INFO:teuthology.orchestra.run.smithi001.stdout:/usr/bin/ceph: stderr
2024-09-19T09:28:57.115+0000 7fd367ca5640 1 -- 172.21.15.1:0/2374851741 shutdown_connections
2024-09-19T09:29:01.827 INFO:teuthology.orchestra.run.smithi001.stdout:/usr/bin/ceph: stderr
2024-09-19T09:28:57.115+0000 7fd367ca5640 1 --2- 172.21.15.1:0/2374851741 >> [v2:172.21.15.1:3300/0,v1:172.21.15.1:6789/0] conn(0x7fd360108180 0x7fd36010a570 unknown :-1 s=CLOSED pgs=43 cs=0 l=1 rev1=1 crypto rx=0 tx=0 comp rx=0 tx=0).stop
2024-09-19T09:29:01.827 INFO:teuthology.orchestra.run.smithi001.stdout:/usr/bin/ceph: stderr
2024-09-19T09:28:57.115+0000 7fd367ca5640 1 -- 172.21.15.1:0/2374851741 >> 172.21.15.1:0/2374851741 conn(0x7fd360101d80 msgr2=0x7fd3601041a0 unknown :-1 s=STATE_NONE l=0).mark_down
2024-09-19T09:29:01.827 INFO:teuthology.orchestra.run.smithi001.stdout:/usr/bin/ceph: stderr
2024-09-19T09:28:57.115+0000 7fd367ca5640 1 -- 172.21.15.1:0/2374851741 shutdown_connections
2024-09-19T09:29:01.827 INFO:teuthology.orchestra.run.smithi001.stdout:/usr/bin/ceph: stderr
2024-09-19T09:28:57.115+0000 7fd367ca5640 1 -- 172.21.15.1:0/2374851741 wait complete.
2024-09-19T09:29:01.827 INFO:teuthology.orchestra.run.smithi001.stdout:/usr/bin/ceph: stderr
2024-09-19T09:28:57.115+0000 7fd367ca5640 1 Processor -- start
2024-09-19T09:29:01.828 INFO:teuthology.orchestra.run.smithi001.stdout:/usr/bin/ceph: stderr
2024-09-19T09:28:57.115+0000 7fd367ca5640 1 -- start start
2024-09-19T09:29:01.828 INFO:teuthology.orchestra.run.smithi001.stdout:/usr/bin/ceph: stderr
2024-09-19T09:28:57.116+0000 7fd367ca5640 1 --2- >> [v2:172.21.15.1:3300/0,v1:172.21.15.1:6789/0] conn(0x7fd360108180 0x7fd360107a00 unknown :-1 s=NONE pgs=0 cs=0 l=1 rev1=0 crypto rx=0 tx=0 comp rx=0 tx=0).connect
2024-09-19T09:29:01.828 INFO:teuthology.orchestra.run.smithi001.stdout:/usr/bin/ceph: stderr
2024-09-19T09:28:57.116+0000 7fd367ca5640 1 -- --> [v2:172.21.15.1:3300/0,v1:172.21.15.1:6789/0] -- mon_getmap magic: 0 -- 0x7fd36010baf0 con 0x7fd360108180
2024-09-19T09:29:01.828 INFO:teuthology.orchestra.run.smithi001.stdout:/usr/bin/ceph: stderr
2024-09-19T09:28:57.116+0000 7fd365a41640 1 --2- >> [v2:172.21.15.1:3300/0,v1:172.21.15.1:6789/0] conn(0x7fd360108180 0x7fd360107a00 unknown :-1 s=BANNER_CONNECTING pgs=0 cs=0 l=1 rev1=0 crypto rx=0 tx=0 comp rx=0 tx=0)._handle_peer_banner_payload supported=3 required=0
2024-09-19T09:29:01.828 INFO:teuthology.orchestra.run.smithi001.stdout:/usr/bin/ceph: stderr
2024-09-19T09:28:57.116+0000 7fd365a41640 1 --2- >> [v2:172.21.15.1:3300/0,v1:172.21.15.1:6789/0] conn(0x7fd360108180 0x7fd360107a00 unknown :-1 s=HELLO_CONNECTING pgs=0 cs=0 l=1 rev1=1 crypto rx=0 tx=0 comp rx=0 tx=0).handle_hello peer v2:172.21.15.1:3300/0 says I am v2:172.21.15.1:39928/0 (socket says 172.21.15.1:39928)
2024-09-19T09:29:01.828 INFO:teuthology.orchestra.run.smithi001.stdout:/usr/bin/ceph: stderr
2024-09-19T09:28:57.116+0000 7fd365a41640 1 -- 172.21.15.1:0/885901339 learned_addr learned my addr 172.21.15.1:0/885901339 (peer_addr_for_me v2:172.21.15.1:0/0)
2024-09-19T09:29:01.828 INFO:teuthology.orchestra.run.smithi001.stdout:/usr/bin/ceph: stderr
2024-09-19T09:28:57.116+0000 7fd365a41640 1 -- 172.21.15.1:0/885901339 --> [v2:172.21.15.1:3300/0,v1:172.21.15.1:6789/0] -- mon_subscribe({config=0+,monmap=0+}) -- 0x7fd360107f40 con 0x7fd360108180
2024-09-19T09:29:01.828 INFO:teuthology.orchestra.run.smithi001.stdout:/usr/bin/ceph: stderr
2024-09-19T09:28:57.116+0000 7fd365a41640 1 --2- 172.21.15.1:0/885901339 >> [v2:172.21.15.1:3300/0,v1:172.21.15.1:6789/0] conn(0x7fd360108180 0x7fd360107a00 secure :-1 s=READY pgs=44 cs=0 l=1 rev1=1 crypto rx=0x7fd358031000 tx=0x7fd3580326e0 comp rx=0 tx=0).ready entity=mon.0 client_cookie=0 server_cookie=0 in_seq=0 out_seq=0
2024-09-19T09:29:01.828 INFO:teuthology.orchestra.run.smithi001.stdout:/usr/bin/ceph: stderr
2024-09-19T09:28:57.116+0000 7fd35effd640 1 -- 172.21.15.1:0/885901339 <== mon.0 v2:172.21.15.1:3300/0 1 ==== mon_map magic: 0 ==== 205+0+0 (secure 0 0 0) 0x7fd358042070 con 0x7fd360108180
2024-09-19T09:29:01.828 INFO:teuthology.orchestra.run.smithi001.stdout:/usr/bin/ceph: stderr
2024-09-19T09:28:57.116+0000 7fd35effd640 1 -- 172.21.15.1:0/885901339 <== mon.0 v2:172.21.15.1:3300/0 2 ==== config(27 keys) ==== 1109+0+0 (secure 0 0 0) 0x7fd358032be0 con 0x7fd360108180
2024-09-19T09:29:01.828 INFO:teuthology.orchestra.run.smithi001.stdout:/usr/bin/ceph: stderr
2024-09-19T09:28:57.116+0000 7fd367ca5640 1 -- 172.21.15.1:0/885901339 --> [v2:172.21.15.1:3300/0,v1:172.21.15.1:6789/0] -- mon_subscribe({mgrmap=0+}) -- 0x7fd360106130 con 0x7fd360108180
2024-09-19T09:29:01.828 INFO:teuthology.orchestra.run.smithi001.stdout:/usr/bin/ceph: stderr
2024-09-19T09:28:57.116+0000 7fd35effd640 1 -- 172.21.15.1:0/885901339 <== mon.0 v2:172.21.15.1:3300/0 3 ==== mon_map magic: 0 ==== 205+0+0 (secure 0 0 0) 0x7fd358037040 con 0x7fd360108180
2024-09-19T09:29:01.828 INFO:teuthology.orchestra.run.smithi001.stdout:/usr/bin/ceph: stderr
2024-09-19T09:28:57.116+0000 7fd367ca5640 1 -- 172.21.15.1:0/885901339 --> [v2:172.21.15.1:3300/0,v1:172.21.15.1:6789/0] -- mon_subscribe({osdmap=0}) -- 0x7fd360106670 con 0x7fd360108180
2024-09-19T09:29:01.829 INFO:teuthology.orchestra.run.smithi001.stdout:/usr/bin/ceph: stderr
2024-09-19T09:28:57.117+0000 7fd35effd640 1 -- 172.21.15.1:0/885901339 <== mon.0 v2:172.21.15.1:3300/0 4 ==== mgrmap(e 8) ==== 46461+0+0 (secure 0 0 0) 0x7fd358045070 con 0x7fd360108180
2024-09-19T09:29:01.829 INFO:teuthology.orchestra.run.smithi001.stdout:/usr/bin/ceph: stderr
2024-09-19T09:28:57.117+0000 7fd367ca5640 1 -- 172.21.15.1:0/885901339 --> [v2:172.21.15.1:3300/0,v1:172.21.15.1:6789/0] -- mon_command({"prefix": "get_command_descriptions"} v 0) -- 0x7fd3601085e0 con 0x7fd360108180
2024-09-19T09:29:01.829 INFO:teuthology.orchestra.run.smithi001.stdout:/usr/bin/ceph: stderr
2024-09-19T09:28:57.118+0000 7fd35effd640 1 --2- 172.21.15.1:0/885901339 >> [v2:172.21.15.1:6800/1028873727,v1:172.21.15.1:6801/1028873727] conn(0x7fd348039200 0x7fd34803b6c0 unknown :-1 s=NONE pgs=0 cs=0 l=1 rev1=0 crypto rx=0 tx=0 comp rx=0 tx=0).connect
2024-09-19T09:29:01.829 INFO:teuthology.orchestra.run.smithi001.stdout:/usr/bin/ceph: stderr
2024-09-19T09:28:57.118+0000 7fd35effd640 1 -- 172.21.15.1:0/885901339 <== mon.0 v2:172.21.15.1:3300/0 5 ==== osd_map(2..2 src has 1..2) ==== 940+0+0 (secure 0 0 0) 0x7fd35806c390 con 0x7fd360108180
2024-09-19T09:29:01.829 INFO:teuthology.orchestra.run.smithi001.stdout:/usr/bin/ceph: stderr
2024-09-19T09:28:57.118+0000 7fd365240640 1 --2- 172.21.15.1:0/885901339 >> [v2:172.21.15.1:6800/1028873727,v1:172.21.15.1:6801/1028873727] conn(0x7fd348039200 0x7fd34803b6c0 unknown :-1 s=BANNER_CONNECTING pgs=0 cs=0 l=1 rev1=0 crypto rx=0 tx=0 comp rx=0 tx=0)._handle_peer_banner_payload supported=3 required=0
2024-09-19T09:29:01.829 INFO:teuthology.orchestra.run.smithi001.stdout:/usr/bin/ceph: stderr
2024-09-19T09:28:57.118+0000 7fd365240640 1 --2- 172.21.15.1:0/885901339 >> [v2:172.21.15.1:6800/1028873727,v1:172.21.15.1:6801/1028873727] conn(0x7fd348039200 0x7fd34803b6c0 secure :-1 s=READY pgs=11 cs=0 l=1 rev1=1 crypto rx=0x7fd3540098c0 tx=0x7fd354006db0 comp rx=0 tx=0).ready entity=mgr.14118 client_cookie=0 server_cookie=0 in_seq=0 out_seq=0
2024-09-19T09:29:01.829 INFO:teuthology.orchestra.run.smithi001.stdout:/usr/bin/ceph: stderr
2024-09-19T09:28:57.122+0000 7fd35effd640 1 -- 172.21.15.1:0/885901339 <== mon.0 v2:172.21.15.1:3300/0 6 ==== mon_command_ack([{"prefix": "get_command_descriptions"}]=0 v0) ==== 72+0+188913 (secure 0 0 0) 0x7fd358045360 con 0x7fd360108180
2024-09-19T09:29:01.829 INFO:teuthology.orchestra.run.smithi001.stdout:/usr/bin/ceph: stderr
2024-09-19T09:28:57.301+0000 7fd367ca5640 1 -- 172.21.15.1:0/885901339 --> [v2:172.21.15.1:6800/1028873727,v1:172.21.15.1:6801/1028873727] -- mgr_command(tid 0: {"prefix": "orch host add", "hostname": "smithi001", "addr": "172.21.15.1", "target": ["mon-mgr", ""]}) -- 0x7fd360106f20 con 0x7fd348039200
2024-09-19T09:29:01.829 INFO:teuthology.orchestra.run.smithi001.stdout:/usr/bin/ceph: stderr
2024-09-19T09:29:01.240+0000 7fd35effd640 1 -- 172.21.15.1:0/885901339 <== mgr.14118 v2:172.21.15.1:6800/1028873727 1 ==== mgr_command_reply(tid 0: 0 ) ==== 8+0+47 (secure 0 0 0) 0x7fd360106f20 con 0x7fd348039200
2024-09-19T09:29:01.829 INFO:teuthology.orchestra.run.smithi001.stdout:/usr/bin/ceph: stderr
2024-09-19T09:29:01.243+0000 7fd367ca5640 1 -- 172.21.15.1:0/885901339 >> [v2:172.21.15.1:6800/1028873727,v1:172.21.15.1:6801/1028873727] conn(0x7fd348039200 msgr2=0x7fd34803b6c0 secure :-1 s=STATE_CONNECTION_ESTABLISHED l=1).mark_down
2024-09-19T09:29:01.829 INFO:teuthology.orchestra.run.smithi001.stdout:/usr/bin/ceph: stderr
2024-09-19T09:29:01.243+0000 7fd367ca5640 1 --2- 172.21.15.1:0/885901339 >> [v2:172.21.15.1:6800/1028873727,v1:172.21.15.1:6801/1028873727] conn(0x7fd348039200 0x7fd34803b6c0 secure :-1 s=READY pgs=11 cs=0 l=1 rev1=1 crypto rx=0x7fd3540098c0 tx=0x7fd354006db0 comp rx=0 tx=0).stop
