2024-09-19T09:29:05.803+0000 7fbb923f9640 1 --2- 172.21.15.1:0/2439843381 >> [v2:172.21.15.1:3300/0,v1:172.21.15.1:6789/0] conn(0x7fbb8c105960 0x7fbb8c1a1cb0 unknown :-1 s=CLOSED pgs=50 cs=0 l=1 rev1=1 crypto rx=0 tx=0 comp rx=0 tx=0).stop
2024-09-19T09:29:06.374 INFO:teuthology.orchestra.run.smithi001.stdout:/usr/bin/ceph: stderr
2024-09-19T09:29:05.803+0000 7fbb923f9640 1 -- 172.21.15.1:0/2439843381 >> 172.21.15.1:0/2439843381 conn(0x7fbb8c101530 msgr2=0x7fbb8c10bf80 unknown :-1 s=STATE_NONE l=0).mark_down
2024-09-19T09:29:06.374 INFO:teuthology.orchestra.run.smithi001.stdout:/usr/bin/ceph: stderr
2024-09-19T09:29:05.803+0000 7fbb923f9640 1 -- 172.21.15.1:0/2439843381 shutdown_connections
2024-09-19T09:29:06.374 INFO:teuthology.orchestra.run.smithi001.stdout:/usr/bin/ceph: stderr
2024-09-19T09:29:05.803+0000 7fbb923f9640 1 -- 172.21.15.1:0/2439843381 wait complete.
2024-09-19T09:29:07.820 INFO:teuthology.orchestra.run.smithi001.stdout:/usr/bin/ceph: stderr
2024-09-19T09:29:06.759+0000 7f578f0b5640 1 Processor -- start
2024-09-19T09:29:07.820 INFO:teuthology.orchestra.run.smithi001.stdout:/usr/bin/ceph: stderr
2024-09-19T09:29:06.759+0000 7f578f0b5640 1 -- start start
2024-09-19T09:29:07.820 INFO:teuthology.orchestra.run.smithi001.stdout:/usr/bin/ceph: stderr
2024-09-19T09:29:06.759+0000 7f578f0b5640 1 --2- >> [v2:172.21.15.1:3300/0,v1:172.21.15.1:6789/0] conn(0x7f5788107710 0x7f5788107b10 unknown :-1 s=NONE pgs=0 cs=0 l=0 rev1=0 crypto rx=0 tx=0 comp rx=0 tx=0).connect
2024-09-19T09:29:07.820 INFO:teuthology.orchestra.run.smithi001.stdout:/usr/bin/ceph: stderr
2024-09-19T09:29:06.759+0000 7f578f0b5640 1 -- --> [v2:172.21.15.1:3300/0,v1:172.21.15.1:6789/0] -- mon_getmap magic: 0 -- 0x7f57881080e0 con 0x7f5788107710
2024-09-19T09:29:07.820 INFO:teuthology.orchestra.run.smithi001.stdout:/usr/bin/ceph: stderr
2024-09-19T09:29:06.759+0000 7f578ce51640 1 --2- >> [v2:172.21.15.1:3300/0,v1:172.21.15.1:6789/0] conn(0x7f5788107710 0x7f5788107b10 unknown :-1 s=BANNER_CONNECTING pgs=0 cs=0 l=0 rev1=0 crypto rx=0 tx=0 comp rx=0 tx=0)._handle_peer_banner_payload supported=3 required=0
2024-09-19T09:29:07.820 INFO:teuthology.orchestra.run.smithi001.stdout:/usr/bin/ceph: stderr
2024-09-19T09:29:06.759+0000 7f578ce51640 1 --2- >> [v2:172.21.15.1:3300/0,v1:172.21.15.1:6789/0] conn(0x7f5788107710 0x7f5788107b10 unknown :-1 s=HELLO_CONNECTING pgs=0 cs=0 l=0 rev1=1 crypto rx=0 tx=0 comp rx=0 tx=0).handle_hello peer v2:172.21.15.1:3300/0 says I am v2:172.21.15.1:56236/0 (socket says 172.21.15.1:56236)
2024-09-19T09:29:07.820 INFO:teuthology.orchestra.run.smithi001.stdout:/usr/bin/ceph: stderr
2024-09-19T09:29:06.760+0000 7f578ce51640 1 -- 172.21.15.1:0/230659323 learned_addr learned my addr 172.21.15.1:0/230659323 (peer_addr_for_me v2:172.21.15.1:0/0)
2024-09-19T09:29:07.820 INFO:teuthology.orchestra.run.smithi001.stdout:/usr/bin/ceph: stderr
2024-09-19T09:29:06.760+0000 7f578ce51640 1 -- 172.21.15.1:0/230659323 --> [v2:172.21.15.1:3300/0,v1:172.21.15.1:6789/0] -- mon_subscribe({config=0+,monmap=0+}) -- 0x7f5788108910 con 0x7f5788107710
2024-09-19T09:29:07.820 INFO:teuthology.orchestra.run.smithi001.stdout:/usr/bin/ceph: stderr
2024-09-19T09:29:06.760+0000 7f578ce51640 1 --2- 172.21.15.1:0/230659323 >> [v2:172.21.15.1:3300/0,v1:172.21.15.1:6789/0] conn(0x7f5788107710 0x7f5788107b10 secure :-1 s=READY pgs=51 cs=0 l=1 rev1=1 crypto rx=0x7f577c009820 tx=0x7f577c02a270 comp rx=0 tx=0).ready entity=mon.0 client_cookie=14aaa902cdd1bab8 server_cookie=0 in_seq=0 out_seq=0
2024-09-19T09:29:07.820 INFO:teuthology.orchestra.run.smithi001.stdout:/usr/bin/ceph: stderr
2024-09-19T09:29:06.761+0000 7f57877fe640 1 -- 172.21.15.1:0/230659323 <== mon.0 v2:172.21.15.1:3300/0 1 ==== mon_map magic: 0 ==== 205+0+0 (secure 0 0 0) 0x7f577c037070 con 0x7f5788107710
2024-09-19T09:29:07.821 INFO:teuthology.orchestra.run.smithi001.stdout:/usr/bin/ceph: stderr
2024-09-19T09:29:06.761+0000 7f57877fe640 1 -- 172.21.15.1:0/230659323 <== mon.0 v2:172.21.15.1:3300/0 2 ==== config(27 keys) ==== 1140+0+0 (secure 0 0 0) 0x7f577c032920 con 0x7f5788107710
2024-09-19T09:29:07.821 INFO:teuthology.orchestra.run.smithi001.stdout:/usr/bin/ceph: stderr
2024-09-19T09:29:06.761+0000 7f57877fe640 1 -- 172.21.15.1:0/230659323 <== mon.0 v2:172.21.15.1:3300/0 3 ==== mon_map magic: 0 ==== 205+0+0 (secure 0 0 0) 0x7f577c030810 con 0x7f5788107710
2024-09-19T09:29:07.821 INFO:teuthology.orchestra.run.smithi001.stdout:/usr/bin/ceph: stderr
2024-09-19T09:29:06.761+0000 7f578f0b5640 1 -- 172.21.15.1:0/230659323 >> [v2:172.21.15.1:3300/0,v1:172.21.15.1:6789/0] conn(0x7f5788107710 msgr2=0x7f5788107b10 secure :-1 s=STATE_CONNECTION_ESTABLISHED l=1).mark_down
2024-09-19T09:29:07.821 INFO:teuthology.orchestra.run.smithi001.stdout:/usr/bin/ceph: stderr
2024-09-19T09:29:06.761+0000 7f578f0b5640 1 --2- 172.21.15.1:0/230659323 >> [v2:172.21.15.1:3300/0,v1:172.21.15.1:6789/0] conn(0x7f5788107710 0x7f5788107b10 secure :-1 s=READY pgs=51 cs=0 l=1 rev1=1 crypto rx=0x7f577c009820 tx=0x7f577c02a270 comp rx=0 tx=0).stop
2024-09-19T09:29:07.821 INFO:teuthology.orchestra.run.smithi001.stdout:/usr/bin/ceph: stderr
2024-09-19T09:29:06.761+0000 7f578f0b5640 1 -- 172.21.15.1:0/230659323 shutdown_connections
2024-09-19T09:29:07.821 INFO:teuthology.orchestra.run.smithi001.stdout:/usr/bin/ceph: stderr
2024-09-19T09:29:06.761+0000 7f578f0b5640 1 --2- 172.21.15.1:0/230659323 >> [v2:172.21.15.1:3300/0,v1:172.21.15.1:6789/0] conn(0x7f5788107710 0x7f5788107b10 unknown :-1 s=CLOSED pgs=51 cs=0 l=1 rev1=1 crypto rx=0 tx=0 comp rx=0 tx=0).stop
2024-09-19T09:29:07.821 INFO:teuthology.orchestra.run.smithi001.stdout:/usr/bin/ceph: stderr
2024-09-19T09:29:06.761+0000 7f578f0b5640 1 -- 172.21.15.1:0/230659323 >> 172.21.15.1:0/230659323 conn(0x7f5788102f20 msgr2=0x7f5788105340 unknown :-1 s=STATE_NONE l=0).mark_down
2024-09-19T09:29:07.821 INFO:teuthology.orchestra.run.smithi001.stdout:/usr/bin/ceph: stderr
2024-09-19T09:29:06.761+0000 7f578f0b5640 1 -- 172.21.15.1:0/230659323 shutdown_connections
2024-09-19T09:29:07.821 INFO:teuthology.orchestra.run.smithi001.stdout:/usr/bin/ceph: stderr
2024-09-19T09:29:06.761+0000 7f578f0b5640 1 -- 172.21.15.1:0/230659323 wait complete.
2024-09-19T09:29:07.821 INFO:teuthology.orchestra.run.smithi001.stdout:/usr/bin/ceph: stderr
2024-09-19T09:29:06.762+0000 7f578f0b5640 1 Processor -- start
2024-09-19T09:29:07.821 INFO:teuthology.orchestra.run.smithi001.stdout:/usr/bin/ceph: stderr
2024-09-19T09:29:06.762+0000 7f578f0b5640 1 -- start start
2024-09-19T09:29:07.821 INFO:teuthology.orchestra.run.smithi001.stdout:/usr/bin/ceph: stderr
2024-09-19T09:29:06.762+0000 7f578f0b5640 1 --2- >> [v2:172.21.15.1:3300/0,v1:172.21.15.1:6789/0] conn(0x7f5788107710 0x7f578819d8d0 unknown :-1 s=NONE pgs=0 cs=0 l=1 rev1=0 crypto rx=0 tx=0 comp rx=0 tx=0).connect
2024-09-19T09:29:07.822 INFO:teuthology.orchestra.run.smithi001.stdout:/usr/bin/ceph: stderr
2024-09-19T09:29:06.762+0000 7f578f0b5640 1 -- --> [v2:172.21.15.1:3300/0,v1:172.21.15.1:6789/0] -- mon_getmap magic: 0 -- 0x7f578810bcc0 con 0x7f5788107710
2024-09-19T09:29:07.822 INFO:teuthology.orchestra.run.smithi001.stdout:/usr/bin/ceph: stderr
2024-09-19T09:29:06.762+0000 7f578ce51640 1 --2- >> [v2:172.21.15.1:3300/0,v1:172.21.15.1:6789/0] conn(0x7f5788107710 0x7f578819d8d0 unknown :-1 s=BANNER_CONNECTING pgs=0 cs=0 l=1 rev1=0 crypto rx=0 tx=0 comp rx=0 tx=0)._handle_peer_banner_payload supported=3 required=0
2024-09-19T09:29:07.822 INFO:teuthology.orchestra.run.smithi001.stdout:/usr/bin/ceph: stderr
2024-09-19T09:29:06.762+0000 7f578ce51640 1 --2- >> [v2:172.21.15.1:3300/0,v1:172.21.15.1:6789/0] conn(0x7f5788107710 0x7f578819d8d0 unknown :-1 s=HELLO_CONNECTING pgs=0 cs=0 l=1 rev1=1 crypto rx=0 tx=0 comp rx=0 tx=0).handle_hello peer v2:172.21.15.1:3300/0 says I am v2:172.21.15.1:56244/0 (socket says 172.21.15.1:56244)
2024-09-19T09:29:07.822 INFO:teuthology.orchestra.run.smithi001.stdout:/usr/bin/ceph: stderr
2024-09-19T09:29:06.762+0000 7f578ce51640 1 -- 172.21.15.1:0/2732147536 learned_addr learned my addr 172.21.15.1:0/2732147536 (peer_addr_for_me v2:172.21.15.1:0/0)
2024-09-19T09:29:07.822 INFO:teuthology.orchestra.run.smithi001.stdout:/usr/bin/ceph: stderr
2024-09-19T09:29:06.763+0000 7f578ce51640 1 -- 172.21.15.1:0/2732147536 --> [v2:172.21.15.1:3300/0,v1:172.21.15.1:6789/0] -- mon_subscribe({config=0+,monmap=0+}) -- 0x7f578819de10 con 0x7f5788107710
2024-09-19T09:29:07.822 INFO:teuthology.orchestra.run.smithi001.stdout:/usr/bin/ceph: stderr
2024-09-19T09:29:06.763+0000 7f578ce51640 1 --2- 172.21.15.1:0/2732147536 >> [v2:172.21.15.1:3300/0,v1:172.21.15.1:6789/0] conn(0x7f5788107710 0x7f578819d8d0 secure :-1 s=READY pgs=52 cs=0 l=1 rev1=1 crypto rx=0x7f577c030560 tx=0x7f577c032670 comp rx=0 tx=0).ready entity=mon.0 client_cookie=0 server_cookie=0 in_seq=0 out_seq=0
2024-09-19T09:29:07.822 INFO:teuthology.orchestra.run.smithi001.stdout:/usr/bin/ceph: stderr
2024-09-19T09:29:06.763+0000 7f5785ffb640 1 -- 172.21.15.1:0/2732147536 <== mon.0 v2:172.21.15.1:3300/0 1 ==== mon_map magic: 0 ==== 205+0+0 (secure 0 0 0) 0x7f577c037040 con 0x7f5788107710
2024-09-19T09:29:07.822 INFO:teuthology.orchestra.run.smithi001.stdout:/usr/bin/ceph: stderr
2024-09-19T09:29:06.763+0000 7f5785ffb640 1 -- 172.21.15.1:0/2732147536 <== mon.0 v2:172.21.15.1:3300/0 2 ==== config(27 keys) ==== 1140+0+0 (secure 0 0 0) 0x7f577c040070 con 0x7f5788107710
2024-09-19T09:29:07.822 INFO:teuthology.orchestra.run.smithi001.stdout:/usr/bin/ceph: stderr
2024-09-19T09:29:06.763+0000 7f578f0b5640 1 -- 172.21.15.1:0/2732147536 --> [v2:172.21.15.1:3300/0,v1:172.21.15.1:6789/0] -- mon_subscribe({mgrmap=0+}) -- 0x7f578819e0a0 con 0x7f5788107710
2024-09-19T09:29:07.822 INFO:teuthology.orchestra.run.smithi001.stdout:/usr/bin/ceph: stderr
2024-09-19T09:29:06.763+0000 7f5785ffb640 1 -- 172.21.15.1:0/2732147536 <== mon.0 v2:172.21.15.1:3300/0 3 ==== mon_map magic: 0 ==== 205+0+0 (secure 0 0 0) 0x7f577c03a740 con 0x7f5788107710
2024-09-19T09:29:07.822 INFO:teuthology.orchestra.run.smithi001.stdout:/usr/bin/ceph: stderr
2024-09-19T09:29:06.763+0000 7f578f0b5640 1 -- 172.21.15.1:0/2732147536 --> [v2:172.21.15.1:3300/0,v1:172.21.15.1:6789/0] -- mon_subscribe({osdmap=0}) -- 0x7f57881a0d90 con 0x7f5788107710
2024-09-19T09:29:07.822 INFO:teuthology.orchestra.run.smithi001.stdout:/usr/bin/ceph: stderr
2024-09-19T09:29:06.764+0000 7f5785ffb640 1 -- 172.21.15.1:0/2732147536 <== mon.0 v2:172.21.15.1:3300/0 4 ==== mgrmap(e 8) ==== 46461+0+0 (secure 0 0 0) 0x7f577c03b420 con 0x7f5788107710
2024-09-19T09:29:07.822 INFO:teuthology.orchestra.run.smithi001.stdout:/usr/bin/ceph: stderr
2024-09-19T09:29:06.764+0000 7f578f0b5640 1 -- 172.21.15.1:0/2732147536 --> [v2:172.21.15.1:3300/0,v1:172.21.15.1:6789/0] -- mon_command({"prefix": "get_command_descriptions"} v 0) -- 0x7f5788107b90 con 0x7f5788107710
2024-09-19T09:29:07.822 INFO:teuthology.orchestra.run.smithi001.stdout:/usr/bin/ceph: stderr
2024-09-19T09:29:06.765+0000 7f5785ffb640 1 --2- 172.21.15.1:0/2732147536 >> [v2:172.21.15.1:6800/1028873727,v1:172.21.15.1:6801/1028873727] conn(0x7f5778039200 0x7f577803b6c0 unknown :-1 s=NONE pgs=0 cs=0 l=1 rev1=0 crypto rx=0 tx=0 comp rx=0 tx=0).connect
2024-09-19T09:29:07.823 INFO:teuthology.orchestra.run.smithi001.stdout:/usr/bin/ceph: stderr
2024-09-19T09:29:06.765+0000 7f5785ffb640 1 -- 172.21.15.1:0/2732147536 <== mon.0 v2:172.21.15.1:3300/0 5 ==== osd_map(2..2 src has 1..2) ==== 940+0+0 (secure 0 0 0) 0x7f577c06c820 con 0x7f5788107710
2024-09-19T09:29:07.823 INFO:teuthology.orchestra.run.smithi001.stdout:/usr/bin/ceph: stderr
2024-09-19T09:29:06.765+0000 7f5787fff640 1 --2- 172.21.15.1:0/2732147536 >> [v2:172.21.15.1:6800/1028873727,v1:172.21.15.1:6801/1028873727] conn(0x7f5778039200 0x7f577803b6c0 unknown :-1 s=BANNER_CONNECTING pgs=0 cs=0 l=1 rev1=0 crypto rx=0 tx=0 comp rx=0 tx=0)._handle_peer_banner_payload supported=3 required=0
2024-09-19T09:29:07.823 INFO:teuthology.orchestra.run.smithi001.stdout:/usr/bin/ceph: stderr
2024-09-19T09:29:06.765+0000 7f5787fff640 1 --2- 172.21.15.1:0/2732147536 >> [v2:172.21.15.1:6800/1028873727,v1:172.21.15.1:6801/1028873727] conn(0x7f5778039200 0x7f577803b6c0 secure :-1 s=READY pgs=15 cs=0 l=1 rev1=1 crypto rx=0x7f57740098c0 tx=0x7f5774006db0 comp rx=0 tx=0).ready entity=mgr.14118 client_cookie=0 server_cookie=0 in_seq=0 out_seq=0
2024-09-19T09:29:07.823 INFO:teuthology.orchestra.run.smithi001.stdout:/usr/bin/ceph: stderr
2024-09-19T09:29:06.769+0000 7f5785ffb640 1 -- 172.21.15.1:0/2732147536 <== mon.0 v2:172.21.15.1:3300/0 6 ==== mon_command_ack([{"prefix": "get_command_descriptions"}]=0 v0) ==== 72+0+188913 (secure 0 0 0) 0x7f577c04a200 con 0x7f5788107710
2024-09-19T09:29:07.823 INFO:teuthology.orchestra.run.smithi001.stdout:/usr/bin/ceph: stderr
2024-09-19T09:29:06.965+0000 7f578f0b5640 1 -- 172.21.15.1:0/2732147536 --> [v2:172.21.15.1:3300/0,v1:172.21.15.1:6789/0] -- mon_command([{prefix=config set, name=mgr/dashboard/ssl_server_port}] v 0) -- 0x7f57881a13f0 con 0x7f5788107710
2024-09-19T09:29:07.823 INFO:teuthology.orchestra.run.smithi001.stdout:/usr/bin/ceph: stderr
2024-09-19T09:29:06.967+0000 7f5785ffb640 1 -- 172.21.15.1:0/2732147536 <== mon.0 v2:172.21.15.1:3300/0 7 ==== mon_command_ack([{prefix=config set, name=mgr/dashboard/ssl_server_port}]=0 v8)=0 v8) ==== 130+0+0 (secure 0 0 0) 0x7f577c031e80 con 0x7f5788107710
2024-09-19T09:29:07.823 INFO:teuthology.orchestra.run.smithi001.stdout:/usr/bin/ceph: stderr
2024-09-19T09:29:06.971+0000 7f578f0b5640 1 -- 172.21.15.1:0/2732147536 >> [v2:172.21.15.1:6800/1028873727,v1:172.21.15.1:6801/1028873727] conn(0x7f5778039200 msgr2=0x7f577803b6c0 secure :-1 s=STATE_CONNECTION_ESTABLISHED l=1).mark_down
2024-09-19T09:29:07.823 INFO:teuthology.orchestra.run.smithi001.stdout:/usr/bin/ceph: stderr
2024-09-19T09:29:06.971+0000 7f578f0b5640 1 --2- 172.21.15.1:0/2732147536 >> [v2:172.21.15.1:6800/1028873727,v1:172.21.15.1:6801/1028873727] conn(0x7f5778039200 0x7f577803b6c0 secure :-1 s=READY pgs=15 cs=0 l=1 rev1=1 crypto rx=0x7f57740098c0 tx=0x7f5774006db0 comp rx=0 tx=0).stop
2024-09-19T09:29:07.823 INFO:teuthology.orchestra.run.smithi001.stdout:/usr/bin/ceph: stderr
2024-09-19T09:29:06.971+0000 7f578f0b5640 1 -- 172.21.15.1:0/2732147536 >> [v2:172.21.15.1:3300/0,v1:172.21.15.1:6789/0] conn(0x7f5788107710 msgr2=0x7f578819d8d0 secure :-1 s=STATE_CONNECTION_ESTABLISHED l=1).mark_down
2024-09-19T09:29:07.823 INFO:teuthology.orchestra.run.smithi001.stdout:/usr/bin/ceph: stderr
2024-09-19T09:29:06.971+0000 7f578f0b5640 1 --2- 172.21.15.1:0/2732147536 >> [v2:172.21.15.1:3300/0,v1:172.21.15.1:6789/0] conn(0x7f5788107710 0x7f578819d8d0 secure :-1 s=READY pgs=52 cs=0 l=1 rev1=1 crypto rx=0x7f577c030560 tx=0x7f577c032670 comp rx=0 tx=0).stop
2024-09-19T09:29:07.823 INFO:teuthology.orchestra.run.smithi001.stdout:/usr/bin/ceph: stderr
2024-09-19T09:29:06.971+0000 7f578f0b5640 1 -- 172.21.15.1:0/2732147536 shutdown_connections
2024-09-19T09:29:07.823 INFO:teuthology.orchestra.run.smithi001.stdout:/usr/bin/ceph: stderr
2024-09-19T09:29:06.971+0000 7f578f0b5640 1 --2- 172.21.15.1:0/2732147536 >> [v2:172.21.15.1:6800/1028873727,v1:172.21.15.1:6801/1028873727] conn(0x7f5778039200 0x7f577803b6c0 unknown :-1 s=CLOSED pgs=15 cs=0 l=1 rev1=1 crypto rx=0 tx=0 comp rx=0 tx=0).stop
2024-09-19T09:29:07.823 INFO:teuthology.orchestra.run.smithi001.stdout:/usr/bin/ceph: stderr
2024-09-19T09:29:06.971+0000 7f578f0b5640 1 --2- 172.21.15.1:0/2732147536 >> [v2:172.21.15.1:3300/0,v1:172.21.15.1:6789/0] conn(0x7f5788107710 0x7f578819d8d0 unknown :-1 s=CLOSED pgs=52 cs=0 l=1 rev1=1 crypto rx=0 tx=0 comp rx=0 tx=0).stop
2024-09-19T09:29:07.823 INFO:teuthology.orchestra.run.smithi001.stdout:/usr/bin/ceph: stderr
2024-09-19T09:29:06.971+0000 7f578f0b5640 1 -- 172.21.15.1:0/2732147536 >> 172.21.15.1:0/2732147536 conn(0x7f5788102f20 msgr2=0x7f5788103a30 unknown :-1 s=STATE_NONE l=0).mark_down
2024-09-19T09:29:07.824 INFO:teuthology.orchestra.run.smithi001.stdout:/usr/bin/ceph: stderr
2024-09-19T09:29:06.971+0000 7f578f0b5640 1 -- 172.21.15.1:0/2732147536 shutdown_connections
2024-09-19T09:29:07.824 INFO:teuthology.orchestra.run.smithi001.stdout:/usr/bin/ceph: stderr
2024-09-19T09:29:06.971+0000 7f578f0b5640 1 -- 172.21.15.1:0/2732147536 wait complete.
2024-09-19T09:29:07.824 INFO:teuthology.orchestra.run.smithi001.stdout:Enabling the dashboard module...
2024-09-19T09:29:08.205 INFO:journalctl@ceph.mon.a.smithi001.stdout:Sep 19 09:29:07 smithi001 ceph-mon[31225]: from='client.? 172.21.15.1:0/2732147536' entity='client.admin'
2024-09-19T09:29:09.190 INFO:journalctl@ceph.mon.a.smithi001.stdout:Sep 19 09:29:08 smithi001 ceph-mon[31225]: from='client.? 172.21.15.1:0/497132787' entity='client.admin' cmd=[{"prefix": "mgr module enable", "module": "dashboard"}]: dispatch
2024-09-19T09:29:09.191 INFO:journalctl@ceph.mon.a.smithi001.stdout:Sep 19 09:29:08 smithi001 ceph-mon[31225]: from='mgr.14118 172.21.15.1:0/3271285817' entity='mgr.x'
2024-09-19T09:29:09.191 INFO:journalctl@ceph.mgr.x.smithi001.stdout:Sep 19 09:29:09 smithi001 ceph-57238232-7669-11ef-bceb-c7b262605968-mgr-x[31454]: ignoring --setuser ceph since I am not root
2024-09-19T09:29:09.191 INFO:journalctl@ceph.mgr.x.smithi001.stdout:Sep 19 09:29:09 smithi001 ceph-57238232-7669-11ef-bceb-c7b262605968-mgr-x[31454]: ignoring --setgroup ceph since I am not root
2024-09-19T09:29:09.191 INFO:journalctl@ceph.mgr.x.smithi001.stdout:Sep 19 09:29:09 smithi001 ceph-57238232-7669-11ef-bceb-c7b262605968-mgr-x[31454]:
2024-09-19T09:29:09.130+0000 7f9046847040 -1 mgr[py] Module osd_perf_query has missing NOTIFY_TYPES member
2024-09-19T09:29:09.191 INFO:journalctl@ceph.mgr.x.smithi001.stdout:Sep 19 09:29:09 smithi001 ceph-57238232-7669-11ef-bceb-c7b262605968-mgr-x[31454]:
2024-09-19T09:29:09.189+0000 7f9046847040 -1 mgr[py] Module osd_support has missing NOTIFY_TYPES member
2024-09-19T09:29:09.497 INFO:journalctl@ceph.mgr.x.smithi001.stdout:Sep 19 09:29:09 smithi001 ceph-57238232-7669-11ef-bceb-c7b262605968-mgr-x[31454]:
2024-09-19T09:29:09.346+0000 7f9046847040 -1 mgr[py] Module diskprediction_local has missing NOTIFY_TYPES member
2024-09-19T09:29:09.497 INFO:journalctl@ceph.mgr.x.smithi001.stdout:Sep 19 09:29:09 smithi001 ceph-57238232-7669-11ef-bceb-c7b262605968-mgr-x[31454]:
2024-09-19T09:29:09.415+0000 7f9046847040 -1 mgr[py] Module crash has missing NOTIFY_TYPES member
2024-09-19T09:29:09.604 INFO:teuthology.orchestra.run.smithi001.stdout:/usr/bin/ceph: stderr
2024-09-19T09:29:08.203+0000 7f37c6c84640 1 Processor -- start
2024-09-19T09:29:09.604 INFO:teuthology.orchestra.run.smithi001.stdout:/usr/bin/ceph: stderr
2024-09-19T09:29:08.203+0000 7f37c6c84640 1 -- start start
2024-09-19T09:29:09.604 INFO:teuthology.orchestra.run.smithi001.stdout:/usr/bin/ceph: stderr
2024-09-19T09:29:08.204+0000 7f37c6c84640 1 --2- >> [v2:172.21.15.1:3300/0,v1:172.21.15.1:6789/0] conn(0x7f37c0107710 0x7f37c0107b10 unknown :-1 s=NONE pgs=0 cs=0 l=0 rev1=0 crypto rx=0 tx=0 comp rx=0 tx=0).connect
2024-09-19T09:29:09.604 INFO:teuthology.orchestra.run.smithi001.stdout:/usr/bin/ceph: stderr
2024-09-19T09:29:08.204+0000 7f37c6c84640 1 -- --> [v2:172.21.15.1:3300/0,v1:172.21.15.1:6789/0] -- mon_getmap magic: 0 -- 0x7f37c01080e0 con 0x7f37c0107710
2024-09-19T09:29:09.604 INFO:teuthology.orchestra.run.smithi001.stdout:/usr/bin/ceph: stderr
2024-09-19T09:29:08.204+0000 7f37c4a20640 1 --2- >> [v2:172.21.15.1:3300/0,v1:172.21.15.1:6789/0] conn(0x7f37c0107710 0x7f37c0107b10 unknown :-1 s=BANNER_CONNECTING pgs=0 cs=0 l=0 rev1=0 crypto rx=0 tx=0 comp rx=0 tx=0)._handle_peer_banner_payload supported=3 required=0
2024-09-19T09:29:09.605 INFO:teuthology.orchestra.run.smithi001.stdout:/usr/bin/ceph: stderr
2024-09-19T09:29:08.204+0000 7f37c4a20640 1 --2- >> [v2:172.21.15.1:3300/0,v1:172.21.15.1:6789/0] conn(0x7f37c0107710 0x7f37c0107b10 unknown :-1 s=HELLO_CONNECTING pgs=0 cs=0 l=0 rev1=1 crypto rx=0 tx=0 comp rx=0 tx=0).handle_hello peer v2:172.21.15.1:3300/0 says I am v2:172.21.15.1:56248/0 (socket says 172.21.15.1:56248)
2024-09-19T09:29:09.605 INFO:teuthology.orchestra.run.smithi001.stdout:/usr/bin/ceph: stderr
2024-09-19T09:29:08.204+0000 7f37c4a20640 1 -- 172.21.15.1:0/3516599685 learned_addr learned my addr 172.21.15.1:0/3516599685 (peer_addr_for_me v2:172.21.15.1:0/0)
2024-09-19T09:29:09.605 INFO:teuthology.orchestra.run.smithi001.stdout:/usr/bin/ceph: stderr
2024-09-19T09:29:08.204+0000 7f37c4a20640 1 -- 172.21.15.1:0/3516599685 --> [v2:172.21.15.1:3300/0,v1:172.21.15.1:6789/0] -- mon_subscribe({config=0+,monmap=0+}) -- 0x7f37c0108910 con 0x7f37c0107710
2024-09-19T09:29:09.605 INFO:teuthology.orchestra.run.smithi001.stdout:/usr/bin/ceph: stderr
2024-09-19T09:29:08.205+0000 7f37c4a20640 1 --2- 172.21.15.1:0/3516599685 >> [v2:172.21.15.1:3300/0,v1:172.21.15.1:6789/0] conn(0x7f37c0107710 0x7f37c0107b10 secure :-1 s=READY pgs=53 cs=0 l=1 rev1=1 crypto rx=0x7f37b4009820 tx=0x7f37b402a270 comp rx=0 tx=0).ready entity=mon.0 client_cookie=26f7e4759d90d5bc server_cookie=0 in_seq=0 out_seq=0
2024-09-19T09:29:09.605 INFO:teuthology.orchestra.run.smithi001.stdout:/usr/bin/ceph: stderr
2024-09-19T09:29:08.205+0000 7f37bf7fe640 1 -- 172.21.15.1:0/3516599685 <== mon.0 v2:172.21.15.1:3300/0 1 ==== mon_map magic: 0 ==== 205+0+0 (secure 0 0 0) 0x7f37b4037070 con 0x7f37c0107710
2024-09-19T09:29:09.605 INFO:teuthology.orchestra.run.smithi001.stdout:/usr/bin/ceph: stderr
2024-09-19T09:29:08.205+0000 7f37bf7fe640 1 -- 172.21.15.1:0/3516599685 <== mon.0 v2:172.21.15.1:3300/0 2 ==== config(27 keys) ==== 1140+0+0 (secure 0 0 0) 0x7f37b4032920 con 0x7f37c0107710
2024-09-19T09:29:09.605 INFO:teuthology.orchestra.run.smithi001.stdout:/usr/bin/ceph: stderr
2024-09-19T09:29:08.205+0000 7f37bf7fe640 1 -- 172.21.15.1:0/3516599685 <== mon.0 v2:172.21.15.1:3300/0 3 ==== mon_map magic: 0 ==== 205+0+0 (secure 0 0 0) 0x7f37b4030810 con 0x7f37c0107710
2024-09-19T09:29:09.605 INFO:teuthology.orchestra.run.smithi001.stdout:/usr/bin/ceph: stderr
2024-09-19T09:29:08.206+0000 7f37c6c84640 1 -- 172.21.15.1:0/3516599685 >> [v2:172.21.15.1:3300/0,v1:172.21.15.1:6789/0] conn(0x7f37c0107710 msgr2=0x7f37c0107b10 secure :-1 s=STATE_CONNECTION_ESTABLISHED l=1).mark_down
2024-09-19T09:29:09.605 INFO:teuthology.orchestra.run.smithi001.stdout:/usr/bin/ceph: stderr
2024-09-19T09:29:08.206+0000 7f37c6c84640 1 --2- 172.21.15.1:0/3516599685 >> [v2:172.21.15.1:3300/0,v1:172.21.15.1:6789/0] conn(0x7f37c0107710 0x7f37c0107b10 secure :-1 s=READY pgs=53 cs=0 l=1 rev1=1 crypto rx=0x7f37b4009820 tx=0x7f37b402a270 comp rx=0 tx=0).stop
2024-09-19T09:29:09.605 INFO:teuthology.orchestra.run.smithi001.stdout:/usr/bin/ceph: stderr
2024-09-19T09:29:08.206+0000 7f37c6c84640 1 -- 172.21.15.1:0/3516599685 shutdown_connections
2024-09-19T09:29:09.605 INFO:teuthology.orchestra.run.smithi001.stdout:/usr/bin/ceph: stderr
2024-09-19T09:29:08.206+0000 7f37c6c84640 1 --2- 172.21.15.1:0/3516599685 >> [v2:172.21.15.1:3300/0,v1:172.21.15.1:6789/0] conn(0x7f37c0107710 0x7f37c0107b10 unknown :-1 s=CLOSED pgs=53 cs=0 l=1 rev1=1 crypto rx=0 tx=0 comp rx=0 tx=0).stop
2024-09-19T09:29:09.605 INFO:teuthology.orchestra.run.smithi001.stdout:/usr/bin/ceph: stderr
2024-09-19T09:29:08.206+0000 7f37c6c84640 1 -- 172.21.15.1:0/3516599685 >> 172.21.15.1:0/3516599685 conn(0x7f37c0102f20 msgr2=0x7f37c0105340 unknown :-1 s=STATE_NONE l=0).mark_down
2024-09-19T09:29:09.605 INFO:teuthology.orchestra.run.smithi001.stdout:/usr/bin/ceph: stderr
2024-09-19T09:29:08.206+0000 7f37c6c84640 1 -- 172.21.15.1:0/3516599685 shutdown_connections
2024-09-19T09:29:09.606 INFO:teuthology.orchestra.run.smithi001.stdout:/usr/bin/ceph: stderr
2024-09-19T09:29:08.206+0000 7f37c6c84640 1 -- 172.21.15.1:0/3516599685 wait complete.
2024-09-19T09:29:09.606 INFO:teuthology.orchestra.run.smithi001.stdout:/usr/bin/ceph: stderr
2024-09-19T09:29:08.206+0000 7f37c6c84640 1 Processor -- start
2024-09-19T09:29:09.606 INFO:teuthology.orchestra.run.smithi001.stdout:/usr/bin/ceph: stderr
2024-09-19T09:29:08.206+0000 7f37c6c84640 1 -- start start
2024-09-19T09:29:09.606 INFO:teuthology.orchestra.run.smithi001.stdout:/usr/bin/ceph: stderr
2024-09-19T09:29:08.206+0000 7f37c6c84640 1 --2- >> [v2:172.21.15.1:3300/0,v1:172.21.15.1:6789/0] conn(0x7f37c0107710 0x7f37c019b6a0 unknown :-1 s=NONE pgs=0 cs=0 l=1 rev1=0 crypto rx=0 tx=0 comp rx=0 tx=0).connect
2024-09-19T09:29:09.606 INFO:teuthology.orchestra.run.smithi001.stdout:/usr/bin/ceph: stderr
2024-09-19T09:29:08.206+0000 7f37c6c84640 1 -- --> [v2:172.21.15.1:3300/0,v1:172.21.15.1:6789/0] -- mon_getmap magic: 0 -- 0x7f37c010bcc0 con 0x7f37c0107710
2024-09-19T09:29:09.606 INFO:teuthology.orchestra.run.smithi001.stdout:/usr/bin/ceph: stderr
2024-09-19T09:29:08.207+0000 7f37c4a20640 1 --2- >> [v2:172.21.15.1:3300/0,v1:172.21.15.1:6789/0] conn(0x7f37c0107710 0x7f37c019b6a0 unknown :-1 s=BANNER_CONNECTING pgs=0 cs=0 l=1 rev1=0 crypto rx=0 tx=0 comp rx=0 tx=0)._handle_peer_banner_payload supported=3 required=0
2024-09-19T09:29:09.606 INFO:teuthology.orchestra.run.smithi001.stdout:/usr/bin/ceph: stderr
2024-09-19T09:29:08.207+0000 7f37c4a20640 1 --2- >> [v2:172.21.15.1:3300/0,v1:172.21.15.1:6789/0] conn(0x7f37c0107710 0x7f37c019b6a0 unknown :-1 s=HELLO_CONNECTING pgs=0 cs=0 l=1 rev1=1 crypto rx=0 tx=0 comp rx=0 tx=0).handle_hello peer v2:172.21.15.1:3300/0 says I am v2:172.21.15.1:56264/0 (socket says 172.21.15.1:56264)
2024-09-19T09:29:09.606 INFO:teuthology.orchestra.run.smithi001.stdout:/usr/bin/ceph: stderr
2024-09-19T09:29:08.207+0000 7f37c4a20640 1 -- 172.21.15.1:0/497132787 learned_addr learned my addr 172.21.15.1:0/497132787 (peer_addr_for_me v2:172.21.15.1:0/0)
2024-09-19T09:29:09.606 INFO:teuthology.orchestra.run.smithi001.stdout:/usr/bin/ceph: stderr
2024-09-19T09:29:08.207+0000 7f37c4a20640 1 -- 172.21.15.1:0/497132787 --> [v2:172.21.15.1:3300/0,v1:172.21.15.1:6789/0] -- mon_subscribe({config=0+,monmap=0+}) -- 0x7f37c019bbe0 con 0x7f37c0107710
2024-09-19T09:29:09.606 INFO:teuthology.orchestra.run.smithi001.stdout:/usr/bin/ceph: stderr
2024-09-19T09:29:08.207+0000 7f37c4a20640 1 --2- 172.21.15.1:0/497132787 >> [v2:172.21.15.1:3300/0,v1:172.21.15.1:6789/0] conn(0x7f37c0107710 0x7f37c019b6a0 secure :-1 s=READY pgs=54 cs=0 l=1 rev1=1 crypto rx=0x7f37b4030560 tx=0x7f37b4032670 comp rx=0 tx=0).ready entity=mon.0 client_cookie=0 server_cookie=0 in_seq=0 out_seq=0
2024-09-19T09:29:09.606 INFO:teuthology.orchestra.run.smithi001.stdout:/usr/bin/ceph: stderr
2024-09-19T09:29:08.207+0000 7f37bdffb640 1 -- 172.21.15.1:0/497132787 <== mon.0 v2:172.21.15.1:3300/0 1 ==== mon_map magic: 0 ==== 205+0+0 (secure 0 0 0) 0x7f37b4037040 con 0x7f37c0107710
2024-09-19T09:29:09.606 INFO:teuthology.orchestra.run.smithi001.stdout:/usr/bin/ceph: stderr
2024-09-19T09:29:08.207+0000 7f37bdffb640 1 -- 172.21.15.1:0/497132787 <== mon.0 v2:172.21.15.1:3300/0 2 ==== config(27 keys) ==== 1140+0+0 (secure 0 0 0) 0x7f37b4040070 con 0x7f37c0107710
2024-09-19T09:29:09.606 INFO:teuthology.orchestra.run.smithi001.stdout:/usr/bin/ceph: stderr
2024-09-19T09:29:08.207+0000 7f37c6c84640 1 -- 172.21.15.1:0/497132787 --> [v2:172.21.15.1:3300/0,v1:172.21.15.1:6789/0] -- mon_subscribe({mgrmap=0+}) -- 0x7f37c019be70 con 0x7f37c0107710
2024-09-19T09:29:09.606 INFO:teuthology.orchestra.run.smithi001.stdout:/usr/bin/ceph: stderr
2024-09-19T09:29:08.207+0000 7f37bdffb640 1 -- 172.21.15.1:0/497132787 <== mon.0 v2:172.21.15.1:3300/0 3 ==== mon_map magic: 0 ==== 205+0+0 (secure 0 0 0) 0x7f37b403a740 con 0x7f37c0107710
2024-09-19T09:29:09.607 INFO:teuthology.orchestra.run.smithi001.stdout:/usr/bin/ceph: stderr
2024-09-19T09:29:08.207+0000 7f37c6c84640 1 -- 172.21.15.1:0/497132787 --> [v2:172.21.15.1:3300/0,v1:172.21.15.1:6789/0] -- mon_subscribe({osdmap=0}) -- 0x7f37c019eb60 con 0x7f37c0107710
2024-09-19T09:29:09.607 INFO:teuthology.orchestra.run.smithi001.stdout:/usr/bin/ceph: stderr
2024-09-19T09:29:08.208+0000 7f37bdffb640 1 -- 172.21.15.1:0/497132787 <== mon.0 v2:172.21.15.1:3300/0 4 ==== mgrmap(e 8) ==== 46461+0+0 (secure 0 0 0) 0x7f37b403a9b0 con 0x7f37c0107710
2024-09-19T09:29:09.607 INFO:teuthology.orchestra.run.smithi001.stdout:/usr/bin/ceph: stderr
2024-09-19T09:29:08.208+0000 7f37bdffb640 1 --2- 172.21.15.1:0/497132787 >> [v2:172.21.15.1:6800/1028873727,v1:172.21.15.1:6801/1028873727] conn(0x7f37b00391b0 0x7f37b003b670 unknown :-1 s=NONE pgs=0 cs=0 l=1 rev1=0 crypto rx=0 tx=0 comp rx=0 tx=0).connect
2024-09-19T09:29:09.607 INFO:teuthology.orchestra.run.smithi001.stdout:/usr/bin/ceph: stderr
2024-09-19T09:29:08.208+0000 7f37bdffb640 1 -- 172.21.15.1:0/497132787 <== mon.0 v2:172.21.15.1:3300/0 5 ==== osd_map(2..2 src has 1..2) ==== 940+0+0 (secure 0 0 0) 0x7f37b406c880 con 0x7f37c0107710
2024-09-19T09:29:09.607 INFO:teuthology.orchestra.run.smithi001.stdout:/usr/bin/ceph: stderr
2024-09-19T09:29:08.209+0000 7f37bffff640 1 --2- 172.21.15.1:0/497132787 >> [v2:172.21.15.1:6800/1028873727,v1:172.21.15.1:6801/1028873727] conn(0x7f37b00391b0 0x7f37b003b670 unknown :-1 s=BANNER_CONNECTING pgs=0 cs=0 l=1 rev1=0 crypto rx=0 tx=0 comp rx=0 tx=0)._handle_peer_banner_payload supported=3 required=0
2024-09-19T09:29:09.607 INFO:teuthology.orchestra.run.smithi001.stdout:/usr/bin/ceph: stderr
2024-09-19T09:29:08.209+0000 7f37c6c84640 1 -- 172.21.15.1:0/497132787 --> [v2:172.21.15.1:3300/0,v1:172.21.15.1:6789/0] -- mon_command({"prefix": "get_command_descriptions"} v 0) -- 0x7f37c0107b90 con 0x7f37c0107710
2024-09-19T09:29:09.607 INFO:teuthology.orchestra.run.smithi001.stdout:/usr/bin/ceph: stderr
2024-09-19T09:29:08.209+0000 7f37bffff640 1 --2- 172.21.15.1:0/497132787 >> [v2:172.21.15.1:6800/1028873727,v1:172.21.15.1:6801/1028873727] conn(0x7f37b00391b0 0x7f37b003b670 secure :-1 s=READY pgs=16 cs=0 l=1 rev1=1 crypto rx=0x7f37ac0098c0 tx=0x7f37ac006db0 comp rx=0 tx=0).ready entity=mgr.14118 client_cookie=0 server_cookie=0 in_seq=0 out_seq=0
2024-09-19T09:29:09.607 INFO:teuthology.orchestra.run.smithi001.stdout:/usr/bin/ceph: stderr
2024-09-19T09:29:08.213+0000 7f37bdffb640 1 -- 172.21.15.1:0/497132787 <== mon.0 v2:172.21.15.1:3300/0 6 ==== mon_command_ack([{"prefix": "get_command_descriptions"}]=0 v0) ==== 72+0+188913 (secure 0 0 0) 0x7f37b4041270 con 0x7f37c0107710
2024-09-19T09:29:09.607 INFO:teuthology.orchestra.run.smithi001.stdout:/usr/bin/ceph: stderr
2024-09-19T09:29:08.435+0000 7f37c6c84640 1 -- 172.21.15.1:0/497132787 --> [v2:172.21.15.1:3300/0,v1:172.21.15.1:6789/0] -- mon_command({"prefix": "mgr module enable", "module": "dashboard"} v 0) -- 0x7f37c019f020 con 0x7f37c0107710
2024-09-19T09:29:09.607 INFO:teuthology.orchestra.run.smithi001.stdout:/usr/bin/ceph: stderr
2024-09-19T09:29:08.969+0000 7f37bdffb640 1 -- 172.21.15.1:0/497132787 <== mon.0 v2:172.21.15.1:3300/0 7 ==== mon_command_ack([{"prefix": "mgr module enable", "module": "dashboard"}]=0 v9) ==== 88+0+0 (secure 0 0 0) 0x7f37b40328f0 con 0x7f37c0107710
2024-09-19T09:29:09.607 INFO:teuthology.orchestra.run.smithi001.stdout:/usr/bin/ceph: stderr
2024-09-19T09:29:08.972+0000 7f37bdffb640 1 -- 172.21.15.1:0/497132787 <== mon.0 v2:172.21.15.1:3300/0 8 ==== mgrmap(e 9) ==== 46474+0+0 (secure 0 0 0) 0x7f37b4045980 con 0x7f37c0107710
2024-09-19T09:29:09.607 INFO:teuthology.orchestra.run.smithi001.stdout:/usr/bin/ceph: stderr
2024-09-19T09:29:08.972+0000 7f37c6c84640 1 -- 172.21.15.1:0/497132787 >> [v2:172.21.15.1:6800/1028873727,v1:172.21.15.1:6801/1028873727] conn(0x7f37b00391b0 msgr2=0x7f37b003b670 secure :-1 s=STATE_CONNECTION_ESTABLISHED l=1).mark_down
2024-09-19T09:29:09.608 INFO:teuthology.orchestra.run.smithi001.stdout:/usr/bin/ceph: stderr
2024-09-19T09:29:08.972+0000 7f37c6c84640 1 --2- 172.21.15.1:0/497132787 >> [v2:172.21.15.1:6800/1028873727,v1:172.21.15.1:6801/1028873727] conn(0x7f37b00391b0 0x7f37b003b670 secure :-1 s=READY pgs=16 cs=0 l=1 rev1=1 crypto rx=0x7f37ac0098c0 tx=0x7f37ac006db0 comp rx=0 tx=0).stop
2024-09-19T09:29:09.608 INFO:teuthology.orchestra.run.smithi001.stdout:/usr/bin/ceph: stderr
2024-09-19T09:29:08.973+0000 7f37c6c84640 1 -- 172.21.15.1:0/497132787 >> [v2:172.21.15.1:3300/0,v1:172.21.15.1:6789/0] conn(0x7f37c0107710 msgr2=0x7f37c019b6a0 secure :-1 s=STATE_CONNECTION_ESTABLISHED l=1).mark_down
2024-09-19T09:29:09.608 INFO:teuthology.orchestra.run.smithi001.stdout:/usr/bin/ceph: stderr
2024-09-19T09:29:08.973+0000 7f37c6c84640 1 --2- 172.21.15.1:0/497132787 >> [v2:172.21.15.1:3300/0,v1:172.21.15.1:6789/0] conn(0x7f37c0107710 0x7f37c019b6a0 secure :-1 s=READY pgs=54 cs=0 l=1 rev1=1 crypto rx=0x7f37b4030560 tx=0x7f37b4032670 comp rx=0 tx=0).stop
2024-09-19T09:29:09.608 INFO:teuthology.orchestra.run.smithi001.stdout:/usr/bin/ceph: stderr
2024-09-19T09:29:08.973+0000 7f37c6c84640 1 -- 172.21.15.1:0/497132787 shutdown_connections
2024-09-19T09:29:09.608 INFO:teuthology.orchestra.run.smithi001.stdout:/usr/bin/ceph: stderr
2024-09-19T09:29:08.973+0000 7f37c6c84640 1 --2- 172.21.15.1:0/497132787 >> [v2:172.21.15.1:6800/1028873727,v1:172.21.15.1:6801/1028873727] conn(0x7f37b00391b0 0x7f37b003b670 unknown :-1 s=CLOSED pgs=16 cs=0 l=1 rev1=1 crypto rx=0 tx=0 comp rx=0 tx=0).stop
2024-09-19T09:29:09.608 INFO:teuthology.orchestra.run.smithi001.stdout:/usr/bin/ceph: stderr
2024-09-19T09:29:08.973+0000 7f37c6c84640 1 --2- 172.21.15.1:0/497132787 >> [v2:172.21.15.1:3300/0,v1:172.21.15.1:6789/0] conn(0x7f37c0107710 0x7f37c019b6a0 unknown :-1 s=CLOSED pgs=54 cs=0 l=1 rev1=1 crypto rx=0 tx=0 comp rx=0 tx=0).stop
2024-09-19T09:29:09.608 INFO:teuthology.orchestra.run.smithi001.stdout:/usr/bin/ceph: stderr
2024-09-19T09:29:08.973+0000 7f37c6c84640 1 -- 172.21.15.1:0/497132787 >> 172.21.15.1:0/497132787 conn(0x7f37c0102f20 msgr2=0x7f37c0103a90 unknown :-1 s=STATE_NONE l=0).mark_down
2024-09-19T09:29:09.608 INFO:teuthology.orchestra.run.smithi001.stdout:/usr/bin/ceph: stderr
2024-09-19T09:29:08.973+0000 7f37c6c84640 1 -- 172.21.15.1:0/497132787 shutdown_connections
2024-09-19T09:29:09.608 INFO:teuthology.orchestra.run.smithi001.stdout:/usr/bin/ceph: stderr
2024-09-19T09:29:08.973+0000 7f37c6c84640 1 -- 172.21.15.1:0/497132787 wait complete.
2024-09-19T09:29:09.851 INFO:journalctl@ceph.mgr.x.smithi001.stdout:Sep 19 09:29:09 smithi001 ceph-57238232-7669-11ef-bceb-c7b262605968-mgr-x[31454]:
2024-09-19T09:29:09.569+0000 7f9046847040 -1 mgr[py] Module test_orchestrator has missing NOTIFY_TYPES member
2024-09-19T09:29:09.851 INFO:journalctl@ceph.mgr.x.smithi001.stdout:Sep 19 09:29:09 smithi001 ceph-57238232-7669-11ef-bceb-c7b262605968-mgr-x[31454]:
2024-09-19T09:29:09.725+0000 7f9046847040 -1 mgr[py] Module snap_schedule has missing NOTIFY_TYPES member
2024-09-19T09:29:10.126 INFO:journalctl@ceph.mon.a.smithi001.stdout:Sep 19 09:29:09 smithi001 ceph-mon[31225]: from='client.? 172.21.15.1:0/497132787' entity='client.admin' cmd='[{"prefix": "mgr module enable", "module": "dashboard"}]': finished
2024-09-19T09:29:10.126 INFO:journalctl@ceph.mon.a.smithi001.stdout:Sep 19 09:29:09 smithi001 ceph-mon[31225]: mgrmap e9: x(active, since 18s)
2024-09-19T09:29:10.126 INFO:journalctl@ceph.mgr.x.smithi001.stdout:Sep 19 09:29:10 smithi001 ceph-57238232-7669-11ef-bceb-c7b262605968-mgr-x[31454]:
2024-09-19T09:29:10.060+0000 7f9046847040 -1 mgr[py] Module prometheus has missing NOTIFY_TYPES member
2024-09-19T09:29:10.126 INFO:journalctl@ceph.mgr.x.smithi001.stdout:Sep 19 09:29:10 smithi001 ceph-57238232-7669-11ef-bceb-c7b262605968-mgr-x[31454]:
2024-09-19T09:29:10.125+0000 7f9046847040 -1 mgr[py] Module selftest has missing NOTIFY_TYPES member
2024-09-19T09:29:10.497 INFO:journalctl@ceph.mgr.x.smithi001.stdout:Sep 19 09:29:10 smithi001 ceph-57238232-7669-11ef-bceb-c7b262605968-mgr-x[31454]:
2024-09-19T09:29:10.322+0000 7f9046847040 -1 mgr[py] Module volumes has missing NOTIFY_TYPES member
2024-09-19T09:29:10.879 INFO:teuthology.orchestra.run.smithi001.stdout:/usr/bin/ceph: stdout {
2024-09-19T09:29:10.879 INFO:teuthology.orchestra.run.smithi001.stdout:/usr/bin/ceph: stdout "epoch": 9,
2024-09-19T09:29:10.879 INFO:teuthology.orchestra.run.smithi001.stdout:/usr/bin/ceph: stdout "available": true,
2024-09-19T09:29:10.879 INFO:teuthology.orchestra.run.smithi001.stdout:/usr/bin/ceph: stdout "active_name": "x",
2024-09-19T09:29:10.879 INFO:teuthology.orchestra.run.smithi001.stdout:/usr/bin/ceph: stdout "num_standby": 0
2024-09-19T09:29:10.879 INFO:teuthology.orchestra.run.smithi001.stdout:/usr/bin/ceph: stdout }
2024-09-19T09:29:10.879 INFO:teuthology.orchestra.run.smithi001.stdout:/usr/bin/ceph: stderr
2024-09-19T09:29:10.038+0000 7ff434183640 1 Processor -- start
2024-09-19T09:29:10.879 INFO:teuthology.orchestra.run.smithi001.stdout:/usr/bin/ceph: stderr
2024-09-19T09:29:10.039+0000 7ff434183640 1 -- start start
2024-09-19T09:29:10.880 INFO:teuthology.orchestra.run.smithi001.stdout:/usr/bin/ceph: stderr
2024-09-19T09:29:10.039+0000 7ff434183640 1 --2- >> [v2:172.21.15.1:3300/0,v1:172.21.15.1:6789/0] conn(0x7ff42c108110 0x7ff42c10a500 unknown :-1 s=NONE pgs=0 cs=0 l=0 rev1=0 crypto rx=0 tx=0 comp rx=0 tx=0).connect
2024-09-19T09:29:10.880 INFO:teuthology.orchestra.run.smithi001.stdout:/usr/bin/ceph: stderr
2024-09-19T09:29:10.039+0000 7ff434183640 1 -- --> [v2:172.21.15.1:3300/0,v1:172.21.15.1:6789/0] -- mon_getmap magic: 0 -- 0x7ff42c07be90 con 0x7ff42c108110
2024-09-19T09:29:10.880 INFO:teuthology.orchestra.run.smithi001.stdout:/usr/bin/ceph: stderr
2024-09-19T09:29:10.039+0000 7ff431f1f640 1 --2- >> [v2:172.21.15.1:3300/0,v1:172.21.15.1:6789/0] conn(0x7ff42c108110 0x7ff42c10a500 unknown :-1 s=BANNER_CONNECTING pgs=0 cs=0 l=0 rev1=0 crypto rx=0 tx=0 comp rx=0 tx=0)._handle_peer_banner_payload supported=3 required=0
2024-09-19T09:29:10.880 INFO:teuthology.orchestra.run.smithi001.stdout:/usr/bin/ceph: stderr
2024-09-19T09:29:10.039+0000 7ff431f1f640 1 --2- >> [v2:172.21.15.1:3300/0,v1:172.21.15.1:6789/0] conn(0x7ff42c108110 0x7ff42c10a500 unknown :-1 s=HELLO_CONNECTING pgs=0 cs=0 l=0 rev1=1 crypto rx=0 tx=0 comp rx=0 tx=0).handle_hello peer v2:172.21.15.1:3300/0 says I am v2:172.21.15.1:56286/0 (socket says 172.21.15.1:56286)
2024-09-19T09:29:10.880 INFO:teuthology.orchestra.run.smithi001.stdout:/usr/bin/ceph: stderr
2024-09-19T09:29:10.039+0000 7ff431f1f640 1 -- 172.21.15.1:0/1995780443 learned_addr learned my addr 172.21.15.1:0/1995780443 (peer_addr_for_me v2:172.21.15.1:0/0)
2024-09-19T09:29:10.880 INFO:teuthology.orchestra.run.smithi001.stdout:/usr/bin/ceph: stderr
2024-09-19T09:29:10.039+0000 7ff431f1f640 1 -- 172.21.15.1:0/1995780443 --> [v2:172.21.15.1:3300/0,v1:172.21.15.1:6789/0] -- mon_subscribe({config=0+,monmap=0+}) -- 0x7ff42c10aa40 con 0x7ff42c108110
2024-09-19T09:29:10.880 INFO:teuthology.orchestra.run.smithi001.stdout:/usr/bin/ceph: stderr
2024-09-19T09:29:10.040+0000 7ff431f1f640 1 --2- 172.21.15.1:0/1995780443 >> [v2:172.21.15.1:3300/0,v1:172.21.15.1:6789/0] conn(0x7ff42c108110 0x7ff42c10a500 secure :-1 s=READY pgs=57 cs=0 l=1 rev1=1 crypto rx=0x7ff428009820 tx=0x7ff42802a270 comp rx=0 tx=0).ready entity=mon.0 client_cookie=27a904f37464b4de server_cookie=0 in_seq=0 out_seq=0
2024-09-19T09:29:10.880 INFO:teuthology.orchestra.run.smithi001.stdout:/usr/bin/ceph: stderr
2024-09-19T09:29:10.040+0000 7ff430f1d640 1 -- 172.21.15.1:0/1995780443 <== mon.0 v2:172.21.15.1:3300/0 1 ==== mon_map magic: 0 ==== 205+0+0 (secure 0 0 0) 0x7ff428037070 con 0x7ff42c108110
2024-09-19T09:29:10.880 INFO:teuthology.orchestra.run.smithi001.stdout:/usr/bin/ceph: stderr
2024-09-19T09:29:10.040+0000 7ff430f1d640 1 -- 172.21.15.1:0/1995780443 <== mon.0 v2:172.21.15.1:3300/0 2 ==== config(27 keys) ==== 1140+0+0 (secure 0 0 0) 0x7ff428032920 con 0x7ff42c108110
2024-09-19T09:29:10.880 INFO:teuthology.orchestra.run.smithi001.stdout:/usr/bin/ceph: stderr
2024-09-19T09:29:10.040+0000 7ff430f1d640 1 -- 172.21.15.1:0/1995780443 <== mon.0 v2:172.21.15.1:3300/0 3 ==== mon_map magic: 0 ==== 205+0+0 (secure 0 0 0) 0x7ff428030810 con 0x7ff42c108110
2024-09-19T09:29:10.880 INFO:teuthology.orchestra.run.smithi001.stdout:/usr/bin/ceph: stderr
2024-09-19T09:29:10.041+0000 7ff434183640 1 -- 172.21.15.1:0/1995780443 >> [v2:172.21.15.1:3300/0,v1:172.21.15.1:6789/0] conn(0x7ff42c108110 msgr2=0x7ff42c10a500 secure :-1 s=STATE_CONNECTION_ESTABLISHED l=1).mark_down
2024-09-19T09:29:10.880 INFO:teuthology.orchestra.run.smithi001.stdout:/usr/bin/ceph: stderr
2024-09-19T09:29:10.041+0000 7ff434183640 1 --2- 172.21.15.1:0/1995780443 >> [v2:172.21.15.1:3300/0,v1:172.21.15.1:6789/0] conn(0x7ff42c108110 0x7ff42c10a500 secure :-1 s=READY pgs=57 cs=0 l=1 rev1=1 crypto rx=0x7ff428009820 tx=0x7ff42802a270 comp rx=0 tx=0).stop
2024-09-19T09:29:10.881 INFO:teuthology.orchestra.run.smithi001.stdout:/usr/bin/ceph: stderr
2024-09-19T09:29:10.041+0000 7ff434183640 1 -- 172.21.15.1:0/1995780443 shutdown_connections
2024-09-19T09:29:10.881 INFO:teuthology.orchestra.run.smithi001.stdout:/usr/bin/ceph: stderr
2024-09-19T09:29:10.041+0000 7ff434183640 1 --2- 172.21.15.1:0/1995780443 >> [v2:172.21.15.1:3300/0,v1:172.21.15.1:6789/0] conn(0x7ff42c108110 0x7ff42c10a500 unknown :-1 s=CLOSED pgs=57 cs=0 l=1 rev1=1 crypto rx=0 tx=0 comp rx=0 tx=0).stop
2024-09-19T09:29:10.881 INFO:teuthology.orchestra.run.smithi001.stdout:/usr/bin/ceph: stderr
2024-09-19T09:29:10.041+0000 7ff434183640 1 -- 172.21.15.1:0/1995780443 >> 172.21.15.1:0/1995780443 conn(0x7ff42c101d50 msgr2=0x7ff42c104170 unknown :-1 s=STATE_NONE l=0).mark_down
2024-09-19T09:29:10.881 INFO:teuthology.orchestra.run.smithi001.stdout:/usr/bin/ceph: stderr
2024-09-19T09:29:10.041+0000 7ff434183640 1 -- 172.21.15.1:0/1995780443 shutdown_connections
2024-09-19T09:29:10.881 INFO:teuthology.orchestra.run.smithi001.stdout:/usr/bin/ceph: stderr
2024-09-19T09:29:10.041+0000 7ff434183640 1 -- 172.21.15.1:0/1995780443 wait complete.
2024-09-19T09:29:10.881 INFO:teuthology.orchestra.run.smithi001.stdout:/usr/bin/ceph: stderr
2024-09-19T09:29:10.042+0000 7ff434183640 1 Processor -- start
2024-09-19T09:29:10.881 INFO:teuthology.orchestra.run.smithi001.stdout:/usr/bin/ceph: stderr
2024-09-19T09:29:10.042+0000 7ff434183640 1 -- start start
2024-09-19T09:29:10.881 INFO:teuthology.orchestra.run.smithi001.stdout:/usr/bin/ceph: stderr
2024-09-19T09:29:10.042+0000 7ff434183640 1 --2- >> [v2:172.21.15.1:3300/0,v1:172.21.15.1:6789/0] conn(0x7ff42c108110 0x7ff42c19b710 unknown :-1 s=NONE pgs=0 cs=0 l=1 rev1=0 crypto rx=0 tx=0 comp rx=0 tx=0).connect
2024-09-19T09:29:10.881 INFO:teuthology.orchestra.run.smithi001.stdout:/usr/bin/ceph: stderr
2024-09-19T09:29:10.042+0000 7ff434183640 1 -- --> [v2:172.21.15.1:3300/0,v1:172.21.15.1:6789/0] -- mon_getmap magic: 0 -- 0x7ff42c10bb20 con 0x7ff42c108110
2024-09-19T09:29:10.881 INFO:teuthology.orchestra.run.smithi001.stdout:/usr/bin/ceph: stderr
2024-09-19T09:29:10.042+0000 7ff431f1f640 1 --2- >> [v2:172.21.15.1:3300/0,v1:172.21.15.1:6789/0] conn(0x7ff42c108110 0x7ff42c19b710 unknown :-1 s=BANNER_CONNECTING pgs=0 cs=0 l=1 rev1=0 crypto rx=0 tx=0 comp rx=0 tx=0)._handle_peer_banner_payload supported=3 required=0
2024-09-19T09:29:10.881 INFO:teuthology.orchestra.run.smithi001.stdout:/usr/bin/ceph: stderr
2024-09-19T09:29:10.042+0000 7ff431f1f640 1 --2- >> [v2:172.21.15.1:3300/0,v1:172.21.15.1:6789/0] conn(0x7ff42c108110 0x7ff42c19b710 unknown :-1 s=HELLO_CONNECTING pgs=0 cs=0 l=1 rev1=1 crypto rx=0 tx=0 comp rx=0 tx=0).handle_hello peer v2:172.21.15.1:3300/0 says I am v2:172.21.15.1:56288/0 (socket says 172.21.15.1:56288)
2024-09-19T09:29:10.881 INFO:teuthology.orchestra.run.smithi001.stdout:/usr/bin/ceph: stderr
2024-09-19T09:29:10.042+0000 7ff431f1f640 1 -- 172.21.15.1:0/755705087 learned_addr learned my addr 172.21.15.1:0/755705087 (peer_addr_for_me v2:172.21.15.1:0/0)
2024-09-19T09:29:10.882 INFO:teuthology.orchestra.run.smithi001.stdout:/usr/bin/ceph: stderr
2024-09-19T09:29:10.042+0000 7ff431f1f640 1 -- 172.21.15.1:0/755705087 --> [v2:172.21.15.1:3300/0,v1:172.21.15.1:6789/0] -- mon_subscribe({config=0+,monmap=0+}) -- 0x7ff42c19bc50 con 0x7ff42c108110
2024-09-19T09:29:10.882 INFO:teuthology.orchestra.run.smithi001.stdout:/usr/bin/ceph: stderr
2024-09-19T09:29:10.042+0000 7ff431f1f640 1 --2- 172.21.15.1:0/755705087 >> [v2:172.21.15.1:3300/0,v1:172.21.15.1:6789/0] conn(0x7ff42c108110 0x7ff42c19b710 secure :-1 s=READY pgs=58 cs=0 l=1 rev1=1 crypto rx=0x7ff428030420 tx=0x7ff428032670 comp rx=0 tx=0).ready entity=mon.0 client_cookie=0 server_cookie=0 in_seq=0 out_seq=0
2024-09-19T09:29:10.882 INFO:teuthology.orchestra.run.smithi001.stdout:/usr/bin/ceph: stderr
2024-09-19T09:29:10.042+0000 7ff41effd640 1 -- 172.21.15.1:0/755705087 <== mon.0 v2:172.21.15.1:3300/0 1 ==== mon_map magic: 0 ==== 205+0+0 (secure 0 0 0) 0x7ff428037040 con 0x7ff42c108110
2024-09-19T09:29:10.882 INFO:teuthology.orchestra.run.smithi001.stdout:/usr/bin/ceph: stderr
2024-09-19T09:29:10.042+0000 7ff41effd640 1 -- 172.21.15.1:0/755705087 <== mon.0 v2:172.21.15.1:3300/0 2 ==== config(27 keys) ==== 1140+0+0 (secure 0 0 0) 0x7ff428040070 con 0x7ff42c108110
2024-09-19T09:29:10.882 INFO:teuthology.orchestra.run.smithi001.stdout:/usr/bin/ceph: stderr
2024-09-19T09:29:10.042+0000 7ff41effd640 1 -- 172.21.15.1:0/755705087 <== mon.0 v2:172.21.15.1:3300/0 3 ==== mon_map magic: 0 ==== 205+0+0 (secure 0 0 0) 0x7ff42803a6e0 con 0x7ff42c108110
2024-09-19T09:29:10.882 INFO:teuthology.orchestra.run.smithi001.stdout:/usr/bin/ceph: stderr
2024-09-19T09:29:10.042+0000 7ff434183640 1 -- 172.21.15.1:0/755705087 --> [v2:172.21.15.1:3300/0,v1:172.21.15.1:6789/0] -- mon_subscribe({mgrmap=0+}) -- 0x7ff42c19bee0 con 0x7ff42c108110
2024-09-19T09:29:10.882 INFO:teuthology.orchestra.run.smithi001.stdout:/usr/bin/ceph: stderr
2024-09-19T09:29:10.043+0000 7ff434183640 1 -- 172.21.15.1:0/755705087 --> [v2:172.21.15.1:3300/0,v1:172.21.15.1:6789/0] -- mon_subscribe({osdmap=0}) -- 0x7ff42c19ebd0 con 0x7ff42c108110
2024-09-19T09:29:10.882 INFO:teuthology.orchestra.run.smithi001.stdout:/usr/bin/ceph: stderr
2024-09-19T09:29:10.043+0000 7ff41effd640 1 -- 172.21.15.1:0/755705087 <== mon.0 v2:172.21.15.1:3300/0 4 ==== mgrmap(e 9) ==== 46474+0+0 (secure 0 0 0) 0x7ff42803a990 con 0x7ff42c108110
2024-09-19T09:29:10.882 INFO:teuthology.orchestra.run.smithi001.stdout:/usr/bin/ceph: stderr
2024-09-19T09:29:10.044+0000 7ff41effd640 1 --2- 172.21.15.1:0/755705087 >> [v2:172.21.15.1:6800/1028873727,v1:172.21.15.1:6801/1028873727] conn(0x7ff418039260 0x7ff41803b720 unknown :-1 s=NONE pgs=0 cs=0 l=1 rev1=0 crypto rx=0 tx=0 comp rx=0 tx=0).connect
2024-09-19T09:29:10.882 INFO:teuthology.orchestra.run.smithi001.stdout:/usr/bin/ceph: stderr
2024-09-19T09:29:10.044+0000 7ff41effd640 1 -- 172.21.15.1:0/755705087 <== mon.0 v2:172.21.15.1:3300/0 5 ==== osd_map(2..2 src has 1..2) ==== 940+0+0 (secure 0 0 0) 0x7ff42806c970 con 0x7ff42c108110
2024-09-19T09:29:10.882 INFO:teuthology.orchestra.run.smithi001.stdout:/usr/bin/ceph: stderr
2024-09-19T09:29:10.044+0000 7ff43171e640 1 -- 172.21.15.1:0/755705087 >> [v2:172.21.15.1:6800/1028873727,v1:172.21.15.1:6801/1028873727] conn(0x7ff418039260 msgr2=0x7ff41803b720 unknown :-1 s=STATE_CONNECTING_RE l=1).process reconnect failed to v2:172.21.15.1:6800/1028873727
2024-09-19T09:29:10.882 INFO:teuthology.orchestra.run.smithi001.stdout:/usr/bin/ceph: stderr
2024-09-19T09:29:10.044+0000 7ff43171e640 1 --2- 172.21.15.1:0/755705087 >> [v2:172.21.15.1:6800/1028873727,v1:172.21.15.1:6801/1028873727] conn(0x7ff418039260 0x7ff41803b720 unknown :-1 s=START_CONNECT pgs=0 cs=0 l=1 rev1=0 crypto rx=0 tx=0 comp rx=0 tx=0)._fault waiting 0.200000
2024-09-19T09:29:10.882 INFO:teuthology.orchestra.run.smithi001.stdout:/usr/bin/ceph: stderr
2024-09-19T09:29:10.044+0000 7ff434183640 1 -- 172.21.15.1:0/755705087 --> [v2:172.21.15.1:3300/0,v1:172.21.15.1:6789/0] -- mon_command({"prefix": "get_command_descriptions"} v 0) -- 0x7ff42c108570 con 0x7ff42c108110
2024-09-19T09:29:10.883 INFO:teuthology.orchestra.run.smithi001.stdout:/usr/bin/ceph: stderr
2024-09-19T09:29:10.049+0000 7ff41effd640 1 -- 172.21.15.1:0/755705087 <== mon.0 v2:172.21.15.1:3300/0 6 ==== mon_command_ack([{"prefix": "get_command_descriptions"}]=0 v0) ==== 72+0+188913 (secure 0 0 0) 0x7ff428041270 con 0x7ff42c108110
2024-09-19T09:29:10.883 INFO:teuthology.orchestra.run.smithi001.stdout:/usr/bin/ceph: stderr
2024-09-19T09:29:10.245+0000 7ff43171e640 1 -- 172.21.15.1:0/755705087 >> [v2:172.21.15.1:6800/1028873727,v1:172.21.15.1:6801/1028873727] conn(0x7ff418039260 msgr2=0x7ff41803b720 unknown :-1 s=STATE_CONNECTING_RE l=1).process reconnect failed to v2:172.21.15.1:6800/1028873727
2024-09-19T09:29:10.883 INFO:teuthology.orchestra.run.smithi001.stdout:/usr/bin/ceph: stderr
2024-09-19T09:29:10.245+0000 7ff43171e640 1 --2- 172.21.15.1:0/755705087 >> [v2:172.21.15.1:6800/1028873727,v1:172.21.15.1:6801/1028873727] conn(0x7ff418039260 0x7ff41803b720 unknown :-1 s=START_CONNECT pgs=0 cs=0 l=1 rev1=0 crypto rx=0 tx=0 comp rx=0 tx=0)._fault waiting 0.400000
2024-09-19T09:29:10.883 INFO:teuthology.orchestra.run.smithi001.stdout:/usr/bin/ceph: stderr
2024-09-19T09:29:10.275+0000 7ff434183640 1 -- 172.21.15.1:0/755705087 --> [v2:172.21.15.1:3300/0,v1:172.21.15.1:6789/0] -- mon_command({"prefix": "mgr stat"} v 0) -- 0x7ff42c19f0b0 con 0x7ff42c108110
2024-09-19T09:29:10.883 INFO:teuthology.orchestra.run.smithi001.stdout:/usr/bin/ceph: stderr
2024-09-19T09:29:10.275+0000 7ff41effd640 1 -- 172.21.15.1:0/755705087 <== mon.0 v2:172.21.15.1:3300/0 7 ==== mon_command_ack([{"prefix": "mgr stat"}]=0 v9) ==== 56+0+88 (secure 0 0 0) 0x7ff42806c2c0 con 0x7ff42c108110
2024-09-19T09:29:10.883 INFO:teuthology.orchestra.run.smithi001.stdout:/usr/bin/ceph: stderr
2024-09-19T09:29:10.277+0000 7ff434183640 1 -- 172.21.15.1:0/755705087 >> [v2:172.21.15.1:6800/1028873727,v1:172.21.15.1:6801/1028873727] conn(0x7ff418039260 msgr2=0x7ff41803b720 unknown :-1 s=STATE_CONNECTING l=1).mark_down
2024-09-19T09:29:10.883 INFO:teuthology.orchestra.run.smithi001.stdout:/usr/bin/ceph: stderr
2024-09-19T09:29:10.277+0000 7ff434183640 1 --2- 172.21.15.1:0/755705087 >> [v2:172.21.15.1:6800/1028873727,v1:172.21.15.1:6801/1028873727] conn(0x7ff418039260 0x7ff41803b720 unknown :-1 s=START_CONNECT pgs=0 cs=0 l=1 rev1=0 crypto rx=0 tx=0 comp rx=0 tx=0).stop
2024-09-19T09:29:10.883 INFO:teuthology.orchestra.run.smithi001.stdout:/usr/bin/ceph: stderr
