2024-09-19T09:30:03.695 INFO:teuthology.orchestra.run.smithi042.stdout:/usr/bin/ceph: stderr
2024-09-19T09:30:02.113+0000 7f1e437fe640 1 -- 172.21.15.42:0/1097968046 <== mon.0 v2:172.21.15.42:3300/0 6 ==== mgrmap(e 6) ==== 46228+0+0 (secure 0 0 0) 0x7f1e3c06b200 con 0x7f1e4c1065e0
2024-09-19T09:30:03.695 INFO:teuthology.orchestra.run.smithi042.stdout:/usr/bin/ceph: stderr
2024-09-19T09:30:02.113+0000 7f1e437fe640 1 -- 172.21.15.42:0/1097968046 >> [v2:172.21.15.42:6800/2557927084,v1:172.21.15.42:6801/2557927084] conn(0x7f1e38039200 msgr2=0x7f1e3803b6c0 unknown :-1 s=STATE_CONNECTING l=1).mark_down
2024-09-19T09:30:03.696 INFO:teuthology.orchestra.run.smithi042.stdout:/usr/bin/ceph: stderr
2024-09-19T09:30:02.113+0000 7f1e437fe640 1 --2- 172.21.15.42:0/1097968046 >> [v2:172.21.15.42:6800/2557927084,v1:172.21.15.42:6801/2557927084] conn(0x7f1e38039200 0x7f1e3803b6c0 unknown :-1 s=START_CONNECT pgs=0 cs=0 l=1 rev1=0 crypto rx=0 tx=0 comp rx=0 tx=0).stop
2024-09-19T09:30:03.696 INFO:teuthology.orchestra.run.smithi042.stdout:/usr/bin/ceph: stderr
2024-09-19T09:30:03.114+0000 7f1e437fe640 1 -- 172.21.15.42:0/1097968046 <== mon.0 v2:172.21.15.42:3300/0 7 ==== mgrmap(e 7) ==== 46355+0+0 (secure 0 0 0) 0x7f1e3c03b430 con 0x7f1e4c1065e0
2024-09-19T09:30:03.696 INFO:teuthology.orchestra.run.smithi042.stdout:/usr/bin/ceph: stderr
2024-09-19T09:30:03.114+0000 7f1e437fe640 1 --2- 172.21.15.42:0/1097968046 >> [v2:172.21.15.42:6800/203737163,v1:172.21.15.42:6801/203737163] conn(0x7f1e3803cb30 0x7f1e3803ef20 unknown :-1 s=NONE pgs=0 cs=0 l=1 rev1=0 crypto rx=0 tx=0 comp rx=0 tx=0).connect
2024-09-19T09:30:03.696 INFO:teuthology.orchestra.run.smithi042.stdout:/usr/bin/ceph: stderr
2024-09-19T09:30:03.115+0000 7f1e437fe640 1 -- 172.21.15.42:0/1097968046 --> [v2:172.21.15.42:6800/203737163,v1:172.21.15.42:6801/203737163] -- command(tid 0: {"prefix": "get_command_descriptions"}) -- 0x7f1e3c037e50 con 0x7f1e3803cb30
2024-09-19T09:30:03.696 INFO:teuthology.orchestra.run.smithi042.stdout:/usr/bin/ceph: stderr
2024-09-19T09:30:03.115+0000 7f1e43fff640 1 --2- 172.21.15.42:0/1097968046 >> [v2:172.21.15.42:6800/203737163,v1:172.21.15.42:6801/203737163] conn(0x7f1e3803cb30 0x7f1e3803ef20 unknown :-1 s=BANNER_CONNECTING pgs=0 cs=0 l=1 rev1=0 crypto rx=0 tx=0 comp rx=0 tx=0)._handle_peer_banner_payload supported=3 required=0
2024-09-19T09:30:03.696 INFO:teuthology.orchestra.run.smithi042.stdout:/usr/bin/ceph: stderr
2024-09-19T09:30:03.116+0000 7f1e43fff640 1 --2- 172.21.15.42:0/1097968046 >> [v2:172.21.15.42:6800/203737163,v1:172.21.15.42:6801/203737163] conn(0x7f1e3803cb30 0x7f1e3803ef20 secure :-1 s=READY pgs=4 cs=0 l=1 rev1=1 crypto rx=0x7f1e34003980 tx=0x7f1e340092b0 comp rx=0 tx=0).ready entity=mgr.14118 client_cookie=0 server_cookie=0 in_seq=0 out_seq=0
2024-09-19T09:30:03.696 INFO:teuthology.orchestra.run.smithi042.stdout:/usr/bin/ceph: stderr
2024-09-19T09:30:03.117+0000 7f1e437fe640 1 -- 172.21.15.42:0/1097968046 <== mgr.14118 v2:172.21.15.42:6800/203737163 1 ==== command_reply(tid 0: 0 ) ==== 8+0+9564 (secure 0 0 0) 0x7f1e3c037e50 con 0x7f1e3803cb30
2024-09-19T09:30:03.696 INFO:teuthology.orchestra.run.smithi042.stdout:/usr/bin/ceph: stderr
2024-09-19T09:30:03.124+0000 7f1e50e86640 1 -- 172.21.15.42:0/1097968046 --> [v2:172.21.15.42:6800/203737163,v1:172.21.15.42:6801/203737163] -- command(tid 1: {"prefix": "mgr_status"}) -- 0x7f1e4c10ad10 con 0x7f1e3803cb30
2024-09-19T09:30:03.696 INFO:teuthology.orchestra.run.smithi042.stdout:/usr/bin/ceph: stderr
2024-09-19T09:30:03.124+0000 7f1e437fe640 1 -- 172.21.15.42:0/1097968046 <== mgr.14118 v2:172.21.15.42:6800/203737163 2 ==== command_reply(tid 1: 0 ) ==== 8+0+51 (secure 0 0 0) 0x7f1e4c10ad10 con 0x7f1e3803cb30
2024-09-19T09:30:03.696 INFO:teuthology.orchestra.run.smithi042.stdout:/usr/bin/ceph: stderr
2024-09-19T09:30:03.124+0000 7f1e50e86640 1 -- 172.21.15.42:0/1097968046 >> [v2:172.21.15.42:6800/203737163,v1:172.21.15.42:6801/203737163] conn(0x7f1e3803cb30 msgr2=0x7f1e3803ef20 secure :-1 s=STATE_CONNECTION_ESTABLISHED l=1).mark_down
2024-09-19T09:30:03.696 INFO:teuthology.orchestra.run.smithi042.stdout:/usr/bin/ceph: stderr
2024-09-19T09:30:03.124+0000 7f1e50e86640 1 --2- 172.21.15.42:0/1097968046 >> [v2:172.21.15.42:6800/203737163,v1:172.21.15.42:6801/203737163] conn(0x7f1e3803cb30 0x7f1e3803ef20 secure :-1 s=READY pgs=4 cs=0 l=1 rev1=1 crypto rx=0x7f1e34003980 tx=0x7f1e340092b0 comp rx=0 tx=0).stop
2024-09-19T09:30:03.696 INFO:teuthology.orchestra.run.smithi042.stdout:/usr/bin/ceph: stderr
2024-09-19T09:30:03.124+0000 7f1e50e86640 1 -- 172.21.15.42:0/1097968046 >> [v2:172.21.15.42:3300/0,v1:172.21.15.42:6789/0] conn(0x7f1e4c1065e0 msgr2=0x7f1e4c07ba10 secure :-1 s=STATE_CONNECTION_ESTABLISHED l=1).mark_down
2024-09-19T09:30:03.696 INFO:teuthology.orchestra.run.smithi042.stdout:/usr/bin/ceph: stderr
2024-09-19T09:30:03.124+0000 7f1e50e86640 1 --2- 172.21.15.42:0/1097968046 >> [v2:172.21.15.42:3300/0,v1:172.21.15.42:6789/0] conn(0x7f1e4c1065e0 0x7f1e4c07ba10 secure :-1 s=READY pgs=27 cs=0 l=1 rev1=1 crypto rx=0x7f1e3c0097f0 tx=0x7f1e3c030d80 comp rx=0 tx=0).stop
2024-09-19T09:30:03.697 INFO:teuthology.orchestra.run.smithi042.stdout:/usr/bin/ceph: stderr
2024-09-19T09:30:03.124+0000 7f1e50e86640 1 -- 172.21.15.42:0/1097968046 shutdown_connections
2024-09-19T09:30:03.697 INFO:teuthology.orchestra.run.smithi042.stdout:/usr/bin/ceph: stderr
2024-09-19T09:30:03.124+0000 7f1e50e86640 1 --2- 172.21.15.42:0/1097968046 >> [v2:172.21.15.42:6800/203737163,v1:172.21.15.42:6801/203737163] conn(0x7f1e3803cb30 0x7f1e3803ef20 unknown :-1 s=CLOSED pgs=4 cs=0 l=1 rev1=1 crypto rx=0 tx=0 comp rx=0 tx=0).stop
2024-09-19T09:30:03.697 INFO:teuthology.orchestra.run.smithi042.stdout:/usr/bin/ceph: stderr
2024-09-19T09:30:03.124+0000 7f1e50e86640 1 --2- 172.21.15.42:0/1097968046 >> [v2:172.21.15.42:6800/2557927084,v1:172.21.15.42:6801/2557927084] conn(0x7f1e38039200 0x7f1e3803b6c0 unknown :-1 s=CLOSED pgs=0 cs=0 l=1 rev1=0 crypto rx=0 tx=0 comp rx=0 tx=0).stop
2024-09-19T09:30:03.697 INFO:teuthology.orchestra.run.smithi042.stdout:/usr/bin/ceph: stderr
2024-09-19T09:30:03.124+0000 7f1e50e86640 1 --2- 172.21.15.42:0/1097968046 >> [v2:172.21.15.42:3300/0,v1:172.21.15.42:6789/0] conn(0x7f1e4c1065e0 0x7f1e4c07ba10 unknown :-1 s=CLOSED pgs=27 cs=0 l=1 rev1=1 crypto rx=0 tx=0 comp rx=0 tx=0).stop
2024-09-19T09:30:03.697 INFO:teuthology.orchestra.run.smithi042.stdout:/usr/bin/ceph: stderr
2024-09-19T09:30:03.124+0000 7f1e50e86640 1 -- 172.21.15.42:0/1097968046 >> 172.21.15.42:0/1097968046 conn(0x7f1e4c101d90 msgr2=0x7f1e4c102940 unknown :-1 s=STATE_NONE l=0).mark_down
2024-09-19T09:30:03.697 INFO:teuthology.orchestra.run.smithi042.stdout:/usr/bin/ceph: stderr
2024-09-19T09:30:03.124+0000 7f1e50e86640 1 -- 172.21.15.42:0/1097968046 shutdown_connections
2024-09-19T09:30:03.697 INFO:teuthology.orchestra.run.smithi042.stdout:/usr/bin/ceph: stderr
2024-09-19T09:30:03.124+0000 7f1e50e86640 1 -- 172.21.15.42:0/1097968046 wait complete.
2024-09-19T09:30:03.697 INFO:teuthology.orchestra.run.smithi042.stdout:mgr epoch 5 is available
2024-09-19T09:30:03.697 INFO:teuthology.orchestra.run.smithi042.stdout:Setting orchestrator backend to cephadm...
2024-09-19T09:30:04.454 INFO:journalctl@ceph.mon.a.smithi042.stdout:Sep 19 09:30:04 smithi042 ceph-mon[31223]: from='client.14122 -' entity='client.admin' cmd=[{"prefix": "get_command_descriptions"}]: dispatch
2024-09-19T09:30:04.454 INFO:journalctl@ceph.mon.a.smithi042.stdout:Sep 19 09:30:04 smithi042 ceph-mon[31223]: from='client.14122 -' entity='client.admin' cmd=[{"prefix": "mgr_status"}]: dispatch
2024-09-19T09:30:04.454 INFO:journalctl@ceph.mon.a.smithi042.stdout:Sep 19 09:30:04 smithi042 ceph-mon[31223]: from='mgr.14118 172.21.15.42:0/562519745' entity='mgr.x'
2024-09-19T09:30:04.454 INFO:journalctl@ceph.mon.a.smithi042.stdout:Sep 19 09:30:04 smithi042 ceph-mon[31223]: from='mgr.14118 172.21.15.42:0/562519745' entity='mgr.x'
2024-09-19T09:30:04.826 INFO:teuthology.orchestra.run.smithi042.stdout:/usr/bin/ceph: stderr
2024-09-19T09:30:04.036+0000 7f0a2ee3f640 1 Processor -- start
2024-09-19T09:30:04.827 INFO:teuthology.orchestra.run.smithi042.stdout:/usr/bin/ceph: stderr
2024-09-19T09:30:04.036+0000 7f0a2ee3f640 1 -- start start
2024-09-19T09:30:04.827 INFO:teuthology.orchestra.run.smithi042.stdout:/usr/bin/ceph: stderr
2024-09-19T09:30:04.036+0000 7f0a2ee3f640 1 --2- >> [v2:172.21.15.42:3300/0,v1:172.21.15.42:6789/0] conn(0x7f0a28105fd0 0x7f0a281063d0 unknown :-1 s=NONE pgs=0 cs=0 l=0 rev1=0 crypto rx=0 tx=0 comp rx=0 tx=0).connect
2024-09-19T09:30:04.827 INFO:teuthology.orchestra.run.smithi042.stdout:/usr/bin/ceph: stderr
2024-09-19T09:30:04.036+0000 7f0a2ee3f640 1 -- --> [v2:172.21.15.42:3300/0,v1:172.21.15.42:6789/0] -- mon_getmap magic: 0 -- 0x7f0a2807bd90 con 0x7f0a28105fd0
2024-09-19T09:30:04.827 INFO:teuthology.orchestra.run.smithi042.stdout:/usr/bin/ceph: stderr
2024-09-19T09:30:04.037+0000 7f0a2cbdb640 1 --2- >> [v2:172.21.15.42:3300/0,v1:172.21.15.42:6789/0] conn(0x7f0a28105fd0 0x7f0a281063d0 unknown :-1 s=BANNER_CONNECTING pgs=0 cs=0 l=0 rev1=0 crypto rx=0 tx=0 comp rx=0 tx=0)._handle_peer_banner_payload supported=3 required=0
2024-09-19T09:30:04.827 INFO:teuthology.orchestra.run.smithi042.stdout:/usr/bin/ceph: stderr
2024-09-19T09:30:04.037+0000 7f0a2cbdb640 1 --2- >> [v2:172.21.15.42:3300/0,v1:172.21.15.42:6789/0] conn(0x7f0a28105fd0 0x7f0a281063d0 unknown :-1 s=HELLO_CONNECTING pgs=0 cs=0 l=0 rev1=1 crypto rx=0 tx=0 comp rx=0 tx=0).handle_hello peer v2:172.21.15.42:3300/0 says I am v2:172.21.15.42:34920/0 (socket says 172.21.15.42:34920)
2024-09-19T09:30:04.827 INFO:teuthology.orchestra.run.smithi042.stdout:/usr/bin/ceph: stderr
2024-09-19T09:30:04.037+0000 7f0a2cbdb640 1 -- 172.21.15.42:0/2000572532 learned_addr learned my addr 172.21.15.42:0/2000572532 (peer_addr_for_me v2:172.21.15.42:0/0)
2024-09-19T09:30:04.827 INFO:teuthology.orchestra.run.smithi042.stdout:/usr/bin/ceph: stderr
2024-09-19T09:30:04.037+0000 7f0a2cbdb640 1 -- 172.21.15.42:0/2000572532 --> [v2:172.21.15.42:3300/0,v1:172.21.15.42:6789/0] -- mon_subscribe({config=0+,monmap=0+}) -- 0x7f0a28106910 con 0x7f0a28105fd0
2024-09-19T09:30:04.827 INFO:teuthology.orchestra.run.smithi042.stdout:/usr/bin/ceph: stderr
2024-09-19T09:30:04.038+0000 7f0a2cbdb640 1 --2- 172.21.15.42:0/2000572532 >> [v2:172.21.15.42:3300/0,v1:172.21.15.42:6789/0] conn(0x7f0a28105fd0 0x7f0a281063d0 secure :-1 s=READY pgs=35 cs=0 l=1 rev1=1 crypto rx=0x7f0a1c009820 tx=0x7f0a1c02a270 comp rx=0 tx=0).ready entity=mon.0 client_cookie=97b9a6d6dc0ca653 server_cookie=0 in_seq=0 out_seq=0
2024-09-19T09:30:04.827 INFO:teuthology.orchestra.run.smithi042.stdout:/usr/bin/ceph: stderr
2024-09-19T09:30:04.038+0000 7f0a277fe640 1 -- 172.21.15.42:0/2000572532 <== mon.0 v2:172.21.15.42:3300/0 1 ==== mon_map magic: 0 ==== 205+0+0 (secure 0 0 0) 0x7f0a1c037070 con 0x7f0a28105fd0
2024-09-19T09:30:04.827 INFO:teuthology.orchestra.run.smithi042.stdout:/usr/bin/ceph: stderr
2024-09-19T09:30:04.038+0000 7f0a277fe640 1 -- 172.21.15.42:0/2000572532 <== mon.0 v2:172.21.15.42:3300/0 2 ==== config(27 keys) ==== 1109+0+0 (secure 0 0 0) 0x7f0a1c032900 con 0x7f0a28105fd0
2024-09-19T09:30:04.827 INFO:teuthology.orchestra.run.smithi042.stdout:/usr/bin/ceph: stderr
2024-09-19T09:30:04.038+0000 7f0a277fe640 1 -- 172.21.15.42:0/2000572532 <== mon.0 v2:172.21.15.42:3300/0 3 ==== mon_map magic: 0 ==== 205+0+0 (secure 0 0 0) 0x7f0a1c030850 con 0x7f0a28105fd0
2024-09-19T09:30:04.828 INFO:teuthology.orchestra.run.smithi042.stdout:/usr/bin/ceph: stderr
2024-09-19T09:30:04.038+0000 7f0a2ee3f640 1 -- 172.21.15.42:0/2000572532 >> [v2:172.21.15.42:3300/0,v1:172.21.15.42:6789/0] conn(0x7f0a28105fd0 msgr2=0x7f0a281063d0 secure :-1 s=STATE_CONNECTION_ESTABLISHED l=1).mark_down
2024-09-19T09:30:04.828 INFO:teuthology.orchestra.run.smithi042.stdout:/usr/bin/ceph: stderr
2024-09-19T09:30:04.038+0000 7f0a2ee3f640 1 --2- 172.21.15.42:0/2000572532 >> [v2:172.21.15.42:3300/0,v1:172.21.15.42:6789/0] conn(0x7f0a28105fd0 0x7f0a281063d0 secure :-1 s=READY pgs=35 cs=0 l=1 rev1=1 crypto rx=0x7f0a1c009820 tx=0x7f0a1c02a270 comp rx=0 tx=0).stop
2024-09-19T09:30:04.828 INFO:teuthology.orchestra.run.smithi042.stdout:/usr/bin/ceph: stderr
2024-09-19T09:30:04.038+0000 7f0a2ee3f640 1 -- 172.21.15.42:0/2000572532 shutdown_connections
2024-09-19T09:30:04.828 INFO:teuthology.orchestra.run.smithi042.stdout:/usr/bin/ceph: stderr
2024-09-19T09:30:04.038+0000 7f0a2ee3f640 1 --2- 172.21.15.42:0/2000572532 >> [v2:172.21.15.42:3300/0,v1:172.21.15.42:6789/0] conn(0x7f0a28105fd0 0x7f0a281063d0 unknown :-1 s=CLOSED pgs=35 cs=0 l=1 rev1=1 crypto rx=0 tx=0 comp rx=0 tx=0).stop
2024-09-19T09:30:04.828 INFO:teuthology.orchestra.run.smithi042.stdout:/usr/bin/ceph: stderr
2024-09-19T09:30:04.038+0000 7f0a2ee3f640 1 -- 172.21.15.42:0/2000572532 >> 172.21.15.42:0/2000572532 conn(0x7f0a28101e20 msgr2=0x7f0a28104240 unknown :-1 s=STATE_NONE l=0).mark_down
2024-09-19T09:30:04.828 INFO:teuthology.orchestra.run.smithi042.stdout:/usr/bin/ceph: stderr
2024-09-19T09:30:04.038+0000 7f0a2ee3f640 1 -- 172.21.15.42:0/2000572532 shutdown_connections
2024-09-19T09:30:04.828 INFO:teuthology.orchestra.run.smithi042.stdout:/usr/bin/ceph: stderr
2024-09-19T09:30:04.038+0000 7f0a2ee3f640 1 -- 172.21.15.42:0/2000572532 wait complete.
2024-09-19T09:30:04.828 INFO:teuthology.orchestra.run.smithi042.stdout:/usr/bin/ceph: stderr
2024-09-19T09:30:04.039+0000 7f0a2ee3f640 1 Processor -- start
2024-09-19T09:30:04.829 INFO:teuthology.orchestra.run.smithi042.stdout:/usr/bin/ceph: stderr
2024-09-19T09:30:04.039+0000 7f0a2ee3f640 1 -- start start
2024-09-19T09:30:04.829 INFO:teuthology.orchestra.run.smithi042.stdout:/usr/bin/ceph: stderr
2024-09-19T09:30:04.039+0000 7f0a2ee3f640 1 --2- >> [v2:172.21.15.42:3300/0,v1:172.21.15.42:6789/0] conn(0x7f0a28105fd0 0x7f0a2819d8c0 unknown :-1 s=NONE pgs=0 cs=0 l=1 rev1=0 crypto rx=0 tx=0 comp rx=0 tx=0).connect
2024-09-19T09:30:04.829 INFO:teuthology.orchestra.run.smithi042.stdout:/usr/bin/ceph: stderr
2024-09-19T09:30:04.039+0000 7f0a2ee3f640 1 -- --> [v2:172.21.15.42:3300/0,v1:172.21.15.42:6789/0] -- mon_getmap magic: 0 -- 0x7f0a28107a10 con 0x7f0a28105fd0
2024-09-19T09:30:04.829 INFO:teuthology.orchestra.run.smithi042.stdout:/usr/bin/ceph: stderr
2024-09-19T09:30:04.039+0000 7f0a2cbdb640 1 --2- >> [v2:172.21.15.42:3300/0,v1:172.21.15.42:6789/0] conn(0x7f0a28105fd0 0x7f0a2819d8c0 unknown :-1 s=BANNER_CONNECTING pgs=0 cs=0 l=1 rev1=0 crypto rx=0 tx=0 comp rx=0 tx=0)._handle_peer_banner_payload supported=3 required=0
2024-09-19T09:30:04.829 INFO:teuthology.orchestra.run.smithi042.stdout:/usr/bin/ceph: stderr
2024-09-19T09:30:04.039+0000 7f0a2cbdb640 1 --2- >> [v2:172.21.15.42:3300/0,v1:172.21.15.42:6789/0] conn(0x7f0a28105fd0 0x7f0a2819d8c0 unknown :-1 s=HELLO_CONNECTING pgs=0 cs=0 l=1 rev1=1 crypto rx=0 tx=0 comp rx=0 tx=0).handle_hello peer v2:172.21.15.42:3300/0 says I am v2:172.21.15.42:34926/0 (socket says 172.21.15.42:34926)
2024-09-19T09:30:04.829 INFO:teuthology.orchestra.run.smithi042.stdout:/usr/bin/ceph: stderr
2024-09-19T09:30:04.039+0000 7f0a2cbdb640 1 -- 172.21.15.42:0/225878303 learned_addr learned my addr 172.21.15.42:0/225878303 (peer_addr_for_me v2:172.21.15.42:0/0)
2024-09-19T09:30:04.829 INFO:teuthology.orchestra.run.smithi042.stdout:/usr/bin/ceph: stderr
2024-09-19T09:30:04.040+0000 7f0a2cbdb640 1 -- 172.21.15.42:0/225878303 --> [v2:172.21.15.42:3300/0,v1:172.21.15.42:6789/0] -- mon_subscribe({config=0+,monmap=0+}) -- 0x7f0a2819de00 con 0x7f0a28105fd0
2024-09-19T09:30:04.829 INFO:teuthology.orchestra.run.smithi042.stdout:/usr/bin/ceph: stderr
2024-09-19T09:30:04.040+0000 7f0a2cbdb640 1 --2- 172.21.15.42:0/225878303 >> [v2:172.21.15.42:3300/0,v1:172.21.15.42:6789/0] conn(0x7f0a28105fd0 0x7f0a2819d8c0 secure :-1 s=READY pgs=36 cs=0 l=1 rev1=1 crypto rx=0x7f0a1c0097f0 tx=0x7f0a1c030d80 comp rx=0 tx=0).ready entity=mon.0 client_cookie=0 server_cookie=0 in_seq=0 out_seq=0
2024-09-19T09:30:04.829 INFO:teuthology.orchestra.run.smithi042.stdout:/usr/bin/ceph: stderr
2024-09-19T09:30:04.040+0000 7f0a25ffb640 1 -- 172.21.15.42:0/225878303 <== mon.0 v2:172.21.15.42:3300/0 1 ==== mon_map magic: 0 ==== 205+0+0 (secure 0 0 0) 0x7f0a1c037040 con 0x7f0a28105fd0
2024-09-19T09:30:04.829 INFO:teuthology.orchestra.run.smithi042.stdout:/usr/bin/ceph: stderr
2024-09-19T09:30:04.040+0000 7f0a25ffb640 1 -- 172.21.15.42:0/225878303 <== mon.0 v2:172.21.15.42:3300/0 2 ==== config(27 keys) ==== 1109+0+0 (secure 0 0 0) 0x7f0a1c040070 con 0x7f0a28105fd0
2024-09-19T09:30:04.829 INFO:teuthology.orchestra.run.smithi042.stdout:/usr/bin/ceph: stderr
2024-09-19T09:30:04.040+0000 7f0a25ffb640 1 -- 172.21.15.42:0/225878303 <== mon.0 v2:172.21.15.42:3300/0 3 ==== mon_map magic: 0 ==== 205+0+0 (secure 0 0 0) 0x7f0a1c03a390 con 0x7f0a28105fd0
2024-09-19T09:30:04.829 INFO:teuthology.orchestra.run.smithi042.stdout:/usr/bin/ceph: stderr
2024-09-19T09:30:04.040+0000 7f0a2ee3f640 1 -- 172.21.15.42:0/225878303 --> [v2:172.21.15.42:3300/0,v1:172.21.15.42:6789/0] -- mon_subscribe({mgrmap=0+}) -- 0x7f0a2819e090 con 0x7f0a28105fd0
2024-09-19T09:30:04.829 INFO:teuthology.orchestra.run.smithi042.stdout:/usr/bin/ceph: stderr
2024-09-19T09:30:04.040+0000 7f0a2ee3f640 1 -- 172.21.15.42:0/225878303 --> [v2:172.21.15.42:3300/0,v1:172.21.15.42:6789/0] -- mon_subscribe({osdmap=0}) -- 0x7f0a281a0d80 con 0x7f0a28105fd0
2024-09-19T09:30:04.829 INFO:teuthology.orchestra.run.smithi042.stdout:/usr/bin/ceph: stderr
2024-09-19T09:30:04.041+0000 7f0a25ffb640 1 -- 172.21.15.42:0/225878303 <== mon.0 v2:172.21.15.42:3300/0 4 ==== mgrmap(e 7) ==== 46355+0+0 (secure 0 0 0) 0x7f0a1c03b430 con 0x7f0a28105fd0
2024-09-19T09:30:04.830 INFO:teuthology.orchestra.run.smithi042.stdout:/usr/bin/ceph: stderr
2024-09-19T09:30:04.041+0000 7f0a25ffb640 1 --2- 172.21.15.42:0/225878303 >> [v2:172.21.15.42:6800/203737163,v1:172.21.15.42:6801/203737163] conn(0x7f0a180390f0 0x7f0a1803b5b0 unknown :-1 s=NONE pgs=0 cs=0 l=1 rev1=0 crypto rx=0 tx=0 comp rx=0 tx=0).connect
2024-09-19T09:30:04.830 INFO:teuthology.orchestra.run.smithi042.stdout:/usr/bin/ceph: stderr
2024-09-19T09:30:04.041+0000 7f0a25ffb640 1 -- 172.21.15.42:0/225878303 <== mon.0 v2:172.21.15.42:3300/0 5 ==== osd_map(2..2 src has 1..2) ==== 940+0+0 (secure 0 0 0) 0x7f0a1c06c570 con 0x7f0a28105fd0
2024-09-19T09:30:04.830 INFO:teuthology.orchestra.run.smithi042.stdout:/usr/bin/ceph: stderr
2024-09-19T09:30:04.042+0000 7f0a27fff640 1 --2- 172.21.15.42:0/225878303 >> [v2:172.21.15.42:6800/203737163,v1:172.21.15.42:6801/203737163] conn(0x7f0a180390f0 0x7f0a1803b5b0 unknown :-1 s=BANNER_CONNECTING pgs=0 cs=0 l=1 rev1=0 crypto rx=0 tx=0 comp rx=0 tx=0)._handle_peer_banner_payload supported=3 required=0
2024-09-19T09:30:04.830 INFO:teuthology.orchestra.run.smithi042.stdout:/usr/bin/ceph: stderr
2024-09-19T09:30:04.041+0000 7f0a2ee3f640 1 -- 172.21.15.42:0/225878303 --> [v2:172.21.15.42:3300/0,v1:172.21.15.42:6789/0] -- mon_command({"prefix": "get_command_descriptions"} v 0) -- 0x7f0a281063d0 con 0x7f0a28105fd0
2024-09-19T09:30:04.830 INFO:teuthology.orchestra.run.smithi042.stdout:/usr/bin/ceph: stderr
2024-09-19T09:30:04.042+0000 7f0a27fff640 1 --2- 172.21.15.42:0/225878303 >> [v2:172.21.15.42:6800/203737163,v1:172.21.15.42:6801/203737163] conn(0x7f0a180390f0 0x7f0a1803b5b0 secure :-1 s=READY pgs=7 cs=0 l=1 rev1=1 crypto rx=0x7f0a140098c0 tx=0x7f0a14006db0 comp rx=0 tx=0).ready entity=mgr.14118 client_cookie=0 server_cookie=0 in_seq=0 out_seq=0
2024-09-19T09:30:04.830 INFO:teuthology.orchestra.run.smithi042.stdout:/usr/bin/ceph: stderr
2024-09-19T09:30:04.051+0000 7f0a25ffb640 1 -- 172.21.15.42:0/225878303 <== mon.0 v2:172.21.15.42:3300/0 6 ==== mon_command_ack([{"prefix": "get_command_descriptions"}]=0 v0) ==== 72+0+188913 (secure 0 0 0) 0x7f0a1c0371e0 con 0x7f0a28105fd0
2024-09-19T09:30:04.830 INFO:teuthology.orchestra.run.smithi042.stdout:/usr/bin/ceph: stderr
2024-09-19T09:30:04.202+0000 7f0a25ffb640 1 -- 172.21.15.42:0/225878303 <== mon.0 v2:172.21.15.42:3300/0 7 ==== mgrmap(e 8) ==== 46461+0+0 (secure 0 0 0) 0x7f0a1c04acf0 con 0x7f0a28105fd0
2024-09-19T09:30:04.830 INFO:teuthology.orchestra.run.smithi042.stdout:/usr/bin/ceph: stderr
2024-09-19T09:30:04.244+0000 7f0a2ee3f640 1 -- 172.21.15.42:0/225878303 --> [v2:172.21.15.42:6800/203737163,v1:172.21.15.42:6801/203737163] -- mgr_command(tid 0: {"prefix": "orch set backend", "module_name": "cephadm", "target": ["mon-mgr", ""]}) -- 0x7f0a28074c10 con 0x7f0a180390f0
2024-09-19T09:30:04.830 INFO:teuthology.orchestra.run.smithi042.stdout:/usr/bin/ceph: stderr
2024-09-19T09:30:04.248+0000 7f0a25ffb640 1 -- 172.21.15.42:0/225878303 <== mgr.14118 v2:172.21.15.42:6800/203737163 1 ==== mgr_command_reply(tid 0: 0 ) ==== 8+0+0 (secure 0 0 0) 0x7f0a28074c10 con 0x7f0a180390f0
2024-09-19T09:30:04.830 INFO:teuthology.orchestra.run.smithi042.stdout:/usr/bin/ceph: stderr
2024-09-19T09:30:04.250+0000 7f0a2ee3f640 1 -- 172.21.15.42:0/225878303 >> [v2:172.21.15.42:6800/203737163,v1:172.21.15.42:6801/203737163] conn(0x7f0a180390f0 msgr2=0x7f0a1803b5b0 secure :-1 s=STATE_CONNECTION_ESTABLISHED l=1).mark_down
2024-09-19T09:30:04.830 INFO:teuthology.orchestra.run.smithi042.stdout:/usr/bin/ceph: stderr
2024-09-19T09:30:04.250+0000 7f0a2ee3f640 1 --2- 172.21.15.42:0/225878303 >> [v2:172.21.15.42:6800/203737163,v1:172.21.15.42:6801/203737163] conn(0x7f0a180390f0 0x7f0a1803b5b0 secure :-1 s=READY pgs=7 cs=0 l=1 rev1=1 crypto rx=0x7f0a140098c0 tx=0x7f0a14006db0 comp rx=0 tx=0).stop
2024-09-19T09:30:04.830 INFO:teuthology.orchestra.run.smithi042.stdout:/usr/bin/ceph: stderr
2024-09-19T09:30:04.250+0000 7f0a2ee3f640 1 -- 172.21.15.42:0/225878303 >> [v2:172.21.15.42:3300/0,v1:172.21.15.42:6789/0] conn(0x7f0a28105fd0 msgr2=0x7f0a2819d8c0 secure :-1 s=STATE_CONNECTION_ESTABLISHED l=1).mark_down
2024-09-19T09:30:04.830 INFO:teuthology.orchestra.run.smithi042.stdout:/usr/bin/ceph: stderr
2024-09-19T09:30:04.250+0000 7f0a2ee3f640 1 --2- 172.21.15.42:0/225878303 >> [v2:172.21.15.42:3300/0,v1:172.21.15.42:6789/0] conn(0x7f0a28105fd0 0x7f0a2819d8c0 secure :-1 s=READY pgs=36 cs=0 l=1 rev1=1 crypto rx=0x7f0a1c0097f0 tx=0x7f0a1c030d80 comp rx=0 tx=0).stop
2024-09-19T09:30:04.831 INFO:teuthology.orchestra.run.smithi042.stdout:/usr/bin/ceph: stderr
2024-09-19T09:30:04.250+0000 7f0a2ee3f640 1 -- 172.21.15.42:0/225878303 shutdown_connections
2024-09-19T09:30:04.831 INFO:teuthology.orchestra.run.smithi042.stdout:/usr/bin/ceph: stderr
2024-09-19T09:30:04.250+0000 7f0a2ee3f640 1 --2- 172.21.15.42:0/225878303 >> [v2:172.21.15.42:6800/203737163,v1:172.21.15.42:6801/203737163] conn(0x7f0a180390f0 0x7f0a1803b5b0 unknown :-1 s=CLOSED pgs=7 cs=0 l=1 rev1=1 crypto rx=0 tx=0 comp rx=0 tx=0).stop
2024-09-19T09:30:04.831 INFO:teuthology.orchestra.run.smithi042.stdout:/usr/bin/ceph: stderr
2024-09-19T09:30:04.250+0000 7f0a2ee3f640 1 --2- 172.21.15.42:0/225878303 >> [v2:172.21.15.42:3300/0,v1:172.21.15.42:6789/0] conn(0x7f0a28105fd0 0x7f0a2819d8c0 unknown :-1 s=CLOSED pgs=36 cs=0 l=1 rev1=1 crypto rx=0 tx=0 comp rx=0 tx=0).stop
2024-09-19T09:30:04.831 INFO:teuthology.orchestra.run.smithi042.stdout:/usr/bin/ceph: stderr
2024-09-19T09:30:04.250+0000 7f0a2ee3f640 1 -- 172.21.15.42:0/225878303 >> 172.21.15.42:0/225878303 conn(0x7f0a28101e20 msgr2=0x7f0a28191bd0 unknown :-1 s=STATE_NONE l=0).mark_down
2024-09-19T09:30:04.831 INFO:teuthology.orchestra.run.smithi042.stdout:/usr/bin/ceph: stderr
2024-09-19T09:30:04.251+0000 7f0a2ee3f640 1 -- 172.21.15.42:0/225878303 shutdown_connections
2024-09-19T09:30:04.831 INFO:teuthology.orchestra.run.smithi042.stdout:/usr/bin/ceph: stderr
2024-09-19T09:30:04.251+0000 7f0a2ee3f640 1 -- 172.21.15.42:0/225878303 wait complete.
2024-09-19T09:30:05.365 INFO:journalctl@ceph.mon.a.smithi042.stdout:Sep 19 09:30:05 smithi042 ceph-mon[31223]: mgrmap e8: x(active, since 2s)
2024-09-19T09:30:05.365 INFO:journalctl@ceph.mon.a.smithi042.stdout:Sep 19 09:30:05 smithi042 ceph-mon[31223]: from='client.14130 -' entity='client.admin' cmd=[{"prefix": "orch set backend", "module_name": "cephadm", "target": ["mon-mgr", ""]}]: dispatch
2024-09-19T09:30:05.365 INFO:journalctl@ceph.mon.a.smithi042.stdout:Sep 19 09:30:05 smithi042 ceph-mon[31223]: from='mgr.14118 172.21.15.42:0/562519745' entity='mgr.x'
2024-09-19T09:30:05.365 INFO:journalctl@ceph.mon.a.smithi042.stdout:Sep 19 09:30:05 smithi042 ceph-mon[31223]: from='mgr.14118 172.21.15.42:0/562519745' entity='mgr.x' cmd=[{"prefix": "config dump", "format": "json"}]: dispatch
2024-09-19T09:30:05.365 INFO:journalctl@ceph.mon.a.smithi042.stdout:Sep 19 09:30:05 smithi042 ceph-mon[31223]: [19/Sep/2024:09:30:04] ENGINE Bus STARTING
2024-09-19T09:30:05.366 INFO:journalctl@ceph.mon.a.smithi042.stdout:Sep 19 09:30:05 smithi042 ceph-mon[31223]: from='mgr.14118 172.21.15.42:0/562519745' entity='mgr.x' cmd=[{"prefix": "config dump", "format": "json"}]: dispatch
2024-09-19T09:30:05.366 INFO:journalctl@ceph.mgr.x.smithi042.stdout:Sep 19 09:30:05 smithi042 ceph-90ecc87a-7669-11ef-bceb-c7b262605968-mgr-x[31444]:
2024-09-19T09:30:05.090+0000 7feed1d2e640 -1 log_channel(cephadm) log [ERR] : [19/Sep/2024:09:30:05] ENGINE Error in HTTPServer.serve
2024-09-19T09:30:05.366 INFO:journalctl@ceph.mgr.x.smithi042.stdout:Sep 19 09:30:05 smithi042 ceph-90ecc87a-7669-11ef-bceb-c7b262605968-mgr-x[31444]: Traceback (most recent call last):
2024-09-19T09:30:05.366 INFO:journalctl@ceph.mgr.x.smithi042.stdout:Sep 19 09:30:05 smithi042 ceph-90ecc87a-7669-11ef-bceb-c7b262605968-mgr-x[31444]: File "/lib/python3.9/site-packages/cheroot/server.py", line 1823, in serve
2024-09-19T09:30:05.366 INFO:journalctl@ceph.mgr.x.smithi042.stdout:Sep 19 09:30:05 smithi042 ceph-90ecc87a-7669-11ef-bceb-c7b262605968-mgr-x[31444]: self._connections.run(self.expiration_interval)
2024-09-19T09:30:05.366 INFO:journalctl@ceph.mgr.x.smithi042.stdout:Sep 19 09:30:05 smithi042 ceph-90ecc87a-7669-11ef-bceb-c7b262605968-mgr-x[31444]: File "/lib/python3.9/site-packages/cheroot/connections.py", line 203, in run
2024-09-19T09:30:05.366 INFO:journalctl@ceph.mgr.x.smithi042.stdout:Sep 19 09:30:05 smithi042 ceph-90ecc87a-7669-11ef-bceb-c7b262605968-mgr-x[31444]: self._run(expiration_interval)
2024-09-19T09:30:05.366 INFO:journalctl@ceph.mgr.x.smithi042.stdout:Sep 19 09:30:05 smithi042 ceph-90ecc87a-7669-11ef-bceb-c7b262605968-mgr-x[31444]: File "/lib/python3.9/site-packages/cheroot/connections.py", line 246, in _run
2024-09-19T09:30:05.366 INFO:journalctl@ceph.mgr.x.smithi042.stdout:Sep 19 09:30:05 smithi042 ceph-90ecc87a-7669-11ef-bceb-c7b262605968-mgr-x[31444]: new_conn = self._from_server_socket(self.server.socket)
2024-09-19T09:30:05.366 INFO:journalctl@ceph.mgr.x.smithi042.stdout:Sep 19 09:30:05 smithi042 ceph-90ecc87a-7669-11ef-bceb-c7b262605968-mgr-x[31444]: File "/lib/python3.9/site-packages/cheroot/connections.py", line 300, in _from_server_socket
2024-09-19T09:30:05.367 INFO:journalctl@ceph.mgr.x.smithi042.stdout:Sep 19 09:30:05 smithi042 ceph-90ecc87a-7669-11ef-bceb-c7b262605968-mgr-x[31444]: s, ssl_env = self.server.ssl_adapter.wrap(s)
2024-09-19T09:30:05.367 INFO:journalctl@ceph.mgr.x.smithi042.stdout:Sep 19 09:30:05 smithi042 ceph-90ecc87a-7669-11ef-bceb-c7b262605968-mgr-x[31444]: File "/lib/python3.9/site-packages/cheroot/ssl/builtin.py", line 277, in wrap
2024-09-19T09:30:05.367 INFO:journalctl@ceph.mgr.x.smithi042.stdout:Sep 19 09:30:05 smithi042 ceph-90ecc87a-7669-11ef-bceb-c7b262605968-mgr-x[31444]: s = self.context.wrap_socket(
2024-09-19T09:30:05.367 INFO:journalctl@ceph.mgr.x.smithi042.stdout:Sep 19 09:30:05 smithi042 ceph-90ecc87a-7669-11ef-bceb-c7b262605968-mgr-x[31444]: File "/lib64/python3.9/ssl.py", line 501, in wrap_socket
2024-09-19T09:30:05.367 INFO:journalctl@ceph.mgr.x.smithi042.stdout:Sep 19 09:30:05 smithi042 ceph-90ecc87a-7669-11ef-bceb-c7b262605968-mgr-x[31444]: return self.sslsocket_class._create(
2024-09-19T09:30:05.367 INFO:journalctl@ceph.mgr.x.smithi042.stdout:Sep 19 09:30:05 smithi042 ceph-90ecc87a-7669-11ef-bceb-c7b262605968-mgr-x[31444]: File "/lib64/python3.9/ssl.py", line 1074, in _create
2024-09-19T09:30:05.367 INFO:journalctl@ceph.mgr.x.smithi042.stdout:Sep 19 09:30:05 smithi042 ceph-90ecc87a-7669-11ef-bceb-c7b262605968-mgr-x[31444]: self.do_handshake()
2024-09-19T09:30:05.367 INFO:journalctl@ceph.mgr.x.smithi042.stdout:Sep 19 09:30:05 smithi042 ceph-90ecc87a-7669-11ef-bceb-c7b262605968-mgr-x[31444]: File "/lib64/python3.9/ssl.py", line 1343, in do_handshake
2024-09-19T09:30:05.367 INFO:journalctl@ceph.mgr.x.smithi042.stdout:Sep 19 09:30:05 smithi042 ceph-90ecc87a-7669-11ef-bceb-c7b262605968-mgr-x[31444]: self._sslobj.do_handshake()
2024-09-19T09:30:05.367 INFO:journalctl@ceph.mgr.x.smithi042.stdout:Sep 19 09:30:05 smithi042 ceph-90ecc87a-7669-11ef-bceb-c7b262605968-mgr-x[31444]: ssl.SSLZeroReturnError: TLS/SSL connection has been closed (EOF) (_ssl.c:1133)
2024-09-19T09:30:05.367 INFO:journalctl@ceph.mgr.x.smithi042.stdout:Sep 19 09:30:05 smithi042 ceph-90ecc87a-7669-11ef-bceb-c7b262605968-mgr-x[31444]:
2024-09-19T09:30:06.033 INFO:teuthology.orchestra.run.smithi042.stdout:/usr/bin/ceph: stdout value unchanged
2024-09-19T09:30:06.033 INFO:teuthology.orchestra.run.smithi042.stdout:/usr/bin/ceph: stderr
2024-09-19T09:30:05.174+0000 7f6c03d61640 1 Processor -- start
2024-09-19T09:30:06.033 INFO:teuthology.orchestra.run.smithi042.stdout:/usr/bin/ceph: stderr
2024-09-19T09:30:05.174+0000 7f6c03d61640 1 -- start start
2024-09-19T09:30:06.033 INFO:teuthology.orchestra.run.smithi042.stdout:/usr/bin/ceph: stderr
2024-09-19T09:30:05.175+0000 7f6c03d61640 1 --2- >> [v2:172.21.15.42:3300/0,v1:172.21.15.42:6789/0] conn(0x7f6bfc108150 0x7f6bfc10a540 unknown :-1 s=NONE pgs=0 cs=0 l=0 rev1=0 crypto rx=0 tx=0 comp rx=0 tx=0).connect
2024-09-19T09:30:06.033 INFO:teuthology.orchestra.run.smithi042.stdout:/usr/bin/ceph: stderr
2024-09-19T09:30:05.175+0000 7f6c03d61640 1 -- --> [v2:172.21.15.42:3300/0,v1:172.21.15.42:6789/0] -- mon_getmap magic: 0 -- 0x7f6bfc07be30 con 0x7f6bfc108150
2024-09-19T09:30:06.033 INFO:teuthology.orchestra.run.smithi042.stdout:/usr/bin/ceph: stderr
2024-09-19T09:30:05.175+0000 7f6c01afd640 1 --2- >> [v2:172.21.15.42:3300/0,v1:172.21.15.42:6789/0] conn(0x7f6bfc108150 0x7f6bfc10a540 unknown :-1 s=BANNER_CONNECTING pgs=0 cs=0 l=0 rev1=0 crypto rx=0 tx=0 comp rx=0 tx=0)._handle_peer_banner_payload supported=3 required=0
2024-09-19T09:30:06.033 INFO:teuthology.orchestra.run.smithi042.stdout:/usr/bin/ceph: stderr
2024-09-19T09:30:05.175+0000 7f6c01afd640 1 --2- >> [v2:172.21.15.42:3300/0,v1:172.21.15.42:6789/0] conn(0x7f6bfc108150 0x7f6bfc10a540 unknown :-1 s=HELLO_CONNECTING pgs=0 cs=0 l=0 rev1=1 crypto rx=0 tx=0 comp rx=0 tx=0).handle_hello peer v2:172.21.15.42:3300/0 says I am v2:172.21.15.42:34938/0 (socket says 172.21.15.42:34938)
2024-09-19T09:30:06.033 INFO:teuthology.orchestra.run.smithi042.stdout:/usr/bin/ceph: stderr
2024-09-19T09:30:05.175+0000 7f6c01afd640 1 -- 172.21.15.42:0/846919812 learned_addr learned my addr 172.21.15.42:0/846919812 (peer_addr_for_me v2:172.21.15.42:0/0)
2024-09-19T09:30:06.034 INFO:teuthology.orchestra.run.smithi042.stdout:/usr/bin/ceph: stderr
2024-09-19T09:30:05.175+0000 7f6c01afd640 1 -- 172.21.15.42:0/846919812 --> [v2:172.21.15.42:3300/0,v1:172.21.15.42:6789/0] -- mon_subscribe({config=0+,monmap=0+}) -- 0x7f6bfc10aa80 con 0x7f6bfc108150
2024-09-19T09:30:06.034 INFO:teuthology.orchestra.run.smithi042.stdout:/usr/bin/ceph: stderr
2024-09-19T09:30:05.176+0000 7f6c01afd640 1 --2- 172.21.15.42:0/846919812 >> [v2:172.21.15.42:3300/0,v1:172.21.15.42:6789/0] conn(0x7f6bfc108150 0x7f6bfc10a540 secure :-1 s=READY pgs=37 cs=0 l=1 rev1=1 crypto rx=0x7f6bf8009820 tx=0x7f6bf802a270 comp rx=0 tx=0).ready entity=mon.0 client_cookie=6bb02ae946e3590e server_cookie=0 in_seq=0 out_seq=0
2024-09-19T09:30:06.034 INFO:teuthology.orchestra.run.smithi042.stdout:/usr/bin/ceph: stderr
2024-09-19T09:30:05.176+0000 7f6c00afb640 1 -- 172.21.15.42:0/846919812 <== mon.0 v2:172.21.15.42:3300/0 1 ==== mon_map magic: 0 ==== 205+0+0 (secure 0 0 0) 0x7f6bf8037070 con 0x7f6bfc108150
2024-09-19T09:30:06.034 INFO:teuthology.orchestra.run.smithi042.stdout:/usr/bin/ceph: stderr
2024-09-19T09:30:05.176+0000 7f6c00afb640 1 -- 172.21.15.42:0/846919812 <== mon.0 v2:172.21.15.42:3300/0 2 ==== config(27 keys) ==== 1109+0+0 (secure 0 0 0) 0x7f6bf8032900 con 0x7f6bfc108150
2024-09-19T09:30:06.034 INFO:teuthology.orchestra.run.smithi042.stdout:/usr/bin/ceph: stderr
2024-09-19T09:30:05.176+0000 7f6c00afb640 1 -- 172.21.15.42:0/846919812 <== mon.0 v2:172.21.15.42:3300/0 3 ==== mon_map magic: 0 ==== 205+0+0 (secure 0 0 0) 0x7f6bf8030850 con 0x7f6bfc108150
2024-09-19T09:30:06.034 INFO:teuthology.orchestra.run.smithi042.stdout:/usr/bin/ceph: stderr
2024-09-19T09:30:05.176+0000 7f6c03d61640 1 -- 172.21.15.42:0/846919812 >> [v2:172.21.15.42:3300/0,v1:172.21.15.42:6789/0] conn(0x7f6bfc108150 msgr2=0x7f6bfc10a540 secure :-1 s=STATE_CONNECTION_ESTABLISHED l=1).mark_down
2024-09-19T09:30:06.034 INFO:teuthology.orchestra.run.smithi042.stdout:/usr/bin/ceph: stderr
2024-09-19T09:30:05.176+0000 7f6c03d61640 1 --2- 172.21.15.42:0/846919812 >> [v2:172.21.15.42:3300/0,v1:172.21.15.42:6789/0] conn(0x7f6bfc108150 0x7f6bfc10a540 secure :-1 s=READY pgs=37 cs=0 l=1 rev1=1 crypto rx=0x7f6bf8009820 tx=0x7f6bf802a270 comp rx=0 tx=0).stop
2024-09-19T09:30:06.034 INFO:teuthology.orchestra.run.smithi042.stdout:/usr/bin/ceph: stderr
2024-09-19T09:30:05.176+0000 7f6c03d61640 1 -- 172.21.15.42:0/846919812 shutdown_connections
2024-09-19T09:30:06.034 INFO:teuthology.orchestra.run.smithi042.stdout:/usr/bin/ceph: stderr
2024-09-19T09:30:05.176+0000 7f6c03d61640 1 --2- 172.21.15.42:0/846919812 >> [v2:172.21.15.42:3300/0,v1:172.21.15.42:6789/0] conn(0x7f6bfc108150 0x7f6bfc10a540 unknown :-1 s=CLOSED pgs=37 cs=0 l=1 rev1=1 crypto rx=0 tx=0 comp rx=0 tx=0).stop
2024-09-19T09:30:06.034 INFO:teuthology.orchestra.run.smithi042.stdout:/usr/bin/ceph: stderr
2024-09-19T09:30:05.176+0000 7f6c03d61640 1 -- 172.21.15.42:0/846919812 >> 172.21.15.42:0/846919812 conn(0x7f6bfc101d90 msgr2=0x7f6bfc1041b0 unknown :-1 s=STATE_NONE l=0).mark_down
2024-09-19T09:30:06.034 INFO:teuthology.orchestra.run.smithi042.stdout:/usr/bin/ceph: stderr
2024-09-19T09:30:05.177+0000 7f6c03d61640 1 -- 172.21.15.42:0/846919812 shutdown_connections
2024-09-19T09:30:06.034 INFO:teuthology.orchestra.run.smithi042.stdout:/usr/bin/ceph: stderr
2024-09-19T09:30:05.177+0000 7f6c03d61640 1 -- 172.21.15.42:0/846919812 wait complete.
2024-09-19T09:30:06.034 INFO:teuthology.orchestra.run.smithi042.stdout:/usr/bin/ceph: stderr
2024-09-19T09:30:05.177+0000 7f6c03d61640 1 Processor -- start
2024-09-19T09:30:06.034 INFO:teuthology.orchestra.run.smithi042.stdout:/usr/bin/ceph: stderr
2024-09-19T09:30:05.177+0000 7f6c03d61640 1 -- start start
2024-09-19T09:30:06.035 INFO:teuthology.orchestra.run.smithi042.stdout:/usr/bin/ceph: stderr
2024-09-19T09:30:05.177+0000 7f6c03d61640 1 --2- >> [v2:172.21.15.42:3300/0,v1:172.21.15.42:6789/0] conn(0x7f6bfc108150 0x7f6bfc1079d0 unknown :-1 s=NONE pgs=0 cs=0 l=1 rev1=0 crypto rx=0 tx=0 comp rx=0 tx=0).connect
2024-09-19T09:30:06.035 INFO:teuthology.orchestra.run.smithi042.stdout:/usr/bin/ceph: stderr
2024-09-19T09:30:05.177+0000 7f6c03d61640 1 -- --> [v2:172.21.15.42:3300/0,v1:172.21.15.42:6789/0] -- mon_getmap magic: 0 -- 0x7f6bfc10bb20 con 0x7f6bfc108150
2024-09-19T09:30:06.035 INFO:teuthology.orchestra.run.smithi042.stdout:/usr/bin/ceph: stderr
2024-09-19T09:30:05.177+0000 7f6c01afd640 1 --2- >> [v2:172.21.15.42:3300/0,v1:172.21.15.42:6789/0] conn(0x7f6bfc108150 0x7f6bfc1079d0 unknown :-1 s=BANNER_CONNECTING pgs=0 cs=0 l=1 rev1=0 crypto rx=0 tx=0 comp rx=0 tx=0)._handle_peer_banner_payload supported=3 required=0
2024-09-19T09:30:06.035 INFO:teuthology.orchestra.run.smithi042.stdout:/usr/bin/ceph: stderr
2024-09-19T09:30:05.177+0000 7f6c01afd640 1 --2- >> [v2:172.21.15.42:3300/0,v1:172.21.15.42:6789/0] conn(0x7f6bfc108150 0x7f6bfc1079d0 unknown :-1 s=HELLO_CONNECTING pgs=0 cs=0 l=1 rev1=1 crypto rx=0 tx=0 comp rx=0 tx=0).handle_hello peer v2:172.21.15.42:3300/0 says I am v2:172.21.15.42:34940/0 (socket says 172.21.15.42:34940)
2024-09-19T09:30:06.035 INFO:teuthology.orchestra.run.smithi042.stdout:/usr/bin/ceph: stderr
2024-09-19T09:30:05.177+0000 7f6c01afd640 1 -- 172.21.15.42:0/3428989756 learned_addr learned my addr 172.21.15.42:0/3428989756 (peer_addr_for_me v2:172.21.15.42:0/0)
2024-09-19T09:30:06.035 INFO:teuthology.orchestra.run.smithi042.stdout:/usr/bin/ceph: stderr
2024-09-19T09:30:05.178+0000 7f6c01afd640 1 -- 172.21.15.42:0/3428989756 --> [v2:172.21.15.42:3300/0,v1:172.21.15.42:6789/0] -- mon_subscribe({config=0+,monmap=0+}) -- 0x7f6bfc107f10 con 0x7f6bfc108150
2024-09-19T09:30:06.035 INFO:teuthology.orchestra.run.smithi042.stdout:/usr/bin/ceph: stderr
2024-09-19T09:30:05.178+0000 7f6c01afd640 1 --2- 172.21.15.42:0/3428989756 >> [v2:172.21.15.42:3300/0,v1:172.21.15.42:6789/0] conn(0x7f6bfc108150 0x7f6bfc1079d0 secure :-1 s=READY pgs=38 cs=0 l=1 rev1=1 crypto rx=0x7f6bf8032ce0 tx=0x7f6bf8032d10 comp rx=0 tx=0).ready entity=mon.0 client_cookie=0 server_cookie=0 in_seq=0 out_seq=0
2024-09-19T09:30:06.035 INFO:teuthology.orchestra.run.smithi042.stdout:/usr/bin/ceph: stderr
2024-09-19T09:30:05.178+0000 7f6bf2ffd640 1 -- 172.21.15.42:0/3428989756 <== mon.0 v2:172.21.15.42:3300/0 1 ==== mon_map magic: 0 ==== 205+0+0 (secure 0 0 0) 0x7f6bf8042070 con 0x7f6bfc108150
2024-09-19T09:30:06.035 INFO:teuthology.orchestra.run.smithi042.stdout:/usr/bin/ceph: stderr
2024-09-19T09:30:05.178+0000 7f6bf2ffd640 1 -- 172.21.15.42:0/3428989756 <== mon.0 v2:172.21.15.42:3300/0 2 ==== config(27 keys) ==== 1109+0+0 (secure 0 0 0) 0x7f6bf80308c0 con 0x7f6bfc108150
2024-09-19T09:30:06.035 INFO:teuthology.orchestra.run.smithi042.stdout:/usr/bin/ceph: stderr
2024-09-19T09:30:05.178+0000 7f6c03d61640 1 -- 172.21.15.42:0/3428989756 --> [v2:172.21.15.42:3300/0,v1:172.21.15.42:6789/0] -- mon_subscribe({mgrmap=0+}) -- 0x7f6bfc106100 con 0x7f6bfc108150
2024-09-19T09:30:06.035 INFO:teuthology.orchestra.run.smithi042.stdout:/usr/bin/ceph: stderr
2024-09-19T09:30:05.178+0000 7f6bf2ffd640 1 -- 172.21.15.42:0/3428989756 <== mon.0 v2:172.21.15.42:3300/0 3 ==== mon_map magic: 0 ==== 205+0+0 (secure 0 0 0) 0x7f6bf8037040 con 0x7f6bfc108150
2024-09-19T09:30:06.035 INFO:teuthology.orchestra.run.smithi042.stdout:/usr/bin/ceph: stderr
2024-09-19T09:30:05.178+0000 7f6c03d61640 1 -- 172.21.15.42:0/3428989756 --> [v2:172.21.15.42:3300/0,v1:172.21.15.42:6789/0] -- mon_subscribe({osdmap=0}) -- 0x7f6bfc106640 con 0x7f6bfc108150
2024-09-19T09:30:06.035 INFO:teuthology.orchestra.run.smithi042.stdout:/usr/bin/ceph: stderr
2024-09-19T09:30:05.179+0000 7f6bf2ffd640 1 -- 172.21.15.42:0/3428989756 <== mon.0 v2:172.21.15.42:3300/0 4 ==== mgrmap(e 8) ==== 46461+0+0 (secure 0 0 0) 0x7f6bf8045070 con 0x7f6bfc108150
2024-09-19T09:30:06.036 INFO:teuthology.orchestra.run.smithi042.stdout:/usr/bin/ceph: stderr
2024-09-19T09:30:05.179+0000 7f6bf2ffd640 1 --2- 172.21.15.42:0/3428989756 >> [v2:172.21.15.42:6800/203737163,v1:172.21.15.42:6801/203737163] conn(0x7f6be80391b0 0x7f6be803b670 unknown :-1 s=NONE pgs=0 cs=0 l=1 rev1=0 crypto rx=0 tx=0 comp rx=0 tx=0).connect
2024-09-19T09:30:06.036 INFO:teuthology.orchestra.run.smithi042.stdout:/usr/bin/ceph: stderr
2024-09-19T09:30:05.179+0000 7f6bf2ffd640 1 -- 172.21.15.42:0/3428989756 <== mon.0 v2:172.21.15.42:3300/0 5 ==== osd_map(2..2 src has 1..2) ==== 940+0+0 (secure 0 0 0) 0x7f6bf806c350 con 0x7f6bfc108150
2024-09-19T09:30:06.036 INFO:teuthology.orchestra.run.smithi042.stdout:/usr/bin/ceph: stderr
2024-09-19T09:30:05.179+0000 7f6c03d61640 1 -- 172.21.15.42:0/3428989756 --> [v2:172.21.15.42:3300/0,v1:172.21.15.42:6789/0] -- mon_command({"prefix": "get_command_descriptions"} v 0) -- 0x7f6bfc1085b0 con 0x7f6bfc108150
2024-09-19T09:30:06.036 INFO:teuthology.orchestra.run.smithi042.stdout:/usr/bin/ceph: stderr
2024-09-19T09:30:05.179+0000 7f6c012fc640 1 --2- 172.21.15.42:0/3428989756 >> [v2:172.21.15.42:6800/203737163,v1:172.21.15.42:6801/203737163] conn(0x7f6be80391b0 0x7f6be803b670 unknown :-1 s=BANNER_CONNECTING pgs=0 cs=0 l=1 rev1=0 crypto rx=0 tx=0 comp rx=0 tx=0)._handle_peer_banner_payload supported=3 required=0
2024-09-19T09:30:06.036 INFO:teuthology.orchestra.run.smithi042.stdout:/usr/bin/ceph: stderr
2024-09-19T09:30:05.180+0000 7f6c012fc640 1 --2- 172.21.15.42:0/3428989756 >> [v2:172.21.15.42:6800/203737163,v1:172.21.15.42:6801/203737163] conn(0x7f6be80391b0 0x7f6be803b670 secure :-1 s=READY pgs=8 cs=0 l=1 rev1=1 crypto rx=0x7f6bec0098c0 tx=0x7f6bec006db0 comp rx=0 tx=0).ready entity=mgr.14118 client_cookie=0 server_cookie=0 in_seq=0 out_seq=0
2024-09-19T09:30:06.036 INFO:teuthology.orchestra.run.smithi042.stdout:/usr/bin/ceph: stderr
2024-09-19T09:30:05.184+0000 7f6bf2ffd640 1 -- 172.21.15.42:0/3428989756 <== mon.0 v2:172.21.15.42:3300/0 6 ==== mon_command_ack([{"prefix": "get_command_descriptions"}]=0 v0) ==== 72+0+188913 (secure 0 0 0) 0x7f6bf803cd00 con 0x7f6bfc108150
2024-09-19T09:30:06.036 INFO:teuthology.orchestra.run.smithi042.stdout:/usr/bin/ceph: stderr
2024-09-19T09:30:05.363+0000 7f6c03d61640 1 -- 172.21.15.42:0/3428989756 --> [v2:172.21.15.42:6800/203737163,v1:172.21.15.42:6801/203737163] -- mgr_command(tid 0: {"prefix": "cephadm set-user", "user": "root", "target": ["mon-mgr", ""]}) -- 0x7f6bfc106e50 con 0x7f6be80391b0
2024-09-19T09:30:06.036 INFO:teuthology.orchestra.run.smithi042.stdout:/usr/bin/ceph: stderr
2024-09-19T09:30:05.364+0000 7f6bf2ffd640 1 -- 172.21.15.42:0/3428989756 <== mgr.14118 v2:172.21.15.42:6800/203737163 1 ==== mgr_command_reply(tid 0: 0 ) ==== 8+0+16 (secure 0 0 0) 0x7f6bfc106e50 con 0x7f6be80391b0
2024-09-19T09:30:06.036 INFO:teuthology.orchestra.run.smithi042.stdout:/usr/bin/ceph: stderr
2024-09-19T09:30:05.367+0000 7f6c03d61640 1 -- 172.21.15.42:0/3428989756 >> [v2:172.21.15.42:6800/203737163,v1:172.21.15.42:6801/203737163] conn(0x7f6be80391b0 msgr2=0x7f6be803b670 secure :-1 s=STATE_CONNECTION_ESTABLISHED l=1).mark_down
2024-09-19T09:30:06.036 INFO:teuthology.orchestra.run.smithi042.stdout:/usr/bin/ceph: stderr
2024-09-19T09:30:05.367+0000 7f6c03d61640 1 --2- 172.21.15.42:0/3428989756 >> [v2:172.21.15.42:6800/203737163,v1:172.21.15.42:6801/203737163] conn(0x7f6be80391b0 0x7f6be803b670 secure :-1 s=READY pgs=8 cs=0 l=1 rev1=1 crypto rx=0x7f6bec0098c0 tx=0x7f6bec006db0 comp rx=0 tx=0).stop
2024-09-19T09:30:06.036 INFO:teuthology.orchestra.run.smithi042.stdout:/usr/bin/ceph: stderr
2024-09-19T09:30:05.367+0000 7f6c03d61640 1 -- 172.21.15.42:0/3428989756 >> [v2:172.21.15.42:3300/0,v1:172.21.15.42:6789/0] conn(0x7f6bfc108150 msgr2=0x7f6bfc1079d0 secure :-1 s=STATE_CONNECTION_ESTABLISHED l=1).mark_down
2024-09-19T09:30:06.036 INFO:teuthology.orchestra.run.smithi042.stdout:/usr/bin/ceph: stderr
2024-09-19T09:30:05.367+0000 7f6c03d61640 1 --2- 172.21.15.42:0/3428989756 >> [v2:172.21.15.42:3300/0,v1:172.21.15.42:6789/0] conn(0x7f6bfc108150 0x7f6bfc1079d0 secure :-1 s=READY pgs=38 cs=0 l=1 rev1=1 crypto rx=0x7f6bf8032ce0 tx=0x7f6bf8032d10 comp rx=0 tx=0).stop
2024-09-19T09:30:06.036 INFO:teuthology.orchestra.run.smithi042.stdout:/usr/bin/ceph: stderr
2024-09-19T09:30:05.367+0000 7f6c03d61640 1 -- 172.21.15.42:0/3428989756 shutdown_connections
2024-09-19T09:30:06.037 INFO:teuthology.orchestra.run.smithi042.stdout:/usr/bin/ceph: stderr
2024-09-19T09:30:05.367+0000 7f6c03d61640 1 --2- 172.21.15.42:0/3428989756 >> [v2:172.21.15.42:6800/203737163,v1:172.21.15.42:6801/203737163] conn(0x7f6be80391b0 0x7f6be803b670 unknown :-1 s=CLOSED pgs=8 cs=0 l=1 rev1=1 crypto rx=0 tx=0 comp rx=0 tx=0).stop
2024-09-19T09:30:06.037 INFO:teuthology.orchestra.run.smithi042.stdout:/usr/bin/ceph: stderr
2024-09-19T09:30:05.367+0000 7f6c03d61640 1 --2- 172.21.15.42:0/3428989756 >> [v2:172.21.15.42:3300/0,v1:172.21.15.42:6789/0] conn(0x7f6bfc108150 0x7f6bfc1079d0 unknown :-1 s=CLOSED pgs=38 cs=0 l=1 rev1=1 crypto rx=0 tx=0 comp rx=0 tx=0).stop
2024-09-19T09:30:06.037 INFO:teuthology.orchestra.run.smithi042.stdout:/usr/bin/ceph: stderr
2024-09-19T09:30:05.367+0000 7f6c03d61640 1 -- 172.21.15.42:0/3428989756 >> 172.21.15.42:0/3428989756 conn(0x7f6bfc101d90 msgr2=0x7f6bfc102970 unknown :-1 s=STATE_NONE l=0).mark_down
2024-09-19T09:30:06.037 INFO:teuthology.orchestra.run.smithi042.stdout:/usr/bin/ceph: stderr
2024-09-19T09:30:05.367+0000 7f6c03d61640 1 -- 172.21.15.42:0/3428989756 shutdown_connections
2024-09-19T09:30:06.037 INFO:teuthology.orchestra.run.smithi042.stdout:/usr/bin/ceph: stderr
2024-09-19T09:30:05.367+0000 7f6c03d61640 1 -- 172.21.15.42:0/3428989756 wait complete.
2024-09-19T09:30:06.037 INFO:teuthology.orchestra.run.smithi042.stdout:Generating ssh key...
2024-09-19T09:30:06.311 INFO:journalctl@ceph.mon.a.smithi042.stdout:Sep 19 09:30:06 smithi042 ceph-mon[31223]: [19/Sep/2024:09:30:05] ENGINE Serving on https://172.21.15.42:7150
2024-09-19T09:30:06.311 INFO:journalctl@ceph.mon.a.smithi042.stdout:Sep 19 09:30:06 smithi042 ceph-mon[31223]: [19/Sep/2024:09:30:05] ENGINE Error in HTTPServer.serve
2024-09-19T09:30:06.311 INFO:journalctl@ceph.mon.a.smithi042.stdout: Traceback (most recent call last):
2024-09-19T09:30:06.311 INFO:journalctl@ceph.mon.a.smithi042.stdout: File "/lib/python3.9/site-packages/cheroot/server.py", line 1823, in serve
2024-09-19T09:30:06.311 INFO:journalctl@ceph.mon.a.smithi042.stdout: self._connections.run(self.expiration_interval)
2024-09-19T09:30:06.311 INFO:journalctl@ceph.mon.a.smithi042.stdout: File "/lib/python3.9/site-packages/cheroot/connections.py", line 203, in run
2024-09-19T09:30:06.311 INFO:journalctl@ceph.mon.a.smithi042.stdout: self._run(expiration_interval)
2024-09-19T09:30:06.311 INFO:journalctl@ceph.mon.a.smithi042.stdout: File "/lib/python3.9/site-packages/cheroot/connections.py", line 246, in _run
2024-09-19T09:30:06.311 INFO:journalctl@ceph.mon.a.smithi042.stdout: new_conn = self._from_server_socket(self.server.socket)
2024-09-19T09:30:06.312 INFO:journalctl@ceph.mon.a.smithi042.stdout: File "/lib/python3.9/site-packages/cheroot/connections.py", line 300, in _from_server_socket
2024-09-19T09:30:06.312 INFO:journalctl@ceph.mon.a.smithi042.stdout: s, ssl_env = self.server.ssl_adapter.wrap(s)
2024-09-19T09:30:06.312 INFO:journalctl@ceph.mon.a.smithi042.stdout: File "/lib/python3.9/site-packages/cheroot/ssl/builtin.py", line 277, in wrap
2024-09-19T09:30:06.312 INFO:journalctl@ceph.mon.a.smithi042.stdout: s = self.context.wrap_socket(
2024-09-19T09:30:06.312 INFO:journalctl@ceph.mon.a.smithi042.stdout: File "/lib64/python3.9/ssl.py", line 501, in wrap_socket
2024-09-19T09:30:06.312 INFO:journalctl@ceph.mon.a.smithi042.stdout: return self.sslsocket_class._create(
2024-09-19T09:30:06.312 INFO:journalctl@ceph.mon.a.smithi042.stdout: File "/lib64/python3.9/ssl.py", line 1074, in _create
2024-09-19T09:30:06.312 INFO:journalctl@ceph.mon.a.smithi042.stdout: self.do_handshake()
2024-09-19T09:30:06.312 INFO:journalctl@ceph.mon.a.smithi042.stdout: File "/lib64/python3.9/ssl.py", line 1343, in do_handshake
2024-09-19T09:30:06.312 INFO:journalctl@ceph.mon.a.smithi042.stdout: self._sslobj.do_handshake()
2024-09-19T09:30:06.312 INFO:journalctl@ceph.mon.a.smithi042.stdout: ssl.SSLZeroReturnError: TLS/SSL connection has been closed (EOF) (_ssl.c:1133)
2024-09-19T09:30:06.312 INFO:journalctl@ceph.mon.a.smithi042.stdout:Sep 19 09:30:06 smithi042 ceph-mon[31223]: [19/Sep/2024:09:30:05] ENGINE Serving on http://172.21.15.42:8765
2024-09-19T09:30:06.312 INFO:journalctl@ceph.mon.a.smithi042.stdout:Sep 19 09:30:06 smithi042 ceph-mon[31223]: [19/Sep/2024:09:30:05] ENGINE Bus STARTED
2024-09-19T09:30:06.312 INFO:journalctl@ceph.mon.a.smithi042.stdout:Sep 19 09:30:06 smithi042 ceph-mon[31223]: from='client.14132 -' entity='client.admin' cmd=[{"prefix": "cephadm set-user", "user": "root", "target": ["mon-mgr", ""]}]: dispatch
2024-09-19T09:30:06.940 INFO:journalctl@ceph.mgr.x.smithi042.stdout:Sep 19 09:30:06 smithi042 ceph-90ecc87a-7669-11ef-bceb-c7b262605968-mgr-x[31444]: Generating public/private rsa key pair.
2024-09-19T09:30:06.940 INFO:journalctl@ceph.mgr.x.smithi042.stdout:Sep 19 09:30:06 smithi042 ceph-90ecc87a-7669-11ef-bceb-c7b262605968-mgr-x[31444]: Your identification has been saved in /tmp/tmppzqjjsox/key
2024-09-19T09:30:06.940 INFO:journalctl@ceph.mgr.x.smithi042.stdout:Sep 19 09:30:06 smithi042 ceph-90ecc87a-7669-11ef-bceb-c7b262605968-mgr-x[31444]: Your public key has been saved in /tmp/tmppzqjjsox/key.pub
2024-09-19T09:30:06.940 INFO:journalctl@ceph.mgr.x.smithi042.stdout:Sep 19 09:30:06 smithi042 ceph-90ecc87a-7669-11ef-bceb-c7b262605968-mgr-x[31444]: The key fingerprint is:
2024-09-19T09:30:06.940 INFO:journalctl@ceph.mgr.x.smithi042.stdout:Sep 19 09:30:06 smithi042 ceph-90ecc87a-7669-11ef-bceb-c7b262605968-mgr-x[31444]: SHA256:JfV+KH0t8dxDNkFkvXU8HLLilO7kJYcK1X3XA05QKTM ceph-90ecc87a-7669-11ef-bceb-c7b262605968
2024-09-19T09:30:06.940 INFO:journalctl@ceph.mgr.x.smithi042.stdout:Sep 19 09:30:06 smithi042 ceph-90ecc87a-7669-11ef-bceb-c7b262605968-mgr-x[31444]: The key's randomart image is:
2024-09-19T09:30:06.940 INFO:journalctl@ceph.mgr.x.smithi042.stdout:Sep 19 09:30:06 smithi042 ceph-90ecc87a-7669-11ef-bceb-c7b262605968-mgr-x[31444]: +---[RSA 3072]----+
2024-09-19T09:30:06.940 INFO:journalctl@ceph.mgr.x.smithi042.stdout:Sep 19 09:30:06 smithi042 ceph-90ecc87a-7669-11ef-bceb-c7b262605968-mgr-x[31444]: | ..o==Bo|
2024-09-19T09:30:06.940 INFO:journalctl@ceph.mgr.x.smithi042.stdout:Sep 19 09:30:06 smithi042 ceph-90ecc87a-7669-11ef-bceb-c7b262605968-mgr-x[31444]: | ..E=.=oB|
2024-09-19T09:30:06.941 INFO:journalctl@ceph.mgr.x.smithi042.stdout:Sep 19 09:30:06 smithi042 ceph-90ecc87a-7669-11ef-bceb-c7b262605968-mgr-x[31444]: | ...==+.*B|
2024-09-19T09:30:06.941 INFO:journalctl@ceph.mgr.x.smithi042.stdout:Sep 19 09:30:06 smithi042 ceph-90ecc87a-7669-11ef-bceb-c7b262605968-mgr-x[31444]: | .o+oo.+*=|
2024-09-19T09:30:06.941 INFO:journalctl@ceph.mgr.x.smithi042.stdout:Sep 19 09:30:06 smithi042 ceph-90ecc87a-7669-11ef-bceb-c7b262605968-mgr-x[31444]: | .S .*+o+.=|
2024-09-19T09:30:06.941 INFO:journalctl@ceph.mgr.x.smithi042.stdout:Sep 19 09:30:06 smithi042 ceph-90ecc87a-7669-11ef-bceb-c7b262605968-mgr-x[31444]: | . =.+o ..|
