2024-09-19T09:47:44.763 INFO:teuthology.orchestra.run.smithi165.stdout:/usr/bin/ceph: stderr
2024-09-19T09:47:43.487+0000 7fb22d486640 1 -- 172.21.15.165:0/1816193274 >> [v2:172.21.15.165:3300/0,v1:172.21.15.165:6789/0] conn(0x7fb2281078e0 msgr2=0x7fb22819b8f0 secure :-1 s=STATE_CONNECTION_ESTABLISHED l=1).mark_down
2024-09-19T09:47:44.763 INFO:teuthology.orchestra.run.smithi165.stdout:/usr/bin/ceph: stderr
2024-09-19T09:47:43.487+0000 7fb22d486640 1 --2- 172.21.15.165:0/1816193274 >> [v2:172.21.15.165:3300/0,v1:172.21.15.165:6789/0] conn(0x7fb2281078e0 0x7fb22819b8f0 secure :-1 s=READY pgs=50 cs=0 l=1 rev1=1 crypto rx=0x7fb218032ea0 tx=0x7fb218032ed0 comp rx=0 tx=0).stop
2024-09-19T09:47:44.763 INFO:teuthology.orchestra.run.smithi165.stdout:/usr/bin/ceph: stderr
2024-09-19T09:47:43.487+0000 7fb22d486640 1 -- 172.21.15.165:0/1816193274 shutdown_connections
2024-09-19T09:47:44.763 INFO:teuthology.orchestra.run.smithi165.stdout:/usr/bin/ceph: stderr
2024-09-19T09:47:43.487+0000 7fb22d486640 1 --2- 172.21.15.165:0/1816193274 >> [v2:172.21.15.165:6800/2752777114,v1:172.21.15.165:6801/2752777114] conn(0x7fb2100391b0 0x7fb21003b670 unknown :-1 s=CLOSED pgs=14 cs=0 l=1 rev1=1 crypto rx=0 tx=0 comp rx=0 tx=0).stop
2024-09-19T09:47:44.763 INFO:teuthology.orchestra.run.smithi165.stdout:/usr/bin/ceph: stderr
2024-09-19T09:47:43.487+0000 7fb22d486640 1 --2- 172.21.15.165:0/1816193274 >> [v2:172.21.15.165:3300/0,v1:172.21.15.165:6789/0] conn(0x7fb2281078e0 0x7fb22819b8f0 unknown :-1 s=CLOSED pgs=50 cs=0 l=1 rev1=1 crypto rx=0 tx=0 comp rx=0 tx=0).stop
2024-09-19T09:47:44.763 INFO:teuthology.orchestra.run.smithi165.stdout:/usr/bin/ceph: stderr
2024-09-19T09:47:43.487+0000 7fb22d486640 1 -- 172.21.15.165:0/1816193274 >> 172.21.15.165:0/1816193274 conn(0x7fb228103070 msgr2=0x7fb228103b90 unknown :-1 s=STATE_NONE l=0).mark_down
2024-09-19T09:47:44.763 INFO:teuthology.orchestra.run.smithi165.stdout:/usr/bin/ceph: stderr
2024-09-19T09:47:43.488+0000 7fb22d486640 1 -- 172.21.15.165:0/1816193274 shutdown_connections
2024-09-19T09:47:44.763 INFO:teuthology.orchestra.run.smithi165.stdout:/usr/bin/ceph: stderr
2024-09-19T09:47:43.488+0000 7fb22d486640 1 -- 172.21.15.165:0/1816193274 wait complete.
2024-09-19T09:47:45.644 INFO:journalctl@ceph.mon.a.smithi165.stdout:Sep 19 09:47:45 smithi165 ceph-mon[31438]: from='mgr.14118 172.21.15.165:0/1803233199' entity='mgr.x'
2024-09-19T09:47:45.645 INFO:journalctl@ceph.mon.a.smithi165.stdout:Sep 19 09:47:45 smithi165 ceph-mon[31438]: from='mgr.14118 172.21.15.165:0/1803233199' entity='mgr.x'
2024-09-19T09:47:45.645 INFO:journalctl@ceph.mon.a.smithi165.stdout:Sep 19 09:47:45 smithi165 ceph-mon[31438]: from='client.? 172.21.15.165:0/2708726383' entity='client.admin'
2024-09-19T09:47:45.916 INFO:teuthology.orchestra.run.smithi165.stdout:/usr/bin/ceph: stderr
2024-09-19T09:47:45.169+0000 7f6aac871640 1 Processor -- start
2024-09-19T09:47:45.917 INFO:teuthology.orchestra.run.smithi165.stdout:/usr/bin/ceph: stderr
2024-09-19T09:47:45.169+0000 7f6aac871640 1 -- start start
2024-09-19T09:47:45.917 INFO:teuthology.orchestra.run.smithi165.stdout:/usr/bin/ceph: stderr
2024-09-19T09:47:45.170+0000 7f6aac871640 1 --2- >> [v2:172.21.15.165:3300/0,v1:172.21.15.165:6789/0] conn(0x7f6aa81082e0 0x7f6aa810a6d0 unknown :-1 s=NONE pgs=0 cs=0 l=0 rev1=0 crypto rx=0 tx=0 comp rx=0 tx=0).connect
2024-09-19T09:47:45.917 INFO:teuthology.orchestra.run.smithi165.stdout:/usr/bin/ceph: stderr
2024-09-19T09:47:45.170+0000 7f6aac871640 1 -- --> [v2:172.21.15.165:3300/0,v1:172.21.15.165:6789/0] -- mon_getmap magic: 0 -- 0x7f6aa807be40 con 0x7f6aa81082e0
2024-09-19T09:47:45.917 INFO:teuthology.orchestra.run.smithi165.stdout:/usr/bin/ceph: stderr
2024-09-19T09:47:45.170+0000 7f6aa659c640 1 --2- >> [v2:172.21.15.165:3300/0,v1:172.21.15.165:6789/0] conn(0x7f6aa81082e0 0x7f6aa810a6d0 unknown :-1 s=BANNER_CONNECTING pgs=0 cs=0 l=0 rev1=0 crypto rx=0 tx=0 comp rx=0 tx=0)._handle_peer_banner_payload supported=3 required=0
2024-09-19T09:47:45.917 INFO:teuthology.orchestra.run.smithi165.stdout:/usr/bin/ceph: stderr
2024-09-19T09:47:45.170+0000 7f6aa659c640 1 --2- >> [v2:172.21.15.165:3300/0,v1:172.21.15.165:6789/0] conn(0x7f6aa81082e0 0x7f6aa810a6d0 unknown :-1 s=HELLO_CONNECTING pgs=0 cs=0 l=0 rev1=1 crypto rx=0 tx=0 comp rx=0 tx=0).handle_hello peer v2:172.21.15.165:3300/0 says I am v2:172.21.15.165:59918/0 (socket says 172.21.15.165:59918)
2024-09-19T09:47:45.917 INFO:teuthology.orchestra.run.smithi165.stdout:/usr/bin/ceph: stderr
2024-09-19T09:47:45.170+0000 7f6aa659c640 1 -- 172.21.15.165:0/2708125072 learned_addr learned my addr 172.21.15.165:0/2708125072 (peer_addr_for_me v2:172.21.15.165:0/0)
2024-09-19T09:47:45.917 INFO:teuthology.orchestra.run.smithi165.stdout:/usr/bin/ceph: stderr
2024-09-19T09:47:45.170+0000 7f6aa659c640 1 -- 172.21.15.165:0/2708125072 --> [v2:172.21.15.165:3300/0,v1:172.21.15.165:6789/0] -- mon_subscribe({config=0+,monmap=0+}) -- 0x7f6aa810ac10 con 0x7f6aa81082e0
2024-09-19T09:47:45.917 INFO:teuthology.orchestra.run.smithi165.stdout:/usr/bin/ceph: stderr
2024-09-19T09:47:45.171+0000 7f6aa659c640 1 --2- 172.21.15.165:0/2708125072 >> [v2:172.21.15.165:3300/0,v1:172.21.15.165:6789/0] conn(0x7f6aa81082e0 0x7f6aa810a6d0 secure :-1 s=READY pgs=51 cs=0 l=1 rev1=1 crypto rx=0x7f6a98009820 tx=0x7f6a9802a270 comp rx=0 tx=0).ready entity=mon.0 client_cookie=8c126037648e91c4 server_cookie=0 in_seq=0 out_seq=0
2024-09-19T09:47:45.917 INFO:teuthology.orchestra.run.smithi165.stdout:/usr/bin/ceph: stderr
2024-09-19T09:47:45.171+0000 7f6aa559a640 1 -- 172.21.15.165:0/2708125072 <== mon.0 v2:172.21.15.165:3300/0 1 ==== mon_map magic: 0 ==== 205+0+0 (secure 0 0 0) 0x7f6a98037070 con 0x7f6aa81082e0
2024-09-19T09:47:45.917 INFO:teuthology.orchestra.run.smithi165.stdout:/usr/bin/ceph: stderr
2024-09-19T09:47:45.171+0000 7f6aa559a640 1 -- 172.21.15.165:0/2708125072 <== mon.0 v2:172.21.15.165:3300/0 2 ==== config(29 keys) ==== 1209+0+0 (secure 0 0 0) 0x7f6a98032960 con 0x7f6aa81082e0
2024-09-19T09:47:45.917 INFO:teuthology.orchestra.run.smithi165.stdout:/usr/bin/ceph: stderr
2024-09-19T09:47:45.171+0000 7f6aa559a640 1 -- 172.21.15.165:0/2708125072 <== mon.0 v2:172.21.15.165:3300/0 3 ==== mon_map magic: 0 ==== 205+0+0 (secure 0 0 0) 0x7f6a98030980 con 0x7f6aa81082e0
2024-09-19T09:47:45.917 INFO:teuthology.orchestra.run.smithi165.stdout:/usr/bin/ceph: stderr
2024-09-19T09:47:45.172+0000 7f6aac871640 1 -- 172.21.15.165:0/2708125072 >> [v2:172.21.15.165:3300/0,v1:172.21.15.165:6789/0] conn(0x7f6aa81082e0 msgr2=0x7f6aa810a6d0 secure :-1 s=STATE_CONNECTION_ESTABLISHED l=1).mark_down
2024-09-19T09:47:45.918 INFO:teuthology.orchestra.run.smithi165.stdout:/usr/bin/ceph: stderr
2024-09-19T09:47:45.172+0000 7f6aac871640 1 --2- 172.21.15.165:0/2708125072 >> [v2:172.21.15.165:3300/0,v1:172.21.15.165:6789/0] conn(0x7f6aa81082e0 0x7f6aa810a6d0 secure :-1 s=READY pgs=51 cs=0 l=1 rev1=1 crypto rx=0x7f6a98009820 tx=0x7f6a9802a270 comp rx=0 tx=0).stop
2024-09-19T09:47:45.918 INFO:teuthology.orchestra.run.smithi165.stdout:/usr/bin/ceph: stderr
2024-09-19T09:47:45.172+0000 7f6aac871640 1 -- 172.21.15.165:0/2708125072 shutdown_connections
2024-09-19T09:47:45.918 INFO:teuthology.orchestra.run.smithi165.stdout:/usr/bin/ceph: stderr
2024-09-19T09:47:45.172+0000 7f6aac871640 1 --2- 172.21.15.165:0/2708125072 >> [v2:172.21.15.165:3300/0,v1:172.21.15.165:6789/0] conn(0x7f6aa81082e0 0x7f6aa810a6d0 unknown :-1 s=CLOSED pgs=51 cs=0 l=1 rev1=1 crypto rx=0 tx=0 comp rx=0 tx=0).stop
2024-09-19T09:47:45.918 INFO:teuthology.orchestra.run.smithi165.stdout:/usr/bin/ceph: stderr
2024-09-19T09:47:45.172+0000 7f6aac871640 1 -- 172.21.15.165:0/2708125072 >> 172.21.15.165:0/2708125072 conn(0x7f6aa8101ec0 msgr2=0x7f6aa8104320 unknown :-1 s=STATE_NONE l=0).mark_down
2024-09-19T09:47:45.918 INFO:teuthology.orchestra.run.smithi165.stdout:/usr/bin/ceph: stderr
2024-09-19T09:47:45.172+0000 7f6aac871640 1 -- 172.21.15.165:0/2708125072 shutdown_connections
2024-09-19T09:47:45.918 INFO:teuthology.orchestra.run.smithi165.stdout:/usr/bin/ceph: stderr
2024-09-19T09:47:45.172+0000 7f6aac871640 1 -- 172.21.15.165:0/2708125072 wait complete.
2024-09-19T09:47:45.918 INFO:teuthology.orchestra.run.smithi165.stdout:/usr/bin/ceph: stderr
2024-09-19T09:47:45.173+0000 7f6aac871640 1 Processor -- start
2024-09-19T09:47:45.918 INFO:teuthology.orchestra.run.smithi165.stdout:/usr/bin/ceph: stderr
2024-09-19T09:47:45.173+0000 7f6aac871640 1 -- start start
2024-09-19T09:47:45.918 INFO:teuthology.orchestra.run.smithi165.stdout:/usr/bin/ceph: stderr
2024-09-19T09:47:45.174+0000 7f6aac871640 1 --2- >> [v2:172.21.15.165:3300/0,v1:172.21.15.165:6789/0] conn(0x7f6aa81082e0 0x7f6aa819b8d0 unknown :-1 s=NONE pgs=0 cs=0 l=1 rev1=0 crypto rx=0 tx=0 comp rx=0 tx=0).connect
2024-09-19T09:47:45.918 INFO:teuthology.orchestra.run.smithi165.stdout:/usr/bin/ceph: stderr
2024-09-19T09:47:45.174+0000 7f6aac871640 1 -- --> [v2:172.21.15.165:3300/0,v1:172.21.15.165:6789/0] -- mon_getmap magic: 0 -- 0x7f6aa810bcf0 con 0x7f6aa81082e0
2024-09-19T09:47:45.918 INFO:teuthology.orchestra.run.smithi165.stdout:/usr/bin/ceph: stderr
2024-09-19T09:47:45.174+0000 7f6aa659c640 1 --2- >> [v2:172.21.15.165:3300/0,v1:172.21.15.165:6789/0] conn(0x7f6aa81082e0 0x7f6aa819b8d0 unknown :-1 s=BANNER_CONNECTING pgs=0 cs=0 l=1 rev1=0 crypto rx=0 tx=0 comp rx=0 tx=0)._handle_peer_banner_payload supported=3 required=0
2024-09-19T09:47:45.918 INFO:teuthology.orchestra.run.smithi165.stdout:/usr/bin/ceph: stderr
2024-09-19T09:47:45.174+0000 7f6aa659c640 1 --2- >> [v2:172.21.15.165:3300/0,v1:172.21.15.165:6789/0] conn(0x7f6aa81082e0 0x7f6aa819b8d0 unknown :-1 s=HELLO_CONNECTING pgs=0 cs=0 l=1 rev1=1 crypto rx=0 tx=0 comp rx=0 tx=0).handle_hello peer v2:172.21.15.165:3300/0 says I am v2:172.21.15.165:59924/0 (socket says 172.21.15.165:59924)
2024-09-19T09:47:45.918 INFO:teuthology.orchestra.run.smithi165.stdout:/usr/bin/ceph: stderr
2024-09-19T09:47:45.174+0000 7f6aa659c640 1 -- 172.21.15.165:0/2708726383 learned_addr learned my addr 172.21.15.165:0/2708726383 (peer_addr_for_me v2:172.21.15.165:0/0)
2024-09-19T09:47:45.918 INFO:teuthology.orchestra.run.smithi165.stdout:/usr/bin/ceph: stderr
2024-09-19T09:47:45.174+0000 7f6aa659c640 1 -- 172.21.15.165:0/2708726383 --> [v2:172.21.15.165:3300/0,v1:172.21.15.165:6789/0] -- mon_subscribe({config=0+,monmap=0+}) -- 0x7f6aa819be10 con 0x7f6aa81082e0
2024-09-19T09:47:45.919 INFO:teuthology.orchestra.run.smithi165.stdout:/usr/bin/ceph: stderr
2024-09-19T09:47:45.174+0000 7f6aa659c640 1 --2- 172.21.15.165:0/2708726383 >> [v2:172.21.15.165:3300/0,v1:172.21.15.165:6789/0] conn(0x7f6aa81082e0 0x7f6aa819b8d0 secure :-1 s=READY pgs=52 cs=0 l=1 rev1=1 crypto rx=0x7f6a98009940 tx=0x7f6a98032670 comp rx=0 tx=0).ready entity=mon.0 client_cookie=0 server_cookie=0 in_seq=0 out_seq=0
2024-09-19T09:47:45.919 INFO:teuthology.orchestra.run.smithi165.stdout:/usr/bin/ceph: stderr
2024-09-19T09:47:45.174+0000 7f6a977fe640 1 -- 172.21.15.165:0/2708726383 <== mon.0 v2:172.21.15.165:3300/0 1 ==== mon_map magic: 0 ==== 205+0+0 (secure 0 0 0) 0x7f6a98042070 con 0x7f6aa81082e0
2024-09-19T09:47:45.919 INFO:teuthology.orchestra.run.smithi165.stdout:/usr/bin/ceph: stderr
2024-09-19T09:47:45.174+0000 7f6aac871640 1 -- 172.21.15.165:0/2708726383 --> [v2:172.21.15.165:3300/0,v1:172.21.15.165:6789/0] -- mon_subscribe({mgrmap=0+}) -- 0x7f6aa819c0a0 con 0x7f6aa81082e0
2024-09-19T09:47:45.919 INFO:teuthology.orchestra.run.smithi165.stdout:/usr/bin/ceph: stderr
2024-09-19T09:47:45.174+0000 7f6a977fe640 1 -- 172.21.15.165:0/2708726383 <== mon.0 v2:172.21.15.165:3300/0 2 ==== config(29 keys) ==== 1209+0+0 (secure 0 0 0) 0x7f6a9803d950 con 0x7f6aa81082e0
2024-09-19T09:47:45.919 INFO:teuthology.orchestra.run.smithi165.stdout:/usr/bin/ceph: stderr
2024-09-19T09:47:45.174+0000 7f6a977fe640 1 -- 172.21.15.165:0/2708726383 <== mon.0 v2:172.21.15.165:3300/0 3 ==== mon_map magic: 0 ==== 205+0+0 (secure 0 0 0) 0x7f6a98037040 con 0x7f6aa81082e0
2024-09-19T09:47:45.919 INFO:teuthology.orchestra.run.smithi165.stdout:/usr/bin/ceph: stderr
2024-09-19T09:47:45.174+0000 7f6aac871640 1 -- 172.21.15.165:0/2708726383 --> [v2:172.21.15.165:3300/0,v1:172.21.15.165:6789/0] -- mon_subscribe({osdmap=0}) -- 0x7f6aa819ed90 con 0x7f6aa81082e0
2024-09-19T09:47:45.919 INFO:teuthology.orchestra.run.smithi165.stdout:/usr/bin/ceph: stderr
2024-09-19T09:47:45.175+0000 7f6a977fe640 1 -- 172.21.15.165:0/2708726383 <== mon.0 v2:172.21.15.165:3300/0 4 ==== mgrmap(e 8) ==== 46461+0+0 (secure 0 0 0) 0x7f6a98045070 con 0x7f6aa81082e0
2024-09-19T09:47:45.919 INFO:teuthology.orchestra.run.smithi165.stdout:/usr/bin/ceph: stderr
2024-09-19T09:47:45.175+0000 7f6a977fe640 1 --2- 172.21.15.165:0/2708726383 >> [v2:172.21.15.165:6800/2752777114,v1:172.21.15.165:6801/2752777114] conn(0x7f6a900391b0 0x7f6a9003b670 unknown :-1 s=NONE pgs=0 cs=0 l=1 rev1=0 crypto rx=0 tx=0 comp rx=0 tx=0).connect
2024-09-19T09:47:45.919 INFO:teuthology.orchestra.run.smithi165.stdout:/usr/bin/ceph: stderr
2024-09-19T09:47:45.176+0000 7f6a977fe640 1 -- 172.21.15.165:0/2708726383 <== mon.0 v2:172.21.15.165:3300/0 5 ==== osd_map(2..2 src has 1..2) ==== 940+0+0 (secure 0 0 0) 0x7f6a9806c550 con 0x7f6aa81082e0
2024-09-19T09:47:45.919 INFO:teuthology.orchestra.run.smithi165.stdout:/usr/bin/ceph: stderr
2024-09-19T09:47:45.176+0000 7f6aa5d9b640 1 --2- 172.21.15.165:0/2708726383 >> [v2:172.21.15.165:6800/2752777114,v1:172.21.15.165:6801/2752777114] conn(0x7f6a900391b0 0x7f6a9003b670 unknown :-1 s=BANNER_CONNECTING pgs=0 cs=0 l=1 rev1=0 crypto rx=0 tx=0 comp rx=0 tx=0)._handle_peer_banner_payload supported=3 required=0
2024-09-19T09:47:45.919 INFO:teuthology.orchestra.run.smithi165.stdout:/usr/bin/ceph: stderr
2024-09-19T09:47:45.176+0000 7f6aac871640 1 -- 172.21.15.165:0/2708726383 --> [v2:172.21.15.165:3300/0,v1:172.21.15.165:6789/0] -- mon_command({"prefix": "get_command_descriptions"} v 0) -- 0x7f6aa81086c0 con 0x7f6aa81082e0
2024-09-19T09:47:45.919 INFO:teuthology.orchestra.run.smithi165.stdout:/usr/bin/ceph: stderr
2024-09-19T09:47:45.176+0000 7f6aa5d9b640 1 --2- 172.21.15.165:0/2708726383 >> [v2:172.21.15.165:6800/2752777114,v1:172.21.15.165:6801/2752777114] conn(0x7f6a900391b0 0x7f6a9003b670 secure :-1 s=READY pgs=15 cs=0 l=1 rev1=1 crypto rx=0x7f6a9c0098c0 tx=0x7f6a9c006db0 comp rx=0 tx=0).ready entity=mgr.14118 client_cookie=0 server_cookie=0 in_seq=0 out_seq=0
2024-09-19T09:47:45.919 INFO:teuthology.orchestra.run.smithi165.stdout:/usr/bin/ceph: stderr
2024-09-19T09:47:45.181+0000 7f6a977fe640 1 -- 172.21.15.165:0/2708726383 <== mon.0 v2:172.21.15.165:3300/0 6 ==== mon_command_ack([{"prefix": "get_command_descriptions"}]=0 v0) ==== 72+0+188913 (secure 0 0 0) 0x7f6a9802f2a0 con 0x7f6aa81082e0
2024-09-19T09:47:45.919 INFO:teuthology.orchestra.run.smithi165.stdout:/usr/bin/ceph: stderr
2024-09-19T09:47:45.355+0000 7f6aac871640 1 -- 172.21.15.165:0/2708726383 --> [v2:172.21.15.165:3300/0,v1:172.21.15.165:6789/0] -- mon_command([{prefix=config set, name=mgr/dashboard/ssl_server_port}] v 0) -- 0x7f6aa819f230 con 0x7f6aa81082e0
2024-09-19T09:47:45.920 INFO:teuthology.orchestra.run.smithi165.stdout:/usr/bin/ceph: stderr
2024-09-19T09:47:45.358+0000 7f6a977fe640 1 -- 172.21.15.165:0/2708726383 <== mon.0 v2:172.21.15.165:3300/0 7 ==== mon_command_ack([{prefix=config set, name=mgr/dashboard/ssl_server_port}]=0 v8)=0 v8) ==== 130+0+0 (secure 0 0 0) 0x7f6a9803be10 con 0x7f6aa81082e0
2024-09-19T09:47:45.920 INFO:teuthology.orchestra.run.smithi165.stdout:/usr/bin/ceph: stderr
2024-09-19T09:47:45.360+0000 7f6aac871640 1 -- 172.21.15.165:0/2708726383 >> [v2:172.21.15.165:6800/2752777114,v1:172.21.15.165:6801/2752777114] conn(0x7f6a900391b0 msgr2=0x7f6a9003b670 secure :-1 s=STATE_CONNECTION_ESTABLISHED l=1).mark_down
2024-09-19T09:47:45.920 INFO:teuthology.orchestra.run.smithi165.stdout:/usr/bin/ceph: stderr
2024-09-19T09:47:45.360+0000 7f6aac871640 1 --2- 172.21.15.165:0/2708726383 >> [v2:172.21.15.165:6800/2752777114,v1:172.21.15.165:6801/2752777114] conn(0x7f6a900391b0 0x7f6a9003b670 secure :-1 s=READY pgs=15 cs=0 l=1 rev1=1 crypto rx=0x7f6a9c0098c0 tx=0x7f6a9c006db0 comp rx=0 tx=0).stop
2024-09-19T09:47:45.920 INFO:teuthology.orchestra.run.smithi165.stdout:/usr/bin/ceph: stderr
2024-09-19T09:47:45.360+0000 7f6aac871640 1 -- 172.21.15.165:0/2708726383 >> [v2:172.21.15.165:3300/0,v1:172.21.15.165:6789/0] conn(0x7f6aa81082e0 msgr2=0x7f6aa819b8d0 secure :-1 s=STATE_CONNECTION_ESTABLISHED l=1).mark_down
2024-09-19T09:47:45.920 INFO:teuthology.orchestra.run.smithi165.stdout:/usr/bin/ceph: stderr
2024-09-19T09:47:45.360+0000 7f6aac871640 1 --2- 172.21.15.165:0/2708726383 >> [v2:172.21.15.165:3300/0,v1:172.21.15.165:6789/0] conn(0x7f6aa81082e0 0x7f6aa819b8d0 secure :-1 s=READY pgs=52 cs=0 l=1 rev1=1 crypto rx=0x7f6a98009940 tx=0x7f6a98032670 comp rx=0 tx=0).stop
2024-09-19T09:47:45.920 INFO:teuthology.orchestra.run.smithi165.stdout:/usr/bin/ceph: stderr
2024-09-19T09:47:45.361+0000 7f6aac871640 1 -- 172.21.15.165:0/2708726383 shutdown_connections
2024-09-19T09:47:45.920 INFO:teuthology.orchestra.run.smithi165.stdout:/usr/bin/ceph: stderr
2024-09-19T09:47:45.361+0000 7f6aac871640 1 --2- 172.21.15.165:0/2708726383 >> [v2:172.21.15.165:6800/2752777114,v1:172.21.15.165:6801/2752777114] conn(0x7f6a900391b0 0x7f6a9003b670 unknown :-1 s=CLOSED pgs=15 cs=0 l=1 rev1=1 crypto rx=0 tx=0 comp rx=0 tx=0).stop
2024-09-19T09:47:45.920 INFO:teuthology.orchestra.run.smithi165.stdout:/usr/bin/ceph: stderr
2024-09-19T09:47:45.361+0000 7f6aac871640 1 --2- 172.21.15.165:0/2708726383 >> [v2:172.21.15.165:3300/0,v1:172.21.15.165:6789/0] conn(0x7f6aa81082e0 0x7f6aa819b8d0 unknown :-1 s=CLOSED pgs=52 cs=0 l=1 rev1=1 crypto rx=0 tx=0 comp rx=0 tx=0).stop
2024-09-19T09:47:45.920 INFO:teuthology.orchestra.run.smithi165.stdout:/usr/bin/ceph: stderr
2024-09-19T09:47:45.361+0000 7f6aac871640 1 -- 172.21.15.165:0/2708726383 >> 172.21.15.165:0/2708726383 conn(0x7f6aa8101ec0 msgr2=0x7f6aa8102a90 unknown :-1 s=STATE_NONE l=0).mark_down
2024-09-19T09:47:45.920 INFO:teuthology.orchestra.run.smithi165.stdout:/usr/bin/ceph: stderr
2024-09-19T09:47:45.361+0000 7f6aac871640 1 -- 172.21.15.165:0/2708726383 shutdown_connections
2024-09-19T09:47:45.920 INFO:teuthology.orchestra.run.smithi165.stdout:/usr/bin/ceph: stderr
2024-09-19T09:47:45.361+0000 7f6aac871640 1 -- 172.21.15.165:0/2708726383 wait complete.
2024-09-19T09:47:45.920 INFO:teuthology.orchestra.run.smithi165.stdout:Enabling the dashboard module...
2024-09-19T09:47:46.812 INFO:journalctl@ceph.mon.a.smithi165.stdout:Sep 19 09:47:46 smithi165 ceph-mon[31438]: from='client.? 172.21.15.165:0/1245912542' entity='client.admin' cmd=[{"prefix": "mgr module enable", "module": "dashboard"}]: dispatch
2024-09-19T09:47:46.812 INFO:journalctl@ceph.mgr.x.smithi165.stdout:Sep 19 09:47:46 smithi165 ceph-f8a52a3c-766b-11ef-bceb-c7b262605968-mgr-x[31665]: ignoring --setuser ceph since I am not root
2024-09-19T09:47:46.813 INFO:journalctl@ceph.mgr.x.smithi165.stdout:Sep 19 09:47:46 smithi165 ceph-f8a52a3c-766b-11ef-bceb-c7b262605968-mgr-x[31665]: ignoring --setgroup ceph since I am not root
2024-09-19T09:47:46.813 INFO:journalctl@ceph.mgr.x.smithi165.stdout:Sep 19 09:47:46 smithi165 ceph-f8a52a3c-766b-11ef-bceb-c7b262605968-mgr-x[31665]:
2024-09-19T09:47:46.752+0000 7f0680e93040 -1 mgr[py] Module osd_perf_query has missing NOTIFY_TYPES member
2024-09-19T09:47:46.813 INFO:journalctl@ceph.mgr.x.smithi165.stdout:Sep 19 09:47:46 smithi165 ceph-f8a52a3c-766b-11ef-bceb-c7b262605968-mgr-x[31665]:
2024-09-19T09:47:46.810+0000 7f0680e93040 -1 mgr[py] Module osd_support has missing NOTIFY_TYPES member
2024-09-19T09:47:47.144 INFO:journalctl@ceph.mgr.x.smithi165.stdout:Sep 19 09:47:46 smithi165 ceph-f8a52a3c-766b-11ef-bceb-c7b262605968-mgr-x[31665]:
2024-09-19T09:47:46.958+0000 7f0680e93040 -1 mgr[py] Module diskprediction_local has missing NOTIFY_TYPES member
2024-09-19T09:47:47.144 INFO:journalctl@ceph.mgr.x.smithi165.stdout:Sep 19 09:47:47 smithi165 ceph-f8a52a3c-766b-11ef-bceb-c7b262605968-mgr-x[31665]:
2024-09-19T09:47:47.024+0000 7f0680e93040 -1 mgr[py] Module crash has missing NOTIFY_TYPES member
2024-09-19T09:47:47.526 INFO:journalctl@ceph.mgr.x.smithi165.stdout:Sep 19 09:47:47 smithi165 ceph-f8a52a3c-766b-11ef-bceb-c7b262605968-mgr-x[31665]:
2024-09-19T09:47:47.170+0000 7f0680e93040 -1 mgr[py] Module test_orchestrator has missing NOTIFY_TYPES member
2024-09-19T09:47:47.526 INFO:journalctl@ceph.mgr.x.smithi165.stdout:Sep 19 09:47:47 smithi165 ceph-f8a52a3c-766b-11ef-bceb-c7b262605968-mgr-x[31665]:
2024-09-19T09:47:47.316+0000 7f0680e93040 -1 mgr[py] Module snap_schedule has missing NOTIFY_TYPES member
2024-09-19T09:47:47.533 INFO:teuthology.orchestra.run.smithi165.stdout:/usr/bin/ceph: stderr
2024-09-19T09:47:46.321+0000 7f647a668640 1 Processor -- start
2024-09-19T09:47:47.533 INFO:teuthology.orchestra.run.smithi165.stdout:/usr/bin/ceph: stderr
2024-09-19T09:47:46.321+0000 7f647a668640 1 -- start start
2024-09-19T09:47:47.534 INFO:teuthology.orchestra.run.smithi165.stdout:/usr/bin/ceph: stderr
2024-09-19T09:47:46.321+0000 7f647a668640 1 --2- >> [v2:172.21.15.165:3300/0,v1:172.21.15.165:6789/0] conn(0x7f64741083a0 0x7f647410a790 unknown :-1 s=NONE pgs=0 cs=0 l=0 rev1=0 crypto rx=0 tx=0 comp rx=0 tx=0).connect
2024-09-19T09:47:47.534 INFO:teuthology.orchestra.run.smithi165.stdout:/usr/bin/ceph: stderr
2024-09-19T09:47:46.321+0000 7f647a668640 1 -- --> [v2:172.21.15.165:3300/0,v1:172.21.15.165:6789/0] -- mon_getmap magic: 0 -- 0x7f647407be00 con 0x7f64741083a0
2024-09-19T09:47:47.534 INFO:teuthology.orchestra.run.smithi165.stdout:/usr/bin/ceph: stderr
2024-09-19T09:47:46.322+0000 7f6473fff640 1 --2- >> [v2:172.21.15.165:3300/0,v1:172.21.15.165:6789/0] conn(0x7f64741083a0 0x7f647410a790 unknown :-1 s=BANNER_CONNECTING pgs=0 cs=0 l=0 rev1=0 crypto rx=0 tx=0 comp rx=0 tx=0)._handle_peer_banner_payload supported=3 required=0
2024-09-19T09:47:47.534 INFO:teuthology.orchestra.run.smithi165.stdout:/usr/bin/ceph: stderr
2024-09-19T09:47:46.322+0000 7f6473fff640 1 --2- >> [v2:172.21.15.165:3300/0,v1:172.21.15.165:6789/0] conn(0x7f64741083a0 0x7f647410a790 unknown :-1 s=HELLO_CONNECTING pgs=0 cs=0 l=0 rev1=1 crypto rx=0 tx=0 comp rx=0 tx=0).handle_hello peer v2:172.21.15.165:3300/0 says I am v2:172.21.15.165:59938/0 (socket says 172.21.15.165:59938)
2024-09-19T09:47:47.534 INFO:teuthology.orchestra.run.smithi165.stdout:/usr/bin/ceph: stderr
2024-09-19T09:47:46.322+0000 7f6473fff640 1 -- 172.21.15.165:0/553996849 learned_addr learned my addr 172.21.15.165:0/553996849 (peer_addr_for_me v2:172.21.15.165:0/0)
2024-09-19T09:47:47.534 INFO:teuthology.orchestra.run.smithi165.stdout:/usr/bin/ceph: stderr
2024-09-19T09:47:46.322+0000 7f6473fff640 1 -- 172.21.15.165:0/553996849 --> [v2:172.21.15.165:3300/0,v1:172.21.15.165:6789/0] -- mon_subscribe({config=0+,monmap=0+}) -- 0x7f647410acd0 con 0x7f64741083a0
2024-09-19T09:47:47.534 INFO:teuthology.orchestra.run.smithi165.stdout:/usr/bin/ceph: stderr
2024-09-19T09:47:46.322+0000 7f6473fff640 1 --2- 172.21.15.165:0/553996849 >> [v2:172.21.15.165:3300/0,v1:172.21.15.165:6789/0] conn(0x7f64741083a0 0x7f647410a790 secure :-1 s=READY pgs=53 cs=0 l=1 rev1=1 crypto rx=0x7f6464009820 tx=0x7f646402a270 comp rx=0 tx=0).ready entity=mon.0 client_cookie=918e3e905d24681e server_cookie=0 in_seq=0 out_seq=0
2024-09-19T09:47:47.534 INFO:teuthology.orchestra.run.smithi165.stdout:/usr/bin/ceph: stderr
2024-09-19T09:47:46.323+0000 7f6472ffd640 1 -- 172.21.15.165:0/553996849 <== mon.0 v2:172.21.15.165:3300/0 1 ==== mon_map magic: 0 ==== 205+0+0 (secure 0 0 0) 0x7f6464037070 con 0x7f64741083a0
2024-09-19T09:47:47.534 INFO:teuthology.orchestra.run.smithi165.stdout:/usr/bin/ceph: stderr
2024-09-19T09:47:46.323+0000 7f6472ffd640 1 -- 172.21.15.165:0/553996849 <== mon.0 v2:172.21.15.165:3300/0 2 ==== config(29 keys) ==== 1209+0+0 (secure 0 0 0) 0x7f6464032960 con 0x7f64741083a0
2024-09-19T09:47:47.534 INFO:teuthology.orchestra.run.smithi165.stdout:/usr/bin/ceph: stderr
2024-09-19T09:47:46.323+0000 7f6472ffd640 1 -- 172.21.15.165:0/553996849 <== mon.0 v2:172.21.15.165:3300/0 3 ==== mon_map magic: 0 ==== 205+0+0 (secure 0 0 0) 0x7f6464030980 con 0x7f64741083a0
2024-09-19T09:47:47.534 INFO:teuthology.orchestra.run.smithi165.stdout:/usr/bin/ceph: stderr
2024-09-19T09:47:46.323+0000 7f647a668640 1 -- 172.21.15.165:0/553996849 >> [v2:172.21.15.165:3300/0,v1:172.21.15.165:6789/0] conn(0x7f64741083a0 msgr2=0x7f647410a790 secure :-1 s=STATE_CONNECTION_ESTABLISHED l=1).mark_down
2024-09-19T09:47:47.534 INFO:teuthology.orchestra.run.smithi165.stdout:/usr/bin/ceph: stderr
2024-09-19T09:47:46.323+0000 7f647a668640 1 --2- 172.21.15.165:0/553996849 >> [v2:172.21.15.165:3300/0,v1:172.21.15.165:6789/0] conn(0x7f64741083a0 0x7f647410a790 secure :-1 s=READY pgs=53 cs=0 l=1 rev1=1 crypto rx=0x7f6464009820 tx=0x7f646402a270 comp rx=0 tx=0).stop
2024-09-19T09:47:47.534 INFO:teuthology.orchestra.run.smithi165.stdout:/usr/bin/ceph: stderr
2024-09-19T09:47:46.323+0000 7f647a668640 1 -- 172.21.15.165:0/553996849 shutdown_connections
2024-09-19T09:47:47.535 INFO:teuthology.orchestra.run.smithi165.stdout:/usr/bin/ceph: stderr
2024-09-19T09:47:46.323+0000 7f647a668640 1 --2- 172.21.15.165:0/553996849 >> [v2:172.21.15.165:3300/0,v1:172.21.15.165:6789/0] conn(0x7f64741083a0 0x7f647410a790 unknown :-1 s=CLOSED pgs=53 cs=0 l=1 rev1=1 crypto rx=0 tx=0 comp rx=0 tx=0).stop
2024-09-19T09:47:47.535 INFO:teuthology.orchestra.run.smithi165.stdout:/usr/bin/ceph: stderr
2024-09-19T09:47:46.323+0000 7f647a668640 1 -- 172.21.15.165:0/553996849 >> 172.21.15.165:0/553996849 conn(0x7f6474101f60 msgr2=0x7f64741043a0 unknown :-1 s=STATE_NONE l=0).mark_down
2024-09-19T09:47:47.535 INFO:teuthology.orchestra.run.smithi165.stdout:/usr/bin/ceph: stderr
2024-09-19T09:47:46.323+0000 7f647a668640 1 -- 172.21.15.165:0/553996849 shutdown_connections
2024-09-19T09:47:47.535 INFO:teuthology.orchestra.run.smithi165.stdout:/usr/bin/ceph: stderr
2024-09-19T09:47:46.323+0000 7f647a668640 1 -- 172.21.15.165:0/553996849 wait complete.
2024-09-19T09:47:47.535 INFO:teuthology.orchestra.run.smithi165.stdout:/usr/bin/ceph: stderr
2024-09-19T09:47:46.324+0000 7f647a668640 1 Processor -- start
2024-09-19T09:47:47.535 INFO:teuthology.orchestra.run.smithi165.stdout:/usr/bin/ceph: stderr
2024-09-19T09:47:46.324+0000 7f647a668640 1 -- start start
2024-09-19T09:47:47.535 INFO:teuthology.orchestra.run.smithi165.stdout:/usr/bin/ceph: stderr
2024-09-19T09:47:46.324+0000 7f647a668640 1 --2- >> [v2:172.21.15.165:3300/0,v1:172.21.15.165:6789/0] conn(0x7f64741083a0 0x7f647419b930 unknown :-1 s=NONE pgs=0 cs=0 l=1 rev1=0 crypto rx=0 tx=0 comp rx=0 tx=0).connect
2024-09-19T09:47:47.535 INFO:teuthology.orchestra.run.smithi165.stdout:/usr/bin/ceph: stderr
2024-09-19T09:47:46.324+0000 7f647a668640 1 -- --> [v2:172.21.15.165:3300/0,v1:172.21.15.165:6789/0] -- mon_getmap magic: 0 -- 0x7f647410bdb0 con 0x7f64741083a0
2024-09-19T09:47:47.535 INFO:teuthology.orchestra.run.smithi165.stdout:/usr/bin/ceph: stderr
2024-09-19T09:47:46.324+0000 7f6473fff640 1 --2- >> [v2:172.21.15.165:3300/0,v1:172.21.15.165:6789/0] conn(0x7f64741083a0 0x7f647419b930 unknown :-1 s=BANNER_CONNECTING pgs=0 cs=0 l=1 rev1=0 crypto rx=0 tx=0 comp rx=0 tx=0)._handle_peer_banner_payload supported=3 required=0
2024-09-19T09:47:47.535 INFO:teuthology.orchestra.run.smithi165.stdout:/usr/bin/ceph: stderr
2024-09-19T09:47:46.324+0000 7f6473fff640 1 --2- >> [v2:172.21.15.165:3300/0,v1:172.21.15.165:6789/0] conn(0x7f64741083a0 0x7f647419b930 unknown :-1 s=HELLO_CONNECTING pgs=0 cs=0 l=1 rev1=1 crypto rx=0 tx=0 comp rx=0 tx=0).handle_hello peer v2:172.21.15.165:3300/0 says I am v2:172.21.15.165:59942/0 (socket says 172.21.15.165:59942)
2024-09-19T09:47:47.535 INFO:teuthology.orchestra.run.smithi165.stdout:/usr/bin/ceph: stderr
2024-09-19T09:47:46.324+0000 7f6473fff640 1 -- 172.21.15.165:0/1245912542 learned_addr learned my addr 172.21.15.165:0/1245912542 (peer_addr_for_me v2:172.21.15.165:0/0)
2024-09-19T09:47:47.535 INFO:teuthology.orchestra.run.smithi165.stdout:/usr/bin/ceph: stderr
2024-09-19T09:47:46.324+0000 7f6473fff640 1 -- 172.21.15.165:0/1245912542 --> [v2:172.21.15.165:3300/0,v1:172.21.15.165:6789/0] -- mon_subscribe({config=0+,monmap=0+}) -- 0x7f647419be70 con 0x7f64741083a0
2024-09-19T09:47:47.535 INFO:teuthology.orchestra.run.smithi165.stdout:/usr/bin/ceph: stderr
2024-09-19T09:47:46.325+0000 7f6473fff640 1 --2- 172.21.15.165:0/1245912542 >> [v2:172.21.15.165:3300/0,v1:172.21.15.165:6789/0] conn(0x7f64741083a0 0x7f647419b930 secure :-1 s=READY pgs=54 cs=0 l=1 rev1=1 crypto rx=0x7f64640306d0 tx=0x7f6464032670 comp rx=0 tx=0).ready entity=mon.0 client_cookie=0 server_cookie=0 in_seq=0 out_seq=0
2024-09-19T09:47:47.536 INFO:teuthology.orchestra.run.smithi165.stdout:/usr/bin/ceph: stderr
2024-09-19T09:47:46.325+0000 7f64717fa640 1 -- 172.21.15.165:0/1245912542 <== mon.0 v2:172.21.15.165:3300/0 1 ==== mon_map magic: 0 ==== 205+0+0 (secure 0 0 0) 0x7f6464042070 con 0x7f64741083a0
2024-09-19T09:47:47.536 INFO:teuthology.orchestra.run.smithi165.stdout:/usr/bin/ceph: stderr
2024-09-19T09:47:46.325+0000 7f64717fa640 1 -- 172.21.15.165:0/1245912542 <== mon.0 v2:172.21.15.165:3300/0 2 ==== config(29 keys) ==== 1209+0+0 (secure 0 0 0) 0x7f6464030e30 con 0x7f64741083a0
2024-09-19T09:47:47.536 INFO:teuthology.orchestra.run.smithi165.stdout:/usr/bin/ceph: stderr
2024-09-19T09:47:46.325+0000 7f647a668640 1 -- 172.21.15.165:0/1245912542 --> [v2:172.21.15.165:3300/0,v1:172.21.15.165:6789/0] -- mon_subscribe({mgrmap=0+}) -- 0x7f647419c100 con 0x7f64741083a0
2024-09-19T09:47:47.536 INFO:teuthology.orchestra.run.smithi165.stdout:/usr/bin/ceph: stderr
2024-09-19T09:47:46.325+0000 7f64717fa640 1 -- 172.21.15.165:0/1245912542 <== mon.0 v2:172.21.15.165:3300/0 3 ==== mon_map magic: 0 ==== 205+0+0 (secure 0 0 0) 0x7f6464037040 con 0x7f64741083a0
2024-09-19T09:47:47.536 INFO:teuthology.orchestra.run.smithi165.stdout:/usr/bin/ceph: stderr
2024-09-19T09:47:46.325+0000 7f647a668640 1 -- 172.21.15.165:0/1245912542 --> [v2:172.21.15.165:3300/0,v1:172.21.15.165:6789/0] -- mon_subscribe({osdmap=0}) -- 0x7f647419edf0 con 0x7f64741083a0
2024-09-19T09:47:47.536 INFO:teuthology.orchestra.run.smithi165.stdout:/usr/bin/ceph: stderr
2024-09-19T09:47:46.326+0000 7f647a668640 1 -- 172.21.15.165:0/1245912542 --> [v2:172.21.15.165:3300/0,v1:172.21.15.165:6789/0] -- mon_command({"prefix": "get_command_descriptions"} v 0) -- 0x7f6474108780 con 0x7f64741083a0
2024-09-19T09:47:47.536 INFO:teuthology.orchestra.run.smithi165.stdout:/usr/bin/ceph: stderr
2024-09-19T09:47:46.326+0000 7f64717fa640 1 -- 172.21.15.165:0/1245912542 <== mon.0 v2:172.21.15.165:3300/0 4 ==== mgrmap(e 8) ==== 46461+0+0 (secure 0 0 0) 0x7f6464045070 con 0x7f64741083a0
2024-09-19T09:47:47.536 INFO:teuthology.orchestra.run.smithi165.stdout:/usr/bin/ceph: stderr
2024-09-19T09:47:46.326+0000 7f64717fa640 1 --2- 172.21.15.165:0/1245912542 >> [v2:172.21.15.165:6800/2752777114,v1:172.21.15.165:6801/2752777114] conn(0x7f645c039200 0x7f645c03b6c0 unknown :-1 s=NONE pgs=0 cs=0 l=1 rev1=0 crypto rx=0 tx=0 comp rx=0 tx=0).connect
2024-09-19T09:47:47.536 INFO:teuthology.orchestra.run.smithi165.stdout:/usr/bin/ceph: stderr
2024-09-19T09:47:46.326+0000 7f64717fa640 1 -- 172.21.15.165:0/1245912542 <== mon.0 v2:172.21.15.165:3300/0 5 ==== osd_map(2..2 src has 1..2) ==== 940+0+0 (secure 0 0 0) 0x7f646406c240 con 0x7f64741083a0
2024-09-19T09:47:47.536 INFO:teuthology.orchestra.run.smithi165.stdout:/usr/bin/ceph: stderr
2024-09-19T09:47:46.326+0000 7f64737fe640 1 --2- 172.21.15.165:0/1245912542 >> [v2:172.21.15.165:6800/2752777114,v1:172.21.15.165:6801/2752777114] conn(0x7f645c039200 0x7f645c03b6c0 unknown :-1 s=BANNER_CONNECTING pgs=0 cs=0 l=1 rev1=0 crypto rx=0 tx=0 comp rx=0 tx=0)._handle_peer_banner_payload supported=3 required=0
2024-09-19T09:47:47.536 INFO:teuthology.orchestra.run.smithi165.stdout:/usr/bin/ceph: stderr
2024-09-19T09:47:46.327+0000 7f64737fe640 1 --2- 172.21.15.165:0/1245912542 >> [v2:172.21.15.165:6800/2752777114,v1:172.21.15.165:6801/2752777114] conn(0x7f645c039200 0x7f645c03b6c0 secure :-1 s=READY pgs=16 cs=0 l=1 rev1=1 crypto rx=0x7f64680098c0 tx=0x7f6468006db0 comp rx=0 tx=0).ready entity=mgr.14118 client_cookie=0 server_cookie=0 in_seq=0 out_seq=0
2024-09-19T09:47:47.536 INFO:teuthology.orchestra.run.smithi165.stdout:/usr/bin/ceph: stderr
2024-09-19T09:47:46.331+0000 7f64717fa640 1 -- 172.21.15.165:0/1245912542 <== mon.0 v2:172.21.15.165:3300/0 6 ==== mon_command_ack([{"prefix": "get_command_descriptions"}]=0 v0) ==== 72+0+188913 (secure 0 0 0) 0x7f646404b170 con 0x7f64741083a0
2024-09-19T09:47:47.536 INFO:teuthology.orchestra.run.smithi165.stdout:/usr/bin/ceph: stderr
2024-09-19T09:47:46.547+0000 7f647a668640 1 -- 172.21.15.165:0/1245912542 --> [v2:172.21.15.165:3300/0,v1:172.21.15.165:6789/0] -- mon_command({"prefix": "mgr module enable", "module": "dashboard"} v 0) -- 0x7f647419f3e0 con 0x7f64741083a0
2024-09-19T09:47:47.537 INFO:teuthology.orchestra.run.smithi165.stdout:/usr/bin/ceph: stderr
2024-09-19T09:47:46.598+0000 7f64717fa640 1 -- 172.21.15.165:0/1245912542 <== mon.0 v2:172.21.15.165:3300/0 7 ==== mon_command_ack([{"prefix": "mgr module enable", "module": "dashboard"}]=0 v9) ==== 88+0+0 (secure 0 0 0) 0x7f646403cde0 con 0x7f64741083a0
2024-09-19T09:47:47.537 INFO:teuthology.orchestra.run.smithi165.stdout:/usr/bin/ceph: stderr
2024-09-19T09:47:46.600+0000 7f64717fa640 1 -- 172.21.15.165:0/1245912542 <== mon.0 v2:172.21.15.165:3300/0 8 ==== mgrmap(e 9) ==== 46474+0+0 (secure 0 0 0) 0x7f646403c8a0 con 0x7f64741083a0
2024-09-19T09:47:47.537 INFO:teuthology.orchestra.run.smithi165.stdout:/usr/bin/ceph: stderr
2024-09-19T09:47:46.601+0000 7f647a668640 1 -- 172.21.15.165:0/1245912542 >> [v2:172.21.15.165:6800/2752777114,v1:172.21.15.165:6801/2752777114] conn(0x7f645c039200 msgr2=0x7f645c03b6c0 secure :-1 s=STATE_CONNECTION_ESTABLISHED l=1).mark_down
2024-09-19T09:47:47.537 INFO:teuthology.orchestra.run.smithi165.stdout:/usr/bin/ceph: stderr
2024-09-19T09:47:46.601+0000 7f647a668640 1 --2- 172.21.15.165:0/1245912542 >> [v2:172.21.15.165:6800/2752777114,v1:172.21.15.165:6801/2752777114] conn(0x7f645c039200 0x7f645c03b6c0 secure :-1 s=READY pgs=16 cs=0 l=1 rev1=1 crypto rx=0x7f64680098c0 tx=0x7f6468006db0 comp rx=0 tx=0).stop
2024-09-19T09:47:47.537 INFO:teuthology.orchestra.run.smithi165.stdout:/usr/bin/ceph: stderr
2024-09-19T09:47:46.601+0000 7f647a668640 1 -- 172.21.15.165:0/1245912542 >> [v2:172.21.15.165:3300/0,v1:172.21.15.165:6789/0] conn(0x7f64741083a0 msgr2=0x7f647419b930 secure :-1 s=STATE_CONNECTION_ESTABLISHED l=1).mark_down
2024-09-19T09:47:47.537 INFO:teuthology.orchestra.run.smithi165.stdout:/usr/bin/ceph: stderr
2024-09-19T09:47:46.601+0000 7f647a668640 1 --2- 172.21.15.165:0/1245912542 >> [v2:172.21.15.165:3300/0,v1:172.21.15.165:6789/0] conn(0x7f64741083a0 0x7f647419b930 secure :-1 s=READY pgs=54 cs=0 l=1 rev1=1 crypto rx=0x7f64640306d0 tx=0x7f6464032670 comp rx=0 tx=0).stop
2024-09-19T09:47:47.537 INFO:teuthology.orchestra.run.smithi165.stdout:/usr/bin/ceph: stderr
2024-09-19T09:47:46.601+0000 7f647a668640 1 -- 172.21.15.165:0/1245912542 shutdown_connections
2024-09-19T09:47:47.537 INFO:teuthology.orchestra.run.smithi165.stdout:/usr/bin/ceph: stderr
2024-09-19T09:47:46.601+0000 7f647a668640 1 --2- 172.21.15.165:0/1245912542 >> [v2:172.21.15.165:6800/2752777114,v1:172.21.15.165:6801/2752777114] conn(0x7f645c039200 0x7f645c03b6c0 unknown :-1 s=CLOSED pgs=16 cs=0 l=1 rev1=1 crypto rx=0 tx=0 comp rx=0 tx=0).stop
2024-09-19T09:47:47.537 INFO:teuthology.orchestra.run.smithi165.stdout:/usr/bin/ceph: stderr
2024-09-19T09:47:46.601+0000 7f647a668640 1 --2- 172.21.15.165:0/1245912542 >> [v2:172.21.15.165:3300/0,v1:172.21.15.165:6789/0] conn(0x7f64741083a0 0x7f647419b930 unknown :-1 s=CLOSED pgs=54 cs=0 l=1 rev1=1 crypto rx=0 tx=0 comp rx=0 tx=0).stop
2024-09-19T09:47:47.537 INFO:teuthology.orchestra.run.smithi165.stdout:/usr/bin/ceph: stderr
2024-09-19T09:47:46.601+0000 7f647a668640 1 -- 172.21.15.165:0/1245912542 >> 172.21.15.165:0/1245912542 conn(0x7f6474101f60 msgr2=0x7f6474102af0 unknown :-1 s=STATE_NONE l=0).mark_down
2024-09-19T09:47:47.537 INFO:teuthology.orchestra.run.smithi165.stdout:/usr/bin/ceph: stderr
2024-09-19T09:47:46.602+0000 7f647a668640 1 -- 172.21.15.165:0/1245912542 shutdown_connections
2024-09-19T09:47:47.537 INFO:teuthology.orchestra.run.smithi165.stdout:/usr/bin/ceph: stderr
2024-09-19T09:47:46.602+0000 7f647a668640 1 -- 172.21.15.165:0/1245912542 wait complete.
2024-09-19T09:47:47.829 INFO:journalctl@ceph.mon.a.smithi165.stdout:Sep 19 09:47:47 smithi165 ceph-mon[31438]: from='client.? 172.21.15.165:0/1245912542' entity='client.admin' cmd='[{"prefix": "mgr module enable", "module": "dashboard"}]': finished
2024-09-19T09:47:47.829 INFO:journalctl@ceph.mon.a.smithi165.stdout:Sep 19 09:47:47 smithi165 ceph-mon[31438]: mgrmap e9: x(active, since 17s)
2024-09-19T09:47:47.829 INFO:journalctl@ceph.mgr.x.smithi165.stdout:Sep 19 09:47:47 smithi165 ceph-f8a52a3c-766b-11ef-bceb-c7b262605968-mgr-x[31665]:
2024-09-19T09:47:47.639+0000 7f0680e93040 -1 mgr[py] Module prometheus has missing NOTIFY_TYPES member
2024-09-19T09:47:47.829 INFO:journalctl@ceph.mgr.x.smithi165.stdout:Sep 19 09:47:47 smithi165 ceph-f8a52a3c-766b-11ef-bceb-c7b262605968-mgr-x[31665]:
2024-09-19T09:47:47.701+0000 7f0680e93040 -1 mgr[py] Module selftest has missing NOTIFY_TYPES member
2024-09-19T09:47:48.113 INFO:journalctl@ceph.mgr.x.smithi165.stdout:Sep 19 09:47:47 smithi165 ceph-f8a52a3c-766b-11ef-bceb-c7b262605968-mgr-x[31665]:
2024-09-19T09:47:47.893+0000 7f0680e93040 -1 mgr[py] Module volumes has missing NOTIFY_TYPES member
2024-09-19T09:47:48.818 INFO:journalctl@ceph.mon.a.smithi165.stdout:Sep 19 09:47:48 smithi165 ceph-mon[31438]: from='client.? 172.21.15.165:0/3053068941' entity='client.admin' cmd=[{"prefix": "mgr stat"}]: dispatch
2024-09-19T09:47:49.085 INFO:journalctl@ceph.mgr.x.smithi165.stdout:Sep 19 09:47:48 smithi165 ceph-f8a52a3c-766b-11ef-bceb-c7b262605968-mgr-x[31665]:
2024-09-19T09:47:48.821+0000 7f0680e93040 -1 mgr[py] Module telemetry has missing NOTIFY_TYPES member
2024-09-19T09:47:49.085 INFO:journalctl@ceph.mgr.x.smithi165.stdout:Sep 19 09:47:48 smithi165 ceph-f8a52a3c-766b-11ef-bceb-c7b262605968-mgr-x[31665]:
2024-09-19T09:47:48.889+0000 7f0680e93040 -1 mgr[py] Module balancer has missing NOTIFY_TYPES member
2024-09-19T09:47:49.093 INFO:teuthology.orchestra.run.smithi165.stdout:/usr/bin/ceph: stdout {
2024-09-19T09:47:49.093 INFO:teuthology.orchestra.run.smithi165.stdout:/usr/bin/ceph: stdout "epoch": 9,
2024-09-19T09:47:49.093 INFO:teuthology.orchestra.run.smithi165.stdout:/usr/bin/ceph: stdout "available": true,
2024-09-19T09:47:49.093 INFO:teuthology.orchestra.run.smithi165.stdout:/usr/bin/ceph: stdout "active_name": "x",
2024-09-19T09:47:49.093 INFO:teuthology.orchestra.run.smithi165.stdout:/usr/bin/ceph: stdout "num_standby": 0
2024-09-19T09:47:49.093 INFO:teuthology.orchestra.run.smithi165.stdout:/usr/bin/ceph: stdout }
2024-09-19T09:47:49.093 INFO:teuthology.orchestra.run.smithi165.stdout:/usr/bin/ceph: stderr
2024-09-19T09:47:47.905+0000 7faaf0fc5640 1 Processor -- start
2024-09-19T09:47:49.094 INFO:teuthology.orchestra.run.smithi165.stdout:/usr/bin/ceph: stderr
2024-09-19T09:47:47.905+0000 7faaf0fc5640 1 -- start start
2024-09-19T09:47:49.094 INFO:teuthology.orchestra.run.smithi165.stdout:/usr/bin/ceph: stderr
2024-09-19T09:47:47.905+0000 7faaf0fc5640 1 --2- >> [v2:172.21.15.165:3300/0,v1:172.21.15.165:6789/0] conn(0x7faaec107900 0x7faaec107d00 unknown :-1 s=NONE pgs=0 cs=0 l=0 rev1=0 crypto rx=0 tx=0 comp rx=0 tx=0).connect
2024-09-19T09:47:49.094 INFO:teuthology.orchestra.run.smithi165.stdout:/usr/bin/ceph: stderr
2024-09-19T09:47:47.905+0000 7faaf0fc5640 1 -- --> [v2:172.21.15.165:3300/0,v1:172.21.15.165:6789/0] -- mon_getmap magic: 0 -- 0x7faaec1082d0 con 0x7faaec107900
2024-09-19T09:47:49.094 INFO:teuthology.orchestra.run.smithi165.stdout:/usr/bin/ceph: stderr
2024-09-19T09:47:47.905+0000 7faaea59c640 1 --2- >> [v2:172.21.15.165:3300/0,v1:172.21.15.165:6789/0] conn(0x7faaec107900 0x7faaec107d00 unknown :-1 s=BANNER_CONNECTING pgs=0 cs=0 l=0 rev1=0 crypto rx=0 tx=0 comp rx=0 tx=0)._handle_peer_banner_payload supported=3 required=0
2024-09-19T09:47:49.094 INFO:teuthology.orchestra.run.smithi165.stdout:/usr/bin/ceph: stderr
2024-09-19T09:47:47.905+0000 7faaea59c640 1 --2- >> [v2:172.21.15.165:3300/0,v1:172.21.15.165:6789/0] conn(0x7faaec107900 0x7faaec107d00 unknown :-1 s=HELLO_CONNECTING pgs=0 cs=0 l=0 rev1=1 crypto rx=0 tx=0 comp rx=0 tx=0).handle_hello peer v2:172.21.15.165:3300/0 says I am v2:172.21.15.165:59970/0 (socket says 172.21.15.165:59970)
2024-09-19T09:47:49.094 INFO:teuthology.orchestra.run.smithi165.stdout:/usr/bin/ceph: stderr
2024-09-19T09:47:47.905+0000 7faaea59c640 1 -- 172.21.15.165:0/744586969 learned_addr learned my addr 172.21.15.165:0/744586969 (peer_addr_for_me v2:172.21.15.165:0/0)
2024-09-19T09:47:49.094 INFO:teuthology.orchestra.run.smithi165.stdout:/usr/bin/ceph: stderr
2024-09-19T09:47:47.906+0000 7faaea59c640 1 -- 172.21.15.165:0/744586969 --> [v2:172.21.15.165:3300/0,v1:172.21.15.165:6789/0] -- mon_subscribe({config=0+,monmap=0+}) -- 0x7faaec108a60 con 0x7faaec107900
2024-09-19T09:47:49.094 INFO:teuthology.orchestra.run.smithi165.stdout:/usr/bin/ceph: stderr
2024-09-19T09:47:47.906+0000 7faaea59c640 1 --2- 172.21.15.165:0/744586969 >> [v2:172.21.15.165:3300/0,v1:172.21.15.165:6789/0] conn(0x7faaec107900 0x7faaec107d00 secure :-1 s=READY pgs=57 cs=0 l=1 rev1=1 crypto rx=0x7faadc009820 tx=0x7faadc02a270 comp rx=0 tx=0).ready entity=mon.0 client_cookie=240d2793270e51c5 server_cookie=0 in_seq=0 out_seq=0
2024-09-19T09:47:49.094 INFO:teuthology.orchestra.run.smithi165.stdout:/usr/bin/ceph: stderr
2024-09-19T09:47:47.906+0000 7faae959a640 1 -- 172.21.15.165:0/744586969 <== mon.0 v2:172.21.15.165:3300/0 1 ==== mon_map magic: 0 ==== 205+0+0 (secure 0 0 0) 0x7faadc037070 con 0x7faaec107900
2024-09-19T09:47:49.094 INFO:teuthology.orchestra.run.smithi165.stdout:/usr/bin/ceph: stderr
2024-09-19T09:47:47.907+0000 7faae959a640 1 -- 172.21.15.165:0/744586969 <== mon.0 v2:172.21.15.165:3300/0 2 ==== config(29 keys) ==== 1209+0+0 (secure 0 0 0) 0x7faadc032960 con 0x7faaec107900
2024-09-19T09:47:49.094 INFO:teuthology.orchestra.run.smithi165.stdout:/usr/bin/ceph: stderr
2024-09-19T09:47:47.907+0000 7faae959a640 1 -- 172.21.15.165:0/744586969 <== mon.0 v2:172.21.15.165:3300/0 3 ==== mon_map magic: 0 ==== 205+0+0 (secure 0 0 0) 0x7faadc030980 con 0x7faaec107900
2024-09-19T09:47:49.094 INFO:teuthology.orchestra.run.smithi165.stdout:/usr/bin/ceph: stderr
2024-09-19T09:47:47.907+0000 7faaf0fc5640 1 -- 172.21.15.165:0/744586969 >> [v2:172.21.15.165:3300/0,v1:172.21.15.165:6789/0] conn(0x7faaec107900 msgr2=0x7faaec107d00 secure :-1 s=STATE_CONNECTION_ESTABLISHED l=1).mark_down
2024-09-19T09:47:49.094 INFO:teuthology.orchestra.run.smithi165.stdout:/usr/bin/ceph: stderr
2024-09-19T09:47:47.907+0000 7faaf0fc5640 1 --2- 172.21.15.165:0/744586969 >> [v2:172.21.15.165:3300/0,v1:172.21.15.165:6789/0] conn(0x7faaec107900 0x7faaec107d00 secure :-1 s=READY pgs=57 cs=0 l=1 rev1=1 crypto rx=0x7faadc009820 tx=0x7faadc02a270 comp rx=0 tx=0).stop
2024-09-19T09:47:49.095 INFO:teuthology.orchestra.run.smithi165.stdout:/usr/bin/ceph: stderr
2024-09-19T09:47:47.907+0000 7faaf0fc5640 1 -- 172.21.15.165:0/744586969 shutdown_connections
2024-09-19T09:47:49.095 INFO:teuthology.orchestra.run.smithi165.stdout:/usr/bin/ceph: stderr
2024-09-19T09:47:47.907+0000 7faaf0fc5640 1 --2- 172.21.15.165:0/744586969 >> [v2:172.21.15.165:3300/0,v1:172.21.15.165:6789/0] conn(0x7faaec107900 0x7faaec107d00 unknown :-1 s=CLOSED pgs=57 cs=0 l=1 rev1=1 crypto rx=0 tx=0 comp rx=0 tx=0).stop
2024-09-19T09:47:49.095 INFO:teuthology.orchestra.run.smithi165.stdout:/usr/bin/ceph: stderr
2024-09-19T09:47:47.907+0000 7faaf0fc5640 1 -- 172.21.15.165:0/744586969 >> 172.21.15.165:0/744586969 conn(0x7faaec103070 msgr2=0x7faaec1054d0 unknown :-1 s=STATE_NONE l=0).mark_down
2024-09-19T09:47:49.095 INFO:teuthology.orchestra.run.smithi165.stdout:/usr/bin/ceph: stderr
2024-09-19T09:47:47.907+0000 7faaf0fc5640 1 -- 172.21.15.165:0/744586969 shutdown_connections
2024-09-19T09:47:49.095 INFO:teuthology.orchestra.run.smithi165.stdout:/usr/bin/ceph: stderr
2024-09-19T09:47:47.907+0000 7faaf0fc5640 1 -- 172.21.15.165:0/744586969 wait complete.
2024-09-19T09:47:49.095 INFO:teuthology.orchestra.run.smithi165.stdout:/usr/bin/ceph: stderr
2024-09-19T09:47:47.908+0000 7faaf0fc5640 1 Processor -- start
2024-09-19T09:47:49.095 INFO:teuthology.orchestra.run.smithi165.stdout:/usr/bin/ceph: stderr
2024-09-19T09:47:47.908+0000 7faaf0fc5640 1 -- start start
2024-09-19T09:47:49.095 INFO:teuthology.orchestra.run.smithi165.stdout:/usr/bin/ceph: stderr
2024-09-19T09:47:47.908+0000 7faaf0fc5640 1 --2- >> [v2:172.21.15.165:3300/0,v1:172.21.15.165:6789/0] conn(0x7faaec107900 0x7faaec19b950 unknown :-1 s=NONE pgs=0 cs=0 l=1 rev1=0 crypto rx=0 tx=0 comp rx=0 tx=0).connect
2024-09-19T09:47:49.095 INFO:teuthology.orchestra.run.smithi165.stdout:/usr/bin/ceph: stderr
2024-09-19T09:47:47.908+0000 7faaf0fc5640 1 -- --> [v2:172.21.15.165:3300/0,v1:172.21.15.165:6789/0] -- mon_getmap magic: 0 -- 0x7faaec10be10 con 0x7faaec107900
2024-09-19T09:47:49.095 INFO:teuthology.orchestra.run.smithi165.stdout:/usr/bin/ceph: stderr
2024-09-19T09:47:47.908+0000 7faaea59c640 1 --2- >> [v2:172.21.15.165:3300/0,v1:172.21.15.165:6789/0] conn(0x7faaec107900 0x7faaec19b950 unknown :-1 s=BANNER_CONNECTING pgs=0 cs=0 l=1 rev1=0 crypto rx=0 tx=0 comp rx=0 tx=0)._handle_peer_banner_payload supported=3 required=0
2024-09-19T09:47:49.095 INFO:teuthology.orchestra.run.smithi165.stdout:/usr/bin/ceph: stderr
2024-09-19T09:47:47.908+0000 7faaea59c640 1 --2- >> [v2:172.21.15.165:3300/0,v1:172.21.15.165:6789/0] conn(0x7faaec107900 0x7faaec19b950 unknown :-1 s=HELLO_CONNECTING pgs=0 cs=0 l=1 rev1=1 crypto rx=0 tx=0 comp rx=0 tx=0).handle_hello peer v2:172.21.15.165:3300/0 says I am v2:172.21.15.165:59982/0 (socket says 172.21.15.165:59982)
2024-09-19T09:47:49.095 INFO:teuthology.orchestra.run.smithi165.stdout:/usr/bin/ceph: stderr
2024-09-19T09:47:47.908+0000 7faaea59c640 1 -- 172.21.15.165:0/3053068941 learned_addr learned my addr 172.21.15.165:0/3053068941 (peer_addr_for_me v2:172.21.15.165:0/0)
2024-09-19T09:47:49.096 INFO:teuthology.orchestra.run.smithi165.stdout:/usr/bin/ceph: stderr
2024-09-19T09:47:47.909+0000 7faaea59c640 1 -- 172.21.15.165:0/3053068941 --> [v2:172.21.15.165:3300/0,v1:172.21.15.165:6789/0] -- mon_subscribe({config=0+,monmap=0+}) -- 0x7faaec19be90 con 0x7faaec107900
2024-09-19T09:47:49.096 INFO:teuthology.orchestra.run.smithi165.stdout:/usr/bin/ceph: stderr
2024-09-19T09:47:47.909+0000 7faaea59c640 1 --2- 172.21.15.165:0/3053068941 >> [v2:172.21.15.165:3300/0,v1:172.21.15.165:6789/0] conn(0x7faaec107900 0x7faaec19b950 secure :-1 s=READY pgs=58 cs=0 l=1 rev1=1 crypto rx=0x7faadc0097f0 tx=0x7faadc032e80 comp rx=0 tx=0).ready entity=mon.0 client_cookie=0 server_cookie=0 in_seq=0 out_seq=0
2024-09-19T09:47:49.096 INFO:teuthology.orchestra.run.smithi165.stdout:/usr/bin/ceph: stderr
2024-09-19T09:47:47.909+0000 7faadb7fe640 1 -- 172.21.15.165:0/3053068941 <== mon.0 v2:172.21.15.165:3300/0 1 ==== mon_map magic: 0 ==== 205+0+0 (secure 0 0 0) 0x7faadc042070 con 0x7faaec107900
2024-09-19T09:47:49.096 INFO:teuthology.orchestra.run.smithi165.stdout:/usr/bin/ceph: stderr
2024-09-19T09:47:47.909+0000 7faaf0fc5640 1 -- 172.21.15.165:0/3053068941 --> [v2:172.21.15.165:3300/0,v1:172.21.15.165:6789/0] -- mon_subscribe({mgrmap=0+}) -- 0x7faaec19c120 con 0x7faaec107900
2024-09-19T09:47:49.096 INFO:teuthology.orchestra.run.smithi165.stdout:/usr/bin/ceph: stderr
2024-09-19T09:47:47.909+0000 7faadb7fe640 1 -- 172.21.15.165:0/3053068941 <== mon.0 v2:172.21.15.165:3300/0 2 ==== config(29 keys) ==== 1209+0+0 (secure 0 0 0) 0x7faadc032670 con 0x7faaec107900
2024-09-19T09:47:49.096 INFO:teuthology.orchestra.run.smithi165.stdout:/usr/bin/ceph: stderr
2024-09-19T09:47:47.909+0000 7faadb7fe640 1 -- 172.21.15.165:0/3053068941 <== mon.0 v2:172.21.15.165:3300/0 3 ==== mon_map magic: 0 ==== 205+0+0 (secure 0 0 0) 0x7faadc037040 con 0x7faaec107900
2024-09-19T09:47:49.096 INFO:teuthology.orchestra.run.smithi165.stdout:/usr/bin/ceph: stderr
2024-09-19T09:47:47.909+0000 7faaf0fc5640 1 -- 172.21.15.165:0/3053068941 --> [v2:172.21.15.165:3300/0,v1:172.21.15.165:6789/0] -- mon_subscribe({osdmap=0}) -- 0x7faaec19ee10 con 0x7faaec107900
2024-09-19T09:47:49.096 INFO:teuthology.orchestra.run.smithi165.stdout:/usr/bin/ceph: stderr
2024-09-19T09:47:47.910+0000 7faadb7fe640 1 -- 172.21.15.165:0/3053068941 <== mon.0 v2:172.21.15.165:3300/0 4 ==== mgrmap(e 9) ==== 46474+0+0 (secure 0 0 0) 0x7faadc045070 con 0x7faaec107900
2024-09-19T09:47:49.096 INFO:teuthology.orchestra.run.smithi165.stdout:/usr/bin/ceph: stderr
2024-09-19T09:47:47.910+0000 7faadb7fe640 1 --2- 172.21.15.165:0/3053068941 >> [v2:172.21.15.165:6800/2752777114,v1:172.21.15.165:6801/2752777114] conn(0x7faad4039200 0x7faad403b6c0 unknown :-1 s=NONE pgs=0 cs=0 l=1 rev1=0 crypto rx=0 tx=0 comp rx=0 tx=0).connect
2024-09-19T09:47:49.096 INFO:teuthology.orchestra.run.smithi165.stdout:/usr/bin/ceph: stderr
2024-09-19T09:47:47.910+0000 7faadb7fe640 1 -- 172.21.15.165:0/3053068941 <== mon.0 v2:172.21.15.165:3300/0 5 ==== osd_map(2..2 src has 1..2) ==== 940+0+0 (secure 0 0 0) 0x7faadc06c300 con 0x7faaec107900
2024-09-19T09:47:49.096 INFO:teuthology.orchestra.run.smithi165.stdout:/usr/bin/ceph: stderr
2024-09-19T09:47:47.910+0000 7faae9d9b640 1 -- 172.21.15.165:0/3053068941 >> [v2:172.21.15.165:6800/2752777114,v1:172.21.15.165:6801/2752777114] conn(0x7faad4039200 msgr2=0x7faad403b6c0 unknown :-1 s=STATE_CONNECTING_RE l=1).process reconnect failed to v2:172.21.15.165:6800/2752777114
2024-09-19T09:47:49.096 INFO:teuthology.orchestra.run.smithi165.stdout:/usr/bin/ceph: stderr
