2024-09-20T22:00:43.703+0000 7fb5c77fe640 1 --2- 172.21.15.83:0/1655404750 >> [v2:172.21.15.83:6800/2432298263,v1:172.21.15.83:6801/2432298263] conn(0x7fb5b0039380 0x7fb5b003b830 unknown :-1 s=BANNER_CONNECTING pgs=0 cs=0 l=1 rev1=0 crypto rx=0 tx=0 comp rx=0 tx=0)._handle_peer_banner_payload supported=3 required=0
2024-09-20T22:00:44.698 INFO:teuthology.orchestra.run.smithi083.stdout:/usr/bin/ceph: stderr
2024-09-20T22:00:43.704+0000 7fb5c77fe640 1 --2- 172.21.15.83:0/1655404750 >> [v2:172.21.15.83:6800/2432298263,v1:172.21.15.83:6801/2432298263] conn(0x7fb5b0039380 0x7fb5b003b830 secure :-1 s=READY pgs=7 cs=0 l=1 rev1=1 crypto rx=0x7fb5bc006fd0 tx=0x7fb5bc006db0 comp rx=0 tx=0).ready entity=mgr.14118 client_cookie=0 server_cookie=0 in_seq=0 out_seq=0
2024-09-20T22:00:44.698 INFO:teuthology.orchestra.run.smithi083.stdout:/usr/bin/ceph: stderr
2024-09-20T22:00:43.708+0000 7fb5c4ff9640 1 -- 172.21.15.83:0/1655404750 <== mon.0 v2:172.21.15.83:3300/0 6 ==== mon_command_ack([{"prefix": "get_command_descriptions"}]=0 v0) v1 ==== 72+0+176781 (secure 0 0 0) 0x7fb5b8037020 con 0x7fb5c8076b00
2024-09-20T22:00:44.698 INFO:teuthology.orchestra.run.smithi083.stdout:/usr/bin/ceph: stderr
2024-09-20T22:00:43.873+0000 7fb5ce969640 1 -- 172.21.15.83:0/1655404750 --> [v2:172.21.15.83:6800/2432298263,v1:172.21.15.83:6801/2432298263] -- mgr_command(tid 0: {"prefix": "orch set backend", "module_name": "cephadm", "target": ["mon-mgr", ""]}) v1 -- 0x7fb5c8101480 con 0x7fb5b0039380
2024-09-20T22:00:44.698 INFO:teuthology.orchestra.run.smithi083.stdout:/usr/bin/ceph: stderr
2024-09-20T22:00:43.881+0000 7fb5c4ff9640 1 -- 172.21.15.83:0/1655404750 <== mgr.14118 v2:172.21.15.83:6800/2432298263 1 ==== mgr_command_reply(tid 0: 0 ) v1 ==== 8+0+0 (secure 0 0 0) 0x7fb5c8101480 con 0x7fb5b0039380
2024-09-20T22:00:44.698 INFO:teuthology.orchestra.run.smithi083.stdout:/usr/bin/ceph: stderr
2024-09-20T22:00:43.884+0000 7fb5ce969640 1 -- 172.21.15.83:0/1655404750 >> [v2:172.21.15.83:6800/2432298263,v1:172.21.15.83:6801/2432298263] conn(0x7fb5b0039380 msgr2=0x7fb5b003b830 secure :-1 s=STATE_CONNECTION_ESTABLISHED l=1).mark_down
2024-09-20T22:00:44.698 INFO:teuthology.orchestra.run.smithi083.stdout:/usr/bin/ceph: stderr
2024-09-20T22:00:43.884+0000 7fb5ce969640 1 --2- 172.21.15.83:0/1655404750 >> [v2:172.21.15.83:6800/2432298263,v1:172.21.15.83:6801/2432298263] conn(0x7fb5b0039380 0x7fb5b003b830 secure :-1 s=READY pgs=7 cs=0 l=1 rev1=1 crypto rx=0x7fb5bc006fd0 tx=0x7fb5bc006db0 comp rx=0 tx=0).stop
2024-09-20T22:00:44.699 INFO:teuthology.orchestra.run.smithi083.stdout:/usr/bin/ceph: stderr
2024-09-20T22:00:43.884+0000 7fb5ce969640 1 -- 172.21.15.83:0/1655404750 >> [v2:172.21.15.83:3300/0,v1:172.21.15.83:6789/0] conn(0x7fb5c8076b00 msgr2=0x7fb5c8102540 secure :-1 s=STATE_CONNECTION_ESTABLISHED l=1).mark_down
2024-09-20T22:00:44.699 INFO:teuthology.orchestra.run.smithi083.stdout:/usr/bin/ceph: stderr
2024-09-20T22:00:43.884+0000 7fb5ce969640 1 --2- 172.21.15.83:0/1655404750 >> [v2:172.21.15.83:3300/0,v1:172.21.15.83:6789/0] conn(0x7fb5c8076b00 0x7fb5c8102540 secure :-1 s=READY pgs=36 cs=0 l=1 rev1=1 crypto rx=0x7fb5b8006f00 tx=0x7fb5b8008040 comp rx=0 tx=0).stop
2024-09-20T22:00:44.699 INFO:teuthology.orchestra.run.smithi083.stdout:/usr/bin/ceph: stderr
2024-09-20T22:00:43.884+0000 7fb5ce969640 1 -- 172.21.15.83:0/1655404750 shutdown_connections
2024-09-20T22:00:44.699 INFO:teuthology.orchestra.run.smithi083.stdout:/usr/bin/ceph: stderr
2024-09-20T22:00:43.884+0000 7fb5ce969640 1 --2- 172.21.15.83:0/1655404750 >> [v2:172.21.15.83:6800/2432298263,v1:172.21.15.83:6801/2432298263] conn(0x7fb5b0039380 0x7fb5b003b830 unknown :-1 s=CLOSED pgs=7 cs=0 l=1 rev1=1 crypto rx=0 tx=0 comp rx=0 tx=0).stop
2024-09-20T22:00:44.699 INFO:teuthology.orchestra.run.smithi083.stdout:/usr/bin/ceph: stderr
2024-09-20T22:00:43.884+0000 7fb5ce969640 1 --2- 172.21.15.83:0/1655404750 >> [v2:172.21.15.83:3300/0,v1:172.21.15.83:6789/0] conn(0x7fb5c8076b00 0x7fb5c8102540 unknown :-1 s=CLOSED pgs=36 cs=0 l=1 rev1=1 crypto rx=0 tx=0 comp rx=0 tx=0).stop
2024-09-20T22:00:44.699 INFO:teuthology.orchestra.run.smithi083.stdout:/usr/bin/ceph: stderr
2024-09-20T22:00:43.884+0000 7fb5ce969640 1 -- 172.21.15.83:0/1655404750 >> 172.21.15.83:0/1655404750 conn(0x7fb5c80fc700 msgr2=0x7fb5c80fd2d0 unknown :-1 s=STATE_NONE l=0).mark_down
2024-09-20T22:00:44.699 INFO:teuthology.orchestra.run.smithi083.stdout:/usr/bin/ceph: stderr
2024-09-20T22:00:43.884+0000 7fb5ce969640 1 -- 172.21.15.83:0/1655404750 shutdown_connections
2024-09-20T22:00:44.699 INFO:teuthology.orchestra.run.smithi083.stdout:/usr/bin/ceph: stderr
2024-09-20T22:00:43.884+0000 7fb5ce969640 1 -- 172.21.15.83:0/1655404750 wait complete.
2024-09-20T22:00:44.999 INFO:journalctl@ceph.mon.smithi083.smithi083.stdout:Sep 20 22:00:44 smithi083 ceph-mon[27589]: from='client.14130 -' entity='client.admin' cmd=[{"prefix": "orch set backend", "module_name": "cephadm", "target": ["mon-mgr", ""]}]: dispatch
2024-09-20T22:00:44.999 INFO:journalctl@ceph.mon.smithi083.smithi083.stdout:Sep 20 22:00:44 smithi083 ceph-mon[27589]: mgrmap e8: smithi083.zlblhh(active, since 2s)
2024-09-20T22:00:44.999 INFO:journalctl@ceph.mon.smithi083.smithi083.stdout:Sep 20 22:00:44 smithi083 ceph-mon[27589]: from='mgr.14118 172.21.15.83:0/1865909549' entity='mgr.smithi083.zlblhh' cmd=[{"prefix": "config dump", "format": "json"}]: dispatch
2024-09-20T22:00:45.773 INFO:teuthology.orchestra.run.smithi083.stdout:/usr/bin/ceph: stdout value unchanged
2024-09-20T22:00:45.777 INFO:teuthology.orchestra.run.smithi083.stdout:/usr/bin/ceph: stderr
2024-09-20T22:00:45.073+0000 7f232abf0640 1 Processor -- start
2024-09-20T22:00:45.777 INFO:teuthology.orchestra.run.smithi083.stdout:/usr/bin/ceph: stderr
2024-09-20T22:00:45.073+0000 7f232abf0640 1 -- start start
2024-09-20T22:00:45.778 INFO:teuthology.orchestra.run.smithi083.stdout:/usr/bin/ceph: stderr
2024-09-20T22:00:45.073+0000 7f232abf0640 1 --2- >> [v2:172.21.15.83:3300/0,v1:172.21.15.83:6789/0] conn(0x7f2324078c60 0x7f2324077230 unknown :-1 s=NONE pgs=0 cs=0 l=0 rev1=0 crypto rx=0 tx=0 comp rx=0 tx=0).connect
2024-09-20T22:00:45.778 INFO:teuthology.orchestra.run.smithi083.stdout:/usr/bin/ceph: stderr
2024-09-20T22:00:45.074+0000 7f232abf0640 1 -- --> [v2:172.21.15.83:3300/0,v1:172.21.15.83:6789/0] -- mon_getmap magic: 0 v1 -- 0x7f2324079070 con 0x7f2324078c60
2024-09-20T22:00:45.778 INFO:teuthology.orchestra.run.smithi083.stdout:/usr/bin/ceph: stderr
2024-09-20T22:00:45.074+0000 7f232898c640 1 --2- >> [v2:172.21.15.83:3300/0,v1:172.21.15.83:6789/0] conn(0x7f2324078c60 0x7f2324077230 unknown :-1 s=BANNER_CONNECTING pgs=0 cs=0 l=0 rev1=0 crypto rx=0 tx=0 comp rx=0 tx=0)._handle_peer_banner_payload supported=3 required=0
2024-09-20T22:00:45.778 INFO:teuthology.orchestra.run.smithi083.stdout:/usr/bin/ceph: stderr
2024-09-20T22:00:45.074+0000 7f232898c640 1 --2- >> [v2:172.21.15.83:3300/0,v1:172.21.15.83:6789/0] conn(0x7f2324078c60 0x7f2324077230 unknown :-1 s=HELLO_CONNECTING pgs=0 cs=0 l=0 rev1=1 crypto rx=0 tx=0 comp rx=0 tx=0).handle_hello peer v2:172.21.15.83:3300/0 says I am v2:172.21.15.83:44946/0 (socket says 172.21.15.83:44946)
2024-09-20T22:00:45.778 INFO:teuthology.orchestra.run.smithi083.stdout:/usr/bin/ceph: stderr
2024-09-20T22:00:45.074+0000 7f232898c640 1 -- 172.21.15.83:0/977399510 learned_addr learned my addr 172.21.15.83:0/977399510 (peer_addr_for_me v2:172.21.15.83:0/0)
2024-09-20T22:00:45.778 INFO:teuthology.orchestra.run.smithi083.stdout:/usr/bin/ceph: stderr
2024-09-20T22:00:45.074+0000 7f232898c640 1 -- 172.21.15.83:0/977399510 --> [v2:172.21.15.83:3300/0,v1:172.21.15.83:6789/0] -- mon_subscribe({config=0+,monmap=0+}) v3 -- 0x7f2324077770 con 0x7f2324078c60
2024-09-20T22:00:45.778 INFO:teuthology.orchestra.run.smithi083.stdout:/usr/bin/ceph: stderr
2024-09-20T22:00:45.075+0000 7f232898c640 1 --2- 172.21.15.83:0/977399510 >> [v2:172.21.15.83:3300/0,v1:172.21.15.83:6789/0] conn(0x7f2324078c60 0x7f2324077230 secure :-1 s=READY pgs=37 cs=0 l=1 rev1=1 crypto rx=0x7f2318009840 tx=0x7f23180091d0 comp rx=0 tx=0).ready entity=mon.0 client_cookie=f1f02175508c96c5 server_cookie=0 in_seq=0 out_seq=0
2024-09-20T22:00:45.778 INFO:teuthology.orchestra.run.smithi083.stdout:/usr/bin/ceph: stderr
2024-09-20T22:00:45.075+0000 7f23237fe640 1 -- 172.21.15.83:0/977399510 <== mon.0 v2:172.21.15.83:3300/0 1 ==== mon_map magic: 0 v1 ==== 229+0+0 (secure 0 0 0) 0x7f2318032440 con 0x7f2324078c60
2024-09-20T22:00:45.778 INFO:teuthology.orchestra.run.smithi083.stdout:/usr/bin/ceph: stderr
2024-09-20T22:00:45.075+0000 7f23237fe640 1 -- 172.21.15.83:0/977399510 <== mon.0 v2:172.21.15.83:3300/0 2 ==== config(26 keys) v1 ==== 1005+0+0 (secure 0 0 0) 0x7f2318032a00 con 0x7f2324078c60
2024-09-20T22:00:45.778 INFO:teuthology.orchestra.run.smithi083.stdout:/usr/bin/ceph: stderr
2024-09-20T22:00:45.075+0000 7f23237fe640 1 -- 172.21.15.83:0/977399510 <== mon.0 v2:172.21.15.83:3300/0 3 ==== mon_map magic: 0 v1 ==== 229+0+0 (secure 0 0 0) 0x7f23180319e0 con 0x7f2324078c60
2024-09-20T22:00:45.778 INFO:teuthology.orchestra.run.smithi083.stdout:/usr/bin/ceph: stderr
2024-09-20T22:00:45.075+0000 7f232abf0640 1 -- 172.21.15.83:0/977399510 >> [v2:172.21.15.83:3300/0,v1:172.21.15.83:6789/0] conn(0x7f2324078c60 msgr2=0x7f2324077230 secure :-1 s=STATE_CONNECTION_ESTABLISHED l=1).mark_down
2024-09-20T22:00:45.778 INFO:teuthology.orchestra.run.smithi083.stdout:/usr/bin/ceph: stderr
2024-09-20T22:00:45.075+0000 7f232abf0640 1 --2- 172.21.15.83:0/977399510 >> [v2:172.21.15.83:3300/0,v1:172.21.15.83:6789/0] conn(0x7f2324078c60 0x7f2324077230 secure :-1 s=READY pgs=37 cs=0 l=1 rev1=1 crypto rx=0x7f2318009840 tx=0x7f23180091d0 comp rx=0 tx=0).stop
2024-09-20T22:00:45.778 INFO:teuthology.orchestra.run.smithi083.stdout:/usr/bin/ceph: stderr
2024-09-20T22:00:45.075+0000 7f232abf0640 1 -- 172.21.15.83:0/977399510 shutdown_connections
2024-09-20T22:00:45.779 INFO:teuthology.orchestra.run.smithi083.stdout:/usr/bin/ceph: stderr
2024-09-20T22:00:45.075+0000 7f232abf0640 1 --2- 172.21.15.83:0/977399510 >> [v2:172.21.15.83:3300/0,v1:172.21.15.83:6789/0] conn(0x7f2324078c60 0x7f2324077230 unknown :-1 s=CLOSED pgs=37 cs=0 l=1 rev1=1 crypto rx=0 tx=0 comp rx=0 tx=0).stop
2024-09-20T22:00:45.779 INFO:teuthology.orchestra.run.smithi083.stdout:/usr/bin/ceph: stderr
2024-09-20T22:00:45.075+0000 7f232abf0640 1 -- 172.21.15.83:0/977399510 >> 172.21.15.83:0/977399510 conn(0x7f23240fd710 msgr2=0x7f23240ffb40 unknown :-1 s=STATE_NONE l=0).mark_down
2024-09-20T22:00:45.779 INFO:teuthology.orchestra.run.smithi083.stdout:/usr/bin/ceph: stderr
2024-09-20T22:00:45.075+0000 7f232abf0640 1 -- 172.21.15.83:0/977399510 shutdown_connections
2024-09-20T22:00:45.779 INFO:teuthology.orchestra.run.smithi083.stdout:/usr/bin/ceph: stderr
2024-09-20T22:00:45.075+0000 7f232abf0640 1 -- 172.21.15.83:0/977399510 wait complete.
2024-09-20T22:00:45.779 INFO:teuthology.orchestra.run.smithi083.stdout:/usr/bin/ceph: stderr
2024-09-20T22:00:45.076+0000 7f232abf0640 1 Processor -- start
2024-09-20T22:00:45.779 INFO:teuthology.orchestra.run.smithi083.stdout:/usr/bin/ceph: stderr
2024-09-20T22:00:45.076+0000 7f232abf0640 1 -- start start
2024-09-20T22:00:45.779 INFO:teuthology.orchestra.run.smithi083.stdout:/usr/bin/ceph: stderr
2024-09-20T22:00:45.076+0000 7f232abf0640 1 --2- >> [v2:172.21.15.83:3300/0,v1:172.21.15.83:6789/0] conn(0x7f2324078c60 0x7f2324112f20 unknown :-1 s=NONE pgs=0 cs=0 l=1 rev1=0 crypto rx=0 tx=0 comp rx=0 tx=0).connect
2024-09-20T22:00:45.779 INFO:teuthology.orchestra.run.smithi083.stdout:/usr/bin/ceph: stderr
2024-09-20T22:00:45.076+0000 7f232abf0640 1 -- --> [v2:172.21.15.83:3300/0,v1:172.21.15.83:6789/0] -- mon_getmap magic: 0 v1 -- 0x7f2324113460 con 0x7f2324078c60
2024-09-20T22:00:45.779 INFO:teuthology.orchestra.run.smithi083.stdout:/usr/bin/ceph: stderr
2024-09-20T22:00:45.076+0000 7f232898c640 1 --2- >> [v2:172.21.15.83:3300/0,v1:172.21.15.83:6789/0] conn(0x7f2324078c60 0x7f2324112f20 unknown :-1 s=BANNER_CONNECTING pgs=0 cs=0 l=1 rev1=0 crypto rx=0 tx=0 comp rx=0 tx=0)._handle_peer_banner_payload supported=3 required=0
2024-09-20T22:00:45.779 INFO:teuthology.orchestra.run.smithi083.stdout:/usr/bin/ceph: stderr
2024-09-20T22:00:45.076+0000 7f232898c640 1 --2- >> [v2:172.21.15.83:3300/0,v1:172.21.15.83:6789/0] conn(0x7f2324078c60 0x7f2324112f20 unknown :-1 s=HELLO_CONNECTING pgs=0 cs=0 l=1 rev1=1 crypto rx=0 tx=0 comp rx=0 tx=0).handle_hello peer v2:172.21.15.83:3300/0 says I am v2:172.21.15.83:44954/0 (socket says 172.21.15.83:44954)
2024-09-20T22:00:45.779 INFO:teuthology.orchestra.run.smithi083.stdout:/usr/bin/ceph: stderr
2024-09-20T22:00:45.076+0000 7f232898c640 1 -- 172.21.15.83:0/4104297125 learned_addr learned my addr 172.21.15.83:0/4104297125 (peer_addr_for_me v2:172.21.15.83:0/0)
2024-09-20T22:00:45.779 INFO:teuthology.orchestra.run.smithi083.stdout:/usr/bin/ceph: stderr
2024-09-20T22:00:45.077+0000 7f232898c640 1 -- 172.21.15.83:0/4104297125 --> [v2:172.21.15.83:3300/0,v1:172.21.15.83:6789/0] -- mon_subscribe({config=0+,monmap=0+}) v3 -- 0x7f2318009450 con 0x7f2324078c60
2024-09-20T22:00:45.779 INFO:teuthology.orchestra.run.smithi083.stdout:/usr/bin/ceph: stderr
2024-09-20T22:00:45.077+0000 7f232898c640 1 --2- 172.21.15.83:0/4104297125 >> [v2:172.21.15.83:3300/0,v1:172.21.15.83:6789/0] conn(0x7f2324078c60 0x7f2324112f20 secure :-1 s=READY pgs=38 cs=0 l=1 rev1=1 crypto rx=0x7f23180098a0 tx=0x7f2318008040 comp rx=0 tx=0).ready entity=mon.0 client_cookie=0 server_cookie=0 in_seq=0 out_seq=0
2024-09-20T22:00:45.780 INFO:teuthology.orchestra.run.smithi083.stdout:/usr/bin/ceph: stderr
2024-09-20T22:00:45.077+0000 7f23217fa640 1 -- 172.21.15.83:0/4104297125 <== mon.0 v2:172.21.15.83:3300/0 1 ==== mon_map magic: 0 v1 ==== 229+0+0 (secure 0 0 0) 0x7f2318032880 con 0x7f2324078c60
2024-09-20T22:00:45.780 INFO:teuthology.orchestra.run.smithi083.stdout:/usr/bin/ceph: stderr
2024-09-20T22:00:45.077+0000 7f23217fa640 1 -- 172.21.15.83:0/4104297125 <== mon.0 v2:172.21.15.83:3300/0 2 ==== config(26 keys) v1 ==== 1005+0+0 (secure 0 0 0) 0x7f231803d8b0 con 0x7f2324078c60
2024-09-20T22:00:45.780 INFO:teuthology.orchestra.run.smithi083.stdout:/usr/bin/ceph: stderr
2024-09-20T22:00:45.077+0000 7f232abf0640 1 -- 172.21.15.83:0/4104297125 --> [v2:172.21.15.83:3300/0,v1:172.21.15.83:6789/0] -- mon_subscribe({mgrmap=0+}) v3 -- 0x7f2324113660 con 0x7f2324078c60
2024-09-20T22:00:45.780 INFO:teuthology.orchestra.run.smithi083.stdout:/usr/bin/ceph: stderr
2024-09-20T22:00:45.077+0000 7f23217fa640 1 -- 172.21.15.83:0/4104297125 <== mon.0 v2:172.21.15.83:3300/0 3 ==== mon_map magic: 0 v1 ==== 229+0+0 (secure 0 0 0) 0x7f231803b8e0 con 0x7f2324078c60
2024-09-20T22:00:45.780 INFO:teuthology.orchestra.run.smithi083.stdout:/usr/bin/ceph: stderr
2024-09-20T22:00:45.077+0000 7f232abf0640 1 -- 172.21.15.83:0/4104297125 --> [v2:172.21.15.83:3300/0,v1:172.21.15.83:6789/0] -- mon_subscribe({osdmap=0}) v3 -- 0x7f2324113ad0 con 0x7f2324078c60
2024-09-20T22:00:45.780 INFO:teuthology.orchestra.run.smithi083.stdout:/usr/bin/ceph: stderr
2024-09-20T22:00:45.078+0000 7f23217fa640 1 -- 172.21.15.83:0/4104297125 <== mon.0 v2:172.21.15.83:3300/0 4 ==== mgrmap(e 8) v1 ==== 45507+0+0 (secure 0 0 0) 0x7f2318039070 con 0x7f2324078c60
2024-09-20T22:00:45.780 INFO:teuthology.orchestra.run.smithi083.stdout:/usr/bin/ceph: stderr
2024-09-20T22:00:45.078+0000 7f232abf0640 1 -- 172.21.15.83:0/4104297125 --> [v2:172.21.15.83:3300/0,v1:172.21.15.83:6789/0] -- mon_command({"prefix": "get_command_descriptions"} v 0) v1 -- 0x7f232404b720 con 0x7f2324078c60
2024-09-20T22:00:45.780 INFO:teuthology.orchestra.run.smithi083.stdout:/usr/bin/ceph: stderr
2024-09-20T22:00:45.078+0000 7f23217fa640 1 --2- 172.21.15.83:0/4104297125 >> [v2:172.21.15.83:6800/2432298263,v1:172.21.15.83:6801/2432298263] conn(0x7f23140394e0 0x7f231403b990 unknown :-1 s=NONE pgs=0 cs=0 l=1 rev1=0 crypto rx=0 tx=0 comp rx=0 tx=0).connect
2024-09-20T22:00:45.780 INFO:teuthology.orchestra.run.smithi083.stdout:/usr/bin/ceph: stderr
2024-09-20T22:00:45.078+0000 7f23217fa640 1 -- 172.21.15.83:0/4104297125 <== mon.0 v2:172.21.15.83:3300/0 5 ==== osd_map(2..2 src has 1..2) v4 ==== 936+0+0 (secure 0 0 0) 0x7f231806d090 con 0x7f2324078c60
2024-09-20T22:00:45.780 INFO:teuthology.orchestra.run.smithi083.stdout:/usr/bin/ceph: stderr
2024-09-20T22:00:45.078+0000 7f2323fff640 1 --2- 172.21.15.83:0/4104297125 >> [v2:172.21.15.83:6800/2432298263,v1:172.21.15.83:6801/2432298263] conn(0x7f23140394e0 0x7f231403b990 unknown :-1 s=BANNER_CONNECTING pgs=0 cs=0 l=1 rev1=0 crypto rx=0 tx=0 comp rx=0 tx=0)._handle_peer_banner_payload supported=3 required=0
2024-09-20T22:00:45.780 INFO:teuthology.orchestra.run.smithi083.stdout:/usr/bin/ceph: stderr
2024-09-20T22:00:45.078+0000 7f2323fff640 1 --2- 172.21.15.83:0/4104297125 >> [v2:172.21.15.83:6800/2432298263,v1:172.21.15.83:6801/2432298263] conn(0x7f23140394e0 0x7f231403b990 secure :-1 s=READY pgs=8 cs=0 l=1 rev1=1 crypto rx=0x7f2310006fd0 tx=0x7f2310006db0 comp rx=0 tx=0).ready entity=mgr.14118 client_cookie=0 server_cookie=0 in_seq=0 out_seq=0
2024-09-20T22:00:45.780 INFO:teuthology.orchestra.run.smithi083.stdout:/usr/bin/ceph: stderr
2024-09-20T22:00:45.083+0000 7f23217fa640 1 -- 172.21.15.83:0/4104297125 <== mon.0 v2:172.21.15.83:3300/0 6 ==== mon_command_ack([{"prefix": "get_command_descriptions"}]=0 v0) v1 ==== 72+0+176781 (secure 0 0 0) 0x7f231804eda0 con 0x7f2324078c60
2024-09-20T22:00:45.780 INFO:teuthology.orchestra.run.smithi083.stdout:/usr/bin/ceph: stderr
2024-09-20T22:00:45.238+0000 7f232abf0640 1 -- 172.21.15.83:0/4104297125 --> [v2:172.21.15.83:6800/2432298263,v1:172.21.15.83:6801/2432298263] -- mgr_command(tid 0: {"prefix": "cephadm set-user", "user": "root", "target": ["mon-mgr", ""]}) v1 -- 0x7f2324113ad0 con 0x7f23140394e0
2024-09-20T22:00:45.780 INFO:teuthology.orchestra.run.smithi083.stdout:/usr/bin/ceph: stderr
2024-09-20T22:00:45.238+0000 7f23217fa640 1 -- 172.21.15.83:0/4104297125 <== mgr.14118 v2:172.21.15.83:6800/2432298263 1 ==== mgr_command_reply(tid 0: 0 ) v1 ==== 8+0+16 (secure 0 0 0) 0x7f2324113ad0 con 0x7f23140394e0
2024-09-20T22:00:45.780 INFO:teuthology.orchestra.run.smithi083.stdout:/usr/bin/ceph: stderr
2024-09-20T22:00:45.240+0000 7f232abf0640 1 -- 172.21.15.83:0/4104297125 >> [v2:172.21.15.83:6800/2432298263,v1:172.21.15.83:6801/2432298263] conn(0x7f23140394e0 msgr2=0x7f231403b990 secure :-1 s=STATE_CONNECTION_ESTABLISHED l=1).mark_down
2024-09-20T22:00:45.781 INFO:teuthology.orchestra.run.smithi083.stdout:/usr/bin/ceph: stderr
2024-09-20T22:00:45.240+0000 7f232abf0640 1 --2- 172.21.15.83:0/4104297125 >> [v2:172.21.15.83:6800/2432298263,v1:172.21.15.83:6801/2432298263] conn(0x7f23140394e0 0x7f231403b990 secure :-1 s=READY pgs=8 cs=0 l=1 rev1=1 crypto rx=0x7f2310006fd0 tx=0x7f2310006db0 comp rx=0 tx=0).stop
2024-09-20T22:00:45.781 INFO:teuthology.orchestra.run.smithi083.stdout:/usr/bin/ceph: stderr
2024-09-20T22:00:45.240+0000 7f232abf0640 1 -- 172.21.15.83:0/4104297125 >> [v2:172.21.15.83:3300/0,v1:172.21.15.83:6789/0] conn(0x7f2324078c60 msgr2=0x7f2324112f20 secure :-1 s=STATE_CONNECTION_ESTABLISHED l=1).mark_down
2024-09-20T22:00:45.781 INFO:teuthology.orchestra.run.smithi083.stdout:/usr/bin/ceph: stderr
2024-09-20T22:00:45.240+0000 7f232abf0640 1 --2- 172.21.15.83:0/4104297125 >> [v2:172.21.15.83:3300/0,v1:172.21.15.83:6789/0] conn(0x7f2324078c60 0x7f2324112f20 secure :-1 s=READY pgs=38 cs=0 l=1 rev1=1 crypto rx=0x7f23180098a0 tx=0x7f2318008040 comp rx=0 tx=0).stop
2024-09-20T22:00:45.781 INFO:teuthology.orchestra.run.smithi083.stdout:/usr/bin/ceph: stderr
2024-09-20T22:00:45.240+0000 7f232abf0640 1 -- 172.21.15.83:0/4104297125 shutdown_connections
2024-09-20T22:00:45.781 INFO:teuthology.orchestra.run.smithi083.stdout:/usr/bin/ceph: stderr
2024-09-20T22:00:45.240+0000 7f232abf0640 1 --2- 172.21.15.83:0/4104297125 >> [v2:172.21.15.83:6800/2432298263,v1:172.21.15.83:6801/2432298263] conn(0x7f23140394e0 0x7f231403b990 unknown :-1 s=CLOSED pgs=8 cs=0 l=1 rev1=1 crypto rx=0 tx=0 comp rx=0 tx=0).stop
2024-09-20T22:00:45.781 INFO:teuthology.orchestra.run.smithi083.stdout:/usr/bin/ceph: stderr
2024-09-20T22:00:45.240+0000 7f232abf0640 1 --2- 172.21.15.83:0/4104297125 >> [v2:172.21.15.83:3300/0,v1:172.21.15.83:6789/0] conn(0x7f2324078c60 0x7f2324112f20 unknown :-1 s=CLOSED pgs=38 cs=0 l=1 rev1=1 crypto rx=0 tx=0 comp rx=0 tx=0).stop
2024-09-20T22:00:45.781 INFO:teuthology.orchestra.run.smithi083.stdout:/usr/bin/ceph: stderr
2024-09-20T22:00:45.240+0000 7f232abf0640 1 -- 172.21.15.83:0/4104297125 >> 172.21.15.83:0/4104297125 conn(0x7f23240fd710 msgr2=0x7f23240fe290 unknown :-1 s=STATE_NONE l=0).mark_down
2024-09-20T22:00:45.781 INFO:teuthology.orchestra.run.smithi083.stdout:/usr/bin/ceph: stderr
2024-09-20T22:00:45.240+0000 7f232abf0640 1 -- 172.21.15.83:0/4104297125 shutdown_connections
2024-09-20T22:00:45.781 INFO:teuthology.orchestra.run.smithi083.stdout:/usr/bin/ceph: stderr
2024-09-20T22:00:45.240+0000 7f232abf0640 1 -- 172.21.15.83:0/4104297125 wait complete.
2024-09-20T22:00:45.781 INFO:teuthology.orchestra.run.smithi083.stdout:Generating ssh key...
2024-09-20T22:00:46.039 INFO:journalctl@ceph.mon.smithi083.smithi083.stdout:Sep 20 22:00:45 smithi083 ceph-mon[27589]: from='client.14132 -' entity='client.admin' cmd=[{"prefix": "cephadm set-user", "user": "root", "target": ["mon-mgr", ""]}]: dispatch
2024-09-20T22:00:47.137 INFO:teuthology.orchestra.run.smithi083.stdout:/usr/bin/ceph: stderr
2024-09-20T22:00:46.197+0000 7fb452724640 1 Processor -- start
2024-09-20T22:00:47.137 INFO:teuthology.orchestra.run.smithi083.stdout:/usr/bin/ceph: stderr
2024-09-20T22:00:46.197+0000 7fb452724640 1 -- start start
2024-09-20T22:00:47.137 INFO:teuthology.orchestra.run.smithi083.stdout:/usr/bin/ceph: stderr
2024-09-20T22:00:46.197+0000 7fb452724640 1 --2- >> [v2:172.21.15.83:3300/0,v1:172.21.15.83:6789/0] conn(0x7fb44c0769c0 0x7fb44c107020 unknown :-1 s=NONE pgs=0 cs=0 l=0 rev1=0 crypto rx=0 tx=0 comp rx=0 tx=0).connect
2024-09-20T22:00:47.137 INFO:teuthology.orchestra.run.smithi083.stdout:/usr/bin/ceph: stderr
2024-09-20T22:00:46.197+0000 7fb452724640 1 -- --> [v2:172.21.15.83:3300/0,v1:172.21.15.83:6789/0] -- mon_getmap magic: 0 v1 -- 0x7fb44c076dd0 con 0x7fb44c0769c0
2024-09-20T22:00:47.137 INFO:teuthology.orchestra.run.smithi083.stdout:/usr/bin/ceph: stderr
2024-09-20T22:00:46.197+0000 7fb44bfff640 1 --2- >> [v2:172.21.15.83:3300/0,v1:172.21.15.83:6789/0] conn(0x7fb44c0769c0 0x7fb44c107020 unknown :-1 s=BANNER_CONNECTING pgs=0 cs=0 l=0 rev1=0 crypto rx=0 tx=0 comp rx=0 tx=0)._handle_peer_banner_payload supported=3 required=0
2024-09-20T22:00:47.137 INFO:teuthology.orchestra.run.smithi083.stdout:/usr/bin/ceph: stderr
2024-09-20T22:00:46.197+0000 7fb44bfff640 1 --2- >> [v2:172.21.15.83:3300/0,v1:172.21.15.83:6789/0] conn(0x7fb44c0769c0 0x7fb44c107020 unknown :-1 s=HELLO_CONNECTING pgs=0 cs=0 l=0 rev1=1 crypto rx=0 tx=0 comp rx=0 tx=0).handle_hello peer v2:172.21.15.83:3300/0 says I am v2:172.21.15.83:44970/0 (socket says 172.21.15.83:44970)
2024-09-20T22:00:47.137 INFO:teuthology.orchestra.run.smithi083.stdout:/usr/bin/ceph: stderr
2024-09-20T22:00:46.197+0000 7fb44bfff640 1 -- 172.21.15.83:0/326528373 learned_addr learned my addr 172.21.15.83:0/326528373 (peer_addr_for_me v2:172.21.15.83:0/0)
2024-09-20T22:00:47.137 INFO:teuthology.orchestra.run.smithi083.stdout:/usr/bin/ceph: stderr
2024-09-20T22:00:46.197+0000 7fb44bfff640 1 -- 172.21.15.83:0/326528373 --> [v2:172.21.15.83:3300/0,v1:172.21.15.83:6789/0] -- mon_subscribe({config=0+,monmap=0+}) v3 -- 0x7fb44c076f10 con 0x7fb44c0769c0
2024-09-20T22:00:47.137 INFO:teuthology.orchestra.run.smithi083.stdout:/usr/bin/ceph: stderr
2024-09-20T22:00:46.198+0000 7fb44bfff640 1 --2- 172.21.15.83:0/326528373 >> [v2:172.21.15.83:3300/0,v1:172.21.15.83:6789/0] conn(0x7fb44c0769c0 0x7fb44c107020 secure :-1 s=READY pgs=39 cs=0 l=1 rev1=1 crypto rx=0x7fb43c009840 tx=0x7fb43c0091d0 comp rx=0 tx=0).ready entity=mon.0 client_cookie=259c7e8ef4006c37 server_cookie=0 in_seq=0 out_seq=0
2024-09-20T22:00:47.138 INFO:teuthology.orchestra.run.smithi083.stdout:/usr/bin/ceph: stderr
2024-09-20T22:00:46.198+0000 7fb44affd640 1 -- 172.21.15.83:0/326528373 <== mon.0 v2:172.21.15.83:3300/0 1 ==== mon_map magic: 0 v1 ==== 229+0+0 (secure 0 0 0) 0x7fb43c032440 con 0x7fb44c0769c0
2024-09-20T22:00:47.138 INFO:teuthology.orchestra.run.smithi083.stdout:/usr/bin/ceph: stderr
2024-09-20T22:00:46.198+0000 7fb44affd640 1 -- 172.21.15.83:0/326528373 <== mon.0 v2:172.21.15.83:3300/0 2 ==== config(26 keys) v1 ==== 1005+0+0 (secure 0 0 0) 0x7fb43c032a00 con 0x7fb44c0769c0
2024-09-20T22:00:47.138 INFO:teuthology.orchestra.run.smithi083.stdout:/usr/bin/ceph: stderr
2024-09-20T22:00:46.198+0000 7fb44affd640 1 -- 172.21.15.83:0/326528373 <== mon.0 v2:172.21.15.83:3300/0 3 ==== mon_map magic: 0 v1 ==== 229+0+0 (secure 0 0 0) 0x7fb43c031a10 con 0x7fb44c0769c0
2024-09-20T22:00:47.138 INFO:teuthology.orchestra.run.smithi083.stdout:/usr/bin/ceph: stderr
2024-09-20T22:00:46.199+0000 7fb452724640 1 -- 172.21.15.83:0/326528373 >> [v2:172.21.15.83:3300/0,v1:172.21.15.83:6789/0] conn(0x7fb44c0769c0 msgr2=0x7fb44c107020 secure :-1 s=STATE_CONNECTION_ESTABLISHED l=1).mark_down
2024-09-20T22:00:47.138 INFO:teuthology.orchestra.run.smithi083.stdout:/usr/bin/ceph: stderr
2024-09-20T22:00:46.199+0000 7fb452724640 1 --2- 172.21.15.83:0/326528373 >> [v2:172.21.15.83:3300/0,v1:172.21.15.83:6789/0] conn(0x7fb44c0769c0 0x7fb44c107020 secure :-1 s=READY pgs=39 cs=0 l=1 rev1=1 crypto rx=0x7fb43c009840 tx=0x7fb43c0091d0 comp rx=0 tx=0).stop
2024-09-20T22:00:47.138 INFO:teuthology.orchestra.run.smithi083.stdout:/usr/bin/ceph: stderr
2024-09-20T22:00:46.199+0000 7fb452724640 1 -- 172.21.15.83:0/326528373 shutdown_connections
2024-09-20T22:00:47.138 INFO:teuthology.orchestra.run.smithi083.stdout:/usr/bin/ceph: stderr
2024-09-20T22:00:46.199+0000 7fb452724640 1 --2- 172.21.15.83:0/326528373 >> [v2:172.21.15.83:3300/0,v1:172.21.15.83:6789/0] conn(0x7fb44c0769c0 0x7fb44c107020 unknown :-1 s=CLOSED pgs=39 cs=0 l=1 rev1=1 crypto rx=0 tx=0 comp rx=0 tx=0).stop
2024-09-20T22:00:47.138 INFO:teuthology.orchestra.run.smithi083.stdout:/usr/bin/ceph: stderr
2024-09-20T22:00:46.199+0000 7fb452724640 1 -- 172.21.15.83:0/326528373 >> 172.21.15.83:0/326528373 conn(0x7fb44c0fc6d0 msgr2=0x7fb44c0feb20 unknown :-1 s=STATE_NONE l=0).mark_down
2024-09-20T22:00:47.138 INFO:teuthology.orchestra.run.smithi083.stdout:/usr/bin/ceph: stderr
2024-09-20T22:00:46.199+0000 7fb452724640 1 -- 172.21.15.83:0/326528373 shutdown_connections
2024-09-20T22:00:47.138 INFO:teuthology.orchestra.run.smithi083.stdout:/usr/bin/ceph: stderr
2024-09-20T22:00:46.199+0000 7fb452724640 1 -- 172.21.15.83:0/326528373 wait complete.
2024-09-20T22:00:47.138 INFO:teuthology.orchestra.run.smithi083.stdout:/usr/bin/ceph: stderr
2024-09-20T22:00:46.199+0000 7fb452724640 1 Processor -- start
2024-09-20T22:00:47.138 INFO:teuthology.orchestra.run.smithi083.stdout:/usr/bin/ceph: stderr
2024-09-20T22:00:46.199+0000 7fb452724640 1 -- start start
2024-09-20T22:00:47.138 INFO:teuthology.orchestra.run.smithi083.stdout:/usr/bin/ceph: stderr
2024-09-20T22:00:46.199+0000 7fb452724640 1 --2- >> [v2:172.21.15.83:3300/0,v1:172.21.15.83:6789/0] conn(0x7fb44c0769c0 0x7fb44c112f60 unknown :-1 s=NONE pgs=0 cs=0 l=1 rev1=0 crypto rx=0 tx=0 comp rx=0 tx=0).connect
2024-09-20T22:00:47.139 INFO:teuthology.orchestra.run.smithi083.stdout:/usr/bin/ceph: stderr
2024-09-20T22:00:46.200+0000 7fb452724640 1 -- --> [v2:172.21.15.83:3300/0,v1:172.21.15.83:6789/0] -- mon_getmap magic: 0 v1 -- 0x7fb44c1134a0 con 0x7fb44c0769c0
2024-09-20T22:00:47.139 INFO:teuthology.orchestra.run.smithi083.stdout:/usr/bin/ceph: stderr
2024-09-20T22:00:46.200+0000 7fb44bfff640 1 --2- >> [v2:172.21.15.83:3300/0,v1:172.21.15.83:6789/0] conn(0x7fb44c0769c0 0x7fb44c112f60 unknown :-1 s=BANNER_CONNECTING pgs=0 cs=0 l=1 rev1=0 crypto rx=0 tx=0 comp rx=0 tx=0)._handle_peer_banner_payload supported=3 required=0
2024-09-20T22:00:47.139 INFO:teuthology.orchestra.run.smithi083.stdout:/usr/bin/ceph: stderr
2024-09-20T22:00:46.200+0000 7fb44bfff640 1 --2- >> [v2:172.21.15.83:3300/0,v1:172.21.15.83:6789/0] conn(0x7fb44c0769c0 0x7fb44c112f60 unknown :-1 s=HELLO_CONNECTING pgs=0 cs=0 l=1 rev1=1 crypto rx=0 tx=0 comp rx=0 tx=0).handle_hello peer v2:172.21.15.83:3300/0 says I am v2:172.21.15.83:44980/0 (socket says 172.21.15.83:44980)
2024-09-20T22:00:47.139 INFO:teuthology.orchestra.run.smithi083.stdout:/usr/bin/ceph: stderr
2024-09-20T22:00:46.200+0000 7fb44bfff640 1 -- 172.21.15.83:0/2094385719 learned_addr learned my addr 172.21.15.83:0/2094385719 (peer_addr_for_me v2:172.21.15.83:0/0)
2024-09-20T22:00:47.139 INFO:teuthology.orchestra.run.smithi083.stdout:/usr/bin/ceph: stderr
2024-09-20T22:00:46.200+0000 7fb44bfff640 1 -- 172.21.15.83:0/2094385719 --> [v2:172.21.15.83:3300/0,v1:172.21.15.83:6789/0] -- mon_subscribe({config=0+,monmap=0+}) v3 -- 0x7fb43c009450 con 0x7fb44c0769c0
2024-09-20T22:00:47.139 INFO:teuthology.orchestra.run.smithi083.stdout:/usr/bin/ceph: stderr
2024-09-20T22:00:46.200+0000 7fb44bfff640 1 --2- 172.21.15.83:0/2094385719 >> [v2:172.21.15.83:3300/0,v1:172.21.15.83:6789/0] conn(0x7fb44c0769c0 0x7fb44c112f60 secure :-1 s=READY pgs=40 cs=0 l=1 rev1=1 crypto rx=0x7fb43c006a70 tx=0x7fb43c02c040 comp rx=0 tx=0).ready entity=mon.0 client_cookie=0 server_cookie=0 in_seq=0 out_seq=0
2024-09-20T22:00:47.139 INFO:teuthology.orchestra.run.smithi083.stdout:/usr/bin/ceph: stderr
2024-09-20T22:00:46.200+0000 7fb448ff9640 1 -- 172.21.15.83:0/2094385719 <== mon.0 v2:172.21.15.83:3300/0 1 ==== mon_map magic: 0 v1 ==== 229+0+0 (secure 0 0 0) 0x7fb43c031d10 con 0x7fb44c0769c0
2024-09-20T22:00:47.139 INFO:teuthology.orchestra.run.smithi083.stdout:/usr/bin/ceph: stderr
2024-09-20T22:00:46.200+0000 7fb448ff9640 1 -- 172.21.15.83:0/2094385719 <== mon.0 v2:172.21.15.83:3300/0 2 ==== config(26 keys) v1 ==== 1005+0+0 (secure 0 0 0) 0x7fb43c031e70 con 0x7fb44c0769c0
2024-09-20T22:00:47.139 INFO:teuthology.orchestra.run.smithi083.stdout:/usr/bin/ceph: stderr
2024-09-20T22:00:46.200+0000 7fb452724640 1 -- 172.21.15.83:0/2094385719 --> [v2:172.21.15.83:3300/0,v1:172.21.15.83:6789/0] -- mon_subscribe({mgrmap=0+}) v3 -- 0x7fb44c1136a0 con 0x7fb44c0769c0
2024-09-20T22:00:47.139 INFO:teuthology.orchestra.run.smithi083.stdout:/usr/bin/ceph: stderr
2024-09-20T22:00:46.200+0000 7fb448ff9640 1 -- 172.21.15.83:0/2094385719 <== mon.0 v2:172.21.15.83:3300/0 3 ==== mon_map magic: 0 v1 ==== 229+0+0 (secure 0 0 0) 0x7fb43c03b6f0 con 0x7fb44c0769c0
2024-09-20T22:00:47.139 INFO:teuthology.orchestra.run.smithi083.stdout:/usr/bin/ceph: stderr
2024-09-20T22:00:46.200+0000 7fb452724640 1 -- 172.21.15.83:0/2094385719 --> [v2:172.21.15.83:3300/0,v1:172.21.15.83:6789/0] -- mon_subscribe({osdmap=0}) v3 -- 0x7fb44c113b10 con 0x7fb44c0769c0
2024-09-20T22:00:47.139 INFO:teuthology.orchestra.run.smithi083.stdout:/usr/bin/ceph: stderr
2024-09-20T22:00:46.201+0000 7fb448ff9640 1 -- 172.21.15.83:0/2094385719 <== mon.0 v2:172.21.15.83:3300/0 4 ==== mgrmap(e 8) v1 ==== 45507+0+0 (secure 0 0 0) 0x7fb43c039070 con 0x7fb44c0769c0
2024-09-20T22:00:47.139 INFO:teuthology.orchestra.run.smithi083.stdout:/usr/bin/ceph: stderr
2024-09-20T22:00:46.201+0000 7fb452724640 1 -- 172.21.15.83:0/2094385719 --> [v2:172.21.15.83:3300/0,v1:172.21.15.83:6789/0] -- mon_command({"prefix": "get_command_descriptions"} v 0) v1 -- 0x7fb44c04b720 con 0x7fb44c0769c0
2024-09-20T22:00:47.139 INFO:teuthology.orchestra.run.smithi083.stdout:/usr/bin/ceph: stderr
2024-09-20T22:00:46.201+0000 7fb448ff9640 1 --2- 172.21.15.83:0/2094385719 >> [v2:172.21.15.83:6800/2432298263,v1:172.21.15.83:6801/2432298263] conn(0x7fb4340394e0 0x7fb43403b990 unknown :-1 s=NONE pgs=0 cs=0 l=1 rev1=0 crypto rx=0 tx=0 comp rx=0 tx=0).connect
2024-09-20T22:00:47.139 INFO:teuthology.orchestra.run.smithi083.stdout:/usr/bin/ceph: stderr
2024-09-20T22:00:46.201+0000 7fb448ff9640 1 -- 172.21.15.83:0/2094385719 <== mon.0 v2:172.21.15.83:3300/0 5 ==== osd_map(2..2 src has 1..2) v4 ==== 936+0+0 (secure 0 0 0) 0x7fb43c06cc50 con 0x7fb44c0769c0
2024-09-20T22:00:47.140 INFO:teuthology.orchestra.run.smithi083.stdout:/usr/bin/ceph: stderr
2024-09-20T22:00:46.202+0000 7fb44b7fe640 1 --2- 172.21.15.83:0/2094385719 >> [v2:172.21.15.83:6800/2432298263,v1:172.21.15.83:6801/2432298263] conn(0x7fb4340394e0 0x7fb43403b990 unknown :-1 s=BANNER_CONNECTING pgs=0 cs=0 l=1 rev1=0 crypto rx=0 tx=0 comp rx=0 tx=0)._handle_peer_banner_payload supported=3 required=0
2024-09-20T22:00:47.140 INFO:teuthology.orchestra.run.smithi083.stdout:/usr/bin/ceph: stderr
2024-09-20T22:00:46.202+0000 7fb44b7fe640 1 --2- 172.21.15.83:0/2094385719 >> [v2:172.21.15.83:6800/2432298263,v1:172.21.15.83:6801/2432298263] conn(0x7fb4340394e0 0x7fb43403b990 secure :-1 s=READY pgs=9 cs=0 l=1 rev1=1 crypto rx=0x7fb440006fd0 tx=0x7fb440006db0 comp rx=0 tx=0).ready entity=mgr.14118 client_cookie=0 server_cookie=0 in_seq=0 out_seq=0
2024-09-20T22:00:47.140 INFO:teuthology.orchestra.run.smithi083.stdout:/usr/bin/ceph: stderr
2024-09-20T22:00:46.206+0000 7fb448ff9640 1 -- 172.21.15.83:0/2094385719 <== mon.0 v2:172.21.15.83:3300/0 6 ==== mon_command_ack([{"prefix": "get_command_descriptions"}]=0 v0) v1 ==== 72+0+176781 (secure 0 0 0) 0x7fb43c072020 con 0x7fb44c0769c0
2024-09-20T22:00:47.140 INFO:teuthology.orchestra.run.smithi083.stdout:/usr/bin/ceph: stderr
2024-09-20T22:00:46.367+0000 7fb452724640 1 -- 172.21.15.83:0/2094385719 --> [v2:172.21.15.83:6800/2432298263,v1:172.21.15.83:6801/2432298263] -- mgr_command(tid 0: {"prefix": "cephadm generate-key", "target": ["mon-mgr", ""]}) v1 -- 0x7fb44c076f10 con 0x7fb4340394e0
2024-09-20T22:00:47.140 INFO:teuthology.orchestra.run.smithi083.stdout:/usr/bin/ceph: stderr
2024-09-20T22:00:46.555+0000 7fb448ff9640 1 -- 172.21.15.83:0/2094385719 <== mgr.14118 v2:172.21.15.83:6800/2432298263 1 ==== mgr_command_reply(tid 0: 0 ) v1 ==== 8+0+0 (secure 0 0 0) 0x7fb44c076f10 con 0x7fb4340394e0
2024-09-20T22:00:47.140 INFO:teuthology.orchestra.run.smithi083.stdout:/usr/bin/ceph: stderr
2024-09-20T22:00:46.557+0000 7fb452724640 1 -- 172.21.15.83:0/2094385719 >> [v2:172.21.15.83:6800/2432298263,v1:172.21.15.83:6801/2432298263] conn(0x7fb4340394e0 msgr2=0x7fb43403b990 secure :-1 s=STATE_CONNECTION_ESTABLISHED l=1).mark_down
2024-09-20T22:00:47.140 INFO:teuthology.orchestra.run.smithi083.stdout:/usr/bin/ceph: stderr
2024-09-20T22:00:46.557+0000 7fb452724640 1 --2- 172.21.15.83:0/2094385719 >> [v2:172.21.15.83:6800/2432298263,v1:172.21.15.83:6801/2432298263] conn(0x7fb4340394e0 0x7fb43403b990 secure :-1 s=READY pgs=9 cs=0 l=1 rev1=1 crypto rx=0x7fb440006fd0 tx=0x7fb440006db0 comp rx=0 tx=0).stop
2024-09-20T22:00:47.140 INFO:teuthology.orchestra.run.smithi083.stdout:/usr/bin/ceph: stderr
2024-09-20T22:00:46.557+0000 7fb452724640 1 -- 172.21.15.83:0/2094385719 >> [v2:172.21.15.83:3300/0,v1:172.21.15.83:6789/0] conn(0x7fb44c0769c0 msgr2=0x7fb44c112f60 secure :-1 s=STATE_CONNECTION_ESTABLISHED l=1).mark_down
2024-09-20T22:00:47.140 INFO:teuthology.orchestra.run.smithi083.stdout:/usr/bin/ceph: stderr
2024-09-20T22:00:46.557+0000 7fb452724640 1 --2- 172.21.15.83:0/2094385719 >> [v2:172.21.15.83:3300/0,v1:172.21.15.83:6789/0] conn(0x7fb44c0769c0 0x7fb44c112f60 secure :-1 s=READY pgs=40 cs=0 l=1 rev1=1 crypto rx=0x7fb43c006a70 tx=0x7fb43c02c040 comp rx=0 tx=0).stop
2024-09-20T22:00:47.140 INFO:teuthology.orchestra.run.smithi083.stdout:/usr/bin/ceph: stderr
2024-09-20T22:00:46.557+0000 7fb452724640 1 -- 172.21.15.83:0/2094385719 shutdown_connections
2024-09-20T22:00:47.140 INFO:teuthology.orchestra.run.smithi083.stdout:/usr/bin/ceph: stderr
2024-09-20T22:00:46.557+0000 7fb452724640 1 --2- 172.21.15.83:0/2094385719 >> [v2:172.21.15.83:6800/2432298263,v1:172.21.15.83:6801/2432298263] conn(0x7fb4340394e0 0x7fb43403b990 unknown :-1 s=CLOSED pgs=9 cs=0 l=1 rev1=1 crypto rx=0 tx=0 comp rx=0 tx=0).stop
2024-09-20T22:00:47.140 INFO:teuthology.orchestra.run.smithi083.stdout:/usr/bin/ceph: stderr
2024-09-20T22:00:46.557+0000 7fb452724640 1 --2- 172.21.15.83:0/2094385719 >> [v2:172.21.15.83:3300/0,v1:172.21.15.83:6789/0] conn(0x7fb44c0769c0 0x7fb44c112f60 unknown :-1 s=CLOSED pgs=40 cs=0 l=1 rev1=1 crypto rx=0 tx=0 comp rx=0 tx=0).stop
2024-09-20T22:00:47.140 INFO:teuthology.orchestra.run.smithi083.stdout:/usr/bin/ceph: stderr
2024-09-20T22:00:46.557+0000 7fb452724640 1 -- 172.21.15.83:0/2094385719 >> 172.21.15.83:0/2094385719 conn(0x7fb44c0fc6d0 msgr2=0x7fb44c0fd3f0 unknown :-1 s=STATE_NONE l=0).mark_down
2024-09-20T22:00:47.140 INFO:teuthology.orchestra.run.smithi083.stdout:/usr/bin/ceph: stderr
2024-09-20T22:00:46.557+0000 7fb452724640 1 -- 172.21.15.83:0/2094385719 shutdown_connections
2024-09-20T22:00:47.141 INFO:teuthology.orchestra.run.smithi083.stdout:/usr/bin/ceph: stderr
2024-09-20T22:00:46.557+0000 7fb452724640 1 -- 172.21.15.83:0/2094385719 wait complete.
2024-09-20T22:00:47.238 INFO:journalctl@ceph.mon.smithi083.smithi083.stdout:Sep 20 22:00:46 smithi083 ceph-mon[27589]: from='client.14134 -' entity='client.admin' cmd=[{"prefix": "cephadm generate-key", "target": ["mon-mgr", ""]}]: dispatch
2024-09-20T22:00:47.238 INFO:journalctl@ceph.mon.smithi083.smithi083.stdout:Sep 20 22:00:46 smithi083 ceph-mon[27589]: Generating ssh key...
2024-09-20T22:00:47.239 INFO:journalctl@ceph.mon.smithi083.smithi083.stdout:Sep 20 22:00:46 smithi083 ceph-mon[27589]: from='mgr.14118 172.21.15.83:0/1865909549' entity='mgr.smithi083.zlblhh'
2024-09-20T22:00:47.239 INFO:journalctl@ceph.mon.smithi083.smithi083.stdout:Sep 20 22:00:46 smithi083 ceph-mon[27589]: from='mgr.14118 172.21.15.83:0/1865909549' entity='mgr.smithi083.zlblhh'
2024-09-20T22:00:48.301 INFO:teuthology.orchestra.run.smithi083.stdout:/usr/bin/ceph: stdout ssh-rsa AAAAB3NzaC1yc2EAAAADAQABAAABgQC7T3/cl5QATbD7IhVAjcCNla5tEk9EDMeT4YNxPQv2uu5uu/HdQ1/4es6KG79sJ4KEQv2PxofdSAcgQVOkUju3zyERGuiukL/4TbNTsVkvNrk2lJB9oUVj7htDQQsw/qtPA5pwhiBuV+z8a1epItrjJcv0wxEVWybbv5Xo9u9IVwQBDYpJUT8BZxF5WubZ3nv6qVuO+IT2PBZfFt8kG48/SIreAnahS8KCoSJH6lp4MMl4Y1WZLAsxckNWj3mK97V6jE+uXhQ+P9tEDcuggjklcJ0arfSsLIWdRlrR2tiAWCGlinOnCDxQ22a6fxspFhHGbGVV3VDj4oYOBzL4gM/jhQH4Qc8hbZk241dJg2JV5ZaDHPSdFhsbasR5e08tOpAc3AcPhO3BtRbPpWejVMBdp5EIATKSsZ6HfYFfdMW5flmPsJs6kCJID2b2BCgLYJNgmXFNQWJugttc2ISErzecjMYuXK5Rpq1ylVanYSTCBlu7V1CNhdEWyz8zD8uWaPM= ceph-9c3bd5bc-779b-11ef-baf5-efdc52797490
2024-09-20T22:00:48.301 INFO:teuthology.orchestra.run.smithi083.stdout:/usr/bin/ceph: stderr
2024-09-20T22:00:47.511+0000 7f9183082640 1 Processor -- start
2024-09-20T22:00:48.302 INFO:teuthology.orchestra.run.smithi083.stdout:/usr/bin/ceph: stderr
2024-09-20T22:00:47.511+0000 7f9183082640 1 -- start start
2024-09-20T22:00:48.302 INFO:teuthology.orchestra.run.smithi083.stdout:/usr/bin/ceph: stderr
2024-09-20T22:00:47.512+0000 7f9183082640 1 --2- >> [v2:172.21.15.83:3300/0,v1:172.21.15.83:6789/0] conn(0x7f917c1005b0 0x7f917c1009c0 unknown :-1 s=NONE pgs=0 cs=0 l=0 rev1=0 crypto rx=0 tx=0 comp rx=0 tx=0).connect
2024-09-20T22:00:48.302 INFO:teuthology.orchestra.run.smithi083.stdout:/usr/bin/ceph: stderr
2024-09-20T22:00:47.512+0000 7f9183082640 1 -- --> [v2:172.21.15.83:3300/0,v1:172.21.15.83:6789/0] -- mon_getmap magic: 0 v1 -- 0x7f917c100f00 con 0x7f917c1005b0
2024-09-20T22:00:48.302 INFO:teuthology.orchestra.run.smithi083.stdout:/usr/bin/ceph: stderr
2024-09-20T22:00:47.512+0000 7f9180e1e640 1 --2- >> [v2:172.21.15.83:3300/0,v1:172.21.15.83:6789/0] conn(0x7f917c1005b0 0x7f917c1009c0 unknown :-1 s=BANNER_CONNECTING pgs=0 cs=0 l=0 rev1=0 crypto rx=0 tx=0 comp rx=0 tx=0)._handle_peer_banner_payload supported=3 required=0
2024-09-20T22:00:48.302 INFO:teuthology.orchestra.run.smithi083.stdout:/usr/bin/ceph: stderr
2024-09-20T22:00:47.512+0000 7f9180e1e640 1 --2- >> [v2:172.21.15.83:3300/0,v1:172.21.15.83:6789/0] conn(0x7f917c1005b0 0x7f917c1009c0 unknown :-1 s=HELLO_CONNECTING pgs=0 cs=0 l=0 rev1=1 crypto rx=0 tx=0 comp rx=0 tx=0).handle_hello peer v2:172.21.15.83:3300/0 says I am v2:172.21.15.83:54588/0 (socket says 172.21.15.83:54588)
2024-09-20T22:00:48.302 INFO:teuthology.orchestra.run.smithi083.stdout:/usr/bin/ceph: stderr
2024-09-20T22:00:47.512+0000 7f9180e1e640 1 -- 172.21.15.83:0/4276672575 learned_addr learned my addr 172.21.15.83:0/4276672575 (peer_addr_for_me v2:172.21.15.83:0/0)
2024-09-20T22:00:48.302 INFO:teuthology.orchestra.run.smithi083.stdout:/usr/bin/ceph: stderr
2024-09-20T22:00:47.512+0000 7f9180e1e640 1 -- 172.21.15.83:0/4276672575 --> [v2:172.21.15.83:3300/0,v1:172.21.15.83:6789/0] -- mon_subscribe({config=0+,monmap=0+}) v3 -- 0x7f917c101040 con 0x7f917c1005b0
2024-09-20T22:00:48.302 INFO:teuthology.orchestra.run.smithi083.stdout:/usr/bin/ceph: stderr
2024-09-20T22:00:47.513+0000 7f9180e1e640 1 --2- 172.21.15.83:0/4276672575 >> [v2:172.21.15.83:3300/0,v1:172.21.15.83:6789/0] conn(0x7f917c1005b0 0x7f917c1009c0 secure :-1 s=READY pgs=41 cs=0 l=1 rev1=1 crypto rx=0x7f9170009840 tx=0x7f91700091d0 comp rx=0 tx=0).ready entity=mon.0 client_cookie=64d1e9308f02e92e server_cookie=0 in_seq=0 out_seq=0
2024-09-20T22:00:48.302 INFO:teuthology.orchestra.run.smithi083.stdout:/usr/bin/ceph: stderr
2024-09-20T22:00:47.513+0000 7f917b7fe640 1 -- 172.21.15.83:0/4276672575 <== mon.0 v2:172.21.15.83:3300/0 1 ==== mon_map magic: 0 v1 ==== 229+0+0 (secure 0 0 0) 0x7f9170032440 con 0x7f917c1005b0
2024-09-20T22:00:48.302 INFO:teuthology.orchestra.run.smithi083.stdout:/usr/bin/ceph: stderr
2024-09-20T22:00:47.513+0000 7f917b7fe640 1 -- 172.21.15.83:0/4276672575 <== mon.0 v2:172.21.15.83:3300/0 2 ==== config(26 keys) v1 ==== 1005+0+0 (secure 0 0 0) 0x7f9170032a00 con 0x7f917c1005b0
2024-09-20T22:00:48.302 INFO:teuthology.orchestra.run.smithi083.stdout:/usr/bin/ceph: stderr
2024-09-20T22:00:47.513+0000 7f917b7fe640 1 -- 172.21.15.83:0/4276672575 <== mon.0 v2:172.21.15.83:3300/0 3 ==== mon_map magic: 0 v1 ==== 229+0+0 (secure 0 0 0) 0x7f91700319e0 con 0x7f917c1005b0
2024-09-20T22:00:48.302 INFO:teuthology.orchestra.run.smithi083.stdout:/usr/bin/ceph: stderr
2024-09-20T22:00:47.514+0000 7f9183082640 1 -- 172.21.15.83:0/4276672575 >> [v2:172.21.15.83:3300/0,v1:172.21.15.83:6789/0] conn(0x7f917c1005b0 msgr2=0x7f917c1009c0 secure :-1 s=STATE_CONNECTION_ESTABLISHED l=1).mark_down
2024-09-20T22:00:48.302 INFO:teuthology.orchestra.run.smithi083.stdout:/usr/bin/ceph: stderr
2024-09-20T22:00:47.514+0000 7f9183082640 1 --2- 172.21.15.83:0/4276672575 >> [v2:172.21.15.83:3300/0,v1:172.21.15.83:6789/0] conn(0x7f917c1005b0 0x7f917c1009c0 secure :-1 s=READY pgs=41 cs=0 l=1 rev1=1 crypto rx=0x7f9170009840 tx=0x7f91700091d0 comp rx=0 tx=0).stop
2024-09-20T22:00:48.302 INFO:teuthology.orchestra.run.smithi083.stdout:/usr/bin/ceph: stderr
2024-09-20T22:00:47.514+0000 7f9183082640 1 -- 172.21.15.83:0/4276672575 shutdown_connections
2024-09-20T22:00:48.303 INFO:teuthology.orchestra.run.smithi083.stdout:/usr/bin/ceph: stderr
2024-09-20T22:00:47.514+0000 7f9183082640 1 --2- 172.21.15.83:0/4276672575 >> [v2:172.21.15.83:3300/0,v1:172.21.15.83:6789/0] conn(0x7f917c1005b0 0x7f917c1009c0 unknown :-1 s=CLOSED pgs=41 cs=0 l=1 rev1=1 crypto rx=0 tx=0 comp rx=0 tx=0).stop
2024-09-20T22:00:48.303 INFO:teuthology.orchestra.run.smithi083.stdout:/usr/bin/ceph: stderr
2024-09-20T22:00:47.514+0000 7f9183082640 1 -- 172.21.15.83:0/4276672575 >> 172.21.15.83:0/4276672575 conn(0x7f917c0fbd90 msgr2=0x7f917c0fe1a0 unknown :-1 s=STATE_NONE l=0).mark_down
2024-09-20T22:00:48.303 INFO:teuthology.orchestra.run.smithi083.stdout:/usr/bin/ceph: stderr
2024-09-20T22:00:47.514+0000 7f9183082640 1 -- 172.21.15.83:0/4276672575 shutdown_connections
2024-09-20T22:00:48.303 INFO:teuthology.orchestra.run.smithi083.stdout:/usr/bin/ceph: stderr
2024-09-20T22:00:47.514+0000 7f9183082640 1 -- 172.21.15.83:0/4276672575 wait complete.
2024-09-20T22:00:48.303 INFO:teuthology.orchestra.run.smithi083.stdout:/usr/bin/ceph: stderr
2024-09-20T22:00:47.514+0000 7f9183082640 1 Processor -- start
2024-09-20T22:00:48.303 INFO:teuthology.orchestra.run.smithi083.stdout:/usr/bin/ceph: stderr
2024-09-20T22:00:47.514+0000 7f9183082640 1 -- start start
2024-09-20T22:00:48.303 INFO:teuthology.orchestra.run.smithi083.stdout:/usr/bin/ceph: stderr
2024-09-20T22:00:47.515+0000 7f9183082640 1 --2- >> [v2:172.21.15.83:3300/0,v1:172.21.15.83:6789/0] conn(0x7f917c1005b0 0x7f917c105610 unknown :-1 s=NONE pgs=0 cs=0 l=1 rev1=0 crypto rx=0 tx=0 comp rx=0 tx=0).connect
2024-09-20T22:00:48.303 INFO:teuthology.orchestra.run.smithi083.stdout:/usr/bin/ceph: stderr
2024-09-20T22:00:47.515+0000 7f9183082640 1 -- --> [v2:172.21.15.83:3300/0,v1:172.21.15.83:6789/0] -- mon_getmap magic: 0 v1 -- 0x7f917c113aa0 con 0x7f917c1005b0
2024-09-20T22:00:48.303 INFO:teuthology.orchestra.run.smithi083.stdout:/usr/bin/ceph: stderr
2024-09-20T22:00:47.515+0000 7f9180e1e640 1 --2- >> [v2:172.21.15.83:3300/0,v1:172.21.15.83:6789/0] conn(0x7f917c1005b0 0x7f917c105610 unknown :-1 s=BANNER_CONNECTING pgs=0 cs=0 l=1 rev1=0 crypto rx=0 tx=0 comp rx=0 tx=0)._handle_peer_banner_payload supported=3 required=0
2024-09-20T22:00:48.303 INFO:teuthology.orchestra.run.smithi083.stdout:/usr/bin/ceph: stderr
2024-09-20T22:00:47.515+0000 7f9180e1e640 1 --2- >> [v2:172.21.15.83:3300/0,v1:172.21.15.83:6789/0] conn(0x7f917c1005b0 0x7f917c105610 unknown :-1 s=HELLO_CONNECTING pgs=0 cs=0 l=1 rev1=1 crypto rx=0 tx=0 comp rx=0 tx=0).handle_hello peer v2:172.21.15.83:3300/0 says I am v2:172.21.15.83:54602/0 (socket says 172.21.15.83:54602)
2024-09-20T22:00:48.303 INFO:teuthology.orchestra.run.smithi083.stdout:/usr/bin/ceph: stderr
2024-09-20T22:00:47.515+0000 7f9180e1e640 1 -- 172.21.15.83:0/1430868675 learned_addr learned my addr 172.21.15.83:0/1430868675 (peer_addr_for_me v2:172.21.15.83:0/0)
2024-09-20T22:00:48.303 INFO:teuthology.orchestra.run.smithi083.stdout:/usr/bin/ceph: stderr
2024-09-20T22:00:47.515+0000 7f9180e1e640 1 -- 172.21.15.83:0/1430868675 --> [v2:172.21.15.83:3300/0,v1:172.21.15.83:6789/0] -- mon_subscribe({config=0+,monmap=0+}) v3 -- 0x7f9170009450 con 0x7f917c1005b0
2024-09-20T22:00:48.303 INFO:teuthology.orchestra.run.smithi083.stdout:/usr/bin/ceph: stderr
2024-09-20T22:00:47.515+0000 7f9180e1e640 1 --2- 172.21.15.83:0/1430868675 >> [v2:172.21.15.83:3300/0,v1:172.21.15.83:6789/0] conn(0x7f917c1005b0 0x7f917c105610 secure :-1 s=READY pgs=42 cs=0 l=1 rev1=1 crypto rx=0x7f91700098a0 tx=0x7f9170008040 comp rx=0 tx=0).ready entity=mon.0 client_cookie=0 server_cookie=0 in_seq=0 out_seq=0
2024-09-20T22:00:48.303 INFO:teuthology.orchestra.run.smithi083.stdout:/usr/bin/ceph: stderr
2024-09-20T22:00:47.515+0000 7f91797fa640 1 -- 172.21.15.83:0/1430868675 <== mon.0 v2:172.21.15.83:3300/0 1 ==== mon_map magic: 0 v1 ==== 229+0+0 (secure 0 0 0) 0x7f9170032880 con 0x7f917c1005b0
2024-09-20T22:00:48.303 INFO:teuthology.orchestra.run.smithi083.stdout:/usr/bin/ceph: stderr
2024-09-20T22:00:47.515+0000 7f9183082640 1 -- 172.21.15.83:0/1430868675 --> [v2:172.21.15.83:3300/0,v1:172.21.15.83:6789/0] -- mon_subscribe({mgrmap=0+}) v3 -- 0x7f917c113be0 con 0x7f917c1005b0
2024-09-20T22:00:48.304 INFO:teuthology.orchestra.run.smithi083.stdout:/usr/bin/ceph: stderr
2024-09-20T22:00:47.515+0000 7f91797fa640 1 -- 172.21.15.83:0/1430868675 <== mon.0 v2:172.21.15.83:3300/0 2 ==== config(26 keys) v1 ==== 1005+0+0 (secure 0 0 0) 0x7f917003d8b0 con 0x7f917c1005b0
2024-09-20T22:00:48.304 INFO:teuthology.orchestra.run.smithi083.stdout:/usr/bin/ceph: stderr
2024-09-20T22:00:47.515+0000 7f91797fa640 1 -- 172.21.15.83:0/1430868675 <== mon.0 v2:172.21.15.83:3300/0 3 ==== mon_map magic: 0 v1 ==== 229+0+0 (secure 0 0 0) 0x7f917003b910 con 0x7f917c1005b0
2024-09-20T22:00:48.304 INFO:teuthology.orchestra.run.smithi083.stdout:/usr/bin/ceph: stderr
2024-09-20T22:00:47.515+0000 7f9183082640 1 -- 172.21.15.83:0/1430868675 --> [v2:172.21.15.83:3300/0,v1:172.21.15.83:6789/0] -- mon_subscribe({osdmap=0}) v3 -- 0x7f917c114050 con 0x7f917c1005b0
2024-09-20T22:00:48.304 INFO:teuthology.orchestra.run.smithi083.stdout:/usr/bin/ceph: stderr
2024-09-20T22:00:47.516+0000 7f91797fa640 1 -- 172.21.15.83:0/1430868675 <== mon.0 v2:172.21.15.83:3300/0 4 ==== mgrmap(e 8) v1 ==== 45507+0+0 (secure 0 0 0) 0x7f9170039070 con 0x7f917c1005b0
2024-09-20T22:00:48.304 INFO:teuthology.orchestra.run.smithi083.stdout:/usr/bin/ceph: stderr
2024-09-20T22:00:47.516+0000 7f9183082640 1 -- 172.21.15.83:0/1430868675 --> [v2:172.21.15.83:3300/0,v1:172.21.15.83:6789/0] -- mon_command({"prefix": "get_command_descriptions"} v 0) v1 -- 0x7f917c04b720 con 0x7f917c1005b0
2024-09-20T22:00:48.304 INFO:teuthology.orchestra.run.smithi083.stdout:/usr/bin/ceph: stderr
2024-09-20T22:00:47.516+0000 7f91797fa640 1 --2- 172.21.15.83:0/1430868675 >> [v2:172.21.15.83:6800/2432298263,v1:172.21.15.83:6801/2432298263] conn(0x7f916c039490 0x7f916c03b940 unknown :-1 s=NONE pgs=0 cs=0 l=1 rev1=0 crypto rx=0 tx=0 comp rx=0 tx=0).connect
2024-09-20T22:00:48.304 INFO:teuthology.orchestra.run.smithi083.stdout:/usr/bin/ceph: stderr
2024-09-20T22:00:47.516+0000 7f91797fa640 1 -- 172.21.15.83:0/1430868675 <== mon.0 v2:172.21.15.83:3300/0 5 ==== osd_map(2..2 src has 1..2) v4 ==== 936+0+0 (secure 0 0 0) 0x7f917006d440 con 0x7f917c1005b0
2024-09-20T22:00:48.304 INFO:teuthology.orchestra.run.smithi083.stdout:/usr/bin/ceph: stderr
2024-09-20T22:00:47.516+0000 7f917bfff640 1 --2- 172.21.15.83:0/1430868675 >> [v2:172.21.15.83:6800/2432298263,v1:172.21.15.83:6801/2432298263] conn(0x7f916c039490 0x7f916c03b940 unknown :-1 s=BANNER_CONNECTING pgs=0 cs=0 l=1 rev1=0 crypto rx=0 tx=0 comp rx=0 tx=0)._handle_peer_banner_payload supported=3 required=0
2024-09-20T22:00:48.304 INFO:teuthology.orchestra.run.smithi083.stdout:/usr/bin/ceph: stderr
2024-09-20T22:00:47.517+0000 7f917bfff640 1 --2- 172.21.15.83:0/1430868675 >> [v2:172.21.15.83:6800/2432298263,v1:172.21.15.83:6801/2432298263] conn(0x7f916c039490 0x7f916c03b940 secure :-1 s=READY pgs=10 cs=0 l=1 rev1=1 crypto rx=0x7f9168006fd0 tx=0x7f9168006db0 comp rx=0 tx=0).ready entity=mgr.14118 client_cookie=0 server_cookie=0 in_seq=0 out_seq=0
2024-09-20T22:00:48.304 INFO:teuthology.orchestra.run.smithi083.stdout:/usr/bin/ceph: stderr
