2024-09-20T22:17:11.289 INFO:teuthology.orchestra.run.smithi045.stdout:/usr/bin/ceph: stderr
2024-09-20T22:17:10.337+0000 7fa94270e640 1 -- 172.21.15.45:0/2883195522 --> [v2:172.21.15.45:3300/0,v1:172.21.15.45:6789/0] -- mon_subscribe({mgrmap=0+}) -- 0x7fa93c19d3f0 con 0x7fa93c108d20
2024-09-20T22:17:11.289 INFO:teuthology.orchestra.run.smithi045.stdout:/usr/bin/ceph: stderr
2024-09-20T22:17:10.337+0000 7fa9397fa640 1 -- 172.21.15.45:0/2883195522 <== mon.0 v2:172.21.15.45:3300/0 2 ==== config(26 keys) ==== 1102+0+0 (secure 0 0 0) 0x7fa92c042070 con 0x7fa93c108d20
2024-09-20T22:17:11.289 INFO:teuthology.orchestra.run.smithi045.stdout:/usr/bin/ceph: stderr
2024-09-20T22:17:10.337+0000 7fa9397fa640 1 -- 172.21.15.45:0/2883195522 <== mon.0 v2:172.21.15.45:3300/0 3 ==== mon_map magic: 0 ==== 205+0+0 (secure 0 0 0) 0x7fa92c03da30 con 0x7fa93c108d20
2024-09-20T22:17:11.289 INFO:teuthology.orchestra.run.smithi045.stdout:/usr/bin/ceph: stderr
2024-09-20T22:17:10.337+0000 7fa94270e640 1 -- 172.21.15.45:0/2883195522 --> [v2:172.21.15.45:3300/0,v1:172.21.15.45:6789/0] -- mon_subscribe({osdmap=0}) -- 0x7fa93c1a00e0 con 0x7fa93c108d20
2024-09-20T22:17:11.289 INFO:teuthology.orchestra.run.smithi045.stdout:/usr/bin/ceph: stderr
2024-09-20T22:17:10.337+0000 7fa9397fa640 1 -- 172.21.15.45:0/2883195522 <== mon.0 v2:172.21.15.45:3300/0 4 ==== mgrmap(e 8) ==== 46461+0+0 (secure 0 0 0) 0x7fa92c03dce0 con 0x7fa93c108d20
2024-09-20T22:17:11.289 INFO:teuthology.orchestra.run.smithi045.stdout:/usr/bin/ceph: stderr
2024-09-20T22:17:10.337+0000 7fa9397fa640 1 --2- 172.21.15.45:0/2883195522 >> [v2:172.21.15.45:6800/559857027,v1:172.21.15.45:6801/559857027] conn(0x7fa928039200 0x7fa92803b6c0 unknown :-1 s=NONE pgs=0 cs=0 l=1 rev1=0 crypto rx=0 tx=0 comp rx=0 tx=0).connect
2024-09-20T22:17:11.289 INFO:teuthology.orchestra.run.smithi045.stdout:/usr/bin/ceph: stderr
2024-09-20T22:17:10.337+0000 7fa9397fa640 1 -- 172.21.15.45:0/2883195522 <== mon.0 v2:172.21.15.45:3300/0 5 ==== osd_map(2..2 src has 1..2) ==== 940+0+0 (secure 0 0 0) 0x7fa92c06da50 con 0x7fa93c108d20
2024-09-20T22:17:11.289 INFO:teuthology.orchestra.run.smithi045.stdout:/usr/bin/ceph: stderr
2024-09-20T22:17:10.337+0000 7fa93b7fe640 1 --2- 172.21.15.45:0/2883195522 >> [v2:172.21.15.45:6800/559857027,v1:172.21.15.45:6801/559857027] conn(0x7fa928039200 0x7fa92803b6c0 unknown :-1 s=BANNER_CONNECTING pgs=0 cs=0 l=1 rev1=0 crypto rx=0 tx=0 comp rx=0 tx=0)._handle_peer_banner_payload supported=3 required=0
2024-09-20T22:17:11.289 INFO:teuthology.orchestra.run.smithi045.stdout:/usr/bin/ceph: stderr
2024-09-20T22:17:10.337+0000 7fa94270e640 1 -- 172.21.15.45:0/2883195522 --> [v2:172.21.15.45:3300/0,v1:172.21.15.45:6789/0] -- mon_command({"prefix": "get_command_descriptions"} v 0) -- 0x7fa93c10d3b0 con 0x7fa93c108d20
2024-09-20T22:17:11.289 INFO:teuthology.orchestra.run.smithi045.stdout:/usr/bin/ceph: stderr
2024-09-20T22:17:10.337+0000 7fa93b7fe640 1 --2- 172.21.15.45:0/2883195522 >> [v2:172.21.15.45:6800/559857027,v1:172.21.15.45:6801/559857027] conn(0x7fa928039200 0x7fa92803b6c0 secure :-1 s=READY pgs=13 cs=0 l=1 rev1=1 crypto rx=0x7fa9240098c0 tx=0x7fa924006db0 comp rx=0 tx=0).ready entity=mgr.14118 client_cookie=0 server_cookie=0 in_seq=0 out_seq=0
2024-09-20T22:17:11.290 INFO:teuthology.orchestra.run.smithi045.stdout:/usr/bin/ceph: stderr
2024-09-20T22:17:10.345+0000 7fa9397fa640 1 -- 172.21.15.45:0/2883195522 <== mon.0 v2:172.21.15.45:3300/0 6 ==== mon_command_ack([{"prefix": "get_command_descriptions"}]=0 v0) ==== 72+0+188913 (secure 0 0 0) 0x7fa92c06d3a0 con 0x7fa93c108d20
2024-09-20T22:17:11.290 INFO:teuthology.orchestra.run.smithi045.stdout:/usr/bin/ceph: stderr
2024-09-20T22:17:10.713+0000 7fa94270e640 1 -- 172.21.15.45:0/2883195522 --> [v2:172.21.15.45:6800/559857027,v1:172.21.15.45:6801/559857027] -- mgr_command(tid 0: {"prefix": "orch apply", "service_type": "mgr", "unmanaged": true, "target": ["mon-mgr", ""]}) -- 0x7fa93c106be0 con 0x7fa928039200
2024-09-20T22:17:11.290 INFO:teuthology.orchestra.run.smithi045.stdout:/usr/bin/ceph: stderr
2024-09-20T22:17:10.721+0000 7fa9397fa640 1 -- 172.21.15.45:0/2883195522 <== mgr.14118 v2:172.21.15.45:6800/559857027 1 ==== mgr_command_reply(tid 0: 0 ) ==== 8+0+24 (secure 0 0 0) 0x7fa93c106be0 con 0x7fa928039200
2024-09-20T22:17:11.290 INFO:teuthology.orchestra.run.smithi045.stdout:/usr/bin/ceph: stderr
2024-09-20T22:17:10.721+0000 7fa94270e640 1 -- 172.21.15.45:0/2883195522 >> [v2:172.21.15.45:6800/559857027,v1:172.21.15.45:6801/559857027] conn(0x7fa928039200 msgr2=0x7fa92803b6c0 secure :-1 s=STATE_CONNECTION_ESTABLISHED l=1).mark_down
2024-09-20T22:17:11.290 INFO:teuthology.orchestra.run.smithi045.stdout:/usr/bin/ceph: stderr
2024-09-20T22:17:10.721+0000 7fa94270e640 1 --2- 172.21.15.45:0/2883195522 >> [v2:172.21.15.45:6800/559857027,v1:172.21.15.45:6801/559857027] conn(0x7fa928039200 0x7fa92803b6c0 secure :-1 s=READY pgs=13 cs=0 l=1 rev1=1 crypto rx=0x7fa9240098c0 tx=0x7fa924006db0 comp rx=0 tx=0).stop
2024-09-20T22:17:11.290 INFO:teuthology.orchestra.run.smithi045.stdout:/usr/bin/ceph: stderr
2024-09-20T22:17:10.721+0000 7fa94270e640 1 -- 172.21.15.45:0/2883195522 >> [v2:172.21.15.45:3300/0,v1:172.21.15.45:6789/0] conn(0x7fa93c108d20 msgr2=0x7fa93c19cc20 secure :-1 s=STATE_CONNECTION_ESTABLISHED l=1).mark_down
2024-09-20T22:17:11.290 INFO:teuthology.orchestra.run.smithi045.stdout:/usr/bin/ceph: stderr
2024-09-20T22:17:10.721+0000 7fa94270e640 1 --2- 172.21.15.45:0/2883195522 >> [v2:172.21.15.45:3300/0,v1:172.21.15.45:6789/0] conn(0x7fa93c108d20 0x7fa93c19cc20 secure :-1 s=READY pgs=48 cs=0 l=1 rev1=1 crypto rx=0x7fa92c007b60 tx=0x7fa92c031c90 comp rx=0 tx=0).stop
2024-09-20T22:17:11.290 INFO:teuthology.orchestra.run.smithi045.stdout:/usr/bin/ceph: stderr
2024-09-20T22:17:10.721+0000 7fa94270e640 1 -- 172.21.15.45:0/2883195522 shutdown_connections
2024-09-20T22:17:11.290 INFO:teuthology.orchestra.run.smithi045.stdout:/usr/bin/ceph: stderr
2024-09-20T22:17:10.721+0000 7fa94270e640 1 --2- 172.21.15.45:0/2883195522 >> [v2:172.21.15.45:6800/559857027,v1:172.21.15.45:6801/559857027] conn(0x7fa928039200 0x7fa92803b6c0 unknown :-1 s=CLOSED pgs=13 cs=0 l=1 rev1=1 crypto rx=0 tx=0 comp rx=0 tx=0).stop
2024-09-20T22:17:11.290 INFO:teuthology.orchestra.run.smithi045.stdout:/usr/bin/ceph: stderr
2024-09-20T22:17:10.721+0000 7fa94270e640 1 --2- 172.21.15.45:0/2883195522 >> [v2:172.21.15.45:3300/0,v1:172.21.15.45:6789/0] conn(0x7fa93c108d20 0x7fa93c19cc20 unknown :-1 s=CLOSED pgs=48 cs=0 l=1 rev1=1 crypto rx=0 tx=0 comp rx=0 tx=0).stop
2024-09-20T22:17:11.290 INFO:teuthology.orchestra.run.smithi045.stdout:/usr/bin/ceph: stderr
2024-09-20T22:17:10.721+0000 7fa94270e640 1 -- 172.21.15.45:0/2883195522 >> 172.21.15.45:0/2883195522 conn(0x7fa93c07c3f0 msgr2=0x7fa93c1064d0 unknown :-1 s=STATE_NONE l=0).mark_down
2024-09-20T22:17:11.290 INFO:teuthology.orchestra.run.smithi045.stdout:/usr/bin/ceph: stderr
2024-09-20T22:17:10.721+0000 7fa94270e640 1 -- 172.21.15.45:0/2883195522 shutdown_connections
2024-09-20T22:17:11.290 INFO:teuthology.orchestra.run.smithi045.stdout:/usr/bin/ceph: stderr
2024-09-20T22:17:10.725+0000 7fa94270e640 1 -- 172.21.15.45:0/2883195522 wait complete.
2024-09-20T22:17:12.006 INFO:journalctl@ceph.mon.a.smithi045.stdout:Sep 20 22:17:11 smithi045 bash[22718]: audit
2024-09-20T22:17:10.718333+0000 mgr.x (mgr.14118) 19 : audit [DBG] from='client.14142 -' entity='client.admin' cmd=[{"prefix": "orch apply", "service_type": "mgr", "unmanaged": true, "target": ["mon-mgr", ""]}]: dispatch
2024-09-20T22:17:12.006 INFO:journalctl@ceph.mon.a.smithi045.stdout:Sep 20 22:17:11 smithi045 bash[22718]: cephadm
2024-09-20T22:17:10.720530+0000 mgr.x (mgr.14118) 20 : cephadm [INF] Saving service mgr spec with placement count:2
2024-09-20T22:17:12.006 INFO:journalctl@ceph.mon.a.smithi045.stdout:Sep 20 22:17:11 smithi045 bash[22718]: audit
2024-09-20T22:17:10.724450+0000 mon.a (mon.0) 69 : audit [INF] from='mgr.14118 172.21.15.45:0/2728835869' entity='mgr.x'
2024-09-20T22:17:13.006 INFO:journalctl@ceph.mon.a.smithi045.stdout:Sep 20 22:17:12 smithi045 bash[22718]: cluster
2024-09-20T22:17:10.856597+0000 mgr.x (mgr.14118) 21 : cluster [DBG] pgmap v3: 0 pgs: ; 0 B data, 0 B used, 0 B / 0 B avail
2024-09-20T22:17:13.006 INFO:journalctl@ceph.mon.a.smithi045.stdout:Sep 20 22:17:12 smithi045 bash[22718]: audit
2024-09-20T22:17:12.570485+0000 mon.a (mon.0) 70 : audit [INF] from='client.? 172.21.15.45:0/197167858' entity='client.admin'
2024-09-20T22:17:13.123 INFO:teuthology.orchestra.run.smithi045.stdout:/usr/bin/ceph: stderr
2024-09-20T22:17:12.217+0000 7fa754e4f640 1 Processor -- start
2024-09-20T22:17:13.124 INFO:teuthology.orchestra.run.smithi045.stdout:/usr/bin/ceph: stderr
2024-09-20T22:17:12.217+0000 7fa754e4f640 1 -- start start
2024-09-20T22:17:13.124 INFO:teuthology.orchestra.run.smithi045.stdout:/usr/bin/ceph: stderr
2024-09-20T22:17:12.217+0000 7fa754e4f640 1 --2- >> [v2:172.21.15.45:3300/0,v1:172.21.15.45:6789/0] conn(0x7fa750108cc0 0x7fa7501090c0 unknown :-1 s=NONE pgs=0 cs=0 l=0 rev1=0 crypto rx=0 tx=0 comp rx=0 tx=0).connect
2024-09-20T22:17:13.124 INFO:teuthology.orchestra.run.smithi045.stdout:/usr/bin/ceph: stderr
2024-09-20T22:17:12.217+0000 7fa754e4f640 1 -- --> [v2:172.21.15.45:3300/0,v1:172.21.15.45:6789/0] -- mon_getmap magic: 0 -- 0x7fa750109690 con 0x7fa750108cc0
2024-09-20T22:17:13.124 INFO:teuthology.orchestra.run.smithi045.stdout:/usr/bin/ceph: stderr
2024-09-20T22:17:12.217+0000 7fa74e59c640 1 --2- >> [v2:172.21.15.45:3300/0,v1:172.21.15.45:6789/0] conn(0x7fa750108cc0 0x7fa7501090c0 unknown :-1 s=BANNER_CONNECTING pgs=0 cs=0 l=0 rev1=0 crypto rx=0 tx=0 comp rx=0 tx=0)._handle_peer_banner_payload supported=3 required=0
2024-09-20T22:17:13.124 INFO:teuthology.orchestra.run.smithi045.stdout:/usr/bin/ceph: stderr
2024-09-20T22:17:12.217+0000 7fa74e59c640 1 --2- >> [v2:172.21.15.45:3300/0,v1:172.21.15.45:6789/0] conn(0x7fa750108cc0 0x7fa7501090c0 unknown :-1 s=HELLO_CONNECTING pgs=0 cs=0 l=0 rev1=1 crypto rx=0 tx=0 comp rx=0 tx=0).handle_hello peer v2:172.21.15.45:3300/0 says I am v2:172.21.15.45:45294/0 (socket says 172.21.15.45:45294)
2024-09-20T22:17:13.127 INFO:teuthology.orchestra.run.smithi045.stdout:/usr/bin/ceph: stderr
2024-09-20T22:17:12.217+0000 7fa74e59c640 1 -- 172.21.15.45:0/2237139931 learned_addr learned my addr 172.21.15.45:0/2237139931 (peer_addr_for_me v2:172.21.15.45:0/0)
2024-09-20T22:17:13.127 INFO:teuthology.orchestra.run.smithi045.stdout:/usr/bin/ceph: stderr
2024-09-20T22:17:12.217+0000 7fa74e59c640 1 -- 172.21.15.45:0/2237139931 --> [v2:172.21.15.45:3300/0,v1:172.21.15.45:6789/0] -- mon_subscribe({config=0+,monmap=0+}) -- 0x7fa750109e70 con 0x7fa750108cc0
2024-09-20T22:17:13.127 INFO:teuthology.orchestra.run.smithi045.stdout:/usr/bin/ceph: stderr
2024-09-20T22:17:12.217+0000 7fa74e59c640 1 --2- 172.21.15.45:0/2237139931 >> [v2:172.21.15.45:3300/0,v1:172.21.15.45:6789/0] conn(0x7fa750108cc0 0x7fa7501090c0 secure :-1 s=READY pgs=49 cs=0 l=1 rev1=1 crypto rx=0x7fa740009e80 tx=0x7fa74002a7a0 comp rx=0 tx=0).ready entity=mon.0 client_cookie=8c809443e90c0352 server_cookie=0 in_seq=0 out_seq=0
2024-09-20T22:17:13.127 INFO:teuthology.orchestra.run.smithi045.stdout:/usr/bin/ceph: stderr
2024-09-20T22:17:12.217+0000 7fa74d59a640 1 -- 172.21.15.45:0/2237139931 <== mon.0 v2:172.21.15.45:3300/0 1 ==== mon_map magic: 0 ==== 205+0+0 (secure 0 0 0) 0x7fa740036070 con 0x7fa750108cc0
2024-09-20T22:17:13.127 INFO:teuthology.orchestra.run.smithi045.stdout:/usr/bin/ceph: stderr
2024-09-20T22:17:12.217+0000 7fa74d59a640 1 -- 172.21.15.45:0/2237139931 <== mon.0 v2:172.21.15.45:3300/0 2 ==== config(26 keys) ==== 1102+0+0 (secure 0 0 0) 0x7fa7400318b0 con 0x7fa750108cc0
2024-09-20T22:17:13.127 INFO:teuthology.orchestra.run.smithi045.stdout:/usr/bin/ceph: stderr
2024-09-20T22:17:12.217+0000 7fa74d59a640 1 -- 172.21.15.45:0/2237139931 <== mon.0 v2:172.21.15.45:3300/0 3 ==== mon_map magic: 0 ==== 205+0+0 (secure 0 0 0) 0x7fa740007930 con 0x7fa750108cc0
2024-09-20T22:17:13.127 INFO:teuthology.orchestra.run.smithi045.stdout:/usr/bin/ceph: stderr
2024-09-20T22:17:12.217+0000 7fa754e4f640 1 -- 172.21.15.45:0/2237139931 >> [v2:172.21.15.45:3300/0,v1:172.21.15.45:6789/0] conn(0x7fa750108cc0 msgr2=0x7fa7501090c0 secure :-1 s=STATE_CONNECTION_ESTABLISHED l=1).mark_down
2024-09-20T22:17:13.127 INFO:teuthology.orchestra.run.smithi045.stdout:/usr/bin/ceph: stderr
2024-09-20T22:17:12.217+0000 7fa754e4f640 1 --2- 172.21.15.45:0/2237139931 >> [v2:172.21.15.45:3300/0,v1:172.21.15.45:6789/0] conn(0x7fa750108cc0 0x7fa7501090c0 secure :-1 s=READY pgs=49 cs=0 l=1 rev1=1 crypto rx=0x7fa740009e80 tx=0x7fa74002a7a0 comp rx=0 tx=0).stop
2024-09-20T22:17:13.127 INFO:teuthology.orchestra.run.smithi045.stdout:/usr/bin/ceph: stderr
2024-09-20T22:17:12.221+0000 7fa754e4f640 1 -- 172.21.15.45:0/2237139931 shutdown_connections
2024-09-20T22:17:13.127 INFO:teuthology.orchestra.run.smithi045.stdout:/usr/bin/ceph: stderr
2024-09-20T22:17:12.221+0000 7fa754e4f640 1 --2- 172.21.15.45:0/2237139931 >> [v2:172.21.15.45:3300/0,v1:172.21.15.45:6789/0] conn(0x7fa750108cc0 0x7fa7501090c0 unknown :-1 s=CLOSED pgs=49 cs=0 l=1 rev1=1 crypto rx=0 tx=0 comp rx=0 tx=0).stop
2024-09-20T22:17:13.127 INFO:teuthology.orchestra.run.smithi045.stdout:/usr/bin/ceph: stderr
2024-09-20T22:17:12.221+0000 7fa754e4f640 1 -- 172.21.15.45:0/2237139931 >> 172.21.15.45:0/2237139931 conn(0x7fa75007c410 msgr2=0x7fa750106d50 unknown :-1 s=STATE_NONE l=0).mark_down
2024-09-20T22:17:13.127 INFO:teuthology.orchestra.run.smithi045.stdout:/usr/bin/ceph: stderr
2024-09-20T22:17:12.221+0000 7fa754e4f640 1 -- 172.21.15.45:0/2237139931 shutdown_connections
2024-09-20T22:17:13.128 INFO:teuthology.orchestra.run.smithi045.stdout:/usr/bin/ceph: stderr
2024-09-20T22:17:12.221+0000 7fa754e4f640 1 -- 172.21.15.45:0/2237139931 wait complete.
2024-09-20T22:17:13.128 INFO:teuthology.orchestra.run.smithi045.stdout:/usr/bin/ceph: stderr
2024-09-20T22:17:12.221+0000 7fa754e4f640 1 Processor -- start
2024-09-20T22:17:13.128 INFO:teuthology.orchestra.run.smithi045.stdout:/usr/bin/ceph: stderr
2024-09-20T22:17:12.221+0000 7fa754e4f640 1 -- start start
2024-09-20T22:17:13.128 INFO:teuthology.orchestra.run.smithi045.stdout:/usr/bin/ceph: stderr
2024-09-20T22:17:12.221+0000 7fa754e4f640 1 --2- >> [v2:172.21.15.45:3300/0,v1:172.21.15.45:6789/0] conn(0x7fa750108cc0 0x7fa75019cc30 unknown :-1 s=NONE pgs=0 cs=0 l=1 rev1=0 crypto rx=0 tx=0 comp rx=0 tx=0).connect
2024-09-20T22:17:13.128 INFO:teuthology.orchestra.run.smithi045.stdout:/usr/bin/ceph: stderr
2024-09-20T22:17:12.221+0000 7fa754e4f640 1 -- --> [v2:172.21.15.45:3300/0,v1:172.21.15.45:6789/0] -- mon_getmap magic: 0 -- 0x7fa75010d220 con 0x7fa750108cc0
2024-09-20T22:17:13.128 INFO:teuthology.orchestra.run.smithi045.stdout:/usr/bin/ceph: stderr
2024-09-20T22:17:12.221+0000 7fa74e59c640 1 --2- >> [v2:172.21.15.45:3300/0,v1:172.21.15.45:6789/0] conn(0x7fa750108cc0 0x7fa75019cc30 unknown :-1 s=BANNER_CONNECTING pgs=0 cs=0 l=1 rev1=0 crypto rx=0 tx=0 comp rx=0 tx=0)._handle_peer_banner_payload supported=3 required=0
2024-09-20T22:17:13.128 INFO:teuthology.orchestra.run.smithi045.stdout:/usr/bin/ceph: stderr
2024-09-20T22:17:12.221+0000 7fa74e59c640 1 --2- >> [v2:172.21.15.45:3300/0,v1:172.21.15.45:6789/0] conn(0x7fa750108cc0 0x7fa75019cc30 unknown :-1 s=HELLO_CONNECTING pgs=0 cs=0 l=1 rev1=1 crypto rx=0 tx=0 comp rx=0 tx=0).handle_hello peer v2:172.21.15.45:3300/0 says I am v2:172.21.15.45:45310/0 (socket says 172.21.15.45:45310)
2024-09-20T22:17:13.128 INFO:teuthology.orchestra.run.smithi045.stdout:/usr/bin/ceph: stderr
2024-09-20T22:17:12.221+0000 7fa74e59c640 1 -- 172.21.15.45:0/197167858 learned_addr learned my addr 172.21.15.45:0/197167858 (peer_addr_for_me v2:172.21.15.45:0/0)
2024-09-20T22:17:13.128 INFO:teuthology.orchestra.run.smithi045.stdout:/usr/bin/ceph: stderr
2024-09-20T22:17:12.221+0000 7fa74e59c640 1 -- 172.21.15.45:0/197167858 --> [v2:172.21.15.45:3300/0,v1:172.21.15.45:6789/0] -- mon_subscribe({config=0+,monmap=0+}) -- 0x7fa75019d170 con 0x7fa750108cc0
2024-09-20T22:17:13.128 INFO:teuthology.orchestra.run.smithi045.stdout:/usr/bin/ceph: stderr
2024-09-20T22:17:12.221+0000 7fa74e59c640 1 --2- 172.21.15.45:0/197167858 >> [v2:172.21.15.45:3300/0,v1:172.21.15.45:6789/0] conn(0x7fa750108cc0 0x7fa75019cc30 secure :-1 s=READY pgs=50 cs=0 l=1 rev1=1 crypto rx=0x7fa74002acc0 tx=0x7fa740031c90 comp rx=0 tx=0).ready entity=mon.0 client_cookie=0 server_cookie=0 in_seq=0 out_seq=0
2024-09-20T22:17:13.128 INFO:teuthology.orchestra.run.smithi045.stdout:/usr/bin/ceph: stderr
2024-09-20T22:17:12.221+0000 7fa73f7fe640 1 -- 172.21.15.45:0/197167858 <== mon.0 v2:172.21.15.45:3300/0 1 ==== mon_map magic: 0 ==== 205+0+0 (secure 0 0 0) 0x7fa740036050 con 0x7fa750108cc0
2024-09-20T22:17:13.128 INFO:teuthology.orchestra.run.smithi045.stdout:/usr/bin/ceph: stderr
2024-09-20T22:17:12.221+0000 7fa73f7fe640 1 -- 172.21.15.45:0/197167858 <== mon.0 v2:172.21.15.45:3300/0 2 ==== config(26 keys) ==== 1102+0+0 (secure 0 0 0) 0x7fa740037040 con 0x7fa750108cc0
2024-09-20T22:17:13.128 INFO:teuthology.orchestra.run.smithi045.stdout:/usr/bin/ceph: stderr
2024-09-20T22:17:12.221+0000 7fa73f7fe640 1 -- 172.21.15.45:0/197167858 <== mon.0 v2:172.21.15.45:3300/0 3 ==== mon_map magic: 0 ==== 205+0+0 (secure 0 0 0) 0x7fa74003d9c0 con 0x7fa750108cc0
2024-09-20T22:17:13.130 INFO:teuthology.orchestra.run.smithi045.stdout:/usr/bin/ceph: stderr
2024-09-20T22:17:12.221+0000 7fa754e4f640 1 -- 172.21.15.45:0/197167858 --> [v2:172.21.15.45:3300/0,v1:172.21.15.45:6789/0] -- mon_subscribe({mgrmap=0+}) -- 0x7fa75019d400 con 0x7fa750108cc0
2024-09-20T22:17:13.130 INFO:teuthology.orchestra.run.smithi045.stdout:/usr/bin/ceph: stderr
2024-09-20T22:17:12.221+0000 7fa754e4f640 1 -- 172.21.15.45:0/197167858 --> [v2:172.21.15.45:3300/0,v1:172.21.15.45:6789/0] -- mon_subscribe({osdmap=0}) -- 0x7fa7501a00f0 con 0x7fa750108cc0
2024-09-20T22:17:13.131 INFO:teuthology.orchestra.run.smithi045.stdout:/usr/bin/ceph: stderr
2024-09-20T22:17:12.221+0000 7fa73f7fe640 1 -- 172.21.15.45:0/197167858 <== mon.0 v2:172.21.15.45:3300/0 4 ==== mgrmap(e 8) ==== 46461+0+0 (secure 0 0 0) 0x7fa740044020 con 0x7fa750108cc0
2024-09-20T22:17:13.131 INFO:teuthology.orchestra.run.smithi045.stdout:/usr/bin/ceph: stderr
2024-09-20T22:17:12.221+0000 7fa73f7fe640 1 --2- 172.21.15.45:0/197167858 >> [v2:172.21.15.45:6800/559857027,v1:172.21.15.45:6801/559857027] conn(0x7fa738039200 0x7fa73803b6c0 unknown :-1 s=NONE pgs=0 cs=0 l=1 rev1=0 crypto rx=0 tx=0 comp rx=0 tx=0).connect
2024-09-20T22:17:13.131 INFO:teuthology.orchestra.run.smithi045.stdout:/usr/bin/ceph: stderr
2024-09-20T22:17:12.221+0000 7fa73f7fe640 1 -- 172.21.15.45:0/197167858 <== mon.0 v2:172.21.15.45:3300/0 5 ==== osd_map(2..2 src has 1..2) ==== 940+0+0 (secure 0 0 0) 0x7fa740042020 con 0x7fa750108cc0
2024-09-20T22:17:13.131 INFO:teuthology.orchestra.run.smithi045.stdout:/usr/bin/ceph: stderr
2024-09-20T22:17:12.221+0000 7fa74dd9b640 1 --2- 172.21.15.45:0/197167858 >> [v2:172.21.15.45:6800/559857027,v1:172.21.15.45:6801/559857027] conn(0x7fa738039200 0x7fa73803b6c0 unknown :-1 s=BANNER_CONNECTING pgs=0 cs=0 l=1 rev1=0 crypto rx=0 tx=0 comp rx=0 tx=0)._handle_peer_banner_payload supported=3 required=0
2024-09-20T22:17:13.131 INFO:teuthology.orchestra.run.smithi045.stdout:/usr/bin/ceph: stderr
2024-09-20T22:17:12.221+0000 7fa754e4f640 1 -- 172.21.15.45:0/197167858 --> [v2:172.21.15.45:3300/0,v1:172.21.15.45:6789/0] -- mon_command({"prefix": "get_command_descriptions"} v 0) -- 0x7fa75010d3a0 con 0x7fa750108cc0
2024-09-20T22:17:13.131 INFO:teuthology.orchestra.run.smithi045.stdout:/usr/bin/ceph: stderr
2024-09-20T22:17:12.225+0000 7fa74dd9b640 1 --2- 172.21.15.45:0/197167858 >> [v2:172.21.15.45:6800/559857027,v1:172.21.15.45:6801/559857027] conn(0x7fa738039200 0x7fa73803b6c0 secure :-1 s=READY pgs=14 cs=0 l=1 rev1=1 crypto rx=0x7fa7440098c0 tx=0x7fa744006db0 comp rx=0 tx=0).ready entity=mgr.14118 client_cookie=0 server_cookie=0 in_seq=0 out_seq=0
2024-09-20T22:17:13.131 INFO:teuthology.orchestra.run.smithi045.stdout:/usr/bin/ceph: stderr
2024-09-20T22:17:12.229+0000 7fa73f7fe640 1 -- 172.21.15.45:0/197167858 <== mon.0 v2:172.21.15.45:3300/0 6 ==== mon_command_ack([{"prefix": "get_command_descriptions"}]=0 v0) ==== 72+0+188913 (secure 0 0 0) 0x7fa74004b020 con 0x7fa750108cc0
2024-09-20T22:17:13.131 INFO:teuthology.orchestra.run.smithi045.stdout:/usr/bin/ceph: stderr
2024-09-20T22:17:12.561+0000 7fa754e4f640 1 -- 172.21.15.45:0/197167858 --> [v2:172.21.15.45:3300/0,v1:172.21.15.45:6789/0] -- mon_command([{prefix=config set, name=mgr/cephadm/container_init}] v 0) -- 0x7fa750109140 con 0x7fa750108cc0
2024-09-20T22:17:13.131 INFO:teuthology.orchestra.run.smithi045.stdout:/usr/bin/ceph: stderr
2024-09-20T22:17:12.565+0000 7fa73f7fe640 1 -- 172.21.15.45:0/197167858 <== mon.0 v2:172.21.15.45:3300/0 7 ==== mon_command_ack([{prefix=config set, name=mgr/cephadm/container_init}]=0 v7)=0 v7) ==== 142+0+0 (secure 0 0 0) 0x7fa74003bce0 con 0x7fa750108cc0
2024-09-20T22:17:13.131 INFO:teuthology.orchestra.run.smithi045.stdout:/usr/bin/ceph: stderr
2024-09-20T22:17:12.569+0000 7fa754e4f640 1 -- 172.21.15.45:0/197167858 >> [v2:172.21.15.45:6800/559857027,v1:172.21.15.45:6801/559857027] conn(0x7fa738039200 msgr2=0x7fa73803b6c0 secure :-1 s=STATE_CONNECTION_ESTABLISHED l=1).mark_down
2024-09-20T22:17:13.131 INFO:teuthology.orchestra.run.smithi045.stdout:/usr/bin/ceph: stderr
2024-09-20T22:17:12.569+0000 7fa754e4f640 1 --2- 172.21.15.45:0/197167858 >> [v2:172.21.15.45:6800/559857027,v1:172.21.15.45:6801/559857027] conn(0x7fa738039200 0x7fa73803b6c0 secure :-1 s=READY pgs=14 cs=0 l=1 rev1=1 crypto rx=0x7fa7440098c0 tx=0x7fa744006db0 comp rx=0 tx=0).stop
2024-09-20T22:17:13.131 INFO:teuthology.orchestra.run.smithi045.stdout:/usr/bin/ceph: stderr
2024-09-20T22:17:12.569+0000 7fa754e4f640 1 -- 172.21.15.45:0/197167858 >> [v2:172.21.15.45:3300/0,v1:172.21.15.45:6789/0] conn(0x7fa750108cc0 msgr2=0x7fa75019cc30 secure :-1 s=STATE_CONNECTION_ESTABLISHED l=1).mark_down
2024-09-20T22:17:13.131 INFO:teuthology.orchestra.run.smithi045.stdout:/usr/bin/ceph: stderr
2024-09-20T22:17:12.569+0000 7fa754e4f640 1 --2- 172.21.15.45:0/197167858 >> [v2:172.21.15.45:3300/0,v1:172.21.15.45:6789/0] conn(0x7fa750108cc0 0x7fa75019cc30 secure :-1 s=READY pgs=50 cs=0 l=1 rev1=1 crypto rx=0x7fa74002acc0 tx=0x7fa740031c90 comp rx=0 tx=0).stop
2024-09-20T22:17:13.132 INFO:teuthology.orchestra.run.smithi045.stdout:/usr/bin/ceph: stderr
2024-09-20T22:17:12.569+0000 7fa754e4f640 1 -- 172.21.15.45:0/197167858 shutdown_connections
2024-09-20T22:17:13.132 INFO:teuthology.orchestra.run.smithi045.stdout:/usr/bin/ceph: stderr
2024-09-20T22:17:12.569+0000 7fa754e4f640 1 --2- 172.21.15.45:0/197167858 >> [v2:172.21.15.45:6800/559857027,v1:172.21.15.45:6801/559857027] conn(0x7fa738039200 0x7fa73803b6c0 unknown :-1 s=CLOSED pgs=14 cs=0 l=1 rev1=1 crypto rx=0 tx=0 comp rx=0 tx=0).stop
2024-09-20T22:17:13.132 INFO:teuthology.orchestra.run.smithi045.stdout:/usr/bin/ceph: stderr
2024-09-20T22:17:12.569+0000 7fa754e4f640 1 --2- 172.21.15.45:0/197167858 >> [v2:172.21.15.45:3300/0,v1:172.21.15.45:6789/0] conn(0x7fa750108cc0 0x7fa75019cc30 unknown :-1 s=CLOSED pgs=50 cs=0 l=1 rev1=1 crypto rx=0 tx=0 comp rx=0 tx=0).stop
2024-09-20T22:17:13.132 INFO:teuthology.orchestra.run.smithi045.stdout:/usr/bin/ceph: stderr
2024-09-20T22:17:12.569+0000 7fa754e4f640 1 -- 172.21.15.45:0/197167858 >> 172.21.15.45:0/197167858 conn(0x7fa75007c410 msgr2=0x7fa7501064f0 unknown :-1 s=STATE_NONE l=0).mark_down
2024-09-20T22:17:13.132 INFO:teuthology.orchestra.run.smithi045.stdout:/usr/bin/ceph: stderr
2024-09-20T22:17:12.569+0000 7fa754e4f640 1 -- 172.21.15.45:0/197167858 shutdown_connections
2024-09-20T22:17:13.132 INFO:teuthology.orchestra.run.smithi045.stdout:/usr/bin/ceph: stderr
2024-09-20T22:17:12.569+0000 7fa754e4f640 1 -- 172.21.15.45:0/197167858 wait complete.
2024-09-20T22:17:14.756 INFO:journalctl@ceph.mon.a.smithi045.stdout:Sep 20 22:17:14 smithi045 bash[22718]: cluster
2024-09-20T22:17:12.856995+0000 mgr.x (mgr.14118) 22 : cluster [DBG] pgmap v4: 0 pgs: ; 0 B data, 0 B used, 0 B / 0 B avail
2024-09-20T22:17:14.756 INFO:journalctl@ceph.mon.a.smithi045.stdout:Sep 20 22:17:14 smithi045 bash[22718]: audit
2024-09-20T22:17:14.490988+0000 mon.a (mon.0) 71 : audit [INF] from='client.? 172.21.15.45:0/3597702209' entity='client.admin'
2024-09-20T22:17:15.053 INFO:teuthology.orchestra.run.smithi045.stdout:/usr/bin/ceph: stderr
2024-09-20T22:17:14.125+0000 7f6b19aa0640 1 Processor -- start
2024-09-20T22:17:15.053 INFO:teuthology.orchestra.run.smithi045.stdout:/usr/bin/ceph: stderr
2024-09-20T22:17:14.125+0000 7f6b19aa0640 1 -- start start
2024-09-20T22:17:15.053 INFO:teuthology.orchestra.run.smithi045.stdout:/usr/bin/ceph: stderr
2024-09-20T22:17:14.125+0000 7f6b19aa0640 1 --2- >> [v2:172.21.15.45:3300/0,v1:172.21.15.45:6789/0] conn(0x7f6b1407c5f0 0x7f6b1407ab60 unknown :-1 s=NONE pgs=0 cs=0 l=0 rev1=0 crypto rx=0 tx=0 comp rx=0 tx=0).connect
2024-09-20T22:17:15.053 INFO:teuthology.orchestra.run.smithi045.stdout:/usr/bin/ceph: stderr
2024-09-20T22:17:14.125+0000 7f6b19aa0640 1 -- --> [v2:172.21.15.45:3300/0,v1:172.21.15.45:6789/0] -- mon_getmap magic: 0 -- 0x7f6b1407c9f0 con 0x7f6b1407c5f0
2024-09-20T22:17:15.054 INFO:teuthology.orchestra.run.smithi045.stdout:/usr/bin/ceph: stderr
2024-09-20T22:17:14.125+0000 7f6b137fe640 1 --2- >> [v2:172.21.15.45:3300/0,v1:172.21.15.45:6789/0] conn(0x7f6b1407c5f0 0x7f6b1407ab60 unknown :-1 s=BANNER_CONNECTING pgs=0 cs=0 l=0 rev1=0 crypto rx=0 tx=0 comp rx=0 tx=0)._handle_peer_banner_payload supported=3 required=0
2024-09-20T22:17:15.054 INFO:teuthology.orchestra.run.smithi045.stdout:/usr/bin/ceph: stderr
2024-09-20T22:17:14.125+0000 7f6b137fe640 1 --2- >> [v2:172.21.15.45:3300/0,v1:172.21.15.45:6789/0] conn(0x7f6b1407c5f0 0x7f6b1407ab60 unknown :-1 s=HELLO_CONNECTING pgs=0 cs=0 l=0 rev1=1 crypto rx=0 tx=0 comp rx=0 tx=0).handle_hello peer v2:172.21.15.45:3300/0 says I am v2:172.21.15.45:45314/0 (socket says 172.21.15.45:45314)
2024-09-20T22:17:15.054 INFO:teuthology.orchestra.run.smithi045.stdout:/usr/bin/ceph: stderr
2024-09-20T22:17:14.125+0000 7f6b137fe640 1 -- 172.21.15.45:0/717566958 learned_addr learned my addr 172.21.15.45:0/717566958 (peer_addr_for_me v2:172.21.15.45:0/0)
2024-09-20T22:17:15.054 INFO:teuthology.orchestra.run.smithi045.stdout:/usr/bin/ceph: stderr
2024-09-20T22:17:14.125+0000 7f6b137fe640 1 -- 172.21.15.45:0/717566958 --> [v2:172.21.15.45:3300/0,v1:172.21.15.45:6789/0] -- mon_subscribe({config=0+,monmap=0+}) -- 0x7f6b1407b0a0 con 0x7f6b1407c5f0
2024-09-20T22:17:15.054 INFO:teuthology.orchestra.run.smithi045.stdout:/usr/bin/ceph: stderr
2024-09-20T22:17:14.125+0000 7f6b137fe640 1 --2- 172.21.15.45:0/717566958 >> [v2:172.21.15.45:3300/0,v1:172.21.15.45:6789/0] conn(0x7f6b1407c5f0 0x7f6b1407ab60 secure :-1 s=READY pgs=51 cs=0 l=1 rev1=1 crypto rx=0x7f6b04009820 tx=0x7f6b0402a270 comp rx=0 tx=0).ready entity=mon.0 client_cookie=9152bfa95a01841b server_cookie=0 in_seq=0 out_seq=0
2024-09-20T22:17:15.054 INFO:teuthology.orchestra.run.smithi045.stdout:/usr/bin/ceph: stderr
2024-09-20T22:17:14.125+0000 7f6b12ffd640 1 -- 172.21.15.45:0/717566958 <== mon.0 v2:172.21.15.45:3300/0 1 ==== mon_map magic: 0 ==== 205+0+0 (secure 0 0 0) 0x7f6b04037070 con 0x7f6b1407c5f0
2024-09-20T22:17:15.054 INFO:teuthology.orchestra.run.smithi045.stdout:/usr/bin/ceph: stderr
2024-09-20T22:17:14.125+0000 7f6b12ffd640 1 -- 172.21.15.45:0/717566958 <== mon.0 v2:172.21.15.45:3300/0 2 ==== config(26 keys) ==== 1102+0+0 (secure 0 0 0) 0x7f6b040328f0 con 0x7f6b1407c5f0
2024-09-20T22:17:15.054 INFO:teuthology.orchestra.run.smithi045.stdout:/usr/bin/ceph: stderr
2024-09-20T22:17:14.125+0000 7f6b12ffd640 1 -- 172.21.15.45:0/717566958 <== mon.0 v2:172.21.15.45:3300/0 3 ==== mon_map magic: 0 ==== 205+0+0 (secure 0 0 0) 0x7f6b04030740 con 0x7f6b1407c5f0
2024-09-20T22:17:15.054 INFO:teuthology.orchestra.run.smithi045.stdout:/usr/bin/ceph: stderr
2024-09-20T22:17:14.125+0000 7f6b19aa0640 1 -- 172.21.15.45:0/717566958 >> [v2:172.21.15.45:3300/0,v1:172.21.15.45:6789/0] conn(0x7f6b1407c5f0 msgr2=0x7f6b1407ab60 secure :-1 s=STATE_CONNECTION_ESTABLISHED l=1).mark_down
2024-09-20T22:17:15.054 INFO:teuthology.orchestra.run.smithi045.stdout:/usr/bin/ceph: stderr
2024-09-20T22:17:14.125+0000 7f6b19aa0640 1 --2- 172.21.15.45:0/717566958 >> [v2:172.21.15.45:3300/0,v1:172.21.15.45:6789/0] conn(0x7f6b1407c5f0 0x7f6b1407ab60 secure :-1 s=READY pgs=51 cs=0 l=1 rev1=1 crypto rx=0x7f6b04009820 tx=0x7f6b0402a270 comp rx=0 tx=0).stop
2024-09-20T22:17:15.054 INFO:teuthology.orchestra.run.smithi045.stdout:/usr/bin/ceph: stderr
2024-09-20T22:17:14.125+0000 7f6b19aa0640 1 -- 172.21.15.45:0/717566958 shutdown_connections
2024-09-20T22:17:15.054 INFO:teuthology.orchestra.run.smithi045.stdout:/usr/bin/ceph: stderr
2024-09-20T22:17:14.125+0000 7f6b19aa0640 1 --2- 172.21.15.45:0/717566958 >> [v2:172.21.15.45:3300/0,v1:172.21.15.45:6789/0] conn(0x7f6b1407c5f0 0x7f6b1407ab60 unknown :-1 s=CLOSED pgs=51 cs=0 l=1 rev1=1 crypto rx=0 tx=0 comp rx=0 tx=0).stop
2024-09-20T22:17:15.054 INFO:teuthology.orchestra.run.smithi045.stdout:/usr/bin/ceph: stderr
2024-09-20T22:17:14.125+0000 7f6b19aa0640 1 -- 172.21.15.45:0/717566958 >> 172.21.15.45:0/717566958 conn(0x7f6b14102330 msgr2=0x7f6b14104750 unknown :-1 s=STATE_NONE l=0).mark_down
2024-09-20T22:17:15.055 INFO:teuthology.orchestra.run.smithi045.stdout:/usr/bin/ceph: stderr
2024-09-20T22:17:14.125+0000 7f6b19aa0640 1 -- 172.21.15.45:0/717566958 shutdown_connections
2024-09-20T22:17:15.055 INFO:teuthology.orchestra.run.smithi045.stdout:/usr/bin/ceph: stderr
2024-09-20T22:17:14.129+0000 7f6b19aa0640 1 -- 172.21.15.45:0/717566958 wait complete.
2024-09-20T22:17:15.055 INFO:teuthology.orchestra.run.smithi045.stdout:/usr/bin/ceph: stderr
2024-09-20T22:17:14.129+0000 7f6b19aa0640 1 Processor -- start
2024-09-20T22:17:15.055 INFO:teuthology.orchestra.run.smithi045.stdout:/usr/bin/ceph: stderr
2024-09-20T22:17:14.129+0000 7f6b19aa0640 1 -- start start
2024-09-20T22:17:15.055 INFO:teuthology.orchestra.run.smithi045.stdout:/usr/bin/ceph: stderr
2024-09-20T22:17:14.129+0000 7f6b19aa0640 1 --2- >> [v2:172.21.15.45:3300/0,v1:172.21.15.45:6789/0] conn(0x7f6b1407c5f0 0x7f6b1419cbe0 unknown :-1 s=NONE pgs=0 cs=0 l=1 rev1=0 crypto rx=0 tx=0 comp rx=0 tx=0).connect
2024-09-20T22:17:15.055 INFO:teuthology.orchestra.run.smithi045.stdout:/usr/bin/ceph: stderr
2024-09-20T22:17:14.129+0000 7f6b19aa0640 1 -- --> [v2:172.21.15.45:3300/0,v1:172.21.15.45:6789/0] -- mon_getmap magic: 0 -- 0x7f6b1410cfa0 con 0x7f6b1407c5f0
2024-09-20T22:17:15.055 INFO:teuthology.orchestra.run.smithi045.stdout:/usr/bin/ceph: stderr
2024-09-20T22:17:14.129+0000 7f6b137fe640 1 --2- >> [v2:172.21.15.45:3300/0,v1:172.21.15.45:6789/0] conn(0x7f6b1407c5f0 0x7f6b1419cbe0 unknown :-1 s=BANNER_CONNECTING pgs=0 cs=0 l=1 rev1=0 crypto rx=0 tx=0 comp rx=0 tx=0)._handle_peer_banner_payload supported=3 required=0
2024-09-20T22:17:15.055 INFO:teuthology.orchestra.run.smithi045.stdout:/usr/bin/ceph: stderr
2024-09-20T22:17:14.129+0000 7f6b137fe640 1 --2- >> [v2:172.21.15.45:3300/0,v1:172.21.15.45:6789/0] conn(0x7f6b1407c5f0 0x7f6b1419cbe0 unknown :-1 s=HELLO_CONNECTING pgs=0 cs=0 l=1 rev1=1 crypto rx=0 tx=0 comp rx=0 tx=0).handle_hello peer v2:172.21.15.45:3300/0 says I am v2:172.21.15.45:45316/0 (socket says 172.21.15.45:45316)
2024-09-20T22:17:15.055 INFO:teuthology.orchestra.run.smithi045.stdout:/usr/bin/ceph: stderr
2024-09-20T22:17:14.129+0000 7f6b137fe640 1 -- 172.21.15.45:0/3597702209 learned_addr learned my addr 172.21.15.45:0/3597702209 (peer_addr_for_me v2:172.21.15.45:0/0)
2024-09-20T22:17:15.055 INFO:teuthology.orchestra.run.smithi045.stdout:/usr/bin/ceph: stderr
2024-09-20T22:17:14.129+0000 7f6b137fe640 1 -- 172.21.15.45:0/3597702209 --> [v2:172.21.15.45:3300/0,v1:172.21.15.45:6789/0] -- mon_subscribe({config=0+,monmap=0+}) -- 0x7f6b1419d120 con 0x7f6b1407c5f0
2024-09-20T22:17:15.055 INFO:teuthology.orchestra.run.smithi045.stdout:/usr/bin/ceph: stderr
2024-09-20T22:17:14.129+0000 7f6b137fe640 1 --2- 172.21.15.45:0/3597702209 >> [v2:172.21.15.45:3300/0,v1:172.21.15.45:6789/0] conn(0x7f6b1407c5f0 0x7f6b1419cbe0 secure :-1 s=READY pgs=52 cs=0 l=1 rev1=1 crypto rx=0x7f6b040097f0 tx=0x7f6b04030c70 comp rx=0 tx=0).ready entity=mon.0 client_cookie=0 server_cookie=0 in_seq=0 out_seq=0
2024-09-20T22:17:15.055 INFO:teuthology.orchestra.run.smithi045.stdout:/usr/bin/ceph: stderr
2024-09-20T22:17:14.129+0000 7f6b117fa640 1 -- 172.21.15.45:0/3597702209 <== mon.0 v2:172.21.15.45:3300/0 1 ==== mon_map magic: 0 ==== 205+0+0 (secure 0 0 0) 0x7f6b04042070 con 0x7f6b1407c5f0
2024-09-20T22:17:15.056 INFO:teuthology.orchestra.run.smithi045.stdout:/usr/bin/ceph: stderr
2024-09-20T22:17:14.129+0000 7f6b19aa0640 1 -- 172.21.15.45:0/3597702209 --> [v2:172.21.15.45:3300/0,v1:172.21.15.45:6789/0] -- mon_subscribe({mgrmap=0+}) -- 0x7f6b1419d3b0 con 0x7f6b1407c5f0
2024-09-20T22:17:15.056 INFO:teuthology.orchestra.run.smithi045.stdout:/usr/bin/ceph: stderr
2024-09-20T22:17:14.129+0000 7f6b117fa640 1 -- 172.21.15.45:0/3597702209 <== mon.0 v2:172.21.15.45:3300/0 2 ==== config(26 keys) ==== 1102+0+0 (secure 0 0 0) 0x7f6b04030d80 con 0x7f6b1407c5f0
2024-09-20T22:17:15.056 INFO:teuthology.orchestra.run.smithi045.stdout:/usr/bin/ceph: stderr
2024-09-20T22:17:14.129+0000 7f6b19aa0640 1 -- 172.21.15.45:0/3597702209 --> [v2:172.21.15.45:3300/0,v1:172.21.15.45:6789/0] -- mon_subscribe({osdmap=0}) -- 0x7f6b141a00a0 con 0x7f6b1407c5f0
2024-09-20T22:17:15.056 INFO:teuthology.orchestra.run.smithi045.stdout:/usr/bin/ceph: stderr
2024-09-20T22:17:14.129+0000 7f6b117fa640 1 -- 172.21.15.45:0/3597702209 <== mon.0 v2:172.21.15.45:3300/0 3 ==== mon_map magic: 0 ==== 205+0+0 (secure 0 0 0) 0x7f6b04037040 con 0x7f6b1407c5f0
2024-09-20T22:17:15.056 INFO:teuthology.orchestra.run.smithi045.stdout:/usr/bin/ceph: stderr
2024-09-20T22:17:14.129+0000 7f6b117fa640 1 -- 172.21.15.45:0/3597702209 <== mon.0 v2:172.21.15.45:3300/0 4 ==== mgrmap(e 8) ==== 46461+0+0 (secure 0 0 0) 0x7f6b04045070 con 0x7f6b1407c5f0
2024-09-20T22:17:15.056 INFO:teuthology.orchestra.run.smithi045.stdout:/usr/bin/ceph: stderr
2024-09-20T22:17:14.129+0000 7f6b117fa640 1 --2- 172.21.15.45:0/3597702209 >> [v2:172.21.15.45:6800/559857027,v1:172.21.15.45:6801/559857027] conn(0x7f6b000391b0 0x7f6b0003b670 unknown :-1 s=NONE pgs=0 cs=0 l=1 rev1=0 crypto rx=0 tx=0 comp rx=0 tx=0).connect
2024-09-20T22:17:15.056 INFO:teuthology.orchestra.run.smithi045.stdout:/usr/bin/ceph: stderr
2024-09-20T22:17:14.129+0000 7f6b19aa0640 1 -- 172.21.15.45:0/3597702209 --> [v2:172.21.15.45:3300/0,v1:172.21.15.45:6789/0] -- mon_command({"prefix": "get_command_descriptions"} v 0) -- 0x7f6af40052c0 con 0x7f6b1407c5f0
2024-09-20T22:17:15.056 INFO:teuthology.orchestra.run.smithi045.stdout:/usr/bin/ceph: stderr
2024-09-20T22:17:14.129+0000 7f6b0bfff640 1 --2- 172.21.15.45:0/3597702209 >> [v2:172.21.15.45:6800/559857027,v1:172.21.15.45:6801/559857027] conn(0x7f6b000391b0 0x7f6b0003b670 unknown :-1 s=BANNER_CONNECTING pgs=0 cs=0 l=1 rev1=0 crypto rx=0 tx=0 comp rx=0 tx=0)._handle_peer_banner_payload supported=3 required=0
2024-09-20T22:17:15.056 INFO:teuthology.orchestra.run.smithi045.stdout:/usr/bin/ceph: stderr
2024-09-20T22:17:14.129+0000 7f6b117fa640 1 -- 172.21.15.45:0/3597702209 <== mon.0 v2:172.21.15.45:3300/0 5 ==== osd_map(2..2 src has 1..2) ==== 940+0+0 (secure 0 0 0) 0x7f6b0406c4e0 con 0x7f6b1407c5f0
2024-09-20T22:17:15.056 INFO:teuthology.orchestra.run.smithi045.stdout:/usr/bin/ceph: stderr
2024-09-20T22:17:14.129+0000 7f6b0bfff640 1 --2- 172.21.15.45:0/3597702209 >> [v2:172.21.15.45:6800/559857027,v1:172.21.15.45:6801/559857027] conn(0x7f6b000391b0 0x7f6b0003b670 secure :-1 s=READY pgs=15 cs=0 l=1 rev1=1 crypto rx=0x7f6afc0098c0 tx=0x7f6afc006db0 comp rx=0 tx=0).ready entity=mgr.14118 client_cookie=0 server_cookie=0 in_seq=0 out_seq=0
2024-09-20T22:17:15.056 INFO:teuthology.orchestra.run.smithi045.stdout:/usr/bin/ceph: stderr
2024-09-20T22:17:14.137+0000 7f6b117fa640 1 -- 172.21.15.45:0/3597702209 <== mon.0 v2:172.21.15.45:3300/0 6 ==== mon_command_ack([{"prefix": "get_command_descriptions"}]=0 v0) ==== 72+0+188913 (secure 0 0 0) 0x7f6b0406be70 con 0x7f6b1407c5f0
2024-09-20T22:17:15.056 INFO:teuthology.orchestra.run.smithi045.stdout:/usr/bin/ceph: stderr
2024-09-20T22:17:14.481+0000 7f6b19aa0640 1 -- 172.21.15.45:0/3597702209 --> [v2:172.21.15.45:3300/0,v1:172.21.15.45:6789/0] -- mon_command([{prefix=config set, name=mgr/dashboard/ssl_server_port}] v 0) -- 0x7f6af40055b0 con 0x7f6b1407c5f0
2024-09-20T22:17:15.057 INFO:teuthology.orchestra.run.smithi045.stdout:/usr/bin/ceph: stderr
2024-09-20T22:17:14.485+0000 7f6b117fa640 1 -- 172.21.15.45:0/3597702209 <== mon.0 v2:172.21.15.45:3300/0 7 ==== mon_command_ack([{prefix=config set, name=mgr/dashboard/ssl_server_port}]=0 v8)=0 v8) ==== 130+0+0 (secure 0 0 0) 0x7f6b0403ad80 con 0x7f6b1407c5f0
2024-09-20T22:17:15.057 INFO:teuthology.orchestra.run.smithi045.stdout:/usr/bin/ceph: stderr
2024-09-20T22:17:14.489+0000 7f6b19aa0640 1 -- 172.21.15.45:0/3597702209 >> [v2:172.21.15.45:6800/559857027,v1:172.21.15.45:6801/559857027] conn(0x7f6b000391b0 msgr2=0x7f6b0003b670 secure :-1 s=STATE_CONNECTION_ESTABLISHED l=1).mark_down
2024-09-20T22:17:15.057 INFO:teuthology.orchestra.run.smithi045.stdout:/usr/bin/ceph: stderr
2024-09-20T22:17:14.489+0000 7f6b19aa0640 1 --2- 172.21.15.45:0/3597702209 >> [v2:172.21.15.45:6800/559857027,v1:172.21.15.45:6801/559857027] conn(0x7f6b000391b0 0x7f6b0003b670 secure :-1 s=READY pgs=15 cs=0 l=1 rev1=1 crypto rx=0x7f6afc0098c0 tx=0x7f6afc006db0 comp rx=0 tx=0).stop
2024-09-20T22:17:15.057 INFO:teuthology.orchestra.run.smithi045.stdout:/usr/bin/ceph: stderr
2024-09-20T22:17:14.489+0000 7f6b19aa0640 1 -- 172.21.15.45:0/3597702209 >> [v2:172.21.15.45:3300/0,v1:172.21.15.45:6789/0] conn(0x7f6b1407c5f0 msgr2=0x7f6b1419cbe0 secure :-1 s=STATE_CONNECTION_ESTABLISHED l=1).mark_down
2024-09-20T22:17:15.057 INFO:teuthology.orchestra.run.smithi045.stdout:/usr/bin/ceph: stderr
2024-09-20T22:17:14.489+0000 7f6b19aa0640 1 --2- 172.21.15.45:0/3597702209 >> [v2:172.21.15.45:3300/0,v1:172.21.15.45:6789/0] conn(0x7f6b1407c5f0 0x7f6b1419cbe0 secure :-1 s=READY pgs=52 cs=0 l=1 rev1=1 crypto rx=0x7f6b040097f0 tx=0x7f6b04030c70 comp rx=0 tx=0).stop
2024-09-20T22:17:15.057 INFO:teuthology.orchestra.run.smithi045.stdout:/usr/bin/ceph: stderr
2024-09-20T22:17:14.489+0000 7f6b19aa0640 1 -- 172.21.15.45:0/3597702209 shutdown_connections
2024-09-20T22:17:15.057 INFO:teuthology.orchestra.run.smithi045.stdout:/usr/bin/ceph: stderr
2024-09-20T22:17:14.489+0000 7f6b19aa0640 1 --2- 172.21.15.45:0/3597702209 >> [v2:172.21.15.45:6800/559857027,v1:172.21.15.45:6801/559857027] conn(0x7f6b000391b0 0x7f6b0003b670 unknown :-1 s=CLOSED pgs=15 cs=0 l=1 rev1=1 crypto rx=0 tx=0 comp rx=0 tx=0).stop
2024-09-20T22:17:15.057 INFO:teuthology.orchestra.run.smithi045.stdout:/usr/bin/ceph: stderr
2024-09-20T22:17:14.489+0000 7f6b19aa0640 1 --2- 172.21.15.45:0/3597702209 >> [v2:172.21.15.45:3300/0,v1:172.21.15.45:6789/0] conn(0x7f6b1407c5f0 0x7f6b1419cbe0 unknown :-1 s=CLOSED pgs=52 cs=0 l=1 rev1=1 crypto rx=0 tx=0 comp rx=0 tx=0).stop
2024-09-20T22:17:15.057 INFO:teuthology.orchestra.run.smithi045.stdout:/usr/bin/ceph: stderr
2024-09-20T22:17:14.489+0000 7f6b19aa0640 1 -- 172.21.15.45:0/3597702209 >> 172.21.15.45:0/3597702209 conn(0x7f6b14102330 msgr2=0x7f6b14102f50 unknown :-1 s=STATE_NONE l=0).mark_down
2024-09-20T22:17:15.057 INFO:teuthology.orchestra.run.smithi045.stdout:/usr/bin/ceph: stderr
2024-09-20T22:17:14.489+0000 7f6b19aa0640 1 -- 172.21.15.45:0/3597702209 shutdown_connections
2024-09-20T22:17:15.057 INFO:teuthology.orchestra.run.smithi045.stdout:/usr/bin/ceph: stderr
2024-09-20T22:17:14.489+0000 7f6b19aa0640 1 -- 172.21.15.45:0/3597702209 wait complete.
2024-09-20T22:17:15.057 INFO:teuthology.orchestra.run.smithi045.stdout:Enabling the dashboard module...
2024-09-20T22:17:17.050 INFO:journalctl@ceph.mon.a.smithi045.stdout:Sep 20 22:17:16 smithi045 bash[22718]: cluster
2024-09-20T22:17:14.857346+0000 mgr.x (mgr.14118) 23 : cluster [DBG] pgmap v5: 0 pgs: ; 0 B data, 0 B used, 0 B / 0 B avail
2024-09-20T22:17:17.050 INFO:journalctl@ceph.mon.a.smithi045.stdout:Sep 20 22:17:16 smithi045 bash[22718]: audit
2024-09-20T22:17:16.546254+0000 mon.a (mon.0) 72 : audit [INF] from='client.? 172.21.15.45:0/1781730500' entity='client.admin' cmd=[{"prefix": "mgr module enable", "module": "dashboard"}]: dispatch
2024-09-20T22:17:17.051 INFO:journalctl@ceph.mgr.x.smithi045.stdout:Sep 20 22:17:16 smithi045 bash[22970]: ignoring --setuser ceph since I am not root
2024-09-20T22:17:17.051 INFO:journalctl@ceph.mgr.x.smithi045.stdout:Sep 20 22:17:16 smithi045 bash[22970]: ignoring --setgroup ceph since I am not root
2024-09-20T22:17:17.051 INFO:journalctl@ceph.mgr.x.smithi045.stdout:Sep 20 22:17:16 smithi045 bash[22970]: debug
2024-09-20T22:17:16.885+0000 7ff12e0d5040 -1 mgr[py] Module devicehealth has missing NOTIFY_TYPES member
2024-09-20T22:17:17.367 INFO:teuthology.orchestra.run.smithi045.stdout:/usr/bin/ceph: stderr
2024-09-20T22:17:16.085+0000 7f7f199e8640 1 Processor -- start
2024-09-20T22:17:17.367 INFO:teuthology.orchestra.run.smithi045.stdout:/usr/bin/ceph: stderr
2024-09-20T22:17:16.085+0000 7f7f199e8640 1 -- start start
2024-09-20T22:17:17.367 INFO:teuthology.orchestra.run.smithi045.stdout:/usr/bin/ceph: stderr
2024-09-20T22:17:16.085+0000 7f7f199e8640 1 --2- >> [v2:172.21.15.45:3300/0,v1:172.21.15.45:6789/0] conn(0x7f7f14108ce0 0x7f7f141090e0 unknown :-1 s=NONE pgs=0 cs=0 l=0 rev1=0 crypto rx=0 tx=0 comp rx=0 tx=0).connect
2024-09-20T22:17:17.367 INFO:teuthology.orchestra.run.smithi045.stdout:/usr/bin/ceph: stderr
2024-09-20T22:17:16.085+0000 7f7f199e8640 1 -- --> [v2:172.21.15.45:3300/0,v1:172.21.15.45:6789/0] -- mon_getmap magic: 0 -- 0x7f7f141096b0 con 0x7f7f14108ce0
2024-09-20T22:17:17.367 INFO:teuthology.orchestra.run.smithi045.stdout:/usr/bin/ceph: stderr
2024-09-20T22:17:16.089+0000 7f7f12ffd640 1 --2- >> [v2:172.21.15.45:3300/0,v1:172.21.15.45:6789/0] conn(0x7f7f14108ce0 0x7f7f141090e0 unknown :-1 s=BANNER_CONNECTING pgs=0 cs=0 l=0 rev1=0 crypto rx=0 tx=0 comp rx=0 tx=0)._handle_peer_banner_payload supported=3 required=0
2024-09-20T22:17:17.367 INFO:teuthology.orchestra.run.smithi045.stdout:/usr/bin/ceph: stderr
2024-09-20T22:17:16.089+0000 7f7f12ffd640 1 --2- >> [v2:172.21.15.45:3300/0,v1:172.21.15.45:6789/0] conn(0x7f7f14108ce0 0x7f7f141090e0 unknown :-1 s=HELLO_CONNECTING pgs=0 cs=0 l=0 rev1=1 crypto rx=0 tx=0 comp rx=0 tx=0).handle_hello peer v2:172.21.15.45:3300/0 says I am v2:172.21.15.45:45330/0 (socket says 172.21.15.45:45330)
2024-09-20T22:17:17.367 INFO:teuthology.orchestra.run.smithi045.stdout:/usr/bin/ceph: stderr
2024-09-20T22:17:16.089+0000 7f7f12ffd640 1 -- 172.21.15.45:0/657539701 learned_addr learned my addr 172.21.15.45:0/657539701 (peer_addr_for_me v2:172.21.15.45:0/0)
2024-09-20T22:17:17.367 INFO:teuthology.orchestra.run.smithi045.stdout:/usr/bin/ceph: stderr
2024-09-20T22:17:16.089+0000 7f7f12ffd640 1 -- 172.21.15.45:0/657539701 --> [v2:172.21.15.45:3300/0,v1:172.21.15.45:6789/0] -- mon_subscribe({config=0+,monmap=0+}) -- 0x7f7f14109e90 con 0x7f7f14108ce0
2024-09-20T22:17:17.367 INFO:teuthology.orchestra.run.smithi045.stdout:/usr/bin/ceph: stderr
2024-09-20T22:17:16.089+0000 7f7f12ffd640 1 --2- 172.21.15.45:0/657539701 >> [v2:172.21.15.45:3300/0,v1:172.21.15.45:6789/0] conn(0x7f7f14108ce0 0x7f7f141090e0 secure :-1 s=READY pgs=53 cs=0 l=1 rev1=1 crypto rx=0x7f7f04009820 tx=0x7f7f0402a270 comp rx=0 tx=0).ready entity=mon.0 client_cookie=962efc19f498931c server_cookie=0 in_seq=0 out_seq=0
2024-09-20T22:17:17.367 INFO:teuthology.orchestra.run.smithi045.stdout:/usr/bin/ceph: stderr
2024-09-20T22:17:16.089+0000 7f7f11ffb640 1 -- 172.21.15.45:0/657539701 <== mon.0 v2:172.21.15.45:3300/0 1 ==== mon_map magic: 0 ==== 205+0+0 (secure 0 0 0) 0x7f7f04037070 con 0x7f7f14108ce0
2024-09-20T22:17:17.368 INFO:teuthology.orchestra.run.smithi045.stdout:/usr/bin/ceph: stderr
2024-09-20T22:17:16.089+0000 7f7f11ffb640 1 -- 172.21.15.45:0/657539701 <== mon.0 v2:172.21.15.45:3300/0 2 ==== config(26 keys) ==== 1102+0+0 (secure 0 0 0) 0x7f7f040328f0 con 0x7f7f14108ce0
2024-09-20T22:17:17.368 INFO:teuthology.orchestra.run.smithi045.stdout:/usr/bin/ceph: stderr
2024-09-20T22:17:16.089+0000 7f7f11ffb640 1 -- 172.21.15.45:0/657539701 <== mon.0 v2:172.21.15.45:3300/0 3 ==== mon_map magic: 0 ==== 205+0+0 (secure 0 0 0) 0x7f7f04030740 con 0x7f7f14108ce0
2024-09-20T22:17:17.368 INFO:teuthology.orchestra.run.smithi045.stdout:/usr/bin/ceph: stderr
2024-09-20T22:17:16.089+0000 7f7f199e8640 1 -- 172.21.15.45:0/657539701 >> [v2:172.21.15.45:3300/0,v1:172.21.15.45:6789/0] conn(0x7f7f14108ce0 msgr2=0x7f7f141090e0 secure :-1 s=STATE_CONNECTION_ESTABLISHED l=1).mark_down
2024-09-20T22:17:17.368 INFO:teuthology.orchestra.run.smithi045.stdout:/usr/bin/ceph: stderr
2024-09-20T22:17:16.089+0000 7f7f199e8640 1 --2- 172.21.15.45:0/657539701 >> [v2:172.21.15.45:3300/0,v1:172.21.15.45:6789/0] conn(0x7f7f14108ce0 0x7f7f141090e0 secure :-1 s=READY pgs=53 cs=0 l=1 rev1=1 crypto rx=0x7f7f04009820 tx=0x7f7f0402a270 comp rx=0 tx=0).stop
2024-09-20T22:17:17.368 INFO:teuthology.orchestra.run.smithi045.stdout:/usr/bin/ceph: stderr
2024-09-20T22:17:16.089+0000 7f7f199e8640 1 -- 172.21.15.45:0/657539701 shutdown_connections
2024-09-20T22:17:17.368 INFO:teuthology.orchestra.run.smithi045.stdout:/usr/bin/ceph: stderr
2024-09-20T22:17:16.089+0000 7f7f199e8640 1 --2- 172.21.15.45:0/657539701 >> [v2:172.21.15.45:3300/0,v1:172.21.15.45:6789/0] conn(0x7f7f14108ce0 0x7f7f141090e0 unknown :-1 s=CLOSED pgs=53 cs=0 l=1 rev1=1 crypto rx=0 tx=0 comp rx=0 tx=0).stop
2024-09-20T22:17:17.368 INFO:teuthology.orchestra.run.smithi045.stdout:/usr/bin/ceph: stderr
2024-09-20T22:17:16.089+0000 7f7f199e8640 1 -- 172.21.15.45:0/657539701 >> 172.21.15.45:0/657539701 conn(0x7f7f1407c450 msgr2=0x7f7f14106d50 unknown :-1 s=STATE_NONE l=0).mark_down
2024-09-20T22:17:17.368 INFO:teuthology.orchestra.run.smithi045.stdout:/usr/bin/ceph: stderr
2024-09-20T22:17:16.089+0000 7f7f199e8640 1 -- 172.21.15.45:0/657539701 shutdown_connections
2024-09-20T22:17:17.368 INFO:teuthology.orchestra.run.smithi045.stdout:/usr/bin/ceph: stderr
2024-09-20T22:17:16.089+0000 7f7f199e8640 1 -- 172.21.15.45:0/657539701 wait complete.
2024-09-20T22:17:17.368 INFO:teuthology.orchestra.run.smithi045.stdout:/usr/bin/ceph: stderr
2024-09-20T22:17:16.089+0000 7f7f199e8640 1 Processor -- start
2024-09-20T22:17:17.368 INFO:teuthology.orchestra.run.smithi045.stdout:/usr/bin/ceph: stderr
2024-09-20T22:17:16.089+0000 7f7f199e8640 1 -- start start
2024-09-20T22:17:17.368 INFO:teuthology.orchestra.run.smithi045.stdout:/usr/bin/ceph: stderr
2024-09-20T22:17:16.089+0000 7f7f199e8640 1 --2- >> [v2:172.21.15.45:3300/0,v1:172.21.15.45:6789/0] conn(0x7f7f14108ce0 0x7f7f1419cc30 unknown :-1 s=NONE pgs=0 cs=0 l=1 rev1=0 crypto rx=0 tx=0 comp rx=0 tx=0).connect
2024-09-20T22:17:17.368 INFO:teuthology.orchestra.run.smithi045.stdout:/usr/bin/ceph: stderr
2024-09-20T22:17:16.089+0000 7f7f199e8640 1 -- --> [v2:172.21.15.45:3300/0,v1:172.21.15.45:6789/0] -- mon_getmap magic: 0 -- 0x7f7f1410d240 con 0x7f7f14108ce0
2024-09-20T22:17:17.368 INFO:teuthology.orchestra.run.smithi045.stdout:/usr/bin/ceph: stderr
2024-09-20T22:17:16.089+0000 7f7f12ffd640 1 --2- >> [v2:172.21.15.45:3300/0,v1:172.21.15.45:6789/0] conn(0x7f7f14108ce0 0x7f7f1419cc30 unknown :-1 s=BANNER_CONNECTING pgs=0 cs=0 l=1 rev1=0 crypto rx=0 tx=0 comp rx=0 tx=0)._handle_peer_banner_payload supported=3 required=0
2024-09-20T22:17:17.369 INFO:teuthology.orchestra.run.smithi045.stdout:/usr/bin/ceph: stderr
2024-09-20T22:17:16.089+0000 7f7f12ffd640 1 --2- >> [v2:172.21.15.45:3300/0,v1:172.21.15.45:6789/0] conn(0x7f7f14108ce0 0x7f7f1419cc30 unknown :-1 s=HELLO_CONNECTING pgs=0 cs=0 l=1 rev1=1 crypto rx=0 tx=0 comp rx=0 tx=0).handle_hello peer v2:172.21.15.45:3300/0 says I am v2:172.21.15.45:45342/0 (socket says 172.21.15.45:45342)
2024-09-20T22:17:17.369 INFO:teuthology.orchestra.run.smithi045.stdout:/usr/bin/ceph: stderr
2024-09-20T22:17:16.089+0000 7f7f12ffd640 1 -- 172.21.15.45:0/1781730500 learned_addr learned my addr 172.21.15.45:0/1781730500 (peer_addr_for_me v2:172.21.15.45:0/0)
2024-09-20T22:17:17.369 INFO:teuthology.orchestra.run.smithi045.stdout:/usr/bin/ceph: stderr
2024-09-20T22:17:16.089+0000 7f7f12ffd640 1 -- 172.21.15.45:0/1781730500 --> [v2:172.21.15.45:3300/0,v1:172.21.15.45:6789/0] -- mon_subscribe({config=0+,monmap=0+}) -- 0x7f7f1419d170 con 0x7f7f14108ce0
2024-09-20T22:17:17.369 INFO:teuthology.orchestra.run.smithi045.stdout:/usr/bin/ceph: stderr
2024-09-20T22:17:16.093+0000 7f7f12ffd640 1 --2- 172.21.15.45:0/1781730500 >> [v2:172.21.15.45:3300/0,v1:172.21.15.45:6789/0] conn(0x7f7f14108ce0 0x7f7f1419cc30 secure :-1 s=READY pgs=54 cs=0 l=1 rev1=1 crypto rx=0x7f7f040097f0 tx=0x7f7f04030c70 comp rx=0 tx=0).ready entity=mon.0 client_cookie=0 server_cookie=0 in_seq=0 out_seq=0
2024-09-20T22:17:17.369 INFO:teuthology.orchestra.run.smithi045.stdout:/usr/bin/ceph: stderr
2024-09-20T22:17:16.093+0000 7f7f189e6640 1 -- 172.21.15.45:0/1781730500 <== mon.0 v2:172.21.15.45:3300/0 1 ==== mon_map magic: 0 ==== 205+0+0 (secure 0 0 0) 0x7f7f04042070 con 0x7f7f14108ce0
2024-09-20T22:17:17.369 INFO:teuthology.orchestra.run.smithi045.stdout:/usr/bin/ceph: stderr
2024-09-20T22:17:16.093+0000 7f7f189e6640 1 -- 172.21.15.45:0/1781730500 <== mon.0 v2:172.21.15.45:3300/0 2 ==== config(26 keys) ==== 1102+0+0 (secure 0 0 0) 0x7f7f04030d80 con 0x7f7f14108ce0
2024-09-20T22:17:17.369 INFO:teuthology.orchestra.run.smithi045.stdout:/usr/bin/ceph: stderr
2024-09-20T22:17:16.093+0000 7f7f189e6640 1 -- 172.21.15.45:0/1781730500 <== mon.0 v2:172.21.15.45:3300/0 3 ==== mon_map magic: 0 ==== 205+0+0 (secure 0 0 0) 0x7f7f04037040 con 0x7f7f14108ce0
2024-09-20T22:17:17.369 INFO:teuthology.orchestra.run.smithi045.stdout:/usr/bin/ceph: stderr
