2024-09-20T22:16:54.304 INFO:teuthology.orchestra.run.smithi045.stdout:/usr/bin/ceph: stderr
2024-09-20T22:16:53.373+0000 7f75ad4e9640 1 -- 172.21.15.45:0/46311799 --> [v2:172.21.15.45:3300/0,v1:172.21.15.45:6789/0] -- mon_subscribe({osdmap=0}) -- 0x7f75a81a00b0 con 0x7f75a8108d20
2024-09-20T22:16:54.304 INFO:teuthology.orchestra.run.smithi045.stdout:/usr/bin/ceph: stderr
2024-09-20T22:16:53.377+0000 7f758ffff640 1 -- 172.21.15.45:0/46311799 <== mon.0 v2:172.21.15.45:3300/0 4 ==== mgrmap(e 8) ==== 46461+0+0 (secure 0 0 0) 0x7f7598045070 con 0x7f75a8108d20
2024-09-20T22:16:54.304 INFO:teuthology.orchestra.run.smithi045.stdout:/usr/bin/ceph: stderr
2024-09-20T22:16:53.377+0000 7f75ad4e9640 1 -- 172.21.15.45:0/46311799 --> [v2:172.21.15.45:3300/0,v1:172.21.15.45:6789/0] -- mon_command({"prefix": "get_command_descriptions"} v 0) -- 0x7f75a810d3b0 con 0x7f75a8108d20
2024-09-20T22:16:54.304 INFO:teuthology.orchestra.run.smithi045.stdout:/usr/bin/ceph: stderr
2024-09-20T22:16:53.377+0000 7f758ffff640 1 --2- 172.21.15.45:0/46311799 >> [v2:172.21.15.45:6800/559857027,v1:172.21.15.45:6801/559857027] conn(0x7f75900391b0 0x7f759003b670 unknown :-1 s=NONE pgs=0 cs=0 l=1 rev1=0 crypto rx=0 tx=0 comp rx=0 tx=0).connect
2024-09-20T22:16:54.304 INFO:teuthology.orchestra.run.smithi045.stdout:/usr/bin/ceph: stderr
2024-09-20T22:16:53.377+0000 7f758ffff640 1 -- 172.21.15.45:0/46311799 <== mon.0 v2:172.21.15.45:3300/0 5 ==== osd_map(2..2 src has 1..2) ==== 940+0+0 (secure 0 0 0) 0x7f759806c230 con 0x7f75a8108d20
2024-09-20T22:16:54.304 INFO:teuthology.orchestra.run.smithi045.stdout:/usr/bin/ceph: stderr
2024-09-20T22:16:53.377+0000 7f75a67fc640 1 --2- 172.21.15.45:0/46311799 >> [v2:172.21.15.45:6800/559857027,v1:172.21.15.45:6801/559857027] conn(0x7f75900391b0 0x7f759003b670 unknown :-1 s=BANNER_CONNECTING pgs=0 cs=0 l=1 rev1=0 crypto rx=0 tx=0 comp rx=0 tx=0)._handle_peer_banner_payload supported=3 required=0
2024-09-20T22:16:54.305 INFO:teuthology.orchestra.run.smithi045.stdout:/usr/bin/ceph: stderr
2024-09-20T22:16:53.377+0000 7f75a67fc640 1 --2- 172.21.15.45:0/46311799 >> [v2:172.21.15.45:6800/559857027,v1:172.21.15.45:6801/559857027] conn(0x7f75900391b0 0x7f759003b670 secure :-1 s=READY pgs=7 cs=0 l=1 rev1=1 crypto rx=0x7f759c0098c0 tx=0x7f759c006db0 comp rx=0 tx=0).ready entity=mgr.14118 client_cookie=0 server_cookie=0 in_seq=0 out_seq=0
2024-09-20T22:16:54.305 INFO:teuthology.orchestra.run.smithi045.stdout:/usr/bin/ceph: stderr
2024-09-20T22:16:53.381+0000 7f758ffff640 1 -- 172.21.15.45:0/46311799 <== mon.0 v2:172.21.15.45:3300/0 6 ==== mon_command_ack([{"prefix": "get_command_descriptions"}]=0 v0) ==== 72+0+188913 (secure 0 0 0) 0x7f7598045360 con 0x7f75a8108d20
2024-09-20T22:16:54.305 INFO:teuthology.orchestra.run.smithi045.stdout:/usr/bin/ceph: stderr
2024-09-20T22:16:53.753+0000 7f75ad4e9640 1 -- 172.21.15.45:0/46311799 --> [v2:172.21.15.45:6800/559857027,v1:172.21.15.45:6801/559857027] -- mgr_command(tid 0: {"prefix": "orch set backend", "module_name": "cephadm", "target": ["mon-mgr", ""]}) -- 0x7f75a8106ba0 con 0x7f75900391b0
2024-09-20T22:16:54.305 INFO:teuthology.orchestra.run.smithi045.stdout:/usr/bin/ceph: stderr
2024-09-20T22:16:53.761+0000 7f758ffff640 1 -- 172.21.15.45:0/46311799 <== mgr.14118 v2:172.21.15.45:6800/559857027 1 ==== mgr_command_reply(tid 0: 0 ) ==== 8+0+0 (secure 0 0 0) 0x7f75a8106ba0 con 0x7f75900391b0
2024-09-20T22:16:54.305 INFO:teuthology.orchestra.run.smithi045.stdout:/usr/bin/ceph: stderr
2024-09-20T22:16:53.765+0000 7f75ad4e9640 1 -- 172.21.15.45:0/46311799 >> [v2:172.21.15.45:6800/559857027,v1:172.21.15.45:6801/559857027] conn(0x7f75900391b0 msgr2=0x7f759003b670 secure :-1 s=STATE_CONNECTION_ESTABLISHED l=1).mark_down
2024-09-20T22:16:54.305 INFO:teuthology.orchestra.run.smithi045.stdout:/usr/bin/ceph: stderr
2024-09-20T22:16:53.765+0000 7f75ad4e9640 1 --2- 172.21.15.45:0/46311799 >> [v2:172.21.15.45:6800/559857027,v1:172.21.15.45:6801/559857027] conn(0x7f75900391b0 0x7f759003b670 secure :-1 s=READY pgs=7 cs=0 l=1 rev1=1 crypto rx=0x7f759c0098c0 tx=0x7f759c006db0 comp rx=0 tx=0).stop
2024-09-20T22:16:54.305 INFO:teuthology.orchestra.run.smithi045.stdout:/usr/bin/ceph: stderr
2024-09-20T22:16:53.765+0000 7f75ad4e9640 1 -- 172.21.15.45:0/46311799 >> [v2:172.21.15.45:3300/0,v1:172.21.15.45:6789/0] conn(0x7f75a8108d20 msgr2=0x7f75a819cbf0 secure :-1 s=STATE_CONNECTION_ESTABLISHED l=1).mark_down
2024-09-20T22:16:54.305 INFO:teuthology.orchestra.run.smithi045.stdout:/usr/bin/ceph: stderr
2024-09-20T22:16:53.765+0000 7f75ad4e9640 1 --2- 172.21.15.45:0/46311799 >> [v2:172.21.15.45:3300/0,v1:172.21.15.45:6789/0] conn(0x7f75a8108d20 0x7f75a819cbf0 secure :-1 s=READY pgs=36 cs=0 l=1 rev1=1 crypto rx=0x7f7598009940 tx=0x7f7598032e10 comp rx=0 tx=0).stop
2024-09-20T22:16:54.305 INFO:teuthology.orchestra.run.smithi045.stdout:/usr/bin/ceph: stderr
2024-09-20T22:16:53.765+0000 7f75ad4e9640 1 -- 172.21.15.45:0/46311799 shutdown_connections
2024-09-20T22:16:54.305 INFO:teuthology.orchestra.run.smithi045.stdout:/usr/bin/ceph: stderr
2024-09-20T22:16:53.765+0000 7f75ad4e9640 1 --2- 172.21.15.45:0/46311799 >> [v2:172.21.15.45:6800/559857027,v1:172.21.15.45:6801/559857027] conn(0x7f75900391b0 0x7f759003b670 unknown :-1 s=CLOSED pgs=7 cs=0 l=1 rev1=1 crypto rx=0 tx=0 comp rx=0 tx=0).stop
2024-09-20T22:16:54.305 INFO:teuthology.orchestra.run.smithi045.stdout:/usr/bin/ceph: stderr
2024-09-20T22:16:53.765+0000 7f75ad4e9640 1 --2- 172.21.15.45:0/46311799 >> [v2:172.21.15.45:3300/0,v1:172.21.15.45:6789/0] conn(0x7f75a8108d20 0x7f75a819cbf0 unknown :-1 s=CLOSED pgs=36 cs=0 l=1 rev1=1 crypto rx=0 tx=0 comp rx=0 tx=0).stop
2024-09-20T22:16:54.305 INFO:teuthology.orchestra.run.smithi045.stdout:/usr/bin/ceph: stderr
2024-09-20T22:16:53.765+0000 7f75ad4e9640 1 -- 172.21.15.45:0/46311799 >> 172.21.15.45:0/46311799 conn(0x7f75a807c3f0 msgr2=0x7f75a8106490 unknown :-1 s=STATE_NONE l=0).mark_down
2024-09-20T22:16:54.305 INFO:teuthology.orchestra.run.smithi045.stdout:/usr/bin/ceph: stderr
2024-09-20T22:16:53.765+0000 7f75ad4e9640 1 -- 172.21.15.45:0/46311799 shutdown_connections
2024-09-20T22:16:54.306 INFO:teuthology.orchestra.run.smithi045.stdout:/usr/bin/ceph: stderr
2024-09-20T22:16:53.765+0000 7f75ad4e9640 1 -- 172.21.15.45:0/46311799 wait complete.
2024-09-20T22:16:55.990 INFO:teuthology.orchestra.run.smithi045.stdout:/usr/bin/ceph: stdout value unchanged
2024-09-20T22:16:55.991 INFO:teuthology.orchestra.run.smithi045.stdout:/usr/bin/ceph: stderr
2024-09-20T22:16:55.153+0000 7fac5ca3b640 1 Processor -- start
2024-09-20T22:16:55.991 INFO:teuthology.orchestra.run.smithi045.stdout:/usr/bin/ceph: stderr
2024-09-20T22:16:55.153+0000 7fac5ca3b640 1 -- start start
2024-09-20T22:16:55.991 INFO:teuthology.orchestra.run.smithi045.stdout:/usr/bin/ceph: stderr
2024-09-20T22:16:55.153+0000 7fac5ca3b640 1 --2- >> [v2:172.21.15.45:3300/0,v1:172.21.15.45:6789/0] conn(0x7fac5807c650 0x7fac5807abc0 unknown :-1 s=NONE pgs=0 cs=0 l=0 rev1=0 crypto rx=0 tx=0 comp rx=0 tx=0).connect
2024-09-20T22:16:55.991 INFO:teuthology.orchestra.run.smithi045.stdout:/usr/bin/ceph: stderr
2024-09-20T22:16:55.153+0000 7fac5ca3b640 1 -- --> [v2:172.21.15.45:3300/0,v1:172.21.15.45:6789/0] -- mon_getmap magic: 0 -- 0x7fac5807b100 con 0x7fac5807c650
2024-09-20T22:16:55.991 INFO:teuthology.orchestra.run.smithi045.stdout:/usr/bin/ceph: stderr
2024-09-20T22:16:55.153+0000 7fac5659c640 1 --2- >> [v2:172.21.15.45:3300/0,v1:172.21.15.45:6789/0] conn(0x7fac5807c650 0x7fac5807abc0 unknown :-1 s=BANNER_CONNECTING pgs=0 cs=0 l=0 rev1=0 crypto rx=0 tx=0 comp rx=0 tx=0)._handle_peer_banner_payload supported=3 required=0
2024-09-20T22:16:55.991 INFO:teuthology.orchestra.run.smithi045.stdout:/usr/bin/ceph: stderr
2024-09-20T22:16:55.153+0000 7fac5659c640 1 --2- >> [v2:172.21.15.45:3300/0,v1:172.21.15.45:6789/0] conn(0x7fac5807c650 0x7fac5807abc0 unknown :-1 s=HELLO_CONNECTING pgs=0 cs=0 l=0 rev1=1 crypto rx=0 tx=0 comp rx=0 tx=0).handle_hello peer v2:172.21.15.45:3300/0 says I am v2:172.21.15.45:59560/0 (socket says 172.21.15.45:59560)
2024-09-20T22:16:55.991 INFO:teuthology.orchestra.run.smithi045.stdout:/usr/bin/ceph: stderr
2024-09-20T22:16:55.153+0000 7fac5659c640 1 -- 172.21.15.45:0/3118563768 learned_addr learned my addr 172.21.15.45:0/3118563768 (peer_addr_for_me v2:172.21.15.45:0/0)
2024-09-20T22:16:55.991 INFO:teuthology.orchestra.run.smithi045.stdout:/usr/bin/ceph: stderr
2024-09-20T22:16:55.153+0000 7fac5659c640 1 -- 172.21.15.45:0/3118563768 --> [v2:172.21.15.45:3300/0,v1:172.21.15.45:6789/0] -- mon_subscribe({config=0+,monmap=0+}) -- 0x7fac5807b280 con 0x7fac5807c650
2024-09-20T22:16:55.991 INFO:teuthology.orchestra.run.smithi045.stdout:/usr/bin/ceph: stderr
2024-09-20T22:16:55.153+0000 7fac5659c640 1 --2- 172.21.15.45:0/3118563768 >> [v2:172.21.15.45:3300/0,v1:172.21.15.45:6789/0] conn(0x7fac5807c650 0x7fac5807abc0 secure :-1 s=READY pgs=37 cs=0 l=1 rev1=1 crypto rx=0x7fac48009e80 tx=0x7fac4802a7a0 comp rx=0 tx=0).ready entity=mon.0 client_cookie=bb4ab5895e80a38d server_cookie=0 in_seq=0 out_seq=0
2024-09-20T22:16:55.991 INFO:teuthology.orchestra.run.smithi045.stdout:/usr/bin/ceph: stderr
2024-09-20T22:16:55.153+0000 7fac5559a640 1 -- 172.21.15.45:0/3118563768 <== mon.0 v2:172.21.15.45:3300/0 1 ==== mon_map magic: 0 ==== 205+0+0 (secure 0 0 0) 0x7fac48036070 con 0x7fac5807c650
2024-09-20T22:16:55.991 INFO:teuthology.orchestra.run.smithi045.stdout:/usr/bin/ceph: stderr
2024-09-20T22:16:55.153+0000 7fac5559a640 1 -- 172.21.15.45:0/3118563768 <== mon.0 v2:172.21.15.45:3300/0 2 ==== config(26 keys) ==== 1071+0+0 (secure 0 0 0) 0x7fac48031890 con 0x7fac5807c650
2024-09-20T22:16:55.991 INFO:teuthology.orchestra.run.smithi045.stdout:/usr/bin/ceph: stderr
2024-09-20T22:16:55.153+0000 7fac5559a640 1 -- 172.21.15.45:0/3118563768 <== mon.0 v2:172.21.15.45:3300/0 3 ==== mon_map magic: 0 ==== 205+0+0 (secure 0 0 0) 0x7fac48007980 con 0x7fac5807c650
2024-09-20T22:16:55.991 INFO:teuthology.orchestra.run.smithi045.stdout:/usr/bin/ceph: stderr
2024-09-20T22:16:55.153+0000 7fac5ca3b640 1 -- 172.21.15.45:0/3118563768 >> [v2:172.21.15.45:3300/0,v1:172.21.15.45:6789/0] conn(0x7fac5807c650 msgr2=0x7fac5807abc0 secure :-1 s=STATE_CONNECTION_ESTABLISHED l=1).mark_down
2024-09-20T22:16:55.991 INFO:teuthology.orchestra.run.smithi045.stdout:/usr/bin/ceph: stderr
2024-09-20T22:16:55.153+0000 7fac5ca3b640 1 --2- 172.21.15.45:0/3118563768 >> [v2:172.21.15.45:3300/0,v1:172.21.15.45:6789/0] conn(0x7fac5807c650 0x7fac5807abc0 secure :-1 s=READY pgs=37 cs=0 l=1 rev1=1 crypto rx=0x7fac48009e80 tx=0x7fac4802a7a0 comp rx=0 tx=0).stop
2024-09-20T22:16:55.991 INFO:teuthology.orchestra.run.smithi045.stdout:/usr/bin/ceph: stderr
2024-09-20T22:16:55.153+0000 7fac5ca3b640 1 -- 172.21.15.45:0/3118563768 shutdown_connections
2024-09-20T22:16:55.992 INFO:teuthology.orchestra.run.smithi045.stdout:/usr/bin/ceph: stderr
2024-09-20T22:16:55.153+0000 7fac5ca3b640 1 --2- 172.21.15.45:0/3118563768 >> [v2:172.21.15.45:3300/0,v1:172.21.15.45:6789/0] conn(0x7fac5807c650 0x7fac5807abc0 unknown :-1 s=CLOSED pgs=37 cs=0 l=1 rev1=1 crypto rx=0 tx=0 comp rx=0 tx=0).stop
2024-09-20T22:16:55.992 INFO:teuthology.orchestra.run.smithi045.stdout:/usr/bin/ceph: stderr
2024-09-20T22:16:55.153+0000 7fac5ca3b640 1 -- 172.21.15.45:0/3118563768 >> 172.21.15.45:0/3118563768 conn(0x7fac581023c0 msgr2=0x7fac581047e0 unknown :-1 s=STATE_NONE l=0).mark_down
2024-09-20T22:16:55.992 INFO:teuthology.orchestra.run.smithi045.stdout:/usr/bin/ceph: stderr
2024-09-20T22:16:55.153+0000 7fac5ca3b640 1 -- 172.21.15.45:0/3118563768 shutdown_connections
2024-09-20T22:16:55.992 INFO:teuthology.orchestra.run.smithi045.stdout:/usr/bin/ceph: stderr
2024-09-20T22:16:55.153+0000 7fac5ca3b640 1 -- 172.21.15.45:0/3118563768 wait complete.
2024-09-20T22:16:55.992 INFO:teuthology.orchestra.run.smithi045.stdout:/usr/bin/ceph: stderr
2024-09-20T22:16:55.157+0000 7fac5ca3b640 1 Processor -- start
2024-09-20T22:16:55.992 INFO:teuthology.orchestra.run.smithi045.stdout:/usr/bin/ceph: stderr
2024-09-20T22:16:55.157+0000 7fac5ca3b640 1 -- start start
2024-09-20T22:16:55.992 INFO:teuthology.orchestra.run.smithi045.stdout:/usr/bin/ceph: stderr
2024-09-20T22:16:55.157+0000 7fac5ca3b640 1 --2- >> [v2:172.21.15.45:3300/0,v1:172.21.15.45:6789/0] conn(0x7fac5807c650 0x7fac5819cc10 unknown :-1 s=NONE pgs=0 cs=0 l=1 rev1=0 crypto rx=0 tx=0 comp rx=0 tx=0).connect
2024-09-20T22:16:55.992 INFO:teuthology.orchestra.run.smithi045.stdout:/usr/bin/ceph: stderr
2024-09-20T22:16:55.157+0000 7fac5ca3b640 1 -- --> [v2:172.21.15.45:3300/0,v1:172.21.15.45:6789/0] -- mon_getmap magic: 0 -- 0x7fac5810cfd0 con 0x7fac5807c650
2024-09-20T22:16:55.992 INFO:teuthology.orchestra.run.smithi045.stdout:/usr/bin/ceph: stderr
2024-09-20T22:16:55.157+0000 7fac5659c640 1 --2- >> [v2:172.21.15.45:3300/0,v1:172.21.15.45:6789/0] conn(0x7fac5807c650 0x7fac5819cc10 unknown :-1 s=BANNER_CONNECTING pgs=0 cs=0 l=1 rev1=0 crypto rx=0 tx=0 comp rx=0 tx=0)._handle_peer_banner_payload supported=3 required=0
2024-09-20T22:16:55.992 INFO:teuthology.orchestra.run.smithi045.stdout:/usr/bin/ceph: stderr
2024-09-20T22:16:55.157+0000 7fac5659c640 1 --2- >> [v2:172.21.15.45:3300/0,v1:172.21.15.45:6789/0] conn(0x7fac5807c650 0x7fac5819cc10 unknown :-1 s=HELLO_CONNECTING pgs=0 cs=0 l=1 rev1=1 crypto rx=0 tx=0 comp rx=0 tx=0).handle_hello peer v2:172.21.15.45:3300/0 says I am v2:172.21.15.45:59576/0 (socket says 172.21.15.45:59576)
2024-09-20T22:16:55.992 INFO:teuthology.orchestra.run.smithi045.stdout:/usr/bin/ceph: stderr
2024-09-20T22:16:55.157+0000 7fac5659c640 1 -- 172.21.15.45:0/3469714455 learned_addr learned my addr 172.21.15.45:0/3469714455 (peer_addr_for_me v2:172.21.15.45:0/0)
2024-09-20T22:16:55.992 INFO:teuthology.orchestra.run.smithi045.stdout:/usr/bin/ceph: stderr
2024-09-20T22:16:55.157+0000 7fac5659c640 1 -- 172.21.15.45:0/3469714455 --> [v2:172.21.15.45:3300/0,v1:172.21.15.45:6789/0] -- mon_subscribe({config=0+,monmap=0+}) -- 0x7fac5819d150 con 0x7fac5807c650
2024-09-20T22:16:55.992 INFO:teuthology.orchestra.run.smithi045.stdout:/usr/bin/ceph: stderr
2024-09-20T22:16:55.157+0000 7fac5659c640 1 --2- 172.21.15.45:0/3469714455 >> [v2:172.21.15.45:3300/0,v1:172.21.15.45:6789/0] conn(0x7fac5807c650 0x7fac5819cc10 secure :-1 s=READY pgs=38 cs=0 l=1 rev1=1 crypto rx=0x7fac48009680 tx=0x7fac48031c70 comp rx=0 tx=0).ready entity=mon.0 client_cookie=0 server_cookie=0 in_seq=0 out_seq=0
2024-09-20T22:16:55.992 INFO:teuthology.orchestra.run.smithi045.stdout:/usr/bin/ceph: stderr
2024-09-20T22:16:55.157+0000 7fac477fe640 1 -- 172.21.15.45:0/3469714455 <== mon.0 v2:172.21.15.45:3300/0 1 ==== mon_map magic: 0 ==== 205+0+0 (secure 0 0 0) 0x7fac48041020 con 0x7fac5807c650
2024-09-20T22:16:55.992 INFO:teuthology.orchestra.run.smithi045.stdout:/usr/bin/ceph: stderr
2024-09-20T22:16:55.157+0000 7fac477fe640 1 -- 172.21.15.45:0/3469714455 <== mon.0 v2:172.21.15.45:3300/0 2 ==== config(26 keys) ==== 1071+0+0 (secure 0 0 0) 0x7fac4803c900 con 0x7fac5807c650
2024-09-20T22:16:55.993 INFO:teuthology.orchestra.run.smithi045.stdout:/usr/bin/ceph: stderr
2024-09-20T22:16:55.157+0000 7fac5ca3b640 1 -- 172.21.15.45:0/3469714455 --> [v2:172.21.15.45:3300/0,v1:172.21.15.45:6789/0] -- mon_subscribe({mgrmap=0+}) -- 0x7fac5819d3e0 con 0x7fac5807c650
2024-09-20T22:16:55.993 INFO:teuthology.orchestra.run.smithi045.stdout:/usr/bin/ceph: stderr
2024-09-20T22:16:55.157+0000 7fac477fe640 1 -- 172.21.15.45:0/3469714455 <== mon.0 v2:172.21.15.45:3300/0 3 ==== mon_map magic: 0 ==== 205+0+0 (secure 0 0 0) 0x7fac48036040 con 0x7fac5807c650
2024-09-20T22:16:55.993 INFO:teuthology.orchestra.run.smithi045.stdout:/usr/bin/ceph: stderr
2024-09-20T22:16:55.157+0000 7fac5ca3b640 1 -- 172.21.15.45:0/3469714455 --> [v2:172.21.15.45:3300/0,v1:172.21.15.45:6789/0] -- mon_subscribe({osdmap=0}) -- 0x7fac581a00d0 con 0x7fac5807c650
2024-09-20T22:16:55.993 INFO:teuthology.orchestra.run.smithi045.stdout:/usr/bin/ceph: stderr
2024-09-20T22:16:55.157+0000 7fac477fe640 1 -- 172.21.15.45:0/3469714455 <== mon.0 v2:172.21.15.45:3300/0 4 ==== mgrmap(e 8) ==== 46461+0+0 (secure 0 0 0) 0x7fac48044020 con 0x7fac5807c650
2024-09-20T22:16:55.993 INFO:teuthology.orchestra.run.smithi045.stdout:/usr/bin/ceph: stderr
2024-09-20T22:16:55.157+0000 7fac5ca3b640 1 -- 172.21.15.45:0/3469714455 --> [v2:172.21.15.45:3300/0,v1:172.21.15.45:6789/0] -- mon_command({"prefix": "get_command_descriptions"} v 0) -- 0x7fac5807ac40 con 0x7fac5807c650
2024-09-20T22:16:55.993 INFO:teuthology.orchestra.run.smithi045.stdout:/usr/bin/ceph: stderr
2024-09-20T22:16:55.157+0000 7fac477fe640 1 --2- 172.21.15.45:0/3469714455 >> [v2:172.21.15.45:6800/559857027,v1:172.21.15.45:6801/559857027] conn(0x7fac40039200 0x7fac4003b6c0 unknown :-1 s=NONE pgs=0 cs=0 l=1 rev1=0 crypto rx=0 tx=0 comp rx=0 tx=0).connect
2024-09-20T22:16:55.993 INFO:teuthology.orchestra.run.smithi045.stdout:/usr/bin/ceph: stderr
2024-09-20T22:16:55.157+0000 7fac477fe640 1 -- 172.21.15.45:0/3469714455 <== mon.0 v2:172.21.15.45:3300/0 5 ==== osd_map(2..2 src has 1..2) ==== 940+0+0 (secure 0 0 0) 0x7fac4806d7b0 con 0x7fac5807c650
2024-09-20T22:16:55.993 INFO:teuthology.orchestra.run.smithi045.stdout:/usr/bin/ceph: stderr
2024-09-20T22:16:55.157+0000 7fac55d9b640 1 --2- 172.21.15.45:0/3469714455 >> [v2:172.21.15.45:6800/559857027,v1:172.21.15.45:6801/559857027] conn(0x7fac40039200 0x7fac4003b6c0 unknown :-1 s=BANNER_CONNECTING pgs=0 cs=0 l=1 rev1=0 crypto rx=0 tx=0 comp rx=0 tx=0)._handle_peer_banner_payload supported=3 required=0
2024-09-20T22:16:55.993 INFO:teuthology.orchestra.run.smithi045.stdout:/usr/bin/ceph: stderr
2024-09-20T22:16:55.157+0000 7fac55d9b640 1 --2- 172.21.15.45:0/3469714455 >> [v2:172.21.15.45:6800/559857027,v1:172.21.15.45:6801/559857027] conn(0x7fac40039200 0x7fac4003b6c0 secure :-1 s=READY pgs=8 cs=0 l=1 rev1=1 crypto rx=0x7fac4c0098c0 tx=0x7fac4c006db0 comp rx=0 tx=0).ready entity=mgr.14118 client_cookie=0 server_cookie=0 in_seq=0 out_seq=0
2024-09-20T22:16:55.993 INFO:teuthology.orchestra.run.smithi045.stdout:/usr/bin/ceph: stderr
2024-09-20T22:16:55.165+0000 7fac477fe640 1 -- 172.21.15.45:0/3469714455 <== mon.0 v2:172.21.15.45:3300/0 6 ==== mon_command_ack([{"prefix": "get_command_descriptions"}]=0 v0) ==== 72+0+188913 (secure 0 0 0) 0x7fac4804b020 con 0x7fac5807c650
2024-09-20T22:16:55.993 INFO:teuthology.orchestra.run.smithi045.stdout:/usr/bin/ceph: stderr
2024-09-20T22:16:55.505+0000 7fac5ca3b640 1 -- 172.21.15.45:0/3469714455 --> [v2:172.21.15.45:6800/559857027,v1:172.21.15.45:6801/559857027] -- mgr_command(tid 0: {"prefix": "cephadm set-user", "user": "root", "target": ["mon-mgr", ""]}) -- 0x7fac58103640 con 0x7fac40039200
2024-09-20T22:16:55.993 INFO:teuthology.orchestra.run.smithi045.stdout:/usr/bin/ceph: stderr
2024-09-20T22:16:55.505+0000 7fac477fe640 1 -- 172.21.15.45:0/3469714455 <== mgr.14118 v2:172.21.15.45:6800/559857027 1 ==== mgr_command_reply(tid 0: 0 ) ==== 8+0+16 (secure 0 0 0) 0x7fac58103640 con 0x7fac40039200
2024-09-20T22:16:55.993 INFO:teuthology.orchestra.run.smithi045.stdout:/usr/bin/ceph: stderr
2024-09-20T22:16:55.509+0000 7fac5ca3b640 1 -- 172.21.15.45:0/3469714455 >> [v2:172.21.15.45:6800/559857027,v1:172.21.15.45:6801/559857027] conn(0x7fac40039200 msgr2=0x7fac4003b6c0 secure :-1 s=STATE_CONNECTION_ESTABLISHED l=1).mark_down
2024-09-20T22:16:55.993 INFO:teuthology.orchestra.run.smithi045.stdout:/usr/bin/ceph: stderr
2024-09-20T22:16:55.509+0000 7fac5ca3b640 1 --2- 172.21.15.45:0/3469714455 >> [v2:172.21.15.45:6800/559857027,v1:172.21.15.45:6801/559857027] conn(0x7fac40039200 0x7fac4003b6c0 secure :-1 s=READY pgs=8 cs=0 l=1 rev1=1 crypto rx=0x7fac4c0098c0 tx=0x7fac4c006db0 comp rx=0 tx=0).stop
2024-09-20T22:16:55.993 INFO:teuthology.orchestra.run.smithi045.stdout:/usr/bin/ceph: stderr
2024-09-20T22:16:55.509+0000 7fac5ca3b640 1 -- 172.21.15.45:0/3469714455 >> [v2:172.21.15.45:3300/0,v1:172.21.15.45:6789/0] conn(0x7fac5807c650 msgr2=0x7fac5819cc10 secure :-1 s=STATE_CONNECTION_ESTABLISHED l=1).mark_down
2024-09-20T22:16:55.993 INFO:teuthology.orchestra.run.smithi045.stdout:/usr/bin/ceph: stderr
2024-09-20T22:16:55.509+0000 7fac5ca3b640 1 --2- 172.21.15.45:0/3469714455 >> [v2:172.21.15.45:3300/0,v1:172.21.15.45:6789/0] conn(0x7fac5807c650 0x7fac5819cc10 secure :-1 s=READY pgs=38 cs=0 l=1 rev1=1 crypto rx=0x7fac48009680 tx=0x7fac48031c70 comp rx=0 tx=0).stop
2024-09-20T22:16:55.994 INFO:teuthology.orchestra.run.smithi045.stdout:/usr/bin/ceph: stderr
2024-09-20T22:16:55.509+0000 7fac5ca3b640 1 -- 172.21.15.45:0/3469714455 shutdown_connections
2024-09-20T22:16:55.994 INFO:teuthology.orchestra.run.smithi045.stdout:/usr/bin/ceph: stderr
2024-09-20T22:16:55.509+0000 7fac5ca3b640 1 --2- 172.21.15.45:0/3469714455 >> [v2:172.21.15.45:6800/559857027,v1:172.21.15.45:6801/559857027] conn(0x7fac40039200 0x7fac4003b6c0 unknown :-1 s=CLOSED pgs=8 cs=0 l=1 rev1=1 crypto rx=0 tx=0 comp rx=0 tx=0).stop
2024-09-20T22:16:55.994 INFO:teuthology.orchestra.run.smithi045.stdout:/usr/bin/ceph: stderr
2024-09-20T22:16:55.509+0000 7fac5ca3b640 1 --2- 172.21.15.45:0/3469714455 >> [v2:172.21.15.45:3300/0,v1:172.21.15.45:6789/0] conn(0x7fac5807c650 0x7fac5819cc10 unknown :-1 s=CLOSED pgs=38 cs=0 l=1 rev1=1 crypto rx=0 tx=0 comp rx=0 tx=0).stop
2024-09-20T22:16:55.994 INFO:teuthology.orchestra.run.smithi045.stdout:/usr/bin/ceph: stderr
2024-09-20T22:16:55.509+0000 7fac5ca3b640 1 -- 172.21.15.45:0/3469714455 >> 172.21.15.45:0/3469714455 conn(0x7fac581023c0 msgr2=0x7fac58102f30 unknown :-1 s=STATE_NONE l=0).mark_down
2024-09-20T22:16:55.994 INFO:teuthology.orchestra.run.smithi045.stdout:/usr/bin/ceph: stderr
2024-09-20T22:16:55.509+0000 7fac5ca3b640 1 -- 172.21.15.45:0/3469714455 shutdown_connections
2024-09-20T22:16:55.994 INFO:teuthology.orchestra.run.smithi045.stdout:/usr/bin/ceph: stderr
2024-09-20T22:16:55.509+0000 7fac5ca3b640 1 -- 172.21.15.45:0/3469714455 wait complete.
2024-09-20T22:16:55.994 INFO:teuthology.orchestra.run.smithi045.stdout:Generating ssh key...
2024-09-20T22:16:56.256 INFO:journalctl@ceph.mon.a.smithi045.stdout:Sep 20 22:16:55 smithi045 bash[22718]: audit
2024-09-20T22:16:55.511588+0000 mgr.x (mgr.14118) 10 : audit [DBG] from='client.14132 -' entity='client.admin' cmd=[{"prefix": "cephadm set-user", "user": "root", "target": ["mon-mgr", ""]}]: dispatch
2024-09-20T22:16:58.006 INFO:journalctl@ceph.mgr.x.smithi045.stdout:Sep 20 22:16:57 smithi045 bash[22970]: Generating public/private rsa key pair.
2024-09-20T22:16:58.006 INFO:journalctl@ceph.mgr.x.smithi045.stdout:Sep 20 22:16:57 smithi045 bash[22970]: Your identification has been saved in /tmp/tmpwad4_eek/key
2024-09-20T22:16:58.007 INFO:journalctl@ceph.mgr.x.smithi045.stdout:Sep 20 22:16:57 smithi045 bash[22970]: Your public key has been saved in /tmp/tmpwad4_eek/key.pub
2024-09-20T22:16:58.007 INFO:journalctl@ceph.mgr.x.smithi045.stdout:Sep 20 22:16:57 smithi045 bash[22970]: The key fingerprint is:
2024-09-20T22:16:58.007 INFO:journalctl@ceph.mgr.x.smithi045.stdout:Sep 20 22:16:57 smithi045 bash[22970]: SHA256:8YZjbJ/AeOqaBVCq3e2Wps1iJvTN+2MAsPHTLLbyPyI ceph-caeb35ae-779d-11ef-baf5-efdc52797490
2024-09-20T22:16:58.007 INFO:journalctl@ceph.mgr.x.smithi045.stdout:Sep 20 22:16:57 smithi045 bash[22970]: The key's randomart image is:
2024-09-20T22:16:58.007 INFO:journalctl@ceph.mgr.x.smithi045.stdout:Sep 20 22:16:57 smithi045 bash[22970]: +---[RSA 3072]----+
2024-09-20T22:16:58.007 INFO:journalctl@ceph.mgr.x.smithi045.stdout:Sep 20 22:16:57 smithi045 bash[22970]: | . |
2024-09-20T22:16:58.007 INFO:journalctl@ceph.mgr.x.smithi045.stdout:Sep 20 22:16:57 smithi045 bash[22970]: | oo |
2024-09-20T22:16:58.007 INFO:journalctl@ceph.mgr.x.smithi045.stdout:Sep 20 22:16:57 smithi045 bash[22970]: | o= o . |
2024-09-20T22:16:58.007 INFO:journalctl@ceph.mgr.x.smithi045.stdout:Sep 20 22:16:57 smithi045 bash[22970]: | o.o*.o+ + |
2024-09-20T22:16:58.007 INFO:journalctl@ceph.mgr.x.smithi045.stdout:Sep 20 22:16:57 smithi045 bash[22970]: |. ..o=o S o |
2024-09-20T22:16:58.007 INFO:journalctl@ceph.mgr.x.smithi045.stdout:Sep 20 22:16:57 smithi045 bash[22970]: | o .o.* = . |
2024-09-20T22:16:58.007 INFO:journalctl@ceph.mgr.x.smithi045.stdout:Sep 20 22:16:57 smithi045 bash[22970]: | . + oB. o |
2024-09-20T22:16:58.007 INFO:journalctl@ceph.mgr.x.smithi045.stdout:Sep 20 22:16:57 smithi045 bash[22970]: | E BX+ o |
2024-09-20T22:16:58.007 INFO:journalctl@ceph.mgr.x.smithi045.stdout:Sep 20 22:16:57 smithi045 bash[22970]: | =+=*=.. |
2024-09-20T22:16:58.008 INFO:journalctl@ceph.mgr.x.smithi045.stdout:Sep 20 22:16:57 smithi045 bash[22970]: +----[SHA256]-----+
2024-09-20T22:16:58.133 INFO:teuthology.orchestra.run.smithi045.stdout:/usr/bin/ceph: stderr
2024-09-20T22:16:56.989+0000 7fc6d8990640 1 Processor -- start
2024-09-20T22:16:58.133 INFO:teuthology.orchestra.run.smithi045.stdout:/usr/bin/ceph: stderr
2024-09-20T22:16:56.989+0000 7fc6d8990640 1 -- start start
2024-09-20T22:16:58.133 INFO:teuthology.orchestra.run.smithi045.stdout:/usr/bin/ceph: stderr
2024-09-20T22:16:56.989+0000 7fc6d8990640 1 --2- >> [v2:172.21.15.45:3300/0,v1:172.21.15.45:6789/0] conn(0x7fc6d4107550 0x7fc6d4109940 unknown :-1 s=NONE pgs=0 cs=0 l=0 rev1=0 crypto rx=0 tx=0 comp rx=0 tx=0).connect
2024-09-20T22:16:58.133 INFO:teuthology.orchestra.run.smithi045.stdout:/usr/bin/ceph: stderr
2024-09-20T22:16:56.989+0000 7fc6d8990640 1 -- --> [v2:172.21.15.45:3300/0,v1:172.21.15.45:6789/0] -- mon_getmap magic: 0 -- 0x7fc6d407a6f0 con 0x7fc6d4107550
2024-09-20T22:16:58.133 INFO:teuthology.orchestra.run.smithi045.stdout:/usr/bin/ceph: stderr
2024-09-20T22:16:56.989+0000 7fc6d259c640 1 --2- >> [v2:172.21.15.45:3300/0,v1:172.21.15.45:6789/0] conn(0x7fc6d4107550 0x7fc6d4109940 unknown :-1 s=BANNER_CONNECTING pgs=0 cs=0 l=0 rev1=0 crypto rx=0 tx=0 comp rx=0 tx=0)._handle_peer_banner_payload supported=3 required=0
2024-09-20T22:16:58.133 INFO:teuthology.orchestra.run.smithi045.stdout:/usr/bin/ceph: stderr
2024-09-20T22:16:56.989+0000 7fc6d259c640 1 --2- >> [v2:172.21.15.45:3300/0,v1:172.21.15.45:6789/0] conn(0x7fc6d4107550 0x7fc6d4109940 unknown :-1 s=HELLO_CONNECTING pgs=0 cs=0 l=0 rev1=1 crypto rx=0 tx=0 comp rx=0 tx=0).handle_hello peer v2:172.21.15.45:3300/0 says I am v2:172.21.15.45:45144/0 (socket says 172.21.15.45:45144)
2024-09-20T22:16:58.133 INFO:teuthology.orchestra.run.smithi045.stdout:/usr/bin/ceph: stderr
2024-09-20T22:16:56.989+0000 7fc6d259c640 1 -- 172.21.15.45:0/1120127359 learned_addr learned my addr 172.21.15.45:0/1120127359 (peer_addr_for_me v2:172.21.15.45:0/0)
2024-09-20T22:16:58.133 INFO:teuthology.orchestra.run.smithi045.stdout:/usr/bin/ceph: stderr
2024-09-20T22:16:56.989+0000 7fc6d259c640 1 -- 172.21.15.45:0/1120127359 --> [v2:172.21.15.45:3300/0,v1:172.21.15.45:6789/0] -- mon_subscribe({config=0+,monmap=0+}) -- 0x7fc6d4109e80 con 0x7fc6d4107550
2024-09-20T22:16:58.134 INFO:teuthology.orchestra.run.smithi045.stdout:/usr/bin/ceph: stderr
2024-09-20T22:16:56.989+0000 7fc6d259c640 1 --2- 172.21.15.45:0/1120127359 >> [v2:172.21.15.45:3300/0,v1:172.21.15.45:6789/0] conn(0x7fc6d4107550 0x7fc6d4109940 secure :-1 s=READY pgs=39 cs=0 l=1 rev1=1 crypto rx=0x7fc6c4009820 tx=0x7fc6c402a270 comp rx=0 tx=0).ready entity=mon.0 client_cookie=5a524b543857672c server_cookie=0 in_seq=0 out_seq=0
2024-09-20T22:16:58.134 INFO:teuthology.orchestra.run.smithi045.stdout:/usr/bin/ceph: stderr
2024-09-20T22:16:56.989+0000 7fc6d159a640 1 -- 172.21.15.45:0/1120127359 <== mon.0 v2:172.21.15.45:3300/0 1 ==== mon_map magic: 0 ==== 205+0+0 (secure 0 0 0) 0x7fc6c4037070 con 0x7fc6d4107550
2024-09-20T22:16:58.134 INFO:teuthology.orchestra.run.smithi045.stdout:/usr/bin/ceph: stderr
2024-09-20T22:16:56.989+0000 7fc6d159a640 1 -- 172.21.15.45:0/1120127359 <== mon.0 v2:172.21.15.45:3300/0 2 ==== config(26 keys) ==== 1071+0+0 (secure 0 0 0) 0x7fc6c40328d0 con 0x7fc6d4107550
2024-09-20T22:16:58.134 INFO:teuthology.orchestra.run.smithi045.stdout:/usr/bin/ceph: stderr
2024-09-20T22:16:56.989+0000 7fc6d159a640 1 -- 172.21.15.45:0/1120127359 <== mon.0 v2:172.21.15.45:3300/0 3 ==== mon_map magic: 0 ==== 205+0+0 (secure 0 0 0) 0x7fc6c40307d0 con 0x7fc6d4107550
2024-09-20T22:16:58.134 INFO:teuthology.orchestra.run.smithi045.stdout:/usr/bin/ceph: stderr
2024-09-20T22:16:56.989+0000 7fc6d8990640 1 -- 172.21.15.45:0/1120127359 >> [v2:172.21.15.45:3300/0,v1:172.21.15.45:6789/0] conn(0x7fc6d4107550 msgr2=0x7fc6d4109940 secure :-1 s=STATE_CONNECTION_ESTABLISHED l=1).mark_down
2024-09-20T22:16:58.134 INFO:teuthology.orchestra.run.smithi045.stdout:/usr/bin/ceph: stderr
2024-09-20T22:16:56.989+0000 7fc6d8990640 1 --2- 172.21.15.45:0/1120127359 >> [v2:172.21.15.45:3300/0,v1:172.21.15.45:6789/0] conn(0x7fc6d4107550 0x7fc6d4109940 secure :-1 s=READY pgs=39 cs=0 l=1 rev1=1 crypto rx=0x7fc6c4009820 tx=0x7fc6c402a270 comp rx=0 tx=0).stop
2024-09-20T22:16:58.134 INFO:teuthology.orchestra.run.smithi045.stdout:/usr/bin/ceph: stderr
2024-09-20T22:16:56.989+0000 7fc6d8990640 1 -- 172.21.15.45:0/1120127359 shutdown_connections
2024-09-20T22:16:58.134 INFO:teuthology.orchestra.run.smithi045.stdout:/usr/bin/ceph: stderr
2024-09-20T22:16:56.989+0000 7fc6d8990640 1 --2- 172.21.15.45:0/1120127359 >> [v2:172.21.15.45:3300/0,v1:172.21.15.45:6789/0] conn(0x7fc6d4107550 0x7fc6d4109940 unknown :-1 s=CLOSED pgs=39 cs=0 l=1 rev1=1 crypto rx=0 tx=0 comp rx=0 tx=0).stop
2024-09-20T22:16:58.134 INFO:teuthology.orchestra.run.smithi045.stdout:/usr/bin/ceph: stderr
2024-09-20T22:16:56.989+0000 7fc6d8990640 1 -- 172.21.15.45:0/1120127359 >> 172.21.15.45:0/1120127359 conn(0x7fc6d4101190 msgr2=0x7fc6d41035b0 unknown :-1 s=STATE_NONE l=0).mark_down
2024-09-20T22:16:58.134 INFO:teuthology.orchestra.run.smithi045.stdout:/usr/bin/ceph: stderr
2024-09-20T22:16:56.989+0000 7fc6d8990640 1 -- 172.21.15.45:0/1120127359 shutdown_connections
2024-09-20T22:16:58.134 INFO:teuthology.orchestra.run.smithi045.stdout:/usr/bin/ceph: stderr
2024-09-20T22:16:56.989+0000 7fc6d8990640 1 -- 172.21.15.45:0/1120127359 wait complete.
2024-09-20T22:16:58.135 INFO:teuthology.orchestra.run.smithi045.stdout:/usr/bin/ceph: stderr
2024-09-20T22:16:56.993+0000 7fc6d8990640 1 Processor -- start
2024-09-20T22:16:58.135 INFO:teuthology.orchestra.run.smithi045.stdout:/usr/bin/ceph: stderr
2024-09-20T22:16:56.993+0000 7fc6d8990640 1 -- start start
2024-09-20T22:16:58.135 INFO:teuthology.orchestra.run.smithi045.stdout:/usr/bin/ceph: stderr
2024-09-20T22:16:56.993+0000 7fc6d8990640 1 --2- >> [v2:172.21.15.45:3300/0,v1:172.21.15.45:6789/0] conn(0x7fc6d4107550 0x7fc6d419aa00 unknown :-1 s=NONE pgs=0 cs=0 l=1 rev1=0 crypto rx=0 tx=0 comp rx=0 tx=0).connect
2024-09-20T22:16:58.135 INFO:teuthology.orchestra.run.smithi045.stdout:/usr/bin/ceph: stderr
2024-09-20T22:16:56.993+0000 7fc6d8990640 1 -- --> [v2:172.21.15.45:3300/0,v1:172.21.15.45:6789/0] -- mon_getmap magic: 0 -- 0x7fc6d410ae60 con 0x7fc6d4107550
2024-09-20T22:16:58.135 INFO:teuthology.orchestra.run.smithi045.stdout:/usr/bin/ceph: stderr
2024-09-20T22:16:56.993+0000 7fc6d259c640 1 --2- >> [v2:172.21.15.45:3300/0,v1:172.21.15.45:6789/0] conn(0x7fc6d4107550 0x7fc6d419aa00 unknown :-1 s=BANNER_CONNECTING pgs=0 cs=0 l=1 rev1=0 crypto rx=0 tx=0 comp rx=0 tx=0)._handle_peer_banner_payload supported=3 required=0
2024-09-20T22:16:58.135 INFO:teuthology.orchestra.run.smithi045.stdout:/usr/bin/ceph: stderr
2024-09-20T22:16:56.993+0000 7fc6d259c640 1 --2- >> [v2:172.21.15.45:3300/0,v1:172.21.15.45:6789/0] conn(0x7fc6d4107550 0x7fc6d419aa00 unknown :-1 s=HELLO_CONNECTING pgs=0 cs=0 l=1 rev1=1 crypto rx=0 tx=0 comp rx=0 tx=0).handle_hello peer v2:172.21.15.45:3300/0 says I am v2:172.21.15.45:45148/0 (socket says 172.21.15.45:45148)
2024-09-20T22:16:58.135 INFO:teuthology.orchestra.run.smithi045.stdout:/usr/bin/ceph: stderr
2024-09-20T22:16:56.993+0000 7fc6d259c640 1 -- 172.21.15.45:0/2520710863 learned_addr learned my addr 172.21.15.45:0/2520710863 (peer_addr_for_me v2:172.21.15.45:0/0)
2024-09-20T22:16:58.135 INFO:teuthology.orchestra.run.smithi045.stdout:/usr/bin/ceph: stderr
2024-09-20T22:16:56.993+0000 7fc6d259c640 1 -- 172.21.15.45:0/2520710863 --> [v2:172.21.15.45:3300/0,v1:172.21.15.45:6789/0] -- mon_subscribe({config=0+,monmap=0+}) -- 0x7fc6d419af40 con 0x7fc6d4107550
2024-09-20T22:16:58.135 INFO:teuthology.orchestra.run.smithi045.stdout:/usr/bin/ceph: stderr
2024-09-20T22:16:56.993+0000 7fc6d259c640 1 --2- 172.21.15.45:0/2520710863 >> [v2:172.21.15.45:3300/0,v1:172.21.15.45:6789/0] conn(0x7fc6d4107550 0x7fc6d419aa00 secure :-1 s=READY pgs=40 cs=0 l=1 rev1=1 crypto rx=0x7fc6c4032e10 tx=0x7fc6c4032e40 comp rx=0 tx=0).ready entity=mon.0 client_cookie=0 server_cookie=0 in_seq=0 out_seq=0
2024-09-20T22:16:58.135 INFO:teuthology.orchestra.run.smithi045.stdout:/usr/bin/ceph: stderr
2024-09-20T22:16:56.993+0000 7fc6c37fe640 1 -- 172.21.15.45:0/2520710863 <== mon.0 v2:172.21.15.45:3300/0 1 ==== mon_map magic: 0 ==== 205+0+0 (secure 0 0 0) 0x7fc6c4042070 con 0x7fc6d4107550
2024-09-20T22:16:58.135 INFO:teuthology.orchestra.run.smithi045.stdout:/usr/bin/ceph: stderr
2024-09-20T22:16:56.993+0000 7fc6c37fe640 1 -- 172.21.15.45:0/2520710863 <== mon.0 v2:172.21.15.45:3300/0 2 ==== config(26 keys) ==== 1071+0+0 (secure 0 0 0) 0x7fc6c4030c80 con 0x7fc6d4107550
2024-09-20T22:16:58.135 INFO:teuthology.orchestra.run.smithi045.stdout:/usr/bin/ceph: stderr
2024-09-20T22:16:56.993+0000 7fc6d8990640 1 -- 172.21.15.45:0/2520710863 --> [v2:172.21.15.45:3300/0,v1:172.21.15.45:6789/0] -- mon_subscribe({mgrmap=0+}) -- 0x7fc6d419b1d0 con 0x7fc6d4107550
2024-09-20T22:16:58.135 INFO:teuthology.orchestra.run.smithi045.stdout:/usr/bin/ceph: stderr
2024-09-20T22:16:56.993+0000 7fc6c37fe640 1 -- 172.21.15.45:0/2520710863 <== mon.0 v2:172.21.15.45:3300/0 3 ==== mon_map magic: 0 ==== 205+0+0 (secure 0 0 0) 0x7fc6c4037040 con 0x7fc6d4107550
2024-09-20T22:16:58.135 INFO:teuthology.orchestra.run.smithi045.stdout:/usr/bin/ceph: stderr
2024-09-20T22:16:56.993+0000 7fc6d8990640 1 -- 172.21.15.45:0/2520710863 --> [v2:172.21.15.45:3300/0,v1:172.21.15.45:6789/0] -- mon_subscribe({osdmap=0}) -- 0x7fc6d419dec0 con 0x7fc6d4107550
2024-09-20T22:16:58.135 INFO:teuthology.orchestra.run.smithi045.stdout:/usr/bin/ceph: stderr
2024-09-20T22:16:56.993+0000 7fc6c37fe640 1 -- 172.21.15.45:0/2520710863 <== mon.0 v2:172.21.15.45:3300/0 4 ==== mgrmap(e 8) ==== 46461+0+0 (secure 0 0 0) 0x7fc6c4045070 con 0x7fc6d4107550
2024-09-20T22:16:58.136 INFO:teuthology.orchestra.run.smithi045.stdout:/usr/bin/ceph: stderr
2024-09-20T22:16:56.993+0000 7fc6c37fe640 1 --2- 172.21.15.45:0/2520710863 >> [v2:172.21.15.45:6800/559857027,v1:172.21.15.45:6801/559857027] conn(0x7fc6bc0391b0 0x7fc6bc03b670 unknown :-1 s=NONE pgs=0 cs=0 l=1 rev1=0 crypto rx=0 tx=0 comp rx=0 tx=0).connect
2024-09-20T22:16:58.136 INFO:teuthology.orchestra.run.smithi045.stdout:/usr/bin/ceph: stderr
2024-09-20T22:16:56.993+0000 7fc6c37fe640 1 -- 172.21.15.45:0/2520710863 <== mon.0 v2:172.21.15.45:3300/0 5 ==== osd_map(2..2 src has 1..2) ==== 940+0+0 (secure 0 0 0) 0x7fc6c406c2b0 con 0x7fc6d4107550
2024-09-20T22:16:58.136 INFO:teuthology.orchestra.run.smithi045.stdout:/usr/bin/ceph: stderr
2024-09-20T22:16:56.993+0000 7fc6d8990640 1 -- 172.21.15.45:0/2520710863 --> [v2:172.21.15.45:3300/0,v1:172.21.15.45:6789/0] -- mon_command({"prefix": "get_command_descriptions"} v 0) -- 0x7fc6d41079b0 con 0x7fc6d4107550
2024-09-20T22:16:58.136 INFO:teuthology.orchestra.run.smithi045.stdout:/usr/bin/ceph: stderr
2024-09-20T22:16:56.993+0000 7fc6d1d9b640 1 --2- 172.21.15.45:0/2520710863 >> [v2:172.21.15.45:6800/559857027,v1:172.21.15.45:6801/559857027] conn(0x7fc6bc0391b0 0x7fc6bc03b670 unknown :-1 s=BANNER_CONNECTING pgs=0 cs=0 l=1 rev1=0 crypto rx=0 tx=0 comp rx=0 tx=0)._handle_peer_banner_payload supported=3 required=0
2024-09-20T22:16:58.136 INFO:teuthology.orchestra.run.smithi045.stdout:/usr/bin/ceph: stderr
2024-09-20T22:16:56.993+0000 7fc6d1d9b640 1 --2- 172.21.15.45:0/2520710863 >> [v2:172.21.15.45:6800/559857027,v1:172.21.15.45:6801/559857027] conn(0x7fc6bc0391b0 0x7fc6bc03b670 secure :-1 s=READY pgs=9 cs=0 l=1 rev1=1 crypto rx=0x7fc6c80098c0 tx=0x7fc6c8006db0 comp rx=0 tx=0).ready entity=mgr.14118 client_cookie=0 server_cookie=0 in_seq=0 out_seq=0
2024-09-20T22:16:58.136 INFO:teuthology.orchestra.run.smithi045.stdout:/usr/bin/ceph: stderr
2024-09-20T22:16:57.001+0000 7fc6c37fe640 1 -- 172.21.15.45:0/2520710863 <== mon.0 v2:172.21.15.45:3300/0 6 ==== mon_command_ack([{"prefix": "get_command_descriptions"}]=0 v0) ==== 72+0+188913 (secure 0 0 0) 0x7fc6c4045360 con 0x7fc6d4107550
2024-09-20T22:16:58.136 INFO:teuthology.orchestra.run.smithi045.stdout:/usr/bin/ceph: stderr
2024-09-20T22:16:57.337+0000 7fc6d8990640 1 -- 172.21.15.45:0/2520710863 --> [v2:172.21.15.45:6800/559857027,v1:172.21.15.45:6801/559857027] -- mgr_command(tid 0: {"prefix": "cephadm generate-key", "target": ["mon-mgr", ""]}) -- 0x7fc6d41024f0 con 0x7fc6bc0391b0
2024-09-20T22:16:58.136 INFO:teuthology.orchestra.run.smithi045.stdout:/usr/bin/ceph: stderr
2024-09-20T22:16:57.605+0000 7fc6c37fe640 1 -- 172.21.15.45:0/2520710863 <== mgr.14118 v2:172.21.15.45:6800/559857027 1 ==== mgr_command_reply(tid 0: 0 ) ==== 8+0+0 (secure 0 0 0) 0x7fc6d41024f0 con 0x7fc6bc0391b0
2024-09-20T22:16:58.136 INFO:teuthology.orchestra.run.smithi045.stdout:/usr/bin/ceph: stderr
2024-09-20T22:16:57.605+0000 7fc6d8990640 1 -- 172.21.15.45:0/2520710863 >> [v2:172.21.15.45:6800/559857027,v1:172.21.15.45:6801/559857027] conn(0x7fc6bc0391b0 msgr2=0x7fc6bc03b670 secure :-1 s=STATE_CONNECTION_ESTABLISHED l=1).mark_down
2024-09-20T22:16:58.136 INFO:teuthology.orchestra.run.smithi045.stdout:/usr/bin/ceph: stderr
2024-09-20T22:16:57.605+0000 7fc6d8990640 1 --2- 172.21.15.45:0/2520710863 >> [v2:172.21.15.45:6800/559857027,v1:172.21.15.45:6801/559857027] conn(0x7fc6bc0391b0 0x7fc6bc03b670 secure :-1 s=READY pgs=9 cs=0 l=1 rev1=1 crypto rx=0x7fc6c80098c0 tx=0x7fc6c8006db0 comp rx=0 tx=0).stop
2024-09-20T22:16:58.136 INFO:teuthology.orchestra.run.smithi045.stdout:/usr/bin/ceph: stderr
2024-09-20T22:16:57.605+0000 7fc6d8990640 1 -- 172.21.15.45:0/2520710863 >> [v2:172.21.15.45:3300/0,v1:172.21.15.45:6789/0] conn(0x7fc6d4107550 msgr2=0x7fc6d419aa00 secure :-1 s=STATE_CONNECTION_ESTABLISHED l=1).mark_down
2024-09-20T22:16:58.136 INFO:teuthology.orchestra.run.smithi045.stdout:/usr/bin/ceph: stderr
2024-09-20T22:16:57.605+0000 7fc6d8990640 1 --2- 172.21.15.45:0/2520710863 >> [v2:172.21.15.45:3300/0,v1:172.21.15.45:6789/0] conn(0x7fc6d4107550 0x7fc6d419aa00 secure :-1 s=READY pgs=40 cs=0 l=1 rev1=1 crypto rx=0x7fc6c4032e10 tx=0x7fc6c4032e40 comp rx=0 tx=0).stop
2024-09-20T22:16:58.136 INFO:teuthology.orchestra.run.smithi045.stdout:/usr/bin/ceph: stderr
2024-09-20T22:16:57.605+0000 7fc6d8990640 1 -- 172.21.15.45:0/2520710863 shutdown_connections
2024-09-20T22:16:58.136 INFO:teuthology.orchestra.run.smithi045.stdout:/usr/bin/ceph: stderr
2024-09-20T22:16:57.605+0000 7fc6d8990640 1 --2- 172.21.15.45:0/2520710863 >> [v2:172.21.15.45:6800/559857027,v1:172.21.15.45:6801/559857027] conn(0x7fc6bc0391b0 0x7fc6bc03b670 unknown :-1 s=CLOSED pgs=9 cs=0 l=1 rev1=1 crypto rx=0 tx=0 comp rx=0 tx=0).stop
2024-09-20T22:16:58.137 INFO:teuthology.orchestra.run.smithi045.stdout:/usr/bin/ceph: stderr
2024-09-20T22:16:57.605+0000 7fc6d8990640 1 --2- 172.21.15.45:0/2520710863 >> [v2:172.21.15.45:3300/0,v1:172.21.15.45:6789/0] conn(0x7fc6d4107550 0x7fc6d419aa00 unknown :-1 s=CLOSED pgs=40 cs=0 l=1 rev1=1 crypto rx=0 tx=0 comp rx=0 tx=0).stop
2024-09-20T22:16:58.137 INFO:teuthology.orchestra.run.smithi045.stdout:/usr/bin/ceph: stderr
2024-09-20T22:16:57.605+0000 7fc6d8990640 1 -- 172.21.15.45:0/2520710863 >> 172.21.15.45:0/2520710863 conn(0x7fc6d4101190 msgr2=0x7fc6d4101de0 unknown :-1 s=STATE_NONE l=0).mark_down
2024-09-20T22:16:58.137 INFO:teuthology.orchestra.run.smithi045.stdout:/usr/bin/ceph: stderr
2024-09-20T22:16:57.605+0000 7fc6d8990640 1 -- 172.21.15.45:0/2520710863 shutdown_connections
2024-09-20T22:16:58.137 INFO:teuthology.orchestra.run.smithi045.stdout:/usr/bin/ceph: stderr
2024-09-20T22:16:57.605+0000 7fc6d8990640 1 -- 172.21.15.45:0/2520710863 wait complete.
2024-09-20T22:16:58.857 INFO:journalctl@ceph.mon.a.smithi045.stdout:Sep 20 22:16:58 smithi045 bash[22718]: audit
2024-09-20T22:16:57.344130+0000 mgr.x (mgr.14118) 11 : audit [DBG] from='client.14134 -' entity='client.admin' cmd=[{"prefix": "cephadm generate-key", "target": ["mon-mgr", ""]}]: dispatch
2024-09-20T22:16:58.857 INFO:journalctl@ceph.mon.a.smithi045.stdout:Sep 20 22:16:58 smithi045 bash[22718]: cephadm
2024-09-20T22:16:57.344451+0000 mgr.x (mgr.14118) 12 : cephadm [INF] Generating ssh key...
2024-09-20T22:16:58.857 INFO:journalctl@ceph.mon.a.smithi045.stdout:Sep 20 22:16:58 smithi045 bash[22718]: audit
2024-09-20T22:16:57.601949+0000 mon.a (mon.0) 62 : audit [INF] from='mgr.14118 172.21.15.45:0/2728835869' entity='mgr.x'
2024-09-20T22:16:58.857 INFO:journalctl@ceph.mon.a.smithi045.stdout:Sep 20 22:16:58 smithi045 bash[22718]: audit
2024-09-20T22:16:57.606055+0000 mon.a (mon.0) 63 : audit [INF] from='mgr.14118 172.21.15.45:0/2728835869' entity='mgr.x'
2024-09-20T22:16:59.805 INFO:teuthology.orchestra.run.smithi045.stdout:/usr/bin/ceph: stdout ssh-rsa AAAAB3NzaC1yc2EAAAADAQABAAABgQCGC3eALJ7gUcRBDHVvnRL4rceN5z+s9rXiN2s6gureTPrV4oX+vni0p6jVBm+stE0VCH1vhVOAhzpY1GpkvDbnDOiIEc1gThWhUWWyq/j58dObHIhwiIZRZB3h7LIp3zLN2P4gZgWHP/0+P/38sc9urikIXC3sGGJBraYS7w35n8Bt5K9NXW978nEwrvknczdd3AkGlpL/AF6j+S84kCVQUS3tRbub0tU7kIlinhGD29SrGyO6yvDuKQtSDbs91OZIzgHtAvotoWDwWVVFahpDsUPy6YoYTY7SdZJ7eEm/f2zle1CF4y4XtjqRysuYmkpTkSx2aImRiys7T2Jky4rtVH6+w0kNlbz0Sgxnpi4Yr7pbGXuKXk44NZa3W6BvuFOVlXP41Z5W7MBR2RrpGU4RwkB4rqYMuAjEsAGPGHSCcvyr7+rnnFNIUhCgWAO3u38KbqjB1hj38thqF/qO7ceEOuIQhueVgHEL0wj+J4WYfcWt1+lqIV/ViShM/cMkEQU= ceph-caeb35ae-779d-11ef-baf5-efdc52797490
2024-09-20T22:16:59.806 INFO:teuthology.orchestra.run.smithi045.stdout:/usr/bin/ceph: stderr
2024-09-20T22:16:58.985+0000 7f579039c640 1 Processor -- start
2024-09-20T22:16:59.806 INFO:teuthology.orchestra.run.smithi045.stdout:/usr/bin/ceph: stderr
2024-09-20T22:16:58.985+0000 7f579039c640 1 -- start start
2024-09-20T22:16:59.806 INFO:teuthology.orchestra.run.smithi045.stdout:/usr/bin/ceph: stderr
2024-09-20T22:16:58.989+0000 7f579039c640 1 --2- >> [v2:172.21.15.45:3300/0,v1:172.21.15.45:6789/0] conn(0x7f57881059d0 0x7f5788105dd0 unknown :-1 s=NONE pgs=0 cs=0 l=0 rev1=0 crypto rx=0 tx=0 comp rx=0 tx=0).connect
2024-09-20T22:16:59.806 INFO:teuthology.orchestra.run.smithi045.stdout:/usr/bin/ceph: stderr
2024-09-20T22:16:58.989+0000 7f579039c640 1 -- --> [v2:172.21.15.45:3300/0,v1:172.21.15.45:6789/0] -- mon_getmap magic: 0 -- 0x7f57881063a0 con 0x7f57881059d0
2024-09-20T22:16:59.806 INFO:teuthology.orchestra.run.smithi045.stdout:/usr/bin/ceph: stderr
2024-09-20T22:16:58.989+0000 7f578e138640 1 --2- >> [v2:172.21.15.45:3300/0,v1:172.21.15.45:6789/0] conn(0x7f57881059d0 0x7f5788105dd0 unknown :-1 s=BANNER_CONNECTING pgs=0 cs=0 l=0 rev1=0 crypto rx=0 tx=0 comp rx=0 tx=0)._handle_peer_banner_payload supported=3 required=0
2024-09-20T22:16:59.806 INFO:teuthology.orchestra.run.smithi045.stdout:/usr/bin/ceph: stderr
2024-09-20T22:16:58.989+0000 7f578e138640 1 --2- >> [v2:172.21.15.45:3300/0,v1:172.21.15.45:6789/0] conn(0x7f57881059d0 0x7f5788105dd0 unknown :-1 s=HELLO_CONNECTING pgs=0 cs=0 l=0 rev1=1 crypto rx=0 tx=0 comp rx=0 tx=0).handle_hello peer v2:172.21.15.45:3300/0 says I am v2:172.21.15.45:45150/0 (socket says 172.21.15.45:45150)
2024-09-20T22:16:59.806 INFO:teuthology.orchestra.run.smithi045.stdout:/usr/bin/ceph: stderr
2024-09-20T22:16:58.989+0000 7f578e138640 1 -- 172.21.15.45:0/891305526 learned_addr learned my addr 172.21.15.45:0/891305526 (peer_addr_for_me v2:172.21.15.45:0/0)
2024-09-20T22:16:59.806 INFO:teuthology.orchestra.run.smithi045.stdout:/usr/bin/ceph: stderr
2024-09-20T22:16:58.989+0000 7f578e138640 1 -- 172.21.15.45:0/891305526 --> [v2:172.21.15.45:3300/0,v1:172.21.15.45:6789/0] -- mon_subscribe({config=0+,monmap=0+}) -- 0x7f5788106bd0 con 0x7f57881059d0
2024-09-20T22:16:59.806 INFO:teuthology.orchestra.run.smithi045.stdout:/usr/bin/ceph: stderr
2024-09-20T22:16:58.989+0000 7f578e138640 1 --2- 172.21.15.45:0/891305526 >> [v2:172.21.15.45:3300/0,v1:172.21.15.45:6789/0] conn(0x7f57881059d0 0x7f5788105dd0 secure :-1 s=READY pgs=41 cs=0 l=1 rev1=1 crypto rx=0x7f5784009820 tx=0x7f578402a270 comp rx=0 tx=0).ready entity=mon.0 client_cookie=939a0d86ff7660f8 server_cookie=0 in_seq=0 out_seq=0
2024-09-20T22:16:59.806 INFO:teuthology.orchestra.run.smithi045.stdout:/usr/bin/ceph: stderr
2024-09-20T22:16:58.989+0000 7f578d136640 1 -- 172.21.15.45:0/891305526 <== mon.0 v2:172.21.15.45:3300/0 1 ==== mon_map magic: 0 ==== 205+0+0 (secure 0 0 0) 0x7f5784037070 con 0x7f57881059d0
2024-09-20T22:16:59.806 INFO:teuthology.orchestra.run.smithi045.stdout:/usr/bin/ceph: stderr
2024-09-20T22:16:58.989+0000 7f578d136640 1 -- 172.21.15.45:0/891305526 <== mon.0 v2:172.21.15.45:3300/0 2 ==== config(26 keys) ==== 1071+0+0 (secure 0 0 0) 0x7f57840328d0 con 0x7f57881059d0
2024-09-20T22:16:59.807 INFO:teuthology.orchestra.run.smithi045.stdout:/usr/bin/ceph: stderr
2024-09-20T22:16:58.989+0000 7f578d136640 1 -- 172.21.15.45:0/891305526 <== mon.0 v2:172.21.15.45:3300/0 3 ==== mon_map magic: 0 ==== 205+0+0 (secure 0 0 0) 0x7f57840307d0 con 0x7f57881059d0
2024-09-20T22:16:59.807 INFO:teuthology.orchestra.run.smithi045.stdout:/usr/bin/ceph: stderr
2024-09-20T22:16:58.989+0000 7f579039c640 1 -- 172.21.15.45:0/891305526 >> [v2:172.21.15.45:3300/0,v1:172.21.15.45:6789/0] conn(0x7f57881059d0 msgr2=0x7f5788105dd0 secure :-1 s=STATE_CONNECTION_ESTABLISHED l=1).mark_down
2024-09-20T22:16:59.807 INFO:teuthology.orchestra.run.smithi045.stdout:/usr/bin/ceph: stderr
2024-09-20T22:16:58.989+0000 7f579039c640 1 --2- 172.21.15.45:0/891305526 >> [v2:172.21.15.45:3300/0,v1:172.21.15.45:6789/0] conn(0x7f57881059d0 0x7f5788105dd0 secure :-1 s=READY pgs=41 cs=0 l=1 rev1=1 crypto rx=0x7f5784009820 tx=0x7f578402a270 comp rx=0 tx=0).stop
2024-09-20T22:16:59.807 INFO:teuthology.orchestra.run.smithi045.stdout:/usr/bin/ceph: stderr
2024-09-20T22:16:58.989+0000 7f579039c640 1 -- 172.21.15.45:0/891305526 shutdown_connections
2024-09-20T22:16:59.807 INFO:teuthology.orchestra.run.smithi045.stdout:/usr/bin/ceph: stderr
2024-09-20T22:16:58.989+0000 7f579039c640 1 --2- 172.21.15.45:0/891305526 >> [v2:172.21.15.45:3300/0,v1:172.21.15.45:6789/0] conn(0x7f57881059d0 0x7f5788105dd0 unknown :-1 s=CLOSED pgs=41 cs=0 l=1 rev1=1 crypto rx=0 tx=0 comp rx=0 tx=0).stop
2024-09-20T22:16:59.807 INFO:teuthology.orchestra.run.smithi045.stdout:/usr/bin/ceph: stderr
2024-09-20T22:16:58.989+0000 7f579039c640 1 -- 172.21.15.45:0/891305526 >> 172.21.15.45:0/891305526 conn(0x7f57881011a0 msgr2=0x7f57881035c0 unknown :-1 s=STATE_NONE l=0).mark_down
2024-09-20T22:16:59.807 INFO:teuthology.orchestra.run.smithi045.stdout:/usr/bin/ceph: stderr
2024-09-20T22:16:58.989+0000 7f579039c640 1 -- 172.21.15.45:0/891305526 shutdown_connections
2024-09-20T22:16:59.807 INFO:teuthology.orchestra.run.smithi045.stdout:/usr/bin/ceph: stderr
2024-09-20T22:16:58.989+0000 7f579039c640 1 -- 172.21.15.45:0/891305526 wait complete.
2024-09-20T22:16:59.807 INFO:teuthology.orchestra.run.smithi045.stdout:/usr/bin/ceph: stderr
2024-09-20T22:16:58.989+0000 7f579039c640 1 Processor -- start
2024-09-20T22:16:59.807 INFO:teuthology.orchestra.run.smithi045.stdout:/usr/bin/ceph: stderr
2024-09-20T22:16:58.989+0000 7f579039c640 1 -- start start
2024-09-20T22:16:59.807 INFO:teuthology.orchestra.run.smithi045.stdout:/usr/bin/ceph: stderr
2024-09-20T22:16:58.989+0000 7f579039c640 1 --2- >> [v2:172.21.15.45:3300/0,v1:172.21.15.45:6789/0] conn(0x7f57881059d0 0x7f578819ccb0 unknown :-1 s=NONE pgs=0 cs=0 l=1 rev1=0 crypto rx=0 tx=0 comp rx=0 tx=0).connect
2024-09-20T22:16:59.807 INFO:teuthology.orchestra.run.smithi045.stdout:/usr/bin/ceph: stderr
2024-09-20T22:16:58.989+0000 7f579039c640 1 -- --> [v2:172.21.15.45:3300/0,v1:172.21.15.45:6789/0] -- mon_getmap magic: 0 -- 0x7f5788109f80 con 0x7f57881059d0
2024-09-20T22:16:59.807 INFO:teuthology.orchestra.run.smithi045.stdout:/usr/bin/ceph: stderr
2024-09-20T22:16:58.989+0000 7f578e138640 1 --2- >> [v2:172.21.15.45:3300/0,v1:172.21.15.45:6789/0] conn(0x7f57881059d0 0x7f578819ccb0 unknown :-1 s=BANNER_CONNECTING pgs=0 cs=0 l=1 rev1=0 crypto rx=0 tx=0 comp rx=0 tx=0)._handle_peer_banner_payload supported=3 required=0
2024-09-20T22:16:59.808 INFO:teuthology.orchestra.run.smithi045.stdout:/usr/bin/ceph: stderr
2024-09-20T22:16:58.989+0000 7f578e138640 1 --2- >> [v2:172.21.15.45:3300/0,v1:172.21.15.45:6789/0] conn(0x7f57881059d0 0x7f578819ccb0 unknown :-1 s=HELLO_CONNECTING pgs=0 cs=0 l=1 rev1=1 crypto rx=0 tx=0 comp rx=0 tx=0).handle_hello peer v2:172.21.15.45:3300/0 says I am v2:172.21.15.45:45156/0 (socket says 172.21.15.45:45156)
2024-09-20T22:16:59.808 INFO:teuthology.orchestra.run.smithi045.stdout:/usr/bin/ceph: stderr
2024-09-20T22:16:58.989+0000 7f578e138640 1 -- 172.21.15.45:0/4116255336 learned_addr learned my addr 172.21.15.45:0/4116255336 (peer_addr_for_me v2:172.21.15.45:0/0)
2024-09-20T22:16:59.808 INFO:teuthology.orchestra.run.smithi045.stdout:/usr/bin/ceph: stderr
2024-09-20T22:16:58.989+0000 7f578e138640 1 -- 172.21.15.45:0/4116255336 --> [v2:172.21.15.45:3300/0,v1:172.21.15.45:6789/0] -- mon_subscribe({config=0+,monmap=0+}) -- 0x7f578819d1f0 con 0x7f57881059d0
2024-09-20T22:16:59.808 INFO:teuthology.orchestra.run.smithi045.stdout:/usr/bin/ceph: stderr
2024-09-20T22:16:58.993+0000 7f578e138640 1 --2- 172.21.15.45:0/4116255336 >> [v2:172.21.15.45:3300/0,v1:172.21.15.45:6789/0] conn(0x7f57881059d0 0x7f578819ccb0 secure :-1 s=READY pgs=42 cs=0 l=1 rev1=1 crypto rx=0x7f57840097f0 tx=0x7f5784030d00 comp rx=0 tx=0).ready entity=mon.0 client_cookie=0 server_cookie=0 in_seq=0 out_seq=0
2024-09-20T22:16:59.808 INFO:teuthology.orchestra.run.smithi045.stdout:/usr/bin/ceph: stderr
2024-09-20T22:16:58.993+0000 7f577f7fe640 1 -- 172.21.15.45:0/4116255336 <== mon.0 v2:172.21.15.45:3300/0 1 ==== mon_map magic: 0 ==== 205+0+0 (secure 0 0 0) 0x7f5784037040 con 0x7f57881059d0
2024-09-20T22:16:59.808 INFO:teuthology.orchestra.run.smithi045.stdout:/usr/bin/ceph: stderr
