2024-09-20T23:16:50.680+0000 7f756b401640 1 -- 172.21.15.148:0/3407615746 wait complete.
2024-09-20T23:16:51.802 INFO:teuthology.orchestra.run.smithi148.stdout:Deploying node-exporter service with default placement...
2024-09-20T23:16:52.980 INFO:teuthology.orchestra.run.smithi148.stdout:/usr/bin/ceph: stdout Scheduled node-exporter update...
2024-09-20T23:16:52.980 INFO:teuthology.orchestra.run.smithi148.stdout:/usr/bin/ceph: stderr
2024-09-20T23:16:52.204+0000 7f6731e06640 1 Processor -- start
2024-09-20T23:16:52.980 INFO:teuthology.orchestra.run.smithi148.stdout:/usr/bin/ceph: stderr
2024-09-20T23:16:52.204+0000 7f6731e06640 1 -- start start
2024-09-20T23:16:52.980 INFO:teuthology.orchestra.run.smithi148.stdout:/usr/bin/ceph: stderr
2024-09-20T23:16:52.204+0000 7f6731e06640 1 --2- >> [v2:172.21.15.148:3300/0,v1:172.21.15.148:6789/0] conn(0x7f672c076b30 0x7f672c104bc0 unknown :-1 s=NONE pgs=0 cs=0 l=0 rev1=0 crypto rx=0 tx=0 comp rx=0 tx=0).connect
2024-09-20T23:16:52.980 INFO:teuthology.orchestra.run.smithi148.stdout:/usr/bin/ceph: stderr
2024-09-20T23:16:52.204+0000 7f6731e06640 1 -- --> [v2:172.21.15.148:3300/0,v1:172.21.15.148:6789/0] -- mon_getmap magic: 0 v1 -- 0x7f672c076f40 con 0x7f672c076b30
2024-09-20T23:16:52.980 INFO:teuthology.orchestra.run.smithi148.stdout:/usr/bin/ceph: stderr
2024-09-20T23:16:52.205+0000 7f672b7fe640 1 --2- >> [v2:172.21.15.148:3300/0,v1:172.21.15.148:6789/0] conn(0x7f672c076b30 0x7f672c104bc0 unknown :-1 s=BANNER_CONNECTING pgs=0 cs=0 l=0 rev1=0 crypto rx=0 tx=0 comp rx=0 tx=0)._handle_peer_banner_payload supported=3 required=0
2024-09-20T23:16:52.980 INFO:teuthology.orchestra.run.smithi148.stdout:/usr/bin/ceph: stderr
2024-09-20T23:16:52.205+0000 7f672b7fe640 1 --2- >> [v2:172.21.15.148:3300/0,v1:172.21.15.148:6789/0] conn(0x7f672c076b30 0x7f672c104bc0 unknown :-1 s=HELLO_CONNECTING pgs=0 cs=0 l=0 rev1=1 crypto rx=0 tx=0 comp rx=0 tx=0).handle_hello peer v2:172.21.15.148:3300/0 says I am v2:172.21.15.148:37478/0 (socket says 172.21.15.148:37478)
2024-09-20T23:16:52.980 INFO:teuthology.orchestra.run.smithi148.stdout:/usr/bin/ceph: stderr
2024-09-20T23:16:52.205+0000 7f672b7fe640 1 -- 172.21.15.148:0/1502519338 learned_addr learned my addr 172.21.15.148:0/1502519338 (peer_addr_for_me v2:172.21.15.148:0/0)
2024-09-20T23:16:52.980 INFO:teuthology.orchestra.run.smithi148.stdout:/usr/bin/ceph: stderr
2024-09-20T23:16:52.205+0000 7f672b7fe640 1 -- 172.21.15.148:0/1502519338 --> [v2:172.21.15.148:3300/0,v1:172.21.15.148:6789/0] -- mon_subscribe({config=0+,monmap=0+}) v3 -- 0x7f672c105100 con 0x7f672c076b30
2024-09-20T23:16:52.980 INFO:teuthology.orchestra.run.smithi148.stdout:/usr/bin/ceph: stderr
2024-09-20T23:16:52.206+0000 7f672b7fe640 1 --2- 172.21.15.148:0/1502519338 >> [v2:172.21.15.148:3300/0,v1:172.21.15.148:6789/0] conn(0x7f672c076b30 0x7f672c104bc0 secure :-1 s=READY pgs=55 cs=0 l=1 rev1=1 crypto rx=0x7f671c009840 tx=0x7f671c0091d0 comp rx=0 tx=0).ready entity=mon.0 client_cookie=2dc9c3b5fb7966e0 server_cookie=0 in_seq=0 out_seq=0
2024-09-20T23:16:52.980 INFO:teuthology.orchestra.run.smithi148.stdout:/usr/bin/ceph: stderr
2024-09-20T23:16:52.206+0000 7f672a7fc640 1 -- 172.21.15.148:0/1502519338 <== mon.0 v2:172.21.15.148:3300/0 1 ==== mon_map magic: 0 v1 ==== 229+0+0 (secure 0 0 0) 0x7f671c032440 con 0x7f672c076b30
2024-09-20T23:16:52.980 INFO:teuthology.orchestra.run.smithi148.stdout:/usr/bin/ceph: stderr
2024-09-20T23:16:52.206+0000 7f672a7fc640 1 -- 172.21.15.148:0/1502519338 <== mon.0 v2:172.21.15.148:3300/0 2 ==== config(26 keys) v1 ==== 1070+0+0 (secure 0 0 0) 0x7f671c032a40 con 0x7f672c076b30
2024-09-20T23:16:52.981 INFO:teuthology.orchestra.run.smithi148.stdout:/usr/bin/ceph: stderr
2024-09-20T23:16:52.206+0000 7f672a7fc640 1 -- 172.21.15.148:0/1502519338 <== mon.0 v2:172.21.15.148:3300/0 3 ==== mon_map magic: 0 v1 ==== 229+0+0 (secure 0 0 0) 0x7f671c031aa0 con 0x7f672c076b30
2024-09-20T23:16:52.981 INFO:teuthology.orchestra.run.smithi148.stdout:/usr/bin/ceph: stderr
2024-09-20T23:16:52.206+0000 7f6731e06640 1 -- 172.21.15.148:0/1502519338 >> [v2:172.21.15.148:3300/0,v1:172.21.15.148:6789/0] conn(0x7f672c076b30 msgr2=0x7f672c104bc0 secure :-1 s=STATE_CONNECTION_ESTABLISHED l=1).mark_down
2024-09-20T23:16:52.981 INFO:teuthology.orchestra.run.smithi148.stdout:/usr/bin/ceph: stderr
2024-09-20T23:16:52.206+0000 7f6731e06640 1 --2- 172.21.15.148:0/1502519338 >> [v2:172.21.15.148:3300/0,v1:172.21.15.148:6789/0] conn(0x7f672c076b30 0x7f672c104bc0 secure :-1 s=READY pgs=55 cs=0 l=1 rev1=1 crypto rx=0x7f671c009840 tx=0x7f671c0091d0 comp rx=0 tx=0).stop
2024-09-20T23:16:52.981 INFO:teuthology.orchestra.run.smithi148.stdout:/usr/bin/ceph: stderr
2024-09-20T23:16:52.206+0000 7f6731e06640 1 -- 172.21.15.148:0/1502519338 shutdown_connections
2024-09-20T23:16:52.981 INFO:teuthology.orchestra.run.smithi148.stdout:/usr/bin/ceph: stderr
2024-09-20T23:16:52.206+0000 7f6731e06640 1 --2- 172.21.15.148:0/1502519338 >> [v2:172.21.15.148:3300/0,v1:172.21.15.148:6789/0] conn(0x7f672c076b30 0x7f672c104bc0 unknown :-1 s=CLOSED pgs=55 cs=0 l=1 rev1=1 crypto rx=0 tx=0 comp rx=0 tx=0).stop
2024-09-20T23:16:52.981 INFO:teuthology.orchestra.run.smithi148.stdout:/usr/bin/ceph: stderr
2024-09-20T23:16:52.206+0000 7f6731e06640 1 -- 172.21.15.148:0/1502519338 >> 172.21.15.148:0/1502519338 conn(0x7f672c0fc6d0 msgr2=0x7f672c0feb20 unknown :-1 s=STATE_NONE l=0).mark_down
2024-09-20T23:16:52.981 INFO:teuthology.orchestra.run.smithi148.stdout:/usr/bin/ceph: stderr
2024-09-20T23:16:52.207+0000 7f6731e06640 1 -- 172.21.15.148:0/1502519338 shutdown_connections
2024-09-20T23:16:52.981 INFO:teuthology.orchestra.run.smithi148.stdout:/usr/bin/ceph: stderr
2024-09-20T23:16:52.207+0000 7f6731e06640 1 -- 172.21.15.148:0/1502519338 wait complete.
2024-09-20T23:16:52.981 INFO:teuthology.orchestra.run.smithi148.stdout:/usr/bin/ceph: stderr
2024-09-20T23:16:52.207+0000 7f6731e06640 1 Processor -- start
2024-09-20T23:16:52.981 INFO:teuthology.orchestra.run.smithi148.stdout:/usr/bin/ceph: stderr
2024-09-20T23:16:52.207+0000 7f6731e06640 1 -- start start
2024-09-20T23:16:52.981 INFO:teuthology.orchestra.run.smithi148.stdout:/usr/bin/ceph: stderr
2024-09-20T23:16:52.207+0000 7f6731e06640 1 --2- >> [v2:172.21.15.148:3300/0,v1:172.21.15.148:6789/0] conn(0x7f672c076b30 0x7f672c1024f0 unknown :-1 s=NONE pgs=0 cs=0 l=1 rev1=0 crypto rx=0 tx=0 comp rx=0 tx=0).connect
2024-09-20T23:16:52.981 INFO:teuthology.orchestra.run.smithi148.stdout:/usr/bin/ceph: stderr
2024-09-20T23:16:52.207+0000 7f6731e06640 1 -- --> [v2:172.21.15.148:3300/0,v1:172.21.15.148:6789/0] -- mon_getmap magic: 0 v1 -- 0x7f672c102a30 con 0x7f672c076b30
2024-09-20T23:16:52.981 INFO:teuthology.orchestra.run.smithi148.stdout:/usr/bin/ceph: stderr
2024-09-20T23:16:52.207+0000 7f672b7fe640 1 --2- >> [v2:172.21.15.148:3300/0,v1:172.21.15.148:6789/0] conn(0x7f672c076b30 0x7f672c1024f0 unknown :-1 s=BANNER_CONNECTING pgs=0 cs=0 l=1 rev1=0 crypto rx=0 tx=0 comp rx=0 tx=0)._handle_peer_banner_payload supported=3 required=0
2024-09-20T23:16:52.981 INFO:teuthology.orchestra.run.smithi148.stdout:/usr/bin/ceph: stderr
2024-09-20T23:16:52.207+0000 7f672b7fe640 1 --2- >> [v2:172.21.15.148:3300/0,v1:172.21.15.148:6789/0] conn(0x7f672c076b30 0x7f672c1024f0 unknown :-1 s=HELLO_CONNECTING pgs=0 cs=0 l=1 rev1=1 crypto rx=0 tx=0 comp rx=0 tx=0).handle_hello peer v2:172.21.15.148:3300/0 says I am v2:172.21.15.148:37486/0 (socket says 172.21.15.148:37486)
2024-09-20T23:16:52.982 INFO:teuthology.orchestra.run.smithi148.stdout:/usr/bin/ceph: stderr
2024-09-20T23:16:52.207+0000 7f672b7fe640 1 -- 172.21.15.148:0/4161189407 learned_addr learned my addr 172.21.15.148:0/4161189407 (peer_addr_for_me v2:172.21.15.148:0/0)
2024-09-20T23:16:52.982 INFO:teuthology.orchestra.run.smithi148.stdout:/usr/bin/ceph: stderr
2024-09-20T23:16:52.208+0000 7f672b7fe640 1 -- 172.21.15.148:0/4161189407 --> [v2:172.21.15.148:3300/0,v1:172.21.15.148:6789/0] -- mon_subscribe({config=0+,monmap=0+}) v3 -- 0x7f671c009450 con 0x7f672c076b30
2024-09-20T23:16:52.982 INFO:teuthology.orchestra.run.smithi148.stdout:/usr/bin/ceph: stderr
2024-09-20T23:16:52.208+0000 7f672b7fe640 1 --2- 172.21.15.148:0/4161189407 >> [v2:172.21.15.148:3300/0,v1:172.21.15.148:6789/0] conn(0x7f672c076b30 0x7f672c1024f0 secure :-1 s=READY pgs=56 cs=0 l=1 rev1=1 crypto rx=0x7f671c009810 tx=0x7f671c0091d0 comp rx=0 tx=0).ready entity=mon.0 client_cookie=0 server_cookie=0 in_seq=0 out_seq=0
2024-09-20T23:16:52.982 INFO:teuthology.orchestra.run.smithi148.stdout:/usr/bin/ceph: stderr
2024-09-20T23:16:52.208+0000 7f6713fff640 1 -- 172.21.15.148:0/4161189407 <== mon.0 v2:172.21.15.148:3300/0 1 ==== mon_map magic: 0 v1 ==== 229+0+0 (secure 0 0 0) 0x7f671c0327b0 con 0x7f672c076b30
2024-09-20T23:16:52.982 INFO:teuthology.orchestra.run.smithi148.stdout:/usr/bin/ceph: stderr
2024-09-20T23:16:52.208+0000 7f6731e06640 1 -- 172.21.15.148:0/4161189407 --> [v2:172.21.15.148:3300/0,v1:172.21.15.148:6789/0] -- mon_subscribe({mgrmap=0+}) v3 -- 0x7f672c100ac0 con 0x7f672c076b30
2024-09-20T23:16:52.982 INFO:teuthology.orchestra.run.smithi148.stdout:/usr/bin/ceph: stderr
2024-09-20T23:16:52.208+0000 7f6713fff640 1 -- 172.21.15.148:0/4161189407 <== mon.0 v2:172.21.15.148:3300/0 2 ==== config(26 keys) v1 ==== 1070+0+0 (secure 0 0 0) 0x7f671c03b8d0 con 0x7f672c076b30
2024-09-20T23:16:52.982 INFO:teuthology.orchestra.run.smithi148.stdout:/usr/bin/ceph: stderr
2024-09-20T23:16:52.208+0000 7f6713fff640 1 -- 172.21.15.148:0/4161189407 <== mon.0 v2:172.21.15.148:3300/0 3 ==== mon_map magic: 0 v1 ==== 229+0+0 (secure 0 0 0) 0x7f671c03a6f0 con 0x7f672c076b30
2024-09-20T23:16:52.982 INFO:teuthology.orchestra.run.smithi148.stdout:/usr/bin/ceph: stderr
2024-09-20T23:16:52.208+0000 7f6731e06640 1 -- 172.21.15.148:0/4161189407 --> [v2:172.21.15.148:3300/0,v1:172.21.15.148:6789/0] -- mon_subscribe({osdmap=0}) v3 -- 0x7f672c100f30 con 0x7f672c076b30
2024-09-20T23:16:52.982 INFO:teuthology.orchestra.run.smithi148.stdout:/usr/bin/ceph: stderr
2024-09-20T23:16:52.209+0000 7f6713fff640 1 -- 172.21.15.148:0/4161189407 <== mon.0 v2:172.21.15.148:3300/0 4 ==== mgrmap(e 8) v1 ==== 45507+0+0 (secure 0 0 0) 0x7f671c039040 con 0x7f672c076b30
2024-09-20T23:16:52.982 INFO:teuthology.orchestra.run.smithi148.stdout:/usr/bin/ceph: stderr
2024-09-20T23:16:52.209+0000 7f6713fff640 1 --2- 172.21.15.148:0/4161189407 >> [v2:172.21.15.148:6800/4157375141,v1:172.21.15.148:6801/4157375141] conn(0x7f6714039490 0x7f671403b940 unknown :-1 s=NONE pgs=0 cs=0 l=1 rev1=0 crypto rx=0 tx=0 comp rx=0 tx=0).connect
2024-09-20T23:16:52.982 INFO:teuthology.orchestra.run.smithi148.stdout:/usr/bin/ceph: stderr
2024-09-20T23:16:52.209+0000 7f6731e06640 1 -- 172.21.15.148:0/4161189407 --> [v2:172.21.15.148:3300/0,v1:172.21.15.148:6789/0] -- mon_command({"prefix": "get_command_descriptions"} v 0) v1 -- 0x7f672c04b720 con 0x7f672c076b30
2024-09-20T23:16:52.982 INFO:teuthology.orchestra.run.smithi148.stdout:/usr/bin/ceph: stderr
2024-09-20T23:16:52.209+0000 7f6713fff640 1 -- 172.21.15.148:0/4161189407 <== mon.0 v2:172.21.15.148:3300/0 5 ==== osd_map(2..2 src has 1..2) v4 ==== 936+0+0 (secure 0 0 0) 0x7f671c06cc50 con 0x7f672c076b30
2024-09-20T23:16:52.982 INFO:teuthology.orchestra.run.smithi148.stdout:/usr/bin/ceph: stderr
2024-09-20T23:16:52.209+0000 7f672affd640 1 --2- 172.21.15.148:0/4161189407 >> [v2:172.21.15.148:6800/4157375141,v1:172.21.15.148:6801/4157375141] conn(0x7f6714039490 0x7f671403b940 unknown :-1 s=BANNER_CONNECTING pgs=0 cs=0 l=1 rev1=0 crypto rx=0 tx=0 comp rx=0 tx=0)._handle_peer_banner_payload supported=3 required=0
2024-09-20T23:16:52.982 INFO:teuthology.orchestra.run.smithi148.stdout:/usr/bin/ceph: stderr
2024-09-20T23:16:52.210+0000 7f672affd640 1 --2- 172.21.15.148:0/4161189407 >> [v2:172.21.15.148:6800/4157375141,v1:172.21.15.148:6801/4157375141] conn(0x7f6714039490 0x7f671403b940 secure :-1 s=READY pgs=17 cs=0 l=1 rev1=1 crypto rx=0x7f6720006fd0 tx=0x7f6720006db0 comp rx=0 tx=0).ready entity=mgr.14118 client_cookie=0 server_cookie=0 in_seq=0 out_seq=0
2024-09-20T23:16:52.982 INFO:teuthology.orchestra.run.smithi148.stdout:/usr/bin/ceph: stderr
2024-09-20T23:16:52.214+0000 7f6713fff640 1 -- 172.21.15.148:0/4161189407 <== mon.0 v2:172.21.15.148:3300/0 6 ==== mon_command_ack([{"prefix": "get_command_descriptions"}]=0 v0) v1 ==== 72+0+176781 (secure 0 0 0) 0x7f671c030cd0 con 0x7f672c076b30
2024-09-20T23:16:52.983 INFO:teuthology.orchestra.run.smithi148.stdout:/usr/bin/ceph: stderr
2024-09-20T23:16:52.386+0000 7f6731e06640 1 -- 172.21.15.148:0/4161189407 --> [v2:172.21.15.148:6800/4157375141,v1:172.21.15.148:6801/4157375141] -- mgr_command(tid 0: {"prefix": "orch apply", "service_type": "node-exporter", "target": ["mon-mgr", ""]}) v1 -- 0x7f672c1016e0 con 0x7f6714039490
2024-09-20T23:16:52.983 INFO:teuthology.orchestra.run.smithi148.stdout:/usr/bin/ceph: stderr
2024-09-20T23:16:52.391+0000 7f6713fff640 1 -- 172.21.15.148:0/4161189407 <== mgr.14118 v2:172.21.15.148:6800/4157375141 1 ==== mgr_command_reply(tid 0: 0 ) v1 ==== 8+0+34 (secure 0 0 0) 0x7f672c1016e0 con 0x7f6714039490
2024-09-20T23:16:52.983 INFO:teuthology.orchestra.run.smithi148.stdout:/usr/bin/ceph: stderr
2024-09-20T23:16:52.393+0000 7f6731e06640 1 -- 172.21.15.148:0/4161189407 >> [v2:172.21.15.148:6800/4157375141,v1:172.21.15.148:6801/4157375141] conn(0x7f6714039490 msgr2=0x7f671403b940 secure :-1 s=STATE_CONNECTION_ESTABLISHED l=1).mark_down
2024-09-20T23:16:52.983 INFO:teuthology.orchestra.run.smithi148.stdout:/usr/bin/ceph: stderr
2024-09-20T23:16:52.393+0000 7f6731e06640 1 --2- 172.21.15.148:0/4161189407 >> [v2:172.21.15.148:6800/4157375141,v1:172.21.15.148:6801/4157375141] conn(0x7f6714039490 0x7f671403b940 secure :-1 s=READY pgs=17 cs=0 l=1 rev1=1 crypto rx=0x7f6720006fd0 tx=0x7f6720006db0 comp rx=0 tx=0).stop
2024-09-20T23:16:52.983 INFO:teuthology.orchestra.run.smithi148.stdout:/usr/bin/ceph: stderr
2024-09-20T23:16:52.393+0000 7f6731e06640 1 -- 172.21.15.148:0/4161189407 >> [v2:172.21.15.148:3300/0,v1:172.21.15.148:6789/0] conn(0x7f672c076b30 msgr2=0x7f672c1024f0 secure :-1 s=STATE_CONNECTION_ESTABLISHED l=1).mark_down
2024-09-20T23:16:52.983 INFO:teuthology.orchestra.run.smithi148.stdout:/usr/bin/ceph: stderr
2024-09-20T23:16:52.393+0000 7f6731e06640 1 --2- 172.21.15.148:0/4161189407 >> [v2:172.21.15.148:3300/0,v1:172.21.15.148:6789/0] conn(0x7f672c076b30 0x7f672c1024f0 secure :-1 s=READY pgs=56 cs=0 l=1 rev1=1 crypto rx=0x7f671c009810 tx=0x7f671c0091d0 comp rx=0 tx=0).stop
2024-09-20T23:16:52.983 INFO:teuthology.orchestra.run.smithi148.stdout:/usr/bin/ceph: stderr
2024-09-20T23:16:52.393+0000 7f6731e06640 1 -- 172.21.15.148:0/4161189407 shutdown_connections
2024-09-20T23:16:52.983 INFO:teuthology.orchestra.run.smithi148.stdout:/usr/bin/ceph: stderr
2024-09-20T23:16:52.393+0000 7f6731e06640 1 --2- 172.21.15.148:0/4161189407 >> [v2:172.21.15.148:6800/4157375141,v1:172.21.15.148:6801/4157375141] conn(0x7f6714039490 0x7f671403b940 unknown :-1 s=CLOSED pgs=17 cs=0 l=1 rev1=1 crypto rx=0 tx=0 comp rx=0 tx=0).stop
2024-09-20T23:16:52.983 INFO:teuthology.orchestra.run.smithi148.stdout:/usr/bin/ceph: stderr
2024-09-20T23:16:52.393+0000 7f6731e06640 1 --2- 172.21.15.148:0/4161189407 >> [v2:172.21.15.148:3300/0,v1:172.21.15.148:6789/0] conn(0x7f672c076b30 0x7f672c1024f0 unknown :-1 s=CLOSED pgs=56 cs=0 l=1 rev1=1 crypto rx=0 tx=0 comp rx=0 tx=0).stop
2024-09-20T23:16:52.983 INFO:teuthology.orchestra.run.smithi148.stdout:/usr/bin/ceph: stderr
2024-09-20T23:16:52.393+0000 7f6731e06640 1 -- 172.21.15.148:0/4161189407 >> 172.21.15.148:0/4161189407 conn(0x7f672c0fc6d0 msgr2=0x7f672c0fd360 unknown :-1 s=STATE_NONE l=0).mark_down
2024-09-20T23:16:52.983 INFO:teuthology.orchestra.run.smithi148.stdout:/usr/bin/ceph: stderr
2024-09-20T23:16:52.393+0000 7f6731e06640 1 -- 172.21.15.148:0/4161189407 shutdown_connections
2024-09-20T23:16:52.983 INFO:teuthology.orchestra.run.smithi148.stdout:/usr/bin/ceph: stderr
2024-09-20T23:16:52.393+0000 7f6731e06640 1 -- 172.21.15.148:0/4161189407 wait complete.
2024-09-20T23:16:52.983 INFO:teuthology.orchestra.run.smithi148.stdout:Deploying alertmanager service with default placement...
2024-09-20T23:16:53.580 INFO:journalctl@ceph.mon.smithi148.smithi148.stdout:Sep 20 23:16:53 smithi148 ceph-mon[27920]: from='mgr.14118 172.21.15.148:0/56139432' entity='mgr.smithi148.lsnldh'
2024-09-20T23:16:53.581 INFO:journalctl@ceph.mon.smithi148.smithi148.stdout:Sep 20 23:16:53 smithi148 ceph-mon[27920]: from='client.14150 -' entity='client.admin' cmd=[{"prefix": "orch apply", "service_type": "node-exporter", "target": ["mon-mgr", ""]}]: dispatch
2024-09-20T23:16:53.581 INFO:journalctl@ceph.mon.smithi148.smithi148.stdout:Sep 20 23:16:53 smithi148 ceph-mon[27920]: Saving service node-exporter spec with placement *
2024-09-20T23:16:53.581 INFO:journalctl@ceph.mon.smithi148.smithi148.stdout:Sep 20 23:16:53 smithi148 ceph-mon[27920]: from='mgr.14118 172.21.15.148:0/56139432' entity='mgr.smithi148.lsnldh'
2024-09-20T23:16:54.304 INFO:teuthology.orchestra.run.smithi148.stdout:/usr/bin/ceph: stdout Scheduled alertmanager update...
2024-09-20T23:16:54.305 INFO:teuthology.orchestra.run.smithi148.stdout:/usr/bin/ceph: stderr
2024-09-20T23:16:53.393+0000 7fb55745d640 1 Processor -- start
2024-09-20T23:16:54.305 INFO:teuthology.orchestra.run.smithi148.stdout:/usr/bin/ceph: stderr
2024-09-20T23:16:53.393+0000 7fb55745d640 1 -- start start
2024-09-20T23:16:54.305 INFO:teuthology.orchestra.run.smithi148.stdout:/usr/bin/ceph: stderr
2024-09-20T23:16:53.393+0000 7fb55745d640 1 --2- >> [v2:172.21.15.148:3300/0,v1:172.21.15.148:6789/0] conn(0x7fb550103430 0x7fb550103840 unknown :-1 s=NONE pgs=0 cs=0 l=0 rev1=0 crypto rx=0 tx=0 comp rx=0 tx=0).connect
2024-09-20T23:16:54.305 INFO:teuthology.orchestra.run.smithi148.stdout:/usr/bin/ceph: stderr
2024-09-20T23:16:53.393+0000 7fb55745d640 1 -- --> [v2:172.21.15.148:3300/0,v1:172.21.15.148:6789/0] -- mon_getmap magic: 0 v1 -- 0x7fb550103d80 con 0x7fb550103430
2024-09-20T23:16:54.305 INFO:teuthology.orchestra.run.smithi148.stdout:/usr/bin/ceph: stderr
2024-09-20T23:16:53.394+0000 7fb5551f9640 1 --2- >> [v2:172.21.15.148:3300/0,v1:172.21.15.148:6789/0] conn(0x7fb550103430 0x7fb550103840 unknown :-1 s=BANNER_CONNECTING pgs=0 cs=0 l=0 rev1=0 crypto rx=0 tx=0 comp rx=0 tx=0)._handle_peer_banner_payload supported=3 required=0
2024-09-20T23:16:54.305 INFO:teuthology.orchestra.run.smithi148.stdout:/usr/bin/ceph: stderr
2024-09-20T23:16:53.394+0000 7fb5551f9640 1 --2- >> [v2:172.21.15.148:3300/0,v1:172.21.15.148:6789/0] conn(0x7fb550103430 0x7fb550103840 unknown :-1 s=HELLO_CONNECTING pgs=0 cs=0 l=0 rev1=1 crypto rx=0 tx=0 comp rx=0 tx=0).handle_hello peer v2:172.21.15.148:3300/0 says I am v2:172.21.15.148:37500/0 (socket says 172.21.15.148:37500)
2024-09-20T23:16:54.305 INFO:teuthology.orchestra.run.smithi148.stdout:/usr/bin/ceph: stderr
2024-09-20T23:16:53.394+0000 7fb5551f9640 1 -- 172.21.15.148:0/2532737646 learned_addr learned my addr 172.21.15.148:0/2532737646 (peer_addr_for_me v2:172.21.15.148:0/0)
2024-09-20T23:16:54.305 INFO:teuthology.orchestra.run.smithi148.stdout:/usr/bin/ceph: stderr
2024-09-20T23:16:53.394+0000 7fb5551f9640 1 -- 172.21.15.148:0/2532737646 --> [v2:172.21.15.148:3300/0,v1:172.21.15.148:6789/0] -- mon_subscribe({config=0+,monmap=0+}) v3 -- 0x7fb550103ec0 con 0x7fb550103430
2024-09-20T23:16:54.305 INFO:teuthology.orchestra.run.smithi148.stdout:/usr/bin/ceph: stderr
2024-09-20T23:16:53.395+0000 7fb5551f9640 1 --2- 172.21.15.148:0/2532737646 >> [v2:172.21.15.148:3300/0,v1:172.21.15.148:6789/0] conn(0x7fb550103430 0x7fb550103840 secure :-1 s=READY pgs=57 cs=0 l=1 rev1=1 crypto rx=0x7fb54c009840 tx=0x7fb54c0091d0 comp rx=0 tx=0).ready entity=mon.0 client_cookie=4f93ec85b2cc0750 server_cookie=0 in_seq=0 out_seq=0
2024-09-20T23:16:54.305 INFO:teuthology.orchestra.run.smithi148.stdout:/usr/bin/ceph: stderr
2024-09-20T23:16:53.395+0000 7fb547fff640 1 -- 172.21.15.148:0/2532737646 <== mon.0 v2:172.21.15.148:3300/0 1 ==== mon_map magic: 0 v1 ==== 229+0+0 (secure 0 0 0) 0x7fb54c032440 con 0x7fb550103430
2024-09-20T23:16:54.305 INFO:teuthology.orchestra.run.smithi148.stdout:/usr/bin/ceph: stderr
2024-09-20T23:16:53.395+0000 7fb547fff640 1 -- 172.21.15.148:0/2532737646 <== mon.0 v2:172.21.15.148:3300/0 2 ==== config(26 keys) v1 ==== 1070+0+0 (secure 0 0 0) 0x7fb54c032a40 con 0x7fb550103430
2024-09-20T23:16:54.306 INFO:teuthology.orchestra.run.smithi148.stdout:/usr/bin/ceph: stderr
2024-09-20T23:16:53.395+0000 7fb547fff640 1 -- 172.21.15.148:0/2532737646 <== mon.0 v2:172.21.15.148:3300/0 3 ==== mon_map magic: 0 v1 ==== 229+0+0 (secure 0 0 0) 0x7fb54c031aa0 con 0x7fb550103430
2024-09-20T23:16:54.306 INFO:teuthology.orchestra.run.smithi148.stdout:/usr/bin/ceph: stderr
2024-09-20T23:16:53.395+0000 7fb55745d640 1 -- 172.21.15.148:0/2532737646 >> [v2:172.21.15.148:3300/0,v1:172.21.15.148:6789/0] conn(0x7fb550103430 msgr2=0x7fb550103840 secure :-1 s=STATE_CONNECTION_ESTABLISHED l=1).mark_down
2024-09-20T23:16:54.306 INFO:teuthology.orchestra.run.smithi148.stdout:/usr/bin/ceph: stderr
2024-09-20T23:16:53.395+0000 7fb55745d640 1 --2- 172.21.15.148:0/2532737646 >> [v2:172.21.15.148:3300/0,v1:172.21.15.148:6789/0] conn(0x7fb550103430 0x7fb550103840 secure :-1 s=READY pgs=57 cs=0 l=1 rev1=1 crypto rx=0x7fb54c009840 tx=0x7fb54c0091d0 comp rx=0 tx=0).stop
2024-09-20T23:16:54.306 INFO:teuthology.orchestra.run.smithi148.stdout:/usr/bin/ceph: stderr
2024-09-20T23:16:53.395+0000 7fb55745d640 1 -- 172.21.15.148:0/2532737646 shutdown_connections
2024-09-20T23:16:54.306 INFO:teuthology.orchestra.run.smithi148.stdout:/usr/bin/ceph: stderr
2024-09-20T23:16:53.395+0000 7fb55745d640 1 --2- 172.21.15.148:0/2532737646 >> [v2:172.21.15.148:3300/0,v1:172.21.15.148:6789/0] conn(0x7fb550103430 0x7fb550103840 unknown :-1 s=CLOSED pgs=57 cs=0 l=1 rev1=1 crypto rx=0 tx=0 comp rx=0 tx=0).stop
2024-09-20T23:16:54.306 INFO:teuthology.orchestra.run.smithi148.stdout:/usr/bin/ceph: stderr
2024-09-20T23:16:53.395+0000 7fb55745d640 1 -- 172.21.15.148:0/2532737646 >> 172.21.15.148:0/2532737646 conn(0x7fb5500fd7f0 msgr2=0x7fb5500ffc00 unknown :-1 s=STATE_NONE l=0).mark_down
2024-09-20T23:16:54.306 INFO:teuthology.orchestra.run.smithi148.stdout:/usr/bin/ceph: stderr
2024-09-20T23:16:53.396+0000 7fb55745d640 1 -- 172.21.15.148:0/2532737646 shutdown_connections
2024-09-20T23:16:54.306 INFO:teuthology.orchestra.run.smithi148.stdout:/usr/bin/ceph: stderr
2024-09-20T23:16:53.396+0000 7fb55745d640 1 -- 172.21.15.148:0/2532737646 wait complete.
2024-09-20T23:16:54.306 INFO:teuthology.orchestra.run.smithi148.stdout:/usr/bin/ceph: stderr
2024-09-20T23:16:53.396+0000 7fb55745d640 1 Processor -- start
2024-09-20T23:16:54.306 INFO:teuthology.orchestra.run.smithi148.stdout:/usr/bin/ceph: stderr
2024-09-20T23:16:53.396+0000 7fb55745d640 1 -- start start
2024-09-20T23:16:54.306 INFO:teuthology.orchestra.run.smithi148.stdout:/usr/bin/ceph: stderr
2024-09-20T23:16:53.396+0000 7fb55745d640 1 --2- >> [v2:172.21.15.148:3300/0,v1:172.21.15.148:6789/0] conn(0x7fb550103430 0x7fb550110e40 unknown :-1 s=NONE pgs=0 cs=0 l=1 rev1=0 crypto rx=0 tx=0 comp rx=0 tx=0).connect
2024-09-20T23:16:54.306 INFO:teuthology.orchestra.run.smithi148.stdout:/usr/bin/ceph: stderr
2024-09-20T23:16:53.396+0000 7fb55745d640 1 -- --> [v2:172.21.15.148:3300/0,v1:172.21.15.148:6789/0] -- mon_getmap magic: 0 v1 -- 0x7fb550111380 con 0x7fb550103430
2024-09-20T23:16:54.306 INFO:teuthology.orchestra.run.smithi148.stdout:/usr/bin/ceph: stderr
2024-09-20T23:16:53.396+0000 7fb5551f9640 1 --2- >> [v2:172.21.15.148:3300/0,v1:172.21.15.148:6789/0] conn(0x7fb550103430 0x7fb550110e40 unknown :-1 s=BANNER_CONNECTING pgs=0 cs=0 l=1 rev1=0 crypto rx=0 tx=0 comp rx=0 tx=0)._handle_peer_banner_payload supported=3 required=0
2024-09-20T23:16:54.306 INFO:teuthology.orchestra.run.smithi148.stdout:/usr/bin/ceph: stderr
2024-09-20T23:16:53.396+0000 7fb5551f9640 1 --2- >> [v2:172.21.15.148:3300/0,v1:172.21.15.148:6789/0] conn(0x7fb550103430 0x7fb550110e40 unknown :-1 s=HELLO_CONNECTING pgs=0 cs=0 l=1 rev1=1 crypto rx=0 tx=0 comp rx=0 tx=0).handle_hello peer v2:172.21.15.148:3300/0 says I am v2:172.21.15.148:37506/0 (socket says 172.21.15.148:37506)
2024-09-20T23:16:54.306 INFO:teuthology.orchestra.run.smithi148.stdout:/usr/bin/ceph: stderr
2024-09-20T23:16:53.396+0000 7fb5551f9640 1 -- 172.21.15.148:0/1566936066 learned_addr learned my addr 172.21.15.148:0/1566936066 (peer_addr_for_me v2:172.21.15.148:0/0)
2024-09-20T23:16:54.306 INFO:teuthology.orchestra.run.smithi148.stdout:/usr/bin/ceph: stderr
2024-09-20T23:16:53.397+0000 7fb5551f9640 1 -- 172.21.15.148:0/1566936066 --> [v2:172.21.15.148:3300/0,v1:172.21.15.148:6789/0] -- mon_subscribe({config=0+,monmap=0+}) v3 -- 0x7fb54c009450 con 0x7fb550103430
2024-09-20T23:16:54.307 INFO:teuthology.orchestra.run.smithi148.stdout:/usr/bin/ceph: stderr
2024-09-20T23:16:53.397+0000 7fb5551f9640 1 --2- 172.21.15.148:0/1566936066 >> [v2:172.21.15.148:3300/0,v1:172.21.15.148:6789/0] conn(0x7fb550103430 0x7fb550110e40 secure :-1 s=READY pgs=58 cs=0 l=1 rev1=1 crypto rx=0x7fb54c009810 tx=0x7fb54c0091d0 comp rx=0 tx=0).ready entity=mon.0 client_cookie=0 server_cookie=0 in_seq=0 out_seq=0
2024-09-20T23:16:54.307 INFO:teuthology.orchestra.run.smithi148.stdout:/usr/bin/ceph: stderr
2024-09-20T23:16:53.397+0000 7fb545ffb640 1 -- 172.21.15.148:0/1566936066 <== mon.0 v2:172.21.15.148:3300/0 1 ==== mon_map magic: 0 v1 ==== 229+0+0 (secure 0 0 0) 0x7fb54c032880 con 0x7fb550103430
2024-09-20T23:16:54.307 INFO:teuthology.orchestra.run.smithi148.stdout:/usr/bin/ceph: stderr
2024-09-20T23:16:53.397+0000 7fb55745d640 1 -- 172.21.15.148:0/1566936066 --> [v2:172.21.15.148:3300/0,v1:172.21.15.148:6789/0] -- mon_subscribe({mgrmap=0+}) v3 -- 0x7fb550111580 con 0x7fb550103430
2024-09-20T23:16:54.307 INFO:teuthology.orchestra.run.smithi148.stdout:/usr/bin/ceph: stderr
2024-09-20T23:16:53.397+0000 7fb545ffb640 1 -- 172.21.15.148:0/1566936066 <== mon.0 v2:172.21.15.148:3300/0 2 ==== config(26 keys) v1 ==== 1070+0+0 (secure 0 0 0) 0x7fb54c03c8a0 con 0x7fb550103430
2024-09-20T23:16:54.307 INFO:teuthology.orchestra.run.smithi148.stdout:/usr/bin/ceph: stderr
2024-09-20T23:16:53.397+0000 7fb545ffb640 1 -- 172.21.15.148:0/1566936066 <== mon.0 v2:172.21.15.148:3300/0 3 ==== mon_map magic: 0 v1 ==== 229+0+0 (secure 0 0 0) 0x7fb54c03a8e0 con 0x7fb550103430
2024-09-20T23:16:54.307 INFO:teuthology.orchestra.run.smithi148.stdout:/usr/bin/ceph: stderr
2024-09-20T23:16:53.397+0000 7fb55745d640 1 -- 172.21.15.148:0/1566936066 --> [v2:172.21.15.148:3300/0,v1:172.21.15.148:6789/0] -- mon_subscribe({osdmap=0}) v3 -- 0x7fb550112060 con 0x7fb550103430
2024-09-20T23:16:54.307 INFO:teuthology.orchestra.run.smithi148.stdout:/usr/bin/ceph: stderr
2024-09-20T23:16:53.398+0000 7fb545ffb640 1 -- 172.21.15.148:0/1566936066 <== mon.0 v2:172.21.15.148:3300/0 4 ==== mgrmap(e 8) v1 ==== 45507+0+0 (secure 0 0 0) 0x7fb54c03aad0 con 0x7fb550103430
2024-09-20T23:16:54.307 INFO:teuthology.orchestra.run.smithi148.stdout:/usr/bin/ceph: stderr
2024-09-20T23:16:53.398+0000 7fb545ffb640 1 --2- 172.21.15.148:0/1566936066 >> [v2:172.21.15.148:6800/4157375141,v1:172.21.15.148:6801/4157375141] conn(0x7fb53c039490 0x7fb53c03b940 unknown :-1 s=NONE pgs=0 cs=0 l=1 rev1=0 crypto rx=0 tx=0 comp rx=0 tx=0).connect
2024-09-20T23:16:54.307 INFO:teuthology.orchestra.run.smithi148.stdout:/usr/bin/ceph: stderr
2024-09-20T23:16:53.398+0000 7fb545ffb640 1 -- 172.21.15.148:0/1566936066 <== mon.0 v2:172.21.15.148:3300/0 5 ==== osd_map(2..2 src has 1..2) v4 ==== 936+0+0 (secure 0 0 0) 0x7fb54c06cb90 con 0x7fb550103430
2024-09-20T23:16:54.307 INFO:teuthology.orchestra.run.smithi148.stdout:/usr/bin/ceph: stderr
2024-09-20T23:16:53.398+0000 7fb5549f8640 1 --2- 172.21.15.148:0/1566936066 >> [v2:172.21.15.148:6800/4157375141,v1:172.21.15.148:6801/4157375141] conn(0x7fb53c039490 0x7fb53c03b940 unknown :-1 s=BANNER_CONNECTING pgs=0 cs=0 l=1 rev1=0 crypto rx=0 tx=0 comp rx=0 tx=0)._handle_peer_banner_payload supported=3 required=0
2024-09-20T23:16:54.307 INFO:teuthology.orchestra.run.smithi148.stdout:/usr/bin/ceph: stderr
2024-09-20T23:16:53.398+0000 7fb55745d640 1 -- 172.21.15.148:0/1566936066 --> [v2:172.21.15.148:3300/0,v1:172.21.15.148:6789/0] -- mon_command({"prefix": "get_command_descriptions"} v 0) v1 -- 0x7fb550101470 con 0x7fb550103430
2024-09-20T23:16:54.307 INFO:teuthology.orchestra.run.smithi148.stdout:/usr/bin/ceph: stderr
2024-09-20T23:16:53.399+0000 7fb5549f8640 1 --2- 172.21.15.148:0/1566936066 >> [v2:172.21.15.148:6800/4157375141,v1:172.21.15.148:6801/4157375141] conn(0x7fb53c039490 0x7fb53c03b940 secure :-1 s=READY pgs=18 cs=0 l=1 rev1=1 crypto rx=0x7fb540006fd0 tx=0x7fb540006db0 comp rx=0 tx=0).ready entity=mgr.14118 client_cookie=0 server_cookie=0 in_seq=0 out_seq=0
2024-09-20T23:16:54.307 INFO:teuthology.orchestra.run.smithi148.stdout:/usr/bin/ceph: stderr
2024-09-20T23:16:53.403+0000 7fb545ffb640 1 -- 172.21.15.148:0/1566936066 <== mon.0 v2:172.21.15.148:3300/0 6 ==== mon_command_ack([{"prefix": "get_command_descriptions"}]=0 v0) v1 ==== 72+0+176781 (secure 0 0 0) 0x7fb54c037070 con 0x7fb550103430
2024-09-20T23:16:54.308 INFO:teuthology.orchestra.run.smithi148.stdout:/usr/bin/ceph: stderr
2024-09-20T23:16:53.578+0000 7fb55745d640 1 -- 172.21.15.148:0/1566936066 --> [v2:172.21.15.148:6800/4157375141,v1:172.21.15.148:6801/4157375141] -- mgr_command(tid 0: {"prefix": "orch apply", "service_type": "alertmanager", "target": ["mon-mgr", ""]}) v1 -- 0x7fb5500fec00 con 0x7fb53c039490
2024-09-20T23:16:54.308 INFO:teuthology.orchestra.run.smithi148.stdout:/usr/bin/ceph: stderr
2024-09-20T23:16:53.585+0000 7fb545ffb640 1 -- 172.21.15.148:0/1566936066 <== mgr.14118 v2:172.21.15.148:6800/4157375141 1 ==== mgr_command_reply(tid 0: 0 ) v1 ==== 8+0+33 (secure 0 0 0) 0x7fb5500fec00 con 0x7fb53c039490
2024-09-20T23:16:54.308 INFO:teuthology.orchestra.run.smithi148.stdout:/usr/bin/ceph: stderr
2024-09-20T23:16:53.587+0000 7fb55745d640 1 -- 172.21.15.148:0/1566936066 >> [v2:172.21.15.148:6800/4157375141,v1:172.21.15.148:6801/4157375141] conn(0x7fb53c039490 msgr2=0x7fb53c03b940 secure :-1 s=STATE_CONNECTION_ESTABLISHED l=1).mark_down
2024-09-20T23:16:54.308 INFO:teuthology.orchestra.run.smithi148.stdout:/usr/bin/ceph: stderr
2024-09-20T23:16:53.587+0000 7fb55745d640 1 --2- 172.21.15.148:0/1566936066 >> [v2:172.21.15.148:6800/4157375141,v1:172.21.15.148:6801/4157375141] conn(0x7fb53c039490 0x7fb53c03b940 secure :-1 s=READY pgs=18 cs=0 l=1 rev1=1 crypto rx=0x7fb540006fd0 tx=0x7fb540006db0 comp rx=0 tx=0).stop
2024-09-20T23:16:54.308 INFO:teuthology.orchestra.run.smithi148.stdout:/usr/bin/ceph: stderr
2024-09-20T23:16:53.587+0000 7fb55745d640 1 -- 172.21.15.148:0/1566936066 >> [v2:172.21.15.148:3300/0,v1:172.21.15.148:6789/0] conn(0x7fb550103430 msgr2=0x7fb550110e40 secure :-1 s=STATE_CONNECTION_ESTABLISHED l=1).mark_down
2024-09-20T23:16:54.308 INFO:teuthology.orchestra.run.smithi148.stdout:/usr/bin/ceph: stderr
2024-09-20T23:16:53.587+0000 7fb55745d640 1 --2- 172.21.15.148:0/1566936066 >> [v2:172.21.15.148:3300/0,v1:172.21.15.148:6789/0] conn(0x7fb550103430 0x7fb550110e40 secure :-1 s=READY pgs=58 cs=0 l=1 rev1=1 crypto rx=0x7fb54c009810 tx=0x7fb54c0091d0 comp rx=0 tx=0).stop
2024-09-20T23:16:54.308 INFO:teuthology.orchestra.run.smithi148.stdout:/usr/bin/ceph: stderr
2024-09-20T23:16:53.587+0000 7fb55745d640 1 -- 172.21.15.148:0/1566936066 shutdown_connections
2024-09-20T23:16:54.308 INFO:teuthology.orchestra.run.smithi148.stdout:/usr/bin/ceph: stderr
2024-09-20T23:16:53.587+0000 7fb55745d640 1 --2- 172.21.15.148:0/1566936066 >> [v2:172.21.15.148:6800/4157375141,v1:172.21.15.148:6801/4157375141] conn(0x7fb53c039490 0x7fb53c03b940 unknown :-1 s=CLOSED pgs=18 cs=0 l=1 rev1=1 crypto rx=0 tx=0 comp rx=0 tx=0).stop
2024-09-20T23:16:54.308 INFO:teuthology.orchestra.run.smithi148.stdout:/usr/bin/ceph: stderr
2024-09-20T23:16:53.587+0000 7fb55745d640 1 --2- 172.21.15.148:0/1566936066 >> [v2:172.21.15.148:3300/0,v1:172.21.15.148:6789/0] conn(0x7fb550103430 0x7fb550110e40 unknown :-1 s=CLOSED pgs=58 cs=0 l=1 rev1=1 crypto rx=0 tx=0 comp rx=0 tx=0).stop
2024-09-20T23:16:54.308 INFO:teuthology.orchestra.run.smithi148.stdout:/usr/bin/ceph: stderr
2024-09-20T23:16:53.587+0000 7fb55745d640 1 -- 172.21.15.148:0/1566936066 >> 172.21.15.148:0/1566936066 conn(0x7fb5500fd7f0 msgr2=0x7fb5500fe430 unknown :-1 s=STATE_NONE l=0).mark_down
2024-09-20T23:16:54.308 INFO:teuthology.orchestra.run.smithi148.stdout:/usr/bin/ceph: stderr
2024-09-20T23:16:53.587+0000 7fb55745d640 1 -- 172.21.15.148:0/1566936066 shutdown_connections
2024-09-20T23:16:54.308 INFO:teuthology.orchestra.run.smithi148.stdout:/usr/bin/ceph: stderr
2024-09-20T23:16:53.587+0000 7fb55745d640 1 -- 172.21.15.148:0/1566936066 wait complete.
2024-09-20T23:16:54.867 INFO:journalctl@ceph.mon.smithi148.smithi148.stdout:Sep 20 23:16:54 smithi148 ceph-mon[27920]: from='client.14152 -' entity='client.admin' cmd=[{"prefix": "orch apply", "service_type": "alertmanager", "target": ["mon-mgr", ""]}]: dispatch
2024-09-20T23:16:54.867 INFO:journalctl@ceph.mon.smithi148.smithi148.stdout:Sep 20 23:16:54 smithi148 ceph-mon[27920]: Saving service alertmanager spec with placement count:1
2024-09-20T23:16:54.867 INFO:journalctl@ceph.mon.smithi148.smithi148.stdout:Sep 20 23:16:54 smithi148 ceph-mon[27920]: from='mgr.14118 172.21.15.148:0/56139432' entity='mgr.smithi148.lsnldh'
2024-09-20T23:16:55.983 INFO:journalctl@ceph.mon.smithi148.smithi148.stdout:Sep 20 23:16:55 smithi148 ceph-mon[27920]: pgmap v3: 0 pgs: ; 0 B data, 0 B used, 0 B / 0 B avail
2024-09-20T23:16:55.983 INFO:journalctl@ceph.mon.smithi148.smithi148.stdout:Sep 20 23:16:55 smithi148 ceph-mon[27920]: from='client.? 172.21.15.148:0/1899588455' entity='client.admin'
2024-09-20T23:16:56.223 INFO:teuthology.orchestra.run.smithi148.stdout:/usr/bin/ceph: stderr
2024-09-20T23:16:55.180+0000 7f1cb6ef4640 1 Processor -- start
2024-09-20T23:16:56.223 INFO:teuthology.orchestra.run.smithi148.stdout:/usr/bin/ceph: stderr
2024-09-20T23:16:55.180+0000 7f1cb6ef4640 1 -- start start
2024-09-20T23:16:56.224 INFO:teuthology.orchestra.run.smithi148.stdout:/usr/bin/ceph: stderr
2024-09-20T23:16:55.180+0000 7f1cb6ef4640 1 --2- >> [v2:172.21.15.148:3300/0,v1:172.21.15.148:6789/0] conn(0x7f1cb0101f80 0x7f1cb0102390 unknown :-1 s=NONE pgs=0 cs=0 l=0 rev1=0 crypto rx=0 tx=0 comp rx=0 tx=0).connect
2024-09-20T23:16:56.224 INFO:teuthology.orchestra.run.smithi148.stdout:/usr/bin/ceph: stderr
2024-09-20T23:16:55.180+0000 7f1cb6ef4640 1 -- --> [v2:172.21.15.148:3300/0,v1:172.21.15.148:6789/0] -- mon_getmap magic: 0 v1 -- 0x7f1cb01028d0 con 0x7f1cb0101f80
2024-09-20T23:16:56.224 INFO:teuthology.orchestra.run.smithi148.stdout:/usr/bin/ceph: stderr
2024-09-20T23:16:55.181+0000 7f1cb4c90640 1 --2- >> [v2:172.21.15.148:3300/0,v1:172.21.15.148:6789/0] conn(0x7f1cb0101f80 0x7f1cb0102390 unknown :-1 s=BANNER_CONNECTING pgs=0 cs=0 l=0 rev1=0 crypto rx=0 tx=0 comp rx=0 tx=0)._handle_peer_banner_payload supported=3 required=0
2024-09-20T23:16:56.224 INFO:teuthology.orchestra.run.smithi148.stdout:/usr/bin/ceph: stderr
2024-09-20T23:16:55.181+0000 7f1cb4c90640 1 --2- >> [v2:172.21.15.148:3300/0,v1:172.21.15.148:6789/0] conn(0x7f1cb0101f80 0x7f1cb0102390 unknown :-1 s=HELLO_CONNECTING pgs=0 cs=0 l=0 rev1=1 crypto rx=0 tx=0 comp rx=0 tx=0).handle_hello peer v2:172.21.15.148:3300/0 says I am v2:172.21.15.148:37508/0 (socket says 172.21.15.148:37508)
2024-09-20T23:16:56.224 INFO:teuthology.orchestra.run.smithi148.stdout:/usr/bin/ceph: stderr
2024-09-20T23:16:55.181+0000 7f1cb4c90640 1 -- 172.21.15.148:0/2444905033 learned_addr learned my addr 172.21.15.148:0/2444905033 (peer_addr_for_me v2:172.21.15.148:0/0)
2024-09-20T23:16:56.224 INFO:teuthology.orchestra.run.smithi148.stdout:/usr/bin/ceph: stderr
2024-09-20T23:16:55.181+0000 7f1cb4c90640 1 -- 172.21.15.148:0/2444905033 --> [v2:172.21.15.148:3300/0,v1:172.21.15.148:6789/0] -- mon_subscribe({config=0+,monmap=0+}) v3 -- 0x7f1cb0102a10 con 0x7f1cb0101f80
2024-09-20T23:16:56.224 INFO:teuthology.orchestra.run.smithi148.stdout:/usr/bin/ceph: stderr
2024-09-20T23:16:55.182+0000 7f1cb4c90640 1 --2- 172.21.15.148:0/2444905033 >> [v2:172.21.15.148:3300/0,v1:172.21.15.148:6789/0] conn(0x7f1cb0101f80 0x7f1cb0102390 secure :-1 s=READY pgs=59 cs=0 l=1 rev1=1 crypto rx=0x7f1ca4009840 tx=0x7f1ca40091d0 comp rx=0 tx=0).ready entity=mon.0 client_cookie=fa2fb1ce39c9e3f5 server_cookie=0 in_seq=0 out_seq=0
2024-09-20T23:16:56.224 INFO:teuthology.orchestra.run.smithi148.stdout:/usr/bin/ceph: stderr
2024-09-20T23:16:55.182+0000 7f1caf7fe640 1 -- 172.21.15.148:0/2444905033 <== mon.0 v2:172.21.15.148:3300/0 1 ==== mon_map magic: 0 v1 ==== 229+0+0 (secure 0 0 0) 0x7f1ca4032440 con 0x7f1cb0101f80
2024-09-20T23:16:56.224 INFO:teuthology.orchestra.run.smithi148.stdout:/usr/bin/ceph: stderr
2024-09-20T23:16:55.182+0000 7f1caf7fe640 1 -- 172.21.15.148:0/2444905033 <== mon.0 v2:172.21.15.148:3300/0 2 ==== config(26 keys) v1 ==== 1070+0+0 (secure 0 0 0) 0x7f1ca4032a40 con 0x7f1cb0101f80
2024-09-20T23:16:56.224 INFO:teuthology.orchestra.run.smithi148.stdout:/usr/bin/ceph: stderr
2024-09-20T23:16:55.182+0000 7f1caf7fe640 1 -- 172.21.15.148:0/2444905033 <== mon.0 v2:172.21.15.148:3300/0 3 ==== mon_map magic: 0 v1 ==== 229+0+0 (secure 0 0 0) 0x7f1ca4031a70 con 0x7f1cb0101f80
2024-09-20T23:16:56.224 INFO:teuthology.orchestra.run.smithi148.stdout:/usr/bin/ceph: stderr
2024-09-20T23:16:55.182+0000 7f1cb6ef4640 1 -- 172.21.15.148:0/2444905033 >> [v2:172.21.15.148:3300/0,v1:172.21.15.148:6789/0] conn(0x7f1cb0101f80 msgr2=0x7f1cb0102390 secure :-1 s=STATE_CONNECTION_ESTABLISHED l=1).mark_down
2024-09-20T23:16:56.224 INFO:teuthology.orchestra.run.smithi148.stdout:/usr/bin/ceph: stderr
2024-09-20T23:16:55.182+0000 7f1cb6ef4640 1 --2- 172.21.15.148:0/2444905033 >> [v2:172.21.15.148:3300/0,v1:172.21.15.148:6789/0] conn(0x7f1cb0101f80 0x7f1cb0102390 secure :-1 s=READY pgs=59 cs=0 l=1 rev1=1 crypto rx=0x7f1ca4009840 tx=0x7f1ca40091d0 comp rx=0 tx=0).stop
2024-09-20T23:16:56.224 INFO:teuthology.orchestra.run.smithi148.stdout:/usr/bin/ceph: stderr
2024-09-20T23:16:55.182+0000 7f1cb6ef4640 1 -- 172.21.15.148:0/2444905033 shutdown_connections
2024-09-20T23:16:56.224 INFO:teuthology.orchestra.run.smithi148.stdout:/usr/bin/ceph: stderr
2024-09-20T23:16:55.182+0000 7f1cb6ef4640 1 --2- 172.21.15.148:0/2444905033 >> [v2:172.21.15.148:3300/0,v1:172.21.15.148:6789/0] conn(0x7f1cb0101f80 0x7f1cb0102390 unknown :-1 s=CLOSED pgs=59 cs=0 l=1 rev1=1 crypto rx=0 tx=0 comp rx=0 tx=0).stop
2024-09-20T23:16:56.225 INFO:teuthology.orchestra.run.smithi148.stdout:/usr/bin/ceph: stderr
2024-09-20T23:16:55.182+0000 7f1cb6ef4640 1 -- 172.21.15.148:0/2444905033 >> 172.21.15.148:0/2444905033 conn(0x7f1cb00fd7a0 msgr2=0x7f1cb00ffbb0 unknown :-1 s=STATE_NONE l=0).mark_down
2024-09-20T23:16:56.225 INFO:teuthology.orchestra.run.smithi148.stdout:/usr/bin/ceph: stderr
2024-09-20T23:16:55.182+0000 7f1cb6ef4640 1 -- 172.21.15.148:0/2444905033 shutdown_connections
2024-09-20T23:16:56.225 INFO:teuthology.orchestra.run.smithi148.stdout:/usr/bin/ceph: stderr
2024-09-20T23:16:55.182+0000 7f1cb6ef4640 1 -- 172.21.15.148:0/2444905033 wait complete.
2024-09-20T23:16:56.225 INFO:teuthology.orchestra.run.smithi148.stdout:/usr/bin/ceph: stderr
2024-09-20T23:16:55.183+0000 7f1cb6ef4640 1 Processor -- start
2024-09-20T23:16:56.225 INFO:teuthology.orchestra.run.smithi148.stdout:/usr/bin/ceph: stderr
2024-09-20T23:16:55.183+0000 7f1cb6ef4640 1 -- start start
2024-09-20T23:16:56.225 INFO:teuthology.orchestra.run.smithi148.stdout:/usr/bin/ceph: stderr
2024-09-20T23:16:55.183+0000 7f1cb6ef4640 1 --2- >> [v2:172.21.15.148:3300/0,v1:172.21.15.148:6789/0] conn(0x7f1cb0101f80 0x7f1cb0110e40 unknown :-1 s=NONE pgs=0 cs=0 l=1 rev1=0 crypto rx=0 tx=0 comp rx=0 tx=0).connect
2024-09-20T23:16:56.225 INFO:teuthology.orchestra.run.smithi148.stdout:/usr/bin/ceph: stderr
2024-09-20T23:16:55.183+0000 7f1cb6ef4640 1 -- --> [v2:172.21.15.148:3300/0,v1:172.21.15.148:6789/0] -- mon_getmap magic: 0 v1 -- 0x7f1cb0111380 con 0x7f1cb0101f80
2024-09-20T23:16:56.225 INFO:teuthology.orchestra.run.smithi148.stdout:/usr/bin/ceph: stderr
2024-09-20T23:16:55.183+0000 7f1cb4c90640 1 --2- >> [v2:172.21.15.148:3300/0,v1:172.21.15.148:6789/0] conn(0x7f1cb0101f80 0x7f1cb0110e40 unknown :-1 s=BANNER_CONNECTING pgs=0 cs=0 l=1 rev1=0 crypto rx=0 tx=0 comp rx=0 tx=0)._handle_peer_banner_payload supported=3 required=0
2024-09-20T23:16:56.225 INFO:teuthology.orchestra.run.smithi148.stdout:/usr/bin/ceph: stderr
2024-09-20T23:16:55.183+0000 7f1cb4c90640 1 --2- >> [v2:172.21.15.148:3300/0,v1:172.21.15.148:6789/0] conn(0x7f1cb0101f80 0x7f1cb0110e40 unknown :-1 s=HELLO_CONNECTING pgs=0 cs=0 l=1 rev1=1 crypto rx=0 tx=0 comp rx=0 tx=0).handle_hello peer v2:172.21.15.148:3300/0 says I am v2:172.21.15.148:37510/0 (socket says 172.21.15.148:37510)
2024-09-20T23:16:56.225 INFO:teuthology.orchestra.run.smithi148.stdout:/usr/bin/ceph: stderr
2024-09-20T23:16:55.183+0000 7f1cb4c90640 1 -- 172.21.15.148:0/1899588455 learned_addr learned my addr 172.21.15.148:0/1899588455 (peer_addr_for_me v2:172.21.15.148:0/0)
2024-09-20T23:16:56.225 INFO:teuthology.orchestra.run.smithi148.stdout:/usr/bin/ceph: stderr
2024-09-20T23:16:55.184+0000 7f1cb4c90640 1 -- 172.21.15.148:0/1899588455 --> [v2:172.21.15.148:3300/0,v1:172.21.15.148:6789/0] -- mon_subscribe({config=0+,monmap=0+}) v3 -- 0x7f1ca4009450 con 0x7f1cb0101f80
2024-09-20T23:16:56.225 INFO:teuthology.orchestra.run.smithi148.stdout:/usr/bin/ceph: stderr
2024-09-20T23:16:55.184+0000 7f1cb4c90640 1 --2- 172.21.15.148:0/1899588455 >> [v2:172.21.15.148:3300/0,v1:172.21.15.148:6789/0] conn(0x7f1cb0101f80 0x7f1cb0110e40 secure :-1 s=READY pgs=60 cs=0 l=1 rev1=1 crypto rx=0x7f1ca4009420 tx=0x7f1ca40091d0 comp rx=0 tx=0).ready entity=mon.0 client_cookie=0 server_cookie=0 in_seq=0 out_seq=0
2024-09-20T23:16:56.225 INFO:teuthology.orchestra.run.smithi148.stdout:/usr/bin/ceph: stderr
2024-09-20T23:16:55.184+0000 7f1cad7fa640 1 -- 172.21.15.148:0/1899588455 <== mon.0 v2:172.21.15.148:3300/0 1 ==== mon_map magic: 0 v1 ==== 229+0+0 (secure 0 0 0) 0x7f1ca403c400 con 0x7f1cb0101f80
2024-09-20T23:16:56.225 INFO:teuthology.orchestra.run.smithi148.stdout:/usr/bin/ceph: stderr
2024-09-20T23:16:55.184+0000 7f1cb6ef4640 1 -- 172.21.15.148:0/1899588455 --> [v2:172.21.15.148:3300/0,v1:172.21.15.148:6789/0] -- mon_subscribe({mgrmap=0+}) v3 -- 0x7f1cb0111580 con 0x7f1cb0101f80
2024-09-20T23:16:56.226 INFO:teuthology.orchestra.run.smithi148.stdout:/usr/bin/ceph: stderr
2024-09-20T23:16:55.184+0000 7f1cb6ef4640 1 -- 172.21.15.148:0/1899588455 --> [v2:172.21.15.148:3300/0,v1:172.21.15.148:6789/0] -- mon_subscribe({osdmap=0}) v3 -- 0x7f1cb0112060 con 0x7f1cb0101f80
2024-09-20T23:16:56.226 INFO:teuthology.orchestra.run.smithi148.stdout:/usr/bin/ceph: stderr
2024-09-20T23:16:55.184+0000 7f1cad7fa640 1 -- 172.21.15.148:0/1899588455 <== mon.0 v2:172.21.15.148:3300/0 2 ==== config(26 keys) v1 ==== 1070+0+0 (secure 0 0 0) 0x7f1ca403ca00 con 0x7f1cb0101f80
2024-09-20T23:16:56.226 INFO:teuthology.orchestra.run.smithi148.stdout:/usr/bin/ceph: stderr
2024-09-20T23:16:55.184+0000 7f1cad7fa640 1 -- 172.21.15.148:0/1899588455 <== mon.0 v2:172.21.15.148:3300/0 3 ==== mon_map magic: 0 v1 ==== 229+0+0 (secure 0 0 0) 0x7f1ca403a850 con 0x7f1cb0101f80
2024-09-20T23:16:56.226 INFO:teuthology.orchestra.run.smithi148.stdout:/usr/bin/ceph: stderr
2024-09-20T23:16:55.185+0000 7f1cad7fa640 1 -- 172.21.15.148:0/1899588455 <== mon.0 v2:172.21.15.148:3300/0 4 ==== mgrmap(e 8) v1 ==== 45507+0+0 (secure 0 0 0) 0x7f1ca403aac0 con 0x7f1cb0101f80
2024-09-20T23:16:56.226 INFO:teuthology.orchestra.run.smithi148.stdout:/usr/bin/ceph: stderr
2024-09-20T23:16:55.185+0000 7f1cb6ef4640 1 -- 172.21.15.148:0/1899588455 --> [v2:172.21.15.148:3300/0,v1:172.21.15.148:6789/0] -- mon_command({"prefix": "get_command_descriptions"} v 0) v1 -- 0x7f1c94005240 con 0x7f1cb0101f80
2024-09-20T23:16:56.226 INFO:teuthology.orchestra.run.smithi148.stdout:/usr/bin/ceph: stderr
2024-09-20T23:16:55.185+0000 7f1cad7fa640 1 --2- 172.21.15.148:0/1899588455 >> [v2:172.21.15.148:6800/4157375141,v1:172.21.15.148:6801/4157375141] conn(0x7f1ca00394e0 0x7f1ca003b990 unknown :-1 s=NONE pgs=0 cs=0 l=1 rev1=0 crypto rx=0 tx=0 comp rx=0 tx=0).connect
2024-09-20T23:16:56.226 INFO:teuthology.orchestra.run.smithi148.stdout:/usr/bin/ceph: stderr
2024-09-20T23:16:55.186+0000 7f1cad7fa640 1 -- 172.21.15.148:0/1899588455 <== mon.0 v2:172.21.15.148:3300/0 5 ==== osd_map(2..2 src has 1..2) v4 ==== 936+0+0 (secure 0 0 0) 0x7f1ca406dd40 con 0x7f1cb0101f80
2024-09-20T23:16:56.226 INFO:teuthology.orchestra.run.smithi148.stdout:/usr/bin/ceph: stderr
2024-09-20T23:16:55.186+0000 7f1caffff640 1 --2- 172.21.15.148:0/1899588455 >> [v2:172.21.15.148:6800/4157375141,v1:172.21.15.148:6801/4157375141] conn(0x7f1ca00394e0 0x7f1ca003b990 unknown :-1 s=BANNER_CONNECTING pgs=0 cs=0 l=1 rev1=0 crypto rx=0 tx=0 comp rx=0 tx=0)._handle_peer_banner_payload supported=3 required=0
2024-09-20T23:16:56.226 INFO:teuthology.orchestra.run.smithi148.stdout:/usr/bin/ceph: stderr
2024-09-20T23:16:55.186+0000 7f1caffff640 1 --2- 172.21.15.148:0/1899588455 >> [v2:172.21.15.148:6800/4157375141,v1:172.21.15.148:6801/4157375141] conn(0x7f1ca00394e0 0x7f1ca003b990 secure :-1 s=READY pgs=19 cs=0 l=1 rev1=1 crypto rx=0x7f1c9c006fd0 tx=0x7f1c9c006db0 comp rx=0 tx=0).ready entity=mgr.14118 client_cookie=0 server_cookie=0 in_seq=0 out_seq=0
2024-09-20T23:16:56.226 INFO:teuthology.orchestra.run.smithi148.stdout:/usr/bin/ceph: stderr
2024-09-20T23:16:55.190+0000 7f1cad7fa640 1 -- 172.21.15.148:0/1899588455 <== mon.0 v2:172.21.15.148:3300/0 6 ==== mon_command_ack([{"prefix": "get_command_descriptions"}]=0 v0) v1 ==== 72+0+176781 (secure 0 0 0) 0x7f1ca4030570 con 0x7f1cb0101f80
2024-09-20T23:16:56.226 INFO:teuthology.orchestra.run.smithi148.stdout:/usr/bin/ceph: stderr
2024-09-20T23:16:55.352+0000 7f1cb6ef4640 1 -- 172.21.15.148:0/1899588455 --> [v2:172.21.15.148:3300/0,v1:172.21.15.148:6789/0] -- mon_command([{prefix=config set, name=mgr/cephadm/container_init}] v 0) v1 -- 0x7f1c940054f0 con 0x7f1cb0101f80
2024-09-20T23:16:56.226 INFO:teuthology.orchestra.run.smithi148.stdout:/usr/bin/ceph: stderr
2024-09-20T23:16:55.356+0000 7f1cad7fa640 1 -- 172.21.15.148:0/1899588455 <== mon.0 v2:172.21.15.148:3300/0 7 ==== mon_command_ack([{prefix=config set, name=mgr/cephadm/container_init}]=0 v7)=0 v7) v1 ==== 142+0+0 (secure 0 0 0) 0x7f1ca4037020 con 0x7f1cb0101f80
2024-09-20T23:16:56.226 INFO:teuthology.orchestra.run.smithi148.stdout:/usr/bin/ceph: stderr
2024-09-20T23:16:55.358+0000 7f1cb6ef4640 1 -- 172.21.15.148:0/1899588455 >> [v2:172.21.15.148:6800/4157375141,v1:172.21.15.148:6801/4157375141] conn(0x7f1ca00394e0 msgr2=0x7f1ca003b990 secure :-1 s=STATE_CONNECTION_ESTABLISHED l=1).mark_down
2024-09-20T23:16:56.226 INFO:teuthology.orchestra.run.smithi148.stdout:/usr/bin/ceph: stderr
2024-09-20T23:16:55.358+0000 7f1cb6ef4640 1 --2- 172.21.15.148:0/1899588455 >> [v2:172.21.15.148:6800/4157375141,v1:172.21.15.148:6801/4157375141] conn(0x7f1ca00394e0 0x7f1ca003b990 secure :-1 s=READY pgs=19 cs=0 l=1 rev1=1 crypto rx=0x7f1c9c006fd0 tx=0x7f1c9c006db0 comp rx=0 tx=0).stop
2024-09-20T23:16:56.227 INFO:teuthology.orchestra.run.smithi148.stdout:/usr/bin/ceph: stderr
2024-09-20T23:16:55.358+0000 7f1cb6ef4640 1 -- 172.21.15.148:0/1899588455 >> [v2:172.21.15.148:3300/0,v1:172.21.15.148:6789/0] conn(0x7f1cb0101f80 msgr2=0x7f1cb0110e40 secure :-1 s=STATE_CONNECTION_ESTABLISHED l=1).mark_down
2024-09-20T23:16:56.227 INFO:teuthology.orchestra.run.smithi148.stdout:/usr/bin/ceph: stderr
2024-09-20T23:16:55.358+0000 7f1cb6ef4640 1 --2- 172.21.15.148:0/1899588455 >> [v2:172.21.15.148:3300/0,v1:172.21.15.148:6789/0] conn(0x7f1cb0101f80 0x7f1cb0110e40 secure :-1 s=READY pgs=60 cs=0 l=1 rev1=1 crypto rx=0x7f1ca4009420 tx=0x7f1ca40091d0 comp rx=0 tx=0).stop
2024-09-20T23:16:56.227 INFO:teuthology.orchestra.run.smithi148.stdout:/usr/bin/ceph: stderr
2024-09-20T23:16:55.358+0000 7f1cb6ef4640 1 -- 172.21.15.148:0/1899588455 shutdown_connections
2024-09-20T23:16:56.227 INFO:teuthology.orchestra.run.smithi148.stdout:/usr/bin/ceph: stderr
2024-09-20T23:16:55.358+0000 7f1cb6ef4640 1 --2- 172.21.15.148:0/1899588455 >> [v2:172.21.15.148:6800/4157375141,v1:172.21.15.148:6801/4157375141] conn(0x7f1ca00394e0 0x7f1ca003b990 unknown :-1 s=CLOSED pgs=19 cs=0 l=1 rev1=1 crypto rx=0 tx=0 comp rx=0 tx=0).stop
2024-09-20T23:16:56.227 INFO:teuthology.orchestra.run.smithi148.stdout:/usr/bin/ceph: stderr
2024-09-20T23:16:55.358+0000 7f1cb6ef4640 1 --2- 172.21.15.148:0/1899588455 >> [v2:172.21.15.148:3300/0,v1:172.21.15.148:6789/0] conn(0x7f1cb0101f80 0x7f1cb0110e40 unknown :-1 s=CLOSED pgs=60 cs=0 l=1 rev1=1 crypto rx=0 tx=0 comp rx=0 tx=0).stop
2024-09-20T23:16:56.227 INFO:teuthology.orchestra.run.smithi148.stdout:/usr/bin/ceph: stderr
2024-09-20T23:16:55.358+0000 7f1cb6ef4640 1 -- 172.21.15.148:0/1899588455 >> 172.21.15.148:0/1899588455 conn(0x7f1cb00fd7a0 msgr2=0x7f1cb00fe3e0 unknown :-1 s=STATE_NONE l=0).mark_down
2024-09-20T23:16:56.227 INFO:teuthology.orchestra.run.smithi148.stdout:/usr/bin/ceph: stderr
2024-09-20T23:16:55.358+0000 7f1cb6ef4640 1 -- 172.21.15.148:0/1899588455 shutdown_connections
2024-09-20T23:16:56.227 INFO:teuthology.orchestra.run.smithi148.stdout:/usr/bin/ceph: stderr
2024-09-20T23:16:55.358+0000 7f1cb6ef4640 1 -- 172.21.15.148:0/1899588455 wait complete.
2024-09-20T23:16:57.422 INFO:teuthology.orchestra.run.smithi148.stdout:/usr/bin/ceph: stderr
2024-09-20T23:16:56.644+0000 7f2ed1151640 1 Processor -- start
2024-09-20T23:16:57.422 INFO:teuthology.orchestra.run.smithi148.stdout:/usr/bin/ceph: stderr
2024-09-20T23:16:56.645+0000 7f2ed1151640 1 -- start start
2024-09-20T23:16:57.422 INFO:teuthology.orchestra.run.smithi148.stdout:/usr/bin/ceph: stderr
2024-09-20T23:16:56.645+0000 7f2ed1151640 1 --2- >> [v2:172.21.15.148:3300/0,v1:172.21.15.148:6789/0] conn(0x7f2ecc078bb0 0x7f2ecc077270 unknown :-1 s=NONE pgs=0 cs=0 l=0 rev1=0 crypto rx=0 tx=0 comp rx=0 tx=0).connect
2024-09-20T23:16:57.422 INFO:teuthology.orchestra.run.smithi148.stdout:/usr/bin/ceph: stderr
