2024-09-20T23:16:27.462+0000 7f242c7ad640 1 --2- 172.21.15.148:0/3794339925 >> [v2:172.21.15.148:6800/1963046567,v1:172.21.15.148:6801/1963046567] conn(0x7f2410039490 0x7f241003b940 secure :-1 s=READY pgs=6 cs=0 l=1 rev1=1 crypto rx=0x7f2414006fd0 tx=0x7f2414006db0 comp rx=0 tx=0).stop
2024-09-20T23:16:28.081 INFO:teuthology.orchestra.run.smithi148.stdout:/usr/bin/ceph: stderr
2024-09-20T23:16:27.462+0000 7f242c7ad640 1 -- 172.21.15.148:0/3794339925 >> [v2:172.21.15.148:3300/0,v1:172.21.15.148:6789/0] conn(0x7f2424078b20 msgr2=0x7f2424112ff0 secure :-1 s=STATE_CONNECTION_ESTABLISHED l=1).mark_down
2024-09-20T23:16:28.082 INFO:teuthology.orchestra.run.smithi148.stdout:/usr/bin/ceph: stderr
2024-09-20T23:16:27.462+0000 7f242c7ad640 1 --2- 172.21.15.148:0/3794339925 >> [v2:172.21.15.148:3300/0,v1:172.21.15.148:6789/0] conn(0x7f2424078b20 0x7f2424112ff0 secure :-1 s=READY pgs=17 cs=0 l=1 rev1=1 crypto rx=0x7f2420006f00 tx=0x7f2420008040 comp rx=0 tx=0).stop
2024-09-20T23:16:28.082 INFO:teuthology.orchestra.run.smithi148.stdout:/usr/bin/ceph: stderr
2024-09-20T23:16:27.462+0000 7f242c7ad640 1 -- 172.21.15.148:0/3794339925 shutdown_connections
2024-09-20T23:16:28.082 INFO:teuthology.orchestra.run.smithi148.stdout:/usr/bin/ceph: stderr
2024-09-20T23:16:27.462+0000 7f242c7ad640 1 --2- 172.21.15.148:0/3794339925 >> [v2:172.21.15.148:6800/1963046567,v1:172.21.15.148:6801/1963046567] conn(0x7f2410039490 0x7f241003b940 unknown :-1 s=CLOSED pgs=6 cs=0 l=1 rev1=1 crypto rx=0 tx=0 comp rx=0 tx=0).stop
2024-09-20T23:16:28.082 INFO:teuthology.orchestra.run.smithi148.stdout:/usr/bin/ceph: stderr
2024-09-20T23:16:27.462+0000 7f242c7ad640 1 --2- 172.21.15.148:0/3794339925 >> [v2:172.21.15.148:3300/0,v1:172.21.15.148:6789/0] conn(0x7f2424078b20 0x7f2424112ff0 unknown :-1 s=CLOSED pgs=17 cs=0 l=1 rev1=1 crypto rx=0 tx=0 comp rx=0 tx=0).stop
2024-09-20T23:16:28.082 INFO:teuthology.orchestra.run.smithi148.stdout:/usr/bin/ceph: stderr
2024-09-20T23:16:27.462+0000 7f242c7ad640 1 -- 172.21.15.148:0/3794339925 >> 172.21.15.148:0/3794339925 conn(0x7f24240fd880 msgr2=0x7f24240fe490 unknown :-1 s=STATE_NONE l=0).mark_down
2024-09-20T23:16:28.082 INFO:teuthology.orchestra.run.smithi148.stdout:/usr/bin/ceph: stderr
2024-09-20T23:16:27.463+0000 7f242c7ad640 1 -- 172.21.15.148:0/3794339925 shutdown_connections
2024-09-20T23:16:28.082 INFO:teuthology.orchestra.run.smithi148.stdout:/usr/bin/ceph: stderr
2024-09-20T23:16:27.463+0000 7f242c7ad640 1 -- 172.21.15.148:0/3794339925 wait complete.
2024-09-20T23:16:28.082 INFO:teuthology.orchestra.run.smithi148.stdout:mgr is available
2024-09-20T23:16:28.233 INFO:journalctl@ceph.mon.smithi148.smithi148.stdout:Sep 20 23:16:27 smithi148 ceph-mon[27920]: mgrmap e4: smithi148.lsnldh(active, since 2s)
2024-09-20T23:16:28.233 INFO:journalctl@ceph.mon.smithi148.smithi148.stdout:Sep 20 23:16:27 smithi148 ceph-mon[27920]: from='client.? 172.21.15.148:0/3794339925' entity='client.admin' cmd=[{"prefix": "status", "format": "json-pretty"}]: dispatch
2024-09-20T23:16:29.187 INFO:teuthology.orchestra.run.smithi148.stdout:/usr/bin/ceph: stdout
2024-09-20T23:16:29.187 INFO:teuthology.orchestra.run.smithi148.stdout:/usr/bin/ceph: stdout [global]
2024-09-20T23:16:29.187 INFO:teuthology.orchestra.run.smithi148.stdout:/usr/bin/ceph: stdout fsid = 245a91ea-77a6-11ef-baf5-efdc52797490
2024-09-20T23:16:29.188 INFO:teuthology.orchestra.run.smithi148.stdout:/usr/bin/ceph: stdout mon_cluster_log_file_level = debug
2024-09-20T23:16:29.188 INFO:teuthology.orchestra.run.smithi148.stdout:/usr/bin/ceph: stdout mon_osd_allow_pg_remap = true
2024-09-20T23:16:29.188 INFO:teuthology.orchestra.run.smithi148.stdout:/usr/bin/ceph: stdout mon_osd_allow_primary_affinity = true
2024-09-20T23:16:29.188 INFO:teuthology.orchestra.run.smithi148.stdout:/usr/bin/ceph: stdout mon_warn_on_no_sortbitwise = false
2024-09-20T23:16:29.188 INFO:teuthology.orchestra.run.smithi148.stdout:/usr/bin/ceph: stdout osd_crush_chooseleaf_type = 0
2024-09-20T23:16:29.188 INFO:teuthology.orchestra.run.smithi148.stdout:/usr/bin/ceph: stdout
2024-09-20T23:16:29.188 INFO:teuthology.orchestra.run.smithi148.stdout:/usr/bin/ceph: stdout [mgr]
2024-09-20T23:16:29.188 INFO:teuthology.orchestra.run.smithi148.stdout:/usr/bin/ceph: stdout mgr/telemetry/nag = false
2024-09-20T23:16:29.188 INFO:teuthology.orchestra.run.smithi148.stdout:/usr/bin/ceph: stdout
2024-09-20T23:16:29.188 INFO:teuthology.orchestra.run.smithi148.stdout:/usr/bin/ceph: stdout [osd]
2024-09-20T23:16:29.188 INFO:teuthology.orchestra.run.smithi148.stdout:/usr/bin/ceph: stdout mon_osd_backfillfull_ratio = 0.85
2024-09-20T23:16:29.188 INFO:teuthology.orchestra.run.smithi148.stdout:/usr/bin/ceph: stdout mon_osd_full_ratio = 0.9
2024-09-20T23:16:29.188 INFO:teuthology.orchestra.run.smithi148.stdout:/usr/bin/ceph: stdout mon_osd_nearfull_ratio = 0.8
2024-09-20T23:16:29.189 INFO:teuthology.orchestra.run.smithi148.stdout:/usr/bin/ceph: stdout osd_map_max_advance = 10
2024-09-20T23:16:29.189 INFO:teuthology.orchestra.run.smithi148.stdout:/usr/bin/ceph: stdout osd_sloppy_crc = true
2024-09-20T23:16:29.189 INFO:teuthology.orchestra.run.smithi148.stdout:/usr/bin/ceph: stderr
2024-09-20T23:16:28.447+0000 7fd03816f640 1 Processor -- start
2024-09-20T23:16:29.189 INFO:teuthology.orchestra.run.smithi148.stdout:/usr/bin/ceph: stderr
2024-09-20T23:16:28.447+0000 7fd03816f640 1 -- start start
2024-09-20T23:16:29.189 INFO:teuthology.orchestra.run.smithi148.stdout:/usr/bin/ceph: stderr
2024-09-20T23:16:28.447+0000 7fd03816f640 1 --2- >> [v2:172.21.15.148:3300/0,v1:172.21.15.148:6789/0] conn(0x7fd030100600 0x7fd030100a10 unknown :-1 s=NONE pgs=0 cs=0 l=0 rev1=0 crypto rx=0 tx=0 comp rx=0 tx=0).connect
2024-09-20T23:16:29.189 INFO:teuthology.orchestra.run.smithi148.stdout:/usr/bin/ceph: stderr
2024-09-20T23:16:28.447+0000 7fd03816f640 1 -- --> [v2:172.21.15.148:3300/0,v1:172.21.15.148:6789/0] -- mon_getmap magic: 0 v1 -- 0x7fd030100f50 con 0x7fd030100600
2024-09-20T23:16:29.189 INFO:teuthology.orchestra.run.smithi148.stdout:/usr/bin/ceph: stderr
2024-09-20T23:16:28.447+0000 7fd035f0b640 1 --2- >> [v2:172.21.15.148:3300/0,v1:172.21.15.148:6789/0] conn(0x7fd030100600 0x7fd030100a10 unknown :-1 s=BANNER_CONNECTING pgs=0 cs=0 l=0 rev1=0 crypto rx=0 tx=0 comp rx=0 tx=0)._handle_peer_banner_payload supported=3 required=0
2024-09-20T23:16:29.189 INFO:teuthology.orchestra.run.smithi148.stdout:/usr/bin/ceph: stderr
2024-09-20T23:16:28.447+0000 7fd035f0b640 1 --2- >> [v2:172.21.15.148:3300/0,v1:172.21.15.148:6789/0] conn(0x7fd030100600 0x7fd030100a10 unknown :-1 s=HELLO_CONNECTING pgs=0 cs=0 l=0 rev1=1 crypto rx=0 tx=0 comp rx=0 tx=0).handle_hello peer v2:172.21.15.148:3300/0 says I am v2:172.21.15.148:47594/0 (socket says 172.21.15.148:47594)
2024-09-20T23:16:29.189 INFO:teuthology.orchestra.run.smithi148.stdout:/usr/bin/ceph: stderr
2024-09-20T23:16:28.447+0000 7fd035f0b640 1 -- 172.21.15.148:0/326517920 learned_addr learned my addr 172.21.15.148:0/326517920 (peer_addr_for_me v2:172.21.15.148:0/0)
2024-09-20T23:16:29.189 INFO:teuthology.orchestra.run.smithi148.stdout:/usr/bin/ceph: stderr
2024-09-20T23:16:28.448+0000 7fd035f0b640 1 -- 172.21.15.148:0/326517920 --> [v2:172.21.15.148:3300/0,v1:172.21.15.148:6789/0] -- mon_subscribe({config=0+,monmap=0+}) v3 -- 0x7fd030101090 con 0x7fd030100600
2024-09-20T23:16:29.189 INFO:teuthology.orchestra.run.smithi148.stdout:/usr/bin/ceph: stderr
2024-09-20T23:16:28.448+0000 7fd035f0b640 1 --2- 172.21.15.148:0/326517920 >> [v2:172.21.15.148:3300/0,v1:172.21.15.148:6789/0] conn(0x7fd030100600 0x7fd030100a10 secure :-1 s=READY pgs=18 cs=0 l=1 rev1=1 crypto rx=0x7fd02c00a9f0 tx=0x7fd02c00a360 comp rx=0 tx=0).ready entity=mon.0 client_cookie=5c1d55d0a3662680 server_cookie=0 in_seq=0 out_seq=0
2024-09-20T23:16:29.189 INFO:teuthology.orchestra.run.smithi148.stdout:/usr/bin/ceph: stderr
2024-09-20T23:16:28.448+0000 7fd034f09640 1 -- 172.21.15.148:0/326517920 <== mon.0 v2:172.21.15.148:3300/0 1 ==== mon_map magic: 0 v1 ==== 229+0+0 (secure 0 0 0) 0x7fd02c030670 con 0x7fd030100600
2024-09-20T23:16:29.189 INFO:teuthology.orchestra.run.smithi148.stdout:/usr/bin/ceph: stderr
2024-09-20T23:16:28.448+0000 7fd034f09640 1 -- 172.21.15.148:0/326517920 <== mon.0 v2:172.21.15.148:3300/0 2 ==== config(26 keys) v1 ==== 1005+0+0 (secure 0 0 0) 0x7fd02c02e050 con 0x7fd030100600
2024-09-20T23:16:29.189 INFO:teuthology.orchestra.run.smithi148.stdout:/usr/bin/ceph: stderr
2024-09-20T23:16:28.448+0000 7fd034f09640 1 -- 172.21.15.148:0/326517920 <== mon.0 v2:172.21.15.148:3300/0 3 ==== mon_map magic: 0 v1 ==== 229+0+0 (secure 0 0 0) 0x7fd02c032b70 con 0x7fd030100600
2024-09-20T23:16:29.189 INFO:teuthology.orchestra.run.smithi148.stdout:/usr/bin/ceph: stderr
2024-09-20T23:16:28.449+0000 7fd03816f640 1 -- 172.21.15.148:0/326517920 >> [v2:172.21.15.148:3300/0,v1:172.21.15.148:6789/0] conn(0x7fd030100600 msgr2=0x7fd030100a10 secure :-1 s=STATE_CONNECTION_ESTABLISHED l=1).mark_down
2024-09-20T23:16:29.190 INFO:teuthology.orchestra.run.smithi148.stdout:/usr/bin/ceph: stderr
2024-09-20T23:16:28.449+0000 7fd03816f640 1 --2- 172.21.15.148:0/326517920 >> [v2:172.21.15.148:3300/0,v1:172.21.15.148:6789/0] conn(0x7fd030100600 0x7fd030100a10 secure :-1 s=READY pgs=18 cs=0 l=1 rev1=1 crypto rx=0x7fd02c00a9f0 tx=0x7fd02c00a360 comp rx=0 tx=0).stop
2024-09-20T23:16:29.190 INFO:teuthology.orchestra.run.smithi148.stdout:/usr/bin/ceph: stderr
2024-09-20T23:16:28.449+0000 7fd03816f640 1 -- 172.21.15.148:0/326517920 shutdown_connections
2024-09-20T23:16:29.190 INFO:teuthology.orchestra.run.smithi148.stdout:/usr/bin/ceph: stderr
2024-09-20T23:16:28.449+0000 7fd03816f640 1 --2- 172.21.15.148:0/326517920 >> [v2:172.21.15.148:3300/0,v1:172.21.15.148:6789/0] conn(0x7fd030100600 0x7fd030100a10 unknown :-1 s=CLOSED pgs=18 cs=0 l=1 rev1=1 crypto rx=0 tx=0 comp rx=0 tx=0).stop
2024-09-20T23:16:29.190 INFO:teuthology.orchestra.run.smithi148.stdout:/usr/bin/ceph: stderr
2024-09-20T23:16:28.449+0000 7fd03816f640 1 -- 172.21.15.148:0/326517920 >> 172.21.15.148:0/326517920 conn(0x7fd0300fbdc0 msgr2=0x7fd0300fe1f0 unknown :-1 s=STATE_NONE l=0).mark_down
2024-09-20T23:16:29.190 INFO:teuthology.orchestra.run.smithi148.stdout:/usr/bin/ceph: stderr
2024-09-20T23:16:28.449+0000 7fd03816f640 1 -- 172.21.15.148:0/326517920 shutdown_connections
2024-09-20T23:16:29.190 INFO:teuthology.orchestra.run.smithi148.stdout:/usr/bin/ceph: stderr
2024-09-20T23:16:28.449+0000 7fd03816f640 1 -- 172.21.15.148:0/326517920 wait complete.
2024-09-20T23:16:29.190 INFO:teuthology.orchestra.run.smithi148.stdout:/usr/bin/ceph: stderr
2024-09-20T23:16:28.450+0000 7fd03816f640 1 Processor -- start
2024-09-20T23:16:29.190 INFO:teuthology.orchestra.run.smithi148.stdout:/usr/bin/ceph: stderr
2024-09-20T23:16:28.450+0000 7fd03816f640 1 -- start start
2024-09-20T23:16:29.190 INFO:teuthology.orchestra.run.smithi148.stdout:/usr/bin/ceph: stderr
2024-09-20T23:16:28.450+0000 7fd03816f640 1 --2- >> [v2:172.21.15.148:3300/0,v1:172.21.15.148:6789/0] conn(0x7fd030100600 0x7fd03010eb30 unknown :-1 s=NONE pgs=0 cs=0 l=1 rev1=0 crypto rx=0 tx=0 comp rx=0 tx=0).connect
2024-09-20T23:16:29.190 INFO:teuthology.orchestra.run.smithi148.stdout:/usr/bin/ceph: stderr
2024-09-20T23:16:28.450+0000 7fd03816f640 1 -- --> [v2:172.21.15.148:3300/0,v1:172.21.15.148:6789/0] -- mon_getmap magic: 0 v1 -- 0x7fd03010f070 con 0x7fd030100600
2024-09-20T23:16:29.191 INFO:teuthology.orchestra.run.smithi148.stdout:/usr/bin/ceph: stderr
2024-09-20T23:16:28.450+0000 7fd035f0b640 1 --2- >> [v2:172.21.15.148:3300/0,v1:172.21.15.148:6789/0] conn(0x7fd030100600 0x7fd03010eb30 unknown :-1 s=BANNER_CONNECTING pgs=0 cs=0 l=1 rev1=0 crypto rx=0 tx=0 comp rx=0 tx=0)._handle_peer_banner_payload supported=3 required=0
2024-09-20T23:16:29.191 INFO:teuthology.orchestra.run.smithi148.stdout:/usr/bin/ceph: stderr
2024-09-20T23:16:28.450+0000 7fd035f0b640 1 --2- >> [v2:172.21.15.148:3300/0,v1:172.21.15.148:6789/0] conn(0x7fd030100600 0x7fd03010eb30 unknown :-1 s=HELLO_CONNECTING pgs=0 cs=0 l=1 rev1=1 crypto rx=0 tx=0 comp rx=0 tx=0).handle_hello peer v2:172.21.15.148:3300/0 says I am v2:172.21.15.148:47604/0 (socket says 172.21.15.148:47604)
2024-09-20T23:16:29.191 INFO:teuthology.orchestra.run.smithi148.stdout:/usr/bin/ceph: stderr
2024-09-20T23:16:28.450+0000 7fd035f0b640 1 -- 172.21.15.148:0/1159923552 learned_addr learned my addr 172.21.15.148:0/1159923552 (peer_addr_for_me v2:172.21.15.148:0/0)
2024-09-20T23:16:29.191 INFO:teuthology.orchestra.run.smithi148.stdout:/usr/bin/ceph: stderr
2024-09-20T23:16:28.450+0000 7fd035f0b640 1 -- 172.21.15.148:0/1159923552 --> [v2:172.21.15.148:3300/0,v1:172.21.15.148:6789/0] -- mon_subscribe({config=0+,monmap=0+}) v3 -- 0x7fd02c00a600 con 0x7fd030100600
2024-09-20T23:16:29.191 INFO:teuthology.orchestra.run.smithi148.stdout:/usr/bin/ceph: stderr
2024-09-20T23:16:28.450+0000 7fd035f0b640 1 --2- 172.21.15.148:0/1159923552 >> [v2:172.21.15.148:3300/0,v1:172.21.15.148:6789/0] conn(0x7fd030100600 0x7fd03010eb30 secure :-1 s=READY pgs=19 cs=0 l=1 rev1=1 crypto rx=0x7fd02c032850 tx=0x7fd02c00a360 comp rx=0 tx=0).ready entity=mon.0 client_cookie=0 server_cookie=0 in_seq=0 out_seq=0
2024-09-20T23:16:29.191 INFO:teuthology.orchestra.run.smithi148.stdout:/usr/bin/ceph: stderr
2024-09-20T23:16:28.450+0000 7fd0267fc640 1 -- 172.21.15.148:0/1159923552 <== mon.0 v2:172.21.15.148:3300/0 1 ==== mon_map magic: 0 v1 ==== 229+0+0 (secure 0 0 0) 0x7fd02c046570 con 0x7fd030100600
2024-09-20T23:16:29.191 INFO:teuthology.orchestra.run.smithi148.stdout:/usr/bin/ceph: stderr
2024-09-20T23:16:28.451+0000 7fd0267fc640 1 -- 172.21.15.148:0/1159923552 <== mon.0 v2:172.21.15.148:3300/0 2 ==== config(26 keys) v1 ==== 1005+0+0 (secure 0 0 0) 0x7fd02c046b30 con 0x7fd030100600
2024-09-20T23:16:29.191 INFO:teuthology.orchestra.run.smithi148.stdout:/usr/bin/ceph: stderr
2024-09-20T23:16:28.451+0000 7fd03816f640 1 -- 172.21.15.148:0/1159923552 --> [v2:172.21.15.148:3300/0,v1:172.21.15.148:6789/0] -- mon_subscribe({mgrmap=0+}) v3 -- 0x7fd03010f270 con 0x7fd030100600
2024-09-20T23:16:29.191 INFO:teuthology.orchestra.run.smithi148.stdout:/usr/bin/ceph: stderr
2024-09-20T23:16:28.451+0000 7fd0267fc640 1 -- 172.21.15.148:0/1159923552 <== mon.0 v2:172.21.15.148:3300/0 3 ==== mon_map magic: 0 v1 ==== 229+0+0 (secure 0 0 0) 0x7fd02c03ca80 con 0x7fd030100600
2024-09-20T23:16:29.191 INFO:teuthology.orchestra.run.smithi148.stdout:/usr/bin/ceph: stderr
2024-09-20T23:16:28.451+0000 7fd03816f640 1 -- 172.21.15.148:0/1159923552 --> [v2:172.21.15.148:3300/0,v1:172.21.15.148:6789/0] -- mon_subscribe({osdmap=0}) v3 -- 0x7fd03010f6e0 con 0x7fd030100600
2024-09-20T23:16:29.191 INFO:teuthology.orchestra.run.smithi148.stdout:/usr/bin/ceph: stderr
2024-09-20T23:16:28.451+0000 7fd0267fc640 1 -- 172.21.15.148:0/1159923552 <== mon.0 v2:172.21.15.148:3300/0 4 ==== mgrmap(e 4) v1 ==== 45496+0+0 (secure 0 0 0) 0x7fd02c03cbe0 con 0x7fd030100600
2024-09-20T23:16:29.191 INFO:teuthology.orchestra.run.smithi148.stdout:/usr/bin/ceph: stderr
2024-09-20T23:16:28.452+0000 7fd0267fc640 1 --2- 172.21.15.148:0/1159923552 >> [v2:172.21.15.148:6800/1963046567,v1:172.21.15.148:6801/1963046567] conn(0x7fd01c039490 0x7fd01c03b940 unknown :-1 s=NONE pgs=0 cs=0 l=1 rev1=0 crypto rx=0 tx=0 comp rx=0 tx=0).connect
2024-09-20T23:16:29.191 INFO:teuthology.orchestra.run.smithi148.stdout:/usr/bin/ceph: stderr
2024-09-20T23:16:28.452+0000 7fd0267fc640 1 -- 172.21.15.148:0/1159923552 <== mon.0 v2:172.21.15.148:3300/0 5 ==== osd_map(1..1 src has 1..1) v4 ==== 721+0+0 (secure 0 0 0) 0x7fd02c06e380 con 0x7fd030100600
2024-09-20T23:16:29.192 INFO:teuthology.orchestra.run.smithi148.stdout:/usr/bin/ceph: stderr
2024-09-20T23:16:28.452+0000 7fd03816f640 1 -- 172.21.15.148:0/1159923552 --> [v2:172.21.15.148:3300/0,v1:172.21.15.148:6789/0] -- mon_command({"prefix": "get_command_descriptions"} v 0) v1 -- 0x7fd0300ffa60 con 0x7fd030100600
2024-09-20T23:16:29.192 INFO:teuthology.orchestra.run.smithi148.stdout:/usr/bin/ceph: stderr
2024-09-20T23:16:28.452+0000 7fd03570a640 1 --2- 172.21.15.148:0/1159923552 >> [v2:172.21.15.148:6800/1963046567,v1:172.21.15.148:6801/1963046567] conn(0x7fd01c039490 0x7fd01c03b940 unknown :-1 s=BANNER_CONNECTING pgs=0 cs=0 l=1 rev1=0 crypto rx=0 tx=0 comp rx=0 tx=0)._handle_peer_banner_payload supported=3 required=0
2024-09-20T23:16:29.192 INFO:teuthology.orchestra.run.smithi148.stdout:/usr/bin/ceph: stderr
2024-09-20T23:16:28.452+0000 7fd03570a640 1 --2- 172.21.15.148:0/1159923552 >> [v2:172.21.15.148:6800/1963046567,v1:172.21.15.148:6801/1963046567] conn(0x7fd01c039490 0x7fd01c03b940 secure :-1 s=READY pgs=7 cs=0 l=1 rev1=1 crypto rx=0x7fd020006fd0 tx=0x7fd020006db0 comp rx=0 tx=0).ready entity=mgr.14100 client_cookie=0 server_cookie=0 in_seq=0 out_seq=0
2024-09-20T23:16:29.192 INFO:teuthology.orchestra.run.smithi148.stdout:/usr/bin/ceph: stderr
2024-09-20T23:16:28.456+0000 7fd0267fc640 1 -- 172.21.15.148:0/1159923552 <== mon.0 v2:172.21.15.148:3300/0 6 ==== mon_command_ack([{"prefix": "get_command_descriptions"}]=0 v0) v1 ==== 72+0+176781 (secure 0 0 0) 0x7fd02c050440 con 0x7fd030100600
2024-09-20T23:16:29.192 INFO:teuthology.orchestra.run.smithi148.stdout:/usr/bin/ceph: stderr
2024-09-20T23:16:28.613+0000 7fd03816f640 1 -- 172.21.15.148:0/1159923552 --> [v2:172.21.15.148:3300/0,v1:172.21.15.148:6789/0] -- mon_command({"prefix": "config assimilate-conf"} v 0) v1 -- 0x7fd03004b720 con 0x7fd030100600
2024-09-20T23:16:29.192 INFO:teuthology.orchestra.run.smithi148.stdout:/usr/bin/ceph: stderr
2024-09-20T23:16:28.614+0000 7fd0267fc640 1 -- 172.21.15.148:0/1159923552 <== mon.0 v2:172.21.15.148:3300/0 7 ==== mon_command_ack([{"prefix": "config assimilate-conf"}]=0 v3) v1 ==== 70+0+409 (secure 0 0 0) 0x7fd02c04fcb0 con 0x7fd030100600
2024-09-20T23:16:29.192 INFO:teuthology.orchestra.run.smithi148.stdout:/usr/bin/ceph: stderr
2024-09-20T23:16:28.616+0000 7fd03816f640 1 -- 172.21.15.148:0/1159923552 >> [v2:172.21.15.148:6800/1963046567,v1:172.21.15.148:6801/1963046567] conn(0x7fd01c039490 msgr2=0x7fd01c03b940 secure :-1 s=STATE_CONNECTION_ESTABLISHED l=1).mark_down
2024-09-20T23:16:29.192 INFO:teuthology.orchestra.run.smithi148.stdout:/usr/bin/ceph: stderr
2024-09-20T23:16:28.616+0000 7fd03816f640 1 --2- 172.21.15.148:0/1159923552 >> [v2:172.21.15.148:6800/1963046567,v1:172.21.15.148:6801/1963046567] conn(0x7fd01c039490 0x7fd01c03b940 secure :-1 s=READY pgs=7 cs=0 l=1 rev1=1 crypto rx=0x7fd020006fd0 tx=0x7fd020006db0 comp rx=0 tx=0).stop
2024-09-20T23:16:29.192 INFO:teuthology.orchestra.run.smithi148.stdout:/usr/bin/ceph: stderr
2024-09-20T23:16:28.616+0000 7fd03816f640 1 -- 172.21.15.148:0/1159923552 >> [v2:172.21.15.148:3300/0,v1:172.21.15.148:6789/0] conn(0x7fd030100600 msgr2=0x7fd03010eb30 secure :-1 s=STATE_CONNECTION_ESTABLISHED l=1).mark_down
2024-09-20T23:16:29.192 INFO:teuthology.orchestra.run.smithi148.stdout:/usr/bin/ceph: stderr
2024-09-20T23:16:28.616+0000 7fd03816f640 1 --2- 172.21.15.148:0/1159923552 >> [v2:172.21.15.148:3300/0,v1:172.21.15.148:6789/0] conn(0x7fd030100600 0x7fd03010eb30 secure :-1 s=READY pgs=19 cs=0 l=1 rev1=1 crypto rx=0x7fd02c032850 tx=0x7fd02c00a360 comp rx=0 tx=0).stop
2024-09-20T23:16:29.192 INFO:teuthology.orchestra.run.smithi148.stdout:/usr/bin/ceph: stderr
2024-09-20T23:16:28.616+0000 7fd03816f640 1 -- 172.21.15.148:0/1159923552 shutdown_connections
2024-09-20T23:16:29.192 INFO:teuthology.orchestra.run.smithi148.stdout:/usr/bin/ceph: stderr
2024-09-20T23:16:28.616+0000 7fd03816f640 1 --2- 172.21.15.148:0/1159923552 >> [v2:172.21.15.148:6800/1963046567,v1:172.21.15.148:6801/1963046567] conn(0x7fd01c039490 0x7fd01c03b940 unknown :-1 s=CLOSED pgs=7 cs=0 l=1 rev1=1 crypto rx=0 tx=0 comp rx=0 tx=0).stop
2024-09-20T23:16:29.192 INFO:teuthology.orchestra.run.smithi148.stdout:/usr/bin/ceph: stderr
2024-09-20T23:16:28.616+0000 7fd03816f640 1 --2- 172.21.15.148:0/1159923552 >> [v2:172.21.15.148:3300/0,v1:172.21.15.148:6789/0] conn(0x7fd030100600 0x7fd03010eb30 unknown :-1 s=CLOSED pgs=19 cs=0 l=1 rev1=1 crypto rx=0 tx=0 comp rx=0 tx=0).stop
2024-09-20T23:16:29.192 INFO:teuthology.orchestra.run.smithi148.stdout:/usr/bin/ceph: stderr
2024-09-20T23:16:28.616+0000 7fd03816f640 1 -- 172.21.15.148:0/1159923552 >> 172.21.15.148:0/1159923552 conn(0x7fd0300fbdc0 msgr2=0x7fd0301030f0 unknown :-1 s=STATE_NONE l=0).mark_down
2024-09-20T23:16:29.192 INFO:teuthology.orchestra.run.smithi148.stdout:/usr/bin/ceph: stderr
2024-09-20T23:16:28.616+0000 7fd03816f640 1 -- 172.21.15.148:0/1159923552 shutdown_connections
2024-09-20T23:16:29.192 INFO:teuthology.orchestra.run.smithi148.stdout:/usr/bin/ceph: stderr
2024-09-20T23:16:28.616+0000 7fd03816f640 1 -- 172.21.15.148:0/1159923552 wait complete.
2024-09-20T23:16:29.193 INFO:teuthology.orchestra.run.smithi148.stdout:Enabling cephadm module...
2024-09-20T23:16:29.232 INFO:journalctl@ceph.mon.smithi148.smithi148.stdout:Sep 20 23:16:28 smithi148 ceph-mon[27920]: from='client.? 172.21.15.148:0/1159923552' entity='client.admin' cmd=[{"prefix": "config assimilate-conf"}]: dispatch
2024-09-20T23:16:30.215 INFO:journalctl@ceph.mon.smithi148.smithi148.stdout:Sep 20 23:16:29 smithi148 ceph-mon[27920]: from='client.? 172.21.15.148:0/815966306' entity='client.admin' cmd=[{"prefix": "mgr module enable", "module": "cephadm"}]: dispatch
2024-09-20T23:16:30.534 INFO:teuthology.orchestra.run.smithi148.stdout:/usr/bin/ceph: stderr
2024-09-20T23:16:29.607+0000 7f841c2a5640 1 Processor -- start
2024-09-20T23:16:30.534 INFO:teuthology.orchestra.run.smithi148.stdout:/usr/bin/ceph: stderr
2024-09-20T23:16:29.607+0000 7f841c2a5640 1 -- start start
2024-09-20T23:16:30.534 INFO:teuthology.orchestra.run.smithi148.stdout:/usr/bin/ceph: stderr
2024-09-20T23:16:29.608+0000 7f841c2a5640 1 --2- >> [v2:172.21.15.148:3300/0,v1:172.21.15.148:6789/0] conn(0x7f8414101f80 0x7f8414102390 unknown :-1 s=NONE pgs=0 cs=0 l=0 rev1=0 crypto rx=0 tx=0 comp rx=0 tx=0).connect
2024-09-20T23:16:30.534 INFO:teuthology.orchestra.run.smithi148.stdout:/usr/bin/ceph: stderr
2024-09-20T23:16:29.608+0000 7f841c2a5640 1 -- --> [v2:172.21.15.148:3300/0,v1:172.21.15.148:6789/0] -- mon_getmap magic: 0 v1 -- 0x7f84141028d0 con 0x7f8414101f80
2024-09-20T23:16:30.534 INFO:teuthology.orchestra.run.smithi148.stdout:/usr/bin/ceph: stderr
2024-09-20T23:16:29.608+0000 7f841a041640 1 --2- >> [v2:172.21.15.148:3300/0,v1:172.21.15.148:6789/0] conn(0x7f8414101f80 0x7f8414102390 unknown :-1 s=BANNER_CONNECTING pgs=0 cs=0 l=0 rev1=0 crypto rx=0 tx=0 comp rx=0 tx=0)._handle_peer_banner_payload supported=3 required=0
2024-09-20T23:16:30.534 INFO:teuthology.orchestra.run.smithi148.stdout:/usr/bin/ceph: stderr
2024-09-20T23:16:29.608+0000 7f841a041640 1 --2- >> [v2:172.21.15.148:3300/0,v1:172.21.15.148:6789/0] conn(0x7f8414101f80 0x7f8414102390 unknown :-1 s=HELLO_CONNECTING pgs=0 cs=0 l=0 rev1=1 crypto rx=0 tx=0 comp rx=0 tx=0).handle_hello peer v2:172.21.15.148:3300/0 says I am v2:172.21.15.148:47608/0 (socket says 172.21.15.148:47608)
2024-09-20T23:16:30.534 INFO:teuthology.orchestra.run.smithi148.stdout:/usr/bin/ceph: stderr
2024-09-20T23:16:29.608+0000 7f841a041640 1 -- 172.21.15.148:0/3685771661 learned_addr learned my addr 172.21.15.148:0/3685771661 (peer_addr_for_me v2:172.21.15.148:0/0)
2024-09-20T23:16:30.534 INFO:teuthology.orchestra.run.smithi148.stdout:/usr/bin/ceph: stderr
2024-09-20T23:16:29.608+0000 7f841a041640 1 -- 172.21.15.148:0/3685771661 --> [v2:172.21.15.148:3300/0,v1:172.21.15.148:6789/0] -- mon_subscribe({config=0+,monmap=0+}) v3 -- 0x7f8414102a10 con 0x7f8414101f80
2024-09-20T23:16:30.534 INFO:teuthology.orchestra.run.smithi148.stdout:/usr/bin/ceph: stderr
2024-09-20T23:16:29.609+0000 7f841a041640 1 --2- 172.21.15.148:0/3685771661 >> [v2:172.21.15.148:3300/0,v1:172.21.15.148:6789/0] conn(0x7f8414101f80 0x7f8414102390 secure :-1 s=READY pgs=20 cs=0 l=1 rev1=1 crypto rx=0x7f8410009840 tx=0x7f84100091d0 comp rx=0 tx=0).ready entity=mon.0 client_cookie=1f0eb95d831dd5b server_cookie=0 in_seq=0 out_seq=0
2024-09-20T23:16:30.534 INFO:teuthology.orchestra.run.smithi148.stdout:/usr/bin/ceph: stderr
2024-09-20T23:16:29.609+0000 7f841903f640 1 -- 172.21.15.148:0/3685771661 <== mon.0 v2:172.21.15.148:3300/0 1 ==== mon_map magic: 0 v1 ==== 229+0+0 (secure 0 0 0) 0x7f8410032440 con 0x7f8414101f80
2024-09-20T23:16:30.535 INFO:teuthology.orchestra.run.smithi148.stdout:/usr/bin/ceph: stderr
2024-09-20T23:16:29.609+0000 7f841903f640 1 -- 172.21.15.148:0/3685771661 <== mon.0 v2:172.21.15.148:3300/0 2 ==== config(26 keys) v1 ==== 1005+0+0 (secure 0 0 0) 0x7f8410032a00 con 0x7f8414101f80
2024-09-20T23:16:30.535 INFO:teuthology.orchestra.run.smithi148.stdout:/usr/bin/ceph: stderr
2024-09-20T23:16:29.609+0000 7f841903f640 1 -- 172.21.15.148:0/3685771661 <== mon.0 v2:172.21.15.148:3300/0 3 ==== mon_map magic: 0 v1 ==== 229+0+0 (secure 0 0 0) 0x7f84100319e0 con 0x7f8414101f80
2024-09-20T23:16:30.535 INFO:teuthology.orchestra.run.smithi148.stdout:/usr/bin/ceph: stderr
2024-09-20T23:16:29.609+0000 7f841c2a5640 1 -- 172.21.15.148:0/3685771661 >> [v2:172.21.15.148:3300/0,v1:172.21.15.148:6789/0] conn(0x7f8414101f80 msgr2=0x7f8414102390 secure :-1 s=STATE_CONNECTION_ESTABLISHED l=1).mark_down
2024-09-20T23:16:30.535 INFO:teuthology.orchestra.run.smithi148.stdout:/usr/bin/ceph: stderr
2024-09-20T23:16:29.609+0000 7f841c2a5640 1 --2- 172.21.15.148:0/3685771661 >> [v2:172.21.15.148:3300/0,v1:172.21.15.148:6789/0] conn(0x7f8414101f80 0x7f8414102390 secure :-1 s=READY pgs=20 cs=0 l=1 rev1=1 crypto rx=0x7f8410009840 tx=0x7f84100091d0 comp rx=0 tx=0).stop
2024-09-20T23:16:30.535 INFO:teuthology.orchestra.run.smithi148.stdout:/usr/bin/ceph: stderr
2024-09-20T23:16:29.610+0000 7f841c2a5640 1 -- 172.21.15.148:0/3685771661 shutdown_connections
2024-09-20T23:16:30.535 INFO:teuthology.orchestra.run.smithi148.stdout:/usr/bin/ceph: stderr
2024-09-20T23:16:29.610+0000 7f841c2a5640 1 --2- 172.21.15.148:0/3685771661 >> [v2:172.21.15.148:3300/0,v1:172.21.15.148:6789/0] conn(0x7f8414101f80 0x7f8414102390 unknown :-1 s=CLOSED pgs=20 cs=0 l=1 rev1=1 crypto rx=0 tx=0 comp rx=0 tx=0).stop
2024-09-20T23:16:30.535 INFO:teuthology.orchestra.run.smithi148.stdout:/usr/bin/ceph: stderr
2024-09-20T23:16:29.610+0000 7f841c2a5640 1 -- 172.21.15.148:0/3685771661 >> 172.21.15.148:0/3685771661 conn(0x7f84140fd7a0 msgr2=0x7f84140ffbb0 unknown :-1 s=STATE_NONE l=0).mark_down
2024-09-20T23:16:30.535 INFO:teuthology.orchestra.run.smithi148.stdout:/usr/bin/ceph: stderr
2024-09-20T23:16:29.610+0000 7f841c2a5640 1 -- 172.21.15.148:0/3685771661 shutdown_connections
2024-09-20T23:16:30.535 INFO:teuthology.orchestra.run.smithi148.stdout:/usr/bin/ceph: stderr
2024-09-20T23:16:29.610+0000 7f841c2a5640 1 -- 172.21.15.148:0/3685771661 wait complete.
2024-09-20T23:16:30.535 INFO:teuthology.orchestra.run.smithi148.stdout:/usr/bin/ceph: stderr
2024-09-20T23:16:29.610+0000 7f841c2a5640 1 Processor -- start
2024-09-20T23:16:30.535 INFO:teuthology.orchestra.run.smithi148.stdout:/usr/bin/ceph: stderr
2024-09-20T23:16:29.610+0000 7f841c2a5640 1 -- start start
2024-09-20T23:16:30.535 INFO:teuthology.orchestra.run.smithi148.stdout:/usr/bin/ceph: stderr
2024-09-20T23:16:29.610+0000 7f841c2a5640 1 --2- >> [v2:172.21.15.148:3300/0,v1:172.21.15.148:6789/0] conn(0x7f8414101f80 0x7f8414110e30 unknown :-1 s=NONE pgs=0 cs=0 l=1 rev1=0 crypto rx=0 tx=0 comp rx=0 tx=0).connect
2024-09-20T23:16:30.535 INFO:teuthology.orchestra.run.smithi148.stdout:/usr/bin/ceph: stderr
2024-09-20T23:16:29.610+0000 7f841c2a5640 1 -- --> [v2:172.21.15.148:3300/0,v1:172.21.15.148:6789/0] -- mon_getmap magic: 0 v1 -- 0x7f8414111370 con 0x7f8414101f80
2024-09-20T23:16:30.535 INFO:teuthology.orchestra.run.smithi148.stdout:/usr/bin/ceph: stderr
2024-09-20T23:16:29.610+0000 7f841a041640 1 --2- >> [v2:172.21.15.148:3300/0,v1:172.21.15.148:6789/0] conn(0x7f8414101f80 0x7f8414110e30 unknown :-1 s=BANNER_CONNECTING pgs=0 cs=0 l=1 rev1=0 crypto rx=0 tx=0 comp rx=0 tx=0)._handle_peer_banner_payload supported=3 required=0
2024-09-20T23:16:30.535 INFO:teuthology.orchestra.run.smithi148.stdout:/usr/bin/ceph: stderr
2024-09-20T23:16:29.610+0000 7f841a041640 1 --2- >> [v2:172.21.15.148:3300/0,v1:172.21.15.148:6789/0] conn(0x7f8414101f80 0x7f8414110e30 unknown :-1 s=HELLO_CONNECTING pgs=0 cs=0 l=1 rev1=1 crypto rx=0 tx=0 comp rx=0 tx=0).handle_hello peer v2:172.21.15.148:3300/0 says I am v2:172.21.15.148:47620/0 (socket says 172.21.15.148:47620)
2024-09-20T23:16:30.535 INFO:teuthology.orchestra.run.smithi148.stdout:/usr/bin/ceph: stderr
2024-09-20T23:16:29.610+0000 7f841a041640 1 -- 172.21.15.148:0/815966306 learned_addr learned my addr 172.21.15.148:0/815966306 (peer_addr_for_me v2:172.21.15.148:0/0)
2024-09-20T23:16:30.536 INFO:teuthology.orchestra.run.smithi148.stdout:/usr/bin/ceph: stderr
2024-09-20T23:16:29.611+0000 7f841a041640 1 -- 172.21.15.148:0/815966306 --> [v2:172.21.15.148:3300/0,v1:172.21.15.148:6789/0] -- mon_subscribe({config=0+,monmap=0+}) v3 -- 0x7f8410009450 con 0x7f8414101f80
2024-09-20T23:16:30.536 INFO:teuthology.orchestra.run.smithi148.stdout:/usr/bin/ceph: stderr
2024-09-20T23:16:29.611+0000 7f841a041640 1 --2- 172.21.15.148:0/815966306 >> [v2:172.21.15.148:3300/0,v1:172.21.15.148:6789/0] conn(0x7f8414101f80 0x7f8414110e30 secure :-1 s=READY pgs=21 cs=0 l=1 rev1=1 crypto rx=0x7f8410000c00 tx=0x7f8410008040 comp rx=0 tx=0).ready entity=mon.0 client_cookie=0 server_cookie=0 in_seq=0 out_seq=0
2024-09-20T23:16:30.536 INFO:teuthology.orchestra.run.smithi148.stdout:/usr/bin/ceph: stderr
2024-09-20T23:16:29.611+0000 7f840affd640 1 -- 172.21.15.148:0/815966306 <== mon.0 v2:172.21.15.148:3300/0 1 ==== mon_map magic: 0 v1 ==== 229+0+0 (secure 0 0 0) 0x7f841003d450 con 0x7f8414101f80
2024-09-20T23:16:30.536 INFO:teuthology.orchestra.run.smithi148.stdout:/usr/bin/ceph: stderr
2024-09-20T23:16:29.611+0000 7f840affd640 1 -- 172.21.15.148:0/815966306 <== mon.0 v2:172.21.15.148:3300/0 2 ==== config(26 keys) v1 ==== 1005+0+0 (secure 0 0 0) 0x7f841003da10 con 0x7f8414101f80
2024-09-20T23:16:30.536 INFO:teuthology.orchestra.run.smithi148.stdout:/usr/bin/ceph: stderr
2024-09-20T23:16:29.611+0000 7f840affd640 1 -- 172.21.15.148:0/815966306 <== mon.0 v2:172.21.15.148:3300/0 3 ==== mon_map magic: 0 v1 ==== 229+0+0 (secure 0 0 0) 0x7f841003b880 con 0x7f8414101f80
2024-09-20T23:16:30.536 INFO:teuthology.orchestra.run.smithi148.stdout:/usr/bin/ceph: stderr
2024-09-20T23:16:29.611+0000 7f841c2a5640 1 -- 172.21.15.148:0/815966306 --> [v2:172.21.15.148:3300/0,v1:172.21.15.148:6789/0] -- mon_subscribe({mgrmap=0+}) v3 -- 0x7f8414111570 con 0x7f8414101f80
2024-09-20T23:16:30.536 INFO:teuthology.orchestra.run.smithi148.stdout:/usr/bin/ceph: stderr
2024-09-20T23:16:29.611+0000 7f841c2a5640 1 -- 172.21.15.148:0/815966306 --> [v2:172.21.15.148:3300/0,v1:172.21.15.148:6789/0] -- mon_subscribe({osdmap=0}) v3 -- 0x7f8414111fc0 con 0x7f8414101f80
2024-09-20T23:16:30.536 INFO:teuthology.orchestra.run.smithi148.stdout:/usr/bin/ceph: stderr
2024-09-20T23:16:29.612+0000 7f840affd640 1 -- 172.21.15.148:0/815966306 <== mon.0 v2:172.21.15.148:3300/0 4 ==== mgrmap(e 4) v1 ==== 45496+0+0 (secure 0 0 0) 0x7f8410039070 con 0x7f8414101f80
2024-09-20T23:16:30.536 INFO:teuthology.orchestra.run.smithi148.stdout:/usr/bin/ceph: stderr
2024-09-20T23:16:29.612+0000 7f840affd640 1 --2- 172.21.15.148:0/815966306 >> [v2:172.21.15.148:6800/1963046567,v1:172.21.15.148:6801/1963046567] conn(0x7f8400039490 0x7f840003b940 unknown :-1 s=NONE pgs=0 cs=0 l=1 rev1=0 crypto rx=0 tx=0 comp rx=0 tx=0).connect
2024-09-20T23:16:30.536 INFO:teuthology.orchestra.run.smithi148.stdout:/usr/bin/ceph: stderr
2024-09-20T23:16:29.612+0000 7f841c2a5640 1 -- 172.21.15.148:0/815966306 --> [v2:172.21.15.148:3300/0,v1:172.21.15.148:6789/0] -- mon_command({"prefix": "get_command_descriptions"} v 0) v1 -- 0x7f84141013e0 con 0x7f8414101f80
2024-09-20T23:16:30.536 INFO:teuthology.orchestra.run.smithi148.stdout:/usr/bin/ceph: stderr
2024-09-20T23:16:29.612+0000 7f840affd640 1 -- 172.21.15.148:0/815966306 <== mon.0 v2:172.21.15.148:3300/0 5 ==== osd_map(1..1 src has 1..1) v4 ==== 721+0+0 (secure 0 0 0) 0x7f841006d0c0 con 0x7f8414101f80
2024-09-20T23:16:30.536 INFO:teuthology.orchestra.run.smithi148.stdout:/usr/bin/ceph: stderr
2024-09-20T23:16:29.612+0000 7f8419840640 1 --2- 172.21.15.148:0/815966306 >> [v2:172.21.15.148:6800/1963046567,v1:172.21.15.148:6801/1963046567] conn(0x7f8400039490 0x7f840003b940 unknown :-1 s=BANNER_CONNECTING pgs=0 cs=0 l=1 rev1=0 crypto rx=0 tx=0 comp rx=0 tx=0)._handle_peer_banner_payload supported=3 required=0
2024-09-20T23:16:30.536 INFO:teuthology.orchestra.run.smithi148.stdout:/usr/bin/ceph: stderr
2024-09-20T23:16:29.613+0000 7f8419840640 1 --2- 172.21.15.148:0/815966306 >> [v2:172.21.15.148:6800/1963046567,v1:172.21.15.148:6801/1963046567] conn(0x7f8400039490 0x7f840003b940 secure :-1 s=READY pgs=8 cs=0 l=1 rev1=1 crypto rx=0x7f8404006fd0 tx=0x7f8404006db0 comp rx=0 tx=0).ready entity=mgr.14100 client_cookie=0 server_cookie=0 in_seq=0 out_seq=0
2024-09-20T23:16:30.536 INFO:teuthology.orchestra.run.smithi148.stdout:/usr/bin/ceph: stderr
2024-09-20T23:16:29.617+0000 7f840affd640 1 -- 172.21.15.148:0/815966306 <== mon.0 v2:172.21.15.148:3300/0 6 ==== mon_command_ack([{"prefix": "get_command_descriptions"}]=0 v0) v1 ==== 72+0+176781 (secure 0 0 0) 0x7f841004e7c0 con 0x7f8414101f80
2024-09-20T23:16:30.536 INFO:teuthology.orchestra.run.smithi148.stdout:/usr/bin/ceph: stderr
2024-09-20T23:16:29.816+0000 7f841c2a5640 1 -- 172.21.15.148:0/815966306 --> [v2:172.21.15.148:3300/0,v1:172.21.15.148:6789/0] -- mon_command({"prefix": "mgr module enable", "module": "cephadm"} v 0) v1 -- 0x7f841404b720 con 0x7f8414101f80
2024-09-20T23:16:30.537 INFO:teuthology.orchestra.run.smithi148.stdout:/usr/bin/ceph: stderr
2024-09-20T23:16:29.964+0000 7f840affd640 1 -- 172.21.15.148:0/815966306 <== mon.0 v2:172.21.15.148:3300/0 7 ==== mgrmap(e 5) v1 ==== 45507+0+0 (secure 0 0 0) 0x7f841006e070 con 0x7f8414101f80
2024-09-20T23:16:30.537 INFO:teuthology.orchestra.run.smithi148.stdout:/usr/bin/ceph: stderr
2024-09-20T23:16:29.965+0000 7f840affd640 1 -- 172.21.15.148:0/815966306 <== mon.0 v2:172.21.15.148:3300/0 8 ==== mon_command_ack([{"prefix": "mgr module enable", "module": "cephadm"}]=0 v5) v1 ==== 86+0+0 (secure 0 0 0) 0x7f8410045590 con 0x7f8414101f80
2024-09-20T23:16:30.537 INFO:teuthology.orchestra.run.smithi148.stdout:/usr/bin/ceph: stderr
2024-09-20T23:16:29.967+0000 7f841c2a5640 1 -- 172.21.15.148:0/815966306 >> [v2:172.21.15.148:6800/1963046567,v1:172.21.15.148:6801/1963046567] conn(0x7f8400039490 msgr2=0x7f840003b940 secure :-1 s=STATE_CONNECTION_ESTABLISHED l=1).mark_down
2024-09-20T23:16:30.537 INFO:teuthology.orchestra.run.smithi148.stdout:/usr/bin/ceph: stderr
2024-09-20T23:16:29.967+0000 7f841c2a5640 1 --2- 172.21.15.148:0/815966306 >> [v2:172.21.15.148:6800/1963046567,v1:172.21.15.148:6801/1963046567] conn(0x7f8400039490 0x7f840003b940 secure :-1 s=READY pgs=8 cs=0 l=1 rev1=1 crypto rx=0x7f8404006fd0 tx=0x7f8404006db0 comp rx=0 tx=0).stop
2024-09-20T23:16:30.537 INFO:teuthology.orchestra.run.smithi148.stdout:/usr/bin/ceph: stderr
2024-09-20T23:16:29.967+0000 7f841c2a5640 1 -- 172.21.15.148:0/815966306 >> [v2:172.21.15.148:3300/0,v1:172.21.15.148:6789/0] conn(0x7f8414101f80 msgr2=0x7f8414110e30 secure :-1 s=STATE_CONNECTION_ESTABLISHED l=1).mark_down
2024-09-20T23:16:30.537 INFO:teuthology.orchestra.run.smithi148.stdout:/usr/bin/ceph: stderr
2024-09-20T23:16:29.967+0000 7f841c2a5640 1 --2- 172.21.15.148:0/815966306 >> [v2:172.21.15.148:3300/0,v1:172.21.15.148:6789/0] conn(0x7f8414101f80 0x7f8414110e30 secure :-1 s=READY pgs=21 cs=0 l=1 rev1=1 crypto rx=0x7f8410000c00 tx=0x7f8410008040 comp rx=0 tx=0).stop
2024-09-20T23:16:30.537 INFO:teuthology.orchestra.run.smithi148.stdout:/usr/bin/ceph: stderr
2024-09-20T23:16:29.967+0000 7f841c2a5640 1 -- 172.21.15.148:0/815966306 shutdown_connections
2024-09-20T23:16:30.537 INFO:teuthology.orchestra.run.smithi148.stdout:/usr/bin/ceph: stderr
2024-09-20T23:16:29.967+0000 7f841c2a5640 1 --2- 172.21.15.148:0/815966306 >> [v2:172.21.15.148:6800/1963046567,v1:172.21.15.148:6801/1963046567] conn(0x7f8400039490 0x7f840003b940 unknown :-1 s=CLOSED pgs=8 cs=0 l=1 rev1=1 crypto rx=0 tx=0 comp rx=0 tx=0).stop
2024-09-20T23:16:30.537 INFO:teuthology.orchestra.run.smithi148.stdout:/usr/bin/ceph: stderr
2024-09-20T23:16:29.967+0000 7f841c2a5640 1 --2- 172.21.15.148:0/815966306 >> [v2:172.21.15.148:3300/0,v1:172.21.15.148:6789/0] conn(0x7f8414101f80 0x7f8414110e30 unknown :-1 s=CLOSED pgs=21 cs=0 l=1 rev1=1 crypto rx=0 tx=0 comp rx=0 tx=0).stop
2024-09-20T23:16:30.537 INFO:teuthology.orchestra.run.smithi148.stdout:/usr/bin/ceph: stderr
2024-09-20T23:16:29.967+0000 7f841c2a5640 1 -- 172.21.15.148:0/815966306 >> 172.21.15.148:0/815966306 conn(0x7f84140fd7a0 msgr2=0x7f84140fe320 unknown :-1 s=STATE_NONE l=0).mark_down
2024-09-20T23:16:30.537 INFO:teuthology.orchestra.run.smithi148.stdout:/usr/bin/ceph: stderr
2024-09-20T23:16:29.967+0000 7f841c2a5640 1 -- 172.21.15.148:0/815966306 shutdown_connections
2024-09-20T23:16:30.537 INFO:teuthology.orchestra.run.smithi148.stdout:/usr/bin/ceph: stderr
2024-09-20T23:16:29.967+0000 7f841c2a5640 1 -- 172.21.15.148:0/815966306 wait complete.
2024-09-20T23:16:30.988 INFO:journalctl@ceph.mon.smithi148.smithi148.stdout:Sep 20 23:16:30 smithi148 ceph-mon[27920]: from='client.? 172.21.15.148:0/815966306' entity='client.admin' cmd='[{"prefix": "mgr module enable", "module": "cephadm"}]': finished
2024-09-20T23:16:30.988 INFO:journalctl@ceph.mon.smithi148.smithi148.stdout:Sep 20 23:16:30 smithi148 ceph-mon[27920]: mgrmap e5: smithi148.lsnldh(active, since 5s)
2024-09-20T23:16:31.958 INFO:teuthology.orchestra.run.smithi148.stdout:/usr/bin/ceph: stdout {
2024-09-20T23:16:31.958 INFO:teuthology.orchestra.run.smithi148.stdout:/usr/bin/ceph: stdout "epoch": 5,
2024-09-20T23:16:31.958 INFO:teuthology.orchestra.run.smithi148.stdout:/usr/bin/ceph: stdout "available": true,
2024-09-20T23:16:31.958 INFO:teuthology.orchestra.run.smithi148.stdout:/usr/bin/ceph: stdout "active_name": "smithi148.lsnldh",
2024-09-20T23:16:31.958 INFO:teuthology.orchestra.run.smithi148.stdout:/usr/bin/ceph: stdout "num_standby": 0
2024-09-20T23:16:31.958 INFO:teuthology.orchestra.run.smithi148.stdout:/usr/bin/ceph: stdout }
2024-09-20T23:16:31.958 INFO:teuthology.orchestra.run.smithi148.stdout:/usr/bin/ceph: stderr
2024-09-20T23:16:30.977+0000 7f57ec22b640 1 Processor -- start
2024-09-20T23:16:31.958 INFO:teuthology.orchestra.run.smithi148.stdout:/usr/bin/ceph: stderr
2024-09-20T23:16:30.978+0000 7f57ec22b640 1 -- start start
2024-09-20T23:16:31.958 INFO:teuthology.orchestra.run.smithi148.stdout:/usr/bin/ceph: stderr
2024-09-20T23:16:30.978+0000 7f57ec22b640 1 --2- >> [v2:172.21.15.148:3300/0,v1:172.21.15.148:6789/0] conn(0x7f57e4076b70 0x7f57e4104b80 unknown :-1 s=NONE pgs=0 cs=0 l=0 rev1=0 crypto rx=0 tx=0 comp rx=0 tx=0).connect
2024-09-20T23:16:31.958 INFO:teuthology.orchestra.run.smithi148.stdout:/usr/bin/ceph: stderr
2024-09-20T23:16:30.978+0000 7f57ec22b640 1 -- --> [v2:172.21.15.148:3300/0,v1:172.21.15.148:6789/0] -- mon_getmap magic: 0 v1 -- 0x7f57e41050c0 con 0x7f57e4076b70
2024-09-20T23:16:31.959 INFO:teuthology.orchestra.run.smithi148.stdout:/usr/bin/ceph: stderr
2024-09-20T23:16:30.978+0000 7f57e9fc7640 1 --2- >> [v2:172.21.15.148:3300/0,v1:172.21.15.148:6789/0] conn(0x7f57e4076b70 0x7f57e4104b80 unknown :-1 s=BANNER_CONNECTING pgs=0 cs=0 l=0 rev1=0 crypto rx=0 tx=0 comp rx=0 tx=0)._handle_peer_banner_payload supported=3 required=0
2024-09-20T23:16:31.959 INFO:teuthology.orchestra.run.smithi148.stdout:/usr/bin/ceph: stderr
2024-09-20T23:16:30.978+0000 7f57e9fc7640 1 --2- >> [v2:172.21.15.148:3300/0,v1:172.21.15.148:6789/0] conn(0x7f57e4076b70 0x7f57e4104b80 unknown :-1 s=HELLO_CONNECTING pgs=0 cs=0 l=0 rev1=1 crypto rx=0 tx=0 comp rx=0 tx=0).handle_hello peer v2:172.21.15.148:3300/0 says I am v2:172.21.15.148:47656/0 (socket says 172.21.15.148:47656)
2024-09-20T23:16:31.959 INFO:teuthology.orchestra.run.smithi148.stdout:/usr/bin/ceph: stderr
2024-09-20T23:16:30.978+0000 7f57e9fc7640 1 -- 172.21.15.148:0/2843954081 learned_addr learned my addr 172.21.15.148:0/2843954081 (peer_addr_for_me v2:172.21.15.148:0/0)
2024-09-20T23:16:31.959 INFO:teuthology.orchestra.run.smithi148.stdout:/usr/bin/ceph: stderr
2024-09-20T23:16:30.978+0000 7f57e9fc7640 1 -- 172.21.15.148:0/2843954081 --> [v2:172.21.15.148:3300/0,v1:172.21.15.148:6789/0] -- mon_subscribe({config=0+,monmap=0+}) v3 -- 0x7f57e4105200 con 0x7f57e4076b70
2024-09-20T23:16:31.959 INFO:teuthology.orchestra.run.smithi148.stdout:/usr/bin/ceph: stderr
2024-09-20T23:16:30.979+0000 7f57e9fc7640 1 --2- 172.21.15.148:0/2843954081 >> [v2:172.21.15.148:3300/0,v1:172.21.15.148:6789/0] conn(0x7f57e4076b70 0x7f57e4104b80 secure :-1 s=READY pgs=24 cs=0 l=1 rev1=1 crypto rx=0x7f57e0009840 tx=0x7f57e00091d0 comp rx=0 tx=0).ready entity=mon.0 client_cookie=11bdb05fb2162df4 server_cookie=0 in_seq=0 out_seq=0
2024-09-20T23:16:31.959 INFO:teuthology.orchestra.run.smithi148.stdout:/usr/bin/ceph: stderr
2024-09-20T23:16:30.979+0000 7f57e8fc5640 1 -- 172.21.15.148:0/2843954081 <== mon.0 v2:172.21.15.148:3300/0 1 ==== mon_map magic: 0 v1 ==== 229+0+0 (secure 0 0 0) 0x7f57e0032440 con 0x7f57e4076b70
2024-09-20T23:16:31.959 INFO:teuthology.orchestra.run.smithi148.stdout:/usr/bin/ceph: stderr
2024-09-20T23:16:30.979+0000 7f57e8fc5640 1 -- 172.21.15.148:0/2843954081 <== mon.0 v2:172.21.15.148:3300/0 2 ==== config(26 keys) v1 ==== 1005+0+0 (secure 0 0 0) 0x7f57e0032a00 con 0x7f57e4076b70
2024-09-20T23:16:31.959 INFO:teuthology.orchestra.run.smithi148.stdout:/usr/bin/ceph: stderr
2024-09-20T23:16:30.979+0000 7f57e8fc5640 1 -- 172.21.15.148:0/2843954081 <== mon.0 v2:172.21.15.148:3300/0 3 ==== mon_map magic: 0 v1 ==== 229+0+0 (secure 0 0 0) 0x7f57e0031a10 con 0x7f57e4076b70
2024-09-20T23:16:31.959 INFO:teuthology.orchestra.run.smithi148.stdout:/usr/bin/ceph: stderr
2024-09-20T23:16:30.980+0000 7f57ec22b640 1 -- 172.21.15.148:0/2843954081 >> [v2:172.21.15.148:3300/0,v1:172.21.15.148:6789/0] conn(0x7f57e4076b70 msgr2=0x7f57e4104b80 secure :-1 s=STATE_CONNECTION_ESTABLISHED l=1).mark_down
2024-09-20T23:16:31.959 INFO:teuthology.orchestra.run.smithi148.stdout:/usr/bin/ceph: stderr
2024-09-20T23:16:30.980+0000 7f57ec22b640 1 --2- 172.21.15.148:0/2843954081 >> [v2:172.21.15.148:3300/0,v1:172.21.15.148:6789/0] conn(0x7f57e4076b70 0x7f57e4104b80 secure :-1 s=READY pgs=24 cs=0 l=1 rev1=1 crypto rx=0x7f57e0009840 tx=0x7f57e00091d0 comp rx=0 tx=0).stop
2024-09-20T23:16:31.959 INFO:teuthology.orchestra.run.smithi148.stdout:/usr/bin/ceph: stderr
2024-09-20T23:16:30.980+0000 7f57ec22b640 1 -- 172.21.15.148:0/2843954081 shutdown_connections
2024-09-20T23:16:31.959 INFO:teuthology.orchestra.run.smithi148.stdout:/usr/bin/ceph: stderr
2024-09-20T23:16:30.980+0000 7f57ec22b640 1 --2- 172.21.15.148:0/2843954081 >> [v2:172.21.15.148:3300/0,v1:172.21.15.148:6789/0] conn(0x7f57e4076b70 0x7f57e4104b80 unknown :-1 s=CLOSED pgs=24 cs=0 l=1 rev1=1 crypto rx=0 tx=0 comp rx=0 tx=0).stop
2024-09-20T23:16:31.959 INFO:teuthology.orchestra.run.smithi148.stdout:/usr/bin/ceph: stderr
2024-09-20T23:16:30.980+0000 7f57ec22b640 1 -- 172.21.15.148:0/2843954081 >> 172.21.15.148:0/2843954081 conn(0x7f57e40fc6d0 msgr2=0x7f57e40feb20 unknown :-1 s=STATE_NONE l=0).mark_down
2024-09-20T23:16:31.960 INFO:teuthology.orchestra.run.smithi148.stdout:/usr/bin/ceph: stderr
2024-09-20T23:16:30.980+0000 7f57ec22b640 1 -- 172.21.15.148:0/2843954081 shutdown_connections
2024-09-20T23:16:31.960 INFO:teuthology.orchestra.run.smithi148.stdout:/usr/bin/ceph: stderr
2024-09-20T23:16:30.980+0000 7f57ec22b640 1 -- 172.21.15.148:0/2843954081 wait complete.
2024-09-20T23:16:31.960 INFO:teuthology.orchestra.run.smithi148.stdout:/usr/bin/ceph: stderr
2024-09-20T23:16:30.981+0000 7f57ec22b640 1 Processor -- start
2024-09-20T23:16:31.960 INFO:teuthology.orchestra.run.smithi148.stdout:/usr/bin/ceph: stderr
2024-09-20T23:16:30.981+0000 7f57ec22b640 1 -- start start
2024-09-20T23:16:31.960 INFO:teuthology.orchestra.run.smithi148.stdout:/usr/bin/ceph: stderr
2024-09-20T23:16:30.981+0000 7f57ec22b640 1 --2- >> [v2:172.21.15.148:3300/0,v1:172.21.15.148:6789/0] conn(0x7f57e4076b70 0x7f57e4110e00 unknown :-1 s=NONE pgs=0 cs=0 l=1 rev1=0 crypto rx=0 tx=0 comp rx=0 tx=0).connect
2024-09-20T23:16:31.960 INFO:teuthology.orchestra.run.smithi148.stdout:/usr/bin/ceph: stderr
2024-09-20T23:16:30.981+0000 7f57ec22b640 1 -- --> [v2:172.21.15.148:3300/0,v1:172.21.15.148:6789/0] -- mon_getmap magic: 0 v1 -- 0x7f57e4111340 con 0x7f57e4076b70
2024-09-20T23:16:31.960 INFO:teuthology.orchestra.run.smithi148.stdout:/usr/bin/ceph: stderr
2024-09-20T23:16:30.981+0000 7f57e9fc7640 1 --2- >> [v2:172.21.15.148:3300/0,v1:172.21.15.148:6789/0] conn(0x7f57e4076b70 0x7f57e4110e00 unknown :-1 s=BANNER_CONNECTING pgs=0 cs=0 l=1 rev1=0 crypto rx=0 tx=0 comp rx=0 tx=0)._handle_peer_banner_payload supported=3 required=0
2024-09-20T23:16:31.960 INFO:teuthology.orchestra.run.smithi148.stdout:/usr/bin/ceph: stderr
2024-09-20T23:16:30.981+0000 7f57e9fc7640 1 --2- >> [v2:172.21.15.148:3300/0,v1:172.21.15.148:6789/0] conn(0x7f57e4076b70 0x7f57e4110e00 unknown :-1 s=HELLO_CONNECTING pgs=0 cs=0 l=1 rev1=1 crypto rx=0 tx=0 comp rx=0 tx=0).handle_hello peer v2:172.21.15.148:3300/0 says I am v2:172.21.15.148:47666/0 (socket says 172.21.15.148:47666)
2024-09-20T23:16:31.960 INFO:teuthology.orchestra.run.smithi148.stdout:/usr/bin/ceph: stderr
2024-09-20T23:16:30.981+0000 7f57e9fc7640 1 -- 172.21.15.148:0/3467371681 learned_addr learned my addr 172.21.15.148:0/3467371681 (peer_addr_for_me v2:172.21.15.148:0/0)
2024-09-20T23:16:31.960 INFO:teuthology.orchestra.run.smithi148.stdout:/usr/bin/ceph: stderr
2024-09-20T23:16:30.981+0000 7f57e9fc7640 1 -- 172.21.15.148:0/3467371681 --> [v2:172.21.15.148:3300/0,v1:172.21.15.148:6789/0] -- mon_subscribe({config=0+,monmap=0+}) v3 -- 0x7f57e0009450 con 0x7f57e4076b70
2024-09-20T23:16:31.960 INFO:teuthology.orchestra.run.smithi148.stdout:/usr/bin/ceph: stderr
2024-09-20T23:16:30.982+0000 7f57e9fc7640 1 --2- 172.21.15.148:0/3467371681 >> [v2:172.21.15.148:3300/0,v1:172.21.15.148:6789/0] conn(0x7f57e4076b70 0x7f57e4110e00 secure :-1 s=READY pgs=25 cs=0 l=1 rev1=1 crypto rx=0x7f57e00098a0 tx=0x7f57e002c040 comp rx=0 tx=0).ready entity=mon.0 client_cookie=0 server_cookie=0 in_seq=0 out_seq=0
2024-09-20T23:16:31.960 INFO:teuthology.orchestra.run.smithi148.stdout:/usr/bin/ceph: stderr
2024-09-20T23:16:30.982+0000 7f57da7fc640 1 -- 172.21.15.148:0/3467371681 <== mon.0 v2:172.21.15.148:3300/0 1 ==== mon_map magic: 0 v1 ==== 229+0+0 (secure 0 0 0) 0x7f57e00327b0 con 0x7f57e4076b70
2024-09-20T23:16:31.960 INFO:teuthology.orchestra.run.smithi148.stdout:/usr/bin/ceph: stderr
2024-09-20T23:16:30.982+0000 7f57da7fc640 1 -- 172.21.15.148:0/3467371681 <== mon.0 v2:172.21.15.148:3300/0 2 ==== config(26 keys) v1 ==== 1005+0+0 (secure 0 0 0) 0x7f57e003b870 con 0x7f57e4076b70
2024-09-20T23:16:31.961 INFO:teuthology.orchestra.run.smithi148.stdout:/usr/bin/ceph: stderr
2024-09-20T23:16:30.982+0000 7f57da7fc640 1 -- 172.21.15.148:0/3467371681 <== mon.0 v2:172.21.15.148:3300/0 3 ==== mon_map magic: 0 v1 ==== 229+0+0 (secure 0 0 0) 0x7f57e003a550 con 0x7f57e4076b70
2024-09-20T23:16:31.961 INFO:teuthology.orchestra.run.smithi148.stdout:/usr/bin/ceph: stderr
2024-09-20T23:16:30.982+0000 7f57ec22b640 1 -- 172.21.15.148:0/3467371681 --> [v2:172.21.15.148:3300/0,v1:172.21.15.148:6789/0] -- mon_subscribe({mgrmap=0+}) v3 -- 0x7f57e4111540 con 0x7f57e4076b70
2024-09-20T23:16:31.961 INFO:teuthology.orchestra.run.smithi148.stdout:/usr/bin/ceph: stderr
2024-09-20T23:16:30.982+0000 7f57ec22b640 1 -- 172.21.15.148:0/3467371681 --> [v2:172.21.15.148:3300/0,v1:172.21.15.148:6789/0] -- mon_subscribe({osdmap=0}) v3 -- 0x7f57e4111f90 con 0x7f57e4076b70
2024-09-20T23:16:31.961 INFO:teuthology.orchestra.run.smithi148.stdout:/usr/bin/ceph: stderr
2024-09-20T23:16:30.983+0000 7f57ec22b640 1 -- 172.21.15.148:0/3467371681 --> [v2:172.21.15.148:3300/0,v1:172.21.15.148:6789/0] -- mon_command({"prefix": "get_command_descriptions"} v 0) v1 -- 0x7f57e41002f0 con 0x7f57e4076b70
2024-09-20T23:16:31.961 INFO:teuthology.orchestra.run.smithi148.stdout:/usr/bin/ceph: stderr
2024-09-20T23:16:30.983+0000 7f57da7fc640 1 -- 172.21.15.148:0/3467371681 <== mon.0 v2:172.21.15.148:3300/0 4 ==== mgrmap(e 5) v1 ==== 45507+0+0 (secure 0 0 0) 0x7f57e0039040 con 0x7f57e4076b70
2024-09-20T23:16:31.961 INFO:teuthology.orchestra.run.smithi148.stdout:/usr/bin/ceph: stderr
2024-09-20T23:16:30.983+0000 7f57da7fc640 1 --2- 172.21.15.148:0/3467371681 >> [v2:172.21.15.148:6800/1963046567,v1:172.21.15.148:6801/1963046567] conn(0x7f57d00394e0 0x7f57d003b990 unknown :-1 s=NONE pgs=0 cs=0 l=1 rev1=0 crypto rx=0 tx=0 comp rx=0 tx=0).connect
2024-09-20T23:16:31.961 INFO:teuthology.orchestra.run.smithi148.stdout:/usr/bin/ceph: stderr
2024-09-20T23:16:30.983+0000 7f57da7fc640 1 -- 172.21.15.148:0/3467371681 <== mon.0 v2:172.21.15.148:3300/0 5 ==== osd_map(1..1 src has 1..1) v4 ==== 721+0+0 (secure 0 0 0) 0x7f57e006c830 con 0x7f57e4076b70
2024-09-20T23:16:31.961 INFO:teuthology.orchestra.run.smithi148.stdout:/usr/bin/ceph: stderr
2024-09-20T23:16:30.983+0000 7f57e97c6640 1 -- 172.21.15.148:0/3467371681 >> [v2:172.21.15.148:6800/1963046567,v1:172.21.15.148:6801/1963046567] conn(0x7f57d00394e0 msgr2=0x7f57d003b990 unknown :-1 s=STATE_CONNECTING_RE l=1).process reconnect failed to v2:172.21.15.148:6800/1963046567
2024-09-20T23:16:31.961 INFO:teuthology.orchestra.run.smithi148.stdout:/usr/bin/ceph: stderr
2024-09-20T23:16:30.983+0000 7f57e97c6640 1 --2- 172.21.15.148:0/3467371681 >> [v2:172.21.15.148:6800/1963046567,v1:172.21.15.148:6801/1963046567] conn(0x7f57d00394e0 0x7f57d003b990 unknown :-1 s=START_CONNECT pgs=0 cs=0 l=1 rev1=0 crypto rx=0 tx=0 comp rx=0 tx=0)._fault waiting 0.200000
2024-09-20T23:16:31.961 INFO:teuthology.orchestra.run.smithi148.stdout:/usr/bin/ceph: stderr
