2024-09-20T23:16:30.989+0000 7f57da7fc640 1 -- 172.21.15.148:0/3467371681 <== mon.0 v2:172.21.15.148:3300/0 6 ==== mon_command_ack([{"prefix": "get_command_descriptions"}]=0 v0) v1 ==== 72+0+176781 (secure 0 0 0) 0x7f57e003bd70 con 0x7f57e4076b70
2024-09-20T23:16:31.961 INFO:teuthology.orchestra.run.smithi148.stdout:/usr/bin/ceph: stderr
2024-09-20T23:16:31.184+0000 7f57e97c6640 1 -- 172.21.15.148:0/3467371681 >> [v2:172.21.15.148:6800/1963046567,v1:172.21.15.148:6801/1963046567] conn(0x7f57d00394e0 msgr2=0x7f57d003b990 unknown :-1 s=STATE_CONNECTING_RE l=1).process reconnect failed to v2:172.21.15.148:6800/1963046567
2024-09-20T23:16:31.961 INFO:teuthology.orchestra.run.smithi148.stdout:/usr/bin/ceph: stderr
2024-09-20T23:16:31.184+0000 7f57e97c6640 1 --2- 172.21.15.148:0/3467371681 >> [v2:172.21.15.148:6800/1963046567,v1:172.21.15.148:6801/1963046567] conn(0x7f57d00394e0 0x7f57d003b990 unknown :-1 s=START_CONNECT pgs=0 cs=0 l=1 rev1=0 crypto rx=0 tx=0 comp rx=0 tx=0)._fault waiting 0.400000
2024-09-20T23:16:31.961 INFO:teuthology.orchestra.run.smithi148.stdout:/usr/bin/ceph: stderr
2024-09-20T23:16:31.192+0000 7f57ec22b640 1 -- 172.21.15.148:0/3467371681 --> [v2:172.21.15.148:3300/0,v1:172.21.15.148:6789/0] -- mon_command({"prefix": "mgr stat"} v 0) v1 -- 0x7f57e4112390 con 0x7f57e4076b70
2024-09-20T23:16:31.962 INFO:teuthology.orchestra.run.smithi148.stdout:/usr/bin/ceph: stderr
2024-09-20T23:16:31.192+0000 7f57da7fc640 1 -- 172.21.15.148:0/3467371681 <== mon.0 v2:172.21.15.148:3300/0 7 ==== mon_command_ack([{"prefix": "mgr stat"}]=0 v5) v1 ==== 56+0+103 (secure 0 0 0) 0x7f57e003f070 con 0x7f57e4076b70
2024-09-20T23:16:31.962 INFO:teuthology.orchestra.run.smithi148.stdout:/usr/bin/ceph: stderr
2024-09-20T23:16:31.194+0000 7f57ec22b640 1 -- 172.21.15.148:0/3467371681 >> [v2:172.21.15.148:6800/1963046567,v1:172.21.15.148:6801/1963046567] conn(0x7f57d00394e0 msgr2=0x7f57d003b990 unknown :-1 s=STATE_CONNECTING l=1).mark_down
2024-09-20T23:16:31.962 INFO:teuthology.orchestra.run.smithi148.stdout:/usr/bin/ceph: stderr
2024-09-20T23:16:31.194+0000 7f57ec22b640 1 --2- 172.21.15.148:0/3467371681 >> [v2:172.21.15.148:6800/1963046567,v1:172.21.15.148:6801/1963046567] conn(0x7f57d00394e0 0x7f57d003b990 unknown :-1 s=START_CONNECT pgs=0 cs=0 l=1 rev1=0 crypto rx=0 tx=0 comp rx=0 tx=0).stop
2024-09-20T23:16:31.962 INFO:teuthology.orchestra.run.smithi148.stdout:/usr/bin/ceph: stderr
2024-09-20T23:16:31.194+0000 7f57ec22b640 1 -- 172.21.15.148:0/3467371681 >> [v2:172.21.15.148:3300/0,v1:172.21.15.148:6789/0] conn(0x7f57e4076b70 msgr2=0x7f57e4110e00 secure :-1 s=STATE_CONNECTION_ESTABLISHED l=1).mark_down
2024-09-20T23:16:31.962 INFO:teuthology.orchestra.run.smithi148.stdout:/usr/bin/ceph: stderr
2024-09-20T23:16:31.194+0000 7f57ec22b640 1 --2- 172.21.15.148:0/3467371681 >> [v2:172.21.15.148:3300/0,v1:172.21.15.148:6789/0] conn(0x7f57e4076b70 0x7f57e4110e00 secure :-1 s=READY pgs=25 cs=0 l=1 rev1=1 crypto rx=0x7f57e00098a0 tx=0x7f57e002c040 comp rx=0 tx=0).stop
2024-09-20T23:16:31.962 INFO:teuthology.orchestra.run.smithi148.stdout:/usr/bin/ceph: stderr
2024-09-20T23:16:31.194+0000 7f57ec22b640 1 -- 172.21.15.148:0/3467371681 shutdown_connections
2024-09-20T23:16:31.962 INFO:teuthology.orchestra.run.smithi148.stdout:/usr/bin/ceph: stderr
2024-09-20T23:16:31.194+0000 7f57ec22b640 1 --2- 172.21.15.148:0/3467371681 >> [v2:172.21.15.148:6800/1963046567,v1:172.21.15.148:6801/1963046567] conn(0x7f57d00394e0 0x7f57d003b990 unknown :-1 s=CLOSED pgs=0 cs=0 l=1 rev1=0 crypto rx=0 tx=0 comp rx=0 tx=0).stop
2024-09-20T23:16:31.962 INFO:teuthology.orchestra.run.smithi148.stdout:/usr/bin/ceph: stderr
2024-09-20T23:16:31.194+0000 7f57ec22b640 1 --2- 172.21.15.148:0/3467371681 >> [v2:172.21.15.148:3300/0,v1:172.21.15.148:6789/0] conn(0x7f57e4076b70 0x7f57e4110e00 unknown :-1 s=CLOSED pgs=25 cs=0 l=1 rev1=1 crypto rx=0 tx=0 comp rx=0 tx=0).stop
2024-09-20T23:16:31.962 INFO:teuthology.orchestra.run.smithi148.stdout:/usr/bin/ceph: stderr
2024-09-20T23:16:31.194+0000 7f57ec22b640 1 -- 172.21.15.148:0/3467371681 >> 172.21.15.148:0/3467371681 conn(0x7f57e40fc6d0 msgr2=0x7f57e40fd330 unknown :-1 s=STATE_NONE l=0).mark_down
2024-09-20T23:16:31.962 INFO:teuthology.orchestra.run.smithi148.stdout:/usr/bin/ceph: stderr
2024-09-20T23:16:31.194+0000 7f57ec22b640 1 -- 172.21.15.148:0/3467371681 shutdown_connections
2024-09-20T23:16:31.962 INFO:teuthology.orchestra.run.smithi148.stdout:/usr/bin/ceph: stderr
2024-09-20T23:16:31.194+0000 7f57ec22b640 1 -- 172.21.15.148:0/3467371681 wait complete.
2024-09-20T23:16:31.962 INFO:teuthology.orchestra.run.smithi148.stdout:Waiting for the mgr to restart...
2024-09-20T23:16:31.962 INFO:teuthology.orchestra.run.smithi148.stdout:Waiting for mgr epoch 5...
2024-09-20T23:16:32.166 INFO:journalctl@ceph.mon.smithi148.smithi148.stdout:Sep 20 23:16:31 smithi148 ceph-mon[27920]: from='client.? 172.21.15.148:0/3467371681' entity='client.admin' cmd=[{"prefix": "mgr stat"}]: dispatch
2024-09-20T23:16:34.483 INFO:journalctl@ceph.mon.smithi148.smithi148.stdout:Sep 20 23:16:34 smithi148 ceph-mon[27920]: Active manager daemon smithi148.lsnldh restarted
2024-09-20T23:16:34.483 INFO:journalctl@ceph.mon.smithi148.smithi148.stdout:Sep 20 23:16:34 smithi148 ceph-mon[27920]: Activating manager daemon smithi148.lsnldh
2024-09-20T23:16:34.483 INFO:journalctl@ceph.mon.smithi148.smithi148.stdout:Sep 20 23:16:34 smithi148 ceph-mon[27920]: osdmap e2: 0 total, 0 up, 0 in
2024-09-20T23:16:34.483 INFO:journalctl@ceph.mon.smithi148.smithi148.stdout:Sep 20 23:16:34 smithi148 ceph-mon[27920]: mgrmap e6: smithi148.lsnldh(active, starting, since 0.00397061s)
2024-09-20T23:16:34.483 INFO:journalctl@ceph.mon.smithi148.smithi148.stdout:Sep 20 23:16:34 smithi148 ceph-mon[27920]: from='mgr.14118 172.21.15.148:0/56139432' entity='mgr.smithi148.lsnldh' cmd=[{"prefix": "mon metadata", "id": "smithi148"}]: dispatch
2024-09-20T23:16:34.483 INFO:journalctl@ceph.mon.smithi148.smithi148.stdout:Sep 20 23:16:34 smithi148 ceph-mon[27920]: from='mgr.14118 172.21.15.148:0/56139432' entity='mgr.smithi148.lsnldh' cmd=[{"prefix": "mgr metadata", "who": "smithi148.lsnldh", "id": "smithi148.lsnldh"}]: dispatch
2024-09-20T23:16:34.483 INFO:journalctl@ceph.mon.smithi148.smithi148.stdout:Sep 20 23:16:34 smithi148 ceph-mon[27920]: from='mgr.14118 172.21.15.148:0/56139432' entity='mgr.smithi148.lsnldh' cmd=[{"prefix": "mds metadata"}]: dispatch
2024-09-20T23:16:34.483 INFO:journalctl@ceph.mon.smithi148.smithi148.stdout:Sep 20 23:16:34 smithi148 ceph-mon[27920]: from='mgr.14118 172.21.15.148:0/56139432' entity='mgr.smithi148.lsnldh' cmd=[{"prefix": "osd metadata"}]: dispatch
2024-09-20T23:16:34.484 INFO:journalctl@ceph.mon.smithi148.smithi148.stdout:Sep 20 23:16:34 smithi148 ceph-mon[27920]: from='mgr.14118 172.21.15.148:0/56139432' entity='mgr.smithi148.lsnldh' cmd=[{"prefix": "mon metadata"}]: dispatch
2024-09-20T23:16:34.484 INFO:journalctl@ceph.mon.smithi148.smithi148.stdout:Sep 20 23:16:34 smithi148 ceph-mon[27920]: Manager daemon smithi148.lsnldh is now available
2024-09-20T23:16:34.484 INFO:journalctl@ceph.mon.smithi148.smithi148.stdout:Sep 20 23:16:34 smithi148 ceph-mon[27920]: from='mgr.14118 172.21.15.148:0/56139432' entity='mgr.smithi148.lsnldh'
2024-09-20T23:16:34.484 INFO:journalctl@ceph.mon.smithi148.smithi148.stdout:Sep 20 23:16:34 smithi148 ceph-mon[27920]: from='mgr.14118 172.21.15.148:0/56139432' entity='mgr.smithi148.lsnldh'
2024-09-20T23:16:34.484 INFO:journalctl@ceph.mon.smithi148.smithi148.stdout:Sep 20 23:16:34 smithi148 ceph-mon[27920]: from='mgr.14118 172.21.15.148:0/56139432' entity='mgr.smithi148.lsnldh' cmd=[{"prefix": "config dump", "format": "json"}]: dispatch
2024-09-20T23:16:34.484 INFO:journalctl@ceph.mon.smithi148.smithi148.stdout:Sep 20 23:16:34 smithi148 ceph-mon[27920]: from='mgr.14118 172.21.15.148:0/56139432' entity='mgr.smithi148.lsnldh' cmd=[{"prefix": "config dump", "format": "json"}]: dispatch
2024-09-20T23:16:34.484 INFO:journalctl@ceph.mon.smithi148.smithi148.stdout:Sep 20 23:16:34 smithi148 ceph-mon[27920]: from='mgr.14118 172.21.15.148:0/56139432' entity='mgr.smithi148.lsnldh' cmd=[{"prefix":"config rm","who":"mgr","name":"mgr/rbd_support/smithi148.lsnldh/mirror_snapshot_schedule"}]: dispatch
2024-09-20T23:16:34.484 INFO:journalctl@ceph.mon.smithi148.smithi148.stdout:Sep 20 23:16:34 smithi148 ceph-mon[27920]: from='mgr.14118 172.21.15.148:0/56139432' entity='mgr.smithi148.lsnldh' cmd=[{"prefix":"config rm","who":"mgr","name":"mgr/rbd_support/smithi148.lsnldh/trash_purge_schedule"}]: dispatch
2024-09-20T23:16:35.616 INFO:journalctl@ceph.mon.smithi148.smithi148.stdout:Sep 20 23:16:35 smithi148 ceph-mon[27920]: Found migration_current of "None". Setting to last migration.
2024-09-20T23:16:35.616 INFO:journalctl@ceph.mon.smithi148.smithi148.stdout:Sep 20 23:16:35 smithi148 ceph-mon[27920]: mgrmap e7: smithi148.lsnldh(active, since 1.00539s)
2024-09-20T23:16:35.915 INFO:teuthology.orchestra.run.smithi148.stdout:/usr/bin/ceph: stdout {
2024-09-20T23:16:35.915 INFO:teuthology.orchestra.run.smithi148.stdout:/usr/bin/ceph: stdout "mgrmap_epoch": 7,
2024-09-20T23:16:35.916 INFO:teuthology.orchestra.run.smithi148.stdout:/usr/bin/ceph: stdout "initialized": true
2024-09-20T23:16:35.916 INFO:teuthology.orchestra.run.smithi148.stdout:/usr/bin/ceph: stdout }
2024-09-20T23:16:35.916 INFO:teuthology.orchestra.run.smithi148.stdout:/usr/bin/ceph: stderr
2024-09-20T23:16:32.384+0000 7fc98a421640 1 Processor -- start
2024-09-20T23:16:35.916 INFO:teuthology.orchestra.run.smithi148.stdout:/usr/bin/ceph: stderr
2024-09-20T23:16:32.384+0000 7fc98a421640 1 -- start start
2024-09-20T23:16:35.916 INFO:teuthology.orchestra.run.smithi148.stdout:/usr/bin/ceph: stderr
2024-09-20T23:16:32.384+0000 7fc98a421640 1 --2- >> [v2:172.21.15.148:3300/0,v1:172.21.15.148:6789/0] conn(0x7fc984101fa0 0x7fc9841023b0 unknown :-1 s=NONE pgs=0 cs=0 l=0 rev1=0 crypto rx=0 tx=0 comp rx=0 tx=0).connect
2024-09-20T23:16:35.916 INFO:teuthology.orchestra.run.smithi148.stdout:/usr/bin/ceph: stderr
2024-09-20T23:16:32.384+0000 7fc98a421640 1 -- --> [v2:172.21.15.148:3300/0,v1:172.21.15.148:6789/0] -- mon_getmap magic: 0 v1 -- 0x7fc9841028f0 con 0x7fc984101fa0
2024-09-20T23:16:35.916 INFO:teuthology.orchestra.run.smithi148.stdout:/usr/bin/ceph: stderr
2024-09-20T23:16:32.384+0000 7fc983fff640 1 --2- >> [v2:172.21.15.148:3300/0,v1:172.21.15.148:6789/0] conn(0x7fc984101fa0 0x7fc9841023b0 unknown :-1 s=BANNER_CONNECTING pgs=0 cs=0 l=0 rev1=0 crypto rx=0 tx=0 comp rx=0 tx=0)._handle_peer_banner_payload supported=3 required=0
2024-09-20T23:16:35.916 INFO:teuthology.orchestra.run.smithi148.stdout:/usr/bin/ceph: stderr
2024-09-20T23:16:32.384+0000 7fc983fff640 1 --2- >> [v2:172.21.15.148:3300/0,v1:172.21.15.148:6789/0] conn(0x7fc984101fa0 0x7fc9841023b0 unknown :-1 s=HELLO_CONNECTING pgs=0 cs=0 l=0 rev1=1 crypto rx=0 tx=0 comp rx=0 tx=0).handle_hello peer v2:172.21.15.148:3300/0 says I am v2:172.21.15.148:47682/0 (socket says 172.21.15.148:47682)
2024-09-20T23:16:35.916 INFO:teuthology.orchestra.run.smithi148.stdout:/usr/bin/ceph: stderr
2024-09-20T23:16:32.384+0000 7fc983fff640 1 -- 172.21.15.148:0/831757697 learned_addr learned my addr 172.21.15.148:0/831757697 (peer_addr_for_me v2:172.21.15.148:0/0)
2024-09-20T23:16:35.916 INFO:teuthology.orchestra.run.smithi148.stdout:/usr/bin/ceph: stderr
2024-09-20T23:16:32.384+0000 7fc983fff640 1 -- 172.21.15.148:0/831757697 --> [v2:172.21.15.148:3300/0,v1:172.21.15.148:6789/0] -- mon_subscribe({config=0+,monmap=0+}) v3 -- 0x7fc984102a30 con 0x7fc984101fa0
2024-09-20T23:16:35.916 INFO:teuthology.orchestra.run.smithi148.stdout:/usr/bin/ceph: stderr
2024-09-20T23:16:32.385+0000 7fc983fff640 1 --2- 172.21.15.148:0/831757697 >> [v2:172.21.15.148:3300/0,v1:172.21.15.148:6789/0] conn(0x7fc984101fa0 0x7fc9841023b0 secure :-1 s=READY pgs=26 cs=0 l=1 rev1=1 crypto rx=0x7fc974009840 tx=0x7fc9740091d0 comp rx=0 tx=0).ready entity=mon.0 client_cookie=64500a8bf48a5f9c server_cookie=0 in_seq=0 out_seq=0
2024-09-20T23:16:35.916 INFO:teuthology.orchestra.run.smithi148.stdout:/usr/bin/ceph: stderr
2024-09-20T23:16:32.385+0000 7fc982ffd640 1 -- 172.21.15.148:0/831757697 <== mon.0 v2:172.21.15.148:3300/0 1 ==== mon_map magic: 0 v1 ==== 229+0+0 (secure 0 0 0) 0x7fc974032440 con 0x7fc984101fa0
2024-09-20T23:16:35.917 INFO:teuthology.orchestra.run.smithi148.stdout:/usr/bin/ceph: stderr
2024-09-20T23:16:32.385+0000 7fc982ffd640 1 -- 172.21.15.148:0/831757697 <== mon.0 v2:172.21.15.148:3300/0 2 ==== config(26 keys) v1 ==== 1005+0+0 (secure 0 0 0) 0x7fc974032a00 con 0x7fc984101fa0
2024-09-20T23:16:35.917 INFO:teuthology.orchestra.run.smithi148.stdout:/usr/bin/ceph: stderr
2024-09-20T23:16:32.385+0000 7fc982ffd640 1 -- 172.21.15.148:0/831757697 <== mon.0 v2:172.21.15.148:3300/0 3 ==== mon_map magic: 0 v1 ==== 229+0+0 (secure 0 0 0) 0x7fc9740319e0 con 0x7fc984101fa0
2024-09-20T23:16:35.917 INFO:teuthology.orchestra.run.smithi148.stdout:/usr/bin/ceph: stderr
2024-09-20T23:16:32.386+0000 7fc98a421640 1 -- 172.21.15.148:0/831757697 >> [v2:172.21.15.148:3300/0,v1:172.21.15.148:6789/0] conn(0x7fc984101fa0 msgr2=0x7fc9841023b0 secure :-1 s=STATE_CONNECTION_ESTABLISHED l=1).mark_down
2024-09-20T23:16:35.917 INFO:teuthology.orchestra.run.smithi148.stdout:/usr/bin/ceph: stderr
2024-09-20T23:16:32.386+0000 7fc98a421640 1 --2- 172.21.15.148:0/831757697 >> [v2:172.21.15.148:3300/0,v1:172.21.15.148:6789/0] conn(0x7fc984101fa0 0x7fc9841023b0 secure :-1 s=READY pgs=26 cs=0 l=1 rev1=1 crypto rx=0x7fc974009840 tx=0x7fc9740091d0 comp rx=0 tx=0).stop
2024-09-20T23:16:35.917 INFO:teuthology.orchestra.run.smithi148.stdout:/usr/bin/ceph: stderr
2024-09-20T23:16:32.386+0000 7fc98a421640 1 -- 172.21.15.148:0/831757697 shutdown_connections
2024-09-20T23:16:35.917 INFO:teuthology.orchestra.run.smithi148.stdout:/usr/bin/ceph: stderr
2024-09-20T23:16:32.386+0000 7fc98a421640 1 --2- 172.21.15.148:0/831757697 >> [v2:172.21.15.148:3300/0,v1:172.21.15.148:6789/0] conn(0x7fc984101fa0 0x7fc9841023b0 unknown :-1 s=CLOSED pgs=26 cs=0 l=1 rev1=1 crypto rx=0 tx=0 comp rx=0 tx=0).stop
2024-09-20T23:16:35.917 INFO:teuthology.orchestra.run.smithi148.stdout:/usr/bin/ceph: stderr
2024-09-20T23:16:32.386+0000 7fc98a421640 1 -- 172.21.15.148:0/831757697 >> 172.21.15.148:0/831757697 conn(0x7fc9840fd740 msgr2=0x7fc9840ffb50 unknown :-1 s=STATE_NONE l=0).mark_down
2024-09-20T23:16:35.917 INFO:teuthology.orchestra.run.smithi148.stdout:/usr/bin/ceph: stderr
2024-09-20T23:16:32.386+0000 7fc98a421640 1 -- 172.21.15.148:0/831757697 shutdown_connections
2024-09-20T23:16:35.917 INFO:teuthology.orchestra.run.smithi148.stdout:/usr/bin/ceph: stderr
2024-09-20T23:16:32.386+0000 7fc98a421640 1 -- 172.21.15.148:0/831757697 wait complete.
2024-09-20T23:16:35.917 INFO:teuthology.orchestra.run.smithi148.stdout:/usr/bin/ceph: stderr
2024-09-20T23:16:32.386+0000 7fc98a421640 1 Processor -- start
2024-09-20T23:16:35.917 INFO:teuthology.orchestra.run.smithi148.stdout:/usr/bin/ceph: stderr
2024-09-20T23:16:32.387+0000 7fc98a421640 1 -- start start
2024-09-20T23:16:35.917 INFO:teuthology.orchestra.run.smithi148.stdout:/usr/bin/ceph: stderr
2024-09-20T23:16:32.387+0000 7fc98a421640 1 --2- >> [v2:172.21.15.148:3300/0,v1:172.21.15.148:6789/0] conn(0x7fc984101fa0 0x7fc984110de0 unknown :-1 s=NONE pgs=0 cs=0 l=1 rev1=0 crypto rx=0 tx=0 comp rx=0 tx=0).connect
2024-09-20T23:16:35.917 INFO:teuthology.orchestra.run.smithi148.stdout:/usr/bin/ceph: stderr
2024-09-20T23:16:32.387+0000 7fc98a421640 1 -- --> [v2:172.21.15.148:3300/0,v1:172.21.15.148:6789/0] -- mon_getmap magic: 0 v1 -- 0x7fc984111320 con 0x7fc984101fa0
2024-09-20T23:16:35.917 INFO:teuthology.orchestra.run.smithi148.stdout:/usr/bin/ceph: stderr
2024-09-20T23:16:32.387+0000 7fc983fff640 1 --2- >> [v2:172.21.15.148:3300/0,v1:172.21.15.148:6789/0] conn(0x7fc984101fa0 0x7fc984110de0 unknown :-1 s=BANNER_CONNECTING pgs=0 cs=0 l=1 rev1=0 crypto rx=0 tx=0 comp rx=0 tx=0)._handle_peer_banner_payload supported=3 required=0
2024-09-20T23:16:35.917 INFO:teuthology.orchestra.run.smithi148.stdout:/usr/bin/ceph: stderr
2024-09-20T23:16:32.387+0000 7fc983fff640 1 --2- >> [v2:172.21.15.148:3300/0,v1:172.21.15.148:6789/0] conn(0x7fc984101fa0 0x7fc984110de0 unknown :-1 s=HELLO_CONNECTING pgs=0 cs=0 l=1 rev1=1 crypto rx=0 tx=0 comp rx=0 tx=0).handle_hello peer v2:172.21.15.148:3300/0 says I am v2:172.21.15.148:47694/0 (socket says 172.21.15.148:47694)
2024-09-20T23:16:35.917 INFO:teuthology.orchestra.run.smithi148.stdout:/usr/bin/ceph: stderr
2024-09-20T23:16:32.387+0000 7fc983fff640 1 -- 172.21.15.148:0/1877498784 learned_addr learned my addr 172.21.15.148:0/1877498784 (peer_addr_for_me v2:172.21.15.148:0/0)
2024-09-20T23:16:35.918 INFO:teuthology.orchestra.run.smithi148.stdout:/usr/bin/ceph: stderr
2024-09-20T23:16:32.387+0000 7fc983fff640 1 -- 172.21.15.148:0/1877498784 --> [v2:172.21.15.148:3300/0,v1:172.21.15.148:6789/0] -- mon_subscribe({config=0+,monmap=0+}) v3 -- 0x7fc974009450 con 0x7fc984101fa0
2024-09-20T23:16:35.918 INFO:teuthology.orchestra.run.smithi148.stdout:/usr/bin/ceph: stderr
2024-09-20T23:16:32.387+0000 7fc983fff640 1 --2- 172.21.15.148:0/1877498784 >> [v2:172.21.15.148:3300/0,v1:172.21.15.148:6789/0] conn(0x7fc984101fa0 0x7fc984110de0 secure :-1 s=READY pgs=27 cs=0 l=1 rev1=1 crypto rx=0x7fc9740098a0 tx=0x7fc974008040 comp rx=0 tx=0).ready entity=mon.0 client_cookie=0 server_cookie=0 in_seq=0 out_seq=0
2024-09-20T23:16:35.918 INFO:teuthology.orchestra.run.smithi148.stdout:/usr/bin/ceph: stderr
2024-09-20T23:16:32.387+0000 7fc980ff9640 1 -- 172.21.15.148:0/1877498784 <== mon.0 v2:172.21.15.148:3300/0 1 ==== mon_map magic: 0 v1 ==== 229+0+0 (secure 0 0 0) 0x7fc974032880 con 0x7fc984101fa0
2024-09-20T23:16:35.918 INFO:teuthology.orchestra.run.smithi148.stdout:/usr/bin/ceph: stderr
2024-09-20T23:16:32.387+0000 7fc98a421640 1 -- 172.21.15.148:0/1877498784 --> [v2:172.21.15.148:3300/0,v1:172.21.15.148:6789/0] -- mon_subscribe({mgrmap=0+}) v3 -- 0x7fc984111520 con 0x7fc984101fa0
2024-09-20T23:16:35.918 INFO:teuthology.orchestra.run.smithi148.stdout:/usr/bin/ceph: stderr
2024-09-20T23:16:32.387+0000 7fc980ff9640 1 -- 172.21.15.148:0/1877498784 <== mon.0 v2:172.21.15.148:3300/0 2 ==== config(26 keys) v1 ==== 1005+0+0 (secure 0 0 0) 0x7fc97403d8b0 con 0x7fc984101fa0
2024-09-20T23:16:35.918 INFO:teuthology.orchestra.run.smithi148.stdout:/usr/bin/ceph: stderr
2024-09-20T23:16:32.388+0000 7fc980ff9640 1 -- 172.21.15.148:0/1877498784 <== mon.0 v2:172.21.15.148:3300/0 3 ==== mon_map magic: 0 v1 ==== 229+0+0 (secure 0 0 0) 0x7fc97403b910 con 0x7fc984101fa0
2024-09-20T23:16:35.918 INFO:teuthology.orchestra.run.smithi148.stdout:/usr/bin/ceph: stderr
2024-09-20T23:16:32.388+0000 7fc98a421640 1 -- 172.21.15.148:0/1877498784 --> [v2:172.21.15.148:3300/0,v1:172.21.15.148:6789/0] -- mon_subscribe({osdmap=0}) v3 -- 0x7fc984111f70 con 0x7fc984101fa0
2024-09-20T23:16:35.918 INFO:teuthology.orchestra.run.smithi148.stdout:/usr/bin/ceph: stderr
2024-09-20T23:16:32.388+0000 7fc980ff9640 1 -- 172.21.15.148:0/1877498784 <== mon.0 v2:172.21.15.148:3300/0 4 ==== mgrmap(e 5) v1 ==== 45507+0+0 (secure 0 0 0) 0x7fc974039070 con 0x7fc984101fa0
2024-09-20T23:16:35.918 INFO:teuthology.orchestra.run.smithi148.stdout:/usr/bin/ceph: stderr
2024-09-20T23:16:32.388+0000 7fc980ff9640 1 --2- 172.21.15.148:0/1877498784 >> [v2:172.21.15.148:6800/1963046567,v1:172.21.15.148:6801/1963046567] conn(0x7fc96c039490 0x7fc96c03b940 unknown :-1 s=NONE pgs=0 cs=0 l=1 rev1=0 crypto rx=0 tx=0 comp rx=0 tx=0).connect
2024-09-20T23:16:35.918 INFO:teuthology.orchestra.run.smithi148.stdout:/usr/bin/ceph: stderr
2024-09-20T23:16:32.388+0000 7fc98a421640 1 -- 172.21.15.148:0/1877498784 --> [v2:172.21.15.148:6800/1963046567,v1:172.21.15.148:6801/1963046567] -- command(tid 0: {"prefix": "get_command_descriptions"}) v1 -- 0x7fc984101400 con 0x7fc96c039490
2024-09-20T23:16:35.918 INFO:teuthology.orchestra.run.smithi148.stdout:/usr/bin/ceph: stderr
2024-09-20T23:16:32.389+0000 7fc980ff9640 1 -- 172.21.15.148:0/1877498784 <== mon.0 v2:172.21.15.148:3300/0 5 ==== osd_map(1..1 src has 1..1) v4 ==== 721+0+0 (secure 0 0 0) 0x7fc97406df60 con 0x7fc984101fa0
2024-09-20T23:16:35.918 INFO:teuthology.orchestra.run.smithi148.stdout:/usr/bin/ceph: stderr
2024-09-20T23:16:32.389+0000 7fc9837fe640 1 -- 172.21.15.148:0/1877498784 >> [v2:172.21.15.148:6800/1963046567,v1:172.21.15.148:6801/1963046567] conn(0x7fc96c039490 msgr2=0x7fc96c03b940 unknown :-1 s=STATE_CONNECTING_RE l=1).process reconnect failed to v2:172.21.15.148:6800/1963046567
2024-09-20T23:16:35.918 INFO:teuthology.orchestra.run.smithi148.stdout:/usr/bin/ceph: stderr
2024-09-20T23:16:32.389+0000 7fc9837fe640 1 --2- 172.21.15.148:0/1877498784 >> [v2:172.21.15.148:6800/1963046567,v1:172.21.15.148:6801/1963046567] conn(0x7fc96c039490 0x7fc96c03b940 unknown :-1 s=START_CONNECT pgs=0 cs=0 l=1 rev1=0 crypto rx=0 tx=0 comp rx=0 tx=0)._fault waiting 0.200000
2024-09-20T23:16:35.918 INFO:teuthology.orchestra.run.smithi148.stdout:/usr/bin/ceph: stderr
2024-09-20T23:16:32.590+0000 7fc9837fe640 1 -- 172.21.15.148:0/1877498784 >> [v2:172.21.15.148:6800/1963046567,v1:172.21.15.148:6801/1963046567] conn(0x7fc96c039490 msgr2=0x7fc96c03b940 unknown :-1 s=STATE_CONNECTING_RE l=1).process reconnect failed to v2:172.21.15.148:6800/1963046567
2024-09-20T23:16:35.919 INFO:teuthology.orchestra.run.smithi148.stdout:/usr/bin/ceph: stderr
2024-09-20T23:16:32.590+0000 7fc9837fe640 1 --2- 172.21.15.148:0/1877498784 >> [v2:172.21.15.148:6800/1963046567,v1:172.21.15.148:6801/1963046567] conn(0x7fc96c039490 0x7fc96c03b940 unknown :-1 s=START_CONNECT pgs=0 cs=0 l=1 rev1=0 crypto rx=0 tx=0 comp rx=0 tx=0)._fault waiting 0.400000
2024-09-20T23:16:35.919 INFO:teuthology.orchestra.run.smithi148.stdout:/usr/bin/ceph: stderr
2024-09-20T23:16:32.991+0000 7fc9837fe640 1 -- 172.21.15.148:0/1877498784 >> [v2:172.21.15.148:6800/1963046567,v1:172.21.15.148:6801/1963046567] conn(0x7fc96c039490 msgr2=0x7fc96c03b940 unknown :-1 s=STATE_CONNECTING_RE l=1).process reconnect failed to v2:172.21.15.148:6800/1963046567
2024-09-20T23:16:35.919 INFO:teuthology.orchestra.run.smithi148.stdout:/usr/bin/ceph: stderr
2024-09-20T23:16:32.991+0000 7fc9837fe640 1 --2- 172.21.15.148:0/1877498784 >> [v2:172.21.15.148:6800/1963046567,v1:172.21.15.148:6801/1963046567] conn(0x7fc96c039490 0x7fc96c03b940 unknown :-1 s=START_CONNECT pgs=0 cs=0 l=1 rev1=0 crypto rx=0 tx=0 comp rx=0 tx=0)._fault waiting 0.800000
2024-09-20T23:16:35.919 INFO:teuthology.orchestra.run.smithi148.stdout:/usr/bin/ceph: stderr
2024-09-20T23:16:33.792+0000 7fc9837fe640 1 -- 172.21.15.148:0/1877498784 >> [v2:172.21.15.148:6800/1963046567,v1:172.21.15.148:6801/1963046567] conn(0x7fc96c039490 msgr2=0x7fc96c03b940 unknown :-1 s=STATE_CONNECTING_RE l=1).process reconnect failed to v2:172.21.15.148:6800/1963046567
2024-09-20T23:16:35.919 INFO:teuthology.orchestra.run.smithi148.stdout:/usr/bin/ceph: stderr
2024-09-20T23:16:33.792+0000 7fc9837fe640 1 --2- 172.21.15.148:0/1877498784 >> [v2:172.21.15.148:6800/1963046567,v1:172.21.15.148:6801/1963046567] conn(0x7fc96c039490 0x7fc96c03b940 unknown :-1 s=START_CONNECT pgs=0 cs=0 l=1 rev1=0 crypto rx=0 tx=0 comp rx=0 tx=0)._fault waiting 1.600000
2024-09-20T23:16:35.919 INFO:teuthology.orchestra.run.smithi148.stdout:/usr/bin/ceph: stderr
2024-09-20T23:16:34.350+0000 7fc980ff9640 1 -- 172.21.15.148:0/1877498784 <== mon.0 v2:172.21.15.148:3300/0 6 ==== mgrmap(e 6) v1 ==== 45274+0+0 (secure 0 0 0) 0x7fc97406d460 con 0x7fc984101fa0
2024-09-20T23:16:35.919 INFO:teuthology.orchestra.run.smithi148.stdout:/usr/bin/ceph: stderr
2024-09-20T23:16:34.350+0000 7fc980ff9640 1 -- 172.21.15.148:0/1877498784 >> [v2:172.21.15.148:6800/1963046567,v1:172.21.15.148:6801/1963046567] conn(0x7fc96c039490 msgr2=0x7fc96c03b940 unknown :-1 s=STATE_CONNECTING l=1).mark_down
2024-09-20T23:16:35.919 INFO:teuthology.orchestra.run.smithi148.stdout:/usr/bin/ceph: stderr
2024-09-20T23:16:34.350+0000 7fc980ff9640 1 --2- 172.21.15.148:0/1877498784 >> [v2:172.21.15.148:6800/1963046567,v1:172.21.15.148:6801/1963046567] conn(0x7fc96c039490 0x7fc96c03b940 unknown :-1 s=START_CONNECT pgs=0 cs=0 l=1 rev1=0 crypto rx=0 tx=0 comp rx=0 tx=0).stop
2024-09-20T23:16:35.919 INFO:teuthology.orchestra.run.smithi148.stdout:/usr/bin/ceph: stderr
2024-09-20T23:16:35.350+0000 7fc980ff9640 1 -- 172.21.15.148:0/1877498784 <== mon.0 v2:172.21.15.148:3300/0 7 ==== mgrmap(e 7) v1 ==== 45401+0+0 (secure 0 0 0) 0x7fc97404e350 con 0x7fc984101fa0
2024-09-20T23:16:35.919 INFO:teuthology.orchestra.run.smithi148.stdout:/usr/bin/ceph: stderr
2024-09-20T23:16:35.350+0000 7fc980ff9640 1 --2- 172.21.15.148:0/1877498784 >> [v2:172.21.15.148:6800/4157375141,v1:172.21.15.148:6801/4157375141] conn(0x7fc96c03cc40 0x7fc96c03f020 unknown :-1 s=NONE pgs=0 cs=0 l=1 rev1=0 crypto rx=0 tx=0 comp rx=0 tx=0).connect
2024-09-20T23:16:35.919 INFO:teuthology.orchestra.run.smithi148.stdout:/usr/bin/ceph: stderr
2024-09-20T23:16:35.350+0000 7fc980ff9640 1 -- 172.21.15.148:0/1877498784 --> [v2:172.21.15.148:6800/4157375141,v1:172.21.15.148:6801/4157375141] -- command(tid 0: {"prefix": "get_command_descriptions"}) v1 -- 0x7fc984101400 con 0x7fc96c03cc40
2024-09-20T23:16:35.919 INFO:teuthology.orchestra.run.smithi148.stdout:/usr/bin/ceph: stderr
2024-09-20T23:16:35.351+0000 7fc9837fe640 1 --2- 172.21.15.148:0/1877498784 >> [v2:172.21.15.148:6800/4157375141,v1:172.21.15.148:6801/4157375141] conn(0x7fc96c03cc40 0x7fc96c03f020 unknown :-1 s=BANNER_CONNECTING pgs=0 cs=0 l=1 rev1=0 crypto rx=0 tx=0 comp rx=0 tx=0)._handle_peer_banner_payload supported=3 required=0
2024-09-20T23:16:35.919 INFO:teuthology.orchestra.run.smithi148.stdout:/usr/bin/ceph: stderr
2024-09-20T23:16:35.351+0000 7fc9837fe640 1 --2- 172.21.15.148:0/1877498784 >> [v2:172.21.15.148:6800/4157375141,v1:172.21.15.148:6801/4157375141] conn(0x7fc96c03cc40 0x7fc96c03f020 secure :-1 s=READY pgs=1 cs=0 l=1 rev1=1 crypto rx=0x7fc978003940 tx=0x7fc978009350 comp rx=0 tx=0).ready entity=mgr.14118 client_cookie=0 server_cookie=0 in_seq=0 out_seq=0
2024-09-20T23:16:35.919 INFO:teuthology.orchestra.run.smithi148.stdout:/usr/bin/ceph: stderr
2024-09-20T23:16:35.352+0000 7fc980ff9640 1 -- 172.21.15.148:0/1877498784 <== mgr.14118 v2:172.21.15.148:6800/4157375141 1 ==== command_reply(tid 0: 0 ) v1 ==== 8+0+6549 (secure 0 0 0) 0x7fc984101400 con 0x7fc96c03cc40
2024-09-20T23:16:35.919 INFO:teuthology.orchestra.run.smithi148.stdout:/usr/bin/ceph: stderr
2024-09-20T23:16:35.357+0000 7fc98a421640 1 -- 172.21.15.148:0/1877498784 --> [v2:172.21.15.148:6800/4157375141,v1:172.21.15.148:6801/4157375141] -- command(tid 1: {"prefix": "mgr_status"}) v1 -- 0x7fc98404b720 con 0x7fc96c03cc40
2024-09-20T23:16:35.920 INFO:teuthology.orchestra.run.smithi148.stdout:/usr/bin/ceph: stderr
2024-09-20T23:16:35.357+0000 7fc980ff9640 1 -- 172.21.15.148:0/1877498784 <== mgr.14118 v2:172.21.15.148:6800/4157375141 2 ==== command_reply(tid 1: 0 ) v1 ==== 8+0+51 (secure 0 0 0) 0x7fc98404b720 con 0x7fc96c03cc40
2024-09-20T23:16:35.920 INFO:teuthology.orchestra.run.smithi148.stdout:/usr/bin/ceph: stderr
2024-09-20T23:16:35.357+0000 7fc98a421640 1 -- 172.21.15.148:0/1877498784 >> [v2:172.21.15.148:6800/4157375141,v1:172.21.15.148:6801/4157375141] conn(0x7fc96c03cc40 msgr2=0x7fc96c03f020 secure :-1 s=STATE_CONNECTION_ESTABLISHED l=1).mark_down
2024-09-20T23:16:35.920 INFO:teuthology.orchestra.run.smithi148.stdout:/usr/bin/ceph: stderr
2024-09-20T23:16:35.357+0000 7fc98a421640 1 --2- 172.21.15.148:0/1877498784 >> [v2:172.21.15.148:6800/4157375141,v1:172.21.15.148:6801/4157375141] conn(0x7fc96c03cc40 0x7fc96c03f020 secure :-1 s=READY pgs=1 cs=0 l=1 rev1=1 crypto rx=0x7fc978003940 tx=0x7fc978009350 comp rx=0 tx=0).stop
2024-09-20T23:16:35.920 INFO:teuthology.orchestra.run.smithi148.stdout:/usr/bin/ceph: stderr
2024-09-20T23:16:35.357+0000 7fc98a421640 1 -- 172.21.15.148:0/1877498784 >> [v2:172.21.15.148:3300/0,v1:172.21.15.148:6789/0] conn(0x7fc984101fa0 msgr2=0x7fc984110de0 secure :-1 s=STATE_CONNECTION_ESTABLISHED l=1).mark_down
2024-09-20T23:16:35.920 INFO:teuthology.orchestra.run.smithi148.stdout:/usr/bin/ceph: stderr
2024-09-20T23:16:35.358+0000 7fc98a421640 1 --2- 172.21.15.148:0/1877498784 >> [v2:172.21.15.148:3300/0,v1:172.21.15.148:6789/0] conn(0x7fc984101fa0 0x7fc984110de0 secure :-1 s=READY pgs=27 cs=0 l=1 rev1=1 crypto rx=0x7fc9740098a0 tx=0x7fc974008040 comp rx=0 tx=0).stop
2024-09-20T23:16:35.920 INFO:teuthology.orchestra.run.smithi148.stdout:/usr/bin/ceph: stderr
2024-09-20T23:16:35.358+0000 7fc98a421640 1 -- 172.21.15.148:0/1877498784 shutdown_connections
2024-09-20T23:16:35.920 INFO:teuthology.orchestra.run.smithi148.stdout:/usr/bin/ceph: stderr
2024-09-20T23:16:35.358+0000 7fc98a421640 1 --2- 172.21.15.148:0/1877498784 >> [v2:172.21.15.148:6800/4157375141,v1:172.21.15.148:6801/4157375141] conn(0x7fc96c03cc40 0x7fc96c03f020 unknown :-1 s=CLOSED pgs=1 cs=0 l=1 rev1=1 crypto rx=0 tx=0 comp rx=0 tx=0).stop
2024-09-20T23:16:35.920 INFO:teuthology.orchestra.run.smithi148.stdout:/usr/bin/ceph: stderr
2024-09-20T23:16:35.358+0000 7fc98a421640 1 --2- 172.21.15.148:0/1877498784 >> [v2:172.21.15.148:6800/1963046567,v1:172.21.15.148:6801/1963046567] conn(0x7fc96c039490 0x7fc96c03b940 unknown :-1 s=CLOSED pgs=0 cs=0 l=1 rev1=0 crypto rx=0 tx=0 comp rx=0 tx=0).stop
2024-09-20T23:16:35.921 INFO:teuthology.orchestra.run.smithi148.stdout:/usr/bin/ceph: stderr
2024-09-20T23:16:35.358+0000 7fc98a421640 1 --2- 172.21.15.148:0/1877498784 >> [v2:172.21.15.148:3300/0,v1:172.21.15.148:6789/0] conn(0x7fc984101fa0 0x7fc984110de0 unknown :-1 s=CLOSED pgs=27 cs=0 l=1 rev1=1 crypto rx=0 tx=0 comp rx=0 tx=0).stop
2024-09-20T23:16:35.921 INFO:teuthology.orchestra.run.smithi148.stdout:/usr/bin/ceph: stderr
2024-09-20T23:16:35.358+0000 7fc98a421640 1 -- 172.21.15.148:0/1877498784 >> 172.21.15.148:0/1877498784 conn(0x7fc9840fd740 msgr2=0x7fc9840fe2a0 unknown :-1 s=STATE_NONE l=0).mark_down
2024-09-20T23:16:35.921 INFO:teuthology.orchestra.run.smithi148.stdout:/usr/bin/ceph: stderr
2024-09-20T23:16:35.358+0000 7fc98a421640 1 -- 172.21.15.148:0/1877498784 shutdown_connections
2024-09-20T23:16:35.921 INFO:teuthology.orchestra.run.smithi148.stdout:/usr/bin/ceph: stderr
2024-09-20T23:16:35.358+0000 7fc98a421640 1 -- 172.21.15.148:0/1877498784 wait complete.
2024-09-20T23:16:35.921 INFO:teuthology.orchestra.run.smithi148.stdout:mgr epoch 5 is available
2024-09-20T23:16:35.921 INFO:teuthology.orchestra.run.smithi148.stdout:Setting orchestrator backend to cephadm...
2024-09-20T23:16:36.845 INFO:journalctl@ceph.mon.smithi148.smithi148.stdout:Sep 20 23:16:36 smithi148 ceph-mon[27920]: from='client.14122 -' entity='client.admin' cmd=[{"prefix": "get_command_descriptions"}]: dispatch
2024-09-20T23:16:36.845 INFO:journalctl@ceph.mon.smithi148.smithi148.stdout:Sep 20 23:16:36 smithi148 ceph-mon[27920]: from='client.14122 -' entity='client.admin' cmd=[{"prefix": "mgr_status"}]: dispatch
2024-09-20T23:16:36.845 INFO:journalctl@ceph.mon.smithi148.smithi148.stdout:Sep 20 23:16:36 smithi148 ceph-mon[27920]: [20/Sep/2024:23:16:35] ENGINE Bus STARTING
2024-09-20T23:16:36.845 INFO:journalctl@ceph.mon.smithi148.smithi148.stdout:Sep 20 23:16:36 smithi148 ceph-mon[27920]: [20/Sep/2024:23:16:35] ENGINE Serving on https://172.21.15.148:7150
2024-09-20T23:16:36.845 INFO:journalctl@ceph.mon.smithi148.smithi148.stdout:Sep 20 23:16:36 smithi148 ceph-mon[27920]: [20/Sep/2024:23:16:35] ENGINE Bus STARTED
2024-09-20T23:16:36.845 INFO:journalctl@ceph.mon.smithi148.smithi148.stdout:Sep 20 23:16:36 smithi148 ceph-mon[27920]: [20/Sep/2024:23:16:35] ENGINE Error in HTTPServer.serve
2024-09-20T23:16:36.845 INFO:journalctl@ceph.mon.smithi148.smithi148.stdout: Traceback (most recent call last):
2024-09-20T23:16:36.845 INFO:journalctl@ceph.mon.smithi148.smithi148.stdout: File "/lib/python3.9/site-packages/cheroot/server.py", line 1823, in serve
2024-09-20T23:16:36.845 INFO:journalctl@ceph.mon.smithi148.smithi148.stdout: self._connections.run(self.expiration_interval)
2024-09-20T23:16:36.846 INFO:journalctl@ceph.mon.smithi148.smithi148.stdout: File "/lib/python3.9/site-packages/cheroot/connections.py", line 203, in run
2024-09-20T23:16:36.846 INFO:journalctl@ceph.mon.smithi148.smithi148.stdout: self._run(expiration_interval)
2024-09-20T23:16:36.846 INFO:journalctl@ceph.mon.smithi148.smithi148.stdout: File "/lib/python3.9/site-packages/cheroot/connections.py", line 246, in _run
2024-09-20T23:16:36.846 INFO:journalctl@ceph.mon.smithi148.smithi148.stdout: new_conn = self._from_server_socket(self.server.socket)
2024-09-20T23:16:36.846 INFO:journalctl@ceph.mon.smithi148.smithi148.stdout: File "/lib/python3.9/site-packages/cheroot/connections.py", line 300, in _from_server_socket
2024-09-20T23:16:36.846 INFO:journalctl@ceph.mon.smithi148.smithi148.stdout: s, ssl_env = self.server.ssl_adapter.wrap(s)
2024-09-20T23:16:36.846 INFO:journalctl@ceph.mon.smithi148.smithi148.stdout: File "/lib/python3.9/site-packages/cheroot/ssl/builtin.py", line 277, in wrap
2024-09-20T23:16:36.846 INFO:journalctl@ceph.mon.smithi148.smithi148.stdout: s = self.context.wrap_socket(
2024-09-20T23:16:36.846 INFO:journalctl@ceph.mon.smithi148.smithi148.stdout: File "/lib64/python3.9/ssl.py", line 501, in wrap_socket
2024-09-20T23:16:36.846 INFO:journalctl@ceph.mon.smithi148.smithi148.stdout: return self.sslsocket_class._create(
2024-09-20T23:16:36.846 INFO:journalctl@ceph.mon.smithi148.smithi148.stdout: File "/lib64/python3.9/ssl.py", line 1074, in _create
2024-09-20T23:16:36.846 INFO:journalctl@ceph.mon.smithi148.smithi148.stdout: self.do_handshake()
2024-09-20T23:16:36.846 INFO:journalctl@ceph.mon.smithi148.smithi148.stdout: File "/lib64/python3.9/ssl.py", line 1343, in do_handshake
2024-09-20T23:16:36.847 INFO:journalctl@ceph.mon.smithi148.smithi148.stdout: self._sslobj.do_handshake()
2024-09-20T23:16:36.847 INFO:journalctl@ceph.mon.smithi148.smithi148.stdout: ssl.SSLZeroReturnError: TLS/SSL connection has been closed (EOF) (_ssl.c:1133)
2024-09-20T23:16:36.847 INFO:journalctl@ceph.mon.smithi148.smithi148.stdout:Sep 20 23:16:36 smithi148 ceph-mon[27920]: from='mgr.14118 172.21.15.148:0/56139432' entity='mgr.smithi148.lsnldh'
2024-09-20T23:16:36.847 INFO:journalctl@ceph.mon.smithi148.smithi148.stdout:Sep 20 23:16:36 smithi148 ceph-mon[27920]: from='mgr.14118 172.21.15.148:0/56139432' entity='mgr.smithi148.lsnldh' cmd=[{"prefix": "config dump", "format": "json"}]: dispatch
2024-09-20T23:16:36.847 INFO:journalctl@ceph.mon.smithi148.smithi148.stdout:Sep 20 23:16:36 smithi148 ceph-mon[27920]: from='mgr.14118 172.21.15.148:0/56139432' entity='mgr.smithi148.lsnldh'
2024-09-20T23:16:36.847 INFO:journalctl@ceph.mon.smithi148.smithi148.stdout:Sep 20 23:16:36 smithi148 ceph-mon[27920]: from='mgr.14118 172.21.15.148:0/56139432' entity='mgr.smithi148.lsnldh' cmd=[{"prefix": "config dump", "format": "json"}]: dispatch
2024-09-20T23:16:37.127 INFO:teuthology.orchestra.run.smithi148.stdout:/usr/bin/ceph: stderr
2024-09-20T23:16:36.306+0000 7fbf348f6640 1 Processor -- start
2024-09-20T23:16:37.128 INFO:teuthology.orchestra.run.smithi148.stdout:/usr/bin/ceph: stderr
2024-09-20T23:16:36.306+0000 7fbf348f6640 1 -- start start
2024-09-20T23:16:37.128 INFO:teuthology.orchestra.run.smithi148.stdout:/usr/bin/ceph: stderr
2024-09-20T23:16:36.306+0000 7fbf348f6640 1 --2- >> [v2:172.21.15.148:3300/0,v1:172.21.15.148:6789/0] conn(0x7fbf30102380 0x7fbf30102790 unknown :-1 s=NONE pgs=0 cs=0 l=0 rev1=0 crypto rx=0 tx=0 comp rx=0 tx=0).connect
2024-09-20T23:16:37.128 INFO:teuthology.orchestra.run.smithi148.stdout:/usr/bin/ceph: stderr
2024-09-20T23:16:36.306+0000 7fbf348f6640 1 -- --> [v2:172.21.15.148:3300/0,v1:172.21.15.148:6789/0] -- mon_getmap magic: 0 v1 -- 0x7fbf30102d60 con 0x7fbf30102380
2024-09-20T23:16:37.128 INFO:teuthology.orchestra.run.smithi148.stdout:/usr/bin/ceph: stderr
2024-09-20T23:16:36.306+0000 7fbf2e59c640 1 --2- >> [v2:172.21.15.148:3300/0,v1:172.21.15.148:6789/0] conn(0x7fbf30102380 0x7fbf30102790 unknown :-1 s=BANNER_CONNECTING pgs=0 cs=0 l=0 rev1=0 crypto rx=0 tx=0 comp rx=0 tx=0)._handle_peer_banner_payload supported=3 required=0
2024-09-20T23:16:37.128 INFO:teuthology.orchestra.run.smithi148.stdout:/usr/bin/ceph: stderr
2024-09-20T23:16:36.306+0000 7fbf2e59c640 1 --2- >> [v2:172.21.15.148:3300/0,v1:172.21.15.148:6789/0] conn(0x7fbf30102380 0x7fbf30102790 unknown :-1 s=HELLO_CONNECTING pgs=0 cs=0 l=0 rev1=1 crypto rx=0 tx=0 comp rx=0 tx=0).handle_hello peer v2:172.21.15.148:3300/0 says I am v2:172.21.15.148:47748/0 (socket says 172.21.15.148:47748)
2024-09-20T23:16:37.128 INFO:teuthology.orchestra.run.smithi148.stdout:/usr/bin/ceph: stderr
2024-09-20T23:16:36.306+0000 7fbf2e59c640 1 -- 172.21.15.148:0/833156033 learned_addr learned my addr 172.21.15.148:0/833156033 (peer_addr_for_me v2:172.21.15.148:0/0)
2024-09-20T23:16:37.128 INFO:teuthology.orchestra.run.smithi148.stdout:/usr/bin/ceph: stderr
2024-09-20T23:16:36.306+0000 7fbf2e59c640 1 -- 172.21.15.148:0/833156033 --> [v2:172.21.15.148:3300/0,v1:172.21.15.148:6789/0] -- mon_subscribe({config=0+,monmap=0+}) v3 -- 0x7fbf30102ea0 con 0x7fbf30102380
2024-09-20T23:16:37.128 INFO:teuthology.orchestra.run.smithi148.stdout:/usr/bin/ceph: stderr
2024-09-20T23:16:36.307+0000 7fbf2e59c640 1 --2- 172.21.15.148:0/833156033 >> [v2:172.21.15.148:3300/0,v1:172.21.15.148:6789/0] conn(0x7fbf30102380 0x7fbf30102790 secure :-1 s=READY pgs=35 cs=0 l=1 rev1=1 crypto rx=0x7fbf20009840 tx=0x7fbf200091d0 comp rx=0 tx=0).ready entity=mon.0 client_cookie=a3087f3a79926ad5 server_cookie=0 in_seq=0 out_seq=0
2024-09-20T23:16:37.128 INFO:teuthology.orchestra.run.smithi148.stdout:/usr/bin/ceph: stderr
2024-09-20T23:16:36.307+0000 7fbf2d59a640 1 -- 172.21.15.148:0/833156033 <== mon.0 v2:172.21.15.148:3300/0 1 ==== mon_map magic: 0 v1 ==== 229+0+0 (secure 0 0 0) 0x7fbf20032440 con 0x7fbf30102380
2024-09-20T23:16:37.128 INFO:teuthology.orchestra.run.smithi148.stdout:/usr/bin/ceph: stderr
2024-09-20T23:16:36.307+0000 7fbf2d59a640 1 -- 172.21.15.148:0/833156033 <== mon.0 v2:172.21.15.148:3300/0 2 ==== config(26 keys) v1 ==== 1005+0+0 (secure 0 0 0) 0x7fbf20032a00 con 0x7fbf30102380
2024-09-20T23:16:37.128 INFO:teuthology.orchestra.run.smithi148.stdout:/usr/bin/ceph: stderr
2024-09-20T23:16:36.307+0000 7fbf2d59a640 1 -- 172.21.15.148:0/833156033 <== mon.0 v2:172.21.15.148:3300/0 3 ==== mon_map magic: 0 v1 ==== 229+0+0 (secure 0 0 0) 0x7fbf200319e0 con 0x7fbf30102380
2024-09-20T23:16:37.128 INFO:teuthology.orchestra.run.smithi148.stdout:/usr/bin/ceph: stderr
2024-09-20T23:16:36.308+0000 7fbf348f6640 1 -- 172.21.15.148:0/833156033 >> [v2:172.21.15.148:3300/0,v1:172.21.15.148:6789/0] conn(0x7fbf30102380 msgr2=0x7fbf30102790 secure :-1 s=STATE_CONNECTION_ESTABLISHED l=1).mark_down
2024-09-20T23:16:37.129 INFO:teuthology.orchestra.run.smithi148.stdout:/usr/bin/ceph: stderr
2024-09-20T23:16:36.308+0000 7fbf348f6640 1 --2- 172.21.15.148:0/833156033 >> [v2:172.21.15.148:3300/0,v1:172.21.15.148:6789/0] conn(0x7fbf30102380 0x7fbf30102790 secure :-1 s=READY pgs=35 cs=0 l=1 rev1=1 crypto rx=0x7fbf20009840 tx=0x7fbf200091d0 comp rx=0 tx=0).stop
2024-09-20T23:16:37.129 INFO:teuthology.orchestra.run.smithi148.stdout:/usr/bin/ceph: stderr
2024-09-20T23:16:36.308+0000 7fbf348f6640 1 -- 172.21.15.148:0/833156033 shutdown_connections
2024-09-20T23:16:37.129 INFO:teuthology.orchestra.run.smithi148.stdout:/usr/bin/ceph: stderr
2024-09-20T23:16:36.308+0000 7fbf348f6640 1 --2- 172.21.15.148:0/833156033 >> [v2:172.21.15.148:3300/0,v1:172.21.15.148:6789/0] conn(0x7fbf30102380 0x7fbf30102790 unknown :-1 s=CLOSED pgs=35 cs=0 l=1 rev1=1 crypto rx=0 tx=0 comp rx=0 tx=0).stop
2024-09-20T23:16:37.129 INFO:teuthology.orchestra.run.smithi148.stdout:/usr/bin/ceph: stderr
2024-09-20T23:16:36.308+0000 7fbf348f6640 1 -- 172.21.15.148:0/833156033 >> 172.21.15.148:0/833156033 conn(0x7fbf300fbdc0 msgr2=0x7fbf300fe1f0 unknown :-1 s=STATE_NONE l=0).mark_down
2024-09-20T23:16:37.129 INFO:teuthology.orchestra.run.smithi148.stdout:/usr/bin/ceph: stderr
2024-09-20T23:16:36.308+0000 7fbf348f6640 1 -- 172.21.15.148:0/833156033 shutdown_connections
2024-09-20T23:16:37.129 INFO:teuthology.orchestra.run.smithi148.stdout:/usr/bin/ceph: stderr
2024-09-20T23:16:36.308+0000 7fbf348f6640 1 -- 172.21.15.148:0/833156033 wait complete.
2024-09-20T23:16:37.129 INFO:teuthology.orchestra.run.smithi148.stdout:/usr/bin/ceph: stderr
2024-09-20T23:16:36.308+0000 7fbf348f6640 1 Processor -- start
2024-09-20T23:16:37.129 INFO:teuthology.orchestra.run.smithi148.stdout:/usr/bin/ceph: stderr
2024-09-20T23:16:36.308+0000 7fbf348f6640 1 -- start start
2024-09-20T23:16:37.129 INFO:teuthology.orchestra.run.smithi148.stdout:/usr/bin/ceph: stderr
2024-09-20T23:16:36.309+0000 7fbf348f6640 1 --2- >> [v2:172.21.15.148:3300/0,v1:172.21.15.148:6789/0] conn(0x7fbf30102380 0x7fbf30112f20 unknown :-1 s=NONE pgs=0 cs=0 l=1 rev1=0 crypto rx=0 tx=0 comp rx=0 tx=0).connect
2024-09-20T23:16:37.129 INFO:teuthology.orchestra.run.smithi148.stdout:/usr/bin/ceph: stderr
2024-09-20T23:16:36.309+0000 7fbf348f6640 1 -- --> [v2:172.21.15.148:3300/0,v1:172.21.15.148:6789/0] -- mon_getmap magic: 0 v1 -- 0x7fbf30113460 con 0x7fbf30102380
2024-09-20T23:16:37.129 INFO:teuthology.orchestra.run.smithi148.stdout:/usr/bin/ceph: stderr
2024-09-20T23:16:36.309+0000 7fbf2e59c640 1 --2- >> [v2:172.21.15.148:3300/0,v1:172.21.15.148:6789/0] conn(0x7fbf30102380 0x7fbf30112f20 unknown :-1 s=BANNER_CONNECTING pgs=0 cs=0 l=1 rev1=0 crypto rx=0 tx=0 comp rx=0 tx=0)._handle_peer_banner_payload supported=3 required=0
2024-09-20T23:16:37.129 INFO:teuthology.orchestra.run.smithi148.stdout:/usr/bin/ceph: stderr
2024-09-20T23:16:36.309+0000 7fbf2e59c640 1 --2- >> [v2:172.21.15.148:3300/0,v1:172.21.15.148:6789/0] conn(0x7fbf30102380 0x7fbf30112f20 unknown :-1 s=HELLO_CONNECTING pgs=0 cs=0 l=1 rev1=1 crypto rx=0 tx=0 comp rx=0 tx=0).handle_hello peer v2:172.21.15.148:3300/0 says I am v2:172.21.15.148:47764/0 (socket says 172.21.15.148:47764)
2024-09-20T23:16:37.129 INFO:teuthology.orchestra.run.smithi148.stdout:/usr/bin/ceph: stderr
2024-09-20T23:16:36.309+0000 7fbf2e59c640 1 -- 172.21.15.148:0/4242727891 learned_addr learned my addr 172.21.15.148:0/4242727891 (peer_addr_for_me v2:172.21.15.148:0/0)
2024-09-20T23:16:37.129 INFO:teuthology.orchestra.run.smithi148.stdout:/usr/bin/ceph: stderr
2024-09-20T23:16:36.309+0000 7fbf2e59c640 1 -- 172.21.15.148:0/4242727891 --> [v2:172.21.15.148:3300/0,v1:172.21.15.148:6789/0] -- mon_subscribe({config=0+,monmap=0+}) v3 -- 0x7fbf20009450 con 0x7fbf30102380
2024-09-20T23:16:37.130 INFO:teuthology.orchestra.run.smithi148.stdout:/usr/bin/ceph: stderr
2024-09-20T23:16:36.309+0000 7fbf2e59c640 1 --2- 172.21.15.148:0/4242727891 >> [v2:172.21.15.148:3300/0,v1:172.21.15.148:6789/0] conn(0x7fbf30102380 0x7fbf30112f20 secure :-1 s=READY pgs=36 cs=0 l=1 rev1=1 crypto rx=0x7fbf20000c00 tx=0x7fbf20008040 comp rx=0 tx=0).ready entity=mon.0 client_cookie=0 server_cookie=0 in_seq=0 out_seq=0
2024-09-20T23:16:37.130 INFO:teuthology.orchestra.run.smithi148.stdout:/usr/bin/ceph: stderr
2024-09-20T23:16:36.309+0000 7fbf1effd640 1 -- 172.21.15.148:0/4242727891 <== mon.0 v2:172.21.15.148:3300/0 1 ==== mon_map magic: 0 v1 ==== 229+0+0 (secure 0 0 0) 0x7fbf2003d450 con 0x7fbf30102380
2024-09-20T23:16:37.130 INFO:teuthology.orchestra.run.smithi148.stdout:/usr/bin/ceph: stderr
2024-09-20T23:16:36.309+0000 7fbf348f6640 1 -- 172.21.15.148:0/4242727891 --> [v2:172.21.15.148:3300/0,v1:172.21.15.148:6789/0] -- mon_subscribe({mgrmap=0+}) v3 -- 0x7fbf30113660 con 0x7fbf30102380
2024-09-20T23:16:37.130 INFO:teuthology.orchestra.run.smithi148.stdout:/usr/bin/ceph: stderr
2024-09-20T23:16:36.309+0000 7fbf1effd640 1 -- 172.21.15.148:0/4242727891 <== mon.0 v2:172.21.15.148:3300/0 2 ==== config(26 keys) v1 ==== 1005+0+0 (secure 0 0 0) 0x7fbf2003da10 con 0x7fbf30102380
2024-09-20T23:16:37.130 INFO:teuthology.orchestra.run.smithi148.stdout:/usr/bin/ceph: stderr
2024-09-20T23:16:36.309+0000 7fbf1effd640 1 -- 172.21.15.148:0/4242727891 <== mon.0 v2:172.21.15.148:3300/0 3 ==== mon_map magic: 0 v1 ==== 229+0+0 (secure 0 0 0) 0x7fbf2003b8e0 con 0x7fbf30102380
2024-09-20T23:16:37.130 INFO:teuthology.orchestra.run.smithi148.stdout:/usr/bin/ceph: stderr
2024-09-20T23:16:36.309+0000 7fbf348f6640 1 -- 172.21.15.148:0/4242727891 --> [v2:172.21.15.148:3300/0,v1:172.21.15.148:6789/0] -- mon_subscribe({osdmap=0}) v3 -- 0x7fbf30113ad0 con 0x7fbf30102380
2024-09-20T23:16:37.130 INFO:teuthology.orchestra.run.smithi148.stdout:/usr/bin/ceph: stderr
2024-09-20T23:16:36.310+0000 7fbf1effd640 1 -- 172.21.15.148:0/4242727891 <== mon.0 v2:172.21.15.148:3300/0 4 ==== mgrmap(e 7) v1 ==== 45401+0+0 (secure 0 0 0) 0x7fbf20039070 con 0x7fbf30102380
2024-09-20T23:16:37.130 INFO:teuthology.orchestra.run.smithi148.stdout:/usr/bin/ceph: stderr
2024-09-20T23:16:36.310+0000 7fbf348f6640 1 -- 172.21.15.148:0/4242727891 --> [v2:172.21.15.148:3300/0,v1:172.21.15.148:6789/0] -- mon_command({"prefix": "get_command_descriptions"} v 0) v1 -- 0x7fbf3004b720 con 0x7fbf30102380
2024-09-20T23:16:37.130 INFO:teuthology.orchestra.run.smithi148.stdout:/usr/bin/ceph: stderr
2024-09-20T23:16:36.310+0000 7fbf1effd640 1 --2- 172.21.15.148:0/4242727891 >> [v2:172.21.15.148:6800/4157375141,v1:172.21.15.148:6801/4157375141] conn(0x7fbf18039380 0x7fbf1803b830 unknown :-1 s=NONE pgs=0 cs=0 l=1 rev1=0 crypto rx=0 tx=0 comp rx=0 tx=0).connect
2024-09-20T23:16:37.130 INFO:teuthology.orchestra.run.smithi148.stdout:/usr/bin/ceph: stderr
2024-09-20T23:16:36.310+0000 7fbf1effd640 1 -- 172.21.15.148:0/4242727891 <== mon.0 v2:172.21.15.148:3300/0 5 ==== osd_map(2..2 src has 1..2) v4 ==== 936+0+0 (secure 0 0 0) 0x7fbf2006d070 con 0x7fbf30102380
2024-09-20T23:16:37.130 INFO:teuthology.orchestra.run.smithi148.stdout:/usr/bin/ceph: stderr
2024-09-20T23:16:36.310+0000 7fbf2dd9b640 1 --2- 172.21.15.148:0/4242727891 >> [v2:172.21.15.148:6800/4157375141,v1:172.21.15.148:6801/4157375141] conn(0x7fbf18039380 0x7fbf1803b830 unknown :-1 s=BANNER_CONNECTING pgs=0 cs=0 l=1 rev1=0 crypto rx=0 tx=0 comp rx=0 tx=0)._handle_peer_banner_payload supported=3 required=0
2024-09-20T23:16:37.130 INFO:teuthology.orchestra.run.smithi148.stdout:/usr/bin/ceph: stderr
2024-09-20T23:16:36.311+0000 7fbf2dd9b640 1 --2- 172.21.15.148:0/4242727891 >> [v2:172.21.15.148:6800/4157375141,v1:172.21.15.148:6801/4157375141] conn(0x7fbf18039380 0x7fbf1803b830 secure :-1 s=READY pgs=7 cs=0 l=1 rev1=1 crypto rx=0x7fbf24006fd0 tx=0x7fbf24006db0 comp rx=0 tx=0).ready entity=mgr.14118 client_cookie=0 server_cookie=0 in_seq=0 out_seq=0
2024-09-20T23:16:37.130 INFO:teuthology.orchestra.run.smithi148.stdout:/usr/bin/ceph: stderr
2024-09-20T23:16:36.315+0000 7fbf1effd640 1 -- 172.21.15.148:0/4242727891 <== mon.0 v2:172.21.15.148:3300/0 6 ==== mon_command_ack([{"prefix": "get_command_descriptions"}]=0 v0) v1 ==== 72+0+176781 (secure 0 0 0) 0x7fbf2003ca00 con 0x7fbf30102380
2024-09-20T23:16:37.130 INFO:teuthology.orchestra.run.smithi148.stdout:/usr/bin/ceph: stderr
2024-09-20T23:16:36.481+0000 7fbf348f6640 1 -- 172.21.15.148:0/4242727891 --> [v2:172.21.15.148:6800/4157375141,v1:172.21.15.148:6801/4157375141] -- mgr_command(tid 0: {"prefix": "orch set backend", "module_name": "cephadm", "target": ["mon-mgr", ""]}) v1 -- 0x7fbf30113ad0 con 0x7fbf18039380
2024-09-20T23:16:37.131 INFO:teuthology.orchestra.run.smithi148.stdout:/usr/bin/ceph: stderr
2024-09-20T23:16:36.490+0000 7fbf1effd640 1 -- 172.21.15.148:0/4242727891 <== mgr.14118 v2:172.21.15.148:6800/4157375141 1 ==== mgr_command_reply(tid 0: 0 ) v1 ==== 8+0+0 (secure 0 0 0) 0x7fbf30113ad0 con 0x7fbf18039380
2024-09-20T23:16:37.131 INFO:teuthology.orchestra.run.smithi148.stdout:/usr/bin/ceph: stderr
2024-09-20T23:16:36.492+0000 7fbf348f6640 1 -- 172.21.15.148:0/4242727891 >> [v2:172.21.15.148:6800/4157375141,v1:172.21.15.148:6801/4157375141] conn(0x7fbf18039380 msgr2=0x7fbf1803b830 secure :-1 s=STATE_CONNECTION_ESTABLISHED l=1).mark_down
2024-09-20T23:16:37.131 INFO:teuthology.orchestra.run.smithi148.stdout:/usr/bin/ceph: stderr
2024-09-20T23:16:36.492+0000 7fbf348f6640 1 --2- 172.21.15.148:0/4242727891 >> [v2:172.21.15.148:6800/4157375141,v1:172.21.15.148:6801/4157375141] conn(0x7fbf18039380 0x7fbf1803b830 secure :-1 s=READY pgs=7 cs=0 l=1 rev1=1 crypto rx=0x7fbf24006fd0 tx=0x7fbf24006db0 comp rx=0 tx=0).stop
2024-09-20T23:16:37.131 INFO:teuthology.orchestra.run.smithi148.stdout:/usr/bin/ceph: stderr
2024-09-20T23:16:36.492+0000 7fbf348f6640 1 -- 172.21.15.148:0/4242727891 >> [v2:172.21.15.148:3300/0,v1:172.21.15.148:6789/0] conn(0x7fbf30102380 msgr2=0x7fbf30112f20 secure :-1 s=STATE_CONNECTION_ESTABLISHED l=1).mark_down
2024-09-20T23:16:37.131 INFO:teuthology.orchestra.run.smithi148.stdout:/usr/bin/ceph: stderr
2024-09-20T23:16:36.492+0000 7fbf348f6640 1 --2- 172.21.15.148:0/4242727891 >> [v2:172.21.15.148:3300/0,v1:172.21.15.148:6789/0] conn(0x7fbf30102380 0x7fbf30112f20 secure :-1 s=READY pgs=36 cs=0 l=1 rev1=1 crypto rx=0x7fbf20000c00 tx=0x7fbf20008040 comp rx=0 tx=0).stop
2024-09-20T23:16:37.131 INFO:teuthology.orchestra.run.smithi148.stdout:/usr/bin/ceph: stderr
2024-09-20T23:16:36.492+0000 7fbf348f6640 1 -- 172.21.15.148:0/4242727891 shutdown_connections
2024-09-20T23:16:37.131 INFO:teuthology.orchestra.run.smithi148.stdout:/usr/bin/ceph: stderr
2024-09-20T23:16:36.492+0000 7fbf348f6640 1 --2- 172.21.15.148:0/4242727891 >> [v2:172.21.15.148:6800/4157375141,v1:172.21.15.148:6801/4157375141] conn(0x7fbf18039380 0x7fbf1803b830 unknown :-1 s=CLOSED pgs=7 cs=0 l=1 rev1=1 crypto rx=0 tx=0 comp rx=0 tx=0).stop
2024-09-20T23:16:37.131 INFO:teuthology.orchestra.run.smithi148.stdout:/usr/bin/ceph: stderr
2024-09-20T23:16:36.492+0000 7fbf348f6640 1 --2- 172.21.15.148:0/4242727891 >> [v2:172.21.15.148:3300/0,v1:172.21.15.148:6789/0] conn(0x7fbf30102380 0x7fbf30112f20 unknown :-1 s=CLOSED pgs=36 cs=0 l=1 rev1=1 crypto rx=0 tx=0 comp rx=0 tx=0).stop
2024-09-20T23:16:37.131 INFO:teuthology.orchestra.run.smithi148.stdout:/usr/bin/ceph: stderr
2024-09-20T23:16:36.492+0000 7fbf348f6640 1 -- 172.21.15.148:0/4242727891 >> 172.21.15.148:0/4242727891 conn(0x7fbf300fbdc0 msgr2=0x7fbf300fc940 unknown :-1 s=STATE_NONE l=0).mark_down
