2024-03-04T15:54:45.751 INFO:teuthology.orchestra.run.smithi116.stdout:/usr/bin/ceph: stderr
2024-03-04T15:54:44.978+0000 7fa731fa5700 1 -- 172.21.15.116:0/1111386037 shutdown_connections
2024-03-04T15:54:45.751 INFO:teuthology.orchestra.run.smithi116.stdout:/usr/bin/ceph: stderr
2024-03-04T15:54:44.978+0000 7fa731fa5700 1 -- 172.21.15.116:0/1111386037 wait complete.
2024-03-04T15:54:45.751 INFO:teuthology.orchestra.run.smithi116.stdout:/usr/bin/ceph: stderr
2024-03-04T15:54:44.979+0000 7fa731fa5700 1 Processor -- start
2024-03-04T15:54:45.751 INFO:teuthology.orchestra.run.smithi116.stdout:/usr/bin/ceph: stderr
2024-03-04T15:54:44.979+0000 7fa731fa5700 1 -- start start
2024-03-04T15:54:45.751 INFO:teuthology.orchestra.run.smithi116.stdout:/usr/bin/ceph: stderr
2024-03-04T15:54:44.979+0000 7fa731fa5700 1 --2- >> [v2:172.21.15.116:3300/0,v1:172.21.15.116:6789/0] conn(0x7fa72c104730 0x7fa72c107020 unknown :-1 s=NONE pgs=0 cs=0 l=1 rev1=0 crypto rx=0 tx=0 comp rx=0 tx=0).connect
2024-03-04T15:54:45.751 INFO:teuthology.orchestra.run.smithi116.stdout:/usr/bin/ceph: stderr
2024-03-04T15:54:44.979+0000 7fa731fa5700 1 -- --> [v2:172.21.15.116:3300/0,v1:172.21.15.116:6789/0] -- mon_getmap magic: 0 v1 -- 0x7fa72c107560 con 0x7fa72c104730
2024-03-04T15:54:45.751 INFO:teuthology.orchestra.run.smithi116.stdout:/usr/bin/ceph: stderr
2024-03-04T15:54:44.979+0000 7fa72b7fe700 1 --2- >> [v2:172.21.15.116:3300/0,v1:172.21.15.116:6789/0] conn(0x7fa72c104730 0x7fa72c107020 unknown :-1 s=BANNER_CONNECTING pgs=0 cs=0 l=1 rev1=0 crypto rx=0 tx=0 comp rx=0 tx=0)._handle_peer_banner_payload supported=3 required=0
2024-03-04T15:54:45.751 INFO:teuthology.orchestra.run.smithi116.stdout:/usr/bin/ceph: stderr
2024-03-04T15:54:44.979+0000 7fa72b7fe700 1 --2- >> [v2:172.21.15.116:3300/0,v1:172.21.15.116:6789/0] conn(0x7fa72c104730 0x7fa72c107020 unknown :-1 s=HELLO_CONNECTING pgs=0 cs=0 l=1 rev1=1 crypto rx=0 tx=0 comp rx=0 tx=0).handle_hello peer v2:172.21.15.116:3300/0 says I am v2:172.21.15.116:60914/0 (socket says 172.21.15.116:60914)
2024-03-04T15:54:45.751 INFO:teuthology.orchestra.run.smithi116.stdout:/usr/bin/ceph: stderr
2024-03-04T15:54:44.979+0000 7fa72b7fe700 1 -- 172.21.15.116:0/3184105036 learned_addr learned my addr 172.21.15.116:0/3184105036 (peer_addr_for_me v2:172.21.15.116:0/0)
2024-03-04T15:54:45.751 INFO:teuthology.orchestra.run.smithi116.stdout:/usr/bin/ceph: stderr
2024-03-04T15:54:44.979+0000 7fa72b7fe700 1 -- 172.21.15.116:0/3184105036 --> [v2:172.21.15.116:3300/0,v1:172.21.15.116:6789/0] -- mon_subscribe({config=0+,monmap=0+}) v3 -- 0x7fa71c009550 con 0x7fa72c104730
2024-03-04T15:54:45.752 INFO:teuthology.orchestra.run.smithi116.stdout:/usr/bin/ceph: stderr
2024-03-04T15:54:44.980+0000 7fa72b7fe700 1 --2- 172.21.15.116:0/3184105036 >> [v2:172.21.15.116:3300/0,v1:172.21.15.116:6789/0] conn(0x7fa72c104730 0x7fa72c107020 secure :-1 s=READY pgs=66 cs=0 l=1 rev1=1 crypto rx=0x7fa71c011670 tx=0x7fa71c011b50 comp rx=0 tx=0).ready entity=mon.0 client_cookie=0 server_cookie=0 in_seq=0 out_seq=0
2024-03-04T15:54:45.752 INFO:teuthology.orchestra.run.smithi116.stdout:/usr/bin/ceph: stderr
2024-03-04T15:54:44.980+0000 7fa728ff9700 1 -- 172.21.15.116:0/3184105036 <== mon.0 v2:172.21.15.116:3300/0 1 ==== mon_map magic: 0 v1 ==== 229+0+0 (secure 0 0 0) 0x7fa71c0039f0 con 0x7fa72c104730
2024-03-04T15:54:45.752 INFO:teuthology.orchestra.run.smithi116.stdout:/usr/bin/ceph: stderr
2024-03-04T15:54:44.980+0000 7fa731fa5700 1 -- 172.21.15.116:0/3184105036 --> [v2:172.21.15.116:3300/0,v1:172.21.15.116:6789/0] -- mon_subscribe({mgrmap=0+}) v3 -- 0x7fa72c105670 con 0x7fa72c104730
2024-03-04T15:54:45.752 INFO:teuthology.orchestra.run.smithi116.stdout:/usr/bin/ceph: stderr
2024-03-04T15:54:44.980+0000 7fa728ff9700 1 -- 172.21.15.116:0/3184105036 <== mon.0 v2:172.21.15.116:3300/0 2 ==== config(27 keys) v1 ==== 1101+0+0 (secure 0 0 0) 0x7fa71c003b50 con 0x7fa72c104730
2024-03-04T15:54:45.752 INFO:teuthology.orchestra.run.smithi116.stdout:/usr/bin/ceph: stderr
2024-03-04T15:54:44.980+0000 7fa728ff9700 1 -- 172.21.15.116:0/3184105036 <== mon.0 v2:172.21.15.116:3300/0 3 ==== mon_map magic: 0 v1 ==== 229+0+0 (secure 0 0 0) 0x7fa71c0247c0 con 0x7fa72c104730
2024-03-04T15:54:45.752 INFO:teuthology.orchestra.run.smithi116.stdout:/usr/bin/ceph: stderr
2024-03-04T15:54:44.980+0000 7fa731fa5700 1 -- 172.21.15.116:0/3184105036 --> [v2:172.21.15.116:3300/0,v1:172.21.15.116:6789/0] -- mon_subscribe({osdmap=0}) v3 -- 0x7fa72c105b10 con 0x7fa72c104730
2024-03-04T15:54:45.752 INFO:teuthology.orchestra.run.smithi116.stdout:/usr/bin/ceph: stderr
2024-03-04T15:54:44.981+0000 7fa728ff9700 1 -- 172.21.15.116:0/3184105036 <== mon.0 v2:172.21.15.116:3300/0 4 ==== mgrmap(e 8) v1 ==== 45283+0+0 (secure 0 0 0) 0x7fa71c02d3f0 con 0x7fa72c104730
2024-03-04T15:54:45.752 INFO:teuthology.orchestra.run.smithi116.stdout:/usr/bin/ceph: stderr
2024-03-04T15:54:44.981+0000 7fa728ff9700 1 --2- 172.21.15.116:0/3184105036 >> [v2:172.21.15.116:6800/1340152843,v1:172.21.15.116:6801/1340152843] conn(0x7fa714038320 0x7fa71403a7e0 unknown :-1 s=NONE pgs=0 cs=0 l=1 rev1=0 crypto rx=0 tx=0 comp rx=0 tx=0).connect
2024-03-04T15:54:45.752 INFO:teuthology.orchestra.run.smithi116.stdout:/usr/bin/ceph: stderr
2024-03-04T15:54:44.981+0000 7fa731fa5700 1 -- 172.21.15.116:0/3184105036 --> [v2:172.21.15.116:3300/0,v1:172.21.15.116:6789/0] -- mon_command({"prefix": "get_command_descriptions"} v 0) v1 -- 0x7fa72c0623c0 con 0x7fa72c104730
2024-03-04T15:54:45.752 INFO:teuthology.orchestra.run.smithi116.stdout:/usr/bin/ceph: stderr
2024-03-04T15:54:44.981+0000 7fa728ff9700 1 -- 172.21.15.116:0/3184105036 <== mon.0 v2:172.21.15.116:3300/0 5 ==== osd_map(2..2 src has 1..2) v4 ==== 940+0+0 (secure 0 0 0) 0x7fa71c04c3a0 con 0x7fa72c104730
2024-03-04T15:54:45.752 INFO:teuthology.orchestra.run.smithi116.stdout:/usr/bin/ceph: stderr
2024-03-04T15:54:44.981+0000 7fa72affd700 1 --2- 172.21.15.116:0/3184105036 >> [v2:172.21.15.116:6800/1340152843,v1:172.21.15.116:6801/1340152843] conn(0x7fa714038320 0x7fa71403a7e0 unknown :-1 s=BANNER_CONNECTING pgs=0 cs=0 l=1 rev1=0 crypto rx=0 tx=0 comp rx=0 tx=0)._handle_peer_banner_payload supported=3 required=0
2024-03-04T15:54:45.752 INFO:teuthology.orchestra.run.smithi116.stdout:/usr/bin/ceph: stderr
2024-03-04T15:54:44.981+0000 7fa72affd700 1 --2- 172.21.15.116:0/3184105036 >> [v2:172.21.15.116:6800/1340152843,v1:172.21.15.116:6801/1340152843] conn(0x7fa714038320 0x7fa71403a7e0 secure :-1 s=READY pgs=21 cs=0 l=1 rev1=1 crypto rx=0x7fa720006fd0 tx=0x7fa720006e40 comp rx=0 tx=0).ready entity=mgr.14120 client_cookie=0 server_cookie=0 in_seq=0 out_seq=0
2024-03-04T15:54:45.752 INFO:teuthology.orchestra.run.smithi116.stdout:/usr/bin/ceph: stderr
2024-03-04T15:54:44.986+0000 7fa728ff9700 1 -- 172.21.15.116:0/3184105036 <== mon.0 v2:172.21.15.116:3300/0 6 ==== mon_command_ack([{"prefix": "get_command_descriptions"}]=0 v0) v1 ==== 72+0+180422 (secure 0 0 0) 0x7fa71c010740 con 0x7fa72c104730
2024-03-04T15:54:45.753 INFO:teuthology.orchestra.run.smithi116.stdout:/usr/bin/ceph: stderr
2024-03-04T15:54:45.171+0000 7fa731fa5700 1 -- 172.21.15.116:0/3184105036 --> [v2:172.21.15.116:3300/0,v1:172.21.15.116:6789/0] -- mon_command([{prefix=config set, name=mgr/dashboard/ssl_server_port}] v 0) v1 -- 0x7fa72c106420 con 0x7fa72c104730
2024-03-04T15:54:45.753 INFO:teuthology.orchestra.run.smithi116.stdout:/usr/bin/ceph: stderr
2024-03-04T15:54:45.174+0000 7fa728ff9700 1 -- 172.21.15.116:0/3184105036 <== mon.0 v2:172.21.15.116:3300/0 7 ==== mon_command_ack([{prefix=config set, name=mgr/dashboard/ssl_server_port}]=0 v8)=0 v8) v1 ==== 130+0+0 (secure 0 0 0) 0x7fa71c00f980 con 0x7fa72c104730
2024-03-04T15:54:45.753 INFO:teuthology.orchestra.run.smithi116.stdout:/usr/bin/ceph: stderr
2024-03-04T15:54:45.177+0000 7fa731fa5700 1 -- 172.21.15.116:0/3184105036 >> [v2:172.21.15.116:6800/1340152843,v1:172.21.15.116:6801/1340152843] conn(0x7fa714038320 msgr2=0x7fa71403a7e0 secure :-1 s=STATE_CONNECTION_ESTABLISHED l=1).mark_down
2024-03-04T15:54:45.753 INFO:teuthology.orchestra.run.smithi116.stdout:/usr/bin/ceph: stderr
2024-03-04T15:54:45.177+0000 7fa731fa5700 1 --2- 172.21.15.116:0/3184105036 >> [v2:172.21.15.116:6800/1340152843,v1:172.21.15.116:6801/1340152843] conn(0x7fa714038320 0x7fa71403a7e0 secure :-1 s=READY pgs=21 cs=0 l=1 rev1=1 crypto rx=0x7fa720006fd0 tx=0x7fa720006e40 comp rx=0 tx=0).stop
2024-03-04T15:54:45.753 INFO:teuthology.orchestra.run.smithi116.stdout:/usr/bin/ceph: stderr
2024-03-04T15:54:45.177+0000 7fa731fa5700 1 -- 172.21.15.116:0/3184105036 >> [v2:172.21.15.116:3300/0,v1:172.21.15.116:6789/0] conn(0x7fa72c104730 msgr2=0x7fa72c107020 secure :-1 s=STATE_CONNECTION_ESTABLISHED l=1).mark_down
2024-03-04T15:54:45.753 INFO:teuthology.orchestra.run.smithi116.stdout:/usr/bin/ceph: stderr
2024-03-04T15:54:45.177+0000 7fa731fa5700 1 --2- 172.21.15.116:0/3184105036 >> [v2:172.21.15.116:3300/0,v1:172.21.15.116:6789/0] conn(0x7fa72c104730 0x7fa72c107020 secure :-1 s=READY pgs=66 cs=0 l=1 rev1=1 crypto rx=0x7fa71c011670 tx=0x7fa71c011b50 comp rx=0 tx=0).stop
2024-03-04T15:54:45.753 INFO:teuthology.orchestra.run.smithi116.stdout:/usr/bin/ceph: stderr
2024-03-04T15:54:45.177+0000 7fa731fa5700 1 -- 172.21.15.116:0/3184105036 shutdown_connections
2024-03-04T15:54:45.753 INFO:teuthology.orchestra.run.smithi116.stdout:/usr/bin/ceph: stderr
2024-03-04T15:54:45.177+0000 7fa731fa5700 1 --2- 172.21.15.116:0/3184105036 >> [v2:172.21.15.116:6800/1340152843,v1:172.21.15.116:6801/1340152843] conn(0x7fa714038320 0x7fa71403a7e0 unknown :-1 s=CLOSED pgs=21 cs=0 l=1 rev1=1 crypto rx=0 tx=0 comp rx=0 tx=0).stop
2024-03-04T15:54:45.753 INFO:teuthology.orchestra.run.smithi116.stdout:/usr/bin/ceph: stderr
2024-03-04T15:54:45.177+0000 7fa731fa5700 1 --2- 172.21.15.116:0/3184105036 >> [v2:172.21.15.116:3300/0,v1:172.21.15.116:6789/0] conn(0x7fa72c104730 0x7fa72c107020 unknown :-1 s=CLOSED pgs=66 cs=0 l=1 rev1=1 crypto rx=0 tx=0 comp rx=0 tx=0).stop
2024-03-04T15:54:45.753 INFO:teuthology.orchestra.run.smithi116.stdout:/usr/bin/ceph: stderr
2024-03-04T15:54:45.177+0000 7fa731fa5700 1 -- 172.21.15.116:0/3184105036 >> 172.21.15.116:0/3184105036 conn(0x7fa72c100040 msgr2=0x7fa72c101790 unknown :-1 s=STATE_NONE l=0).mark_down
2024-03-04T15:54:45.754 INFO:teuthology.orchestra.run.smithi116.stdout:/usr/bin/ceph: stderr
2024-03-04T15:54:45.177+0000 7fa731fa5700 1 -- 172.21.15.116:0/3184105036 shutdown_connections
2024-03-04T15:54:45.754 INFO:teuthology.orchestra.run.smithi116.stdout:/usr/bin/ceph: stderr
2024-03-04T15:54:45.177+0000 7fa731fa5700 1 -- 172.21.15.116:0/3184105036 wait complete.
2024-03-04T15:54:45.754 INFO:teuthology.orchestra.run.smithi116.stdout:Enabling the dashboard module...
2024-03-04T15:54:46.476 INFO:journalctl@ceph.mon.smithi116.smithi116.stdout:Mar 04 15:54:46 smithi116 ceph-mon[29120]: pgmap v5: 0 pgs: ; 0 B data, 0 B used, 0 B / 0 B avail
2024-03-04T15:54:46.476 INFO:journalctl@ceph.mon.smithi116.smithi116.stdout:Mar 04 15:54:46 smithi116 ceph-mon[29120]: from='client.? 172.21.15.116:0/3184105036' entity='client.admin'
2024-03-04T15:54:47.476 INFO:journalctl@ceph.mon.smithi116.smithi116.stdout:Mar 04 15:54:47 smithi116 ceph-mon[29120]: from='client.? 172.21.15.116:0/1011045391' entity='client.admin' cmd=[{"prefix": "mgr module enable", "module": "dashboard"}]: dispatch
2024-03-04T15:54:47.767 INFO:teuthology.orchestra.run.smithi116.stdout:/usr/bin/ceph: stderr
2024-03-04T15:54:46.225+0000 7ff98c700700 1 Processor -- start
2024-03-04T15:54:47.767 INFO:teuthology.orchestra.run.smithi116.stdout:/usr/bin/ceph: stderr
2024-03-04T15:54:46.225+0000 7ff98c700700 1 -- start start
2024-03-04T15:54:47.767 INFO:teuthology.orchestra.run.smithi116.stdout:/usr/bin/ceph: stderr
2024-03-04T15:54:46.226+0000 7ff98c700700 1 --2- >> [v2:172.21.15.116:3300/0,v1:172.21.15.116:6789/0] conn(0x7ff984106420 0x7ff984106840 unknown :-1 s=NONE pgs=0 cs=0 l=0 rev1=0 crypto rx=0 tx=0 comp rx=0 tx=0).connect
2024-03-04T15:54:47.768 INFO:teuthology.orchestra.run.smithi116.stdout:/usr/bin/ceph: stderr
2024-03-04T15:54:46.226+0000 7ff98c700700 1 -- --> [v2:172.21.15.116:3300/0,v1:172.21.15.116:6789/0] -- mon_getmap magic: 0 v1 -- 0x7ff984106e10 con 0x7ff984106420
2024-03-04T15:54:47.768 INFO:teuthology.orchestra.run.smithi116.stdout:/usr/bin/ceph: stderr
2024-03-04T15:54:46.226+0000 7ff98a49c700 1 --2- >> [v2:172.21.15.116:3300/0,v1:172.21.15.116:6789/0] conn(0x7ff984106420 0x7ff984106840 unknown :-1 s=BANNER_CONNECTING pgs=0 cs=0 l=0 rev1=0 crypto rx=0 tx=0 comp rx=0 tx=0)._handle_peer_banner_payload supported=3 required=0
2024-03-04T15:54:47.768 INFO:teuthology.orchestra.run.smithi116.stdout:/usr/bin/ceph: stderr
2024-03-04T15:54:46.226+0000 7ff98a49c700 1 --2- >> [v2:172.21.15.116:3300/0,v1:172.21.15.116:6789/0] conn(0x7ff984106420 0x7ff984106840 unknown :-1 s=HELLO_CONNECTING pgs=0 cs=0 l=0 rev1=1 crypto rx=0 tx=0 comp rx=0 tx=0).handle_hello peer v2:172.21.15.116:3300/0 says I am v2:172.21.15.116:60928/0 (socket says 172.21.15.116:60928)
2024-03-04T15:54:47.768 INFO:teuthology.orchestra.run.smithi116.stdout:/usr/bin/ceph: stderr
2024-03-04T15:54:46.226+0000 7ff98a49c700 1 -- 172.21.15.116:0/2672825399 learned_addr learned my addr 172.21.15.116:0/2672825399 (peer_addr_for_me v2:172.21.15.116:0/0)
2024-03-04T15:54:47.768 INFO:teuthology.orchestra.run.smithi116.stdout:/usr/bin/ceph: stderr
2024-03-04T15:54:46.226+0000 7ff98a49c700 1 -- 172.21.15.116:0/2672825399 --> [v2:172.21.15.116:3300/0,v1:172.21.15.116:6789/0] -- mon_subscribe({config=0+,monmap=0+}) v3 -- 0x7ff984107620 con 0x7ff984106420
2024-03-04T15:54:47.768 INFO:teuthology.orchestra.run.smithi116.stdout:/usr/bin/ceph: stderr
2024-03-04T15:54:46.226+0000 7ff98a49c700 1 --2- 172.21.15.116:0/2672825399 >> [v2:172.21.15.116:3300/0,v1:172.21.15.116:6789/0] conn(0x7ff984106420 0x7ff984106840 secure :-1 s=READY pgs=67 cs=0 l=1 rev1=1 crypto rx=0x7ff9800098a0 tx=0x7ff980009bb0 comp rx=0 tx=0).ready entity=mon.0 client_cookie=be0f4270bf6bd7cf server_cookie=0 in_seq=0 out_seq=0
2024-03-04T15:54:47.768 INFO:teuthology.orchestra.run.smithi116.stdout:/usr/bin/ceph: stderr
2024-03-04T15:54:46.227+0000 7ff98949a700 1 -- 172.21.15.116:0/2672825399 <== mon.0 v2:172.21.15.116:3300/0 1 ==== mon_map magic: 0 v1 ==== 229+0+0 (secure 0 0 0) 0x7ff980004180 con 0x7ff984106420
2024-03-04T15:54:47.768 INFO:teuthology.orchestra.run.smithi116.stdout:/usr/bin/ceph: stderr
2024-03-04T15:54:46.227+0000 7ff98949a700 1 -- 172.21.15.116:0/2672825399 <== mon.0 v2:172.21.15.116:3300/0 2 ==== config(27 keys) v1 ==== 1101+0+0 (secure 0 0 0) 0x7ff9800042e0 con 0x7ff984106420
2024-03-04T15:54:47.768 INFO:teuthology.orchestra.run.smithi116.stdout:/usr/bin/ceph: stderr
2024-03-04T15:54:46.227+0000 7ff98949a700 1 -- 172.21.15.116:0/2672825399 <== mon.0 v2:172.21.15.116:3300/0 3 ==== mon_map magic: 0 v1 ==== 229+0+0 (secure 0 0 0) 0x7ff980011af0 con 0x7ff984106420
2024-03-04T15:54:47.768 INFO:teuthology.orchestra.run.smithi116.stdout:/usr/bin/ceph: stderr
2024-03-04T15:54:46.227+0000 7ff98c700700 1 -- 172.21.15.116:0/2672825399 >> [v2:172.21.15.116:3300/0,v1:172.21.15.116:6789/0] conn(0x7ff984106420 msgr2=0x7ff984106840 secure :-1 s=STATE_CONNECTION_ESTABLISHED l=1).mark_down
2024-03-04T15:54:47.768 INFO:teuthology.orchestra.run.smithi116.stdout:/usr/bin/ceph: stderr
2024-03-04T15:54:46.227+0000 7ff98c700700 1 --2- 172.21.15.116:0/2672825399 >> [v2:172.21.15.116:3300/0,v1:172.21.15.116:6789/0] conn(0x7ff984106420 0x7ff984106840 secure :-1 s=READY pgs=67 cs=0 l=1 rev1=1 crypto rx=0x7ff9800098a0 tx=0x7ff980009bb0 comp rx=0 tx=0).stop
2024-03-04T15:54:47.768 INFO:teuthology.orchestra.run.smithi116.stdout:/usr/bin/ceph: stderr
2024-03-04T15:54:46.227+0000 7ff98c700700 1 -- 172.21.15.116:0/2672825399 shutdown_connections
2024-03-04T15:54:47.768 INFO:teuthology.orchestra.run.smithi116.stdout:/usr/bin/ceph: stderr
2024-03-04T15:54:46.227+0000 7ff98c700700 1 --2- 172.21.15.116:0/2672825399 >> [v2:172.21.15.116:3300/0,v1:172.21.15.116:6789/0] conn(0x7ff984106420 0x7ff984106840 unknown :-1 s=CLOSED pgs=67 cs=0 l=1 rev1=1 crypto rx=0 tx=0 comp rx=0 tx=0).stop
2024-03-04T15:54:47.768 INFO:teuthology.orchestra.run.smithi116.stdout:/usr/bin/ceph: stderr
2024-03-04T15:54:46.227+0000 7ff98c700700 1 -- 172.21.15.116:0/2672825399 >> 172.21.15.116:0/2672825399 conn(0x7ff984101a00 msgr2=0x7ff984103e20 unknown :-1 s=STATE_NONE l=0).mark_down
2024-03-04T15:54:47.769 INFO:teuthology.orchestra.run.smithi116.stdout:/usr/bin/ceph: stderr
2024-03-04T15:54:46.227+0000 7ff98c700700 1 -- 172.21.15.116:0/2672825399 shutdown_connections
2024-03-04T15:54:47.769 INFO:teuthology.orchestra.run.smithi116.stdout:/usr/bin/ceph: stderr
2024-03-04T15:54:46.227+0000 7ff98c700700 1 -- 172.21.15.116:0/2672825399 wait complete.
2024-03-04T15:54:47.769 INFO:teuthology.orchestra.run.smithi116.stdout:/usr/bin/ceph: stderr
2024-03-04T15:54:46.228+0000 7ff98c700700 1 Processor -- start
2024-03-04T15:54:47.769 INFO:teuthology.orchestra.run.smithi116.stdout:/usr/bin/ceph: stderr
2024-03-04T15:54:46.228+0000 7ff98c700700 1 -- start start
2024-03-04T15:54:47.769 INFO:teuthology.orchestra.run.smithi116.stdout:/usr/bin/ceph: stderr
2024-03-04T15:54:46.228+0000 7ff98c700700 1 --2- >> [v2:172.21.15.116:3300/0,v1:172.21.15.116:6789/0] conn(0x7ff984106420 0x7ff98419a0e0 unknown :-1 s=NONE pgs=0 cs=0 l=1 rev1=0 crypto rx=0 tx=0 comp rx=0 tx=0).connect
2024-03-04T15:54:47.769 INFO:teuthology.orchestra.run.smithi116.stdout:/usr/bin/ceph: stderr
2024-03-04T15:54:46.228+0000 7ff98c700700 1 -- --> [v2:172.21.15.116:3300/0,v1:172.21.15.116:6789/0] -- mon_getmap magic: 0 v1 -- 0x7ff98419a620 con 0x7ff984106420
2024-03-04T15:54:47.769 INFO:teuthology.orchestra.run.smithi116.stdout:/usr/bin/ceph: stderr
2024-03-04T15:54:46.228+0000 7ff98a49c700 1 --2- >> [v2:172.21.15.116:3300/0,v1:172.21.15.116:6789/0] conn(0x7ff984106420 0x7ff98419a0e0 unknown :-1 s=BANNER_CONNECTING pgs=0 cs=0 l=1 rev1=0 crypto rx=0 tx=0 comp rx=0 tx=0)._handle_peer_banner_payload supported=3 required=0
2024-03-04T15:54:47.769 INFO:teuthology.orchestra.run.smithi116.stdout:/usr/bin/ceph: stderr
2024-03-04T15:54:46.228+0000 7ff98a49c700 1 --2- >> [v2:172.21.15.116:3300/0,v1:172.21.15.116:6789/0] conn(0x7ff984106420 0x7ff98419a0e0 unknown :-1 s=HELLO_CONNECTING pgs=0 cs=0 l=1 rev1=1 crypto rx=0 tx=0 comp rx=0 tx=0).handle_hello peer v2:172.21.15.116:3300/0 says I am v2:172.21.15.116:60938/0 (socket says 172.21.15.116:60938)
2024-03-04T15:54:47.769 INFO:teuthology.orchestra.run.smithi116.stdout:/usr/bin/ceph: stderr
2024-03-04T15:54:46.228+0000 7ff98a49c700 1 -- 172.21.15.116:0/1011045391 learned_addr learned my addr 172.21.15.116:0/1011045391 (peer_addr_for_me v2:172.21.15.116:0/0)
2024-03-04T15:54:47.769 INFO:teuthology.orchestra.run.smithi116.stdout:/usr/bin/ceph: stderr
2024-03-04T15:54:46.228+0000 7ff98a49c700 1 -- 172.21.15.116:0/1011045391 --> [v2:172.21.15.116:3300/0,v1:172.21.15.116:6789/0] -- mon_subscribe({config=0+,monmap=0+}) v3 -- 0x7ff980009550 con 0x7ff984106420
2024-03-04T15:54:47.769 INFO:teuthology.orchestra.run.smithi116.stdout:/usr/bin/ceph: stderr
2024-03-04T15:54:46.229+0000 7ff98a49c700 1 --2- 172.21.15.116:0/1011045391 >> [v2:172.21.15.116:3300/0,v1:172.21.15.116:6789/0] conn(0x7ff984106420 0x7ff98419a0e0 secure :-1 s=READY pgs=68 cs=0 l=1 rev1=1 crypto rx=0x7ff980006ba0 tx=0x7ff980011b50 comp rx=0 tx=0).ready entity=mon.0 client_cookie=0 server_cookie=0 in_seq=0 out_seq=0
2024-03-04T15:54:47.769 INFO:teuthology.orchestra.run.smithi116.stdout:/usr/bin/ceph: stderr
2024-03-04T15:54:46.229+0000 7ff9777fe700 1 -- 172.21.15.116:0/1011045391 <== mon.0 v2:172.21.15.116:3300/0 1 ==== mon_map magic: 0 v1 ==== 229+0+0 (secure 0 0 0) 0x7ff980003b00 con 0x7ff984106420
2024-03-04T15:54:47.769 INFO:teuthology.orchestra.run.smithi116.stdout:/usr/bin/ceph: stderr
2024-03-04T15:54:46.229+0000 7ff9777fe700 1 -- 172.21.15.116:0/1011045391 <== mon.0 v2:172.21.15.116:3300/0 2 ==== config(27 keys) v1 ==== 1101+0+0 (secure 0 0 0) 0x7ff98001a8e0 con 0x7ff984106420
2024-03-04T15:54:47.769 INFO:teuthology.orchestra.run.smithi116.stdout:/usr/bin/ceph: stderr
2024-03-04T15:54:46.229+0000 7ff9777fe700 1 -- 172.21.15.116:0/1011045391 <== mon.0 v2:172.21.15.116:3300/0 3 ==== mon_map magic: 0 v1 ==== 229+0+0 (secure 0 0 0) 0x7ff980019990 con 0x7ff984106420
2024-03-04T15:54:47.770 INFO:teuthology.orchestra.run.smithi116.stdout:/usr/bin/ceph: stderr
2024-03-04T15:54:46.229+0000 7ff98c700700 1 -- 172.21.15.116:0/1011045391 --> [v2:172.21.15.116:3300/0,v1:172.21.15.116:6789/0] -- mon_subscribe({mgrmap=0+}) v3 -- 0x7ff98419a820 con 0x7ff984106420
2024-03-04T15:54:47.770 INFO:teuthology.orchestra.run.smithi116.stdout:/usr/bin/ceph: stderr
2024-03-04T15:54:46.229+0000 7ff98c700700 1 -- 172.21.15.116:0/1011045391 --> [v2:172.21.15.116:3300/0,v1:172.21.15.116:6789/0] -- mon_subscribe({osdmap=0}) v3 -- 0x7ff98419acc0 con 0x7ff984106420
2024-03-04T15:54:47.770 INFO:teuthology.orchestra.run.smithi116.stdout:/usr/bin/ceph: stderr
2024-03-04T15:54:46.229+0000 7ff9777fe700 1 -- 172.21.15.116:0/1011045391 <== mon.0 v2:172.21.15.116:3300/0 4 ==== mgrmap(e 8) v1 ==== 45283+0+0 (secure 0 0 0) 0x7ff980019c00 con 0x7ff984106420
2024-03-04T15:54:47.770 INFO:teuthology.orchestra.run.smithi116.stdout:/usr/bin/ceph: stderr
2024-03-04T15:54:46.230+0000 7ff98c700700 1 -- 172.21.15.116:0/1011045391 --> [v2:172.21.15.116:3300/0,v1:172.21.15.116:6789/0] -- mon_command({"prefix": "get_command_descriptions"} v 0) v1 -- 0x7ff9840623c0 con 0x7ff984106420
2024-03-04T15:54:47.770 INFO:teuthology.orchestra.run.smithi116.stdout:/usr/bin/ceph: stderr
2024-03-04T15:54:46.230+0000 7ff9777fe700 1 --2- 172.21.15.116:0/1011045391 >> [v2:172.21.15.116:6800/1340152843,v1:172.21.15.116:6801/1340152843] conn(0x7ff970038320 0x7ff97003a7e0 unknown :-1 s=NONE pgs=0 cs=0 l=1 rev1=0 crypto rx=0 tx=0 comp rx=0 tx=0).connect
2024-03-04T15:54:47.770 INFO:teuthology.orchestra.run.smithi116.stdout:/usr/bin/ceph: stderr
2024-03-04T15:54:46.230+0000 7ff9777fe700 1 -- 172.21.15.116:0/1011045391 <== mon.0 v2:172.21.15.116:3300/0 5 ==== osd_map(2..2 src has 1..2) v4 ==== 940+0+0 (secure 0 0 0) 0x7ff98004c6d0 con 0x7ff984106420
2024-03-04T15:54:47.770 INFO:teuthology.orchestra.run.smithi116.stdout:/usr/bin/ceph: stderr
2024-03-04T15:54:46.230+0000 7ff989c9b700 1 --2- 172.21.15.116:0/1011045391 >> [v2:172.21.15.116:6800/1340152843,v1:172.21.15.116:6801/1340152843] conn(0x7ff970038320 0x7ff97003a7e0 unknown :-1 s=BANNER_CONNECTING pgs=0 cs=0 l=1 rev1=0 crypto rx=0 tx=0 comp rx=0 tx=0)._handle_peer_banner_payload supported=3 required=0
2024-03-04T15:54:47.770 INFO:teuthology.orchestra.run.smithi116.stdout:/usr/bin/ceph: stderr
2024-03-04T15:54:46.230+0000 7ff989c9b700 1 --2- 172.21.15.116:0/1011045391 >> [v2:172.21.15.116:6800/1340152843,v1:172.21.15.116:6801/1340152843] conn(0x7ff970038320 0x7ff97003a7e0 secure :-1 s=READY pgs=22 cs=0 l=1 rev1=1 crypto rx=0x7ff978006fd0 tx=0x7ff978006e40 comp rx=0 tx=0).ready entity=mgr.14120 client_cookie=0 server_cookie=0 in_seq=0 out_seq=0
2024-03-04T15:54:47.770 INFO:teuthology.orchestra.run.smithi116.stdout:/usr/bin/ceph: stderr
2024-03-04T15:54:46.234+0000 7ff9777fe700 1 -- 172.21.15.116:0/1011045391 <== mon.0 v2:172.21.15.116:3300/0 6 ==== mon_command_ack([{"prefix": "get_command_descriptions"}]=0 v0) v1 ==== 72+0+180422 (secure 0 0 0) 0x7ff98002d440 con 0x7ff984106420
2024-03-04T15:54:47.770 INFO:teuthology.orchestra.run.smithi116.stdout:/usr/bin/ceph: stderr
2024-03-04T15:54:46.474+0000 7ff98c700700 1 -- 172.21.15.116:0/1011045391 --> [v2:172.21.15.116:3300/0,v1:172.21.15.116:6789/0] -- mon_command({"prefix": "mgr module enable", "module": "dashboard"} v 0) v1 -- 0x7ff98410a820 con 0x7ff984106420
2024-03-04T15:54:47.770 INFO:teuthology.orchestra.run.smithi116.stdout:/usr/bin/ceph: stderr
2024-03-04T15:54:47.180+0000 7ff9777fe700 1 -- 172.21.15.116:0/1011045391 <== mon.0 v2:172.21.15.116:3300/0 7 ==== mgrmap(e 9) v1 ==== 45296+0+0 (secure 0 0 0) 0x7ff98002c3a0 con 0x7ff984106420
2024-03-04T15:54:47.770 INFO:teuthology.orchestra.run.smithi116.stdout:/usr/bin/ceph: stderr
2024-03-04T15:54:47.182+0000 7ff9777fe700 1 -- 172.21.15.116:0/1011045391 <== mon.0 v2:172.21.15.116:3300/0 8 ==== mon_command_ack([{"prefix": "mgr module enable", "module": "dashboard"}]=0 v9) v1 ==== 88+0+0 (secure 0 0 0) 0x7ff980023760 con 0x7ff984106420
2024-03-04T15:54:47.770 INFO:teuthology.orchestra.run.smithi116.stdout:/usr/bin/ceph: stderr
2024-03-04T15:54:47.185+0000 7ff98c700700 1 -- 172.21.15.116:0/1011045391 >> [v2:172.21.15.116:6800/1340152843,v1:172.21.15.116:6801/1340152843] conn(0x7ff970038320 msgr2=0x7ff97003a7e0 secure :-1 s=STATE_CONNECTION_ESTABLISHED l=1).mark_down
2024-03-04T15:54:47.770 INFO:teuthology.orchestra.run.smithi116.stdout:/usr/bin/ceph: stderr
2024-03-04T15:54:47.185+0000 7ff98c700700 1 --2- 172.21.15.116:0/1011045391 >> [v2:172.21.15.116:6800/1340152843,v1:172.21.15.116:6801/1340152843] conn(0x7ff970038320 0x7ff97003a7e0 secure :-1 s=READY pgs=22 cs=0 l=1 rev1=1 crypto rx=0x7ff978006fd0 tx=0x7ff978006e40 comp rx=0 tx=0).stop
2024-03-04T15:54:47.770 INFO:teuthology.orchestra.run.smithi116.stdout:/usr/bin/ceph: stderr
2024-03-04T15:54:47.185+0000 7ff98c700700 1 -- 172.21.15.116:0/1011045391 >> [v2:172.21.15.116:3300/0,v1:172.21.15.116:6789/0] conn(0x7ff984106420 msgr2=0x7ff98419a0e0 secure :-1 s=STATE_CONNECTION_ESTABLISHED l=1).mark_down
2024-03-04T15:54:47.771 INFO:teuthology.orchestra.run.smithi116.stdout:/usr/bin/ceph: stderr
2024-03-04T15:54:47.185+0000 7ff98c700700 1 --2- 172.21.15.116:0/1011045391 >> [v2:172.21.15.116:3300/0,v1:172.21.15.116:6789/0] conn(0x7ff984106420 0x7ff98419a0e0 secure :-1 s=READY pgs=68 cs=0 l=1 rev1=1 crypto rx=0x7ff980006ba0 tx=0x7ff980011b50 comp rx=0 tx=0).stop
2024-03-04T15:54:47.771 INFO:teuthology.orchestra.run.smithi116.stdout:/usr/bin/ceph: stderr
2024-03-04T15:54:47.186+0000 7ff98c700700 1 -- 172.21.15.116:0/1011045391 shutdown_connections
2024-03-04T15:54:47.771 INFO:teuthology.orchestra.run.smithi116.stdout:/usr/bin/ceph: stderr
2024-03-04T15:54:47.186+0000 7ff98c700700 1 --2- 172.21.15.116:0/1011045391 >> [v2:172.21.15.116:6800/1340152843,v1:172.21.15.116:6801/1340152843] conn(0x7ff970038320 0x7ff97003a7e0 unknown :-1 s=CLOSED pgs=22 cs=0 l=1 rev1=1 crypto rx=0 tx=0 comp rx=0 tx=0).stop
2024-03-04T15:54:47.771 INFO:teuthology.orchestra.run.smithi116.stdout:/usr/bin/ceph: stderr
2024-03-04T15:54:47.186+0000 7ff98c700700 1 --2- 172.21.15.116:0/1011045391 >> [v2:172.21.15.116:3300/0,v1:172.21.15.116:6789/0] conn(0x7ff984106420 0x7ff98419a0e0 unknown :-1 s=CLOSED pgs=68 cs=0 l=1 rev1=1 crypto rx=0 tx=0 comp rx=0 tx=0).stop
2024-03-04T15:54:47.771 INFO:teuthology.orchestra.run.smithi116.stdout:/usr/bin/ceph: stderr
2024-03-04T15:54:47.186+0000 7ff98c700700 1 -- 172.21.15.116:0/1011045391 >> 172.21.15.116:0/1011045391 conn(0x7ff984101a00 msgr2=0x7ff9841027d0 unknown :-1 s=STATE_NONE l=0).mark_down
2024-03-04T15:54:47.771 INFO:teuthology.orchestra.run.smithi116.stdout:/usr/bin/ceph: stderr
2024-03-04T15:54:47.186+0000 7ff98c700700 1 -- 172.21.15.116:0/1011045391 shutdown_connections
2024-03-04T15:54:47.771 INFO:teuthology.orchestra.run.smithi116.stdout:/usr/bin/ceph: stderr
2024-03-04T15:54:47.186+0000 7ff98c700700 1 -- 172.21.15.116:0/1011045391 wait complete.
2024-03-04T15:54:48.416 INFO:journalctl@ceph.mon.smithi116.smithi116.stdout:Mar 04 15:54:48 smithi116 ceph-mon[29120]: from='client.? 172.21.15.116:0/1011045391' entity='client.admin' cmd='[{"prefix": "mgr module enable", "module": "dashboard"}]': finished
2024-03-04T15:54:48.416 INFO:journalctl@ceph.mon.smithi116.smithi116.stdout:Mar 04 15:54:48 smithi116 ceph-mon[29120]: mgrmap e9: smithi116.jwdhop(active, since 26s)
2024-03-04T15:54:49.092 INFO:teuthology.orchestra.run.smithi116.stdout:/usr/bin/ceph: stdout {
2024-03-04T15:54:49.092 INFO:teuthology.orchestra.run.smithi116.stdout:/usr/bin/ceph: stdout "epoch": 9,
2024-03-04T15:54:49.092 INFO:teuthology.orchestra.run.smithi116.stdout:/usr/bin/ceph: stdout "available": true,
2024-03-04T15:54:49.092 INFO:teuthology.orchestra.run.smithi116.stdout:/usr/bin/ceph: stdout "active_name": "smithi116.jwdhop",
2024-03-04T15:54:49.092 INFO:teuthology.orchestra.run.smithi116.stdout:/usr/bin/ceph: stdout "num_standby": 0
2024-03-04T15:54:49.093 INFO:teuthology.orchestra.run.smithi116.stdout:/usr/bin/ceph: stdout }
2024-03-04T15:54:49.093 INFO:teuthology.orchestra.run.smithi116.stdout:/usr/bin/ceph: stderr
2024-03-04T15:54:48.208+0000 7f839b20c700 1 Processor -- start
2024-03-04T15:54:49.093 INFO:teuthology.orchestra.run.smithi116.stdout:/usr/bin/ceph: stderr
2024-03-04T15:54:48.208+0000 7f839b20c700 1 -- start start
2024-03-04T15:54:49.093 INFO:teuthology.orchestra.run.smithi116.stdout:/usr/bin/ceph: stderr
2024-03-04T15:54:48.208+0000 7f839b20c700 1 --2- >> [v2:172.21.15.116:3300/0,v1:172.21.15.116:6789/0] conn(0x7f8394104730 0x7f8394104b50 unknown :-1 s=NONE pgs=0 cs=0 l=0 rev1=0 crypto rx=0 tx=0 comp rx=0 tx=0).connect
2024-03-04T15:54:49.093 INFO:teuthology.orchestra.run.smithi116.stdout:/usr/bin/ceph: stderr
2024-03-04T15:54:48.208+0000 7f839b20c700 1 -- --> [v2:172.21.15.116:3300/0,v1:172.21.15.116:6789/0] -- mon_getmap magic: 0 v1 -- 0x7f8394105120 con 0x7f8394104730
2024-03-04T15:54:49.094 INFO:teuthology.orchestra.run.smithi116.stdout:/usr/bin/ceph: stderr
2024-03-04T15:54:48.208+0000 7f8398fa8700 1 --2- >> [v2:172.21.15.116:3300/0,v1:172.21.15.116:6789/0] conn(0x7f8394104730 0x7f8394104b50 unknown :-1 s=BANNER_CONNECTING pgs=0 cs=0 l=0 rev1=0 crypto rx=0 tx=0 comp rx=0 tx=0)._handle_peer_banner_payload supported=3 required=0
2024-03-04T15:54:49.094 INFO:teuthology.orchestra.run.smithi116.stdout:/usr/bin/ceph: stderr
2024-03-04T15:54:48.208+0000 7f8398fa8700 1 --2- >> [v2:172.21.15.116:3300/0,v1:172.21.15.116:6789/0] conn(0x7f8394104730 0x7f8394104b50 unknown :-1 s=HELLO_CONNECTING pgs=0 cs=0 l=0 rev1=1 crypto rx=0 tx=0 comp rx=0 tx=0).handle_hello peer v2:172.21.15.116:3300/0 says I am v2:172.21.15.116:60970/0 (socket says 172.21.15.116:60970)
2024-03-04T15:54:49.094 INFO:teuthology.orchestra.run.smithi116.stdout:/usr/bin/ceph: stderr
2024-03-04T15:54:48.208+0000 7f8398fa8700 1 -- 172.21.15.116:0/1105651392 learned_addr learned my addr 172.21.15.116:0/1105651392 (peer_addr_for_me v2:172.21.15.116:0/0)
2024-03-04T15:54:49.094 INFO:teuthology.orchestra.run.smithi116.stdout:/usr/bin/ceph: stderr
2024-03-04T15:54:48.208+0000 7f8398fa8700 1 -- 172.21.15.116:0/1105651392 --> [v2:172.21.15.116:3300/0,v1:172.21.15.116:6789/0] -- mon_subscribe({config=0+,monmap=0+}) v3 -- 0x7f83941076c0 con 0x7f8394104730
2024-03-04T15:54:49.094 INFO:teuthology.orchestra.run.smithi116.stdout:/usr/bin/ceph: stderr
2024-03-04T15:54:48.209+0000 7f8398fa8700 1 --2- 172.21.15.116:0/1105651392 >> [v2:172.21.15.116:3300/0,v1:172.21.15.116:6789/0] conn(0x7f8394104730 0x7f8394104b50 secure :-1 s=READY pgs=71 cs=0 l=1 rev1=1 crypto rx=0x7f83880098a0 tx=0x7f8388009bb0 comp rx=0 tx=0).ready entity=mon.0 client_cookie=53d70dd4483f1986 server_cookie=0 in_seq=0 out_seq=0
2024-03-04T15:54:49.095 INFO:teuthology.orchestra.run.smithi116.stdout:/usr/bin/ceph: stderr
2024-03-04T15:54:48.209+0000 7f83937fe700 1 -- 172.21.15.116:0/1105651392 <== mon.0 v2:172.21.15.116:3300/0 1 ==== mon_map magic: 0 v1 ==== 229+0+0 (secure 0 0 0) 0x7f8388004180 con 0x7f8394104730
2024-03-04T15:54:49.095 INFO:teuthology.orchestra.run.smithi116.stdout:/usr/bin/ceph: stderr
2024-03-04T15:54:48.209+0000 7f83937fe700 1 -- 172.21.15.116:0/1105651392 <== mon.0 v2:172.21.15.116:3300/0 2 ==== config(27 keys) v1 ==== 1101+0+0 (secure 0 0 0) 0x7f83880042e0 con 0x7f8394104730
2024-03-04T15:54:49.095 INFO:teuthology.orchestra.run.smithi116.stdout:/usr/bin/ceph: stderr
2024-03-04T15:54:48.209+0000 7f83937fe700 1 -- 172.21.15.116:0/1105651392 <== mon.0 v2:172.21.15.116:3300/0 3 ==== mon_map magic: 0 v1 ==== 229+0+0 (secure 0 0 0) 0x7f8388011af0 con 0x7f8394104730
2024-03-04T15:54:49.095 INFO:teuthology.orchestra.run.smithi116.stdout:/usr/bin/ceph: stderr
2024-03-04T15:54:48.209+0000 7f839b20c700 1 -- 172.21.15.116:0/1105651392 >> [v2:172.21.15.116:3300/0,v1:172.21.15.116:6789/0] conn(0x7f8394104730 msgr2=0x7f8394104b50 secure :-1 s=STATE_CONNECTION_ESTABLISHED l=1).mark_down
2024-03-04T15:54:49.095 INFO:teuthology.orchestra.run.smithi116.stdout:/usr/bin/ceph: stderr
2024-03-04T15:54:48.209+0000 7f839b20c700 1 --2- 172.21.15.116:0/1105651392 >> [v2:172.21.15.116:3300/0,v1:172.21.15.116:6789/0] conn(0x7f8394104730 0x7f8394104b50 secure :-1 s=READY pgs=71 cs=0 l=1 rev1=1 crypto rx=0x7f83880098a0 tx=0x7f8388009bb0 comp rx=0 tx=0).stop
2024-03-04T15:54:49.095 INFO:teuthology.orchestra.run.smithi116.stdout:/usr/bin/ceph: stderr
2024-03-04T15:54:48.210+0000 7f839b20c700 1 -- 172.21.15.116:0/1105651392 shutdown_connections
2024-03-04T15:54:49.096 INFO:teuthology.orchestra.run.smithi116.stdout:/usr/bin/ceph: stderr
2024-03-04T15:54:48.210+0000 7f839b20c700 1 --2- 172.21.15.116:0/1105651392 >> [v2:172.21.15.116:3300/0,v1:172.21.15.116:6789/0] conn(0x7f8394104730 0x7f8394104b50 unknown :-1 s=CLOSED pgs=71 cs=0 l=1 rev1=1 crypto rx=0 tx=0 comp rx=0 tx=0).stop
2024-03-04T15:54:49.096 INFO:teuthology.orchestra.run.smithi116.stdout:/usr/bin/ceph: stderr
2024-03-04T15:54:48.210+0000 7f839b20c700 1 -- 172.21.15.116:0/1105651392 >> 172.21.15.116:0/1105651392 conn(0x7f8394100040 msgr2=0x7f83941024a0 unknown :-1 s=STATE_NONE l=0).mark_down
2024-03-04T15:54:49.096 INFO:teuthology.orchestra.run.smithi116.stdout:/usr/bin/ceph: stderr
2024-03-04T15:54:48.210+0000 7f839b20c700 1 -- 172.21.15.116:0/1105651392 shutdown_connections
2024-03-04T15:54:49.096 INFO:teuthology.orchestra.run.smithi116.stdout:/usr/bin/ceph: stderr
2024-03-04T15:54:48.210+0000 7f839b20c700 1 -- 172.21.15.116:0/1105651392 wait complete.
2024-03-04T15:54:49.096 INFO:teuthology.orchestra.run.smithi116.stdout:/usr/bin/ceph: stderr
2024-03-04T15:54:48.210+0000 7f839b20c700 1 Processor -- start
2024-03-04T15:54:49.096 INFO:teuthology.orchestra.run.smithi116.stdout:/usr/bin/ceph: stderr
2024-03-04T15:54:48.210+0000 7f839b20c700 1 -- start start
2024-03-04T15:54:49.097 INFO:teuthology.orchestra.run.smithi116.stdout:/usr/bin/ceph: stderr
2024-03-04T15:54:48.211+0000 7f839b20c700 1 --2- >> [v2:172.21.15.116:3300/0,v1:172.21.15.116:6789/0] conn(0x7f8394104730 0x7f839419a1b0 unknown :-1 s=NONE pgs=0 cs=0 l=1 rev1=0 crypto rx=0 tx=0 comp rx=0 tx=0).connect
2024-03-04T15:54:49.097 INFO:teuthology.orchestra.run.smithi116.stdout:/usr/bin/ceph: stderr
2024-03-04T15:54:48.211+0000 7f839b20c700 1 -- --> [v2:172.21.15.116:3300/0,v1:172.21.15.116:6789/0] -- mon_getmap magic: 0 v1 -- 0x7f839419a6f0 con 0x7f8394104730
2024-03-04T15:54:49.097 INFO:teuthology.orchestra.run.smithi116.stdout:/usr/bin/ceph: stderr
2024-03-04T15:54:48.211+0000 7f8398fa8700 1 --2- >> [v2:172.21.15.116:3300/0,v1:172.21.15.116:6789/0] conn(0x7f8394104730 0x7f839419a1b0 unknown :-1 s=BANNER_CONNECTING pgs=0 cs=0 l=1 rev1=0 crypto rx=0 tx=0 comp rx=0 tx=0)._handle_peer_banner_payload supported=3 required=0
2024-03-04T15:54:49.097 INFO:teuthology.orchestra.run.smithi116.stdout:/usr/bin/ceph: stderr
2024-03-04T15:54:48.211+0000 7f8398fa8700 1 --2- >> [v2:172.21.15.116:3300/0,v1:172.21.15.116:6789/0] conn(0x7f8394104730 0x7f839419a1b0 unknown :-1 s=HELLO_CONNECTING pgs=0 cs=0 l=1 rev1=1 crypto rx=0 tx=0 comp rx=0 tx=0).handle_hello peer v2:172.21.15.116:3300/0 says I am v2:172.21.15.116:60986/0 (socket says 172.21.15.116:60986)
2024-03-04T15:54:49.097 INFO:teuthology.orchestra.run.smithi116.stdout:/usr/bin/ceph: stderr
2024-03-04T15:54:48.211+0000 7f8398fa8700 1 -- 172.21.15.116:0/3193520978 learned_addr learned my addr 172.21.15.116:0/3193520978 (peer_addr_for_me v2:172.21.15.116:0/0)
2024-03-04T15:54:49.097 INFO:teuthology.orchestra.run.smithi116.stdout:/usr/bin/ceph: stderr
2024-03-04T15:54:48.211+0000 7f8398fa8700 1 -- 172.21.15.116:0/3193520978 --> [v2:172.21.15.116:3300/0,v1:172.21.15.116:6789/0] -- mon_subscribe({config=0+,monmap=0+}) v3 -- 0x7f8388009550 con 0x7f8394104730
2024-03-04T15:54:49.097 INFO:teuthology.orchestra.run.smithi116.stdout:/usr/bin/ceph: stderr
2024-03-04T15:54:48.211+0000 7f8398fa8700 1 --2- 172.21.15.116:0/3193520978 >> [v2:172.21.15.116:3300/0,v1:172.21.15.116:6789/0] conn(0x7f8394104730 0x7f839419a1b0 secure :-1 s=READY pgs=72 cs=0 l=1 rev1=1 crypto rx=0x7f8388011670 tx=0x7f8388011aa0 comp rx=0 tx=0).ready entity=mon.0 client_cookie=0 server_cookie=0 in_seq=0 out_seq=0
2024-03-04T15:54:49.097 INFO:teuthology.orchestra.run.smithi116.stdout:/usr/bin/ceph: stderr
2024-03-04T15:54:48.211+0000 7f8391ffb700 1 -- 172.21.15.116:0/3193520978 <== mon.0 v2:172.21.15.116:3300/0 1 ==== mon_map magic: 0 v1 ==== 229+0+0 (secure 0 0 0) 0x7f83880039c0 con 0x7f8394104730
2024-03-04T15:54:49.098 INFO:teuthology.orchestra.run.smithi116.stdout:/usr/bin/ceph: stderr
2024-03-04T15:54:48.211+0000 7f8391ffb700 1 -- 172.21.15.116:0/3193520978 <== mon.0 v2:172.21.15.116:3300/0 2 ==== config(27 keys) v1 ==== 1101+0+0 (secure 0 0 0) 0x7f8388003b20 con 0x7f8394104730
2024-03-04T15:54:49.098 INFO:teuthology.orchestra.run.smithi116.stdout:/usr/bin/ceph: stderr
2024-03-04T15:54:48.211+0000 7f839b20c700 1 -- 172.21.15.116:0/3193520978 --> [v2:172.21.15.116:3300/0,v1:172.21.15.116:6789/0] -- mon_subscribe({mgrmap=0+}) v3 -- 0x7f839419a8f0 con 0x7f8394104730
2024-03-04T15:54:49.098 INFO:teuthology.orchestra.run.smithi116.stdout:/usr/bin/ceph: stderr
2024-03-04T15:54:48.211+0000 7f8391ffb700 1 -- 172.21.15.116:0/3193520978 <== mon.0 v2:172.21.15.116:3300/0 3 ==== mon_map magic: 0 v1 ==== 229+0+0 (secure 0 0 0) 0x7f83880247f0 con 0x7f8394104730
2024-03-04T15:54:49.098 INFO:teuthology.orchestra.run.smithi116.stdout:/usr/bin/ceph: stderr
2024-03-04T15:54:48.211+0000 7f839b20c700 1 -- 172.21.15.116:0/3193520978 --> [v2:172.21.15.116:3300/0,v1:172.21.15.116:6789/0] -- mon_subscribe({osdmap=0}) v3 -- 0x7f839419ad90 con 0x7f8394104730
2024-03-04T15:54:49.098 INFO:teuthology.orchestra.run.smithi116.stdout:/usr/bin/ceph: stderr
2024-03-04T15:54:48.212+0000 7f8391ffb700 1 -- 172.21.15.116:0/3193520978 <== mon.0 v2:172.21.15.116:3300/0 4 ==== mgrmap(e 9) v1 ==== 45296+0+0 (secure 0 0 0) 0x7f8388024a60 con 0x7f8394104730
2024-03-04T15:54:49.098 INFO:teuthology.orchestra.run.smithi116.stdout:/usr/bin/ceph: stderr
2024-03-04T15:54:48.213+0000 7f8391ffb700 1 --2- 172.21.15.116:0/3193520978 >> [v2:172.21.15.116:6800/1340152843,v1:172.21.15.116:6801/1340152843] conn(0x7f8384038380 0x7f838403a840 unknown :-1 s=NONE pgs=0 cs=0 l=1 rev1=0 crypto rx=0 tx=0 comp rx=0 tx=0).connect
2024-03-04T15:54:49.098 INFO:teuthology.orchestra.run.smithi116.stdout:/usr/bin/ceph: stderr
2024-03-04T15:54:48.213+0000 7f839b20c700 1 -- 172.21.15.116:0/3193520978 --> [v2:172.21.15.116:3300/0,v1:172.21.15.116:6789/0] -- mon_command({"prefix": "get_command_descriptions"} v 0) v1 -- 0x7f83940623c0 con 0x7f8394104730
2024-03-04T15:54:49.098 INFO:teuthology.orchestra.run.smithi116.stdout:/usr/bin/ceph: stderr
2024-03-04T15:54:48.213+0000 7f8393fff700 1 -- 172.21.15.116:0/3193520978 >> [v2:172.21.15.116:6800/1340152843,v1:172.21.15.116:6801/1340152843] conn(0x7f8384038380 msgr2=0x7f838403a840 unknown :-1 s=STATE_CONNECTING_RE l=1).process reconnect failed to v2:172.21.15.116:6800/1340152843
2024-03-04T15:54:49.099 INFO:teuthology.orchestra.run.smithi116.stdout:/usr/bin/ceph: stderr
2024-03-04T15:54:48.213+0000 7f8391ffb700 1 -- 172.21.15.116:0/3193520978 <== mon.0 v2:172.21.15.116:3300/0 5 ==== osd_map(2..2 src has 1..2) v4 ==== 940+0+0 (secure 0 0 0) 0x7f838804d310 con 0x7f8394104730
2024-03-04T15:54:49.099 INFO:teuthology.orchestra.run.smithi116.stdout:/usr/bin/ceph: stderr
2024-03-04T15:54:48.213+0000 7f8393fff700 1 --2- 172.21.15.116:0/3193520978 >> [v2:172.21.15.116:6800/1340152843,v1:172.21.15.116:6801/1340152843] conn(0x7f8384038380 0x7f838403a840 unknown :-1 s=START_CONNECT pgs=0 cs=0 l=1 rev1=0 crypto rx=0 tx=0 comp rx=0 tx=0)._fault waiting 0.200000
2024-03-04T15:54:49.099 INFO:teuthology.orchestra.run.smithi116.stdout:/usr/bin/ceph: stderr
2024-03-04T15:54:48.217+0000 7f8391ffb700 1 -- 172.21.15.116:0/3193520978 <== mon.0 v2:172.21.15.116:3300/0 6 ==== mon_command_ack([{"prefix": "get_command_descriptions"}]=0 v0) v1 ==== 72+0+180422 (secure 0 0 0) 0x7f8388022310 con 0x7f8394104730
2024-03-04T15:54:49.099 INFO:teuthology.orchestra.run.smithi116.stdout:/usr/bin/ceph: stderr
2024-03-04T15:54:48.414+0000 7f8393fff700 1 -- 172.21.15.116:0/3193520978 >> [v2:172.21.15.116:6800/1340152843,v1:172.21.15.116:6801/1340152843] conn(0x7f8384038380 msgr2=0x7f838403a840 unknown :-1 s=STATE_CONNECTING_RE l=1).process reconnect failed to v2:172.21.15.116:6800/1340152843
2024-03-04T15:54:49.099 INFO:teuthology.orchestra.run.smithi116.stdout:/usr/bin/ceph: stderr
2024-03-04T15:54:48.414+0000 7f8393fff700 1 --2- 172.21.15.116:0/3193520978 >> [v2:172.21.15.116:6800/1340152843,v1:172.21.15.116:6801/1340152843] conn(0x7f8384038380 0x7f838403a840 unknown :-1 s=START_CONNECT pgs=0 cs=0 l=1 rev1=0 crypto rx=0 tx=0 comp rx=0 tx=0)._fault waiting 0.400000
2024-03-04T15:54:49.099 INFO:teuthology.orchestra.run.smithi116.stdout:/usr/bin/ceph: stderr
2024-03-04T15:54:48.466+0000 7f839b20c700 1 -- 172.21.15.116:0/3193520978 --> [v2:172.21.15.116:3300/0,v1:172.21.15.116:6789/0] -- mon_command({"prefix": "mgr stat"} v 0) v1 -- 0x7f839410a8f0 con 0x7f8394104730
2024-03-04T15:54:49.099 INFO:teuthology.orchestra.run.smithi116.stdout:/usr/bin/ceph: stderr
2024-03-04T15:54:48.467+0000 7f8391ffb700 1 -- 172.21.15.116:0/3193520978 <== mon.0 v2:172.21.15.116:3300/0 7 ==== mon_command_ack([{"prefix": "mgr stat"}]=0 v9) v1 ==== 56+0+103 (secure 0 0 0) 0x7f838800a0d0 con 0x7f8394104730
2024-03-04T15:54:49.099 INFO:teuthology.orchestra.run.smithi116.stdout:/usr/bin/ceph: stderr
2024-03-04T15:54:48.469+0000 7f839b20c700 1 -- 172.21.15.116:0/3193520978 >> [v2:172.21.15.116:6800/1340152843,v1:172.21.15.116:6801/1340152843] conn(0x7f8384038380 msgr2=0x7f838403a840 unknown :-1 s=STATE_CONNECTING l=1).mark_down
2024-03-04T15:54:49.099 INFO:teuthology.orchestra.run.smithi116.stdout:/usr/bin/ceph: stderr
2024-03-04T15:54:48.469+0000 7f839b20c700 1 --2- 172.21.15.116:0/3193520978 >> [v2:172.21.15.116:6800/1340152843,v1:172.21.15.116:6801/1340152843] conn(0x7f8384038380 0x7f838403a840 unknown :-1 s=START_CONNECT pgs=0 cs=0 l=1 rev1=0 crypto rx=0 tx=0 comp rx=0 tx=0).stop
2024-03-04T15:54:49.100 INFO:teuthology.orchestra.run.smithi116.stdout:/usr/bin/ceph: stderr
2024-03-04T15:54:48.469+0000 7f839b20c700 1 -- 172.21.15.116:0/3193520978 >> [v2:172.21.15.116:3300/0,v1:172.21.15.116:6789/0] conn(0x7f8394104730 msgr2=0x7f839419a1b0 secure :-1 s=STATE_CONNECTION_ESTABLISHED l=1).mark_down
2024-03-04T15:54:49.100 INFO:teuthology.orchestra.run.smithi116.stdout:/usr/bin/ceph: stderr
2024-03-04T15:54:48.469+0000 7f839b20c700 1 --2- 172.21.15.116:0/3193520978 >> [v2:172.21.15.116:3300/0,v1:172.21.15.116:6789/0] conn(0x7f8394104730 0x7f839419a1b0 secure :-1 s=READY pgs=72 cs=0 l=1 rev1=1 crypto rx=0x7f8388011670 tx=0x7f8388011aa0 comp rx=0 tx=0).stop
2024-03-04T15:54:49.100 INFO:teuthology.orchestra.run.smithi116.stdout:/usr/bin/ceph: stderr
2024-03-04T15:54:48.469+0000 7f839b20c700 1 -- 172.21.15.116:0/3193520978 shutdown_connections
2024-03-04T15:54:49.100 INFO:teuthology.orchestra.run.smithi116.stdout:/usr/bin/ceph: stderr
2024-03-04T15:54:48.469+0000 7f839b20c700 1 --2- 172.21.15.116:0/3193520978 >> [v2:172.21.15.116:6800/1340152843,v1:172.21.15.116:6801/1340152843] conn(0x7f8384038380 0x7f838403a840 unknown :-1 s=CLOSED pgs=0 cs=0 l=1 rev1=0 crypto rx=0 tx=0 comp rx=0 tx=0).stop
2024-03-04T15:54:49.100 INFO:teuthology.orchestra.run.smithi116.stdout:/usr/bin/ceph: stderr
2024-03-04T15:54:48.469+0000 7f839b20c700 1 --2- 172.21.15.116:0/3193520978 >> [v2:172.21.15.116:3300/0,v1:172.21.15.116:6789/0] conn(0x7f8394104730 0x7f839419a1b0 unknown :-1 s=CLOSED pgs=72 cs=0 l=1 rev1=1 crypto rx=0 tx=0 comp rx=0 tx=0).stop
2024-03-04T15:54:49.100 INFO:teuthology.orchestra.run.smithi116.stdout:/usr/bin/ceph: stderr
2024-03-04T15:54:48.469+0000 7f839b20c700 1 -- 172.21.15.116:0/3193520978 >> 172.21.15.116:0/3193520978 conn(0x7f8394100040 msgr2=0x7f83941017a0 unknown :-1 s=STATE_NONE l=0).mark_down
2024-03-04T15:54:49.101 INFO:teuthology.orchestra.run.smithi116.stdout:/usr/bin/ceph: stderr
2024-03-04T15:54:48.469+0000 7f839b20c700 1 -- 172.21.15.116:0/3193520978 shutdown_connections
2024-03-04T15:54:49.101 INFO:teuthology.orchestra.run.smithi116.stdout:/usr/bin/ceph: stderr
2024-03-04T15:54:48.469+0000 7f839b20c700 1 -- 172.21.15.116:0/3193520978 wait complete.
2024-03-04T15:54:49.101 INFO:teuthology.orchestra.run.smithi116.stdout:Waiting for the mgr to restart...
2024-03-04T15:54:49.101 INFO:teuthology.orchestra.run.smithi116.stdout:Waiting for mgr epoch 9...
2024-03-04T15:54:49.370 INFO:journalctl@ceph.mon.smithi116.smithi116.stdout:Mar 04 15:54:49 smithi116 ceph-mon[29120]: from='client.? 172.21.15.116:0/3193520978' entity='client.admin' cmd=[{"prefix": "mgr stat"}]: dispatch
2024-03-04T15:54:54.476 INFO:journalctl@ceph.mon.smithi116.smithi116.stdout:Mar 04 15:54:54 smithi116 ceph-mon[29120]: Active manager daemon smithi116.jwdhop restarted
2024-03-04T15:54:54.476 INFO:journalctl@ceph.mon.smithi116.smithi116.stdout:Mar 04 15:54:54 smithi116 ceph-mon[29120]: Activating manager daemon smithi116.jwdhop
2024-03-04T15:54:54.476 INFO:journalctl@ceph.mon.smithi116.smithi116.stdout:Mar 04 15:54:54 smithi116 ceph-mon[29120]: osdmap e3: 0 total, 0 up, 0 in
2024-03-04T15:54:54.477 INFO:journalctl@ceph.mon.smithi116.smithi116.stdout:Mar 04 15:54:54 smithi116 ceph-mon[29120]: mgrmap e10: smithi116.jwdhop(active, starting, since 0.00375318s)
2024-03-04T15:54:54.477 INFO:journalctl@ceph.mon.smithi116.smithi116.stdout:Mar 04 15:54:54 smithi116 ceph-mon[29120]: from='mgr.14164 172.21.15.116:0/4065190273' entity='mgr.smithi116.jwdhop' cmd=[{"prefix": "mon metadata", "id": "smithi116"}]: dispatch
2024-03-04T15:54:54.477 INFO:journalctl@ceph.mon.smithi116.smithi116.stdout:Mar 04 15:54:54 smithi116 ceph-mon[29120]: from='mgr.14164 172.21.15.116:0/4065190273' entity='mgr.smithi116.jwdhop' cmd=[{"prefix": "mgr metadata", "who": "smithi116.jwdhop", "id": "smithi116.jwdhop"}]: dispatch
2024-03-04T15:54:54.477 INFO:journalctl@ceph.mon.smithi116.smithi116.stdout:Mar 04 15:54:54 smithi116 ceph-mon[29120]: from='mgr.14164 172.21.15.116:0/4065190273' entity='mgr.smithi116.jwdhop' cmd=[{"prefix": "mds metadata"}]: dispatch
2024-03-04T15:54:54.477 INFO:journalctl@ceph.mon.smithi116.smithi116.stdout:Mar 04 15:54:54 smithi116 ceph-mon[29120]: from='mgr.14164 172.21.15.116:0/4065190273' entity='mgr.smithi116.jwdhop' cmd=[{"prefix": "osd metadata"}]: dispatch
2024-03-04T15:54:54.477 INFO:journalctl@ceph.mon.smithi116.smithi116.stdout:Mar 04 15:54:54 smithi116 ceph-mon[29120]: from='mgr.14164 172.21.15.116:0/4065190273' entity='mgr.smithi116.jwdhop' cmd=[{"prefix": "mon metadata"}]: dispatch
2024-03-04T15:54:54.477 INFO:journalctl@ceph.mon.smithi116.smithi116.stdout:Mar 04 15:54:54 smithi116 ceph-mon[29120]: Manager daemon smithi116.jwdhop is now available
2024-03-04T15:54:54.477 INFO:journalctl@ceph.mon.smithi116.smithi116.stdout:Mar 04 15:54:54 smithi116 ceph-mon[29120]: from='mgr.14164 172.21.15.116:0/4065190273' entity='mgr.smithi116.jwdhop' cmd=[{"prefix": "config dump", "format": "json"}]: dispatch
2024-03-04T15:54:54.477 INFO:journalctl@ceph.mon.smithi116.smithi116.stdout:Mar 04 15:54:54 smithi116 ceph-mon[29120]: from='mgr.14164 172.21.15.116:0/4065190273' entity='mgr.smithi116.jwdhop' cmd=[{"prefix": "config dump", "format": "json"}]: dispatch
2024-03-04T15:54:54.477 INFO:journalctl@ceph.mon.smithi116.smithi116.stdout:Mar 04 15:54:54 smithi116 ceph-mon[29120]: from='mgr.14164 172.21.15.116:0/4065190273' entity='mgr.smithi116.jwdhop' cmd=[{"prefix":"config rm","who":"mgr","name":"mgr/rbd_support/smithi116.jwdhop/mirror_snapshot_schedule"}]: dispatch
2024-03-04T15:54:54.477 INFO:journalctl@ceph.mon.smithi116.smithi116.stdout:Mar 04 15:54:54 smithi116 ceph-mon[29120]: from='mgr.14164 172.21.15.116:0/4065190273' entity='mgr.smithi116.jwdhop' cmd=[{"prefix":"config rm","who":"mgr","name":"mgr/rbd_support/smithi116.jwdhop/trash_purge_schedule"}]: dispatch
2024-03-04T15:54:55.709 INFO:teuthology.orchestra.run.smithi116.stdout:/usr/bin/ceph: stdout {
2024-03-04T15:54:55.709 INFO:teuthology.orchestra.run.smithi116.stdout:/usr/bin/ceph: stdout "mgrmap_epoch": 11,
2024-03-04T15:54:55.709 INFO:teuthology.orchestra.run.smithi116.stdout:/usr/bin/ceph: stdout "initialized": true
2024-03-04T15:54:55.710 INFO:teuthology.orchestra.run.smithi116.stdout:/usr/bin/ceph: stdout }
2024-03-04T15:54:55.710 INFO:teuthology.orchestra.run.smithi116.stdout:/usr/bin/ceph: stderr
2024-03-04T15:54:49.507+0000 7fcb4307f700 1 Processor -- start
2024-03-04T15:54:55.710 INFO:teuthology.orchestra.run.smithi116.stdout:/usr/bin/ceph: stderr
2024-03-04T15:54:49.507+0000 7fcb4307f700 1 -- start start
2024-03-04T15:54:55.710 INFO:teuthology.orchestra.run.smithi116.stdout:/usr/bin/ceph: stderr
2024-03-04T15:54:49.507+0000 7fcb4307f700 1 --2- >> [v2:172.21.15.116:3300/0,v1:172.21.15.116:6789/0] conn(0x7fcb3c104d00 0x7fcb3c105120 unknown :-1 s=NONE pgs=0 cs=0 l=0 rev1=0 crypto rx=0 tx=0 comp rx=0 tx=0).connect
2024-03-04T15:54:55.710 INFO:teuthology.orchestra.run.smithi116.stdout:/usr/bin/ceph: stderr
2024-03-04T15:54:49.507+0000 7fcb4307f700 1 -- --> [v2:172.21.15.116:3300/0,v1:172.21.15.116:6789/0] -- mon_getmap magic: 0 v1 -- 0x7fcb3c074620 con 0x7fcb3c104d00
2024-03-04T15:54:55.710 INFO:teuthology.orchestra.run.smithi116.stdout:/usr/bin/ceph: stderr
2024-03-04T15:54:49.507+0000 7fcb40e1b700 1 --2- >> [v2:172.21.15.116:3300/0,v1:172.21.15.116:6789/0] conn(0x7fcb3c104d00 0x7fcb3c105120 unknown :-1 s=BANNER_CONNECTING pgs=0 cs=0 l=0 rev1=0 crypto rx=0 tx=0 comp rx=0 tx=0)._handle_peer_banner_payload supported=3 required=0
2024-03-04T15:54:55.710 INFO:teuthology.orchestra.run.smithi116.stdout:/usr/bin/ceph: stderr
