2022-03-18T03:27:51.322 INFO:teuthology.orchestra.run.smithi019.stderr:/usr/bin/ceph:
2022-03-18T03:27:51.320+0000 7f1841295700 1 --2- 172.21.15.19:0/2382026121 >> [v2:172.21.15.19:6800/3305919014,v1:172.21.15.19:6801/3305919014] conn(0x7f182802fd10 0x7f18280321d0 secure :-1 s=READY pgs=6 cs=0 l=1 rev1=1 rx=0x7f18300096a0 tx=0x7f1830006b40).stop
2022-03-18T03:27:51.323 INFO:teuthology.orchestra.run.smithi019.stderr:/usr/bin/ceph:
2022-03-18T03:27:51.320+0000 7f1841295700 1 -- 172.21.15.19:0/2382026121 >> [v2:172.21.15.19:3300/0,v1:172.21.15.19:6789/0] conn(0x7f183c06fbc0 msgr2=0x7f183c110d60 secure :-1 s=STATE_CONNECTION_ESTABLISHED l=1).mark_down
2022-03-18T03:27:51.323 INFO:teuthology.orchestra.run.smithi019.stderr:/usr/bin/ceph:
2022-03-18T03:27:51.320+0000 7f1841295700 1 --2- 172.21.15.19:0/2382026121 >> [v2:172.21.15.19:3300/0,v1:172.21.15.19:6789/0] conn(0x7f183c06fbc0 0x7f183c110d60 secure :-1 s=READY pgs=30 cs=0 l=1 rev1=1 rx=0x7f182c00db50 tx=0x7f182c006ee0).stop
2022-03-18T03:27:51.324 INFO:teuthology.orchestra.run.smithi019.stderr:/usr/bin/ceph:
2022-03-18T03:27:51.320+0000 7f1841295700 1 -- 172.21.15.19:0/2382026121 shutdown_connections
2022-03-18T03:27:51.324 INFO:teuthology.orchestra.run.smithi019.stderr:/usr/bin/ceph:
2022-03-18T03:27:51.320+0000 7f1841295700 1 --2- 172.21.15.19:0/2382026121 >> [v2:172.21.15.19:6800/3305919014,v1:172.21.15.19:6801/3305919014] conn(0x7f182802fd10 0x7f18280321d0 unknown :-1 s=CLOSED pgs=6 cs=0 l=1 rev1=1 rx=0 tx=0).stop
2022-03-18T03:27:51.324 INFO:teuthology.orchestra.run.smithi019.stderr:/usr/bin/ceph:
2022-03-18T03:27:51.320+0000 7f1841295700 1 --2- 172.21.15.19:0/2382026121 >> [v2:172.21.15.19:3300/0,v1:172.21.15.19:6789/0] conn(0x7f183c06fbc0 0x7f183c110d60 unknown :-1 s=CLOSED pgs=30 cs=0 l=1 rev1=1 rx=0 tx=0).stop
2022-03-18T03:27:51.325 INFO:teuthology.orchestra.run.smithi019.stderr:/usr/bin/ceph:
2022-03-18T03:27:51.320+0000 7f1841295700 1 -- 172.21.15.19:0/2382026121 >> 172.21.15.19:0/2382026121 conn(0x7f183c0f6110 msgr2=0x7f183c0f7b70 unknown :-1 s=STATE_NONE l=0).mark_down
2022-03-18T03:27:51.325 INFO:teuthology.orchestra.run.smithi019.stderr:/usr/bin/ceph:
2022-03-18T03:27:51.320+0000 7f1841295700 1 -- 172.21.15.19:0/2382026121 shutdown_connections
2022-03-18T03:27:51.325 INFO:teuthology.orchestra.run.smithi019.stderr:/usr/bin/ceph:
2022-03-18T03:27:51.320+0000 7f1841295700 1 -- 172.21.15.19:0/2382026121 wait complete.
2022-03-18T03:27:51.498 INFO:journalctl@ceph.mon.smithi019.smithi019.stdout:Mar 18 03:27:51 smithi019 ceph-3ef34f56-a66b-11ec-8c35-001a4aab830c-mon.smithi019[29503]: cluster
2022-03-18T03:27:50.159590+0000 mon.smithi019 (mon.0) 48 : cluster [DBG] mgrmap e7: smithi019.rpscip(active, since 1.06632s)
2022-03-18T03:27:51.499 INFO:journalctl@ceph.mon.smithi019.smithi019.stdout:Mar 18 03:27:51 smithi019 ceph-3ef34f56-a66b-11ec-8c35-001a4aab830c-mon.smithi019[29503]: audit
2022-03-18T03:27:50.160113+0000 mgr.smithi019.rpscip (mgr.14114) 1 : audit [DBG] from='client.14118 -' entity='client.admin' cmd=[{"prefix": "get_command_descriptions"}]: dispatch
2022-03-18T03:27:51.499 INFO:journalctl@ceph.mon.smithi019.smithi019.stdout:Mar 18 03:27:51 smithi019 ceph-3ef34f56-a66b-11ec-8c35-001a4aab830c-mon.smithi019[29503]: audit
2022-03-18T03:27:50.167724+0000 mgr.smithi019.rpscip (mgr.14114) 2 : audit [DBG] from='client.14118 -' entity='client.admin' cmd=[{"prefix": "mgr_status"}]: dispatch
2022-03-18T03:27:51.730 INFO:teuthology.orchestra.run.smithi019.stderr:Running command: /bin/podman run --rm --ipc=host --no-hosts --net=host --entrypoint /usr/bin/ceph --init -e CONTAINER_IMAGE=docker.io/ceph/ceph:v16.2.4 -e NODE_NAME=smithi019 -e CEPH_USE_RANDOM_NONCE=1 -v /var/log/ceph/3ef34f56-a66b-11ec-8c35-001a4aab830c:/var/log/ceph:z -v /tmp/ceph-tmprda1nvyw:/etc/ceph/ceph.client.admin.keyring:z -v /tmp/ceph-tmpz_a9yfxc:/etc/ceph/ceph.conf:z docker.io/ceph/ceph:v16.2.4 cephadm set-user root
2022-03-18T03:27:51.815 INFO:teuthology.orchestra.run.smithi019.stderr:/usr/bin/ceph: Your kernel does not support pids limit capabilities or the cgroup is not mounted. PIDs limit discarded.
2022-03-18T03:27:52.293 INFO:teuthology.orchestra.run.smithi019.stderr:/usr/bin/ceph:
2022-03-18T03:27:52.291+0000 7f47d27d1700 1 Processor -- start
2022-03-18T03:27:52.293 INFO:teuthology.orchestra.run.smithi019.stderr:/usr/bin/ceph:
2022-03-18T03:27:52.291+0000 7f47d27d1700 1 -- start start
2022-03-18T03:27:52.294 INFO:teuthology.orchestra.run.smithi019.stderr:/usr/bin/ceph:
2022-03-18T03:27:52.291+0000 7f47d27d1700 1 --2- >> [v2:172.21.15.19:3300/0,v1:172.21.15.19:6789/0] conn(0x7f47cc06fbc0 0x7f47cc0fc420 unknown :-1 s=NONE pgs=0 cs=0 l=0 rev1=0 rx=0 tx=0).connect
2022-03-18T03:27:52.296 INFO:teuthology.orchestra.run.smithi019.stderr:/usr/bin/ceph:
2022-03-18T03:27:52.291+0000 7f47d27d1700 1 -- --> [v2:172.21.15.19:3300/0,v1:172.21.15.19:6789/0] -- mon_getmap magic: 0 v1 -- 0x7f47cc0fc910 con 0x7f47cc06fbc0
2022-03-18T03:27:52.296 INFO:teuthology.orchestra.run.smithi019.stderr:/usr/bin/ceph:
2022-03-18T03:27:52.292+0000 7f47d17cf700 1 --2- >> [v2:172.21.15.19:3300/0,v1:172.21.15.19:6789/0] conn(0x7f47cc06fbc0 0x7f47cc0fc420 unknown :-1 s=BANNER_CONNECTING pgs=0 cs=0 l=0 rev1=0 rx=0 tx=0)._handle_peer_banner_payload supported=1 required=0
2022-03-18T03:27:52.296 INFO:teuthology.orchestra.run.smithi019.stderr:/usr/bin/ceph:
2022-03-18T03:27:52.292+0000 7f47d17cf700 1 --2- >> [v2:172.21.15.19:3300/0,v1:172.21.15.19:6789/0] conn(0x7f47cc06fbc0 0x7f47cc0fc420 unknown :-1 s=HELLO_CONNECTING pgs=0 cs=0 l=0 rev1=1 rx=0 tx=0).handle_hello peer v2:172.21.15.19:3300/0 says I am v2:172.21.15.19:39900/0 (socket says 172.21.15.19:39900)
2022-03-18T03:27:52.297 INFO:teuthology.orchestra.run.smithi019.stderr:/usr/bin/ceph:
2022-03-18T03:27:52.292+0000 7f47d17cf700 1 -- 172.21.15.19:0/1222061821 learned_addr learned my addr 172.21.15.19:0/1222061821 (peer_addr_for_me v2:172.21.15.19:0/0)
2022-03-18T03:27:52.297 INFO:teuthology.orchestra.run.smithi019.stderr:/usr/bin/ceph:
2022-03-18T03:27:52.293+0000 7f47d17cf700 1 -- 172.21.15.19:0/1222061821 --> [v2:172.21.15.19:3300/0,v1:172.21.15.19:6789/0] -- mon_subscribe({config=0+,monmap=0+}) v3 -- 0x7f47cc0fca50 con 0x7f47cc06fbc0
2022-03-18T03:27:52.297 INFO:teuthology.orchestra.run.smithi019.stderr:/usr/bin/ceph:
2022-03-18T03:27:52.293+0000 7f47d17cf700 1 --2- 172.21.15.19:0/1222061821 >> [v2:172.21.15.19:3300/0,v1:172.21.15.19:6789/0] conn(0x7f47cc06fbc0 0x7f47cc0fc420 secure :-1 s=READY pgs=31 cs=0 l=1 rev1=1 rx=0x7f47c800b5f0 tx=0x7f47c8006ee0).ready entity=mon.0 client_cookie=404d4771a1e703dd server_cookie=0 in_seq=0 out_seq=0
2022-03-18T03:27:52.297 INFO:teuthology.orchestra.run.smithi019.stderr:/usr/bin/ceph:
2022-03-18T03:27:52.293+0000 7f47bbfff700 1 -- 172.21.15.19:0/1222061821 <== mon.0 v2:172.21.15.19:3300/0 1 ==== mon_map magic: 0 v1 ==== 229+0+0 (secure 0 0 0) 0x7f47c800d600 con 0x7f47cc06fbc0
2022-03-18T03:27:52.298 INFO:teuthology.orchestra.run.smithi019.stderr:/usr/bin/ceph:
2022-03-18T03:27:52.293+0000 7f47bbfff700 1 -- 172.21.15.19:0/1222061821 <== mon.0 v2:172.21.15.19:3300/0 2 ==== config(25 keys) v1 ==== 983+0+0 (secure 0 0 0) 0x7f47c800dbb0 con 0x7f47cc06fbc0
2022-03-18T03:27:52.298 INFO:teuthology.orchestra.run.smithi019.stderr:/usr/bin/ceph:
2022-03-18T03:27:52.293+0000 7f47bbfff700 1 -- 172.21.15.19:0/1222061821 <== mon.0 v2:172.21.15.19:3300/0 3 ==== mon_map magic: 0 v1 ==== 229+0+0 (secure 0 0 0) 0x7f47c8011bb0 con 0x7f47cc06fbc0
2022-03-18T03:27:52.298 INFO:teuthology.orchestra.run.smithi019.stderr:/usr/bin/ceph:
2022-03-18T03:27:52.294+0000 7f47d27d1700 1 -- 172.21.15.19:0/1222061821 >> [v2:172.21.15.19:3300/0,v1:172.21.15.19:6789/0] conn(0x7f47cc06fbc0 msgr2=0x7f47cc0fc420 secure :-1 s=STATE_CONNECTION_ESTABLISHED l=1).mark_down
2022-03-18T03:27:52.298 INFO:teuthology.orchestra.run.smithi019.stderr:/usr/bin/ceph:
2022-03-18T03:27:52.294+0000 7f47d27d1700 1 --2- 172.21.15.19:0/1222061821 >> [v2:172.21.15.19:3300/0,v1:172.21.15.19:6789/0] conn(0x7f47cc06fbc0 0x7f47cc0fc420 secure :-1 s=READY pgs=31 cs=0 l=1 rev1=1 rx=0x7f47c800b5f0 tx=0x7f47c8006ee0).stop
2022-03-18T03:27:52.299 INFO:teuthology.orchestra.run.smithi019.stderr:/usr/bin/ceph:
2022-03-18T03:27:52.294+0000 7f47d27d1700 1 -- 172.21.15.19:0/1222061821 shutdown_connections
2022-03-18T03:27:52.299 INFO:teuthology.orchestra.run.smithi019.stderr:/usr/bin/ceph:
2022-03-18T03:27:52.294+0000 7f47d27d1700 1 --2- 172.21.15.19:0/1222061821 >> [v2:172.21.15.19:3300/0,v1:172.21.15.19:6789/0] conn(0x7f47cc06fbc0 0x7f47cc0fc420 unknown :-1 s=CLOSED pgs=31 cs=0 l=1 rev1=1 rx=0 tx=0).stop
2022-03-18T03:27:52.299 INFO:teuthology.orchestra.run.smithi019.stderr:/usr/bin/ceph:
2022-03-18T03:27:52.294+0000 7f47d27d1700 1 -- 172.21.15.19:0/1222061821 >> 172.21.15.19:0/1222061821 conn(0x7f47cc0f6110 msgr2=0x7f47cc0f8530 unknown :-1 s=STATE_NONE l=0).mark_down
2022-03-18T03:27:52.299 INFO:teuthology.orchestra.run.smithi019.stderr:/usr/bin/ceph:
2022-03-18T03:27:52.294+0000 7f47d27d1700 1 -- 172.21.15.19:0/1222061821 shutdown_connections
2022-03-18T03:27:52.299 INFO:teuthology.orchestra.run.smithi019.stderr:/usr/bin/ceph:
2022-03-18T03:27:52.294+0000 7f47d27d1700 1 -- 172.21.15.19:0/1222061821 wait complete.
2022-03-18T03:27:52.302 INFO:teuthology.orchestra.run.smithi019.stderr:/usr/bin/ceph:
2022-03-18T03:27:52.295+0000 7f47d27d1700 1 Processor -- start
2022-03-18T03:27:52.302 INFO:teuthology.orchestra.run.smithi019.stderr:/usr/bin/ceph:
2022-03-18T03:27:52.295+0000 7f47d27d1700 1 -- start start
2022-03-18T03:27:52.303 INFO:teuthology.orchestra.run.smithi019.stderr:/usr/bin/ceph:
2022-03-18T03:27:52.295+0000 7f47d27d1700 1 --2- >> [v2:172.21.15.19:3300/0,v1:172.21.15.19:6789/0] conn(0x7f47cc06fbc0 0x7f47cc110d60 unknown :-1 s=NONE pgs=0 cs=0 l=1 rev1=0 rx=0 tx=0).connect
2022-03-18T03:27:52.303 INFO:teuthology.orchestra.run.smithi019.stderr:/usr/bin/ceph:
2022-03-18T03:27:52.295+0000 7f47d27d1700 1 -- --> [v2:172.21.15.19:3300/0,v1:172.21.15.19:6789/0] -- mon_getmap magic: 0 v1 -- 0x7f47cc111250 con 0x7f47cc06fbc0
2022-03-18T03:27:52.303 INFO:teuthology.orchestra.run.smithi019.stderr:/usr/bin/ceph:
2022-03-18T03:27:52.296+0000 7f47d17cf700 1 --2- >> [v2:172.21.15.19:3300/0,v1:172.21.15.19:6789/0] conn(0x7f47cc06fbc0 0x7f47cc110d60 unknown :-1 s=BANNER_CONNECTING pgs=0 cs=0 l=1 rev1=0 rx=0 tx=0)._handle_peer_banner_payload supported=1 required=0
2022-03-18T03:27:52.303 INFO:teuthology.orchestra.run.smithi019.stderr:/usr/bin/ceph:
2022-03-18T03:27:52.296+0000 7f47d17cf700 1 --2- >> [v2:172.21.15.19:3300/0,v1:172.21.15.19:6789/0] conn(0x7f47cc06fbc0 0x7f47cc110d60 unknown :-1 s=HELLO_CONNECTING pgs=0 cs=0 l=1 rev1=1 rx=0 tx=0).handle_hello peer v2:172.21.15.19:3300/0 says I am v2:172.21.15.19:39902/0 (socket says 172.21.15.19:39902)
2022-03-18T03:27:52.304 INFO:teuthology.orchestra.run.smithi019.stderr:/usr/bin/ceph:
2022-03-18T03:27:52.296+0000 7f47d17cf700 1 -- 172.21.15.19:0/3558849971 learned_addr learned my addr 172.21.15.19:0/3558849971 (peer_addr_for_me v2:172.21.15.19:0/0)
2022-03-18T03:27:52.304 INFO:teuthology.orchestra.run.smithi019.stderr:/usr/bin/ceph:
2022-03-18T03:27:52.296+0000 7f47d17cf700 1 -- 172.21.15.19:0/3558849971 --> [v2:172.21.15.19:3300/0,v1:172.21.15.19:6789/0] -- mon_subscribe({config=0+,monmap=0+}) v3 -- 0x7f47c800b200 con 0x7f47cc06fbc0
2022-03-18T03:27:52.304 INFO:teuthology.orchestra.run.smithi019.stderr:/usr/bin/ceph:
2022-03-18T03:27:52.296+0000 7f47d17cf700 1 --2- 172.21.15.19:0/3558849971 >> [v2:172.21.15.19:3300/0,v1:172.21.15.19:6789/0] conn(0x7f47cc06fbc0 0x7f47cc110d60 secure :-1 s=READY pgs=32 cs=0 l=1 rev1=1 rx=0x7f47c800db50 tx=0x7f47c8006ee0).ready entity=mon.0 client_cookie=0 server_cookie=0 in_seq=0 out_seq=0
2022-03-18T03:27:52.304 INFO:teuthology.orchestra.run.smithi019.stderr:/usr/bin/ceph:
2022-03-18T03:27:52.297+0000 7f47b9ffb700 1 -- 172.21.15.19:0/3558849971 <== mon.0 v2:172.21.15.19:3300/0 1 ==== mon_map magic: 0 v1 ==== 229+0+0 (secure 0 0 0) 0x7f47c801b570 con 0x7f47cc06fbc0
2022-03-18T03:27:52.305 INFO:teuthology.orchestra.run.smithi019.stderr:/usr/bin/ceph:
2022-03-18T03:27:52.297+0000 7f47b9ffb700 1 -- 172.21.15.19:0/3558849971 <== mon.0 v2:172.21.15.19:3300/0 2 ==== config(25 keys) v1 ==== 983+0+0 (secure 0 0 0) 0x7f47c801bb20 con 0x7f47cc06fbc0
2022-03-18T03:27:52.305 INFO:teuthology.orchestra.run.smithi019.stderr:/usr/bin/ceph:
2022-03-18T03:27:52.297+0000 7f47b9ffb700 1 -- 172.21.15.19:0/3558849971 <== mon.0 v2:172.21.15.19:3300/0 3 ==== mon_map magic: 0 v1 ==== 229+0+0 (secure 0 0 0) 0x7f47c801a850 con 0x7f47cc06fbc0
2022-03-18T03:27:52.305 INFO:teuthology.orchestra.run.smithi019.stderr:/usr/bin/ceph:
2022-03-18T03:27:52.297+0000 7f47d27d1700 1 -- 172.21.15.19:0/3558849971 --> [v2:172.21.15.19:3300/0,v1:172.21.15.19:6789/0] -- mon_subscribe({mgrmap=0+}) v3 -- 0x7f47cc111450 con 0x7f47cc06fbc0
2022-03-18T03:27:52.305 INFO:teuthology.orchestra.run.smithi019.stderr:/usr/bin/ceph:
2022-03-18T03:27:52.297+0000 7f47d27d1700 1 -- 172.21.15.19:0/3558849971 --> [v2:172.21.15.19:3300/0,v1:172.21.15.19:6789/0] -- mon_subscribe({osdmap=0}) v3 -- 0x7f47cc112060 con 0x7f47cc06fbc0
2022-03-18T03:27:52.306 INFO:teuthology.orchestra.run.smithi019.stderr:/usr/bin/ceph:
2022-03-18T03:27:52.298+0000 7f47b9ffb700 1 -- 172.21.15.19:0/3558849971 <== mon.0 v2:172.21.15.19:3300/0 4 ==== mgrmap(e 8) v1 ==== 36120+0+0 (secure 0 0 0) 0x7f47c800f070 con 0x7f47cc06fbc0
2022-03-18T03:27:52.306 INFO:teuthology.orchestra.run.smithi019.stderr:/usr/bin/ceph:
2022-03-18T03:27:52.298+0000 7f47d27d1700 1 -- 172.21.15.19:0/3558849971 --> [v2:172.21.15.19:3300/0,v1:172.21.15.19:6789/0] -- mon_command({"prefix": "get_command_descriptions"} v 0) v1 -- 0x7f47cc059100 con 0x7f47cc06fbc0
2022-03-18T03:27:52.306 INFO:teuthology.orchestra.run.smithi019.stderr:/usr/bin/ceph:
2022-03-18T03:27:52.299+0000 7f47b9ffb700 1 --2- 172.21.15.19:0/3558849971 >> [v2:172.21.15.19:6800/3305919014,v1:172.21.15.19:6801/3305919014] conn(0x7f47b402fdb0 0x7f47b4032270 unknown :-1 s=NONE pgs=0 cs=0 l=1 rev1=0 rx=0 tx=0).connect
2022-03-18T03:27:52.306 INFO:teuthology.orchestra.run.smithi019.stderr:/usr/bin/ceph:
2022-03-18T03:27:52.299+0000 7f47b9ffb700 1 -- 172.21.15.19:0/3558849971 <== mon.0 v2:172.21.15.19:3300/0 5 ==== osd_map(2..2 src has 1..2) v4 ==== 893+0+0 (secure 0 0 0) 0x7f47c80410d0 con 0x7f47cc06fbc0
2022-03-18T03:27:52.306 INFO:teuthology.orchestra.run.smithi019.stderr:/usr/bin/ceph:
2022-03-18T03:27:52.299+0000 7f47d0fce700 1 --2- 172.21.15.19:0/3558849971 >> [v2:172.21.15.19:6800/3305919014,v1:172.21.15.19:6801/3305919014] conn(0x7f47b402fdb0 0x7f47b4032270 unknown :-1 s=BANNER_CONNECTING pgs=0 cs=0 l=1 rev1=0 rx=0 tx=0)._handle_peer_banner_payload supported=1 required=0
2022-03-18T03:27:52.307 INFO:teuthology.orchestra.run.smithi019.stderr:/usr/bin/ceph:
2022-03-18T03:27:52.300+0000 7f47d0fce700 1 --2- 172.21.15.19:0/3558849971 >> [v2:172.21.15.19:6800/3305919014,v1:172.21.15.19:6801/3305919014] conn(0x7f47b402fdb0 0x7f47b4032270 secure :-1 s=READY pgs=7 cs=0 l=1 rev1=1 rx=0x7f47bc0096a0 tx=0x7f47bc006b40).ready entity=mgr.14114 client_cookie=0 server_cookie=0 in_seq=0 out_seq=0
2022-03-18T03:27:52.307 INFO:teuthology.orchestra.run.smithi019.stderr:/usr/bin/ceph:
2022-03-18T03:27:52.303+0000 7f47b9ffb700 1 -- 172.21.15.19:0/3558849971 <== mon.0 v2:172.21.15.19:3300/0 6 ==== mon_command_ack([{"prefix": "get_command_descriptions"}]=0 v0) v1 ==== 72+0+152212 (secure 0 0 0) 0x7f47c8019950 con 0x7f47cc06fbc0
2022-03-18T03:27:52.356 INFO:journalctl@ceph.mon.smithi019.smithi019.stdout:Mar 18 03:27:52 smithi019 ceph-3ef34f56-a66b-11ec-8c35-001a4aab830c-mon.smithi019[29503]: cluster
2022-03-18T03:27:51.159247+0000 mon.smithi019 (mon.0) 49 : cluster [DBG] mgrmap e8: smithi019.rpscip(active, since 2s)
2022-03-18T03:27:52.357 INFO:journalctl@ceph.mon.smithi019.smithi019.stdout:Mar 18 03:27:52 smithi019 ceph-3ef34f56-a66b-11ec-8c35-001a4aab830c-mon.smithi019[29503]: audit
2022-03-18T03:27:51.312173+0000 mgr.smithi019.rpscip (mgr.14114) 3 : audit [DBG] from='client.14124 -' entity='client.admin' cmd=[{"prefix": "orch set backend", "module_name": "cephadm", "target": ["mon-mgr", ""]}]: dispatch
2022-03-18T03:27:52.357 INFO:journalctl@ceph.mon.smithi019.smithi019.stdout:Mar 18 03:27:52 smithi019 ceph-3ef34f56-a66b-11ec-8c35-001a4aab830c-mon.smithi019[29503]: audit
2022-03-18T03:27:51.317172+0000 mon.smithi019 (mon.0) 50 : audit [INF] from='mgr.14114 172.21.15.19:0/2249583461' entity='mgr.smithi019.rpscip'
2022-03-18T03:27:52.357 INFO:journalctl@ceph.mon.smithi019.smithi019.stdout:Mar 18 03:27:52 smithi019 ceph-3ef34f56-a66b-11ec-8c35-001a4aab830c-mon.smithi019[29503]: audit
2022-03-18T03:27:51.321667+0000 mon.smithi019 (mon.0) 51 : audit [DBG] from='mgr.14114 172.21.15.19:0/2249583461' entity='mgr.smithi019.rpscip' cmd=[{"prefix": "config dump", "format": "json"}]: dispatch
2022-03-18T03:27:52.475 INFO:teuthology.orchestra.run.smithi019.stderr:/usr/bin/ceph:
2022-03-18T03:27:52.473+0000 7f47d27d1700 1 -- 172.21.15.19:0/3558849971 --> [v2:172.21.15.19:6800/3305919014,v1:172.21.15.19:6801/3305919014] -- mgr_command(tid 0: {"prefix": "cephadm set-user", "user": "root", "target": ["mon-mgr", ""]}) v1 -- 0x7f47cc0ffdf0 con 0x7f47b402fdb0
2022-03-18T03:27:52.476 INFO:teuthology.orchestra.run.smithi019.stderr:/usr/bin/ceph:
2022-03-18T03:27:52.474+0000 7f47b9ffb700 1 -- 172.21.15.19:0/3558849971 <== mgr.14114 v2:172.21.15.19:6800/3305919014 1 ==== mgr_command_reply(tid 0: 0 ) v1 ==== 8+0+16 (secure 0 0 0) 0x7f47cc0ffdf0 con 0x7f47b402fdb0
2022-03-18T03:27:52.477 INFO:teuthology.orchestra.run.smithi019.stderr:/usr/bin/ceph: value unchanged
2022-03-18T03:27:52.479 INFO:teuthology.orchestra.run.smithi019.stderr:/usr/bin/ceph:
2022-03-18T03:27:52.476+0000 7f47d27d1700 1 -- 172.21.15.19:0/3558849971 >> [v2:172.21.15.19:6800/3305919014,v1:172.21.15.19:6801/3305919014] conn(0x7f47b402fdb0 msgr2=0x7f47b4032270 secure :-1 s=STATE_CONNECTION_ESTABLISHED l=1).mark_down
2022-03-18T03:27:52.479 INFO:teuthology.orchestra.run.smithi019.stderr:/usr/bin/ceph:
2022-03-18T03:27:52.476+0000 7f47d27d1700 1 --2- 172.21.15.19:0/3558849971 >> [v2:172.21.15.19:6800/3305919014,v1:172.21.15.19:6801/3305919014] conn(0x7f47b402fdb0 0x7f47b4032270 secure :-1 s=READY pgs=7 cs=0 l=1 rev1=1 rx=0x7f47bc0096a0 tx=0x7f47bc006b40).stop
2022-03-18T03:27:52.479 INFO:teuthology.orchestra.run.smithi019.stderr:/usr/bin/ceph:
2022-03-18T03:27:52.476+0000 7f47d27d1700 1 -- 172.21.15.19:0/3558849971 >> [v2:172.21.15.19:3300/0,v1:172.21.15.19:6789/0] conn(0x7f47cc06fbc0 msgr2=0x7f47cc110d60 secure :-1 s=STATE_CONNECTION_ESTABLISHED l=1).mark_down
2022-03-18T03:27:52.480 INFO:teuthology.orchestra.run.smithi019.stderr:/usr/bin/ceph:
2022-03-18T03:27:52.476+0000 7f47d27d1700 1 --2- 172.21.15.19:0/3558849971 >> [v2:172.21.15.19:3300/0,v1:172.21.15.19:6789/0] conn(0x7f47cc06fbc0 0x7f47cc110d60 secure :-1 s=READY pgs=32 cs=0 l=1 rev1=1 rx=0x7f47c800db50 tx=0x7f47c8006ee0).stop
2022-03-18T03:27:52.480 INFO:teuthology.orchestra.run.smithi019.stderr:/usr/bin/ceph:
2022-03-18T03:27:52.477+0000 7f47d27d1700 1 -- 172.21.15.19:0/3558849971 shutdown_connections
2022-03-18T03:27:52.480 INFO:teuthology.orchestra.run.smithi019.stderr:/usr/bin/ceph:
2022-03-18T03:27:52.477+0000 7f47d27d1700 1 --2- 172.21.15.19:0/3558849971 >> [v2:172.21.15.19:6800/3305919014,v1:172.21.15.19:6801/3305919014] conn(0x7f47b402fdb0 0x7f47b4032270 unknown :-1 s=CLOSED pgs=7 cs=0 l=1 rev1=1 rx=0 tx=0).stop
2022-03-18T03:27:52.480 INFO:teuthology.orchestra.run.smithi019.stderr:/usr/bin/ceph:
2022-03-18T03:27:52.477+0000 7f47d27d1700 1 --2- 172.21.15.19:0/3558849971 >> [v2:172.21.15.19:3300/0,v1:172.21.15.19:6789/0] conn(0x7f47cc06fbc0 0x7f47cc110d60 unknown :-1 s=CLOSED pgs=32 cs=0 l=1 rev1=1 rx=0 tx=0).stop
2022-03-18T03:27:52.481 INFO:teuthology.orchestra.run.smithi019.stderr:/usr/bin/ceph:
2022-03-18T03:27:52.477+0000 7f47d27d1700 1 -- 172.21.15.19:0/3558849971 >> 172.21.15.19:0/3558849971 conn(0x7f47cc0f6110 msgr2=0x7f47cc0f7b70 unknown :-1 s=STATE_NONE l=0).mark_down
2022-03-18T03:27:52.482 INFO:teuthology.orchestra.run.smithi019.stderr:/usr/bin/ceph:
2022-03-18T03:27:52.477+0000 7f47d27d1700 1 -- 172.21.15.19:0/3558849971 shutdown_connections
2022-03-18T03:27:52.482 INFO:teuthology.orchestra.run.smithi019.stderr:/usr/bin/ceph:
2022-03-18T03:27:52.477+0000 7f47d27d1700 1 -- 172.21.15.19:0/3558849971 wait complete.
2022-03-18T03:27:52.827 INFO:teuthology.orchestra.run.smithi019.stderr:Generating ssh key...
2022-03-18T03:27:52.828 INFO:teuthology.orchestra.run.smithi019.stderr:Running command: /bin/podman run --rm --ipc=host --no-hosts --net=host --entrypoint /usr/bin/ceph --init -e CONTAINER_IMAGE=docker.io/ceph/ceph:v16.2.4 -e NODE_NAME=smithi019 -e CEPH_USE_RANDOM_NONCE=1 -v /var/log/ceph/3ef34f56-a66b-11ec-8c35-001a4aab830c:/var/log/ceph:z -v /tmp/ceph-tmprda1nvyw:/etc/ceph/ceph.client.admin.keyring:z -v /tmp/ceph-tmpz_a9yfxc:/etc/ceph/ceph.conf:z docker.io/ceph/ceph:v16.2.4 cephadm generate-key
2022-03-18T03:27:52.913 INFO:teuthology.orchestra.run.smithi019.stderr:/usr/bin/ceph: Your kernel does not support pids limit capabilities or the cgroup is not mounted. PIDs limit discarded.
2022-03-18T03:27:53.382 INFO:teuthology.orchestra.run.smithi019.stderr:/usr/bin/ceph:
2022-03-18T03:27:53.380+0000 7fcb8328b700 1 Processor -- start
2022-03-18T03:27:53.386 INFO:teuthology.orchestra.run.smithi019.stderr:/usr/bin/ceph:
2022-03-18T03:27:53.380+0000 7fcb8328b700 1 -- start start
2022-03-18T03:27:53.386 INFO:teuthology.orchestra.run.smithi019.stderr:/usr/bin/ceph:
2022-03-18T03:27:53.380+0000 7fcb8328b700 1 --2- >> [v2:172.21.15.19:3300/0,v1:172.21.15.19:6789/0] conn(0x7fcb7c0fb9d0 0x7fcb7c0fbdf0 unknown :-1 s=NONE pgs=0 cs=0 l=0 rev1=0 rx=0 tx=0).connect
2022-03-18T03:27:53.386 INFO:teuthology.orchestra.run.smithi019.stderr:/usr/bin/ceph:
2022-03-18T03:27:53.380+0000 7fcb8328b700 1 -- --> [v2:172.21.15.19:3300/0,v1:172.21.15.19:6789/0] -- mon_getmap magic: 0 v1 -- 0x7fcb7c0fc370 con 0x7fcb7c0fb9d0
2022-03-18T03:27:53.386 INFO:teuthology.orchestra.run.smithi019.stderr:/usr/bin/ceph:
2022-03-18T03:27:53.381+0000 7fcb82289700 1 --2- >> [v2:172.21.15.19:3300/0,v1:172.21.15.19:6789/0] conn(0x7fcb7c0fb9d0 0x7fcb7c0fbdf0 unknown :-1 s=BANNER_CONNECTING pgs=0 cs=0 l=0 rev1=0 rx=0 tx=0)._handle_peer_banner_payload supported=1 required=0
2022-03-18T03:27:53.387 INFO:teuthology.orchestra.run.smithi019.stderr:/usr/bin/ceph:
2022-03-18T03:27:53.381+0000 7fcb82289700 1 --2- >> [v2:172.21.15.19:3300/0,v1:172.21.15.19:6789/0] conn(0x7fcb7c0fb9d0 0x7fcb7c0fbdf0 unknown :-1 s=HELLO_CONNECTING pgs=0 cs=0 l=0 rev1=1 rx=0 tx=0).handle_hello peer v2:172.21.15.19:3300/0 says I am v2:172.21.15.19:39904/0 (socket says 172.21.15.19:39904)
2022-03-18T03:27:53.387 INFO:teuthology.orchestra.run.smithi019.stderr:/usr/bin/ceph:
2022-03-18T03:27:53.381+0000 7fcb82289700 1 -- 172.21.15.19:0/3001366514 learned_addr learned my addr 172.21.15.19:0/3001366514 (peer_addr_for_me v2:172.21.15.19:0/0)
2022-03-18T03:27:53.387 INFO:teuthology.orchestra.run.smithi019.stderr:/usr/bin/ceph:
2022-03-18T03:27:53.381+0000 7fcb82289700 1 -- 172.21.15.19:0/3001366514 --> [v2:172.21.15.19:3300/0,v1:172.21.15.19:6789/0] -- mon_subscribe({config=0+,monmap=0+}) v3 -- 0x7fcb7c0fc4b0 con 0x7fcb7c0fb9d0
2022-03-18T03:27:53.387 INFO:teuthology.orchestra.run.smithi019.stderr:/usr/bin/ceph:
2022-03-18T03:27:53.382+0000 7fcb82289700 1 --2- 172.21.15.19:0/3001366514 >> [v2:172.21.15.19:3300/0,v1:172.21.15.19:6789/0] conn(0x7fcb7c0fb9d0 0x7fcb7c0fbdf0 secure :-1 s=READY pgs=33 cs=0 l=1 rev1=1 rx=0x7fcb7800b5f0 tx=0x7fcb78006ee0).ready entity=mon.0 client_cookie=72082651a1f88545 server_cookie=0 in_seq=0 out_seq=0
2022-03-18T03:27:53.388 INFO:teuthology.orchestra.run.smithi019.stderr:/usr/bin/ceph:
2022-03-18T03:27:53.382+0000 7fcb81287700 1 -- 172.21.15.19:0/3001366514 <== mon.0 v2:172.21.15.19:3300/0 1 ==== mon_map magic: 0 v1 ==== 229+0+0 (secure 0 0 0) 0x7fcb7800d600 con 0x7fcb7c0fb9d0
2022-03-18T03:27:53.388 INFO:teuthology.orchestra.run.smithi019.stderr:/usr/bin/ceph:
2022-03-18T03:27:53.382+0000 7fcb81287700 1 -- 172.21.15.19:0/3001366514 <== mon.0 v2:172.21.15.19:3300/0 2 ==== config(25 keys) v1 ==== 983+0+0 (secure 0 0 0) 0x7fcb7800dbb0 con 0x7fcb7c0fb9d0
2022-03-18T03:27:53.388 INFO:teuthology.orchestra.run.smithi019.stderr:/usr/bin/ceph:
2022-03-18T03:27:53.382+0000 7fcb81287700 1 -- 172.21.15.19:0/3001366514 <== mon.0 v2:172.21.15.19:3300/0 3 ==== mon_map magic: 0 v1 ==== 229+0+0 (secure 0 0 0) 0x7fcb78011bb0 con 0x7fcb7c0fb9d0
2022-03-18T03:27:53.388 INFO:teuthology.orchestra.run.smithi019.stderr:/usr/bin/ceph:
2022-03-18T03:27:53.383+0000 7fcb8328b700 1 -- 172.21.15.19:0/3001366514 >> [v2:172.21.15.19:3300/0,v1:172.21.15.19:6789/0] conn(0x7fcb7c0fb9d0 msgr2=0x7fcb7c0fbdf0 secure :-1 s=STATE_CONNECTION_ESTABLISHED l=1).mark_down
2022-03-18T03:27:53.389 INFO:teuthology.orchestra.run.smithi019.stderr:/usr/bin/ceph:
2022-03-18T03:27:53.383+0000 7fcb8328b700 1 --2- 172.21.15.19:0/3001366514 >> [v2:172.21.15.19:3300/0,v1:172.21.15.19:6789/0] conn(0x7fcb7c0fb9d0 0x7fcb7c0fbdf0 secure :-1 s=READY pgs=33 cs=0 l=1 rev1=1 rx=0x7fcb7800b5f0 tx=0x7fcb78006ee0).stop
2022-03-18T03:27:53.389 INFO:teuthology.orchestra.run.smithi019.stderr:/usr/bin/ceph:
2022-03-18T03:27:53.383+0000 7fcb8328b700 1 -- 172.21.15.19:0/3001366514 shutdown_connections
2022-03-18T03:27:53.389 INFO:teuthology.orchestra.run.smithi019.stderr:/usr/bin/ceph:
2022-03-18T03:27:53.383+0000 7fcb8328b700 1 --2- 172.21.15.19:0/3001366514 >> [v2:172.21.15.19:3300/0,v1:172.21.15.19:6789/0] conn(0x7fcb7c0fb9d0 0x7fcb7c0fbdf0 unknown :-1 s=CLOSED pgs=33 cs=0 l=1 rev1=1 rx=0 tx=0).stop
2022-03-18T03:27:53.389 INFO:teuthology.orchestra.run.smithi019.stderr:/usr/bin/ceph:
2022-03-18T03:27:53.383+0000 7fcb8328b700 1 -- 172.21.15.19:0/3001366514 >> 172.21.15.19:0/3001366514 conn(0x7fcb7c0f7190 msgr2=0x7fcb7c0f95b0 unknown :-1 s=STATE_NONE l=0).mark_down
2022-03-18T03:27:53.389 INFO:teuthology.orchestra.run.smithi019.stderr:/usr/bin/ceph:
2022-03-18T03:27:53.383+0000 7fcb8328b700 1 -- 172.21.15.19:0/3001366514 shutdown_connections
2022-03-18T03:27:53.390 INFO:teuthology.orchestra.run.smithi019.stderr:/usr/bin/ceph:
2022-03-18T03:27:53.383+0000 7fcb8328b700 1 -- 172.21.15.19:0/3001366514 wait complete.
2022-03-18T03:27:53.390 INFO:teuthology.orchestra.run.smithi019.stderr:/usr/bin/ceph:
2022-03-18T03:27:53.384+0000 7fcb8328b700 1 Processor -- start
2022-03-18T03:27:53.390 INFO:teuthology.orchestra.run.smithi019.stderr:/usr/bin/ceph:
2022-03-18T03:27:53.384+0000 7fcb8328b700 1 -- start start
2022-03-18T03:27:53.392 INFO:teuthology.orchestra.run.smithi019.stderr:/usr/bin/ceph:
2022-03-18T03:27:53.385+0000 7fcb8328b700 1 --2- >> [v2:172.21.15.19:3300/0,v1:172.21.15.19:6789/0] conn(0x7fcb7c0fb9d0 0x7fcb7c10c930 unknown :-1 s=NONE pgs=0 cs=0 l=1 rev1=0 rx=0 tx=0).connect
2022-03-18T03:27:53.393 INFO:teuthology.orchestra.run.smithi019.stderr:/usr/bin/ceph:
2022-03-18T03:27:53.385+0000 7fcb8328b700 1 -- --> [v2:172.21.15.19:3300/0,v1:172.21.15.19:6789/0] -- mon_getmap magic: 0 v1 -- 0x7fcb7c10ce20 con 0x7fcb7c0fb9d0
2022-03-18T03:27:53.393 INFO:teuthology.orchestra.run.smithi019.stderr:/usr/bin/ceph:
2022-03-18T03:27:53.385+0000 7fcb82289700 1 --2- >> [v2:172.21.15.19:3300/0,v1:172.21.15.19:6789/0] conn(0x7fcb7c0fb9d0 0x7fcb7c10c930 unknown :-1 s=BANNER_CONNECTING pgs=0 cs=0 l=1 rev1=0 rx=0 tx=0)._handle_peer_banner_payload supported=1 required=0
2022-03-18T03:27:53.393 INFO:teuthology.orchestra.run.smithi019.stderr:/usr/bin/ceph:
2022-03-18T03:27:53.385+0000 7fcb82289700 1 --2- >> [v2:172.21.15.19:3300/0,v1:172.21.15.19:6789/0] conn(0x7fcb7c0fb9d0 0x7fcb7c10c930 unknown :-1 s=HELLO_CONNECTING pgs=0 cs=0 l=1 rev1=1 rx=0 tx=0).handle_hello peer v2:172.21.15.19:3300/0 says I am v2:172.21.15.19:39906/0 (socket says 172.21.15.19:39906)
2022-03-18T03:27:53.393 INFO:teuthology.orchestra.run.smithi019.stderr:/usr/bin/ceph:
2022-03-18T03:27:53.385+0000 7fcb82289700 1 -- 172.21.15.19:0/650090065 learned_addr learned my addr 172.21.15.19:0/650090065 (peer_addr_for_me v2:172.21.15.19:0/0)
2022-03-18T03:27:53.394 INFO:teuthology.orchestra.run.smithi019.stderr:/usr/bin/ceph:
2022-03-18T03:27:53.386+0000 7fcb82289700 1 -- 172.21.15.19:0/650090065 --> [v2:172.21.15.19:3300/0,v1:172.21.15.19:6789/0] -- mon_subscribe({config=0+,monmap=0+}) v3 -- 0x7fcb7800b200 con 0x7fcb7c0fb9d0
2022-03-18T03:27:53.394 INFO:teuthology.orchestra.run.smithi019.stderr:/usr/bin/ceph:
2022-03-18T03:27:53.386+0000 7fcb82289700 1 --2- 172.21.15.19:0/650090065 >> [v2:172.21.15.19:3300/0,v1:172.21.15.19:6789/0] conn(0x7fcb7c0fb9d0 0x7fcb7c10c930 secure :-1 s=READY pgs=34 cs=0 l=1 rev1=1 rx=0x7fcb7800db50 tx=0x7fcb78006ee0).ready entity=mon.0 client_cookie=0 server_cookie=0 in_seq=0 out_seq=0
2022-03-18T03:27:53.394 INFO:teuthology.orchestra.run.smithi019.stderr:/usr/bin/ceph:
2022-03-18T03:27:53.386+0000 7fcb6affd700 1 -- 172.21.15.19:0/650090065 <== mon.0 v2:172.21.15.19:3300/0 1 ==== mon_map magic: 0 v1 ==== 229+0+0 (secure 0 0 0) 0x7fcb7801b570 con 0x7fcb7c0fb9d0
2022-03-18T03:27:53.394 INFO:teuthology.orchestra.run.smithi019.stderr:/usr/bin/ceph:
2022-03-18T03:27:53.386+0000 7fcb6affd700 1 -- 172.21.15.19:0/650090065 <== mon.0 v2:172.21.15.19:3300/0 2 ==== config(25 keys) v1 ==== 983+0+0 (secure 0 0 0) 0x7fcb7801bb20 con 0x7fcb7c0fb9d0
2022-03-18T03:27:53.395 INFO:teuthology.orchestra.run.smithi019.stderr:/usr/bin/ceph:
2022-03-18T03:27:53.386+0000 7fcb6affd700 1 -- 172.21.15.19:0/650090065 <== mon.0 v2:172.21.15.19:3300/0 3 ==== mon_map magic: 0 v1 ==== 229+0+0 (secure 0 0 0) 0x7fcb7801a850 con 0x7fcb7c0fb9d0
2022-03-18T03:27:53.395 INFO:teuthology.orchestra.run.smithi019.stderr:/usr/bin/ceph:
2022-03-18T03:27:53.386+0000 7fcb8328b700 1 -- 172.21.15.19:0/650090065 --> [v2:172.21.15.19:3300/0,v1:172.21.15.19:6789/0] -- mon_subscribe({mgrmap=0+}) v3 -- 0x7fcb7c10d020 con 0x7fcb7c0fb9d0
2022-03-18T03:27:53.395 INFO:teuthology.orchestra.run.smithi019.stderr:/usr/bin/ceph:
2022-03-18T03:27:53.387+0000 7fcb8328b700 1 -- 172.21.15.19:0/650090065 --> [v2:172.21.15.19:3300/0,v1:172.21.15.19:6789/0] -- mon_subscribe({osdmap=0}) v3 -- 0x7fcb7c10d4b0 con 0x7fcb7c0fb9d0
2022-03-18T03:27:53.395 INFO:teuthology.orchestra.run.smithi019.stderr:/usr/bin/ceph:
2022-03-18T03:27:53.388+0000 7fcb6affd700 1 -- 172.21.15.19:0/650090065 <== mon.0 v2:172.21.15.19:3300/0 4 ==== mgrmap(e 8) v1 ==== 36120+0+0 (secure 0 0 0) 0x7fcb7800f070 con 0x7fcb7c0fb9d0
2022-03-18T03:27:53.395 INFO:teuthology.orchestra.run.smithi019.stderr:/usr/bin/ceph:
2022-03-18T03:27:53.388+0000 7fcb8328b700 1 -- 172.21.15.19:0/650090065 --> [v2:172.21.15.19:3300/0,v1:172.21.15.19:6789/0] -- mon_command({"prefix": "get_command_descriptions"} v 0) v1 -- 0x7fcb7c045ad0 con 0x7fcb7c0fb9d0
2022-03-18T03:27:53.396 INFO:teuthology.orchestra.run.smithi019.stderr:/usr/bin/ceph:
2022-03-18T03:27:53.388+0000 7fcb6affd700 1 --2- 172.21.15.19:0/650090065 >> [v2:172.21.15.19:6800/3305919014,v1:172.21.15.19:6801/3305919014] conn(0x7fcb6402fdb0 0x7fcb64032270 unknown :-1 s=NONE pgs=0 cs=0 l=1 rev1=0 rx=0 tx=0).connect
2022-03-18T03:27:53.396 INFO:teuthology.orchestra.run.smithi019.stderr:/usr/bin/ceph:
2022-03-18T03:27:53.388+0000 7fcb6affd700 1 -- 172.21.15.19:0/650090065 <== mon.0 v2:172.21.15.19:3300/0 5 ==== osd_map(2..2 src has 1..2) v4 ==== 893+0+0 (secure 0 0 0) 0x7fcb78041080 con 0x7fcb7c0fb9d0
2022-03-18T03:27:53.396 INFO:teuthology.orchestra.run.smithi019.stderr:/usr/bin/ceph:
2022-03-18T03:27:53.388+0000 7fcb81a88700 1 --2- 172.21.15.19:0/650090065 >> [v2:172.21.15.19:6800/3305919014,v1:172.21.15.19:6801/3305919014] conn(0x7fcb6402fdb0 0x7fcb64032270 unknown :-1 s=BANNER_CONNECTING pgs=0 cs=0 l=1 rev1=0 rx=0 tx=0)._handle_peer_banner_payload supported=1 required=0
2022-03-18T03:27:53.396 INFO:teuthology.orchestra.run.smithi019.stderr:/usr/bin/ceph:
2022-03-18T03:27:53.389+0000 7fcb81a88700 1 --2- 172.21.15.19:0/650090065 >> [v2:172.21.15.19:6800/3305919014,v1:172.21.15.19:6801/3305919014] conn(0x7fcb6402fdb0 0x7fcb64032270 secure :-1 s=READY pgs=8 cs=0 l=1 rev1=1 rx=0x7fcb6c0096a0 tx=0x7fcb6c006b40).ready entity=mgr.14114 client_cookie=0 server_cookie=0 in_seq=0 out_seq=0
2022-03-18T03:27:53.397 INFO:teuthology.orchestra.run.smithi019.stderr:/usr/bin/ceph:
2022-03-18T03:27:53.393+0000 7fcb6affd700 1 -- 172.21.15.19:0/650090065 <== mon.0 v2:172.21.15.19:3300/0 6 ==== mon_command_ack([{"prefix": "get_command_descriptions"}]=0 v0) v1 ==== 72+0+152212 (secure 0 0 0) 0x7fcb7806d2b0 con 0x7fcb7c0fb9d0
2022-03-18T03:27:53.565 INFO:teuthology.orchestra.run.smithi019.stderr:/usr/bin/ceph:
2022-03-18T03:27:53.563+0000 7fcb8328b700 1 -- 172.21.15.19:0/650090065 --> [v2:172.21.15.19:6800/3305919014,v1:172.21.15.19:6801/3305919014] -- mgr_command(tid 0: {"prefix": "cephadm generate-key", "target": ["mon-mgr", ""]}) v1 -- 0x7fcb7c10ddd0 con 0x7fcb6402fdb0
2022-03-18T03:27:53.606 INFO:journalctl@ceph.mon.smithi019.smithi019.stdout:Mar 18 03:27:53 smithi019 ceph-3ef34f56-a66b-11ec-8c35-001a4aab830c-mon.smithi019[29503]: audit
2022-03-18T03:27:52.475125+0000 mgr.smithi019.rpscip (mgr.14114) 4 : audit [DBG] from='client.14126 -' entity='client.admin' cmd=[{"prefix": "cephadm set-user", "user": "root", "target": ["mon-mgr", ""]}]: dispatch
2022-03-18T03:27:53.687 INFO:teuthology.orchestra.run.smithi019.stderr:/usr/bin/ceph:
2022-03-18T03:27:53.685+0000 7fcb6affd700 1 -- 172.21.15.19:0/650090065 <== mgr.14114 v2:172.21.15.19:6800/3305919014 1 ==== mgr_command_reply(tid 0: 0 ) v1 ==== 8+0+0 (secure 0 0 0) 0x7fcb7c10ddd0 con 0x7fcb6402fdb0
2022-03-18T03:27:53.690 INFO:teuthology.orchestra.run.smithi019.stderr:/usr/bin/ceph:
2022-03-18T03:27:53.688+0000 7fcb8328b700 1 -- 172.21.15.19:0/650090065 >> [v2:172.21.15.19:6800/3305919014,v1:172.21.15.19:6801/3305919014] conn(0x7fcb6402fdb0 msgr2=0x7fcb64032270 secure :-1 s=STATE_CONNECTION_ESTABLISHED l=1).mark_down
2022-03-18T03:27:53.690 INFO:teuthology.orchestra.run.smithi019.stderr:/usr/bin/ceph:
2022-03-18T03:27:53.688+0000 7fcb8328b700 1 --2- 172.21.15.19:0/650090065 >> [v2:172.21.15.19:6800/3305919014,v1:172.21.15.19:6801/3305919014] conn(0x7fcb6402fdb0 0x7fcb64032270 secure :-1 s=READY pgs=8 cs=0 l=1 rev1=1 rx=0x7fcb6c0096a0 tx=0x7fcb6c006b40).stop
2022-03-18T03:27:53.690 INFO:teuthology.orchestra.run.smithi019.stderr:/usr/bin/ceph:
2022-03-18T03:27:53.688+0000 7fcb8328b700 1 -- 172.21.15.19:0/650090065 >> [v2:172.21.15.19:3300/0,v1:172.21.15.19:6789/0] conn(0x7fcb7c0fb9d0 msgr2=0x7fcb7c10c930 secure :-1 s=STATE_CONNECTION_ESTABLISHED l=1).mark_down
2022-03-18T03:27:53.691 INFO:teuthology.orchestra.run.smithi019.stderr:/usr/bin/ceph:
2022-03-18T03:27:53.688+0000 7fcb8328b700 1 --2- 172.21.15.19:0/650090065 >> [v2:172.21.15.19:3300/0,v1:172.21.15.19:6789/0] conn(0x7fcb7c0fb9d0 0x7fcb7c10c930 secure :-1 s=READY pgs=34 cs=0 l=1 rev1=1 rx=0x7fcb7800db50 tx=0x7fcb78006ee0).stop
2022-03-18T03:27:53.691 INFO:teuthology.orchestra.run.smithi019.stderr:/usr/bin/ceph:
2022-03-18T03:27:53.688+0000 7fcb8328b700 1 -- 172.21.15.19:0/650090065 shutdown_connections
2022-03-18T03:27:53.692 INFO:teuthology.orchestra.run.smithi019.stderr:/usr/bin/ceph:
2022-03-18T03:27:53.688+0000 7fcb8328b700 1 --2- 172.21.15.19:0/650090065 >> [v2:172.21.15.19:6800/3305919014,v1:172.21.15.19:6801/3305919014] conn(0x7fcb6402fdb0 0x7fcb64032270 unknown :-1 s=CLOSED pgs=8 cs=0 l=1 rev1=1 rx=0 tx=0).stop
2022-03-18T03:27:53.692 INFO:teuthology.orchestra.run.smithi019.stderr:/usr/bin/ceph:
2022-03-18T03:27:53.688+0000 7fcb8328b700 1 --2- 172.21.15.19:0/650090065 >> [v2:172.21.15.19:3300/0,v1:172.21.15.19:6789/0] conn(0x7fcb7c0fb9d0 0x7fcb7c10c930 unknown :-1 s=CLOSED pgs=34 cs=0 l=1 rev1=1 rx=0 tx=0).stop
2022-03-18T03:27:53.693 INFO:teuthology.orchestra.run.smithi019.stderr:/usr/bin/ceph:
2022-03-18T03:27:53.688+0000 7fcb8328b700 1 -- 172.21.15.19:0/650090065 >> 172.21.15.19:0/650090065 conn(0x7fcb7c0f7190 msgr2=0x7fcb7c0f8c20 unknown :-1 s=STATE_NONE l=0).mark_down
2022-03-18T03:27:53.693 INFO:teuthology.orchestra.run.smithi019.stderr:/usr/bin/ceph:
2022-03-18T03:27:53.688+0000 7fcb8328b700 1 -- 172.21.15.19:0/650090065 shutdown_connections
2022-03-18T03:27:53.693 INFO:teuthology.orchestra.run.smithi019.stderr:/usr/bin/ceph:
2022-03-18T03:27:53.688+0000 7fcb8328b700 1 -- 172.21.15.19:0/650090065 wait complete.
2022-03-18T03:27:54.424 INFO:teuthology.orchestra.run.smithi019.stderr:Running command: /bin/podman run --rm --ipc=host --no-hosts --net=host --entrypoint /usr/bin/ceph --init -e CONTAINER_IMAGE=docker.io/ceph/ceph:v16.2.4 -e NODE_NAME=smithi019 -e CEPH_USE_RANDOM_NONCE=1 -v /var/log/ceph/3ef34f56-a66b-11ec-8c35-001a4aab830c:/var/log/ceph:z -v /tmp/ceph-tmprda1nvyw:/etc/ceph/ceph.client.admin.keyring:z -v /tmp/ceph-tmpz_a9yfxc:/etc/ceph/ceph.conf:z docker.io/ceph/ceph:v16.2.4 cephadm get-pub-key
2022-03-18T03:27:54.515 INFO:teuthology.orchestra.run.smithi019.stderr:/usr/bin/ceph: Your kernel does not support pids limit capabilities or the cgroup is not mounted. PIDs limit discarded.
2022-03-18T03:27:54.964 INFO:teuthology.orchestra.run.smithi019.stderr:/usr/bin/ceph:
2022-03-18T03:27:54.961+0000 7fd8b8a90700 1 Processor -- start
2022-03-18T03:27:54.964 INFO:teuthology.orchestra.run.smithi019.stderr:/usr/bin/ceph:
2022-03-18T03:27:54.961+0000 7fd8b8a90700 1 -- start start
2022-03-18T03:27:54.964 INFO:teuthology.orchestra.run.smithi019.stderr:/usr/bin/ceph:
2022-03-18T03:27:54.962+0000 7fd8b8a90700 1 --2- >> [v2:172.21.15.19:3300/0,v1:172.21.15.19:6789/0] conn(0x7fd8b40fdc70 0x7fd8b40fe090 unknown :-1 s=NONE pgs=0 cs=0 l=0 rev1=0 rx=0 tx=0).connect
2022-03-18T03:27:54.965 INFO:teuthology.orchestra.run.smithi019.stderr:/usr/bin/ceph:
2022-03-18T03:27:54.962+0000 7fd8b8a90700 1 -- --> [v2:172.21.15.19:3300/0,v1:172.21.15.19:6789/0] -- mon_getmap magic: 0 v1 -- 0x7fd8b40fe610 con 0x7fd8b40fdc70
2022-03-18T03:27:54.965 INFO:teuthology.orchestra.run.smithi019.stderr:/usr/bin/ceph:
2022-03-18T03:27:54.962+0000 7fd8b37fe700 1 --2- >> [v2:172.21.15.19:3300/0,v1:172.21.15.19:6789/0] conn(0x7fd8b40fdc70 0x7fd8b40fe090 unknown :-1 s=BANNER_CONNECTING pgs=0 cs=0 l=0 rev1=0 rx=0 tx=0)._handle_peer_banner_payload supported=1 required=0
2022-03-18T03:27:54.965 INFO:teuthology.orchestra.run.smithi019.stderr:/usr/bin/ceph:
2022-03-18T03:27:54.962+0000 7fd8b37fe700 1 --2- >> [v2:172.21.15.19:3300/0,v1:172.21.15.19:6789/0] conn(0x7fd8b40fdc70 0x7fd8b40fe090 unknown :-1 s=HELLO_CONNECTING pgs=0 cs=0 l=0 rev1=1 rx=0 tx=0).handle_hello peer v2:172.21.15.19:3300/0 says I am v2:172.21.15.19:39908/0 (socket says 172.21.15.19:39908)
2022-03-18T03:27:54.968 INFO:teuthology.orchestra.run.smithi019.stderr:/usr/bin/ceph:
2022-03-18T03:27:54.962+0000 7fd8b37fe700 1 -- 172.21.15.19:0/3782315242 learned_addr learned my addr 172.21.15.19:0/3782315242 (peer_addr_for_me v2:172.21.15.19:0/0)
2022-03-18T03:27:54.968 INFO:teuthology.orchestra.run.smithi019.stderr:/usr/bin/ceph:
2022-03-18T03:27:54.963+0000 7fd8b37fe700 1 -- 172.21.15.19:0/3782315242 --> [v2:172.21.15.19:3300/0,v1:172.21.15.19:6789/0] -- mon_subscribe({config=0+,monmap=0+}) v3 -- 0x7fd8b40fe750 con 0x7fd8b40fdc70
2022-03-18T03:27:54.968 INFO:teuthology.orchestra.run.smithi019.stderr:/usr/bin/ceph:
2022-03-18T03:27:54.963+0000 7fd8b37fe700 1 --2- 172.21.15.19:0/3782315242 >> [v2:172.21.15.19:3300/0,v1:172.21.15.19:6789/0] conn(0x7fd8b40fdc70 0x7fd8b40fe090 secure :-1 s=READY pgs=35 cs=0 l=1 rev1=1 rx=0x7fd8a400b5f0 tx=0x7fd8a4006ee0).ready entity=mon.0 client_cookie=8bf147edeb8fefe3 server_cookie=0 in_seq=0 out_seq=0
2022-03-18T03:27:54.968 INFO:teuthology.orchestra.run.smithi019.stderr:/usr/bin/ceph:
2022-03-18T03:27:54.963+0000 7fd8b2ffd700 1 -- 172.21.15.19:0/3782315242 <== mon.0 v2:172.21.15.19:3300/0 1 ==== mon_map magic: 0 v1 ==== 229+0+0 (secure 0 0 0) 0x7fd8a400d600 con 0x7fd8b40fdc70
2022-03-18T03:27:54.969 INFO:teuthology.orchestra.run.smithi019.stderr:/usr/bin/ceph:
2022-03-18T03:27:54.963+0000 7fd8b2ffd700 1 -- 172.21.15.19:0/3782315242 <== mon.0 v2:172.21.15.19:3300/0 2 ==== config(25 keys) v1 ==== 983+0+0 (secure 0 0 0) 0x7fd8a400dbb0 con 0x7fd8b40fdc70
2022-03-18T03:27:54.969 INFO:teuthology.orchestra.run.smithi019.stderr:/usr/bin/ceph:
2022-03-18T03:27:54.963+0000 7fd8b2ffd700 1 -- 172.21.15.19:0/3782315242 <== mon.0 v2:172.21.15.19:3300/0 3 ==== mon_map magic: 0 v1 ==== 229+0+0 (secure 0 0 0) 0x7fd8a4011bb0 con 0x7fd8b40fdc70
2022-03-18T03:27:54.969 INFO:teuthology.orchestra.run.smithi019.stderr:/usr/bin/ceph:
2022-03-18T03:27:54.964+0000 7fd8b8a90700 1 -- 172.21.15.19:0/3782315242 >> [v2:172.21.15.19:3300/0,v1:172.21.15.19:6789/0] conn(0x7fd8b40fdc70 msgr2=0x7fd8b40fe090 secure :-1 s=STATE_CONNECTION_ESTABLISHED l=1).mark_down
2022-03-18T03:27:54.969 INFO:teuthology.orchestra.run.smithi019.stderr:/usr/bin/ceph:
2022-03-18T03:27:54.964+0000 7fd8b8a90700 1 --2- 172.21.15.19:0/3782315242 >> [v2:172.21.15.19:3300/0,v1:172.21.15.19:6789/0] conn(0x7fd8b40fdc70 0x7fd8b40fe090 secure :-1 s=READY pgs=35 cs=0 l=1 rev1=1 rx=0x7fd8a400b5f0 tx=0x7fd8a4006ee0).stop
2022-03-18T03:27:54.969 INFO:teuthology.orchestra.run.smithi019.stderr:/usr/bin/ceph:
2022-03-18T03:27:54.964+0000 7fd8b8a90700 1 -- 172.21.15.19:0/3782315242 shutdown_connections
2022-03-18T03:27:54.970 INFO:teuthology.orchestra.run.smithi019.stderr:/usr/bin/ceph:
2022-03-18T03:27:54.964+0000 7fd8b8a90700 1 --2- 172.21.15.19:0/3782315242 >> [v2:172.21.15.19:3300/0,v1:172.21.15.19:6789/0] conn(0x7fd8b40fdc70 0x7fd8b40fe090 unknown :-1 s=CLOSED pgs=35 cs=0 l=1 rev1=1 rx=0 tx=0).stop
2022-03-18T03:27:54.970 INFO:teuthology.orchestra.run.smithi019.stderr:/usr/bin/ceph:
2022-03-18T03:27:54.964+0000 7fd8b8a90700 1 -- 172.21.15.19:0/3782315242 >> 172.21.15.19:0/3782315242 conn(0x7fd8b4071260 msgr2=0x7fd8b4071670 unknown :-1 s=STATE_NONE l=0).mark_down
2022-03-18T03:27:54.970 INFO:teuthology.orchestra.run.smithi019.stderr:/usr/bin/ceph:
2022-03-18T03:27:54.964+0000 7fd8b8a90700 1 -- 172.21.15.19:0/3782315242 shutdown_connections
2022-03-18T03:27:54.970 INFO:teuthology.orchestra.run.smithi019.stderr:/usr/bin/ceph:
2022-03-18T03:27:54.964+0000 7fd8b8a90700 1 -- 172.21.15.19:0/3782315242 wait complete.
2022-03-18T03:27:54.971 INFO:teuthology.orchestra.run.smithi019.stderr:/usr/bin/ceph:
2022-03-18T03:27:54.965+0000 7fd8b8a90700 1 Processor -- start
2022-03-18T03:27:54.971 INFO:teuthology.orchestra.run.smithi019.stderr:/usr/bin/ceph:
2022-03-18T03:27:54.965+0000 7fd8b8a90700 1 -- start start
2022-03-18T03:27:54.971 INFO:teuthology.orchestra.run.smithi019.stderr:/usr/bin/ceph:
2022-03-18T03:27:54.966+0000 7fd8b8a90700 1 --2- >> [v2:172.21.15.19:3300/0,v1:172.21.15.19:6789/0] conn(0x7fd8b40fdc70 0x7fd8b410c980 unknown :-1 s=NONE pgs=0 cs=0 l=1 rev1=0 rx=0 tx=0).connect
2022-03-18T03:27:54.971 INFO:teuthology.orchestra.run.smithi019.stderr:/usr/bin/ceph:
2022-03-18T03:27:54.966+0000 7fd8b8a90700 1 -- --> [v2:172.21.15.19:3300/0,v1:172.21.15.19:6789/0] -- mon_getmap magic: 0 v1 -- 0x7fd8b410ce70 con 0x7fd8b40fdc70
2022-03-18T03:27:54.971 INFO:teuthology.orchestra.run.smithi019.stderr:/usr/bin/ceph:
2022-03-18T03:27:54.966+0000 7fd8b37fe700 1 --2- >> [v2:172.21.15.19:3300/0,v1:172.21.15.19:6789/0] conn(0x7fd8b40fdc70 0x7fd8b410c980 unknown :-1 s=BANNER_CONNECTING pgs=0 cs=0 l=1 rev1=0 rx=0 tx=0)._handle_peer_banner_payload supported=1 required=0
2022-03-18T03:27:54.972 INFO:teuthology.orchestra.run.smithi019.stderr:/usr/bin/ceph:
2022-03-18T03:27:54.966+0000 7fd8b37fe700 1 --2- >> [v2:172.21.15.19:3300/0,v1:172.21.15.19:6789/0] conn(0x7fd8b40fdc70 0x7fd8b410c980 unknown :-1 s=HELLO_CONNECTING pgs=0 cs=0 l=1 rev1=1 rx=0 tx=0).handle_hello peer v2:172.21.15.19:3300/0 says I am v2:172.21.15.19:39910/0 (socket says 172.21.15.19:39910)
2022-03-18T03:27:54.972 INFO:teuthology.orchestra.run.smithi019.stderr:/usr/bin/ceph:
2022-03-18T03:27:54.966+0000 7fd8b37fe700 1 -- 172.21.15.19:0/3882176072 learned_addr learned my addr 172.21.15.19:0/3882176072 (peer_addr_for_me v2:172.21.15.19:0/0)
2022-03-18T03:27:54.972 INFO:teuthology.orchestra.run.smithi019.stderr:/usr/bin/ceph:
2022-03-18T03:27:54.966+0000 7fd8b37fe700 1 -- 172.21.15.19:0/3882176072 --> [v2:172.21.15.19:3300/0,v1:172.21.15.19:6789/0] -- mon_subscribe({config=0+,monmap=0+}) v3 -- 0x7fd8a400b200 con 0x7fd8b40fdc70
2022-03-18T03:27:54.974 INFO:teuthology.orchestra.run.smithi019.stderr:/usr/bin/ceph:
2022-03-18T03:27:54.967+0000 7fd8b37fe700 1 --2- 172.21.15.19:0/3882176072 >> [v2:172.21.15.19:3300/0,v1:172.21.15.19:6789/0] conn(0x7fd8b40fdc70 0x7fd8b410c980 secure :-1 s=READY pgs=36 cs=0 l=1 rev1=1 rx=0x7fd8a400db50 tx=0x7fd8a4006ee0).ready entity=mon.0 client_cookie=0 server_cookie=0 in_seq=0 out_seq=0
2022-03-18T03:27:54.974 INFO:teuthology.orchestra.run.smithi019.stderr:/usr/bin/ceph:
2022-03-18T03:27:54.967+0000 7fd8b0ff9700 1 -- 172.21.15.19:0/3882176072 <== mon.0 v2:172.21.15.19:3300/0 1 ==== mon_map magic: 0 v1 ==== 229+0+0 (secure 0 0 0) 0x7fd8a401b410 con 0x7fd8b40fdc70
2022-03-18T03:27:54.974 INFO:teuthology.orchestra.run.smithi019.stderr:/usr/bin/ceph:
2022-03-18T03:27:54.967+0000 7fd8b0ff9700 1 -- 172.21.15.19:0/3882176072 <== mon.0 v2:172.21.15.19:3300/0 2 ==== config(25 keys) v1 ==== 983+0+0 (secure 0 0 0) 0x7fd8a401b9c0 con 0x7fd8b40fdc70
2022-03-18T03:27:54.975 INFO:teuthology.orchestra.run.smithi019.stderr:/usr/bin/ceph:
2022-03-18T03:27:54.967+0000 7fd8b8a90700 1 -- 172.21.15.19:0/3882176072 --> [v2:172.21.15.19:3300/0,v1:172.21.15.19:6789/0] -- mon_subscribe({mgrmap=0+}) v3 -- 0x7fd8b410d070 con 0x7fd8b40fdc70
2022-03-18T03:27:54.975 INFO:teuthology.orchestra.run.smithi019.stderr:/usr/bin/ceph:
2022-03-18T03:27:54.967+0000 7fd8b0ff9700 1 -- 172.21.15.19:0/3882176072 <== mon.0 v2:172.21.15.19:3300/0 3 ==== mon_map magic: 0 v1 ==== 229+0+0 (secure 0 0 0) 0x7fd8a401a6d0 con 0x7fd8b40fdc70
2022-03-18T03:27:54.975 INFO:teuthology.orchestra.run.smithi019.stderr:/usr/bin/ceph:
2022-03-18T03:27:54.967+0000 7fd8b8a90700 1 -- 172.21.15.19:0/3882176072 --> [v2:172.21.15.19:3300/0,v1:172.21.15.19:6789/0] -- mon_subscribe({osdmap=0}) v3 -- 0x7fd8b410d500 con 0x7fd8b40fdc70
2022-03-18T03:27:54.975 INFO:teuthology.orchestra.run.smithi019.stderr:/usr/bin/ceph:
2022-03-18T03:27:54.968+0000 7fd8b8a90700 1 -- 172.21.15.19:0/3882176072 --> [v2:172.21.15.19:3300/0,v1:172.21.15.19:6789/0] -- mon_command({"prefix": "get_command_descriptions"} v 0) v1 -- 0x7fd8b4045ad0 con 0x7fd8b40fdc70
2022-03-18T03:27:54.976 INFO:teuthology.orchestra.run.smithi019.stderr:/usr/bin/ceph:
2022-03-18T03:27:54.968+0000 7fd8b0ff9700 1 -- 172.21.15.19:0/3882176072 <== mon.0 v2:172.21.15.19:3300/0 4 ==== mgrmap(e 8) v1 ==== 36120+0+0 (secure 0 0 0) 0x7fd8a400f070 con 0x7fd8b40fdc70
2022-03-18T03:27:54.976 INFO:teuthology.orchestra.run.smithi019.stderr:/usr/bin/ceph:
2022-03-18T03:27:54.969+0000 7fd8b0ff9700 1 --2- 172.21.15.19:0/3882176072 >> [v2:172.21.15.19:6800/3305919014,v1:172.21.15.19:6801/3305919014] conn(0x7fd89402fd50 0x7fd894032210 unknown :-1 s=NONE pgs=0 cs=0 l=1 rev1=0 rx=0 tx=0).connect
2022-03-18T03:27:54.976 INFO:teuthology.orchestra.run.smithi019.stderr:/usr/bin/ceph:
2022-03-18T03:27:54.969+0000 7fd8b0ff9700 1 -- 172.21.15.19:0/3882176072 <== mon.0 v2:172.21.15.19:3300/0 5 ==== osd_map(2..2 src has 1..2) v4 ==== 893+0+0 (secure 0 0 0) 0x7fd8a40410d0 con 0x7fd8b40fdc70
2022-03-18T03:27:54.976 INFO:teuthology.orchestra.run.smithi019.stderr:/usr/bin/ceph:
2022-03-18T03:27:54.969+0000 7fd8abfff700 1 --2- 172.21.15.19:0/3882176072 >> [v2:172.21.15.19:6800/3305919014,v1:172.21.15.19:6801/3305919014] conn(0x7fd89402fd50 0x7fd894032210 unknown :-1 s=BANNER_CONNECTING pgs=0 cs=0 l=1 rev1=0 rx=0 tx=0)._handle_peer_banner_payload supported=1 required=0
2022-03-18T03:27:54.976 INFO:teuthology.orchestra.run.smithi019.stderr:/usr/bin/ceph:
2022-03-18T03:27:54.970+0000 7fd8abfff700 1 --2- 172.21.15.19:0/3882176072 >> [v2:172.21.15.19:6800/3305919014,v1:172.21.15.19:6801/3305919014] conn(0x7fd89402fd50 0x7fd894032210 secure :-1 s=READY pgs=9 cs=0 l=1 rev1=1 rx=0x7fd89c0096a0 tx=0x7fd89c006b40).ready entity=mgr.14114 client_cookie=0 server_cookie=0 in_seq=0 out_seq=0
2022-03-18T03:27:54.977 INFO:teuthology.orchestra.run.smithi019.stderr:/usr/bin/ceph:
2022-03-18T03:27:54.974+0000 7fd8b0ff9700 1 -- 172.21.15.19:0/3882176072 <== mon.0 v2:172.21.15.19:3300/0 6 ==== mon_command_ack([{"prefix": "get_command_descriptions"}]=0 v0) v1 ==== 72+0+152212 (secure 0 0 0) 0x7fd8a4019cd0 con 0x7fd8b40fdc70
2022-03-18T03:27:55.107 INFO:journalctl@ceph.mon.smithi019.smithi019.stdout:Mar 18 03:27:54 smithi019 ceph-3ef34f56-a66b-11ec-8c35-001a4aab830c-mon.smithi019[29503]: cephadm
2022-03-18T03:27:53.565001+0000 mgr.smithi019.rpscip (mgr.14114) 6 : cephadm [INF] Generating ssh key...
2022-03-18T03:27:55.107 INFO:journalctl@ceph.mon.smithi019.smithi019.stdout:Mar 18 03:27:54 smithi019 ceph-3ef34f56-a66b-11ec-8c35-001a4aab830c-mon.smithi019[29503]: audit
2022-03-18T03:27:53.682683+0000 mon.smithi019 (mon.0) 52 : audit [INF] from='mgr.14114 172.21.15.19:0/2249583461' entity='mgr.smithi019.rpscip'
2022-03-18T03:27:55.107 INFO:journalctl@ceph.mon.smithi019.smithi019.stdout:Mar 18 03:27:54 smithi019 ceph-3ef34f56-a66b-11ec-8c35-001a4aab830c-mon.smithi019[29503]: audit
2022-03-18T03:27:53.684837+0000 mon.smithi019 (mon.0) 53 : audit [INF] from='mgr.14114 172.21.15.19:0/2249583461' entity='mgr.smithi019.rpscip'
2022-03-18T03:27:55.146 INFO:teuthology.orchestra.run.smithi019.stderr:/usr/bin/ceph:
2022-03-18T03:27:55.144+0000 7fd8b8a90700 1 -- 172.21.15.19:0/3882176072 --> [v2:172.21.15.19:6800/3305919014,v1:172.21.15.19:6801/3305919014] -- mgr_command(tid 0: {"prefix": "cephadm get-pub-key", "target": ["mon-mgr", ""]}) v1 -- 0x7fd8b410de20 con 0x7fd89402fd50
2022-03-18T03:27:55.147 INFO:teuthology.orchestra.run.smithi019.stderr:/usr/bin/ceph:
2022-03-18T03:27:55.145+0000 7fd8b0ff9700 1 -- 172.21.15.19:0/3882176072 <== mgr.14114 v2:172.21.15.19:6800/3305919014 1 ==== mgr_command_reply(tid 0: 0 ) v1 ==== 8+0+595 (secure 0 0 0) 0x7fd8b410de20 con 0x7fd89402fd50
