2022-03-21T06:34:27.202+0000 7ff36a315700 1 --2- 172.21.15.57:0/2093655336 >> [v2:172.21.15.57:3300/0,v1:172.21.15.57:6789/0] conn(0x7ff364077d40 0x7ff3641123a0 secure :-1 s=READY pgs=17 cs=0 l=1 rev1=1 crypto rx=0x7ff354009e20 tx=0x7ff354009840 comp rx=0 tx=0).ready entity=mon.0 client_cookie=0 server_cookie=0 in_seq=0 out_seq=0
2022-03-21T06:34:27.356 INFO:teuthology.orchestra.run.smithi057.stderr:/usr/bin/ceph:
2022-03-21T06:34:27.202+0000 7ff362ffd700 1 -- 172.21.15.57:0/2093655336 <== mon.0 v2:172.21.15.57:3300/0 1 ==== mon_map magic: 0 v1 ==== 205+0+0 (secure 0 0 0) 0x7ff35400e040 con 0x7ff364077d40
2022-03-21T06:34:27.356 INFO:teuthology.orchestra.run.smithi057.stderr:/usr/bin/ceph:
2022-03-21T06:34:27.202+0000 7ff362ffd700 1 -- 172.21.15.57:0/2093655336 <== mon.0 v2:172.21.15.57:3300/0 2 ==== config(26 keys) v1 ==== 1056+0+0 (secure 0 0 0) 0x7ff35401e450 con 0x7ff364077d40
2022-03-21T06:34:27.356 INFO:teuthology.orchestra.run.smithi057.stderr:/usr/bin/ceph:
2022-03-21T06:34:27.202+0000 7ff36c579700 1 -- 172.21.15.57:0/2093655336 --> [v2:172.21.15.57:3300/0,v1:172.21.15.57:6789/0] -- mon_subscribe({mgrmap=0+}) v3 -- 0x7ff364112ae0 con 0x7ff364077d40
2022-03-21T06:34:27.356 INFO:teuthology.orchestra.run.smithi057.stderr:/usr/bin/ceph:
2022-03-21T06:34:27.202+0000 7ff362ffd700 1 -- 172.21.15.57:0/2093655336 <== mon.0 v2:172.21.15.57:3300/0 3 ==== mon_map magic: 0 v1 ==== 205+0+0 (secure 0 0 0) 0x7ff35401c5e0 con 0x7ff364077d40
2022-03-21T06:34:27.357 INFO:teuthology.orchestra.run.smithi057.stderr:/usr/bin/ceph:
2022-03-21T06:34:27.202+0000 7ff36c579700 1 -- 172.21.15.57:0/2093655336 --> [v2:172.21.15.57:3300/0,v1:172.21.15.57:6789/0] -- mon_subscribe({osdmap=0}) v3 -- 0x7ff364113780 con 0x7ff364077d40
2022-03-21T06:34:27.357 INFO:teuthology.orchestra.run.smithi057.stderr:/usr/bin/ceph:
2022-03-21T06:34:27.203+0000 7ff362ffd700 1 -- 172.21.15.57:0/2093655336 <== mon.0 v2:172.21.15.57:3300/0 4 ==== mgrmap(e 4) v1 ==== 41833+0+0 (secure 0 0 0) 0x7ff354024020 con 0x7ff364077d40
2022-03-21T06:34:27.357 INFO:teuthology.orchestra.run.smithi057.stderr:/usr/bin/ceph:
2022-03-21T06:34:27.203+0000 7ff362ffd700 1 --2- 172.21.15.57:0/2093655336 >> [v2:172.21.15.57:6800/2021071453,v1:172.21.15.57:6801/2021071453] conn(0x7ff350034b80 0x7ff350037030 unknown :-1 s=NONE pgs=0 cs=0 l=1 rev1=0 crypto rx=0 tx=0 comp rx=0 tx=0).connect
2022-03-21T06:34:27.357 INFO:teuthology.orchestra.run.smithi057.stderr:/usr/bin/ceph:
2022-03-21T06:34:27.203+0000 7ff36c579700 1 -- 172.21.15.57:0/2093655336 --> [v2:172.21.15.57:3300/0,v1:172.21.15.57:6789/0] -- mon_command({"prefix": "get_command_descriptions"} v 0) v1 -- 0x7ff36405e600 con 0x7ff364077d40
2022-03-21T06:34:27.358 INFO:teuthology.orchestra.run.smithi057.stderr:/usr/bin/ceph:
2022-03-21T06:34:27.203+0000 7ff362ffd700 1 -- 172.21.15.57:0/2093655336 <== mon.0 v2:172.21.15.57:3300/0 5 ==== osd_map(1..1 src has 1..1) v4 ==== 721+0+0 (secure 0 0 0) 0x7ff354046e40 con 0x7ff364077d40
2022-03-21T06:34:27.358 INFO:teuthology.orchestra.run.smithi057.stderr:/usr/bin/ceph:
2022-03-21T06:34:27.203+0000 7ff369b14700 1 --2- 172.21.15.57:0/2093655336 >> [v2:172.21.15.57:6800/2021071453,v1:172.21.15.57:6801/2021071453] conn(0x7ff350034b80 0x7ff350037030 unknown :-1 s=BANNER_CONNECTING pgs=0 cs=0 l=1 rev1=0 crypto rx=0 tx=0 comp rx=0 tx=0)._handle_peer_banner_payload supported=3 required=0
2022-03-21T06:34:27.358 INFO:teuthology.orchestra.run.smithi057.stderr:/usr/bin/ceph:
2022-03-21T06:34:27.203+0000 7ff369b14700 1 --2- 172.21.15.57:0/2093655336 >> [v2:172.21.15.57:6800/2021071453,v1:172.21.15.57:6801/2021071453] conn(0x7ff350034b80 0x7ff350037030 secure :-1 s=READY pgs=6 cs=0 l=1 rev1=1 crypto rx=0x7ff358009780 tx=0x7ff358006cc0 comp rx=0 tx=0).ready entity=mgr.14100 client_cookie=0 server_cookie=0 in_seq=0 out_seq=0
2022-03-21T06:34:27.358 INFO:teuthology.orchestra.run.smithi057.stderr:/usr/bin/ceph:
2022-03-21T06:34:27.208+0000 7ff362ffd700 1 -- 172.21.15.57:0/2093655336 <== mon.0 v2:172.21.15.57:3300/0 6 ==== mon_command_ack([{"prefix": "get_command_descriptions"}]=0 v0) v1 ==== 72+0+163627 (secure 0 0 0) 0x7ff35400ba20 con 0x7ff364077d40
2022-03-21T06:34:27.469 INFO:teuthology.orchestra.run.smithi057.stderr:/usr/bin/ceph:
2022-03-21T06:34:27.459+0000 7ff36c579700 1 -- 172.21.15.57:0/2093655336 --> [v2:172.21.15.57:3300/0,v1:172.21.15.57:6789/0] -- mon_command({"prefix": "status", "format": "json-pretty"} v 0) v1 -- 0x7ff36404af20 con 0x7ff364077d40
2022-03-21T06:34:27.469 INFO:teuthology.orchestra.run.smithi057.stderr:/usr/bin/ceph:
2022-03-21T06:34:27.459+0000 7ff362ffd700 1 -- 172.21.15.57:0/2093655336 <== mon.0 v2:172.21.15.57:3300/0 7 ==== mon_command_ack([{"prefix": "status", "format": "json-pretty"}]=0 v0) v1 ==== 79+0+1240 (secure 0 0 0) 0x7ff354022070 con 0x7ff364077d40
2022-03-21T06:34:27.469 INFO:teuthology.orchestra.run.smithi057.stderr:/usr/bin/ceph:
2022-03-21T06:34:27.469 INFO:teuthology.orchestra.run.smithi057.stderr:/usr/bin/ceph: {
2022-03-21T06:34:27.470 INFO:teuthology.orchestra.run.smithi057.stderr:/usr/bin/ceph: "fsid": "cbd6d81c-a8e0-11ec-8c35-001a4aab830c",
2022-03-21T06:34:27.470 INFO:teuthology.orchestra.run.smithi057.stderr:/usr/bin/ceph: "health": {
2022-03-21T06:34:27.470 INFO:teuthology.orchestra.run.smithi057.stderr:/usr/bin/ceph: "status": "HEALTH_OK",
2022-03-21T06:34:27.470 INFO:teuthology.orchestra.run.smithi057.stderr:/usr/bin/ceph: "checks": {},
2022-03-21T06:34:27.471 INFO:teuthology.orchestra.run.smithi057.stderr:/usr/bin/ceph: "mutes": []
2022-03-21T06:34:27.471 INFO:teuthology.orchestra.run.smithi057.stderr:/usr/bin/ceph: },
2022-03-21T06:34:27.471 INFO:teuthology.orchestra.run.smithi057.stderr:/usr/bin/ceph: "election_epoch": 5,
2022-03-21T06:34:27.471 INFO:teuthology.orchestra.run.smithi057.stderr:/usr/bin/ceph: "quorum": [
2022-03-21T06:34:27.471 INFO:teuthology.orchestra.run.smithi057.stderr:/usr/bin/ceph: 0
2022-03-21T06:34:27.472 INFO:teuthology.orchestra.run.smithi057.stderr:/usr/bin/ceph: ],
2022-03-21T06:34:27.472 INFO:teuthology.orchestra.run.smithi057.stderr:/usr/bin/ceph: "quorum_names": [
2022-03-21T06:34:27.472 INFO:teuthology.orchestra.run.smithi057.stderr:/usr/bin/ceph: "a"
2022-03-21T06:34:27.472 INFO:teuthology.orchestra.run.smithi057.stderr:/usr/bin/ceph: ],
2022-03-21T06:34:27.473 INFO:teuthology.orchestra.run.smithi057.stderr:/usr/bin/ceph: "quorum_age": 13,
2022-03-21T06:34:27.473 INFO:teuthology.orchestra.run.smithi057.stderr:/usr/bin/ceph: "monmap": {
2022-03-21T06:34:27.473 INFO:teuthology.orchestra.run.smithi057.stderr:/usr/bin/ceph: "epoch": 1,
2022-03-21T06:34:27.473 INFO:teuthology.orchestra.run.smithi057.stderr:/usr/bin/ceph: "min_mon_release_name": "quincy",
2022-03-21T06:34:27.474 INFO:teuthology.orchestra.run.smithi057.stderr:/usr/bin/ceph: "num_mons": 1
2022-03-21T06:34:27.474 INFO:teuthology.orchestra.run.smithi057.stderr:/usr/bin/ceph: },
2022-03-21T06:34:27.474 INFO:teuthology.orchestra.run.smithi057.stderr:/usr/bin/ceph: "osdmap": {
2022-03-21T06:34:27.474 INFO:teuthology.orchestra.run.smithi057.stderr:/usr/bin/ceph: "epoch": 1,
2022-03-21T06:34:27.474 INFO:teuthology.orchestra.run.smithi057.stderr:/usr/bin/ceph: "num_osds": 0,
2022-03-21T06:34:27.475 INFO:teuthology.orchestra.run.smithi057.stderr:/usr/bin/ceph: "num_up_osds": 0,
2022-03-21T06:34:27.475 INFO:teuthology.orchestra.run.smithi057.stderr:/usr/bin/ceph: "osd_up_since": 0,
2022-03-21T06:34:27.475 INFO:teuthology.orchestra.run.smithi057.stderr:/usr/bin/ceph: "num_in_osds": 0,
2022-03-21T06:34:27.475 INFO:teuthology.orchestra.run.smithi057.stderr:/usr/bin/ceph: "osd_in_since": 0,
2022-03-21T06:34:27.476 INFO:teuthology.orchestra.run.smithi057.stderr:/usr/bin/ceph: "num_remapped_pgs": 0
2022-03-21T06:34:27.476 INFO:teuthology.orchestra.run.smithi057.stderr:/usr/bin/ceph: },
2022-03-21T06:34:27.476 INFO:teuthology.orchestra.run.smithi057.stderr:/usr/bin/ceph: "pgmap": {
2022-03-21T06:34:27.476 INFO:teuthology.orchestra.run.smithi057.stderr:/usr/bin/ceph: "pgs_by_state": [],
2022-03-21T06:34:27.476 INFO:teuthology.orchestra.run.smithi057.stderr:/usr/bin/ceph: "num_pgs": 0,
2022-03-21T06:34:27.477 INFO:teuthology.orchestra.run.smithi057.stderr:/usr/bin/ceph: "num_pools": 0,
2022-03-21T06:34:27.477 INFO:teuthology.orchestra.run.smithi057.stderr:/usr/bin/ceph: "num_objects": 0,
2022-03-21T06:34:27.477 INFO:teuthology.orchestra.run.smithi057.stderr:/usr/bin/ceph: "data_bytes": 0,
2022-03-21T06:34:27.477 INFO:teuthology.orchestra.run.smithi057.stderr:/usr/bin/ceph: "bytes_used": 0,
2022-03-21T06:34:27.478 INFO:teuthology.orchestra.run.smithi057.stderr:/usr/bin/ceph: "bytes_avail": 0,
2022-03-21T06:34:27.478 INFO:teuthology.orchestra.run.smithi057.stderr:/usr/bin/ceph: "bytes_total": 0
2022-03-21T06:34:27.478 INFO:teuthology.orchestra.run.smithi057.stderr:/usr/bin/ceph: },
2022-03-21T06:34:27.478 INFO:teuthology.orchestra.run.smithi057.stderr:/usr/bin/ceph: "fsmap": {
2022-03-21T06:34:27.478 INFO:teuthology.orchestra.run.smithi057.stderr:/usr/bin/ceph: "epoch": 1,
2022-03-21T06:34:27.479 INFO:teuthology.orchestra.run.smithi057.stderr:/usr/bin/ceph: "by_rank": [],
2022-03-21T06:34:27.479 INFO:teuthology.orchestra.run.smithi057.stderr:/usr/bin/ceph: "up:standby": 0
2022-03-21T06:34:27.479 INFO:teuthology.orchestra.run.smithi057.stderr:/usr/bin/ceph: },
2022-03-21T06:34:27.479 INFO:teuthology.orchestra.run.smithi057.stderr:/usr/bin/ceph: "mgrmap": {
2022-03-21T06:34:27.480 INFO:teuthology.orchestra.run.smithi057.stderr:/usr/bin/ceph: "available": true,
2022-03-21T06:34:27.480 INFO:teuthology.orchestra.run.smithi057.stderr:/usr/bin/ceph: "num_standbys": 0,
2022-03-21T06:34:27.480 INFO:teuthology.orchestra.run.smithi057.stderr:/usr/bin/ceph: "modules": [
2022-03-21T06:34:27.480 INFO:teuthology.orchestra.run.smithi057.stderr:/usr/bin/ceph: "iostat",
2022-03-21T06:34:27.480 INFO:teuthology.orchestra.run.smithi057.stderr:/usr/bin/ceph: "nfs",
2022-03-21T06:34:27.481 INFO:teuthology.orchestra.run.smithi057.stderr:/usr/bin/ceph: "restful"
2022-03-21T06:34:27.481 INFO:teuthology.orchestra.run.smithi057.stderr:/usr/bin/ceph: ],
2022-03-21T06:34:27.481 INFO:teuthology.orchestra.run.smithi057.stderr:/usr/bin/ceph: "services": {}
2022-03-21T06:34:27.481 INFO:teuthology.orchestra.run.smithi057.stderr:/usr/bin/ceph: },
2022-03-21T06:34:27.482 INFO:teuthology.orchestra.run.smithi057.stderr:/usr/bin/ceph: "servicemap": {
2022-03-21T06:34:27.482 INFO:teuthology.orchestra.run.smithi057.stderr:/usr/bin/ceph: "epoch": 1,
2022-03-21T06:34:27.482 INFO:teuthology.orchestra.run.smithi057.stderr:/usr/bin/ceph: "modified": "2022-03-21T06:34:09.650715+0000",
2022-03-21T06:34:27.482 INFO:teuthology.orchestra.run.smithi057.stderr:/usr/bin/ceph: "services": {}
2022-03-21T06:34:27.482 INFO:teuthology.orchestra.run.smithi057.stderr:/usr/bin/ceph: },
2022-03-21T06:34:27.483 INFO:teuthology.orchestra.run.smithi057.stderr:/usr/bin/ceph: "progress_events": {}
2022-03-21T06:34:27.483 INFO:teuthology.orchestra.run.smithi057.stderr:/usr/bin/ceph: }
2022-03-21T06:34:27.483 INFO:teuthology.orchestra.run.smithi057.stderr:/usr/bin/ceph:
2022-03-21T06:34:27.462+0000 7ff36c579700 1 -- 172.21.15.57:0/2093655336 >> [v2:172.21.15.57:6800/2021071453,v1:172.21.15.57:6801/2021071453] conn(0x7ff350034b80 msgr2=0x7ff350037030 secure :-1 s=STATE_CONNECTION_ESTABLISHED l=1).mark_down
2022-03-21T06:34:27.483 INFO:teuthology.orchestra.run.smithi057.stderr:/usr/bin/ceph:
2022-03-21T06:34:27.462+0000 7ff36c579700 1 --2- 172.21.15.57:0/2093655336 >> [v2:172.21.15.57:6800/2021071453,v1:172.21.15.57:6801/2021071453] conn(0x7ff350034b80 0x7ff350037030 secure :-1 s=READY pgs=6 cs=0 l=1 rev1=1 crypto rx=0x7ff358009780 tx=0x7ff358006cc0 comp rx=0 tx=0).stop
2022-03-21T06:34:27.484 INFO:teuthology.orchestra.run.smithi057.stderr:/usr/bin/ceph:
2022-03-21T06:34:27.462+0000 7ff36c579700 1 -- 172.21.15.57:0/2093655336 >> [v2:172.21.15.57:3300/0,v1:172.21.15.57:6789/0] conn(0x7ff364077d40 msgr2=0x7ff3641123a0 secure :-1 s=STATE_CONNECTION_ESTABLISHED l=1).mark_down
2022-03-21T06:34:27.484 INFO:teuthology.orchestra.run.smithi057.stderr:/usr/bin/ceph:
2022-03-21T06:34:27.462+0000 7ff36c579700 1 --2- 172.21.15.57:0/2093655336 >> [v2:172.21.15.57:3300/0,v1:172.21.15.57:6789/0] conn(0x7ff364077d40 0x7ff3641123a0 secure :-1 s=READY pgs=17 cs=0 l=1 rev1=1 crypto rx=0x7ff354009e20 tx=0x7ff354009840 comp rx=0 tx=0).stop
2022-03-21T06:34:27.484 INFO:teuthology.orchestra.run.smithi057.stderr:/usr/bin/ceph:
2022-03-21T06:34:27.462+0000 7ff36c579700 1 -- 172.21.15.57:0/2093655336 shutdown_connections
2022-03-21T06:34:27.484 INFO:teuthology.orchestra.run.smithi057.stderr:/usr/bin/ceph:
2022-03-21T06:34:27.462+0000 7ff36c579700 1 --2- 172.21.15.57:0/2093655336 >> [v2:172.21.15.57:6800/2021071453,v1:172.21.15.57:6801/2021071453] conn(0x7ff350034b80 0x7ff350037030 unknown :-1 s=CLOSED pgs=6 cs=0 l=1 rev1=1 crypto rx=0 tx=0 comp rx=0 tx=0).stop
2022-03-21T06:34:27.485 INFO:teuthology.orchestra.run.smithi057.stderr:/usr/bin/ceph:
2022-03-21T06:34:27.462+0000 7ff36c579700 1 --2- 172.21.15.57:0/2093655336 >> [v2:172.21.15.57:3300/0,v1:172.21.15.57:6789/0] conn(0x7ff364077d40 0x7ff3641123a0 unknown :-1 s=CLOSED pgs=17 cs=0 l=1 rev1=1 crypto rx=0 tx=0 comp rx=0 tx=0).stop
2022-03-21T06:34:27.485 INFO:teuthology.orchestra.run.smithi057.stderr:/usr/bin/ceph:
2022-03-21T06:34:27.462+0000 7ff36c579700 1 -- 172.21.15.57:0/2093655336 >> 172.21.15.57:0/2093655336 conn(0x7ff3640fcdb0 msgr2=0x7ff3640fdb40 unknown :-1 s=STATE_NONE l=0).mark_down
2022-03-21T06:34:27.485 INFO:teuthology.orchestra.run.smithi057.stderr:/usr/bin/ceph:
2022-03-21T06:34:27.462+0000 7ff36c579700 1 -- 172.21.15.57:0/2093655336 shutdown_connections
2022-03-21T06:34:27.485 INFO:teuthology.orchestra.run.smithi057.stderr:/usr/bin/ceph:
2022-03-21T06:34:27.462+0000 7ff36c579700 1 -- 172.21.15.57:0/2093655336 wait complete.
2022-03-21T06:34:27.882 INFO:journalctl@ceph.mon.a.smithi057.stdout:Mar 21 06:34:27 smithi057 ceph-mon[22408]: from='client.? 172.21.15.57:0/2093655336' entity='client.admin' cmd=[{"prefix": "status", "format": "json-pretty"}]: dispatch
2022-03-21T06:34:28.885 INFO:teuthology.orchestra.run.smithi057.stderr:mgr is available
2022-03-21T06:34:29.313 INFO:teuthology.orchestra.run.smithi057.stderr:/usr/bin/ceph:
2022-03-21T06:34:29.306+0000 7f10d1932700 1 Processor -- start
2022-03-21T06:34:29.313 INFO:teuthology.orchestra.run.smithi057.stderr:/usr/bin/ceph:
2022-03-21T06:34:29.307+0000 7f10d1932700 1 -- start start
2022-03-21T06:34:29.313 INFO:teuthology.orchestra.run.smithi057.stderr:/usr/bin/ceph:
2022-03-21T06:34:29.307+0000 7f10d1932700 1 --2- >> [v2:172.21.15.57:3300/0,v1:172.21.15.57:6789/0] conn(0x7f10cc100490 0x7f10cc1008a0 unknown :-1 s=NONE pgs=0 cs=0 l=0 rev1=0 crypto rx=0 tx=0 comp rx=0 tx=0).connect
2022-03-21T06:34:29.314 INFO:teuthology.orchestra.run.smithi057.stderr:/usr/bin/ceph:
2022-03-21T06:34:29.307+0000 7f10d1932700 1 -- --> [v2:172.21.15.57:3300/0,v1:172.21.15.57:6789/0] -- mon_getmap magic: 0 v1 -- 0x7f10cc100de0 con 0x7f10cc100490
2022-03-21T06:34:29.314 INFO:teuthology.orchestra.run.smithi057.stderr:/usr/bin/ceph:
2022-03-21T06:34:29.307+0000 7f10caffd700 1 --2- >> [v2:172.21.15.57:3300/0,v1:172.21.15.57:6789/0] conn(0x7f10cc100490 0x7f10cc1008a0 unknown :-1 s=BANNER_CONNECTING pgs=0 cs=0 l=0 rev1=0 crypto rx=0 tx=0 comp rx=0 tx=0)._handle_peer_banner_payload supported=3 required=0
2022-03-21T06:34:29.314 INFO:teuthology.orchestra.run.smithi057.stderr:/usr/bin/ceph:
2022-03-21T06:34:29.307+0000 7f10caffd700 1 --2- >> [v2:172.21.15.57:3300/0,v1:172.21.15.57:6789/0] conn(0x7f10cc100490 0x7f10cc1008a0 unknown :-1 s=HELLO_CONNECTING pgs=0 cs=0 l=0 rev1=1 crypto rx=0 tx=0 comp rx=0 tx=0).handle_hello peer v2:172.21.15.57:3300/0 says I am v2:172.21.15.57:38654/0 (socket says 172.21.15.57:38654)
2022-03-21T06:34:29.314 INFO:teuthology.orchestra.run.smithi057.stderr:/usr/bin/ceph:
2022-03-21T06:34:29.307+0000 7f10caffd700 1 -- 172.21.15.57:0/1186471191 learned_addr learned my addr 172.21.15.57:0/1186471191 (peer_addr_for_me v2:172.21.15.57:0/0)
2022-03-21T06:34:29.315 INFO:teuthology.orchestra.run.smithi057.stderr:/usr/bin/ceph:
2022-03-21T06:34:29.307+0000 7f10caffd700 1 -- 172.21.15.57:0/1186471191 --> [v2:172.21.15.57:3300/0,v1:172.21.15.57:6789/0] -- mon_subscribe({config=0+,monmap=0+}) v3 -- 0x7f10cc100f20 con 0x7f10cc100490
2022-03-21T06:34:29.315 INFO:teuthology.orchestra.run.smithi057.stderr:/usr/bin/ceph:
2022-03-21T06:34:29.308+0000 7f10caffd700 1 --2- 172.21.15.57:0/1186471191 >> [v2:172.21.15.57:3300/0,v1:172.21.15.57:6789/0] conn(0x7f10cc100490 0x7f10cc1008a0 secure :-1 s=READY pgs=18 cs=0 l=1 rev1=1 crypto rx=0x7f10bc00b9d0 tx=0x7f10bc00b3b0 comp rx=0 tx=0).ready entity=mon.0 client_cookie=da1a3f4979fc57f4 server_cookie=0 in_seq=0 out_seq=0
2022-03-21T06:34:29.315 INFO:teuthology.orchestra.run.smithi057.stderr:/usr/bin/ceph:
2022-03-21T06:34:29.308+0000 7f10c9ffb700 1 -- 172.21.15.57:0/1186471191 <== mon.0 v2:172.21.15.57:3300/0 1 ==== mon_map magic: 0 v1 ==== 205+0+0 (secure 0 0 0) 0x7f10bc004030 con 0x7f10cc100490
2022-03-21T06:34:29.316 INFO:teuthology.orchestra.run.smithi057.stderr:/usr/bin/ceph:
2022-03-21T06:34:29.308+0000 7f10c9ffb700 1 -- 172.21.15.57:0/1186471191 <== mon.0 v2:172.21.15.57:3300/0 2 ==== config(26 keys) v1 ==== 1056+0+0 (secure 0 0 0) 0x7f10bc004190 con 0x7f10cc100490
2022-03-21T06:34:29.316 INFO:teuthology.orchestra.run.smithi057.stderr:/usr/bin/ceph:
2022-03-21T06:34:29.308+0000 7f10c9ffb700 1 -- 172.21.15.57:0/1186471191 <== mon.0 v2:172.21.15.57:3300/0 3 ==== mon_map magic: 0 v1 ==== 205+0+0 (secure 0 0 0) 0x7f10bc003c80 con 0x7f10cc100490
2022-03-21T06:34:29.316 INFO:teuthology.orchestra.run.smithi057.stderr:/usr/bin/ceph:
2022-03-21T06:34:29.308+0000 7f10d1932700 1 -- 172.21.15.57:0/1186471191 >> [v2:172.21.15.57:3300/0,v1:172.21.15.57:6789/0] conn(0x7f10cc100490 msgr2=0x7f10cc1008a0 secure :-1 s=STATE_CONNECTION_ESTABLISHED l=1).mark_down
2022-03-21T06:34:29.316 INFO:teuthology.orchestra.run.smithi057.stderr:/usr/bin/ceph:
2022-03-21T06:34:29.308+0000 7f10d1932700 1 --2- 172.21.15.57:0/1186471191 >> [v2:172.21.15.57:3300/0,v1:172.21.15.57:6789/0] conn(0x7f10cc100490 0x7f10cc1008a0 secure :-1 s=READY pgs=18 cs=0 l=1 rev1=1 crypto rx=0x7f10bc00b9d0 tx=0x7f10bc00b3b0 comp rx=0 tx=0).stop
2022-03-21T06:34:29.316 INFO:teuthology.orchestra.run.smithi057.stderr:/usr/bin/ceph:
2022-03-21T06:34:29.308+0000 7f10d1932700 1 -- 172.21.15.57:0/1186471191 shutdown_connections
2022-03-21T06:34:29.317 INFO:teuthology.orchestra.run.smithi057.stderr:/usr/bin/ceph:
2022-03-21T06:34:29.308+0000 7f10d1932700 1 --2- 172.21.15.57:0/1186471191 >> [v2:172.21.15.57:3300/0,v1:172.21.15.57:6789/0] conn(0x7f10cc100490 0x7f10cc1008a0 unknown :-1 s=CLOSED pgs=18 cs=0 l=1 rev1=1 crypto rx=0 tx=0 comp rx=0 tx=0).stop
2022-03-21T06:34:29.317 INFO:teuthology.orchestra.run.smithi057.stderr:/usr/bin/ceph:
2022-03-21T06:34:29.308+0000 7f10d1932700 1 -- 172.21.15.57:0/1186471191 >> 172.21.15.57:0/1186471191 conn(0x7f10cc0fbca0 msgr2=0x7f10cc0fe0b0 unknown :-1 s=STATE_NONE l=0).mark_down
2022-03-21T06:34:29.317 INFO:teuthology.orchestra.run.smithi057.stderr:/usr/bin/ceph:
2022-03-21T06:34:29.308+0000 7f10d1932700 1 -- 172.21.15.57:0/1186471191 shutdown_connections
2022-03-21T06:34:29.317 INFO:teuthology.orchestra.run.smithi057.stderr:/usr/bin/ceph:
2022-03-21T06:34:29.308+0000 7f10d1932700 1 -- 172.21.15.57:0/1186471191 wait complete.
2022-03-21T06:34:29.318 INFO:teuthology.orchestra.run.smithi057.stderr:/usr/bin/ceph:
2022-03-21T06:34:29.309+0000 7f10d1932700 1 Processor -- start
2022-03-21T06:34:29.318 INFO:teuthology.orchestra.run.smithi057.stderr:/usr/bin/ceph:
2022-03-21T06:34:29.309+0000 7f10d1932700 1 -- start start
2022-03-21T06:34:29.318 INFO:teuthology.orchestra.run.smithi057.stderr:/usr/bin/ceph:
2022-03-21T06:34:29.309+0000 7f10d1932700 1 --2- >> [v2:172.21.15.57:3300/0,v1:172.21.15.57:6789/0] conn(0x7f10cc100490 0x7f10cc10df70 unknown :-1 s=NONE pgs=0 cs=0 l=1 rev1=0 crypto rx=0 tx=0 comp rx=0 tx=0).connect
2022-03-21T06:34:29.318 INFO:teuthology.orchestra.run.smithi057.stderr:/usr/bin/ceph:
2022-03-21T06:34:29.309+0000 7f10d1932700 1 -- --> [v2:172.21.15.57:3300/0,v1:172.21.15.57:6789/0] -- mon_getmap magic: 0 v1 -- 0x7f10cc10e4b0 con 0x7f10cc100490
2022-03-21T06:34:29.319 INFO:teuthology.orchestra.run.smithi057.stderr:/usr/bin/ceph:
2022-03-21T06:34:29.309+0000 7f10caffd700 1 --2- >> [v2:172.21.15.57:3300/0,v1:172.21.15.57:6789/0] conn(0x7f10cc100490 0x7f10cc10df70 unknown :-1 s=BANNER_CONNECTING pgs=0 cs=0 l=1 rev1=0 crypto rx=0 tx=0 comp rx=0 tx=0)._handle_peer_banner_payload supported=3 required=0
2022-03-21T06:34:29.319 INFO:teuthology.orchestra.run.smithi057.stderr:/usr/bin/ceph:
2022-03-21T06:34:29.309+0000 7f10caffd700 1 --2- >> [v2:172.21.15.57:3300/0,v1:172.21.15.57:6789/0] conn(0x7f10cc100490 0x7f10cc10df70 unknown :-1 s=HELLO_CONNECTING pgs=0 cs=0 l=1 rev1=1 crypto rx=0 tx=0 comp rx=0 tx=0).handle_hello peer v2:172.21.15.57:3300/0 says I am v2:172.21.15.57:38656/0 (socket says 172.21.15.57:38656)
2022-03-21T06:34:29.319 INFO:teuthology.orchestra.run.smithi057.stderr:/usr/bin/ceph:
2022-03-21T06:34:29.309+0000 7f10caffd700 1 -- 172.21.15.57:0/3854893117 learned_addr learned my addr 172.21.15.57:0/3854893117 (peer_addr_for_me v2:172.21.15.57:0/0)
2022-03-21T06:34:29.319 INFO:teuthology.orchestra.run.smithi057.stderr:/usr/bin/ceph:
2022-03-21T06:34:29.310+0000 7f10caffd700 1 -- 172.21.15.57:0/3854893117 --> [v2:172.21.15.57:3300/0,v1:172.21.15.57:6789/0] -- mon_subscribe({config=0+,monmap=0+}) v3 -- 0x7f10bc00b610 con 0x7f10cc100490
2022-03-21T06:34:29.320 INFO:teuthology.orchestra.run.smithi057.stderr:/usr/bin/ceph:
2022-03-21T06:34:29.310+0000 7f10caffd700 1 --2- 172.21.15.57:0/3854893117 >> [v2:172.21.15.57:3300/0,v1:172.21.15.57:6789/0] conn(0x7f10cc100490 0x7f10cc10df70 secure :-1 s=READY pgs=19 cs=0 l=1 rev1=1 crypto rx=0x7f10bc00d650 tx=0x7f10bc00b3b0 comp rx=0 tx=0).ready entity=mon.0 client_cookie=0 server_cookie=0 in_seq=0 out_seq=0
2022-03-21T06:34:29.320 INFO:teuthology.orchestra.run.smithi057.stderr:/usr/bin/ceph:
2022-03-21T06:34:29.310+0000 7f10b37fe700 1 -- 172.21.15.57:0/3854893117 <== mon.0 v2:172.21.15.57:3300/0 1 ==== mon_map magic: 0 v1 ==== 205+0+0 (secure 0 0 0) 0x7f10bc01f070 con 0x7f10cc100490
2022-03-21T06:34:29.320 INFO:teuthology.orchestra.run.smithi057.stderr:/usr/bin/ceph:
2022-03-21T06:34:29.310+0000 7f10d1932700 1 -- 172.21.15.57:0/3854893117 --> [v2:172.21.15.57:3300/0,v1:172.21.15.57:6789/0] -- mon_subscribe({mgrmap=0+}) v3 -- 0x7f10cc10e6b0 con 0x7f10cc100490
2022-03-21T06:34:29.320 INFO:teuthology.orchestra.run.smithi057.stderr:/usr/bin/ceph:
2022-03-21T06:34:29.310+0000 7f10b37fe700 1 -- 172.21.15.57:0/3854893117 <== mon.0 v2:172.21.15.57:3300/0 2 ==== config(26 keys) v1 ==== 1056+0+0 (secure 0 0 0) 0x7f10bc00dde0 con 0x7f10cc100490
2022-03-21T06:34:29.321 INFO:teuthology.orchestra.run.smithi057.stderr:/usr/bin/ceph:
2022-03-21T06:34:29.310+0000 7f10b37fe700 1 -- 172.21.15.57:0/3854893117 <== mon.0 v2:172.21.15.57:3300/0 3 ==== mon_map magic: 0 v1 ==== 205+0+0 (secure 0 0 0) 0x7f10bc018950 con 0x7f10cc100490
2022-03-21T06:34:29.321 INFO:teuthology.orchestra.run.smithi057.stderr:/usr/bin/ceph:
2022-03-21T06:34:29.310+0000 7f10d1932700 1 -- 172.21.15.57:0/3854893117 --> [v2:172.21.15.57:3300/0,v1:172.21.15.57:6789/0] -- mon_subscribe({osdmap=0}) v3 -- 0x7f10cc10f350 con 0x7f10cc100490
2022-03-21T06:34:29.322 INFO:teuthology.orchestra.run.smithi057.stderr:/usr/bin/ceph:
2022-03-21T06:34:29.311+0000 7f10b37fe700 1 -- 172.21.15.57:0/3854893117 <== mon.0 v2:172.21.15.57:3300/0 4 ==== mgrmap(e 4) v1 ==== 41833+0+0 (secure 0 0 0) 0x7f10bc02a030 con 0x7f10cc100490
2022-03-21T06:34:29.322 INFO:teuthology.orchestra.run.smithi057.stderr:/usr/bin/ceph:
2022-03-21T06:34:29.311+0000 7f10b37fe700 1 --2- 172.21.15.57:0/3854893117 >> [v2:172.21.15.57:6800/2021071453,v1:172.21.15.57:6801/2021071453] conn(0x7f10b8034b80 0x7f10b8037030 unknown :-1 s=NONE pgs=0 cs=0 l=1 rev1=0 crypto rx=0 tx=0 comp rx=0 tx=0).connect
2022-03-21T06:34:29.323 INFO:teuthology.orchestra.run.smithi057.stderr:/usr/bin/ceph:
2022-03-21T06:34:29.311+0000 7f10d1932700 1 -- 172.21.15.57:0/3854893117 --> [v2:172.21.15.57:3300/0,v1:172.21.15.57:6789/0] -- mon_command({"prefix": "get_command_descriptions"} v 0) v1 -- 0x7f10cc05e600 con 0x7f10cc100490
2022-03-21T06:34:29.323 INFO:teuthology.orchestra.run.smithi057.stderr:/usr/bin/ceph:
2022-03-21T06:34:29.311+0000 7f10b37fe700 1 -- 172.21.15.57:0/3854893117 <== mon.0 v2:172.21.15.57:3300/0 5 ==== osd_map(1..1 src has 1..1) v4 ==== 721+0+0 (secure 0 0 0) 0x7f10bc014070 con 0x7f10cc100490
2022-03-21T06:34:29.323 INFO:teuthology.orchestra.run.smithi057.stderr:/usr/bin/ceph:
2022-03-21T06:34:29.311+0000 7f10ca7fc700 1 --2- 172.21.15.57:0/3854893117 >> [v2:172.21.15.57:6800/2021071453,v1:172.21.15.57:6801/2021071453] conn(0x7f10b8034b80 0x7f10b8037030 unknown :-1 s=BANNER_CONNECTING pgs=0 cs=0 l=1 rev1=0 crypto rx=0 tx=0 comp rx=0 tx=0)._handle_peer_banner_payload supported=3 required=0
2022-03-21T06:34:29.323 INFO:teuthology.orchestra.run.smithi057.stderr:/usr/bin/ceph:
2022-03-21T06:34:29.312+0000 7f10ca7fc700 1 --2- 172.21.15.57:0/3854893117 >> [v2:172.21.15.57:6800/2021071453,v1:172.21.15.57:6801/2021071453] conn(0x7f10b8034b80 0x7f10b8037030 secure :-1 s=READY pgs=7 cs=0 l=1 rev1=1 crypto rx=0x7f10c0009780 tx=0x7f10c0006cc0 comp rx=0 tx=0).ready entity=mgr.14100 client_cookie=0 server_cookie=0 in_seq=0 out_seq=0
2022-03-21T06:34:29.324 INFO:teuthology.orchestra.run.smithi057.stderr:/usr/bin/ceph:
2022-03-21T06:34:29.316+0000 7f10b37fe700 1 -- 172.21.15.57:0/3854893117 <== mon.0 v2:172.21.15.57:3300/0 6 ==== mon_command_ack([{"prefix": "get_command_descriptions"}]=0 v0) v1 ==== 72+0+163627 (secure 0 0 0) 0x7f10bc028080 con 0x7f10cc100490
2022-03-21T06:34:29.493 INFO:teuthology.orchestra.run.smithi057.stderr:/usr/bin/ceph:
2022-03-21T06:34:29.490+0000 7f10d1932700 1 -- 172.21.15.57:0/3854893117 --> [v2:172.21.15.57:3300/0,v1:172.21.15.57:6789/0] -- mon_command({"prefix": "config assimilate-conf"} v 0) v1 -- 0x7f10cc04af20 con 0x7f10cc100490
2022-03-21T06:34:29.496 INFO:teuthology.orchestra.run.smithi057.stderr:/usr/bin/ceph:
2022-03-21T06:34:29.491+0000 7f10b37fe700 1 -- 172.21.15.57:0/3854893117 <== mon.0 v2:172.21.15.57:3300/0 7 ==== mon_command_ack([{"prefix": "config assimilate-conf"}]=0 v3) v1 ==== 70+0+373 (secure 0 0 0) 0x7f10bc048190 con 0x7f10cc100490
2022-03-21T06:34:29.497 INFO:teuthology.orchestra.run.smithi057.stderr:/usr/bin/ceph:
2022-03-21T06:34:29.497 INFO:teuthology.orchestra.run.smithi057.stderr:/usr/bin/ceph: [global]
2022-03-21T06:34:29.497 INFO:teuthology.orchestra.run.smithi057.stderr:/usr/bin/ceph: fsid = cbd6d81c-a8e0-11ec-8c35-001a4aab830c
2022-03-21T06:34:29.497 INFO:teuthology.orchestra.run.smithi057.stderr:/usr/bin/ceph: mon_osd_allow_pg_remap = true
2022-03-21T06:34:29.498 INFO:teuthology.orchestra.run.smithi057.stderr:/usr/bin/ceph: mon_osd_allow_primary_affinity = true
2022-03-21T06:34:29.498 INFO:teuthology.orchestra.run.smithi057.stderr:/usr/bin/ceph: mon_warn_on_no_sortbitwise = false
2022-03-21T06:34:29.498 INFO:teuthology.orchestra.run.smithi057.stderr:/usr/bin/ceph: osd_crush_chooseleaf_type = 0
2022-03-21T06:34:29.498 INFO:teuthology.orchestra.run.smithi057.stderr:/usr/bin/ceph:
2022-03-21T06:34:29.499 INFO:teuthology.orchestra.run.smithi057.stderr:/usr/bin/ceph: [mgr]
2022-03-21T06:34:29.499 INFO:teuthology.orchestra.run.smithi057.stderr:/usr/bin/ceph: mgr/telemetry/nag = false
2022-03-21T06:34:29.499 INFO:teuthology.orchestra.run.smithi057.stderr:/usr/bin/ceph:
2022-03-21T06:34:29.499 INFO:teuthology.orchestra.run.smithi057.stderr:/usr/bin/ceph: [osd]
2022-03-21T06:34:29.499 INFO:teuthology.orchestra.run.smithi057.stderr:/usr/bin/ceph: mon_osd_backfillfull_ratio = 0.85
2022-03-21T06:34:29.500 INFO:teuthology.orchestra.run.smithi057.stderr:/usr/bin/ceph: mon_osd_full_ratio = 0.9
2022-03-21T06:34:29.500 INFO:teuthology.orchestra.run.smithi057.stderr:/usr/bin/ceph: mon_osd_nearfull_ratio = 0.8
2022-03-21T06:34:29.500 INFO:teuthology.orchestra.run.smithi057.stderr:/usr/bin/ceph: osd_map_max_advance = 10
2022-03-21T06:34:29.500 INFO:teuthology.orchestra.run.smithi057.stderr:/usr/bin/ceph: osd_sloppy_crc = true
2022-03-21T06:34:29.501 INFO:teuthology.orchestra.run.smithi057.stderr:/usr/bin/ceph:
2022-03-21T06:34:29.493+0000 7f10d1932700 1 -- 172.21.15.57:0/3854893117 >> [v2:172.21.15.57:6800/2021071453,v1:172.21.15.57:6801/2021071453] conn(0x7f10b8034b80 msgr2=0x7f10b8037030 secure :-1 s=STATE_CONNECTION_ESTABLISHED l=1).mark_down
2022-03-21T06:34:29.501 INFO:teuthology.orchestra.run.smithi057.stderr:/usr/bin/ceph:
2022-03-21T06:34:29.493+0000 7f10d1932700 1 --2- 172.21.15.57:0/3854893117 >> [v2:172.21.15.57:6800/2021071453,v1:172.21.15.57:6801/2021071453] conn(0x7f10b8034b80 0x7f10b8037030 secure :-1 s=READY pgs=7 cs=0 l=1 rev1=1 crypto rx=0x7f10c0009780 tx=0x7f10c0006cc0 comp rx=0 tx=0).stop
2022-03-21T06:34:29.501 INFO:teuthology.orchestra.run.smithi057.stderr:/usr/bin/ceph:
2022-03-21T06:34:29.493+0000 7f10d1932700 1 -- 172.21.15.57:0/3854893117 >> [v2:172.21.15.57:3300/0,v1:172.21.15.57:6789/0] conn(0x7f10cc100490 msgr2=0x7f10cc10df70 secure :-1 s=STATE_CONNECTION_ESTABLISHED l=1).mark_down
2022-03-21T06:34:29.501 INFO:teuthology.orchestra.run.smithi057.stderr:/usr/bin/ceph:
2022-03-21T06:34:29.493+0000 7f10d1932700 1 --2- 172.21.15.57:0/3854893117 >> [v2:172.21.15.57:3300/0,v1:172.21.15.57:6789/0] conn(0x7f10cc100490 0x7f10cc10df70 secure :-1 s=READY pgs=19 cs=0 l=1 rev1=1 crypto rx=0x7f10bc00d650 tx=0x7f10bc00b3b0 comp rx=0 tx=0).stop
2022-03-21T06:34:29.502 INFO:teuthology.orchestra.run.smithi057.stderr:/usr/bin/ceph:
2022-03-21T06:34:29.493+0000 7f10d1932700 1 -- 172.21.15.57:0/3854893117 shutdown_connections
2022-03-21T06:34:29.502 INFO:teuthology.orchestra.run.smithi057.stderr:/usr/bin/ceph:
2022-03-21T06:34:29.493+0000 7f10d1932700 1 --2- 172.21.15.57:0/3854893117 >> [v2:172.21.15.57:6800/2021071453,v1:172.21.15.57:6801/2021071453] conn(0x7f10b8034b80 0x7f10b8037030 unknown :-1 s=CLOSED pgs=7 cs=0 l=1 rev1=1 crypto rx=0 tx=0 comp rx=0 tx=0).stop
2022-03-21T06:34:29.502 INFO:teuthology.orchestra.run.smithi057.stderr:/usr/bin/ceph:
2022-03-21T06:34:29.493+0000 7f10d1932700 1 --2- 172.21.15.57:0/3854893117 >> [v2:172.21.15.57:3300/0,v1:172.21.15.57:6789/0] conn(0x7f10cc100490 0x7f10cc10df70 unknown :-1 s=CLOSED pgs=19 cs=0 l=1 rev1=1 crypto rx=0 tx=0 comp rx=0 tx=0).stop
2022-03-21T06:34:29.502 INFO:teuthology.orchestra.run.smithi057.stderr:/usr/bin/ceph:
2022-03-21T06:34:29.493+0000 7f10d1932700 1 -- 172.21.15.57:0/3854893117 >> 172.21.15.57:0/3854893117 conn(0x7f10cc0fbca0 msgr2=0x7f10cc104a00 unknown :-1 s=STATE_NONE l=0).mark_down
2022-03-21T06:34:29.503 INFO:teuthology.orchestra.run.smithi057.stderr:/usr/bin/ceph:
2022-03-21T06:34:29.493+0000 7f10d1932700 1 -- 172.21.15.57:0/3854893117 shutdown_connections
2022-03-21T06:34:29.503 INFO:teuthology.orchestra.run.smithi057.stderr:/usr/bin/ceph:
2022-03-21T06:34:29.493+0000 7f10d1932700 1 -- 172.21.15.57:0/3854893117 wait complete.
2022-03-21T06:34:29.825 INFO:teuthology.orchestra.run.smithi057.stderr:Enabling cephadm module...
2022-03-21T06:34:30.132 INFO:journalctl@ceph.mon.a.smithi057.stdout:Mar 21 06:34:29 smithi057 ceph-mon[22408]: from='client.? 172.21.15.57:0/3854893117' entity='client.admin' cmd=[{"prefix": "config assimilate-conf"}]: dispatch
2022-03-21T06:34:30.239 INFO:teuthology.orchestra.run.smithi057.stderr:/usr/bin/ceph:
2022-03-21T06:34:30.236+0000 7f3e88fdd700 1 Processor -- start
2022-03-21T06:34:30.240 INFO:teuthology.orchestra.run.smithi057.stderr:/usr/bin/ceph:
2022-03-21T06:34:30.236+0000 7f3e88fdd700 1 -- start start
2022-03-21T06:34:30.240 INFO:teuthology.orchestra.run.smithi057.stderr:/usr/bin/ceph:
2022-03-21T06:34:30.236+0000 7f3e88fdd700 1 --2- >> [v2:172.21.15.57:3300/0,v1:172.21.15.57:6789/0] conn(0x7f3e84100480 0x7f3e84100890 unknown :-1 s=NONE pgs=0 cs=0 l=0 rev1=0 crypto rx=0 tx=0 comp rx=0 tx=0).connect
2022-03-21T06:34:30.240 INFO:teuthology.orchestra.run.smithi057.stderr:/usr/bin/ceph:
2022-03-21T06:34:30.236+0000 7f3e88fdd700 1 -- --> [v2:172.21.15.57:3300/0,v1:172.21.15.57:6789/0] -- mon_getmap magic: 0 v1 -- 0x7f3e84100dd0 con 0x7f3e84100480
2022-03-21T06:34:30.241 INFO:teuthology.orchestra.run.smithi057.stderr:/usr/bin/ceph:
2022-03-21T06:34:30.236+0000 7f3e8259c700 1 --2- >> [v2:172.21.15.57:3300/0,v1:172.21.15.57:6789/0] conn(0x7f3e84100480 0x7f3e84100890 unknown :-1 s=BANNER_CONNECTING pgs=0 cs=0 l=0 rev1=0 crypto rx=0 tx=0 comp rx=0 tx=0)._handle_peer_banner_payload supported=3 required=0
2022-03-21T06:34:30.241 INFO:teuthology.orchestra.run.smithi057.stderr:/usr/bin/ceph:
2022-03-21T06:34:30.236+0000 7f3e8259c700 1 --2- >> [v2:172.21.15.57:3300/0,v1:172.21.15.57:6789/0] conn(0x7f3e84100480 0x7f3e84100890 unknown :-1 s=HELLO_CONNECTING pgs=0 cs=0 l=0 rev1=1 crypto rx=0 tx=0 comp rx=0 tx=0).handle_hello peer v2:172.21.15.57:3300/0 says I am v2:172.21.15.57:38660/0 (socket says 172.21.15.57:38660)
2022-03-21T06:34:30.241 INFO:teuthology.orchestra.run.smithi057.stderr:/usr/bin/ceph:
2022-03-21T06:34:30.236+0000 7f3e8259c700 1 -- 172.21.15.57:0/2396507609 learned_addr learned my addr 172.21.15.57:0/2396507609 (peer_addr_for_me v2:172.21.15.57:0/0)
2022-03-21T06:34:30.241 INFO:teuthology.orchestra.run.smithi057.stderr:/usr/bin/ceph:
2022-03-21T06:34:30.236+0000 7f3e8259c700 1 -- 172.21.15.57:0/2396507609 --> [v2:172.21.15.57:3300/0,v1:172.21.15.57:6789/0] -- mon_subscribe({config=0+,monmap=0+}) v3 -- 0x7f3e84100f10 con 0x7f3e84100480
2022-03-21T06:34:30.242 INFO:teuthology.orchestra.run.smithi057.stderr:/usr/bin/ceph:
2022-03-21T06:34:30.237+0000 7f3e8259c700 1 --2- 172.21.15.57:0/2396507609 >> [v2:172.21.15.57:3300/0,v1:172.21.15.57:6789/0] conn(0x7f3e84100480 0x7f3e84100890 secure :-1 s=READY pgs=20 cs=0 l=1 rev1=1 crypto rx=0x7f3e7400b9d0 tx=0x7f3e7400b3b0 comp rx=0 tx=0).ready entity=mon.0 client_cookie=889e416af93b019c server_cookie=0 in_seq=0 out_seq=0
2022-03-21T06:34:30.242 INFO:teuthology.orchestra.run.smithi057.stderr:/usr/bin/ceph:
2022-03-21T06:34:30.237+0000 7f3e8159a700 1 -- 172.21.15.57:0/2396507609 <== mon.0 v2:172.21.15.57:3300/0 1 ==== mon_map magic: 0 v1 ==== 205+0+0 (secure 0 0 0) 0x7f3e74004030 con 0x7f3e84100480
2022-03-21T06:34:30.242 INFO:teuthology.orchestra.run.smithi057.stderr:/usr/bin/ceph:
2022-03-21T06:34:30.237+0000 7f3e8159a700 1 -- 172.21.15.57:0/2396507609 <== mon.0 v2:172.21.15.57:3300/0 2 ==== config(26 keys) v1 ==== 1056+0+0 (secure 0 0 0) 0x7f3e74004190 con 0x7f3e84100480
2022-03-21T06:34:30.242 INFO:teuthology.orchestra.run.smithi057.stderr:/usr/bin/ceph:
2022-03-21T06:34:30.237+0000 7f3e8159a700 1 -- 172.21.15.57:0/2396507609 <== mon.0 v2:172.21.15.57:3300/0 3 ==== mon_map magic: 0 v1 ==== 205+0+0 (secure 0 0 0) 0x7f3e74003c80 con 0x7f3e84100480
2022-03-21T06:34:30.246 INFO:teuthology.orchestra.run.smithi057.stderr:/usr/bin/ceph:
2022-03-21T06:34:30.237+0000 7f3e88fdd700 1 -- 172.21.15.57:0/2396507609 >> [v2:172.21.15.57:3300/0,v1:172.21.15.57:6789/0] conn(0x7f3e84100480 msgr2=0x7f3e84100890 secure :-1 s=STATE_CONNECTION_ESTABLISHED l=1).mark_down
2022-03-21T06:34:30.246 INFO:teuthology.orchestra.run.smithi057.stderr:/usr/bin/ceph:
2022-03-21T06:34:30.238+0000 7f3e88fdd700 1 --2- 172.21.15.57:0/2396507609 >> [v2:172.21.15.57:3300/0,v1:172.21.15.57:6789/0] conn(0x7f3e84100480 0x7f3e84100890 secure :-1 s=READY pgs=20 cs=0 l=1 rev1=1 crypto rx=0x7f3e7400b9d0 tx=0x7f3e7400b3b0 comp rx=0 tx=0).stop
2022-03-21T06:34:30.246 INFO:teuthology.orchestra.run.smithi057.stderr:/usr/bin/ceph:
2022-03-21T06:34:30.238+0000 7f3e88fdd700 1 -- 172.21.15.57:0/2396507609 shutdown_connections
2022-03-21T06:34:30.247 INFO:teuthology.orchestra.run.smithi057.stderr:/usr/bin/ceph:
2022-03-21T06:34:30.238+0000 7f3e88fdd700 1 --2- 172.21.15.57:0/2396507609 >> [v2:172.21.15.57:3300/0,v1:172.21.15.57:6789/0] conn(0x7f3e84100480 0x7f3e84100890 unknown :-1 s=CLOSED pgs=20 cs=0 l=1 rev1=1 crypto rx=0 tx=0 comp rx=0 tx=0).stop
2022-03-21T06:34:30.247 INFO:teuthology.orchestra.run.smithi057.stderr:/usr/bin/ceph:
2022-03-21T06:34:30.238+0000 7f3e88fdd700 1 -- 172.21.15.57:0/2396507609 >> 172.21.15.57:0/2396507609 conn(0x7f3e840fbc70 msgr2=0x7f3e840fe0a0 unknown :-1 s=STATE_NONE l=0).mark_down
2022-03-21T06:34:30.247 INFO:teuthology.orchestra.run.smithi057.stderr:/usr/bin/ceph:
2022-03-21T06:34:30.238+0000 7f3e88fdd700 1 -- 172.21.15.57:0/2396507609 shutdown_connections
2022-03-21T06:34:30.247 INFO:teuthology.orchestra.run.smithi057.stderr:/usr/bin/ceph:
2022-03-21T06:34:30.238+0000 7f3e88fdd700 1 -- 172.21.15.57:0/2396507609 wait complete.
2022-03-21T06:34:30.248 INFO:teuthology.orchestra.run.smithi057.stderr:/usr/bin/ceph:
2022-03-21T06:34:30.238+0000 7f3e88fdd700 1 Processor -- start
2022-03-21T06:34:30.248 INFO:teuthology.orchestra.run.smithi057.stderr:/usr/bin/ceph:
2022-03-21T06:34:30.238+0000 7f3e88fdd700 1 -- start start
2022-03-21T06:34:30.248 INFO:teuthology.orchestra.run.smithi057.stderr:/usr/bin/ceph:
2022-03-21T06:34:30.238+0000 7f3e88fdd700 1 --2- >> [v2:172.21.15.57:3300/0,v1:172.21.15.57:6789/0] conn(0x7f3e84100480 0x7f3e8410dfa0 unknown :-1 s=NONE pgs=0 cs=0 l=1 rev1=0 crypto rx=0 tx=0 comp rx=0 tx=0).connect
2022-03-21T06:34:30.249 INFO:teuthology.orchestra.run.smithi057.stderr:/usr/bin/ceph:
2022-03-21T06:34:30.238+0000 7f3e88fdd700 1 -- --> [v2:172.21.15.57:3300/0,v1:172.21.15.57:6789/0] -- mon_getmap magic: 0 v1 -- 0x7f3e8410e4e0 con 0x7f3e84100480
2022-03-21T06:34:30.249 INFO:teuthology.orchestra.run.smithi057.stderr:/usr/bin/ceph:
2022-03-21T06:34:30.239+0000 7f3e8259c700 1 --2- >> [v2:172.21.15.57:3300/0,v1:172.21.15.57:6789/0] conn(0x7f3e84100480 0x7f3e8410dfa0 unknown :-1 s=BANNER_CONNECTING pgs=0 cs=0 l=1 rev1=0 crypto rx=0 tx=0 comp rx=0 tx=0)._handle_peer_banner_payload supported=3 required=0
2022-03-21T06:34:30.249 INFO:teuthology.orchestra.run.smithi057.stderr:/usr/bin/ceph:
2022-03-21T06:34:30.239+0000 7f3e8259c700 1 --2- >> [v2:172.21.15.57:3300/0,v1:172.21.15.57:6789/0] conn(0x7f3e84100480 0x7f3e8410dfa0 unknown :-1 s=HELLO_CONNECTING pgs=0 cs=0 l=1 rev1=1 crypto rx=0 tx=0 comp rx=0 tx=0).handle_hello peer v2:172.21.15.57:3300/0 says I am v2:172.21.15.57:38662/0 (socket says 172.21.15.57:38662)
2022-03-21T06:34:30.249 INFO:teuthology.orchestra.run.smithi057.stderr:/usr/bin/ceph:
2022-03-21T06:34:30.239+0000 7f3e8259c700 1 -- 172.21.15.57:0/3810661950 learned_addr learned my addr 172.21.15.57:0/3810661950 (peer_addr_for_me v2:172.21.15.57:0/0)
2022-03-21T06:34:30.250 INFO:teuthology.orchestra.run.smithi057.stderr:/usr/bin/ceph:
2022-03-21T06:34:30.239+0000 7f3e8259c700 1 -- 172.21.15.57:0/3810661950 --> [v2:172.21.15.57:3300/0,v1:172.21.15.57:6789/0] -- mon_subscribe({config=0+,monmap=0+}) v3 -- 0x7f3e7400b610 con 0x7f3e84100480
2022-03-21T06:34:30.250 INFO:teuthology.orchestra.run.smithi057.stderr:/usr/bin/ceph:
2022-03-21T06:34:30.239+0000 7f3e8259c700 1 --2- 172.21.15.57:0/3810661950 >> [v2:172.21.15.57:3300/0,v1:172.21.15.57:6789/0] conn(0x7f3e84100480 0x7f3e8410dfa0 secure :-1 s=READY pgs=21 cs=0 l=1 rev1=1 crypto rx=0x7f3e7400d650 tx=0x7f3e7400b3b0 comp rx=0 tx=0).ready entity=mon.0 client_cookie=0 server_cookie=0 in_seq=0 out_seq=0
2022-03-21T06:34:30.250 INFO:teuthology.orchestra.run.smithi057.stderr:/usr/bin/ceph:
2022-03-21T06:34:30.239+0000 7f3e72ffd700 1 -- 172.21.15.57:0/3810661950 <== mon.0 v2:172.21.15.57:3300/0 1 ==== mon_map magic: 0 v1 ==== 205+0+0 (secure 0 0 0) 0x7f3e7401f070 con 0x7f3e84100480
2022-03-21T06:34:30.250 INFO:teuthology.orchestra.run.smithi057.stderr:/usr/bin/ceph:
2022-03-21T06:34:30.239+0000 7f3e88fdd700 1 -- 172.21.15.57:0/3810661950 --> [v2:172.21.15.57:3300/0,v1:172.21.15.57:6789/0] -- mon_subscribe({mgrmap=0+}) v3 -- 0x7f3e8410e6e0 con 0x7f3e84100480
2022-03-21T06:34:30.251 INFO:teuthology.orchestra.run.smithi057.stderr:/usr/bin/ceph:
2022-03-21T06:34:30.239+0000 7f3e72ffd700 1 -- 172.21.15.57:0/3810661950 <== mon.0 v2:172.21.15.57:3300/0 2 ==== config(26 keys) v1 ==== 1056+0+0 (secure 0 0 0) 0x7f3e7400dde0 con 0x7f3e84100480
2022-03-21T06:34:30.251 INFO:teuthology.orchestra.run.smithi057.stderr:/usr/bin/ceph:
2022-03-21T06:34:30.239+0000 7f3e72ffd700 1 -- 172.21.15.57:0/3810661950 <== mon.0 v2:172.21.15.57:3300/0 3 ==== mon_map magic: 0 v1 ==== 205+0+0 (secure 0 0 0) 0x7f3e74018950 con 0x7f3e84100480
2022-03-21T06:34:30.251 INFO:teuthology.orchestra.run.smithi057.stderr:/usr/bin/ceph:
2022-03-21T06:34:30.239+0000 7f3e88fdd700 1 -- 172.21.15.57:0/3810661950 --> [v2:172.21.15.57:3300/0,v1:172.21.15.57:6789/0] -- mon_subscribe({osdmap=0}) v3 -- 0x7f3e8410f380 con 0x7f3e84100480
2022-03-21T06:34:30.251 INFO:teuthology.orchestra.run.smithi057.stderr:/usr/bin/ceph:
2022-03-21T06:34:30.240+0000 7f3e72ffd700 1 -- 172.21.15.57:0/3810661950 <== mon.0 v2:172.21.15.57:3300/0 4 ==== mgrmap(e 4) v1 ==== 41833+0+0 (secure 0 0 0) 0x7f3e7402a030 con 0x7f3e84100480
2022-03-21T06:34:30.252 INFO:teuthology.orchestra.run.smithi057.stderr:/usr/bin/ceph:
2022-03-21T06:34:30.240+0000 7f3e72ffd700 1 --2- 172.21.15.57:0/3810661950 >> [v2:172.21.15.57:6800/2021071453,v1:172.21.15.57:6801/2021071453] conn(0x7f3e68034b30 0x7f3e68036fe0 unknown :-1 s=NONE pgs=0 cs=0 l=1 rev1=0 crypto rx=0 tx=0 comp rx=0 tx=0).connect
2022-03-21T06:34:30.252 INFO:teuthology.orchestra.run.smithi057.stderr:/usr/bin/ceph:
2022-03-21T06:34:30.240+0000 7f3e72ffd700 1 -- 172.21.15.57:0/3810661950 <== mon.0 v2:172.21.15.57:3300/0 5 ==== osd_map(1..1 src has 1..1) v4 ==== 721+0+0 (secure 0 0 0) 0x7f3e74014070 con 0x7f3e84100480
2022-03-21T06:34:30.252 INFO:teuthology.orchestra.run.smithi057.stderr:/usr/bin/ceph:
2022-03-21T06:34:30.240+0000 7f3e81d9b700 1 --2- 172.21.15.57:0/3810661950 >> [v2:172.21.15.57:6800/2021071453,v1:172.21.15.57:6801/2021071453] conn(0x7f3e68034b30 0x7f3e68036fe0 unknown :-1 s=BANNER_CONNECTING pgs=0 cs=0 l=1 rev1=0 crypto rx=0 tx=0 comp rx=0 tx=0)._handle_peer_banner_payload supported=3 required=0
2022-03-21T06:34:30.252 INFO:teuthology.orchestra.run.smithi057.stderr:/usr/bin/ceph:
2022-03-21T06:34:30.241+0000 7f3e88fdd700 1 -- 172.21.15.57:0/3810661950 --> [v2:172.21.15.57:3300/0,v1:172.21.15.57:6789/0] -- mon_command({"prefix": "get_command_descriptions"} v 0) v1 -- 0x7f3e8410eb70 con 0x7f3e84100480
2022-03-21T06:34:30.252 INFO:teuthology.orchestra.run.smithi057.stderr:/usr/bin/ceph:
2022-03-21T06:34:30.241+0000 7f3e81d9b700 1 --2- 172.21.15.57:0/3810661950 >> [v2:172.21.15.57:6800/2021071453,v1:172.21.15.57:6801/2021071453] conn(0x7f3e68034b30 0x7f3e68036fe0 secure :-1 s=READY pgs=8 cs=0 l=1 rev1=1 crypto rx=0x7f3e78009780 tx=0x7f3e78006cc0 comp rx=0 tx=0).ready entity=mgr.14100 client_cookie=0 server_cookie=0 in_seq=0 out_seq=0
2022-03-21T06:34:30.253 INFO:teuthology.orchestra.run.smithi057.stderr:/usr/bin/ceph:
2022-03-21T06:34:30.245+0000 7f3e72ffd700 1 -- 172.21.15.57:0/3810661950 <== mon.0 v2:172.21.15.57:3300/0 6 ==== mon_command_ack([{"prefix": "get_command_descriptions"}]=0 v0) v1 ==== 72+0+163627 (secure 0 0 0) 0x7f3e74028080 con 0x7f3e84100480
2022-03-21T06:34:30.473 INFO:teuthology.orchestra.run.smithi057.stderr:/usr/bin/ceph:
2022-03-21T06:34:30.470+0000 7f3e88fdd700 1 -- 172.21.15.57:0/3810661950 --> [v2:172.21.15.57:3300/0,v1:172.21.15.57:6789/0] -- mon_command({"prefix": "mgr module enable", "module": "cephadm"} v 0) v1 -- 0x7f3e8405e600 con 0x7f3e84100480
2022-03-21T06:34:30.820 INFO:teuthology.orchestra.run.smithi057.stderr:/usr/bin/ceph:
2022-03-21T06:34:30.817+0000 7f3e72ffd700 1 -- 172.21.15.57:0/3810661950 <== mon.0 v2:172.21.15.57:3300/0 7 ==== mgrmap(e 5) v1 ==== 41844+0+0 (secure 0 0 0) 0x7f3e74010680 con 0x7f3e84100480
2022-03-21T06:34:30.820 INFO:teuthology.orchestra.run.smithi057.stderr:/usr/bin/ceph:
2022-03-21T06:34:30.818+0000 7f3e72ffd700 1 -- 172.21.15.57:0/3810661950 <== mon.0 v2:172.21.15.57:3300/0 8 ==== mon_command_ack([{"prefix": "mgr module enable", "module": "cephadm"}]=0 v5) v1 ==== 86+0+0 (secure 0 0 0) 0x7f3e7400f800 con 0x7f3e84100480
2022-03-21T06:34:30.824 INFO:teuthology.orchestra.run.smithi057.stderr:/usr/bin/ceph:
2022-03-21T06:34:30.820+0000 7f3e88fdd700 1 -- 172.21.15.57:0/3810661950 >> [v2:172.21.15.57:6800/2021071453,v1:172.21.15.57:6801/2021071453] conn(0x7f3e68034b30 msgr2=0x7f3e68036fe0 secure :-1 s=STATE_CONNECTION_ESTABLISHED l=1).mark_down
2022-03-21T06:34:30.824 INFO:teuthology.orchestra.run.smithi057.stderr:/usr/bin/ceph:
2022-03-21T06:34:30.820+0000 7f3e88fdd700 1 --2- 172.21.15.57:0/3810661950 >> [v2:172.21.15.57:6800/2021071453,v1:172.21.15.57:6801/2021071453] conn(0x7f3e68034b30 0x7f3e68036fe0 secure :-1 s=READY pgs=8 cs=0 l=1 rev1=1 crypto rx=0x7f3e78009780 tx=0x7f3e78006cc0 comp rx=0 tx=0).stop
2022-03-21T06:34:30.824 INFO:teuthology.orchestra.run.smithi057.stderr:/usr/bin/ceph:
2022-03-21T06:34:30.820+0000 7f3e88fdd700 1 -- 172.21.15.57:0/3810661950 >> [v2:172.21.15.57:3300/0,v1:172.21.15.57:6789/0] conn(0x7f3e84100480 msgr2=0x7f3e8410dfa0 secure :-1 s=STATE_CONNECTION_ESTABLISHED l=1).mark_down
2022-03-21T06:34:30.824 INFO:teuthology.orchestra.run.smithi057.stderr:/usr/bin/ceph:
2022-03-21T06:34:30.820+0000 7f3e88fdd700 1 --2- 172.21.15.57:0/3810661950 >> [v2:172.21.15.57:3300/0,v1:172.21.15.57:6789/0] conn(0x7f3e84100480 0x7f3e8410dfa0 secure :-1 s=READY pgs=21 cs=0 l=1 rev1=1 crypto rx=0x7f3e7400d650 tx=0x7f3e7400b3b0 comp rx=0 tx=0).stop
2022-03-21T06:34:30.825 INFO:teuthology.orchestra.run.smithi057.stderr:/usr/bin/ceph:
2022-03-21T06:34:30.820+0000 7f3e88fdd700 1 -- 172.21.15.57:0/3810661950 shutdown_connections
2022-03-21T06:34:30.825 INFO:teuthology.orchestra.run.smithi057.stderr:/usr/bin/ceph:
2022-03-21T06:34:30.820+0000 7f3e88fdd700 1 --2- 172.21.15.57:0/3810661950 >> [v2:172.21.15.57:6800/2021071453,v1:172.21.15.57:6801/2021071453] conn(0x7f3e68034b30 0x7f3e68036fe0 unknown :-1 s=CLOSED pgs=8 cs=0 l=1 rev1=1 crypto rx=0 tx=0 comp rx=0 tx=0).stop
2022-03-21T06:34:30.825 INFO:teuthology.orchestra.run.smithi057.stderr:/usr/bin/ceph:
2022-03-21T06:34:30.820+0000 7f3e88fdd700 1 --2- 172.21.15.57:0/3810661950 >> [v2:172.21.15.57:3300/0,v1:172.21.15.57:6789/0] conn(0x7f3e84100480 0x7f3e8410dfa0 unknown :-1 s=CLOSED pgs=21 cs=0 l=1 rev1=1 crypto rx=0 tx=0 comp rx=0 tx=0).stop
2022-03-21T06:34:30.825 INFO:teuthology.orchestra.run.smithi057.stderr:/usr/bin/ceph:
2022-03-21T06:34:30.820+0000 7f3e88fdd700 1 -- 172.21.15.57:0/3810661950 >> 172.21.15.57:0/3810661950 conn(0x7f3e840fbc70 msgr2=0x7f3e841049f0 unknown :-1 s=STATE_NONE l=0).mark_down
2022-03-21T06:34:30.826 INFO:teuthology.orchestra.run.smithi057.stderr:/usr/bin/ceph:
2022-03-21T06:34:30.820+0000 7f3e88fdd700 1 -- 172.21.15.57:0/3810661950 shutdown_connections
2022-03-21T06:34:30.826 INFO:teuthology.orchestra.run.smithi057.stderr:/usr/bin/ceph:
2022-03-21T06:34:30.821+0000 7f3e88fdd700 1 -- 172.21.15.57:0/3810661950 wait complete.
2022-03-21T06:34:31.122 INFO:journalctl@ceph.mon.a.smithi057.stdout:Mar 21 06:34:30 smithi057 ceph-mon[22408]: from='client.? 172.21.15.57:0/3810661950' entity='client.admin' cmd=[{"prefix": "mgr module enable", "module": "cephadm"}]: dispatch
2022-03-21T06:34:31.123 INFO:journalctl@ceph.mgr.x.smithi057.stdout:Mar 21 06:34:30 smithi057 conmon[22819]: ignoring --setuser ceph since I am not root
2022-03-21T06:34:31.123 INFO:journalctl@ceph.mgr.x.smithi057.stdout:Mar 21 06:34:30 smithi057 conmon[22819]: ignoring --setgroup ceph since I am not root
2022-03-21T06:34:31.123 INFO:journalctl@ceph.mgr.x.smithi057.stdout:Mar 21 06:34:30 smithi057 conmon[22819]:
2022-03-21T06:34:30.970+0000 7f25ea213000 -1 mgr[py] Module osd_support has missing NOTIFY_TYPES member
2022-03-21T06:34:31.124 INFO:journalctl@ceph.mgr.x.smithi057.stdout:Mar 21 06:34:31 smithi057 conmon[22819]:
2022-03-21T06:34:31.120+0000 7f25ea213000 -1 mgr[py] Module nfs has missing NOTIFY_TYPES member
2022-03-21T06:34:31.382 INFO:journalctl@ceph.mgr.x.smithi057.stdout:Mar 21 06:34:31 smithi057 conmon[22819]:
2022-03-21T06:34:31.221+0000 7f25ea213000 -1 mgr[py] Module progress has missing NOTIFY_TYPES member
2022-03-21T06:34:31.619 INFO:teuthology.orchestra.run.smithi057.stderr:/usr/bin/ceph:
2022-03-21T06:34:31.614+0000 7f93f2fa0700 1 Processor -- start
2022-03-21T06:34:31.620 INFO:teuthology.orchestra.run.smithi057.stderr:/usr/bin/ceph:
2022-03-21T06:34:31.615+0000 7f93f2fa0700 1 -- start start
2022-03-21T06:34:31.620 INFO:teuthology.orchestra.run.smithi057.stderr:/usr/bin/ceph:
2022-03-21T06:34:31.615+0000 7f93f2fa0700 1 --2- >> [v2:172.21.15.57:3300/0,v1:172.21.15.57:6789/0] conn(0x7f93ec0700d0 0x7f93ec106680 unknown :-1 s=NONE pgs=0 cs=0 l=0 rev1=0 crypto rx=0 tx=0 comp rx=0 tx=0).connect
2022-03-21T06:34:31.620 INFO:teuthology.orchestra.run.smithi057.stderr:/usr/bin/ceph:
2022-03-21T06:34:31.615+0000 7f93f2fa0700 1 -- --> [v2:172.21.15.57:3300/0,v1:172.21.15.57:6789/0] -- mon_getmap magic: 0 v1 -- 0x7f93ec102070 con 0x7f93ec0700d0
2022-03-21T06:34:31.621 INFO:teuthology.orchestra.run.smithi057.stderr:/usr/bin/ceph:
2022-03-21T06:34:31.615+0000 7f93f0d3c700 1 --2- >> [v2:172.21.15.57:3300/0,v1:172.21.15.57:6789/0] conn(0x7f93ec0700d0 0x7f93ec106680 unknown :-1 s=BANNER_CONNECTING pgs=0 cs=0 l=0 rev1=0 crypto rx=0 tx=0 comp rx=0 tx=0)._handle_peer_banner_payload supported=3 required=0
2022-03-21T06:34:31.621 INFO:teuthology.orchestra.run.smithi057.stderr:/usr/bin/ceph:
2022-03-21T06:34:31.615+0000 7f93f0d3c700 1 --2- >> [v2:172.21.15.57:3300/0,v1:172.21.15.57:6789/0] conn(0x7f93ec0700d0 0x7f93ec106680 unknown :-1 s=HELLO_CONNECTING pgs=0 cs=0 l=0 rev1=1 crypto rx=0 tx=0 comp rx=0 tx=0).handle_hello peer v2:172.21.15.57:3300/0 says I am v2:172.21.15.57:38676/0 (socket says 172.21.15.57:38676)
2022-03-21T06:34:31.621 INFO:teuthology.orchestra.run.smithi057.stderr:/usr/bin/ceph:
2022-03-21T06:34:31.615+0000 7f93f0d3c700 1 -- 172.21.15.57:0/1382267987 learned_addr learned my addr 172.21.15.57:0/1382267987 (peer_addr_for_me v2:172.21.15.57:0/0)
2022-03-21T06:34:31.621 INFO:teuthology.orchestra.run.smithi057.stderr:/usr/bin/ceph:
