2022-03-21T06:34:50.492+0000 7fc245ffb700 1 -- 172.21.15.57:0/1632740935 <== mon.0 v2:172.21.15.57:3300/0 2 ==== config(26 keys) v1 ==== 1087+0+0 (secure 0 0 0) 0x7fc254011bc0 con 0x7fc258101590
2022-03-21T06:34:50.502 INFO:teuthology.orchestra.run.smithi057.stderr:/usr/bin/ceph:
2022-03-21T06:34:50.492+0000 7fc25f7b2700 1 -- 172.21.15.57:0/1632740935 --> [v2:172.21.15.57:3300/0,v1:172.21.15.57:6789/0] -- mon_subscribe({mgrmap=0+}) v3 -- 0x7fc2581108d0 con 0x7fc258101590
2022-03-21T06:34:50.502 INFO:teuthology.orchestra.run.smithi057.stderr:/usr/bin/ceph:
2022-03-21T06:34:50.492+0000 7fc245ffb700 1 -- 172.21.15.57:0/1632740935 <== mon.0 v2:172.21.15.57:3300/0 3 ==== mon_map magic: 0 v1 ==== 205+0+0 (secure 0 0 0) 0x7fc254022530 con 0x7fc258101590
2022-03-21T06:34:50.503 INFO:teuthology.orchestra.run.smithi057.stderr:/usr/bin/ceph:
2022-03-21T06:34:50.492+0000 7fc25f7b2700 1 -- 172.21.15.57:0/1632740935 --> [v2:172.21.15.57:3300/0,v1:172.21.15.57:6789/0] -- mon_subscribe({osdmap=0}) v3 -- 0x7fc258111570 con 0x7fc258101590
2022-03-21T06:34:50.504 INFO:teuthology.orchestra.run.smithi057.stderr:/usr/bin/ceph:
2022-03-21T06:34:50.493+0000 7fc245ffb700 1 -- 172.21.15.57:0/1632740935 <== mon.0 v2:172.21.15.57:3300/0 4 ==== mgrmap(e 8) v1 ==== 41844+0+0 (secure 0 0 0) 0x7fc254017020 con 0x7fc258101590
2022-03-21T06:34:50.504 INFO:teuthology.orchestra.run.smithi057.stderr:/usr/bin/ceph:
2022-03-21T06:34:50.493+0000 7fc245ffb700 1 --2- 172.21.15.57:0/1632740935 >> [v2:172.21.15.57:6800/2350674439,v1:172.21.15.57:6801/2350674439] conn(0x7fc240034bd0 0x7fc240037080 unknown :-1 s=NONE pgs=0 cs=0 l=1 rev1=0 crypto rx=0 tx=0 comp rx=0 tx=0).connect
2022-03-21T06:34:50.504 INFO:teuthology.orchestra.run.smithi057.stderr:/usr/bin/ceph:
2022-03-21T06:34:50.493+0000 7fc245ffb700 1 -- 172.21.15.57:0/1632740935 <== mon.0 v2:172.21.15.57:3300/0 5 ==== osd_map(2..2 src has 1..2) v4 ==== 936+0+0 (secure 0 0 0) 0x7fc2540480a0 con 0x7fc258101590
2022-03-21T06:34:50.504 INFO:teuthology.orchestra.run.smithi057.stderr:/usr/bin/ceph:
2022-03-21T06:34:50.493+0000 7fc25f7b2700 1 -- 172.21.15.57:0/1632740935 --> [v2:172.21.15.57:3300/0,v1:172.21.15.57:6789/0] -- mon_command({"prefix": "get_command_descriptions"} v 0) v1 -- 0x7fc25805e600 con 0x7fc258101590
2022-03-21T06:34:50.505 INFO:teuthology.orchestra.run.smithi057.stderr:/usr/bin/ceph:
2022-03-21T06:34:50.493+0000 7fc25cd4d700 1 --2- 172.21.15.57:0/1632740935 >> [v2:172.21.15.57:6800/2350674439,v1:172.21.15.57:6801/2350674439] conn(0x7fc240034bd0 0x7fc240037080 unknown :-1 s=BANNER_CONNECTING pgs=0 cs=0 l=1 rev1=0 crypto rx=0 tx=0 comp rx=0 tx=0)._handle_peer_banner_payload supported=3 required=0
2022-03-21T06:34:50.505 INFO:teuthology.orchestra.run.smithi057.stderr:/usr/bin/ceph:
2022-03-21T06:34:50.494+0000 7fc25cd4d700 1 --2- 172.21.15.57:0/1632740935 >> [v2:172.21.15.57:6800/2350674439,v1:172.21.15.57:6801/2350674439] conn(0x7fc240034bd0 0x7fc240037080 secure :-1 s=READY pgs=16 cs=0 l=1 rev1=1 crypto rx=0x7fc248009780 tx=0x7fc248006cc0 comp rx=0 tx=0).ready entity=mgr.14118 client_cookie=0 server_cookie=0 in_seq=0 out_seq=0
2022-03-21T06:34:50.505 INFO:teuthology.orchestra.run.smithi057.stderr:/usr/bin/ceph:
2022-03-21T06:34:50.499+0000 7fc245ffb700 1 -- 172.21.15.57:0/1632740935 <== mon.0 v2:172.21.15.57:3300/0 6 ==== mon_command_ack([{"prefix": "get_command_descriptions"}]=0 v0) v1 ==== 72+0+163627 (secure 0 0 0) 0x7fc25402c440 con 0x7fc258101590
2022-03-21T06:34:50.731 INFO:teuthology.orchestra.run.smithi057.stderr:/usr/bin/ceph:
2022-03-21T06:34:50.728+0000 7fc25f7b2700 1 -- 172.21.15.57:0/1632740935 --> [v2:172.21.15.57:3300/0,v1:172.21.15.57:6789/0] -- mon_command({"prefix": "mgr module enable", "module": "dashboard"} v 0) v1 -- 0x7fc2581117b0 con 0x7fc258101590
2022-03-21T06:34:50.882 INFO:journalctl@ceph.mon.a.smithi057.stdout:Mar 21 06:34:50 smithi057 ceph-mon[22408]: from='client.? 172.21.15.57:0/2439289243' entity='client.admin'
2022-03-21T06:34:50.882 INFO:journalctl@ceph.mon.a.smithi057.stdout:Mar 21 06:34:50 smithi057 ceph-mon[22408]: from='mgr.14118 172.21.15.57:0/23780121' entity='mgr.x'
2022-03-21T06:34:51.529 INFO:teuthology.orchestra.run.smithi057.stderr:/usr/bin/ceph:
2022-03-21T06:34:51.526+0000 7fc245ffb700 1 -- 172.21.15.57:0/1632740935 <== mon.0 v2:172.21.15.57:3300/0 7 ==== mgrmap(e 9) v1 ==== 41857+0+0 (secure 0 0 0) 0x7fc25400f050 con 0x7fc258101590
2022-03-21T06:34:51.530 INFO:teuthology.orchestra.run.smithi057.stderr:/usr/bin/ceph:
2022-03-21T06:34:51.528+0000 7fc245ffb700 1 -- 172.21.15.57:0/1632740935 <== mon.0 v2:172.21.15.57:3300/0 8 ==== mon_command_ack([{"prefix": "mgr module enable", "module": "dashboard"}]=0 v9) v1 ==== 88+0+0 (secure 0 0 0) 0x7fc2540195a0 con 0x7fc258101590
2022-03-21T06:34:51.533 INFO:teuthology.orchestra.run.smithi057.stderr:/usr/bin/ceph:
2022-03-21T06:34:51.530+0000 7fc25f7b2700 1 -- 172.21.15.57:0/1632740935 >> [v2:172.21.15.57:6800/2350674439,v1:172.21.15.57:6801/2350674439] conn(0x7fc240034bd0 msgr2=0x7fc240037080 secure :-1 s=STATE_CONNECTION_ESTABLISHED l=1).mark_down
2022-03-21T06:34:51.534 INFO:teuthology.orchestra.run.smithi057.stderr:/usr/bin/ceph:
2022-03-21T06:34:51.530+0000 7fc25f7b2700 1 --2- 172.21.15.57:0/1632740935 >> [v2:172.21.15.57:6800/2350674439,v1:172.21.15.57:6801/2350674439] conn(0x7fc240034bd0 0x7fc240037080 secure :-1 s=READY pgs=16 cs=0 l=1 rev1=1 crypto rx=0x7fc248009780 tx=0x7fc248006cc0 comp rx=0 tx=0).stop
2022-03-21T06:34:51.534 INFO:teuthology.orchestra.run.smithi057.stderr:/usr/bin/ceph:
2022-03-21T06:34:51.530+0000 7fc25f7b2700 1 -- 172.21.15.57:0/1632740935 >> [v2:172.21.15.57:3300/0,v1:172.21.15.57:6789/0] conn(0x7fc258101590 msgr2=0x7fc258110190 secure :-1 s=STATE_CONNECTION_ESTABLISHED l=1).mark_down
2022-03-21T06:34:51.534 INFO:teuthology.orchestra.run.smithi057.stderr:/usr/bin/ceph:
2022-03-21T06:34:51.530+0000 7fc25f7b2700 1 --2- 172.21.15.57:0/1632740935 >> [v2:172.21.15.57:3300/0,v1:172.21.15.57:6789/0] conn(0x7fc258101590 0x7fc258110190 secure :-1 s=READY pgs=54 cs=0 l=1 rev1=1 crypto rx=0x7fc254003970 tx=0x7fc2540090f0 comp rx=0 tx=0).stop
2022-03-21T06:34:51.534 INFO:teuthology.orchestra.run.smithi057.stderr:/usr/bin/ceph:
2022-03-21T06:34:51.530+0000 7fc25f7b2700 1 -- 172.21.15.57:0/1632740935 shutdown_connections
2022-03-21T06:34:51.534 INFO:teuthology.orchestra.run.smithi057.stderr:/usr/bin/ceph:
2022-03-21T06:34:51.530+0000 7fc25f7b2700 1 --2- 172.21.15.57:0/1632740935 >> [v2:172.21.15.57:6800/2350674439,v1:172.21.15.57:6801/2350674439] conn(0x7fc240034bd0 0x7fc240037080 unknown :-1 s=CLOSED pgs=16 cs=0 l=1 rev1=1 crypto rx=0 tx=0 comp rx=0 tx=0).stop
2022-03-21T06:34:51.535 INFO:teuthology.orchestra.run.smithi057.stderr:/usr/bin/ceph:
2022-03-21T06:34:51.530+0000 7fc25f7b2700 1 --2- 172.21.15.57:0/1632740935 >> [v2:172.21.15.57:3300/0,v1:172.21.15.57:6789/0] conn(0x7fc258101590 0x7fc258110190 unknown :-1 s=CLOSED pgs=54 cs=0 l=1 rev1=1 crypto rx=0 tx=0 comp rx=0 tx=0).stop
2022-03-21T06:34:51.535 INFO:teuthology.orchestra.run.smithi057.stderr:/usr/bin/ceph:
2022-03-21T06:34:51.530+0000 7fc25f7b2700 1 -- 172.21.15.57:0/1632740935 >> 172.21.15.57:0/1632740935 conn(0x7fc2580fcda0 msgr2=0x7fc2580fdaa0 unknown :-1 s=STATE_NONE l=0).mark_down
2022-03-21T06:34:51.535 INFO:teuthology.orchestra.run.smithi057.stderr:/usr/bin/ceph:
2022-03-21T06:34:51.531+0000 7fc25f7b2700 1 -- 172.21.15.57:0/1632740935 shutdown_connections
2022-03-21T06:34:51.535 INFO:teuthology.orchestra.run.smithi057.stderr:/usr/bin/ceph:
2022-03-21T06:34:51.531+0000 7fc25f7b2700 1 -- 172.21.15.57:0/1632740935 wait complete.
2022-03-21T06:34:51.846 INFO:journalctl@ceph.mon.a.smithi057.stdout:Mar 21 06:34:51 smithi057 ceph-mon[22408]: from='client.? 172.21.15.57:0/1632740935' entity='client.admin' cmd=[{"prefix": "mgr module enable", "module": "dashboard"}]: dispatch
2022-03-21T06:34:51.846 INFO:journalctl@ceph.mon.a.smithi057.stdout:Mar 21 06:34:51 smithi057 ceph-mon[22408]: from='mgr.14118 172.21.15.57:0/23780121' entity='mgr.x'
2022-03-21T06:34:51.847 INFO:journalctl@ceph.mgr.x.smithi057.stdout:Mar 21 06:34:51 smithi057 conmon[22819]: ignoring --setuser ceph since I am not root
2022-03-21T06:34:51.847 INFO:journalctl@ceph.mgr.x.smithi057.stdout:Mar 21 06:34:51 smithi057 conmon[22819]: ignoring --setgroup ceph since I am not root
2022-03-21T06:34:51.847 INFO:journalctl@ceph.mgr.x.smithi057.stdout:Mar 21 06:34:51 smithi057 conmon[22819]:
2022-03-21T06:34:51.689+0000 7f811a423000 -1 mgr[py] Module osd_support has missing NOTIFY_TYPES member
2022-03-21T06:34:52.116 INFO:journalctl@ceph.mgr.x.smithi057.stdout:Mar 21 06:34:51 smithi057 conmon[22819]:
2022-03-21T06:34:51.843+0000 7f811a423000 -1 mgr[py] Module nfs has missing NOTIFY_TYPES member
2022-03-21T06:34:52.117 INFO:journalctl@ceph.mgr.x.smithi057.stdout:Mar 21 06:34:51 smithi057 conmon[22819]:
2022-03-21T06:34:51.939+0000 7f811a423000 -1 mgr[py] Module progress has missing NOTIFY_TYPES member
2022-03-21T06:34:52.369 INFO:journalctl@ceph.mgr.x.smithi057.stdout:Mar 21 06:34:52 smithi057 conmon[22819]:
2022-03-21T06:34:52.116+0000 7f811a423000 -1 mgr[py] Module volumes has missing NOTIFY_TYPES member
2022-03-21T06:34:52.370 INFO:journalctl@ceph.mgr.x.smithi057.stdout:Mar 21 06:34:52 smithi057 conmon[22819]:
2022-03-21T06:34:52.366+0000 7f811a423000 -1 mgr[py] Module test_orchestrator has missing NOTIFY_TYPES member
2022-03-21T06:34:52.632 INFO:journalctl@ceph.mon.a.smithi057.stdout:Mar 21 06:34:52 smithi057 ceph-mon[22408]: from='client.? 172.21.15.57:0/1632740935' entity='client.admin' cmd='[{"prefix": "mgr module enable", "module": "dashboard"}]': finished
2022-03-21T06:34:52.633 INFO:journalctl@ceph.mon.a.smithi057.stdout:Mar 21 06:34:52 smithi057 ceph-mon[22408]: mgrmap e9: x(active, since 14s)
2022-03-21T06:34:52.633 INFO:journalctl@ceph.mgr.x.smithi057.stdout:Mar 21 06:34:52 smithi057 conmon[22819]:
2022-03-21T06:34:52.504+0000 7f811a423000 -1 mgr[py] Module orchestrator has missing NOTIFY_TYPES member
2022-03-21T06:34:52.705 INFO:teuthology.orchestra.run.smithi057.stderr:/usr/bin/ceph:
2022-03-21T06:34:52.699+0000 7f64c6d5d700 1 Processor -- start
2022-03-21T06:34:52.705 INFO:teuthology.orchestra.run.smithi057.stderr:/usr/bin/ceph:
2022-03-21T06:34:52.699+0000 7f64c6d5d700 1 -- start start
2022-03-21T06:34:52.706 INFO:teuthology.orchestra.run.smithi057.stderr:/usr/bin/ceph:
2022-03-21T06:34:52.699+0000 7f64c6d5d700 1 --2- >> [v2:172.21.15.57:3300/0,v1:172.21.15.57:6789/0] conn(0x7f64c01004a0 0x7f64c01008b0 unknown :-1 s=NONE pgs=0 cs=0 l=0 rev1=0 crypto rx=0 tx=0 comp rx=0 tx=0).connect
2022-03-21T06:34:52.706 INFO:teuthology.orchestra.run.smithi057.stderr:/usr/bin/ceph:
2022-03-21T06:34:52.699+0000 7f64c6d5d700 1 -- --> [v2:172.21.15.57:3300/0,v1:172.21.15.57:6789/0] -- mon_getmap magic: 0 v1 -- 0x7f64c0100df0 con 0x7f64c01004a0
2022-03-21T06:34:52.707 INFO:teuthology.orchestra.run.smithi057.stderr:/usr/bin/ceph:
2022-03-21T06:34:52.700+0000 7f64c4af9700 1 --2- >> [v2:172.21.15.57:3300/0,v1:172.21.15.57:6789/0] conn(0x7f64c01004a0 0x7f64c01008b0 unknown :-1 s=BANNER_CONNECTING pgs=0 cs=0 l=0 rev1=0 crypto rx=0 tx=0 comp rx=0 tx=0)._handle_peer_banner_payload supported=3 required=0
2022-03-21T06:34:52.707 INFO:teuthology.orchestra.run.smithi057.stderr:/usr/bin/ceph:
2022-03-21T06:34:52.700+0000 7f64c4af9700 1 --2- >> [v2:172.21.15.57:3300/0,v1:172.21.15.57:6789/0] conn(0x7f64c01004a0 0x7f64c01008b0 unknown :-1 s=HELLO_CONNECTING pgs=0 cs=0 l=0 rev1=1 crypto rx=0 tx=0 comp rx=0 tx=0).handle_hello peer v2:172.21.15.57:3300/0 says I am v2:172.21.15.57:38816/0 (socket says 172.21.15.57:38816)
2022-03-21T06:34:52.708 INFO:teuthology.orchestra.run.smithi057.stderr:/usr/bin/ceph:
2022-03-21T06:34:52.700+0000 7f64c4af9700 1 -- 172.21.15.57:0/4244532630 learned_addr learned my addr 172.21.15.57:0/4244532630 (peer_addr_for_me v2:172.21.15.57:0/0)
2022-03-21T06:34:52.708 INFO:teuthology.orchestra.run.smithi057.stderr:/usr/bin/ceph:
2022-03-21T06:34:52.700+0000 7f64c4af9700 1 -- 172.21.15.57:0/4244532630 --> [v2:172.21.15.57:3300/0,v1:172.21.15.57:6789/0] -- mon_subscribe({config=0+,monmap=0+}) v3 -- 0x7f64c0100f30 con 0x7f64c01004a0
2022-03-21T06:34:52.709 INFO:teuthology.orchestra.run.smithi057.stderr:/usr/bin/ceph:
2022-03-21T06:34:52.700+0000 7f64c4af9700 1 --2- 172.21.15.57:0/4244532630 >> [v2:172.21.15.57:3300/0,v1:172.21.15.57:6789/0] conn(0x7f64c01004a0 0x7f64c01008b0 secure :-1 s=READY pgs=57 cs=0 l=1 rev1=1 crypto rx=0x7f64b400b9d0 tx=0x7f64b400b3b0 comp rx=0 tx=0).ready entity=mon.0 client_cookie=74fec307af733891 server_cookie=0 in_seq=0 out_seq=0
2022-03-21T06:34:52.709 INFO:teuthology.orchestra.run.smithi057.stderr:/usr/bin/ceph:
2022-03-21T06:34:52.700+0000 7f64bf7fe700 1 -- 172.21.15.57:0/4244532630 <== mon.0 v2:172.21.15.57:3300/0 1 ==== mon_map magic: 0 v1 ==== 205+0+0 (secure 0 0 0) 0x7f64b4004030 con 0x7f64c01004a0
2022-03-21T06:34:52.709 INFO:teuthology.orchestra.run.smithi057.stderr:/usr/bin/ceph:
2022-03-21T06:34:52.701+0000 7f64bf7fe700 1 -- 172.21.15.57:0/4244532630 <== mon.0 v2:172.21.15.57:3300/0 2 ==== config(26 keys) v1 ==== 1087+0+0 (secure 0 0 0) 0x7f64b4004190 con 0x7f64c01004a0
2022-03-21T06:34:52.709 INFO:teuthology.orchestra.run.smithi057.stderr:/usr/bin/ceph:
2022-03-21T06:34:52.701+0000 7f64bf7fe700 1 -- 172.21.15.57:0/4244532630 <== mon.0 v2:172.21.15.57:3300/0 3 ==== mon_map magic: 0 v1 ==== 205+0+0 (secure 0 0 0) 0x7f64b4003d80 con 0x7f64c01004a0
2022-03-21T06:34:52.710 INFO:teuthology.orchestra.run.smithi057.stderr:/usr/bin/ceph:
2022-03-21T06:34:52.701+0000 7f64c6d5d700 1 -- 172.21.15.57:0/4244532630 >> [v2:172.21.15.57:3300/0,v1:172.21.15.57:6789/0] conn(0x7f64c01004a0 msgr2=0x7f64c01008b0 secure :-1 s=STATE_CONNECTION_ESTABLISHED l=1).mark_down
2022-03-21T06:34:52.710 INFO:teuthology.orchestra.run.smithi057.stderr:/usr/bin/ceph:
2022-03-21T06:34:52.701+0000 7f64c6d5d700 1 --2- 172.21.15.57:0/4244532630 >> [v2:172.21.15.57:3300/0,v1:172.21.15.57:6789/0] conn(0x7f64c01004a0 0x7f64c01008b0 secure :-1 s=READY pgs=57 cs=0 l=1 rev1=1 crypto rx=0x7f64b400b9d0 tx=0x7f64b400b3b0 comp rx=0 tx=0).stop
2022-03-21T06:34:52.710 INFO:teuthology.orchestra.run.smithi057.stderr:/usr/bin/ceph:
2022-03-21T06:34:52.701+0000 7f64c6d5d700 1 -- 172.21.15.57:0/4244532630 shutdown_connections
2022-03-21T06:34:52.710 INFO:teuthology.orchestra.run.smithi057.stderr:/usr/bin/ceph:
2022-03-21T06:34:52.701+0000 7f64c6d5d700 1 --2- 172.21.15.57:0/4244532630 >> [v2:172.21.15.57:3300/0,v1:172.21.15.57:6789/0] conn(0x7f64c01004a0 0x7f64c01008b0 unknown :-1 s=CLOSED pgs=57 cs=0 l=1 rev1=1 crypto rx=0 tx=0 comp rx=0 tx=0).stop
2022-03-21T06:34:52.711 INFO:teuthology.orchestra.run.smithi057.stderr:/usr/bin/ceph:
2022-03-21T06:34:52.701+0000 7f64c6d5d700 1 -- 172.21.15.57:0/4244532630 >> 172.21.15.57:0/4244532630 conn(0x7f64c00fbc90 msgr2=0x7f64c00fe0c0 unknown :-1 s=STATE_NONE l=0).mark_down
2022-03-21T06:34:52.711 INFO:teuthology.orchestra.run.smithi057.stderr:/usr/bin/ceph:
2022-03-21T06:34:52.701+0000 7f64c6d5d700 1 -- 172.21.15.57:0/4244532630 shutdown_connections
2022-03-21T06:34:52.711 INFO:teuthology.orchestra.run.smithi057.stderr:/usr/bin/ceph:
2022-03-21T06:34:52.701+0000 7f64c6d5d700 1 -- 172.21.15.57:0/4244532630 wait complete.
2022-03-21T06:34:52.711 INFO:teuthology.orchestra.run.smithi057.stderr:/usr/bin/ceph:
2022-03-21T06:34:52.702+0000 7f64c6d5d700 1 Processor -- start
2022-03-21T06:34:52.712 INFO:teuthology.orchestra.run.smithi057.stderr:/usr/bin/ceph:
2022-03-21T06:34:52.702+0000 7f64c6d5d700 1 -- start start
2022-03-21T06:34:52.713 INFO:teuthology.orchestra.run.smithi057.stderr:/usr/bin/ceph:
2022-03-21T06:34:52.702+0000 7f64c6d5d700 1 --2- >> [v2:172.21.15.57:3300/0,v1:172.21.15.57:6789/0] conn(0x7f64c01004a0 0x7f64c010df50 unknown :-1 s=NONE pgs=0 cs=0 l=1 rev1=0 crypto rx=0 tx=0 comp rx=0 tx=0).connect
2022-03-21T06:34:52.713 INFO:teuthology.orchestra.run.smithi057.stderr:/usr/bin/ceph:
2022-03-21T06:34:52.702+0000 7f64c6d5d700 1 -- --> [v2:172.21.15.57:3300/0,v1:172.21.15.57:6789/0] -- mon_getmap magic: 0 v1 -- 0x7f64c010e490 con 0x7f64c01004a0
2022-03-21T06:34:52.714 INFO:teuthology.orchestra.run.smithi057.stderr:/usr/bin/ceph:
2022-03-21T06:34:52.702+0000 7f64c4af9700 1 --2- >> [v2:172.21.15.57:3300/0,v1:172.21.15.57:6789/0] conn(0x7f64c01004a0 0x7f64c010df50 unknown :-1 s=BANNER_CONNECTING pgs=0 cs=0 l=1 rev1=0 crypto rx=0 tx=0 comp rx=0 tx=0)._handle_peer_banner_payload supported=3 required=0
2022-03-21T06:34:52.714 INFO:teuthology.orchestra.run.smithi057.stderr:/usr/bin/ceph:
2022-03-21T06:34:52.702+0000 7f64c4af9700 1 --2- >> [v2:172.21.15.57:3300/0,v1:172.21.15.57:6789/0] conn(0x7f64c01004a0 0x7f64c010df50 unknown :-1 s=HELLO_CONNECTING pgs=0 cs=0 l=1 rev1=1 crypto rx=0 tx=0 comp rx=0 tx=0).handle_hello peer v2:172.21.15.57:3300/0 says I am v2:172.21.15.57:38818/0 (socket says 172.21.15.57:38818)
2022-03-21T06:34:52.714 INFO:teuthology.orchestra.run.smithi057.stderr:/usr/bin/ceph:
2022-03-21T06:34:52.702+0000 7f64c4af9700 1 -- 172.21.15.57:0/3083916374 learned_addr learned my addr 172.21.15.57:0/3083916374 (peer_addr_for_me v2:172.21.15.57:0/0)
2022-03-21T06:34:52.714 INFO:teuthology.orchestra.run.smithi057.stderr:/usr/bin/ceph:
2022-03-21T06:34:52.703+0000 7f64c4af9700 1 -- 172.21.15.57:0/3083916374 --> [v2:172.21.15.57:3300/0,v1:172.21.15.57:6789/0] -- mon_subscribe({config=0+,monmap=0+}) v3 -- 0x7f64b400b610 con 0x7f64c01004a0
2022-03-21T06:34:52.715 INFO:teuthology.orchestra.run.smithi057.stderr:/usr/bin/ceph:
2022-03-21T06:34:52.703+0000 7f64c4af9700 1 --2- 172.21.15.57:0/3083916374 >> [v2:172.21.15.57:3300/0,v1:172.21.15.57:6789/0] conn(0x7f64c01004a0 0x7f64c010df50 secure :-1 s=READY pgs=58 cs=0 l=1 rev1=1 crypto rx=0x7f64b4000c00 tx=0x7f64b400b3b0 comp rx=0 tx=0).ready entity=mon.0 client_cookie=0 server_cookie=0 in_seq=0 out_seq=0
2022-03-21T06:34:52.715 INFO:teuthology.orchestra.run.smithi057.stderr:/usr/bin/ceph:
2022-03-21T06:34:52.703+0000 7f64bd7fa700 1 -- 172.21.15.57:0/3083916374 <== mon.0 v2:172.21.15.57:3300/0 1 ==== mon_map magic: 0 v1 ==== 205+0+0 (secure 0 0 0) 0x7f64b401c040 con 0x7f64c01004a0
2022-03-21T06:34:52.715 INFO:teuthology.orchestra.run.smithi057.stderr:/usr/bin/ceph:
2022-03-21T06:34:52.703+0000 7f64bd7fa700 1 -- 172.21.15.57:0/3083916374 <== mon.0 v2:172.21.15.57:3300/0 2 ==== config(26 keys) v1 ==== 1087+0+0 (secure 0 0 0) 0x7f64b40034e0 con 0x7f64c01004a0
2022-03-21T06:34:52.716 INFO:teuthology.orchestra.run.smithi057.stderr:/usr/bin/ceph:
2022-03-21T06:34:52.703+0000 7f64c6d5d700 1 -- 172.21.15.57:0/3083916374 --> [v2:172.21.15.57:3300/0,v1:172.21.15.57:6789/0] -- mon_subscribe({mgrmap=0+}) v3 -- 0x7f64c010e690 con 0x7f64c01004a0
2022-03-21T06:34:52.716 INFO:teuthology.orchestra.run.smithi057.stderr:/usr/bin/ceph:
2022-03-21T06:34:52.703+0000 7f64bd7fa700 1 -- 172.21.15.57:0/3083916374 <== mon.0 v2:172.21.15.57:3300/0 3 ==== mon_map magic: 0 v1 ==== 205+0+0 (secure 0 0 0) 0x7f64b4010990 con 0x7f64c01004a0
2022-03-21T06:34:52.716 INFO:teuthology.orchestra.run.smithi057.stderr:/usr/bin/ceph:
2022-03-21T06:34:52.703+0000 7f64c6d5d700 1 -- 172.21.15.57:0/3083916374 --> [v2:172.21.15.57:3300/0,v1:172.21.15.57:6789/0] -- mon_subscribe({osdmap=0}) v3 -- 0x7f64c010f330 con 0x7f64c01004a0
2022-03-21T06:34:52.716 INFO:teuthology.orchestra.run.smithi057.stderr:/usr/bin/ceph:
2022-03-21T06:34:52.704+0000 7f64bd7fa700 1 -- 172.21.15.57:0/3083916374 <== mon.0 v2:172.21.15.57:3300/0 4 ==== mgrmap(e 9) v1 ==== 41857+0+0 (secure 0 0 0) 0x7f64b4031070 con 0x7f64c01004a0
2022-03-21T06:34:52.717 INFO:teuthology.orchestra.run.smithi057.stderr:/usr/bin/ceph:
2022-03-21T06:34:52.704+0000 7f64c6d5d700 1 -- 172.21.15.57:0/3083916374 --> [v2:172.21.15.57:3300/0,v1:172.21.15.57:6789/0] -- mon_command({"prefix": "get_command_descriptions"} v 0) v1 -- 0x7f64c005e600 con 0x7f64c01004a0
2022-03-21T06:34:52.717 INFO:teuthology.orchestra.run.smithi057.stderr:/usr/bin/ceph:
2022-03-21T06:34:52.704+0000 7f64bd7fa700 1 --2- 172.21.15.57:0/3083916374 >> [v2:172.21.15.57:6800/2350674439,v1:172.21.15.57:6801/2350674439] conn(0x7f64a4034bd0 0x7f64a4037080 unknown :-1 s=NONE pgs=0 cs=0 l=1 rev1=0 crypto rx=0 tx=0 comp rx=0 tx=0).connect
2022-03-21T06:34:52.717 INFO:teuthology.orchestra.run.smithi057.stderr:/usr/bin/ceph:
2022-03-21T06:34:52.704+0000 7f64bd7fa700 1 -- 172.21.15.57:0/3083916374 <== mon.0 v2:172.21.15.57:3300/0 5 ==== osd_map(2..2 src has 1..2) v4 ==== 936+0+0 (secure 0 0 0) 0x7f64b4014070 con 0x7f64c01004a0
2022-03-21T06:34:52.718 INFO:teuthology.orchestra.run.smithi057.stderr:/usr/bin/ceph:
2022-03-21T06:34:52.704+0000 7f64bffff700 1 -- 172.21.15.57:0/3083916374 >> [v2:172.21.15.57:6800/2350674439,v1:172.21.15.57:6801/2350674439] conn(0x7f64a4034bd0 msgr2=0x7f64a4037080 unknown :-1 s=STATE_CONNECTING_RE l=1).process reconnect failed to v2:172.21.15.57:6800/2350674439
2022-03-21T06:34:52.718 INFO:teuthology.orchestra.run.smithi057.stderr:/usr/bin/ceph:
2022-03-21T06:34:52.704+0000 7f64bffff700 1 --2- 172.21.15.57:0/3083916374 >> [v2:172.21.15.57:6800/2350674439,v1:172.21.15.57:6801/2350674439] conn(0x7f64a4034bd0 0x7f64a4037080 unknown :-1 s=START_CONNECT pgs=0 cs=0 l=1 rev1=0 crypto rx=0 tx=0 comp rx=0 tx=0)._fault waiting 0.200000
2022-03-21T06:34:52.718 INFO:teuthology.orchestra.run.smithi057.stderr:/usr/bin/ceph:
2022-03-21T06:34:52.709+0000 7f64bd7fa700 1 -- 172.21.15.57:0/3083916374 <== mon.0 v2:172.21.15.57:3300/0 6 ==== mon_command_ack([{"prefix": "get_command_descriptions"}]=0 v0) v1 ==== 72+0+163627 (secure 0 0 0) 0x7f64b400f3d0 con 0x7f64c01004a0
2022-03-21T06:34:52.914 INFO:teuthology.orchestra.run.smithi057.stderr:/usr/bin/ceph:
2022-03-21T06:34:52.905+0000 7f64bffff700 1 -- 172.21.15.57:0/3083916374 >> [v2:172.21.15.57:6800/2350674439,v1:172.21.15.57:6801/2350674439] conn(0x7f64a4034bd0 msgr2=0x7f64a4037080 unknown :-1 s=STATE_CONNECTING_RE l=1).process reconnect failed to v2:172.21.15.57:6800/2350674439
2022-03-21T06:34:52.914 INFO:teuthology.orchestra.run.smithi057.stderr:/usr/bin/ceph:
2022-03-21T06:34:52.905+0000 7f64bffff700 1 --2- 172.21.15.57:0/3083916374 >> [v2:172.21.15.57:6800/2350674439,v1:172.21.15.57:6801/2350674439] conn(0x7f64a4034bd0 0x7f64a4037080 unknown :-1 s=START_CONNECT pgs=0 cs=0 l=1 rev1=0 crypto rx=0 tx=0 comp rx=0 tx=0)._fault waiting 0.400000
2022-03-21T06:34:52.939 INFO:teuthology.orchestra.run.smithi057.stderr:/usr/bin/ceph:
2022-03-21T06:34:52.936+0000 7f64c6d5d700 1 -- 172.21.15.57:0/3083916374 --> [v2:172.21.15.57:3300/0,v1:172.21.15.57:6789/0] -- mon_command({"prefix": "mgr stat"} v 0) v1 -- 0x7f64c01022b0 con 0x7f64c01004a0
2022-03-21T06:34:52.939 INFO:teuthology.orchestra.run.smithi057.stderr:/usr/bin/ceph:
2022-03-21T06:34:52.936+0000 7f64bd7fa700 1 -- 172.21.15.57:0/3083916374 <== mon.0 v2:172.21.15.57:3300/0 7 ==== mon_command_ack([{"prefix": "mgr stat"}]=0 v9) v1 ==== 56+0+88 (secure 0 0 0) 0x7f64b4025070 con 0x7f64c01004a0
2022-03-21T06:34:52.940 INFO:teuthology.orchestra.run.smithi057.stderr:/usr/bin/ceph: {
2022-03-21T06:34:52.940 INFO:teuthology.orchestra.run.smithi057.stderr:/usr/bin/ceph: "epoch": 9,
2022-03-21T06:34:52.940 INFO:teuthology.orchestra.run.smithi057.stderr:/usr/bin/ceph: "available": true,
2022-03-21T06:34:52.940 INFO:teuthology.orchestra.run.smithi057.stderr:/usr/bin/ceph: "active_name": "x",
2022-03-21T06:34:52.940 INFO:teuthology.orchestra.run.smithi057.stderr:/usr/bin/ceph: "num_standby": 0
2022-03-21T06:34:52.941 INFO:teuthology.orchestra.run.smithi057.stderr:/usr/bin/ceph: }
2022-03-21T06:34:52.943 INFO:teuthology.orchestra.run.smithi057.stderr:/usr/bin/ceph:
2022-03-21T06:34:52.939+0000 7f64c6d5d700 1 -- 172.21.15.57:0/3083916374 >> [v2:172.21.15.57:6800/2350674439,v1:172.21.15.57:6801/2350674439] conn(0x7f64a4034bd0 msgr2=0x7f64a4037080 unknown :-1 s=STATE_CONNECTING l=1).mark_down
2022-03-21T06:34:52.943 INFO:teuthology.orchestra.run.smithi057.stderr:/usr/bin/ceph:
2022-03-21T06:34:52.939+0000 7f64c6d5d700 1 --2- 172.21.15.57:0/3083916374 >> [v2:172.21.15.57:6800/2350674439,v1:172.21.15.57:6801/2350674439] conn(0x7f64a4034bd0 0x7f64a4037080 unknown :-1 s=START_CONNECT pgs=0 cs=0 l=1 rev1=0 crypto rx=0 tx=0 comp rx=0 tx=0).stop
2022-03-21T06:34:52.943 INFO:teuthology.orchestra.run.smithi057.stderr:/usr/bin/ceph:
2022-03-21T06:34:52.939+0000 7f64c6d5d700 1 -- 172.21.15.57:0/3083916374 >> [v2:172.21.15.57:3300/0,v1:172.21.15.57:6789/0] conn(0x7f64c01004a0 msgr2=0x7f64c010df50 secure :-1 s=STATE_CONNECTION_ESTABLISHED l=1).mark_down
2022-03-21T06:34:52.944 INFO:teuthology.orchestra.run.smithi057.stderr:/usr/bin/ceph:
2022-03-21T06:34:52.939+0000 7f64c6d5d700 1 --2- 172.21.15.57:0/3083916374 >> [v2:172.21.15.57:3300/0,v1:172.21.15.57:6789/0] conn(0x7f64c01004a0 0x7f64c010df50 secure :-1 s=READY pgs=58 cs=0 l=1 rev1=1 crypto rx=0x7f64b4000c00 tx=0x7f64b400b3b0 comp rx=0 tx=0).stop
2022-03-21T06:34:52.944 INFO:teuthology.orchestra.run.smithi057.stderr:/usr/bin/ceph:
2022-03-21T06:34:52.939+0000 7f64c6d5d700 1 -- 172.21.15.57:0/3083916374 shutdown_connections
2022-03-21T06:34:52.944 INFO:teuthology.orchestra.run.smithi057.stderr:/usr/bin/ceph:
2022-03-21T06:34:52.939+0000 7f64c6d5d700 1 --2- 172.21.15.57:0/3083916374 >> [v2:172.21.15.57:6800/2350674439,v1:172.21.15.57:6801/2350674439] conn(0x7f64a4034bd0 0x7f64a4037080 unknown :-1 s=CLOSED pgs=0 cs=0 l=1 rev1=0 crypto rx=0 tx=0 comp rx=0 tx=0).stop
2022-03-21T06:34:52.944 INFO:teuthology.orchestra.run.smithi057.stderr:/usr/bin/ceph:
2022-03-21T06:34:52.939+0000 7f64c6d5d700 1 --2- 172.21.15.57:0/3083916374 >> [v2:172.21.15.57:3300/0,v1:172.21.15.57:6789/0] conn(0x7f64c01004a0 0x7f64c010df50 unknown :-1 s=CLOSED pgs=58 cs=0 l=1 rev1=1 crypto rx=0 tx=0 comp rx=0 tx=0).stop
2022-03-21T06:34:52.945 INFO:teuthology.orchestra.run.smithi057.stderr:/usr/bin/ceph:
2022-03-21T06:34:52.939+0000 7f64c6d5d700 1 -- 172.21.15.57:0/3083916374 >> 172.21.15.57:0/3083916374 conn(0x7f64c00fbc90 msgr2=0x7f64c0104a10 unknown :-1 s=STATE_NONE l=0).mark_down
2022-03-21T06:34:52.945 INFO:teuthology.orchestra.run.smithi057.stderr:/usr/bin/ceph:
2022-03-21T06:34:52.939+0000 7f64c6d5d700 1 -- 172.21.15.57:0/3083916374 shutdown_connections
2022-03-21T06:34:52.945 INFO:teuthology.orchestra.run.smithi057.stderr:/usr/bin/ceph:
2022-03-21T06:34:52.940+0000 7f64c6d5d700 1 -- 172.21.15.57:0/3083916374 wait complete.
2022-03-21T06:34:53.132 INFO:journalctl@ceph.mgr.x.smithi057.stdout:Mar 21 06:34:52 smithi057 conmon[22819]:
2022-03-21T06:34:52.849+0000 7f811a423000 -1 mgr[py] Module prometheus has missing NOTIFY_TYPES member
2022-03-21T06:34:53.132 INFO:journalctl@ceph.mgr.x.smithi057.stdout:Mar 21 06:34:53 smithi057 conmon[22819]:
2022-03-21T06:34:53.038+0000 7f811a423000 -1 mgr[py] Module diskprediction_local has missing NOTIFY_TYPES member
2022-03-21T06:34:53.356 INFO:teuthology.orchestra.run.smithi057.stderr:Waiting for the mgr to restart...
2022-03-21T06:34:53.357 INFO:teuthology.orchestra.run.smithi057.stderr:Waiting for mgr epoch 9...
2022-03-21T06:34:53.497 INFO:journalctl@ceph.mgr.x.smithi057.stdout:Mar 21 06:34:53 smithi057 conmon[22819]:
2022-03-21T06:34:53.284+0000 7f811a423000 -1 mgr[py] Module influx has missing NOTIFY_TYPES member
2022-03-21T06:34:53.497 INFO:journalctl@ceph.mgr.x.smithi057.stdout:Mar 21 06:34:53 smithi057 conmon[22819]:
2022-03-21T06:34:53.494+0000 7f811a423000 -1 mgr[py] Module rbd_support has missing NOTIFY_TYPES member
2022-03-21T06:34:53.811 INFO:teuthology.orchestra.run.smithi057.stderr:/usr/bin/ceph:
2022-03-21T06:34:53.804+0000 7f3a524c7700 1 Processor -- start
2022-03-21T06:34:53.811 INFO:teuthology.orchestra.run.smithi057.stderr:/usr/bin/ceph:
2022-03-21T06:34:53.804+0000 7f3a524c7700 1 -- start start
2022-03-21T06:34:53.811 INFO:teuthology.orchestra.run.smithi057.stderr:/usr/bin/ceph:
2022-03-21T06:34:53.804+0000 7f3a524c7700 1 --2- >> [v2:172.21.15.57:3300/0,v1:172.21.15.57:6789/0] conn(0x7f3a4c070110 0x7f3a4c104240 unknown :-1 s=NONE pgs=0 cs=0 l=0 rev1=0 crypto rx=0 tx=0 comp rx=0 tx=0).connect
2022-03-21T06:34:53.812 INFO:teuthology.orchestra.run.smithi057.stderr:/usr/bin/ceph:
2022-03-21T06:34:53.804+0000 7f3a524c7700 1 -- --> [v2:172.21.15.57:3300/0,v1:172.21.15.57:6789/0] -- mon_getmap magic: 0 v1 -- 0x7f3a4c104780 con 0x7f3a4c070110
2022-03-21T06:34:53.812 INFO:teuthology.orchestra.run.smithi057.stderr:/usr/bin/ceph:
2022-03-21T06:34:53.804+0000 7f3a4bfff700 1 --2- >> [v2:172.21.15.57:3300/0,v1:172.21.15.57:6789/0] conn(0x7f3a4c070110 0x7f3a4c104240 unknown :-1 s=BANNER_CONNECTING pgs=0 cs=0 l=0 rev1=0 crypto rx=0 tx=0 comp rx=0 tx=0)._handle_peer_banner_payload supported=3 required=0
2022-03-21T06:34:53.812 INFO:teuthology.orchestra.run.smithi057.stderr:/usr/bin/ceph:
2022-03-21T06:34:53.804+0000 7f3a4bfff700 1 --2- >> [v2:172.21.15.57:3300/0,v1:172.21.15.57:6789/0] conn(0x7f3a4c070110 0x7f3a4c104240 unknown :-1 s=HELLO_CONNECTING pgs=0 cs=0 l=0 rev1=1 crypto rx=0 tx=0 comp rx=0 tx=0).handle_hello peer v2:172.21.15.57:3300/0 says I am v2:172.21.15.57:38826/0 (socket says 172.21.15.57:38826)
2022-03-21T06:34:53.813 INFO:teuthology.orchestra.run.smithi057.stderr:/usr/bin/ceph:
2022-03-21T06:34:53.804+0000 7f3a4bfff700 1 -- 172.21.15.57:0/4174917813 learned_addr learned my addr 172.21.15.57:0/4174917813 (peer_addr_for_me v2:172.21.15.57:0/0)
2022-03-21T06:34:53.813 INFO:teuthology.orchestra.run.smithi057.stderr:/usr/bin/ceph:
2022-03-21T06:34:53.805+0000 7f3a4bfff700 1 -- 172.21.15.57:0/4174917813 --> [v2:172.21.15.57:3300/0,v1:172.21.15.57:6789/0] -- mon_subscribe({config=0+,monmap=0+}) v3 -- 0x7f3a4c1048c0 con 0x7f3a4c070110
2022-03-21T06:34:53.813 INFO:teuthology.orchestra.run.smithi057.stderr:/usr/bin/ceph:
2022-03-21T06:34:53.805+0000 7f3a4bfff700 1 --2- 172.21.15.57:0/4174917813 >> [v2:172.21.15.57:3300/0,v1:172.21.15.57:6789/0] conn(0x7f3a4c070110 0x7f3a4c104240 secure :-1 s=READY pgs=59 cs=0 l=1 rev1=1 crypto rx=0x7f3a34009730 tx=0x7f3a340090f0 comp rx=0 tx=0).ready entity=mon.0 client_cookie=ce390d0ace2dca34 server_cookie=0 in_seq=0 out_seq=0
2022-03-21T06:34:53.813 INFO:teuthology.orchestra.run.smithi057.stderr:/usr/bin/ceph:
2022-03-21T06:34:53.805+0000 7f3a4affd700 1 -- 172.21.15.57:0/4174917813 <== mon.0 v2:172.21.15.57:3300/0 1 ==== mon_map magic: 0 v1 ==== 205+0+0 (secure 0 0 0) 0x7f3a34004030 con 0x7f3a4c070110
2022-03-21T06:34:53.813 INFO:teuthology.orchestra.run.smithi057.stderr:/usr/bin/ceph:
2022-03-21T06:34:53.805+0000 7f3a4affd700 1 -- 172.21.15.57:0/4174917813 <== mon.0 v2:172.21.15.57:3300/0 2 ==== config(26 keys) v1 ==== 1087+0+0 (secure 0 0 0) 0x7f3a34004190 con 0x7f3a4c070110
2022-03-21T06:34:53.814 INFO:teuthology.orchestra.run.smithi057.stderr:/usr/bin/ceph:
2022-03-21T06:34:53.805+0000 7f3a4affd700 1 -- 172.21.15.57:0/4174917813 <== mon.0 v2:172.21.15.57:3300/0 3 ==== mon_map magic: 0 v1 ==== 205+0+0 (secure 0 0 0) 0x7f3a340037a0 con 0x7f3a4c070110
2022-03-21T06:34:53.814 INFO:teuthology.orchestra.run.smithi057.stderr:/usr/bin/ceph:
2022-03-21T06:34:53.806+0000 7f3a524c7700 1 -- 172.21.15.57:0/4174917813 >> [v2:172.21.15.57:3300/0,v1:172.21.15.57:6789/0] conn(0x7f3a4c070110 msgr2=0x7f3a4c104240 secure :-1 s=STATE_CONNECTION_ESTABLISHED l=1).mark_down
2022-03-21T06:34:53.814 INFO:teuthology.orchestra.run.smithi057.stderr:/usr/bin/ceph:
2022-03-21T06:34:53.806+0000 7f3a524c7700 1 --2- 172.21.15.57:0/4174917813 >> [v2:172.21.15.57:3300/0,v1:172.21.15.57:6789/0] conn(0x7f3a4c070110 0x7f3a4c104240 secure :-1 s=READY pgs=59 cs=0 l=1 rev1=1 crypto rx=0x7f3a34009730 tx=0x7f3a340090f0 comp rx=0 tx=0).stop
2022-03-21T06:34:53.814 INFO:teuthology.orchestra.run.smithi057.stderr:/usr/bin/ceph:
2022-03-21T06:34:53.806+0000 7f3a524c7700 1 -- 172.21.15.57:0/4174917813 shutdown_connections
2022-03-21T06:34:53.815 INFO:teuthology.orchestra.run.smithi057.stderr:/usr/bin/ceph:
2022-03-21T06:34:53.806+0000 7f3a524c7700 1 --2- 172.21.15.57:0/4174917813 >> [v2:172.21.15.57:3300/0,v1:172.21.15.57:6789/0] conn(0x7f3a4c070110 0x7f3a4c104240 unknown :-1 s=CLOSED pgs=59 cs=0 l=1 rev1=1 crypto rx=0 tx=0 comp rx=0 tx=0).stop
2022-03-21T06:34:53.815 INFO:teuthology.orchestra.run.smithi057.stderr:/usr/bin/ceph:
2022-03-21T06:34:53.806+0000 7f3a524c7700 1 -- 172.21.15.57:0/4174917813 >> 172.21.15.57:0/4174917813 conn(0x7f3a4c0fbc90 msgr2=0x7f3a4c0fe0c0 unknown :-1 s=STATE_NONE l=0).mark_down
2022-03-21T06:34:53.815 INFO:teuthology.orchestra.run.smithi057.stderr:/usr/bin/ceph:
2022-03-21T06:34:53.806+0000 7f3a524c7700 1 -- 172.21.15.57:0/4174917813 shutdown_connections
2022-03-21T06:34:53.815 INFO:teuthology.orchestra.run.smithi057.stderr:/usr/bin/ceph:
2022-03-21T06:34:53.806+0000 7f3a524c7700 1 -- 172.21.15.57:0/4174917813 wait complete.
2022-03-21T06:34:53.816 INFO:teuthology.orchestra.run.smithi057.stderr:/usr/bin/ceph:
2022-03-21T06:34:53.806+0000 7f3a524c7700 1 Processor -- start
2022-03-21T06:34:53.816 INFO:teuthology.orchestra.run.smithi057.stderr:/usr/bin/ceph:
2022-03-21T06:34:53.807+0000 7f3a524c7700 1 -- start start
2022-03-21T06:34:53.816 INFO:teuthology.orchestra.run.smithi057.stderr:/usr/bin/ceph:
2022-03-21T06:34:53.807+0000 7f3a524c7700 1 --2- >> [v2:172.21.15.57:3300/0,v1:172.21.15.57:6789/0] conn(0x7f3a4c070110 0x7f3a4c106080 unknown :-1 s=NONE pgs=0 cs=0 l=1 rev1=0 crypto rx=0 tx=0 comp rx=0 tx=0).connect
2022-03-21T06:34:53.816 INFO:teuthology.orchestra.run.smithi057.stderr:/usr/bin/ceph:
2022-03-21T06:34:53.807+0000 7f3a524c7700 1 -- --> [v2:172.21.15.57:3300/0,v1:172.21.15.57:6789/0] -- mon_getmap magic: 0 v1 -- 0x7f3a4c1065c0 con 0x7f3a4c070110
2022-03-21T06:34:53.817 INFO:teuthology.orchestra.run.smithi057.stderr:/usr/bin/ceph:
2022-03-21T06:34:53.807+0000 7f3a4bfff700 1 --2- >> [v2:172.21.15.57:3300/0,v1:172.21.15.57:6789/0] conn(0x7f3a4c070110 0x7f3a4c106080 unknown :-1 s=BANNER_CONNECTING pgs=0 cs=0 l=1 rev1=0 crypto rx=0 tx=0 comp rx=0 tx=0)._handle_peer_banner_payload supported=3 required=0
2022-03-21T06:34:53.817 INFO:teuthology.orchestra.run.smithi057.stderr:/usr/bin/ceph:
2022-03-21T06:34:53.807+0000 7f3a4bfff700 1 --2- >> [v2:172.21.15.57:3300/0,v1:172.21.15.57:6789/0] conn(0x7f3a4c070110 0x7f3a4c106080 unknown :-1 s=HELLO_CONNECTING pgs=0 cs=0 l=1 rev1=1 crypto rx=0 tx=0 comp rx=0 tx=0).handle_hello peer v2:172.21.15.57:3300/0 says I am v2:172.21.15.57:38828/0 (socket says 172.21.15.57:38828)
2022-03-21T06:34:53.817 INFO:teuthology.orchestra.run.smithi057.stderr:/usr/bin/ceph:
2022-03-21T06:34:53.807+0000 7f3a4bfff700 1 -- 172.21.15.57:0/121469393 learned_addr learned my addr 172.21.15.57:0/121469393 (peer_addr_for_me v2:172.21.15.57:0/0)
2022-03-21T06:34:53.817 INFO:teuthology.orchestra.run.smithi057.stderr:/usr/bin/ceph:
2022-03-21T06:34:53.807+0000 7f3a4bfff700 1 -- 172.21.15.57:0/121469393 --> [v2:172.21.15.57:3300/0,v1:172.21.15.57:6789/0] -- mon_subscribe({config=0+,monmap=0+}) v3 -- 0x7f3a34009370 con 0x7f3a4c070110
2022-03-21T06:34:53.817 INFO:teuthology.orchestra.run.smithi057.stderr:/usr/bin/ceph:
2022-03-21T06:34:53.807+0000 7f3a4bfff700 1 --2- 172.21.15.57:0/121469393 >> [v2:172.21.15.57:3300/0,v1:172.21.15.57:6789/0] conn(0x7f3a4c070110 0x7f3a4c106080 secure :-1 s=READY pgs=60 cs=0 l=1 rev1=1 crypto rx=0x7f3a34006fd0 tx=0x7f3a340090f0 comp rx=0 tx=0).ready entity=mon.0 client_cookie=0 server_cookie=0 in_seq=0 out_seq=0
2022-03-21T06:34:53.818 INFO:teuthology.orchestra.run.smithi057.stderr:/usr/bin/ceph:
2022-03-21T06:34:53.808+0000 7f3a48ff9700 1 -- 172.21.15.57:0/121469393 <== mon.0 v2:172.21.15.57:3300/0 1 ==== mon_map magic: 0 v1 ==== 205+0+0 (secure 0 0 0) 0x7f3a34011940 con 0x7f3a4c070110
2022-03-21T06:34:53.818 INFO:teuthology.orchestra.run.smithi057.stderr:/usr/bin/ceph:
2022-03-21T06:34:53.808+0000 7f3a48ff9700 1 -- 172.21.15.57:0/121469393 <== mon.0 v2:172.21.15.57:3300/0 2 ==== config(26 keys) v1 ==== 1087+0+0 (secure 0 0 0) 0x7f3a34011aa0 con 0x7f3a4c070110
2022-03-21T06:34:53.818 INFO:teuthology.orchestra.run.smithi057.stderr:/usr/bin/ceph:
2022-03-21T06:34:53.808+0000 7f3a524c7700 1 -- 172.21.15.57:0/121469393 --> [v2:172.21.15.57:3300/0,v1:172.21.15.57:6789/0] -- mon_subscribe({mgrmap=0+}) v3 -- 0x7f3a4c1067c0 con 0x7f3a4c070110
2022-03-21T06:34:53.818 INFO:teuthology.orchestra.run.smithi057.stderr:/usr/bin/ceph:
2022-03-21T06:34:53.808+0000 7f3a48ff9700 1 -- 172.21.15.57:0/121469393 <== mon.0 v2:172.21.15.57:3300/0 3 ==== mon_map magic: 0 v1 ==== 205+0+0 (secure 0 0 0) 0x7f3a340224d0 con 0x7f3a4c070110
2022-03-21T06:34:53.819 INFO:teuthology.orchestra.run.smithi057.stderr:/usr/bin/ceph:
2022-03-21T06:34:53.808+0000 7f3a524c7700 1 -- 172.21.15.57:0/121469393 --> [v2:172.21.15.57:3300/0,v1:172.21.15.57:6789/0] -- mon_subscribe({osdmap=0}) v3 -- 0x7f3a4c106c50 con 0x7f3a4c070110
2022-03-21T06:34:53.819 INFO:teuthology.orchestra.run.smithi057.stderr:/usr/bin/ceph:
2022-03-21T06:34:53.809+0000 7f3a48ff9700 1 -- 172.21.15.57:0/121469393 <== mon.0 v2:172.21.15.57:3300/0 4 ==== mgrmap(e 9) v1 ==== 41857+0+0 (secure 0 0 0) 0x7f3a34017020 con 0x7f3a4c070110
2022-03-21T06:34:53.820 INFO:teuthology.orchestra.run.smithi057.stderr:/usr/bin/ceph:
2022-03-21T06:34:53.809+0000 7f3a48ff9700 1 --2- 172.21.15.57:0/121469393 >> [v2:172.21.15.57:6800/2350674439,v1:172.21.15.57:6801/2350674439] conn(0x7f3a2c034c10 0x7f3a2c0370c0 unknown :-1 s=NONE pgs=0 cs=0 l=1 rev1=0 crypto rx=0 tx=0 comp rx=0 tx=0).connect
2022-03-21T06:34:53.820 INFO:teuthology.orchestra.run.smithi057.stderr:/usr/bin/ceph:
2022-03-21T06:34:53.809+0000 7f3a48ff9700 1 -- 172.21.15.57:0/121469393 --> [v2:172.21.15.57:6800/2350674439,v1:172.21.15.57:6801/2350674439] -- command(tid 0: {"prefix": "get_command_descriptions"}) v1 -- 0x7f3a2c0377d0 con 0x7f3a2c034c10
2022-03-21T06:34:53.820 INFO:teuthology.orchestra.run.smithi057.stderr:/usr/bin/ceph:
2022-03-21T06:34:53.809+0000 7f3a48ff9700 1 -- 172.21.15.57:0/121469393 <== mon.0 v2:172.21.15.57:3300/0 5 ==== osd_map(2..2 src has 1..2) v4 ==== 936+0+0 (secure 0 0 0) 0x7f3a34048270 con 0x7f3a4c070110
2022-03-21T06:34:53.821 INFO:teuthology.orchestra.run.smithi057.stderr:/usr/bin/ceph:
2022-03-21T06:34:53.809+0000 7f3a4b7fe700 1 -- 172.21.15.57:0/121469393 >> [v2:172.21.15.57:6800/2350674439,v1:172.21.15.57:6801/2350674439] conn(0x7f3a2c034c10 msgr2=0x7f3a2c0370c0 unknown :-1 s=STATE_CONNECTING_RE l=1).process reconnect failed to v2:172.21.15.57:6800/2350674439
2022-03-21T06:34:53.821 INFO:teuthology.orchestra.run.smithi057.stderr:/usr/bin/ceph:
2022-03-21T06:34:53.809+0000 7f3a4b7fe700 1 --2- 172.21.15.57:0/121469393 >> [v2:172.21.15.57:6800/2350674439,v1:172.21.15.57:6801/2350674439] conn(0x7f3a2c034c10 0x7f3a2c0370c0 unknown :-1 s=START_CONNECT pgs=0 cs=0 l=1 rev1=0 crypto rx=0 tx=0 comp rx=0 tx=0)._fault waiting 0.200000
2022-03-21T06:34:53.882 INFO:journalctl@ceph.mon.a.smithi057.stdout:Mar 21 06:34:53 smithi057 ceph-mon[22408]: from='client.? 172.21.15.57:0/3083916374' entity='client.admin' cmd=[{"prefix": "mgr stat"}]: dispatch
2022-03-21T06:34:53.882 INFO:journalctl@ceph.mgr.x.smithi057.stdout:Mar 21 06:34:53 smithi057 conmon[22819]:
2022-03-21T06:34:53.667+0000 7f811a423000 -1 mgr[py] Module alerts has missing NOTIFY_TYPES member
2022-03-21T06:34:54.012 INFO:teuthology.orchestra.run.smithi057.stderr:/usr/bin/ceph:
2022-03-21T06:34:54.010+0000 7f3a4b7fe700 1 -- 172.21.15.57:0/121469393 >> [v2:172.21.15.57:6800/2350674439,v1:172.21.15.57:6801/2350674439] conn(0x7f3a2c034c10 msgr2=0x7f3a2c0370c0 unknown :-1 s=STATE_CONNECTING_RE l=1).process reconnect failed to v2:172.21.15.57:6800/2350674439
2022-03-21T06:34:54.013 INFO:teuthology.orchestra.run.smithi057.stderr:/usr/bin/ceph:
2022-03-21T06:34:54.010+0000 7f3a4b7fe700 1 --2- 172.21.15.57:0/121469393 >> [v2:172.21.15.57:6800/2350674439,v1:172.21.15.57:6801/2350674439] conn(0x7f3a2c034c10 0x7f3a2c0370c0 unknown :-1 s=START_CONNECT pgs=0 cs=0 l=1 rev1=0 crypto rx=0 tx=0 comp rx=0 tx=0)._fault waiting 0.400000
2022-03-21T06:34:54.413 INFO:teuthology.orchestra.run.smithi057.stderr:/usr/bin/ceph:
2022-03-21T06:34:54.411+0000 7f3a4b7fe700 1 -- 172.21.15.57:0/121469393 >> [v2:172.21.15.57:6800/2350674439,v1:172.21.15.57:6801/2350674439] conn(0x7f3a2c034c10 msgr2=0x7f3a2c0370c0 unknown :-1 s=STATE_CONNECTING_RE l=1).process reconnect failed to v2:172.21.15.57:6800/2350674439
2022-03-21T06:34:54.414 INFO:teuthology.orchestra.run.smithi057.stderr:/usr/bin/ceph:
2022-03-21T06:34:54.411+0000 7f3a4b7fe700 1 --2- 172.21.15.57:0/121469393 >> [v2:172.21.15.57:6800/2350674439,v1:172.21.15.57:6801/2350674439] conn(0x7f3a2c034c10 0x7f3a2c0370c0 unknown :-1 s=START_CONNECT pgs=0 cs=0 l=1 rev1=0 crypto rx=0 tx=0 comp rx=0 tx=0)._fault waiting 0.800000
2022-03-21T06:34:54.632 INFO:journalctl@ceph.mgr.x.smithi057.stdout:Mar 21 06:34:54 smithi057 conmon[22819]:
2022-03-21T06:34:54.212+0000 7f811a423000 -1 mgr[py] Module rook has missing NOTIFY_TYPES member
2022-03-21T06:34:54.632 INFO:journalctl@ceph.mgr.x.smithi057.stdout:Mar 21 06:34:54 smithi057 conmon[22819]:
2022-03-21T06:34:54.385+0000 7f811a423000 -1 mgr[py] Module telegraf has missing NOTIFY_TYPES member
2022-03-21T06:34:55.215 INFO:teuthology.orchestra.run.smithi057.stderr:/usr/bin/ceph:
2022-03-21T06:34:55.212+0000 7f3a4b7fe700 1 -- 172.21.15.57:0/121469393 >> [v2:172.21.15.57:6800/2350674439,v1:172.21.15.57:6801/2350674439] conn(0x7f3a2c034c10 msgr2=0x7f3a2c0370c0 unknown :-1 s=STATE_CONNECTING_RE l=1).process reconnect failed to v2:172.21.15.57:6800/2350674439
2022-03-21T06:34:55.215 INFO:teuthology.orchestra.run.smithi057.stderr:/usr/bin/ceph:
2022-03-21T06:34:55.212+0000 7f3a4b7fe700 1 --2- 172.21.15.57:0/121469393 >> [v2:172.21.15.57:6800/2350674439,v1:172.21.15.57:6801/2350674439] conn(0x7f3a2c034c10 0x7f3a2c0370c0 unknown :-1 s=START_CONNECT pgs=0 cs=0 l=1 rev1=0 crypto rx=0 tx=0 comp rx=0 tx=0)._fault waiting 1.600000
2022-03-21T06:34:55.382 INFO:journalctl@ceph.mgr.x.smithi057.stdout:Mar 21 06:34:55 smithi057 conmon[22819]:
2022-03-21T06:34:55.112+0000 7f811a423000 -1 mgr[py] Module telemetry has missing NOTIFY_TYPES member
2022-03-21T06:34:56.093 INFO:journalctl@ceph.mgr.x.smithi057.stdout:Mar 21 06:34:55 smithi057 conmon[22819]:
2022-03-21T06:34:55.701+0000 7f811a423000 -1 mgr[py] Module zabbix has missing NOTIFY_TYPES member
2022-03-21T06:34:56.093 INFO:journalctl@ceph.mgr.x.smithi057.stdout:Mar 21 06:34:55 smithi057 conmon[22819]:
2022-03-21T06:34:55.795+0000 7f811a423000 -1 mgr[py] Module status has missing NOTIFY_TYPES member
2022-03-21T06:34:56.382 INFO:journalctl@ceph.mgr.x.smithi057.stdout:Mar 21 06:34:56 smithi057 conmon[22819]:
2022-03-21T06:34:56.090+0000 7f811a423000 -1 mgr[py] Module iostat has missing NOTIFY_TYPES member
2022-03-21T06:34:56.382 INFO:journalctl@ceph.mgr.x.smithi057.stdout:Mar 21 06:34:56 smithi057 conmon[22819]:
2022-03-21T06:34:56.187+0000 7f811a423000 -1 mgr[py] Module snap_schedule has missing NOTIFY_TYPES member
2022-03-21T06:34:56.383 INFO:journalctl@ceph.mgr.x.smithi057.stdout:Mar 21 06:34:56 smithi057 conmon[22819]:
2022-03-21T06:34:56.285+0000 7f811a423000 -1 mgr[py] Module pg_autoscaler has missing NOTIFY_TYPES member
2022-03-21T06:34:56.816 INFO:teuthology.orchestra.run.smithi057.stderr:/usr/bin/ceph:
2022-03-21T06:34:56.813+0000 7f3a4b7fe700 1 -- 172.21.15.57:0/121469393 >> [v2:172.21.15.57:6800/2350674439,v1:172.21.15.57:6801/2350674439] conn(0x7f3a2c034c10 msgr2=0x7f3a2c0370c0 unknown :-1 s=STATE_CONNECTING_RE l=1).process reconnect failed to v2:172.21.15.57:6800/2350674439
2022-03-21T06:34:56.817 INFO:teuthology.orchestra.run.smithi057.stderr:/usr/bin/ceph:
2022-03-21T06:34:56.813+0000 7f3a4b7fe700 1 --2- 172.21.15.57:0/121469393 >> [v2:172.21.15.57:6800/2350674439,v1:172.21.15.57:6801/2350674439] conn(0x7f3a2c034c10 0x7f3a2c0370c0 unknown :-1 s=START_CONNECT pgs=0 cs=0 l=1 rev1=0 crypto rx=0 tx=0 comp rx=0 tx=0)._fault waiting 3.200000
2022-03-21T06:34:57.132 INFO:journalctl@ceph.mgr.x.smithi057.stdout:Mar 21 06:34:56 smithi057 conmon[22819]:
2022-03-21T06:34:56.697+0000 7f811a423000 -1 mgr[py] Module crash has missing NOTIFY_TYPES member
2022-03-21T06:34:57.132 INFO:journalctl@ceph.mgr.x.smithi057.stdout:Mar 21 06:34:56 smithi057 conmon[22819]:
2022-03-21T06:34:56.790+0000 7f811a423000 -1 mgr[py] Module devicehealth has missing NOTIFY_TYPES member
2022-03-21T06:34:57.133 INFO:journalctl@ceph.mgr.x.smithi057.stdout:Mar 21 06:34:56 smithi057 conmon[22819]:
2022-03-21T06:34:56.886+0000 7f811a423000 -1 mgr[py] Module selftest has missing NOTIFY_TYPES member
2022-03-21T06:34:57.823 INFO:journalctl@ceph.mgr.x.smithi057.stdout:Mar 21 06:34:57 smithi057 conmon[22819]:
2022-03-21T06:34:57.507+0000 7f811a423000 -1 mgr[py] Module balancer has missing NOTIFY_TYPES member
2022-03-21T06:34:57.889 INFO:teuthology.orchestra.run.smithi057.stderr:/usr/bin/ceph:
2022-03-21T06:34:57.886+0000 7f3a48ff9700 1 -- 172.21.15.57:0/121469393 <== mon.0 v2:172.21.15.57:3300/0 6 ==== mgrmap(e 10) v1 ==== 41667+0+0 (secure 0 0 0) 0x7f3a3400f050 con 0x7f3a4c070110
2022-03-21T06:34:57.889 INFO:teuthology.orchestra.run.smithi057.stderr:/usr/bin/ceph:
2022-03-21T06:34:57.886+0000 7f3a48ff9700 1 -- 172.21.15.57:0/121469393 >> [v2:172.21.15.57:6800/2350674439,v1:172.21.15.57:6801/2350674439] conn(0x7f3a2c034c10 msgr2=0x7f3a2c0370c0 unknown :-1 s=STATE_CONNECTING l=1).mark_down
2022-03-21T06:34:57.889 INFO:teuthology.orchestra.run.smithi057.stderr:/usr/bin/ceph:
2022-03-21T06:34:57.886+0000 7f3a48ff9700 1 --2- 172.21.15.57:0/121469393 >> [v2:172.21.15.57:6800/2350674439,v1:172.21.15.57:6801/2350674439] conn(0x7f3a2c034c10 0x7f3a2c0370c0 unknown :-1 s=START_CONNECT pgs=0 cs=0 l=1 rev1=0 crypto rx=0 tx=0 comp rx=0 tx=0).stop
2022-03-21T06:34:58.084 INFO:journalctl@ceph.mgr.x.smithi057.stdout:Mar 21 06:34:57 smithi057 conmon[22819]:
2022-03-21T06:34:57.820+0000 7f811a423000 -1 mgr[py] Module osd_perf_query has missing NOTIFY_TYPES member
2022-03-21T06:34:58.085 INFO:journalctl@ceph.mon.a.smithi057.stdout:Mar 21 06:34:57 smithi057 ceph-mon[22408]: Active manager daemon x restarted
2022-03-21T06:34:58.085 INFO:journalctl@ceph.mon.a.smithi057.stdout:Mar 21 06:34:57 smithi057 ceph-mon[22408]: Activating manager daemon x
2022-03-21T06:34:58.086 INFO:journalctl@ceph.mon.a.smithi057.stdout:Mar 21 06:34:57 smithi057 ceph-mon[22408]: osdmap e3: 0 total, 0 up, 0 in
2022-03-21T06:34:58.911 INFO:teuthology.orchestra.run.smithi057.stderr:/usr/bin/ceph:
2022-03-21T06:34:58.906+0000 7f3a48ff9700 1 -- 172.21.15.57:0/121469393 <== mon.0 v2:172.21.15.57:3300/0 7 ==== mgrmap(e 11) v1 ==== 41777+0+0 (secure 0 0 0) 0x7f3a3402dd00 con 0x7f3a4c070110
2022-03-21T06:34:58.911 INFO:teuthology.orchestra.run.smithi057.stderr:/usr/bin/ceph:
2022-03-21T06:34:58.906+0000 7f3a48ff9700 1 --2- 172.21.15.57:0/121469393 >> [v2:172.21.15.57:6800/1719035835,v1:172.21.15.57:6801/1719035835] conn(0x7f3a2c038650 0x7f3a2c03aa30 unknown :-1 s=NONE pgs=0 cs=0 l=1 rev1=0 crypto rx=0 tx=0 comp rx=0 tx=0).connect
2022-03-21T06:34:58.911 INFO:teuthology.orchestra.run.smithi057.stderr:/usr/bin/ceph:
2022-03-21T06:34:58.906+0000 7f3a48ff9700 1 -- 172.21.15.57:0/121469393 --> [v2:172.21.15.57:6800/1719035835,v1:172.21.15.57:6801/1719035835] -- command(tid 0: {"prefix": "get_command_descriptions"}) v1 -- 0x7f3a2c0377d0 con 0x7f3a2c038650
2022-03-21T06:34:58.912 INFO:teuthology.orchestra.run.smithi057.stderr:/usr/bin/ceph:
2022-03-21T06:34:58.907+0000 7f3a4b7fe700 1 --2- 172.21.15.57:0/121469393 >> [v2:172.21.15.57:6800/1719035835,v1:172.21.15.57:6801/1719035835] conn(0x7f3a2c038650 0x7f3a2c03aa30 unknown :-1 s=BANNER_CONNECTING pgs=0 cs=0 l=1 rev1=0 crypto rx=0 tx=0 comp rx=0 tx=0)._handle_peer_banner_payload supported=3 required=0
2022-03-21T06:34:58.912 INFO:teuthology.orchestra.run.smithi057.stderr:/usr/bin/ceph:
2022-03-21T06:34:58.907+0000 7f3a4b7fe700 1 --2- 172.21.15.57:0/121469393 >> [v2:172.21.15.57:6800/1719035835,v1:172.21.15.57:6801/1719035835] conn(0x7f3a2c038650 0x7f3a2c03aa30 secure :-1 s=READY pgs=1 cs=0 l=1 rev1=1 crypto rx=0x7f3a3c003850 tx=0x7f3a3c009350 comp rx=0 tx=0).ready entity=mgr.14150 client_cookie=0 server_cookie=0 in_seq=0 out_seq=0
2022-03-21T06:34:58.912 INFO:teuthology.orchestra.run.smithi057.stderr:/usr/bin/ceph:
2022-03-21T06:34:58.908+0000 7f3a48ff9700 1 -- 172.21.15.57:0/121469393 <== mgr.14150 v2:172.21.15.57:6800/1719035835 1 ==== command_reply(tid 0: 0 ) v1 ==== 8+0+6424 (secure 0 0 0) 0x7f3a2c0377d0 con 0x7f3a2c038650
2022-03-21T06:34:58.917 INFO:teuthology.orchestra.run.smithi057.stderr:/usr/bin/ceph:
2022-03-21T06:34:58.914+0000 7f3a524c7700 1 -- 172.21.15.57:0/121469393 --> [v2:172.21.15.57:6800/1719035835,v1:172.21.15.57:6801/1719035835] -- command(tid 1: {"prefix": "mgr_status"}) v1 -- 0x7f3a4c04af20 con 0x7f3a2c038650
2022-03-21T06:34:58.917 INFO:teuthology.orchestra.run.smithi057.stderr:/usr/bin/ceph:
2022-03-21T06:34:58.914+0000 7f3a48ff9700 1 -- 172.21.15.57:0/121469393 <== mgr.14150 v2:172.21.15.57:6800/1719035835 2 ==== command_reply(tid 1: 0 ) v1 ==== 8+0+52 (secure 0 0 0) 0x7f3a4c04af20 con 0x7f3a2c038650
2022-03-21T06:34:58.918 INFO:teuthology.orchestra.run.smithi057.stderr:/usr/bin/ceph: {
2022-03-21T06:34:58.918 INFO:teuthology.orchestra.run.smithi057.stderr:/usr/bin/ceph: "mgrmap_epoch": 11,
2022-03-21T06:34:58.918 INFO:teuthology.orchestra.run.smithi057.stderr:/usr/bin/ceph: "initialized": true
2022-03-21T06:34:58.919 INFO:teuthology.orchestra.run.smithi057.stderr:/usr/bin/ceph: }
2022-03-21T06:34:58.919 INFO:teuthology.orchestra.run.smithi057.stderr:/usr/bin/ceph:
2022-03-21T06:34:58.915+0000 7f3a524c7700 1 -- 172.21.15.57:0/121469393 >> [v2:172.21.15.57:6800/1719035835,v1:172.21.15.57:6801/1719035835] conn(0x7f3a2c038650 msgr2=0x7f3a2c03aa30 secure :-1 s=STATE_CONNECTION_ESTABLISHED l=1).mark_down
2022-03-21T06:34:58.919 INFO:teuthology.orchestra.run.smithi057.stderr:/usr/bin/ceph:
2022-03-21T06:34:58.915+0000 7f3a524c7700 1 --2- 172.21.15.57:0/121469393 >> [v2:172.21.15.57:6800/1719035835,v1:172.21.15.57:6801/1719035835] conn(0x7f3a2c038650 0x7f3a2c03aa30 secure :-1 s=READY pgs=1 cs=0 l=1 rev1=1 crypto rx=0x7f3a3c003850 tx=0x7f3a3c009350 comp rx=0 tx=0).stop
2022-03-21T06:34:58.919 INFO:teuthology.orchestra.run.smithi057.stderr:/usr/bin/ceph:
