2022-03-21T08:29:02.115+0000 7fc5e88bc700 1 --2- 172.21.15.117:0/2881306752 >> [v2:172.21.15.117:6800/2992081443,v1:172.21.15.117:6801/2992081443] conn(0x7fc5d002feb0 0x7fc5d0032370 secure :-1 s=READY pgs=7 cs=0 l=1 rev1=1 rx=0x7fc5d80096a0 tx=0x7fc5d8006b40).stop
2022-03-21T08:29:02.115 INFO:teuthology.orchestra.run.smithi117.stderr:/usr/bin/ceph:
2022-03-21T08:29:02.115+0000 7fc5e88bc700 1 -- 172.21.15.117:0/2881306752 >> [v2:172.21.15.117:3300/0,v1:172.21.15.117:6789/0] conn(0x7fc5e406fb30 msgr2=0x7fc5e410ca20 secure :-1 s=STATE_CONNECTION_ESTABLISHED l=1).mark_down
2022-03-21T08:29:02.116 INFO:teuthology.orchestra.run.smithi117.stderr:/usr/bin/ceph:
2022-03-21T08:29:02.115+0000 7fc5e88bc700 1 --2- 172.21.15.117:0/2881306752 >> [v2:172.21.15.117:3300/0,v1:172.21.15.117:6789/0] conn(0x7fc5e406fb30 0x7fc5e410ca20 secure :-1 s=READY pgs=59 cs=0 l=1 rev1=1 rx=0x7fc5d4006800 tx=0x7fc5d4006ee0).stop
2022-03-21T08:29:02.116 INFO:teuthology.orchestra.run.smithi117.stderr:/usr/bin/ceph:
2022-03-21T08:29:02.115+0000 7fc5e88bc700 1 -- 172.21.15.117:0/2881306752 shutdown_connections
2022-03-21T08:29:02.116 INFO:teuthology.orchestra.run.smithi117.stderr:/usr/bin/ceph:
2022-03-21T08:29:02.115+0000 7fc5e88bc700 1 --2- 172.21.15.117:0/2881306752 >> [v2:172.21.15.117:6800/2992081443,v1:172.21.15.117:6801/2992081443] conn(0x7fc5d002feb0 0x7fc5d0032370 unknown :-1 s=CLOSED pgs=7 cs=0 l=1 rev1=1 rx=0 tx=0).stop
2022-03-21T08:29:02.117 INFO:teuthology.orchestra.run.smithi117.stderr:/usr/bin/ceph:
2022-03-21T08:29:02.115+0000 7fc5e88bc700 1 --2- 172.21.15.117:0/2881306752 >> [v2:172.21.15.117:3300/0,v1:172.21.15.117:6789/0] conn(0x7fc5e406fb30 0x7fc5e410ca20 unknown :-1 s=CLOSED pgs=59 cs=0 l=1 rev1=1 rx=0 tx=0).stop
2022-03-21T08:29:02.117 INFO:teuthology.orchestra.run.smithi117.stderr:/usr/bin/ceph:
2022-03-21T08:29:02.115+0000 7fc5e88bc700 1 -- 172.21.15.117:0/2881306752 >> 172.21.15.117:0/2881306752 conn(0x7fc5e40f6180 msgr2=0x7fc5e40f7ce0 unknown :-1 s=STATE_NONE l=0).mark_down
2022-03-21T08:29:02.117 INFO:teuthology.orchestra.run.smithi117.stderr:/usr/bin/ceph:
2022-03-21T08:29:02.115+0000 7fc5e88bc700 1 -- 172.21.15.117:0/2881306752 shutdown_connections
2022-03-21T08:29:02.117 INFO:teuthology.orchestra.run.smithi117.stderr:/usr/bin/ceph:
2022-03-21T08:29:02.115+0000 7fc5e88bc700 1 -- 172.21.15.117:0/2881306752 wait complete.
2022-03-21T08:29:02.488 INFO:teuthology.orchestra.run.smithi117.stderr:Deploying alertmanager service with default placement...
2022-03-21T08:29:02.489 INFO:teuthology.orchestra.run.smithi117.stderr:Running command: /bin/podman run --rm --ipc=host --no-hosts --net=host --entrypoint /usr/bin/ceph --init -e CONTAINER_IMAGE=docker.io/ceph/ceph:v16.2.4 -e NODE_NAME=smithi117 -e CEPH_USE_RANDOM_NONCE=1 -v /var/log/ceph/c398ce98-a8f0-11ec-8c35-001a4aab830c:/var/log/ceph:z -v /tmp/ceph-tmptlqd5197:/etc/ceph/ceph.client.admin.keyring:z -v /tmp/ceph-tmp1r3jo841:/etc/ceph/ceph.conf:z docker.io/ceph/ceph:v16.2.4 orch apply alertmanager
2022-03-21T08:29:02.574 INFO:teuthology.orchestra.run.smithi117.stderr:/usr/bin/ceph: Your kernel does not support pids limit capabilities or the cgroup is not mounted. PIDs limit discarded.
2022-03-21T08:29:03.013 INFO:teuthology.orchestra.run.smithi117.stderr:/usr/bin/ceph:
2022-03-21T08:29:03.013+0000 7fcd33fff700 1 Processor -- start
2022-03-21T08:29:03.014 INFO:teuthology.orchestra.run.smithi117.stderr:/usr/bin/ceph:
2022-03-21T08:29:03.013+0000 7fcd33fff700 1 -- start start
2022-03-21T08:29:03.014 INFO:teuthology.orchestra.run.smithi117.stderr:/usr/bin/ceph:
2022-03-21T08:29:03.014+0000 7fcd33fff700 1 --2- >> [v2:172.21.15.117:3300/0,v1:172.21.15.117:6789/0] conn(0x7fcd3406fbd0 0x7fcd340fe6c0 unknown :-1 s=NONE pgs=0 cs=0 l=0 rev1=0 rx=0 tx=0).connect
2022-03-21T08:29:03.015 INFO:teuthology.orchestra.run.smithi117.stderr:/usr/bin/ceph:
2022-03-21T08:29:03.014+0000 7fcd33fff700 1 -- --> [v2:172.21.15.117:3300/0,v1:172.21.15.117:6789/0] -- mon_getmap magic: 0 v1 -- 0x7fcd340febb0 con 0x7fcd3406fbd0
2022-03-21T08:29:03.015 INFO:teuthology.orchestra.run.smithi117.stderr:/usr/bin/ceph:
2022-03-21T08:29:03.014+0000 7fcd32ffd700 1 --2- >> [v2:172.21.15.117:3300/0,v1:172.21.15.117:6789/0] conn(0x7fcd3406fbd0 0x7fcd340fe6c0 unknown :-1 s=BANNER_CONNECTING pgs=0 cs=0 l=0 rev1=0 rx=0 tx=0)._handle_peer_banner_payload supported=1 required=0
2022-03-21T08:29:03.015 INFO:teuthology.orchestra.run.smithi117.stderr:/usr/bin/ceph:
2022-03-21T08:29:03.014+0000 7fcd32ffd700 1 --2- >> [v2:172.21.15.117:3300/0,v1:172.21.15.117:6789/0] conn(0x7fcd3406fbd0 0x7fcd340fe6c0 unknown :-1 s=HELLO_CONNECTING pgs=0 cs=0 l=0 rev1=1 rx=0 tx=0).handle_hello peer v2:172.21.15.117:3300/0 says I am v2:172.21.15.117:37632/0 (socket says 172.21.15.117:37632)
2022-03-21T08:29:03.015 INFO:teuthology.orchestra.run.smithi117.stderr:/usr/bin/ceph:
2022-03-21T08:29:03.014+0000 7fcd32ffd700 1 -- 172.21.15.117:0/3242935339 learned_addr learned my addr 172.21.15.117:0/3242935339 (peer_addr_for_me v2:172.21.15.117:0/0)
2022-03-21T08:29:03.019 INFO:teuthology.orchestra.run.smithi117.stderr:/usr/bin/ceph:
2022-03-21T08:29:03.015+0000 7fcd32ffd700 1 -- 172.21.15.117:0/3242935339 --> [v2:172.21.15.117:3300/0,v1:172.21.15.117:6789/0] -- mon_subscribe({config=0+,monmap=0+}) v3 -- 0x7fcd340fecf0 con 0x7fcd3406fbd0
2022-03-21T08:29:03.019 INFO:teuthology.orchestra.run.smithi117.stderr:/usr/bin/ceph:
2022-03-21T08:29:03.015+0000 7fcd32ffd700 1 --2- 172.21.15.117:0/3242935339 >> [v2:172.21.15.117:3300/0,v1:172.21.15.117:6789/0] conn(0x7fcd3406fbd0 0x7fcd340fe6c0 secure :-1 s=READY pgs=60 cs=0 l=1 rev1=1 rx=0x7fcd2400b5f0 tx=0x7fcd24006ee0).ready entity=mon.0 client_cookie=3a1157ff290bed38 server_cookie=0 in_seq=0 out_seq=0
2022-03-21T08:29:03.019 INFO:teuthology.orchestra.run.smithi117.stderr:/usr/bin/ceph:
2022-03-21T08:29:03.015+0000 7fcd31ffb700 1 -- 172.21.15.117:0/3242935339 <== mon.0 v2:172.21.15.117:3300/0 1 ==== mon_map magic: 0 v1 ==== 229+0+0 (secure 0 0 0) 0x7fcd2400d600 con 0x7fcd3406fbd0
2022-03-21T08:29:03.019 INFO:teuthology.orchestra.run.smithi117.stderr:/usr/bin/ceph:
2022-03-21T08:29:03.015+0000 7fcd31ffb700 1 -- 172.21.15.117:0/3242935339 <== mon.0 v2:172.21.15.117:3300/0 2 ==== config(25 keys) v1 ==== 1047+0+0 (secure 0 0 0) 0x7fcd2400dbf0 con 0x7fcd3406fbd0
2022-03-21T08:29:03.020 INFO:teuthology.orchestra.run.smithi117.stderr:/usr/bin/ceph:
2022-03-21T08:29:03.015+0000 7fcd31ffb700 1 -- 172.21.15.117:0/3242935339 <== mon.0 v2:172.21.15.117:3300/0 3 ==== mon_map magic: 0 v1 ==== 229+0+0 (secure 0 0 0) 0x7fcd24011bf0 con 0x7fcd3406fbd0
2022-03-21T08:29:03.020 INFO:teuthology.orchestra.run.smithi117.stderr:/usr/bin/ceph:
2022-03-21T08:29:03.016+0000 7fcd33fff700 1 -- 172.21.15.117:0/3242935339 >> [v2:172.21.15.117:3300/0,v1:172.21.15.117:6789/0] conn(0x7fcd3406fbd0 msgr2=0x7fcd340fe6c0 secure :-1 s=STATE_CONNECTION_ESTABLISHED l=1).mark_down
2022-03-21T08:29:03.020 INFO:teuthology.orchestra.run.smithi117.stderr:/usr/bin/ceph:
2022-03-21T08:29:03.016+0000 7fcd33fff700 1 --2- 172.21.15.117:0/3242935339 >> [v2:172.21.15.117:3300/0,v1:172.21.15.117:6789/0] conn(0x7fcd3406fbd0 0x7fcd340fe6c0 secure :-1 s=READY pgs=60 cs=0 l=1 rev1=1 rx=0x7fcd2400b5f0 tx=0x7fcd24006ee0).stop
2022-03-21T08:29:03.020 INFO:teuthology.orchestra.run.smithi117.stderr:/usr/bin/ceph:
2022-03-21T08:29:03.016+0000 7fcd33fff700 1 -- 172.21.15.117:0/3242935339 shutdown_connections
2022-03-21T08:29:03.021 INFO:teuthology.orchestra.run.smithi117.stderr:/usr/bin/ceph:
2022-03-21T08:29:03.016+0000 7fcd33fff700 1 --2- 172.21.15.117:0/3242935339 >> [v2:172.21.15.117:3300/0,v1:172.21.15.117:6789/0] conn(0x7fcd3406fbd0 0x7fcd340fe6c0 unknown :-1 s=CLOSED pgs=60 cs=0 l=1 rev1=1 rx=0 tx=0).stop
2022-03-21T08:29:03.021 INFO:teuthology.orchestra.run.smithi117.stderr:/usr/bin/ceph:
2022-03-21T08:29:03.016+0000 7fcd33fff700 1 -- 172.21.15.117:0/3242935339 >> 172.21.15.117:0/3242935339 conn(0x7fcd340f6180 msgr2=0x7fcd340f85a0 unknown :-1 s=STATE_NONE l=0).mark_down
2022-03-21T08:29:03.021 INFO:teuthology.orchestra.run.smithi117.stderr:/usr/bin/ceph:
2022-03-21T08:29:03.016+0000 7fcd33fff700 1 -- 172.21.15.117:0/3242935339 shutdown_connections
2022-03-21T08:29:03.021 INFO:teuthology.orchestra.run.smithi117.stderr:/usr/bin/ceph:
2022-03-21T08:29:03.016+0000 7fcd33fff700 1 -- 172.21.15.117:0/3242935339 wait complete.
2022-03-21T08:29:03.022 INFO:teuthology.orchestra.run.smithi117.stderr:/usr/bin/ceph:
2022-03-21T08:29:03.017+0000 7fcd33fff700 1 Processor -- start
2022-03-21T08:29:03.022 INFO:teuthology.orchestra.run.smithi117.stderr:/usr/bin/ceph:
2022-03-21T08:29:03.017+0000 7fcd33fff700 1 -- start start
2022-03-21T08:29:03.022 INFO:teuthology.orchestra.run.smithi117.stderr:/usr/bin/ceph:
2022-03-21T08:29:03.017+0000 7fcd33fff700 1 --2- >> [v2:172.21.15.117:3300/0,v1:172.21.15.117:6789/0] conn(0x7fcd3406fbd0 0x7fcd340fc140 unknown :-1 s=NONE pgs=0 cs=0 l=1 rev1=0 rx=0 tx=0).connect
2022-03-21T08:29:03.022 INFO:teuthology.orchestra.run.smithi117.stderr:/usr/bin/ceph:
2022-03-21T08:29:03.017+0000 7fcd33fff700 1 -- --> [v2:172.21.15.117:3300/0,v1:172.21.15.117:6789/0] -- mon_getmap magic: 0 v1 -- 0x7fcd340fa5c0 con 0x7fcd3406fbd0
2022-03-21T08:29:03.023 INFO:teuthology.orchestra.run.smithi117.stderr:/usr/bin/ceph:
2022-03-21T08:29:03.018+0000 7fcd32ffd700 1 --2- >> [v2:172.21.15.117:3300/0,v1:172.21.15.117:6789/0] conn(0x7fcd3406fbd0 0x7fcd340fc140 unknown :-1 s=BANNER_CONNECTING pgs=0 cs=0 l=1 rev1=0 rx=0 tx=0)._handle_peer_banner_payload supported=1 required=0
2022-03-21T08:29:03.023 INFO:teuthology.orchestra.run.smithi117.stderr:/usr/bin/ceph:
2022-03-21T08:29:03.018+0000 7fcd32ffd700 1 --2- >> [v2:172.21.15.117:3300/0,v1:172.21.15.117:6789/0] conn(0x7fcd3406fbd0 0x7fcd340fc140 unknown :-1 s=HELLO_CONNECTING pgs=0 cs=0 l=1 rev1=1 rx=0 tx=0).handle_hello peer v2:172.21.15.117:3300/0 says I am v2:172.21.15.117:37634/0 (socket says 172.21.15.117:37634)
2022-03-21T08:29:03.023 INFO:teuthology.orchestra.run.smithi117.stderr:/usr/bin/ceph:
2022-03-21T08:29:03.018+0000 7fcd32ffd700 1 -- 172.21.15.117:0/845071429 learned_addr learned my addr 172.21.15.117:0/845071429 (peer_addr_for_me v2:172.21.15.117:0/0)
2022-03-21T08:29:03.023 INFO:teuthology.orchestra.run.smithi117.stderr:/usr/bin/ceph:
2022-03-21T08:29:03.018+0000 7fcd32ffd700 1 -- 172.21.15.117:0/845071429 --> [v2:172.21.15.117:3300/0,v1:172.21.15.117:6789/0] -- mon_subscribe({config=0+,monmap=0+}) v3 -- 0x7fcd2400b200 con 0x7fcd3406fbd0
2022-03-21T08:29:03.024 INFO:teuthology.orchestra.run.smithi117.stderr:/usr/bin/ceph:
2022-03-21T08:29:03.018+0000 7fcd32ffd700 1 --2- 172.21.15.117:0/845071429 >> [v2:172.21.15.117:3300/0,v1:172.21.15.117:6789/0] conn(0x7fcd3406fbd0 0x7fcd340fc140 secure :-1 s=READY pgs=61 cs=0 l=1 rev1=1 rx=0x7fcd24011de0 tx=0x7fcd24006ee0).ready entity=mon.0 client_cookie=0 server_cookie=0 in_seq=0 out_seq=0
2022-03-21T08:29:03.024 INFO:teuthology.orchestra.run.smithi117.stderr:/usr/bin/ceph:
2022-03-21T08:29:03.019+0000 7fcd1b7fe700 1 -- 172.21.15.117:0/845071429 <== mon.0 v2:172.21.15.117:3300/0 1 ==== mon_map magic: 0 v1 ==== 229+0+0 (secure 0 0 0) 0x7fcd2401b410 con 0x7fcd3406fbd0
2022-03-21T08:29:03.024 INFO:teuthology.orchestra.run.smithi117.stderr:/usr/bin/ceph:
2022-03-21T08:29:03.019+0000 7fcd1b7fe700 1 -- 172.21.15.117:0/845071429 <== mon.0 v2:172.21.15.117:3300/0 2 ==== config(25 keys) v1 ==== 1047+0+0 (secure 0 0 0) 0x7fcd2401ba00 con 0x7fcd3406fbd0
2022-03-21T08:29:03.024 INFO:teuthology.orchestra.run.smithi117.stderr:/usr/bin/ceph:
2022-03-21T08:29:03.019+0000 7fcd33fff700 1 -- 172.21.15.117:0/845071429 --> [v2:172.21.15.117:3300/0,v1:172.21.15.117:6789/0] -- mon_subscribe({mgrmap=0+}) v3 -- 0x7fcd340fa760 con 0x7fcd3406fbd0
2022-03-21T08:29:03.025 INFO:teuthology.orchestra.run.smithi117.stderr:/usr/bin/ceph:
2022-03-21T08:29:03.019+0000 7fcd1b7fe700 1 -- 172.21.15.117:0/845071429 <== mon.0 v2:172.21.15.117:3300/0 3 ==== mon_map magic: 0 v1 ==== 229+0+0 (secure 0 0 0) 0x7fcd2401a770 con 0x7fcd3406fbd0
2022-03-21T08:29:03.025 INFO:teuthology.orchestra.run.smithi117.stderr:/usr/bin/ceph:
2022-03-21T08:29:03.019+0000 7fcd33fff700 1 -- 172.21.15.117:0/845071429 --> [v2:172.21.15.117:3300/0,v1:172.21.15.117:6789/0] -- mon_subscribe({osdmap=0}) v3 -- 0x7fcd340fab70 con 0x7fcd3406fbd0
2022-03-21T08:29:03.026 INFO:teuthology.orchestra.run.smithi117.stderr:/usr/bin/ceph:
2022-03-21T08:29:03.020+0000 7fcd1b7fe700 1 -- 172.21.15.117:0/845071429 <== mon.0 v2:172.21.15.117:3300/0 4 ==== mgrmap(e 12) v1 ==== 36195+0+0 (secure 0 0 0) 0x7fcd2402b070 con 0x7fcd3406fbd0
2022-03-21T08:29:03.026 INFO:teuthology.orchestra.run.smithi117.stderr:/usr/bin/ceph:
2022-03-21T08:29:03.020+0000 7fcd33fff700 1 -- 172.21.15.117:0/845071429 --> [v2:172.21.15.117:3300/0,v1:172.21.15.117:6789/0] -- mon_command({"prefix": "get_command_descriptions"} v 0) v1 -- 0x7fcd34045ad0 con 0x7fcd3406fbd0
2022-03-21T08:29:03.027 INFO:teuthology.orchestra.run.smithi117.stderr:/usr/bin/ceph:
2022-03-21T08:29:03.021+0000 7fcd1b7fe700 1 --2- 172.21.15.117:0/845071429 >> [v2:172.21.15.117:6800/2992081443,v1:172.21.15.117:6801/2992081443] conn(0x7fcd2002feb0 0x7fcd20032370 unknown :-1 s=NONE pgs=0 cs=0 l=1 rev1=0 rx=0 tx=0).connect
2022-03-21T08:29:03.027 INFO:teuthology.orchestra.run.smithi117.stderr:/usr/bin/ceph:
2022-03-21T08:29:03.021+0000 7fcd1b7fe700 1 -- 172.21.15.117:0/845071429 <== mon.0 v2:172.21.15.117:3300/0 5 ==== osd_map(3..3 src has 1..3) v4 ==== 1065+0+0 (secure 0 0 0) 0x7fcd240416c0 con 0x7fcd3406fbd0
2022-03-21T08:29:03.027 INFO:teuthology.orchestra.run.smithi117.stderr:/usr/bin/ceph:
2022-03-21T08:29:03.021+0000 7fcd327fc700 1 --2- 172.21.15.117:0/845071429 >> [v2:172.21.15.117:6800/2992081443,v1:172.21.15.117:6801/2992081443] conn(0x7fcd2002feb0 0x7fcd20032370 unknown :-1 s=BANNER_CONNECTING pgs=0 cs=0 l=1 rev1=0 rx=0 tx=0)._handle_peer_banner_payload supported=1 required=0
2022-03-21T08:29:03.027 INFO:teuthology.orchestra.run.smithi117.stderr:/usr/bin/ceph:
2022-03-21T08:29:03.022+0000 7fcd327fc700 1 --2- 172.21.15.117:0/845071429 >> [v2:172.21.15.117:6800/2992081443,v1:172.21.15.117:6801/2992081443] conn(0x7fcd2002feb0 0x7fcd20032370 secure :-1 s=READY pgs=8 cs=0 l=1 rev1=1 rx=0x7fcd280096a0 tx=0x7fcd28006b40).ready entity=mgr.14142 client_cookie=0 server_cookie=0 in_seq=0 out_seq=0
2022-03-21T08:29:03.028 INFO:teuthology.orchestra.run.smithi117.stderr:/usr/bin/ceph:
2022-03-21T08:29:03.025+0000 7fcd1b7fe700 1 -- 172.21.15.117:0/845071429 <== mon.0 v2:172.21.15.117:3300/0 6 ==== mon_command_ack([{"prefix": "get_command_descriptions"}]=0 v0) v1 ==== 72+0+152212 (secure 0 0 0) 0x7fcd2401b570 con 0x7fcd3406fbd0
2022-03-21T08:29:03.213 INFO:teuthology.orchestra.run.smithi117.stderr:/usr/bin/ceph:
2022-03-21T08:29:03.213+0000 7fcd33fff700 1 -- 172.21.15.117:0/845071429 --> [v2:172.21.15.117:6800/2992081443,v1:172.21.15.117:6801/2992081443] -- mgr_command(tid 0: {"prefix": "orch apply", "service_type": "alertmanager", "target": ["mon-mgr", ""]}) v1 -- 0x7fcd340ffb20 con 0x7fcd2002feb0
2022-03-21T08:29:03.217 INFO:teuthology.orchestra.run.smithi117.stderr:/usr/bin/ceph:
2022-03-21T08:29:03.217+0000 7fcd1b7fe700 1 -- 172.21.15.117:0/845071429 <== mgr.14142 v2:172.21.15.117:6800/2992081443 1 ==== mgr_command_reply(tid 0: 0 ) v1 ==== 8+0+33 (secure 0 0 0) 0x7fcd340ffb20 con 0x7fcd2002feb0
2022-03-21T08:29:03.217 INFO:teuthology.orchestra.run.smithi117.stderr:/usr/bin/ceph: Scheduled alertmanager update...
2022-03-21T08:29:03.219 INFO:teuthology.orchestra.run.smithi117.stderr:/usr/bin/ceph:
2022-03-21T08:29:03.220+0000 7fcd33fff700 1 -- 172.21.15.117:0/845071429 >> [v2:172.21.15.117:6800/2992081443,v1:172.21.15.117:6801/2992081443] conn(0x7fcd2002feb0 msgr2=0x7fcd20032370 secure :-1 s=STATE_CONNECTION_ESTABLISHED l=1).mark_down
2022-03-21T08:29:03.220 INFO:teuthology.orchestra.run.smithi117.stderr:/usr/bin/ceph:
2022-03-21T08:29:03.220+0000 7fcd33fff700 1 --2- 172.21.15.117:0/845071429 >> [v2:172.21.15.117:6800/2992081443,v1:172.21.15.117:6801/2992081443] conn(0x7fcd2002feb0 0x7fcd20032370 secure :-1 s=READY pgs=8 cs=0 l=1 rev1=1 rx=0x7fcd280096a0 tx=0x7fcd28006b40).stop
2022-03-21T08:29:03.220 INFO:teuthology.orchestra.run.smithi117.stderr:/usr/bin/ceph:
2022-03-21T08:29:03.220+0000 7fcd33fff700 1 -- 172.21.15.117:0/845071429 >> [v2:172.21.15.117:3300/0,v1:172.21.15.117:6789/0] conn(0x7fcd3406fbd0 msgr2=0x7fcd340fc140 secure :-1 s=STATE_CONNECTION_ESTABLISHED l=1).mark_down
2022-03-21T08:29:03.220 INFO:teuthology.orchestra.run.smithi117.stderr:/usr/bin/ceph:
2022-03-21T08:29:03.220+0000 7fcd33fff700 1 --2- 172.21.15.117:0/845071429 >> [v2:172.21.15.117:3300/0,v1:172.21.15.117:6789/0] conn(0x7fcd3406fbd0 0x7fcd340fc140 secure :-1 s=READY pgs=61 cs=0 l=1 rev1=1 rx=0x7fcd24011de0 tx=0x7fcd24006ee0).stop
2022-03-21T08:29:03.221 INFO:teuthology.orchestra.run.smithi117.stderr:/usr/bin/ceph:
2022-03-21T08:29:03.220+0000 7fcd33fff700 1 -- 172.21.15.117:0/845071429 shutdown_connections
2022-03-21T08:29:03.221 INFO:teuthology.orchestra.run.smithi117.stderr:/usr/bin/ceph:
2022-03-21T08:29:03.220+0000 7fcd33fff700 1 --2- 172.21.15.117:0/845071429 >> [v2:172.21.15.117:6800/2992081443,v1:172.21.15.117:6801/2992081443] conn(0x7fcd2002feb0 0x7fcd20032370 unknown :-1 s=CLOSED pgs=8 cs=0 l=1 rev1=1 rx=0 tx=0).stop
2022-03-21T08:29:03.222 INFO:teuthology.orchestra.run.smithi117.stderr:/usr/bin/ceph:
2022-03-21T08:29:03.220+0000 7fcd33fff700 1 --2- 172.21.15.117:0/845071429 >> [v2:172.21.15.117:3300/0,v1:172.21.15.117:6789/0] conn(0x7fcd3406fbd0 0x7fcd340fc140 unknown :-1 s=CLOSED pgs=61 cs=0 l=1 rev1=1 rx=0 tx=0).stop
2022-03-21T08:29:03.222 INFO:teuthology.orchestra.run.smithi117.stderr:/usr/bin/ceph:
2022-03-21T08:29:03.220+0000 7fcd33fff700 1 -- 172.21.15.117:0/845071429 >> 172.21.15.117:0/845071429 conn(0x7fcd340f6180 msgr2=0x7fcd340f7c50 unknown :-1 s=STATE_NONE l=0).mark_down
2022-03-21T08:29:03.222 INFO:teuthology.orchestra.run.smithi117.stderr:/usr/bin/ceph:
2022-03-21T08:29:03.220+0000 7fcd33fff700 1 -- 172.21.15.117:0/845071429 shutdown_connections
2022-03-21T08:29:03.222 INFO:teuthology.orchestra.run.smithi117.stderr:/usr/bin/ceph:
2022-03-21T08:29:03.220+0000 7fcd33fff700 1 -- 172.21.15.117:0/845071429 wait complete.
2022-03-21T08:29:03.394 INFO:journalctl@ceph.mon.smithi117.smithi117.stdout:Mar 21 08:29:03 smithi117 ceph-c398ce98-a8f0-11ec-8c35-001a4aab830c-mon.smithi117[29711]: audit
2022-03-21T08:29:02.110273+0000 mgr.smithi117.azucyr (mgr.14142) 5 : audit [DBG] from='client.14152 -' entity='client.admin' cmd=[{"prefix": "orch apply", "service_type": "node-exporter", "target": ["mon-mgr", ""]}]: dispatch
2022-03-21T08:29:03.394 INFO:journalctl@ceph.mon.smithi117.smithi117.stdout:Mar 21 08:29:03 smithi117 ceph-c398ce98-a8f0-11ec-8c35-001a4aab830c-mon.smithi117[29711]: cephadm
2022-03-21T08:29:02.110950+0000 mgr.smithi117.azucyr (mgr.14142) 6 : cephadm [INF] Saving service node-exporter spec with placement *
2022-03-21T08:29:03.394 INFO:journalctl@ceph.mon.smithi117.smithi117.stdout:Mar 21 08:29:03 smithi117 ceph-c398ce98-a8f0-11ec-8c35-001a4aab830c-mon.smithi117[29711]: audit
2022-03-21T08:29:02.113593+0000 mon.smithi117 (mon.0) 84 : audit [INF] from='mgr.14142 172.21.15.117:0/4211627966' entity='mgr.smithi117.azucyr'
2022-03-21T08:29:03.585 INFO:teuthology.orchestra.run.smithi117.stderr:Running command: /bin/podman run --rm --ipc=host --no-hosts --net=host --entrypoint /usr/bin/ceph --init -e CONTAINER_IMAGE=docker.io/ceph/ceph:v16.2.4 -e NODE_NAME=smithi117 -e CEPH_USE_RANDOM_NONCE=1 -v /var/log/ceph/c398ce98-a8f0-11ec-8c35-001a4aab830c:/var/log/ceph:z -v /tmp/ceph-tmptlqd5197:/etc/ceph/ceph.client.admin.keyring:z -v /tmp/ceph-tmp1r3jo841:/etc/ceph/ceph.conf:z docker.io/ceph/ceph:v16.2.4 config set mgr mgr/cephadm/container_init True --force
2022-03-21T08:29:03.669 INFO:teuthology.orchestra.run.smithi117.stderr:/usr/bin/ceph: Your kernel does not support pids limit capabilities or the cgroup is not mounted. PIDs limit discarded.
2022-03-21T08:29:04.126 INFO:teuthology.orchestra.run.smithi117.stderr:/usr/bin/ceph:
2022-03-21T08:29:04.126+0000 7f7872dc3700 1 Processor -- start
2022-03-21T08:29:04.126 INFO:teuthology.orchestra.run.smithi117.stderr:/usr/bin/ceph:
2022-03-21T08:29:04.126+0000 7f7872dc3700 1 -- start start
2022-03-21T08:29:04.126 INFO:teuthology.orchestra.run.smithi117.stderr:/usr/bin/ceph:
2022-03-21T08:29:04.126+0000 7f7872dc3700 1 --2- >> [v2:172.21.15.117:3300/0,v1:172.21.15.117:6789/0] conn(0x7f786c0fba70 0x7f786c0fbe90 unknown :-1 s=NONE pgs=0 cs=0 l=0 rev1=0 rx=0 tx=0).connect
2022-03-21T08:29:04.126 INFO:teuthology.orchestra.run.smithi117.stderr:/usr/bin/ceph:
2022-03-21T08:29:04.126+0000 7f7872dc3700 1 -- --> [v2:172.21.15.117:3300/0,v1:172.21.15.117:6789/0] -- mon_getmap magic: 0 v1 -- 0x7f786c0fc380 con 0x7f786c0fba70
2022-03-21T08:29:04.129 INFO:teuthology.orchestra.run.smithi117.stderr:/usr/bin/ceph:
2022-03-21T08:29:04.127+0000 7f7871dc1700 1 --2- >> [v2:172.21.15.117:3300/0,v1:172.21.15.117:6789/0] conn(0x7f786c0fba70 0x7f786c0fbe90 unknown :-1 s=BANNER_CONNECTING pgs=0 cs=0 l=0 rev1=0 rx=0 tx=0)._handle_peer_banner_payload supported=1 required=0
2022-03-21T08:29:04.129 INFO:teuthology.orchestra.run.smithi117.stderr:/usr/bin/ceph:
2022-03-21T08:29:04.127+0000 7f7871dc1700 1 --2- >> [v2:172.21.15.117:3300/0,v1:172.21.15.117:6789/0] conn(0x7f786c0fba70 0x7f786c0fbe90 unknown :-1 s=HELLO_CONNECTING pgs=0 cs=0 l=0 rev1=1 rx=0 tx=0).handle_hello peer v2:172.21.15.117:3300/0 says I am v2:172.21.15.117:37636/0 (socket says 172.21.15.117:37636)
2022-03-21T08:29:04.129 INFO:teuthology.orchestra.run.smithi117.stderr:/usr/bin/ceph:
2022-03-21T08:29:04.127+0000 7f7871dc1700 1 -- 172.21.15.117:0/989480679 learned_addr learned my addr 172.21.15.117:0/989480679 (peer_addr_for_me v2:172.21.15.117:0/0)
2022-03-21T08:29:04.129 INFO:teuthology.orchestra.run.smithi117.stderr:/usr/bin/ceph:
2022-03-21T08:29:04.127+0000 7f7871dc1700 1 -- 172.21.15.117:0/989480679 --> [v2:172.21.15.117:3300/0,v1:172.21.15.117:6789/0] -- mon_subscribe({config=0+,monmap=0+}) v3 -- 0x7f786c0fc4c0 con 0x7f786c0fba70
2022-03-21T08:29:04.130 INFO:teuthology.orchestra.run.smithi117.stderr:/usr/bin/ceph:
2022-03-21T08:29:04.127+0000 7f7871dc1700 1 --2- 172.21.15.117:0/989480679 >> [v2:172.21.15.117:3300/0,v1:172.21.15.117:6789/0] conn(0x7f786c0fba70 0x7f786c0fbe90 secure :-1 s=READY pgs=62 cs=0 l=1 rev1=1 rx=0x7f786800b5f0 tx=0x7f7868006ee0).ready entity=mon.0 client_cookie=83f3e26b715ec878 server_cookie=0 in_seq=0 out_seq=0
2022-03-21T08:29:04.130 INFO:teuthology.orchestra.run.smithi117.stderr:/usr/bin/ceph:
2022-03-21T08:29:04.128+0000 7f7870dbf700 1 -- 172.21.15.117:0/989480679 <== mon.0 v2:172.21.15.117:3300/0 1 ==== mon_map magic: 0 v1 ==== 229+0+0 (secure 0 0 0) 0x7f786800d600 con 0x7f786c0fba70
2022-03-21T08:29:04.130 INFO:teuthology.orchestra.run.smithi117.stderr:/usr/bin/ceph:
2022-03-21T08:29:04.128+0000 7f7870dbf700 1 -- 172.21.15.117:0/989480679 <== mon.0 v2:172.21.15.117:3300/0 2 ==== config(25 keys) v1 ==== 1047+0+0 (secure 0 0 0) 0x7f786800dbf0 con 0x7f786c0fba70
2022-03-21T08:29:04.130 INFO:teuthology.orchestra.run.smithi117.stderr:/usr/bin/ceph:
2022-03-21T08:29:04.128+0000 7f7870dbf700 1 -- 172.21.15.117:0/989480679 <== mon.0 v2:172.21.15.117:3300/0 3 ==== mon_map magic: 0 v1 ==== 229+0+0 (secure 0 0 0) 0x7f7868011bf0 con 0x7f786c0fba70
2022-03-21T08:29:04.131 INFO:teuthology.orchestra.run.smithi117.stderr:/usr/bin/ceph:
2022-03-21T08:29:04.128+0000 7f7872dc3700 1 -- 172.21.15.117:0/989480679 >> [v2:172.21.15.117:3300/0,v1:172.21.15.117:6789/0] conn(0x7f786c0fba70 msgr2=0x7f786c0fbe90 secure :-1 s=STATE_CONNECTION_ESTABLISHED l=1).mark_down
2022-03-21T08:29:04.131 INFO:teuthology.orchestra.run.smithi117.stderr:/usr/bin/ceph:
2022-03-21T08:29:04.128+0000 7f7872dc3700 1 --2- 172.21.15.117:0/989480679 >> [v2:172.21.15.117:3300/0,v1:172.21.15.117:6789/0] conn(0x7f786c0fba70 0x7f786c0fbe90 secure :-1 s=READY pgs=62 cs=0 l=1 rev1=1 rx=0x7f786800b5f0 tx=0x7f7868006ee0).stop
2022-03-21T08:29:04.131 INFO:teuthology.orchestra.run.smithi117.stderr:/usr/bin/ceph:
2022-03-21T08:29:04.128+0000 7f7872dc3700 1 -- 172.21.15.117:0/989480679 shutdown_connections
2022-03-21T08:29:04.131 INFO:teuthology.orchestra.run.smithi117.stderr:/usr/bin/ceph:
2022-03-21T08:29:04.129+0000 7f7872dc3700 1 --2- 172.21.15.117:0/989480679 >> [v2:172.21.15.117:3300/0,v1:172.21.15.117:6789/0] conn(0x7f786c0fba70 0x7f786c0fbe90 unknown :-1 s=CLOSED pgs=62 cs=0 l=1 rev1=1 rx=0 tx=0).stop
2022-03-21T08:29:04.132 INFO:teuthology.orchestra.run.smithi117.stderr:/usr/bin/ceph:
2022-03-21T08:29:04.129+0000 7f7872dc3700 1 -- 172.21.15.117:0/989480679 >> 172.21.15.117:0/989480679 conn(0x7f786c0f7290 msgr2=0x7f786c0f96b0 unknown :-1 s=STATE_NONE l=0).mark_down
2022-03-21T08:29:04.132 INFO:teuthology.orchestra.run.smithi117.stderr:/usr/bin/ceph:
2022-03-21T08:29:04.129+0000 7f7872dc3700 1 -- 172.21.15.117:0/989480679 shutdown_connections
2022-03-21T08:29:04.132 INFO:teuthology.orchestra.run.smithi117.stderr:/usr/bin/ceph:
2022-03-21T08:29:04.129+0000 7f7872dc3700 1 -- 172.21.15.117:0/989480679 wait complete.
2022-03-21T08:29:04.132 INFO:teuthology.orchestra.run.smithi117.stderr:/usr/bin/ceph:
2022-03-21T08:29:04.130+0000 7f7872dc3700 1 Processor -- start
2022-03-21T08:29:04.133 INFO:teuthology.orchestra.run.smithi117.stderr:/usr/bin/ceph:
2022-03-21T08:29:04.130+0000 7f7872dc3700 1 -- start start
2022-03-21T08:29:04.135 INFO:teuthology.orchestra.run.smithi117.stderr:/usr/bin/ceph:
2022-03-21T08:29:04.130+0000 7f7872dc3700 1 --2- >> [v2:172.21.15.117:3300/0,v1:172.21.15.117:6789/0] conn(0x7f786c0fba70 0x7f786c10ca10 unknown :-1 s=NONE pgs=0 cs=0 l=1 rev1=0 rx=0 tx=0).connect
2022-03-21T08:29:04.135 INFO:teuthology.orchestra.run.smithi117.stderr:/usr/bin/ceph:
2022-03-21T08:29:04.130+0000 7f7872dc3700 1 -- --> [v2:172.21.15.117:3300/0,v1:172.21.15.117:6789/0] -- mon_getmap magic: 0 v1 -- 0x7f786c10cf00 con 0x7f786c0fba70
2022-03-21T08:29:04.135 INFO:teuthology.orchestra.run.smithi117.stderr:/usr/bin/ceph:
2022-03-21T08:29:04.131+0000 7f7871dc1700 1 --2- >> [v2:172.21.15.117:3300/0,v1:172.21.15.117:6789/0] conn(0x7f786c0fba70 0x7f786c10ca10 unknown :-1 s=BANNER_CONNECTING pgs=0 cs=0 l=1 rev1=0 rx=0 tx=0)._handle_peer_banner_payload supported=1 required=0
2022-03-21T08:29:04.136 INFO:teuthology.orchestra.run.smithi117.stderr:/usr/bin/ceph:
2022-03-21T08:29:04.131+0000 7f7871dc1700 1 --2- >> [v2:172.21.15.117:3300/0,v1:172.21.15.117:6789/0] conn(0x7f786c0fba70 0x7f786c10ca10 unknown :-1 s=HELLO_CONNECTING pgs=0 cs=0 l=1 rev1=1 rx=0 tx=0).handle_hello peer v2:172.21.15.117:3300/0 says I am v2:172.21.15.117:37638/0 (socket says 172.21.15.117:37638)
2022-03-21T08:29:04.136 INFO:teuthology.orchestra.run.smithi117.stderr:/usr/bin/ceph:
2022-03-21T08:29:04.131+0000 7f7871dc1700 1 -- 172.21.15.117:0/3089554797 learned_addr learned my addr 172.21.15.117:0/3089554797 (peer_addr_for_me v2:172.21.15.117:0/0)
2022-03-21T08:29:04.136 INFO:teuthology.orchestra.run.smithi117.stderr:/usr/bin/ceph:
2022-03-21T08:29:04.131+0000 7f7871dc1700 1 -- 172.21.15.117:0/3089554797 --> [v2:172.21.15.117:3300/0,v1:172.21.15.117:6789/0] -- mon_subscribe({config=0+,monmap=0+}) v3 -- 0x7f786800b200 con 0x7f786c0fba70
2022-03-21T08:29:04.136 INFO:teuthology.orchestra.run.smithi117.stderr:/usr/bin/ceph:
2022-03-21T08:29:04.131+0000 7f7871dc1700 1 --2- 172.21.15.117:0/3089554797 >> [v2:172.21.15.117:3300/0,v1:172.21.15.117:6789/0] conn(0x7f786c0fba70 0x7f786c10ca10 secure :-1 s=READY pgs=63 cs=0 l=1 rev1=1 rx=0x7f7868011de0 tx=0x7f7868006ee0).ready entity=mon.0 client_cookie=0 server_cookie=0 in_seq=0 out_seq=0
2022-03-21T08:29:04.137 INFO:teuthology.orchestra.run.smithi117.stderr:/usr/bin/ceph:
2022-03-21T08:29:04.131+0000 7f785a7fc700 1 -- 172.21.15.117:0/3089554797 <== mon.0 v2:172.21.15.117:3300/0 1 ==== mon_map magic: 0 v1 ==== 229+0+0 (secure 0 0 0) 0x7f786800dec0 con 0x7f786c0fba70
2022-03-21T08:29:04.137 INFO:teuthology.orchestra.run.smithi117.stderr:/usr/bin/ceph:
2022-03-21T08:29:04.132+0000 7f785a7fc700 1 -- 172.21.15.117:0/3089554797 <== mon.0 v2:172.21.15.117:3300/0 2 ==== config(25 keys) v1 ==== 1047+0+0 (secure 0 0 0) 0x7f786801b8a0 con 0x7f786c0fba70
2022-03-21T08:29:04.137 INFO:teuthology.orchestra.run.smithi117.stderr:/usr/bin/ceph:
2022-03-21T08:29:04.132+0000 7f7872dc3700 1 -- 172.21.15.117:0/3089554797 --> [v2:172.21.15.117:3300/0,v1:172.21.15.117:6789/0] -- mon_subscribe({mgrmap=0+}) v3 -- 0x7f786c10d100 con 0x7f786c0fba70
2022-03-21T08:29:04.137 INFO:teuthology.orchestra.run.smithi117.stderr:/usr/bin/ceph:
2022-03-21T08:29:04.132+0000 7f785a7fc700 1 -- 172.21.15.117:0/3089554797 <== mon.0 v2:172.21.15.117:3300/0 3 ==== mon_map magic: 0 v1 ==== 229+0+0 (secure 0 0 0) 0x7f786801a760 con 0x7f786c0fba70
2022-03-21T08:29:04.137 INFO:teuthology.orchestra.run.smithi117.stderr:/usr/bin/ceph:
2022-03-21T08:29:04.132+0000 7f7872dc3700 1 -- 172.21.15.117:0/3089554797 --> [v2:172.21.15.117:3300/0,v1:172.21.15.117:6789/0] -- mon_subscribe({osdmap=0}) v3 -- 0x7f786c10d510 con 0x7f786c0fba70
2022-03-21T08:29:04.138 INFO:teuthology.orchestra.run.smithi117.stderr:/usr/bin/ceph:
2022-03-21T08:29:04.133+0000 7f785a7fc700 1 -- 172.21.15.117:0/3089554797 <== mon.0 v2:172.21.15.117:3300/0 4 ==== mgrmap(e 12) v1 ==== 36195+0+0 (secure 0 0 0) 0x7f786802b070 con 0x7f786c0fba70
2022-03-21T08:29:04.138 INFO:teuthology.orchestra.run.smithi117.stderr:/usr/bin/ceph:
2022-03-21T08:29:04.133+0000 7f7872dc3700 1 -- 172.21.15.117:0/3089554797 --> [v2:172.21.15.117:3300/0,v1:172.21.15.117:6789/0] -- mon_command({"prefix": "get_command_descriptions"} v 0) v1 -- 0x7f786c045ad0 con 0x7f786c0fba70
2022-03-21T08:29:04.138 INFO:teuthology.orchestra.run.smithi117.stderr:/usr/bin/ceph:
2022-03-21T08:29:04.133+0000 7f785a7fc700 1 --2- 172.21.15.117:0/3089554797 >> [v2:172.21.15.117:6800/2992081443,v1:172.21.15.117:6801/2992081443] conn(0x7f785402feb0 0x7f7854032370 unknown :-1 s=NONE pgs=0 cs=0 l=1 rev1=0 rx=0 tx=0).connect
2022-03-21T08:29:04.138 INFO:teuthology.orchestra.run.smithi117.stderr:/usr/bin/ceph:
2022-03-21T08:29:04.133+0000 7f785a7fc700 1 -- 172.21.15.117:0/3089554797 <== mon.0 v2:172.21.15.117:3300/0 5 ==== osd_map(3..3 src has 1..3) v4 ==== 1065+0+0 (secure 0 0 0) 0x7f78680416e0 con 0x7f786c0fba70
2022-03-21T08:29:04.139 INFO:teuthology.orchestra.run.smithi117.stderr:/usr/bin/ceph:
2022-03-21T08:29:04.134+0000 7f78715c0700 1 --2- 172.21.15.117:0/3089554797 >> [v2:172.21.15.117:6800/2992081443,v1:172.21.15.117:6801/2992081443] conn(0x7f785402feb0 0x7f7854032370 unknown :-1 s=BANNER_CONNECTING pgs=0 cs=0 l=1 rev1=0 rx=0 tx=0)._handle_peer_banner_payload supported=1 required=0
2022-03-21T08:29:04.139 INFO:teuthology.orchestra.run.smithi117.stderr:/usr/bin/ceph:
2022-03-21T08:29:04.134+0000 7f78715c0700 1 --2- 172.21.15.117:0/3089554797 >> [v2:172.21.15.117:6800/2992081443,v1:172.21.15.117:6801/2992081443] conn(0x7f785402feb0 0x7f7854032370 secure :-1 s=READY pgs=9 cs=0 l=1 rev1=1 rx=0x7f785c0096a0 tx=0x7f785c006b40).ready entity=mgr.14142 client_cookie=0 server_cookie=0 in_seq=0 out_seq=0
2022-03-21T08:29:04.139 INFO:teuthology.orchestra.run.smithi117.stderr:/usr/bin/ceph:
2022-03-21T08:29:04.138+0000 7f785a7fc700 1 -- 172.21.15.117:0/3089554797 <== mon.0 v2:172.21.15.117:3300/0 6 ==== mon_command_ack([{"prefix": "get_command_descriptions"}]=0 v0) v1 ==== 72+0+152212 (secure 0 0 0) 0x7f786802b8b0 con 0x7f786c0fba70
2022-03-21T08:29:04.306 INFO:teuthology.orchestra.run.smithi117.stderr:/usr/bin/ceph:
2022-03-21T08:29:04.299+0000 7f7872dc3700 1 -- 172.21.15.117:0/3089554797 --> [v2:172.21.15.117:3300/0,v1:172.21.15.117:6789/0] -- mon_command([{prefix=config set, name=mgr/cephadm/container_init}] v 0) v1 -- 0x7f786c0fd7c0 con 0x7f786c0fba70
2022-03-21T08:29:04.307 INFO:teuthology.orchestra.run.smithi117.stderr:/usr/bin/ceph:
2022-03-21T08:29:04.302+0000 7f785a7fc700 1 -- 172.21.15.117:0/3089554797 <== mon.0 v2:172.21.15.117:3300/0 7 ==== mon_command_ack([{prefix=config set, name=mgr/cephadm/container_init}]=0 v9)=0 v9) v1 ==== 142+0+0 (secure 0 0 0) 0x7f786801f020 con 0x7f786c0fba70
2022-03-21T08:29:04.307 INFO:teuthology.orchestra.run.smithi117.stderr:/usr/bin/ceph:
2022-03-21T08:29:04.305+0000 7f7872dc3700 1 -- 172.21.15.117:0/3089554797 >> [v2:172.21.15.117:6800/2992081443,v1:172.21.15.117:6801/2992081443] conn(0x7f785402feb0 msgr2=0x7f7854032370 secure :-1 s=STATE_CONNECTION_ESTABLISHED l=1).mark_down
2022-03-21T08:29:04.307 INFO:teuthology.orchestra.run.smithi117.stderr:/usr/bin/ceph:
2022-03-21T08:29:04.305+0000 7f7872dc3700 1 --2- 172.21.15.117:0/3089554797 >> [v2:172.21.15.117:6800/2992081443,v1:172.21.15.117:6801/2992081443] conn(0x7f785402feb0 0x7f7854032370 secure :-1 s=READY pgs=9 cs=0 l=1 rev1=1 rx=0x7f785c0096a0 tx=0x7f785c006b40).stop
2022-03-21T08:29:04.308 INFO:teuthology.orchestra.run.smithi117.stderr:/usr/bin/ceph:
2022-03-21T08:29:04.305+0000 7f7872dc3700 1 -- 172.21.15.117:0/3089554797 >> [v2:172.21.15.117:3300/0,v1:172.21.15.117:6789/0] conn(0x7f786c0fba70 msgr2=0x7f786c10ca10 secure :-1 s=STATE_CONNECTION_ESTABLISHED l=1).mark_down
2022-03-21T08:29:04.308 INFO:teuthology.orchestra.run.smithi117.stderr:/usr/bin/ceph:
2022-03-21T08:29:04.305+0000 7f7872dc3700 1 --2- 172.21.15.117:0/3089554797 >> [v2:172.21.15.117:3300/0,v1:172.21.15.117:6789/0] conn(0x7f786c0fba70 0x7f786c10ca10 secure :-1 s=READY pgs=63 cs=0 l=1 rev1=1 rx=0x7f7868011de0 tx=0x7f7868006ee0).stop
2022-03-21T08:29:04.308 INFO:teuthology.orchestra.run.smithi117.stderr:/usr/bin/ceph:
2022-03-21T08:29:04.305+0000 7f7872dc3700 1 -- 172.21.15.117:0/3089554797 shutdown_connections
2022-03-21T08:29:04.308 INFO:teuthology.orchestra.run.smithi117.stderr:/usr/bin/ceph:
2022-03-21T08:29:04.305+0000 7f7872dc3700 1 --2- 172.21.15.117:0/3089554797 >> [v2:172.21.15.117:6800/2992081443,v1:172.21.15.117:6801/2992081443] conn(0x7f785402feb0 0x7f7854032370 unknown :-1 s=CLOSED pgs=9 cs=0 l=1 rev1=1 rx=0 tx=0).stop
2022-03-21T08:29:04.309 INFO:teuthology.orchestra.run.smithi117.stderr:/usr/bin/ceph:
2022-03-21T08:29:04.305+0000 7f7872dc3700 1 --2- 172.21.15.117:0/3089554797 >> [v2:172.21.15.117:3300/0,v1:172.21.15.117:6789/0] conn(0x7f786c0fba70 0x7f786c10ca10 unknown :-1 s=CLOSED pgs=63 cs=0 l=1 rev1=1 rx=0 tx=0).stop
2022-03-21T08:29:04.309 INFO:teuthology.orchestra.run.smithi117.stderr:/usr/bin/ceph:
2022-03-21T08:29:04.305+0000 7f7872dc3700 1 -- 172.21.15.117:0/3089554797 >> 172.21.15.117:0/3089554797 conn(0x7f786c0f7290 msgr2=0x7f786c0f8d90 unknown :-1 s=STATE_NONE l=0).mark_down
2022-03-21T08:29:04.309 INFO:teuthology.orchestra.run.smithi117.stderr:/usr/bin/ceph:
2022-03-21T08:29:04.305+0000 7f7872dc3700 1 -- 172.21.15.117:0/3089554797 shutdown_connections
2022-03-21T08:29:04.309 INFO:teuthology.orchestra.run.smithi117.stderr:/usr/bin/ceph:
2022-03-21T08:29:04.305+0000 7f7872dc3700 1 -- 172.21.15.117:0/3089554797 wait complete.
2022-03-21T08:29:04.476 INFO:journalctl@ceph.mon.smithi117.smithi117.stdout:Mar 21 08:29:04 smithi117 ceph-c398ce98-a8f0-11ec-8c35-001a4aab830c-mon.smithi117[29711]: audit
2022-03-21T08:29:03.215267+0000 mgr.smithi117.azucyr (mgr.14142) 7 : audit [DBG] from='client.14154 -' entity='client.admin' cmd=[{"prefix": "orch apply", "service_type": "alertmanager", "target": ["mon-mgr", ""]}]: dispatch
2022-03-21T08:29:04.476 INFO:journalctl@ceph.mon.smithi117.smithi117.stdout:Mar 21 08:29:04 smithi117 ceph-c398ce98-a8f0-11ec-8c35-001a4aab830c-mon.smithi117[29711]: cephadm
2022-03-21T08:29:03.215819+0000 mgr.smithi117.azucyr (mgr.14142) 8 : cephadm [INF] Saving service alertmanager spec with placement count:1
2022-03-21T08:29:04.477 INFO:journalctl@ceph.mon.smithi117.smithi117.stdout:Mar 21 08:29:04 smithi117 ceph-c398ce98-a8f0-11ec-8c35-001a4aab830c-mon.smithi117[29711]: audit
2022-03-21T08:29:03.218324+0000 mon.smithi117 (mon.0) 85 : audit [INF] from='mgr.14142 172.21.15.117:0/4211627966' entity='mgr.smithi117.azucyr'
2022-03-21T08:29:04.681 INFO:teuthology.orchestra.run.smithi117.stderr:Running command: /bin/podman run --rm --ipc=host --no-hosts --net=host --entrypoint /usr/bin/ceph --init -e CONTAINER_IMAGE=docker.io/ceph/ceph:v16.2.4 -e NODE_NAME=smithi117 -e CEPH_USE_RANDOM_NONCE=1 -v /var/log/ceph/c398ce98-a8f0-11ec-8c35-001a4aab830c:/var/log/ceph:z -v /tmp/ceph-tmptlqd5197:/etc/ceph/ceph.client.admin.keyring:z -v /tmp/ceph-tmp1r3jo841:/etc/ceph/ceph.conf:z docker.io/ceph/ceph:v16.2.4 config set mgr mgr/dashboard/ssl_server_port 8443
2022-03-21T08:29:04.765 INFO:teuthology.orchestra.run.smithi117.stderr:/usr/bin/ceph: Your kernel does not support pids limit capabilities or the cgroup is not mounted. PIDs limit discarded.
2022-03-21T08:29:05.231 INFO:teuthology.orchestra.run.smithi117.stderr:/usr/bin/ceph:
2022-03-21T08:29:05.230+0000 7f2b6f59e700 1 Processor -- start
2022-03-21T08:29:05.231 INFO:teuthology.orchestra.run.smithi117.stderr:/usr/bin/ceph:
2022-03-21T08:29:05.230+0000 7f2b6f59e700 1 -- start start
2022-03-21T08:29:05.231 INFO:teuthology.orchestra.run.smithi117.stderr:/usr/bin/ceph:
2022-03-21T08:29:05.231+0000 7f2b6f59e700 1 --2- >> [v2:172.21.15.117:3300/0,v1:172.21.15.117:6789/0] conn(0x7f2b7006fbd0 0x7f2b700fe6c0 unknown :-1 s=NONE pgs=0 cs=0 l=0 rev1=0 rx=0 tx=0).connect
2022-03-21T08:29:05.232 INFO:teuthology.orchestra.run.smithi117.stderr:/usr/bin/ceph:
2022-03-21T08:29:05.231+0000 7f2b6f59e700 1 -- --> [v2:172.21.15.117:3300/0,v1:172.21.15.117:6789/0] -- mon_getmap magic: 0 v1 -- 0x7f2b700febb0 con 0x7f2b7006fbd0
2022-03-21T08:29:05.232 INFO:teuthology.orchestra.run.smithi117.stderr:/usr/bin/ceph:
2022-03-21T08:29:05.231+0000 7f2b6e59c700 1 --2- >> [v2:172.21.15.117:3300/0,v1:172.21.15.117:6789/0] conn(0x7f2b7006fbd0 0x7f2b700fe6c0 unknown :-1 s=BANNER_CONNECTING pgs=0 cs=0 l=0 rev1=0 rx=0 tx=0)._handle_peer_banner_payload supported=1 required=0
2022-03-21T08:29:05.232 INFO:teuthology.orchestra.run.smithi117.stderr:/usr/bin/ceph:
2022-03-21T08:29:05.231+0000 7f2b6e59c700 1 --2- >> [v2:172.21.15.117:3300/0,v1:172.21.15.117:6789/0] conn(0x7f2b7006fbd0 0x7f2b700fe6c0 unknown :-1 s=HELLO_CONNECTING pgs=0 cs=0 l=0 rev1=1 rx=0 tx=0).handle_hello peer v2:172.21.15.117:3300/0 says I am v2:172.21.15.117:37640/0 (socket says 172.21.15.117:37640)
2022-03-21T08:29:05.232 INFO:teuthology.orchestra.run.smithi117.stderr:/usr/bin/ceph:
2022-03-21T08:29:05.231+0000 7f2b6e59c700 1 -- 172.21.15.117:0/533345503 learned_addr learned my addr 172.21.15.117:0/533345503 (peer_addr_for_me v2:172.21.15.117:0/0)
2022-03-21T08:29:05.233 INFO:teuthology.orchestra.run.smithi117.stderr:/usr/bin/ceph:
2022-03-21T08:29:05.232+0000 7f2b6e59c700 1 -- 172.21.15.117:0/533345503 --> [v2:172.21.15.117:3300/0,v1:172.21.15.117:6789/0] -- mon_subscribe({config=0+,monmap=0+}) v3 -- 0x7f2b700fecf0 con 0x7f2b7006fbd0
2022-03-21T08:29:05.233 INFO:teuthology.orchestra.run.smithi117.stderr:/usr/bin/ceph:
2022-03-21T08:29:05.232+0000 7f2b6e59c700 1 --2- 172.21.15.117:0/533345503 >> [v2:172.21.15.117:3300/0,v1:172.21.15.117:6789/0] conn(0x7f2b7006fbd0 0x7f2b700fe6c0 secure :-1 s=READY pgs=64 cs=0 l=1 rev1=1 rx=0x7f2b6000b5f0 tx=0x7f2b60006ee0).ready entity=mon.0 client_cookie=389ec6fc1db977de server_cookie=0 in_seq=0 out_seq=0
2022-03-21T08:29:05.235 INFO:teuthology.orchestra.run.smithi117.stderr:/usr/bin/ceph:
2022-03-21T08:29:05.232+0000 7f2b6d59a700 1 -- 172.21.15.117:0/533345503 <== mon.0 v2:172.21.15.117:3300/0 1 ==== mon_map magic: 0 v1 ==== 229+0+0 (secure 0 0 0) 0x7f2b6000d600 con 0x7f2b7006fbd0
2022-03-21T08:29:05.235 INFO:teuthology.orchestra.run.smithi117.stderr:/usr/bin/ceph:
2022-03-21T08:29:05.232+0000 7f2b6d59a700 1 -- 172.21.15.117:0/533345503 <== mon.0 v2:172.21.15.117:3300/0 2 ==== config(25 keys) v1 ==== 1047+0+0 (secure 0 0 0) 0x7f2b6000dbf0 con 0x7f2b7006fbd0
2022-03-21T08:29:05.236 INFO:teuthology.orchestra.run.smithi117.stderr:/usr/bin/ceph:
2022-03-21T08:29:05.232+0000 7f2b6d59a700 1 -- 172.21.15.117:0/533345503 <== mon.0 v2:172.21.15.117:3300/0 3 ==== mon_map magic: 0 v1 ==== 229+0+0 (secure 0 0 0) 0x7f2b60011bf0 con 0x7f2b7006fbd0
2022-03-21T08:29:05.236 INFO:teuthology.orchestra.run.smithi117.stderr:/usr/bin/ceph:
2022-03-21T08:29:05.233+0000 7f2b6f59e700 1 -- 172.21.15.117:0/533345503 >> [v2:172.21.15.117:3300/0,v1:172.21.15.117:6789/0] conn(0x7f2b7006fbd0 msgr2=0x7f2b700fe6c0 secure :-1 s=STATE_CONNECTION_ESTABLISHED l=1).mark_down
2022-03-21T08:29:05.236 INFO:teuthology.orchestra.run.smithi117.stderr:/usr/bin/ceph:
2022-03-21T08:29:05.233+0000 7f2b6f59e700 1 --2- 172.21.15.117:0/533345503 >> [v2:172.21.15.117:3300/0,v1:172.21.15.117:6789/0] conn(0x7f2b7006fbd0 0x7f2b700fe6c0 secure :-1 s=READY pgs=64 cs=0 l=1 rev1=1 rx=0x7f2b6000b5f0 tx=0x7f2b60006ee0).stop
2022-03-21T08:29:05.236 INFO:teuthology.orchestra.run.smithi117.stderr:/usr/bin/ceph:
2022-03-21T08:29:05.233+0000 7f2b6f59e700 1 -- 172.21.15.117:0/533345503 shutdown_connections
2022-03-21T08:29:05.236 INFO:teuthology.orchestra.run.smithi117.stderr:/usr/bin/ceph:
2022-03-21T08:29:05.233+0000 7f2b6f59e700 1 --2- 172.21.15.117:0/533345503 >> [v2:172.21.15.117:3300/0,v1:172.21.15.117:6789/0] conn(0x7f2b7006fbd0 0x7f2b700fe6c0 unknown :-1 s=CLOSED pgs=64 cs=0 l=1 rev1=1 rx=0 tx=0).stop
2022-03-21T08:29:05.237 INFO:teuthology.orchestra.run.smithi117.stderr:/usr/bin/ceph:
2022-03-21T08:29:05.233+0000 7f2b6f59e700 1 -- 172.21.15.117:0/533345503 >> 172.21.15.117:0/533345503 conn(0x7f2b700f6180 msgr2=0x7f2b700f85a0 unknown :-1 s=STATE_NONE l=0).mark_down
2022-03-21T08:29:05.237 INFO:teuthology.orchestra.run.smithi117.stderr:/usr/bin/ceph:
2022-03-21T08:29:05.233+0000 7f2b6f59e700 1 -- 172.21.15.117:0/533345503 shutdown_connections
2022-03-21T08:29:05.237 INFO:teuthology.orchestra.run.smithi117.stderr:/usr/bin/ceph:
2022-03-21T08:29:05.233+0000 7f2b6f59e700 1 -- 172.21.15.117:0/533345503 wait complete.
2022-03-21T08:29:05.237 INFO:teuthology.orchestra.run.smithi117.stderr:/usr/bin/ceph:
2022-03-21T08:29:05.234+0000 7f2b6f59e700 1 Processor -- start
2022-03-21T08:29:05.238 INFO:teuthology.orchestra.run.smithi117.stderr:/usr/bin/ceph:
2022-03-21T08:29:05.235+0000 7f2b6f59e700 1 -- start start
2022-03-21T08:29:05.238 INFO:teuthology.orchestra.run.smithi117.stderr:/usr/bin/ceph:
2022-03-21T08:29:05.235+0000 7f2b6f59e700 1 --2- >> [v2:172.21.15.117:3300/0,v1:172.21.15.117:6789/0] conn(0x7f2b7006fbd0 0x7f2b700fc140 unknown :-1 s=NONE pgs=0 cs=0 l=1 rev1=0 rx=0 tx=0).connect
2022-03-21T08:29:05.238 INFO:teuthology.orchestra.run.smithi117.stderr:/usr/bin/ceph:
2022-03-21T08:29:05.235+0000 7f2b6f59e700 1 -- --> [v2:172.21.15.117:3300/0,v1:172.21.15.117:6789/0] -- mon_getmap magic: 0 v1 -- 0x7f2b700fa5c0 con 0x7f2b7006fbd0
2022-03-21T08:29:05.238 INFO:teuthology.orchestra.run.smithi117.stderr:/usr/bin/ceph:
2022-03-21T08:29:05.235+0000 7f2b6e59c700 1 --2- >> [v2:172.21.15.117:3300/0,v1:172.21.15.117:6789/0] conn(0x7f2b7006fbd0 0x7f2b700fc140 unknown :-1 s=BANNER_CONNECTING pgs=0 cs=0 l=1 rev1=0 rx=0 tx=0)._handle_peer_banner_payload supported=1 required=0
2022-03-21T08:29:05.238 INFO:teuthology.orchestra.run.smithi117.stderr:/usr/bin/ceph:
2022-03-21T08:29:05.235+0000 7f2b6e59c700 1 --2- >> [v2:172.21.15.117:3300/0,v1:172.21.15.117:6789/0] conn(0x7f2b7006fbd0 0x7f2b700fc140 unknown :-1 s=HELLO_CONNECTING pgs=0 cs=0 l=1 rev1=1 rx=0 tx=0).handle_hello peer v2:172.21.15.117:3300/0 says I am v2:172.21.15.117:37642/0 (socket says 172.21.15.117:37642)
2022-03-21T08:29:05.239 INFO:teuthology.orchestra.run.smithi117.stderr:/usr/bin/ceph:
2022-03-21T08:29:05.235+0000 7f2b6e59c700 1 -- 172.21.15.117:0/1193308625 learned_addr learned my addr 172.21.15.117:0/1193308625 (peer_addr_for_me v2:172.21.15.117:0/0)
2022-03-21T08:29:05.239 INFO:teuthology.orchestra.run.smithi117.stderr:/usr/bin/ceph:
2022-03-21T08:29:05.236+0000 7f2b6e59c700 1 -- 172.21.15.117:0/1193308625 --> [v2:172.21.15.117:3300/0,v1:172.21.15.117:6789/0] -- mon_subscribe({config=0+,monmap=0+}) v3 -- 0x7f2b6000b200 con 0x7f2b7006fbd0
2022-03-21T08:29:05.239 INFO:teuthology.orchestra.run.smithi117.stderr:/usr/bin/ceph:
2022-03-21T08:29:05.236+0000 7f2b6e59c700 1 --2- 172.21.15.117:0/1193308625 >> [v2:172.21.15.117:3300/0,v1:172.21.15.117:6789/0] conn(0x7f2b7006fbd0 0x7f2b700fc140 secure :-1 s=READY pgs=65 cs=0 l=1 rev1=1 rx=0x7f2b60006800 tx=0x7f2b60006ee0).ready entity=mon.0 client_cookie=0 server_cookie=0 in_seq=0 out_seq=0
2022-03-21T08:29:05.239 INFO:teuthology.orchestra.run.smithi117.stderr:/usr/bin/ceph:
2022-03-21T08:29:05.236+0000 7f2b5effd700 1 -- 172.21.15.117:0/1193308625 <== mon.0 v2:172.21.15.117:3300/0 1 ==== mon_map magic: 0 v1 ==== 229+0+0 (secure 0 0 0) 0x7f2b6000dec0 con 0x7f2b7006fbd0
2022-03-21T08:29:05.240 INFO:teuthology.orchestra.run.smithi117.stderr:/usr/bin/ceph:
2022-03-21T08:29:05.236+0000 7f2b5effd700 1 -- 172.21.15.117:0/1193308625 <== mon.0 v2:172.21.15.117:3300/0 2 ==== config(25 keys) v1 ==== 1047+0+0 (secure 0 0 0) 0x7f2b6001b8a0 con 0x7f2b7006fbd0
2022-03-21T08:29:05.241 INFO:teuthology.orchestra.run.smithi117.stderr:/usr/bin/ceph:
2022-03-21T08:29:05.236+0000 7f2b6f59e700 1 -- 172.21.15.117:0/1193308625 --> [v2:172.21.15.117:3300/0,v1:172.21.15.117:6789/0] -- mon_subscribe({mgrmap=0+}) v3 -- 0x7f2b700fa760 con 0x7f2b7006fbd0
2022-03-21T08:29:05.241 INFO:teuthology.orchestra.run.smithi117.stderr:/usr/bin/ceph:
2022-03-21T08:29:05.236+0000 7f2b5effd700 1 -- 172.21.15.117:0/1193308625 <== mon.0 v2:172.21.15.117:3300/0 3 ==== mon_map magic: 0 v1 ==== 229+0+0 (secure 0 0 0) 0x7f2b6001a7b0 con 0x7f2b7006fbd0
2022-03-21T08:29:05.241 INFO:teuthology.orchestra.run.smithi117.stderr:/usr/bin/ceph:
2022-03-21T08:29:05.236+0000 7f2b6f59e700 1 -- 172.21.15.117:0/1193308625 --> [v2:172.21.15.117:3300/0,v1:172.21.15.117:6789/0] -- mon_subscribe({osdmap=0}) v3 -- 0x7f2b700fab70 con 0x7f2b7006fbd0
2022-03-21T08:29:05.241 INFO:teuthology.orchestra.run.smithi117.stderr:/usr/bin/ceph:
2022-03-21T08:29:05.237+0000 7f2b5effd700 1 -- 172.21.15.117:0/1193308625 <== mon.0 v2:172.21.15.117:3300/0 4 ==== mgrmap(e 12) v1 ==== 36195+0+0 (secure 0 0 0) 0x7f2b6002b070 con 0x7f2b7006fbd0
2022-03-21T08:29:05.242 INFO:teuthology.orchestra.run.smithi117.stderr:/usr/bin/ceph:
2022-03-21T08:29:05.238+0000 7f2b6f59e700 1 -- 172.21.15.117:0/1193308625 --> [v2:172.21.15.117:3300/0,v1:172.21.15.117:6789/0] -- mon_command({"prefix": "get_command_descriptions"} v 0) v1 -- 0x7f2b70045ad0 con 0x7f2b7006fbd0
2022-03-21T08:29:05.242 INFO:teuthology.orchestra.run.smithi117.stderr:/usr/bin/ceph:
2022-03-21T08:29:05.238+0000 7f2b5effd700 1 --2- 172.21.15.117:0/1193308625 >> [v2:172.21.15.117:6800/2992081443,v1:172.21.15.117:6801/2992081443] conn(0x7f2b5402feb0 0x7f2b54032370 unknown :-1 s=NONE pgs=0 cs=0 l=1 rev1=0 rx=0 tx=0).connect
2022-03-21T08:29:05.242 INFO:teuthology.orchestra.run.smithi117.stderr:/usr/bin/ceph:
2022-03-21T08:29:05.238+0000 7f2b5effd700 1 -- 172.21.15.117:0/1193308625 <== mon.0 v2:172.21.15.117:3300/0 5 ==== osd_map(3..3 src has 1..3) v4 ==== 1065+0+0 (secure 0 0 0) 0x7f2b600416e0 con 0x7f2b7006fbd0
2022-03-21T08:29:05.242 INFO:teuthology.orchestra.run.smithi117.stderr:/usr/bin/ceph:
2022-03-21T08:29:05.238+0000 7f2b6dd9b700 1 --2- 172.21.15.117:0/1193308625 >> [v2:172.21.15.117:6800/2992081443,v1:172.21.15.117:6801/2992081443] conn(0x7f2b5402feb0 0x7f2b54032370 unknown :-1 s=BANNER_CONNECTING pgs=0 cs=0 l=1 rev1=0 rx=0 tx=0)._handle_peer_banner_payload supported=1 required=0
2022-03-21T08:29:05.243 INFO:teuthology.orchestra.run.smithi117.stderr:/usr/bin/ceph:
2022-03-21T08:29:05.239+0000 7f2b6dd9b700 1 --2- 172.21.15.117:0/1193308625 >> [v2:172.21.15.117:6800/2992081443,v1:172.21.15.117:6801/2992081443] conn(0x7f2b5402feb0 0x7f2b54032370 secure :-1 s=READY pgs=10 cs=0 l=1 rev1=1 rx=0x7f2b640096a0 tx=0x7f2b64006b40).ready entity=mgr.14142 client_cookie=0 server_cookie=0 in_seq=0 out_seq=0
2022-03-21T08:29:05.243 INFO:teuthology.orchestra.run.smithi117.stderr:/usr/bin/ceph:
2022-03-21T08:29:05.243+0000 7f2b5effd700 1 -- 172.21.15.117:0/1193308625 <== mon.0 v2:172.21.15.117:3300/0 6 ==== mon_command_ack([{"prefix": "get_command_descriptions"}]=0 v0) v1 ==== 72+0+152212 (secure 0 0 0) 0x7f2b6002b6c0 con 0x7f2b7006fbd0
2022-03-21T08:29:05.404 INFO:teuthology.orchestra.run.smithi117.stderr:/usr/bin/ceph:
2022-03-21T08:29:05.404+0000 7f2b6f59e700 1 -- 172.21.15.117:0/1193308625 --> [v2:172.21.15.117:3300/0,v1:172.21.15.117:6789/0] -- mon_command([{prefix=config set, name=mgr/dashboard/ssl_server_port}] v 0) v1 -- 0x7f2b700ffb20 con 0x7f2b7006fbd0
2022-03-21T08:29:05.407 INFO:teuthology.orchestra.run.smithi117.stderr:/usr/bin/ceph:
2022-03-21T08:29:05.408+0000 7f2b5effd700 1 -- 172.21.15.117:0/1193308625 <== mon.0 v2:172.21.15.117:3300/0 7 ==== mon_command_ack([{prefix=config set, name=mgr/dashboard/ssl_server_port}]=0 v10)=0 v10) v1 ==== 130+0+0 (secure 0 0 0) 0x7f2b60016070 con 0x7f2b7006fbd0
2022-03-21T08:29:05.409 INFO:teuthology.orchestra.run.smithi117.stderr:/usr/bin/ceph:
2022-03-21T08:29:05.410+0000 7f2b6f59e700 1 -- 172.21.15.117:0/1193308625 >> [v2:172.21.15.117:6800/2992081443,v1:172.21.15.117:6801/2992081443] conn(0x7f2b5402feb0 msgr2=0x7f2b54032370 secure :-1 s=STATE_CONNECTION_ESTABLISHED l=1).mark_down
2022-03-21T08:29:05.409 INFO:teuthology.orchestra.run.smithi117.stderr:/usr/bin/ceph:
2022-03-21T08:29:05.410+0000 7f2b6f59e700 1 --2- 172.21.15.117:0/1193308625 >> [v2:172.21.15.117:6800/2992081443,v1:172.21.15.117:6801/2992081443] conn(0x7f2b5402feb0 0x7f2b54032370 secure :-1 s=READY pgs=10 cs=0 l=1 rev1=1 rx=0x7f2b640096a0 tx=0x7f2b64006b40).stop
2022-03-21T08:29:05.411 INFO:teuthology.orchestra.run.smithi117.stderr:/usr/bin/ceph:
2022-03-21T08:29:05.410+0000 7f2b6f59e700 1 -- 172.21.15.117:0/1193308625 >> [v2:172.21.15.117:3300/0,v1:172.21.15.117:6789/0] conn(0x7f2b7006fbd0 msgr2=0x7f2b700fc140 secure :-1 s=STATE_CONNECTION_ESTABLISHED l=1).mark_down
2022-03-21T08:29:05.411 INFO:teuthology.orchestra.run.smithi117.stderr:/usr/bin/ceph:
2022-03-21T08:29:05.410+0000 7f2b6f59e700 1 --2- 172.21.15.117:0/1193308625 >> [v2:172.21.15.117:3300/0,v1:172.21.15.117:6789/0] conn(0x7f2b7006fbd0 0x7f2b700fc140 secure :-1 s=READY pgs=65 cs=0 l=1 rev1=1 rx=0x7f2b60006800 tx=0x7f2b60006ee0).stop
