2022-03-21T13:03:12.456 INFO:teuthology.orchestra.run.smithi082.stderr:/usr/bin/ceph:
2022-03-21T13:03:12.447+0000 7f9688ff9700 1 --2- 172.21.15.82:0/2842850271 >> [v2:172.21.15.82:6800/2778861547,v1:172.21.15.82:6801/2778861547] conn(0x7f9678034b80 0x7f9678037030 unknown :-1 s=NONE pgs=0 cs=0 l=1 rev1=0 crypto rx=0 tx=0 comp rx=0 tx=0).connect
2022-03-21T13:03:12.456 INFO:teuthology.orchestra.run.smithi082.stderr:/usr/bin/ceph:
2022-03-21T13:03:12.447+0000 7f9688ff9700 1 -- 172.21.15.82:0/2842850271 <== mon.0 v2:172.21.15.82:3300/0 5 ==== osd_map(2..2 src has 1..2) v4 ==== 936+0+0 (secure 0 0 0) 0x7f967c048b10 con 0x7f968c1019a0
2022-03-21T13:03:12.457 INFO:teuthology.orchestra.run.smithi082.stderr:/usr/bin/ceph:
2022-03-21T13:03:12.447+0000 7f968b7fe700 1 --2- 172.21.15.82:0/2842850271 >> [v2:172.21.15.82:6800/2778861547,v1:172.21.15.82:6801/2778861547] conn(0x7f9678034b80 0x7f9678037030 unknown :-1 s=BANNER_CONNECTING pgs=0 cs=0 l=1 rev1=0 crypto rx=0 tx=0 comp rx=0 tx=0)._handle_peer_banner_payload supported=3 required=0
2022-03-21T13:03:12.457 INFO:teuthology.orchestra.run.smithi082.stderr:/usr/bin/ceph:
2022-03-21T13:03:12.447+0000 7f96927e9700 1 -- 172.21.15.82:0/2842850271 --> [v2:172.21.15.82:3300/0,v1:172.21.15.82:6789/0] -- mon_command({"prefix": "get_command_descriptions"} v 0) v1 -- 0x7f966c005160 con 0x7f968c1019a0
2022-03-21T13:03:12.457 INFO:teuthology.orchestra.run.smithi082.stderr:/usr/bin/ceph:
2022-03-21T13:03:12.447+0000 7f968b7fe700 1 --2- 172.21.15.82:0/2842850271 >> [v2:172.21.15.82:6800/2778861547,v1:172.21.15.82:6801/2778861547] conn(0x7f9678034b80 0x7f9678037030 secure :-1 s=READY pgs=10 cs=0 l=1 rev1=1 crypto rx=0x7f9680009780 tx=0x7f9680006cc0 comp rx=0 tx=0).ready entity=mgr.14118 client_cookie=0 server_cookie=0 in_seq=0 out_seq=0
2022-03-21T13:03:12.457 INFO:teuthology.orchestra.run.smithi082.stderr:/usr/bin/ceph:
2022-03-21T13:03:12.452+0000 7f9688ff9700 1 -- 172.21.15.82:0/2842850271 <== mon.0 v2:172.21.15.82:3300/0 6 ==== mon_command_ack([{"prefix": "get_command_descriptions"}]=0 v0) v1 ==== 72+0+163627 (secure 0 0 0) 0x7f967c018940 con 0x7f968c1019a0
2022-03-21T13:03:12.623 INFO:teuthology.orchestra.run.smithi082.stderr:/usr/bin/ceph:
2022-03-21T13:03:12.621+0000 7f96927e9700 1 -- 172.21.15.82:0/2842850271 --> [v2:172.21.15.82:6800/2778861547,v1:172.21.15.82:6801/2778861547] -- mgr_command(tid 0: {"prefix": "cephadm get-pub-key", "target": ["mon-mgr", ""]}) v1 -- 0x7f966c000bf0 con 0x7f9678034b80
2022-03-21T13:03:12.624 INFO:teuthology.orchestra.run.smithi082.stderr:/usr/bin/ceph:
2022-03-21T13:03:12.622+0000 7f9688ff9700 1 -- 172.21.15.82:0/2842850271 <== mgr.14118 v2:172.21.15.82:6800/2778861547 1 ==== mgr_command_reply(tid 0: 0 ) v1 ==== 8+0+595 (secure 0 0 0) 0x7f966c000bf0 con 0x7f9678034b80
2022-03-21T13:03:12.624 INFO:teuthology.orchestra.run.smithi082.stderr:/usr/bin/ceph: ssh-rsa AAAAB3NzaC1yc2EAAAADAQABAAABgQDMjKlE8JXXD7MsV08+R/VNAOzeNzb/yhnSbWbLkVaTOJhDnVp8S1OYlz94i+MwUEcyVCObOGb/LeyNxsRUHWqPH3/1Bax2mQfNsoqBrz/Qet3+ihOwjYTZOgGH++cScJagkoMZAK5e1kzAn4DGmbgjx45XTfBEyMo5PIFz2nmYRMGc7SC0dpqDEFUD5Tk+uqMKj5AsRvffDnGjDjERXB1NfF+HBXmfMzkTYkisrTZv9Hiv4sUQf5MZ2u/6jtuYvc/1v8XNJsR8dSyk+njFtNAQv/lvFtWBLIDAtWU+pX3tgNkd8B92uH4g4RRaUqqO8Dpe/2/RGknyAS2pREXBr77mRA2llM1qCzA9eF+yor/I0SkzwJ2kvzDc2lBcvKh8W8Wc52xkWy/aVpSeC5ytd1WNfeazVzpDsbFwS9Y9uiEqdROkLd7nMRqeJ/U29bD/J+YnisjmNZDmpZNrQ1ZQD+GN2Tyh6qydGeDVXQ/hEustI7NZGhQ9q2IRYA/YG91qKrs= ceph-1381f15c-a917-11ec-8c35-001a4aab830c
2022-03-21T13:03:12.625 INFO:teuthology.orchestra.run.smithi082.stderr:/usr/bin/ceph:
2022-03-21T13:03:12.623+0000 7f96927e9700 1 -- 172.21.15.82:0/2842850271 >> [v2:172.21.15.82:6800/2778861547,v1:172.21.15.82:6801/2778861547] conn(0x7f9678034b80 msgr2=0x7f9678037030 secure :-1 s=STATE_CONNECTION_ESTABLISHED l=1).mark_down
2022-03-21T13:03:12.626 INFO:teuthology.orchestra.run.smithi082.stderr:/usr/bin/ceph:
2022-03-21T13:03:12.623+0000 7f96927e9700 1 --2- 172.21.15.82:0/2842850271 >> [v2:172.21.15.82:6800/2778861547,v1:172.21.15.82:6801/2778861547] conn(0x7f9678034b80 0x7f9678037030 secure :-1 s=READY pgs=10 cs=0 l=1 rev1=1 crypto rx=0x7f9680009780 tx=0x7f9680006cc0 comp rx=0 tx=0).stop
2022-03-21T13:03:12.626 INFO:teuthology.orchestra.run.smithi082.stderr:/usr/bin/ceph:
2022-03-21T13:03:12.624+0000 7f96927e9700 1 -- 172.21.15.82:0/2842850271 >> [v2:172.21.15.82:3300/0,v1:172.21.15.82:6789/0] conn(0x7f968c1019a0 msgr2=0x7f968c112d70 secure :-1 s=STATE_CONNECTION_ESTABLISHED l=1).mark_down
2022-03-21T13:03:12.626 INFO:teuthology.orchestra.run.smithi082.stderr:/usr/bin/ceph:
2022-03-21T13:03:12.624+0000 7f96927e9700 1 --2- 172.21.15.82:0/2842850271 >> [v2:172.21.15.82:3300/0,v1:172.21.15.82:6789/0] conn(0x7f968c1019a0 0x7f968c112d70 secure :-1 s=READY pgs=42 cs=0 l=1 rev1=1 crypto rx=0x7f967c004540 tx=0x7f967c0090f0 comp rx=0 tx=0).stop
2022-03-21T13:03:12.626 INFO:teuthology.orchestra.run.smithi082.stderr:/usr/bin/ceph:
2022-03-21T13:03:12.624+0000 7f96927e9700 1 -- 172.21.15.82:0/2842850271 shutdown_connections
2022-03-21T13:03:12.627 INFO:teuthology.orchestra.run.smithi082.stderr:/usr/bin/ceph:
2022-03-21T13:03:12.624+0000 7f96927e9700 1 --2- 172.21.15.82:0/2842850271 >> [v2:172.21.15.82:6800/2778861547,v1:172.21.15.82:6801/2778861547] conn(0x7f9678034b80 0x7f9678037030 unknown :-1 s=CLOSED pgs=10 cs=0 l=1 rev1=1 crypto rx=0 tx=0 comp rx=0 tx=0).stop
2022-03-21T13:03:12.627 INFO:teuthology.orchestra.run.smithi082.stderr:/usr/bin/ceph:
2022-03-21T13:03:12.624+0000 7f96927e9700 1 --2- 172.21.15.82:0/2842850271 >> [v2:172.21.15.82:3300/0,v1:172.21.15.82:6789/0] conn(0x7f968c1019a0 0x7f968c112d70 unknown :-1 s=CLOSED pgs=42 cs=0 l=1 rev1=1 crypto rx=0 tx=0 comp rx=0 tx=0).stop
2022-03-21T13:03:12.627 INFO:teuthology.orchestra.run.smithi082.stderr:/usr/bin/ceph:
2022-03-21T13:03:12.624+0000 7f96927e9700 1 -- 172.21.15.82:0/2842850271 >> 172.21.15.82:0/2842850271 conn(0x7f968c0fb330 msgr2=0x7f968c0fc010 unknown :-1 s=STATE_NONE l=0).mark_down
2022-03-21T13:03:12.627 INFO:teuthology.orchestra.run.smithi082.stderr:/usr/bin/ceph:
2022-03-21T13:03:12.624+0000 7f96927e9700 1 -- 172.21.15.82:0/2842850271 shutdown_connections
2022-03-21T13:03:12.627 INFO:teuthology.orchestra.run.smithi082.stderr:/usr/bin/ceph:
2022-03-21T13:03:12.624+0000 7f96927e9700 1 -- 172.21.15.82:0/2842850271 wait complete.
2022-03-21T13:03:12.990 INFO:journalctl@ceph.mon.a.smithi082.stdout:Mar 21 13:03:12 smithi082 ceph-mon[22400]: from='mgr.14118 172.21.15.82:0/1893590823' entity='mgr.x'
2022-03-21T13:03:12.990 INFO:journalctl@ceph.mon.a.smithi082.stdout:Mar 21 13:03:12 smithi082 ceph-mon[22400]: from='mgr.14118 172.21.15.82:0/1893590823' entity='mgr.x'
2022-03-21T13:03:13.009 INFO:teuthology.orchestra.run.smithi082.stderr:Wrote public SSH key to /home/ubuntu/cephtest/ceph.pub
2022-03-21T13:03:13.009 INFO:teuthology.orchestra.run.smithi082.stderr:Adding key to root@localhost authorized_keys...
2022-03-21T13:03:13.010 INFO:teuthology.orchestra.run.smithi082.stderr:Adding host smithi082...
2022-03-21T13:03:13.447 INFO:teuthology.orchestra.run.smithi082.stderr:/usr/bin/ceph:
2022-03-21T13:03:13.441+0000 7eff3acbb700 1 Processor -- start
2022-03-21T13:03:13.447 INFO:teuthology.orchestra.run.smithi082.stderr:/usr/bin/ceph:
2022-03-21T13:03:13.441+0000 7eff3acbb700 1 -- start start
2022-03-21T13:03:13.448 INFO:teuthology.orchestra.run.smithi082.stderr:/usr/bin/ceph:
2022-03-21T13:03:13.441+0000 7eff3acbb700 1 --2- >> [v2:172.21.15.82:3300/0,v1:172.21.15.82:6789/0] conn(0x7eff34102ba0 0x7eff34102fb0 unknown :-1 s=NONE pgs=0 cs=0 l=0 rev1=0 crypto rx=0 tx=0 comp rx=0 tx=0).connect
2022-03-21T13:03:13.448 INFO:teuthology.orchestra.run.smithi082.stderr:/usr/bin/ceph:
2022-03-21T13:03:13.441+0000 7eff3acbb700 1 -- --> [v2:172.21.15.82:3300/0,v1:172.21.15.82:6789/0] -- mon_getmap magic: 0 v1 -- 0x7eff341034f0 con 0x7eff34102ba0
2022-03-21T13:03:13.448 INFO:teuthology.orchestra.run.smithi082.stderr:/usr/bin/ceph:
2022-03-21T13:03:13.441+0000 7eff38a57700 1 --2- >> [v2:172.21.15.82:3300/0,v1:172.21.15.82:6789/0] conn(0x7eff34102ba0 0x7eff34102fb0 unknown :-1 s=BANNER_CONNECTING pgs=0 cs=0 l=0 rev1=0 crypto rx=0 tx=0 comp rx=0 tx=0)._handle_peer_banner_payload supported=3 required=0
2022-03-21T13:03:13.448 INFO:teuthology.orchestra.run.smithi082.stderr:/usr/bin/ceph:
2022-03-21T13:03:13.441+0000 7eff38a57700 1 --2- >> [v2:172.21.15.82:3300/0,v1:172.21.15.82:6789/0] conn(0x7eff34102ba0 0x7eff34102fb0 unknown :-1 s=HELLO_CONNECTING pgs=0 cs=0 l=0 rev1=1 crypto rx=0 tx=0 comp rx=0 tx=0).handle_hello peer v2:172.21.15.82:3300/0 says I am v2:172.21.15.82:42240/0 (socket says 172.21.15.82:42240)
2022-03-21T13:03:13.449 INFO:teuthology.orchestra.run.smithi082.stderr:/usr/bin/ceph:
2022-03-21T13:03:13.441+0000 7eff38a57700 1 -- 172.21.15.82:0/1732156330 learned_addr learned my addr 172.21.15.82:0/1732156330 (peer_addr_for_me v2:172.21.15.82:0/0)
2022-03-21T13:03:13.449 INFO:teuthology.orchestra.run.smithi082.stderr:/usr/bin/ceph:
2022-03-21T13:03:13.442+0000 7eff38a57700 1 -- 172.21.15.82:0/1732156330 --> [v2:172.21.15.82:3300/0,v1:172.21.15.82:6789/0] -- mon_subscribe({config=0+,monmap=0+}) v3 -- 0x7eff34103630 con 0x7eff34102ba0
2022-03-21T13:03:13.449 INFO:teuthology.orchestra.run.smithi082.stderr:/usr/bin/ceph:
2022-03-21T13:03:13.442+0000 7eff38a57700 1 --2- 172.21.15.82:0/1732156330 >> [v2:172.21.15.82:3300/0,v1:172.21.15.82:6789/0] conn(0x7eff34102ba0 0x7eff34102fb0 secure :-1 s=READY pgs=43 cs=0 l=1 rev1=1 crypto rx=0x7eff28009730 tx=0x7eff280090f0 comp rx=0 tx=0).ready entity=mon.0 client_cookie=8e9d5f61c14ed483 server_cookie=0 in_seq=0 out_seq=0
2022-03-21T13:03:13.449 INFO:teuthology.orchestra.run.smithi082.stderr:/usr/bin/ceph:
2022-03-21T13:03:13.442+0000 7eff337fe700 1 -- 172.21.15.82:0/1732156330 <== mon.0 v2:172.21.15.82:3300/0 1 ==== mon_map magic: 0 v1 ==== 205+0+0 (secure 0 0 0) 0x7eff28004030 con 0x7eff34102ba0
2022-03-21T13:03:13.449 INFO:teuthology.orchestra.run.smithi082.stderr:/usr/bin/ceph:
2022-03-21T13:03:13.442+0000 7eff337fe700 1 -- 172.21.15.82:0/1732156330 <== mon.0 v2:172.21.15.82:3300/0 2 ==== config(26 keys) v1 ==== 1056+0+0 (secure 0 0 0) 0x7eff28004190 con 0x7eff34102ba0
2022-03-21T13:03:13.450 INFO:teuthology.orchestra.run.smithi082.stderr:/usr/bin/ceph:
2022-03-21T13:03:13.442+0000 7eff337fe700 1 -- 172.21.15.82:0/1732156330 <== mon.0 v2:172.21.15.82:3300/0 3 ==== mon_map magic: 0 v1 ==== 205+0+0 (secure 0 0 0) 0x7eff28003750 con 0x7eff34102ba0
2022-03-21T13:03:13.450 INFO:teuthology.orchestra.run.smithi082.stderr:/usr/bin/ceph:
2022-03-21T13:03:13.442+0000 7eff3acbb700 1 -- 172.21.15.82:0/1732156330 >> [v2:172.21.15.82:3300/0,v1:172.21.15.82:6789/0] conn(0x7eff34102ba0 msgr2=0x7eff34102fb0 secure :-1 s=STATE_CONNECTION_ESTABLISHED l=1).mark_down
2022-03-21T13:03:13.450 INFO:teuthology.orchestra.run.smithi082.stderr:/usr/bin/ceph:
2022-03-21T13:03:13.442+0000 7eff3acbb700 1 --2- 172.21.15.82:0/1732156330 >> [v2:172.21.15.82:3300/0,v1:172.21.15.82:6789/0] conn(0x7eff34102ba0 0x7eff34102fb0 secure :-1 s=READY pgs=43 cs=0 l=1 rev1=1 crypto rx=0x7eff28009730 tx=0x7eff280090f0 comp rx=0 tx=0).stop
2022-03-21T13:03:13.450 INFO:teuthology.orchestra.run.smithi082.stderr:/usr/bin/ceph:
2022-03-21T13:03:13.442+0000 7eff3acbb700 1 -- 172.21.15.82:0/1732156330 shutdown_connections
2022-03-21T13:03:13.451 INFO:teuthology.orchestra.run.smithi082.stderr:/usr/bin/ceph:
2022-03-21T13:03:13.442+0000 7eff3acbb700 1 --2- 172.21.15.82:0/1732156330 >> [v2:172.21.15.82:3300/0,v1:172.21.15.82:6789/0] conn(0x7eff34102ba0 0x7eff34102fb0 unknown :-1 s=CLOSED pgs=43 cs=0 l=1 rev1=1 crypto rx=0 tx=0 comp rx=0 tx=0).stop
2022-03-21T13:03:13.451 INFO:teuthology.orchestra.run.smithi082.stderr:/usr/bin/ceph:
2022-03-21T13:03:13.442+0000 7eff3acbb700 1 -- 172.21.15.82:0/1732156330 >> 172.21.15.82:0/1732156330 conn(0x7eff340fcd00 msgr2=0x7eff340ff110 unknown :-1 s=STATE_NONE l=0).mark_down
2022-03-21T13:03:13.451 INFO:teuthology.orchestra.run.smithi082.stderr:/usr/bin/ceph:
2022-03-21T13:03:13.442+0000 7eff3acbb700 1 -- 172.21.15.82:0/1732156330 shutdown_connections
2022-03-21T13:03:13.451 INFO:teuthology.orchestra.run.smithi082.stderr:/usr/bin/ceph:
2022-03-21T13:03:13.443+0000 7eff3acbb700 1 -- 172.21.15.82:0/1732156330 wait complete.
2022-03-21T13:03:13.452 INFO:teuthology.orchestra.run.smithi082.stderr:/usr/bin/ceph:
2022-03-21T13:03:13.443+0000 7eff3acbb700 1 Processor -- start
2022-03-21T13:03:13.452 INFO:teuthology.orchestra.run.smithi082.stderr:/usr/bin/ceph:
2022-03-21T13:03:13.443+0000 7eff3acbb700 1 -- start start
2022-03-21T13:03:13.452 INFO:teuthology.orchestra.run.smithi082.stderr:/usr/bin/ceph:
2022-03-21T13:03:13.443+0000 7eff3acbb700 1 --2- >> [v2:172.21.15.82:3300/0,v1:172.21.15.82:6789/0] conn(0x7eff34102ba0 0x7eff34110180 unknown :-1 s=NONE pgs=0 cs=0 l=1 rev1=0 crypto rx=0 tx=0 comp rx=0 tx=0).connect
2022-03-21T13:03:13.452 INFO:teuthology.orchestra.run.smithi082.stderr:/usr/bin/ceph:
2022-03-21T13:03:13.443+0000 7eff3acbb700 1 -- --> [v2:172.21.15.82:3300/0,v1:172.21.15.82:6789/0] -- mon_getmap magic: 0 v1 -- 0x7eff341106c0 con 0x7eff34102ba0
2022-03-21T13:03:13.453 INFO:teuthology.orchestra.run.smithi082.stderr:/usr/bin/ceph:
2022-03-21T13:03:13.443+0000 7eff38a57700 1 --2- >> [v2:172.21.15.82:3300/0,v1:172.21.15.82:6789/0] conn(0x7eff34102ba0 0x7eff34110180 unknown :-1 s=BANNER_CONNECTING pgs=0 cs=0 l=1 rev1=0 crypto rx=0 tx=0 comp rx=0 tx=0)._handle_peer_banner_payload supported=3 required=0
2022-03-21T13:03:13.453 INFO:teuthology.orchestra.run.smithi082.stderr:/usr/bin/ceph:
2022-03-21T13:03:13.443+0000 7eff38a57700 1 --2- >> [v2:172.21.15.82:3300/0,v1:172.21.15.82:6789/0] conn(0x7eff34102ba0 0x7eff34110180 unknown :-1 s=HELLO_CONNECTING pgs=0 cs=0 l=1 rev1=1 crypto rx=0 tx=0 comp rx=0 tx=0).handle_hello peer v2:172.21.15.82:3300/0 says I am v2:172.21.15.82:42242/0 (socket says 172.21.15.82:42242)
2022-03-21T13:03:13.453 INFO:teuthology.orchestra.run.smithi082.stderr:/usr/bin/ceph:
2022-03-21T13:03:13.443+0000 7eff38a57700 1 -- 172.21.15.82:0/2814504219 learned_addr learned my addr 172.21.15.82:0/2814504219 (peer_addr_for_me v2:172.21.15.82:0/0)
2022-03-21T13:03:13.453 INFO:teuthology.orchestra.run.smithi082.stderr:/usr/bin/ceph:
2022-03-21T13:03:13.444+0000 7eff38a57700 1 -- 172.21.15.82:0/2814504219 --> [v2:172.21.15.82:3300/0,v1:172.21.15.82:6789/0] -- mon_subscribe({config=0+,monmap=0+}) v3 -- 0x7eff28009370 con 0x7eff34102ba0
2022-03-21T13:03:13.453 INFO:teuthology.orchestra.run.smithi082.stderr:/usr/bin/ceph:
2022-03-21T13:03:13.444+0000 7eff38a57700 1 --2- 172.21.15.82:0/2814504219 >> [v2:172.21.15.82:3300/0,v1:172.21.15.82:6789/0] conn(0x7eff34102ba0 0x7eff34110180 secure :-1 s=READY pgs=44 cs=0 l=1 rev1=1 crypto rx=0x7eff28004510 tx=0x7eff280090f0 comp rx=0 tx=0).ready entity=mon.0 client_cookie=0 server_cookie=0 in_seq=0 out_seq=0
2022-03-21T13:03:13.454 INFO:teuthology.orchestra.run.smithi082.stderr:/usr/bin/ceph:
2022-03-21T13:03:13.444+0000 7eff317fa700 1 -- 172.21.15.82:0/2814504219 <== mon.0 v2:172.21.15.82:3300/0 1 ==== mon_map magic: 0 v1 ==== 205+0+0 (secure 0 0 0) 0x7eff28011a10 con 0x7eff34102ba0
2022-03-21T13:03:13.454 INFO:teuthology.orchestra.run.smithi082.stderr:/usr/bin/ceph:
2022-03-21T13:03:13.444+0000 7eff317fa700 1 -- 172.21.15.82:0/2814504219 <== mon.0 v2:172.21.15.82:3300/0 2 ==== config(26 keys) v1 ==== 1056+0+0 (secure 0 0 0) 0x7eff28011b70 con 0x7eff34102ba0
2022-03-21T13:03:13.454 INFO:teuthology.orchestra.run.smithi082.stderr:/usr/bin/ceph:
2022-03-21T13:03:13.444+0000 7eff3acbb700 1 -- 172.21.15.82:0/2814504219 --> [v2:172.21.15.82:3300/0,v1:172.21.15.82:6789/0] -- mon_subscribe({mgrmap=0+}) v3 -- 0x7eff341108c0 con 0x7eff34102ba0
2022-03-21T13:03:13.454 INFO:teuthology.orchestra.run.smithi082.stderr:/usr/bin/ceph:
2022-03-21T13:03:13.444+0000 7eff317fa700 1 -- 172.21.15.82:0/2814504219 <== mon.0 v2:172.21.15.82:3300/0 3 ==== mon_map magic: 0 v1 ==== 205+0+0 (secure 0 0 0) 0x7eff28024410 con 0x7eff34102ba0
2022-03-21T13:03:13.455 INFO:teuthology.orchestra.run.smithi082.stderr:/usr/bin/ceph:
2022-03-21T13:03:13.444+0000 7eff3acbb700 1 -- 172.21.15.82:0/2814504219 --> [v2:172.21.15.82:3300/0,v1:172.21.15.82:6789/0] -- mon_subscribe({osdmap=0}) v3 -- 0x7eff34111560 con 0x7eff34102ba0
2022-03-21T13:03:13.455 INFO:teuthology.orchestra.run.smithi082.stderr:/usr/bin/ceph:
2022-03-21T13:03:13.445+0000 7eff317fa700 1 -- 172.21.15.82:0/2814504219 <== mon.0 v2:172.21.15.82:3300/0 4 ==== mgrmap(e 8) v1 ==== 41844+0+0 (secure 0 0 0) 0x7eff2802b060 con 0x7eff34102ba0
2022-03-21T13:03:13.455 INFO:teuthology.orchestra.run.smithi082.stderr:/usr/bin/ceph:
2022-03-21T13:03:13.445+0000 7eff317fa700 1 --2- 172.21.15.82:0/2814504219 >> [v2:172.21.15.82:6800/2778861547,v1:172.21.15.82:6801/2778861547] conn(0x7eff18034b80 0x7eff18037030 unknown :-1 s=NONE pgs=0 cs=0 l=1 rev1=0 crypto rx=0 tx=0 comp rx=0 tx=0).connect
2022-03-21T13:03:13.455 INFO:teuthology.orchestra.run.smithi082.stderr:/usr/bin/ceph:
2022-03-21T13:03:13.445+0000 7eff317fa700 1 -- 172.21.15.82:0/2814504219 <== mon.0 v2:172.21.15.82:3300/0 5 ==== osd_map(2..2 src has 1..2) v4 ==== 936+0+0 (secure 0 0 0) 0x7eff28047d40 con 0x7eff34102ba0
2022-03-21T13:03:13.455 INFO:teuthology.orchestra.run.smithi082.stderr:/usr/bin/ceph:
2022-03-21T13:03:13.445+0000 7eff33fff700 1 --2- 172.21.15.82:0/2814504219 >> [v2:172.21.15.82:6800/2778861547,v1:172.21.15.82:6801/2778861547] conn(0x7eff18034b80 0x7eff18037030 unknown :-1 s=BANNER_CONNECTING pgs=0 cs=0 l=1 rev1=0 crypto rx=0 tx=0 comp rx=0 tx=0)._handle_peer_banner_payload supported=3 required=0
2022-03-21T13:03:13.456 INFO:teuthology.orchestra.run.smithi082.stderr:/usr/bin/ceph:
2022-03-21T13:03:13.445+0000 7eff3acbb700 1 -- 172.21.15.82:0/2814504219 --> [v2:172.21.15.82:3300/0,v1:172.21.15.82:6789/0] -- mon_command({"prefix": "get_command_descriptions"} v 0) v1 -- 0x7eff34110d50 con 0x7eff34102ba0
2022-03-21T13:03:13.456 INFO:teuthology.orchestra.run.smithi082.stderr:/usr/bin/ceph:
2022-03-21T13:03:13.445+0000 7eff33fff700 1 --2- 172.21.15.82:0/2814504219 >> [v2:172.21.15.82:6800/2778861547,v1:172.21.15.82:6801/2778861547] conn(0x7eff18034b80 0x7eff18037030 secure :-1 s=READY pgs=11 cs=0 l=1 rev1=1 crypto rx=0x7eff20009780 tx=0x7eff20006cc0 comp rx=0 tx=0).ready entity=mgr.14118 client_cookie=0 server_cookie=0 in_seq=0 out_seq=0
2022-03-21T13:03:13.457 INFO:teuthology.orchestra.run.smithi082.stderr:/usr/bin/ceph:
2022-03-21T13:03:13.450+0000 7eff317fa700 1 -- 172.21.15.82:0/2814504219 <== mon.0 v2:172.21.15.82:3300/0 6 ==== mon_command_ack([{"prefix": "get_command_descriptions"}]=0 v0) v1 ==== 72+0+163627 (secure 0 0 0) 0x7eff28018940 con 0x7eff34102ba0
2022-03-21T13:03:13.622 INFO:teuthology.orchestra.run.smithi082.stderr:/usr/bin/ceph:
2022-03-21T13:03:13.621+0000 7eff3acbb700 1 -- 172.21.15.82:0/2814504219 --> [v2:172.21.15.82:6800/2778861547,v1:172.21.15.82:6801/2778861547] -- mgr_command(tid 0: {"prefix": "orch host add", "hostname": "smithi082", "addr": "172.21.15.82", "target": ["mon-mgr", ""]}) v1 -- 0x7eff340fe190 con 0x7eff18034b80
2022-03-21T13:03:13.877 INFO:journalctl@ceph.mon.a.smithi082.stdout:Mar 21 13:03:13 smithi082 ceph-mon[22400]: from='client.14136 -' entity='client.admin' cmd=[{"prefix": "cephadm get-pub-key", "target": ["mon-mgr", ""]}]: dispatch
2022-03-21T13:03:14.509 INFO:teuthology.orchestra.run.smithi082.stderr:/usr/bin/ceph: Added host 'smithi082' with addr '172.21.15.82'
2022-03-21T13:03:14.509 INFO:teuthology.orchestra.run.smithi082.stderr:/usr/bin/ceph:
2022-03-21T13:03:14.507+0000 7eff317fa700 1 -- 172.21.15.82:0/2814504219 <== mgr.14118 v2:172.21.15.82:6800/2778861547 1 ==== mgr_command_reply(tid 0: 0 ) v1 ==== 8+0+48 (secure 0 0 0) 0x7eff340fe190 con 0x7eff18034b80
2022-03-21T13:03:14.512 INFO:teuthology.orchestra.run.smithi082.stderr:/usr/bin/ceph:
2022-03-21T13:03:14.509+0000 7eff3acbb700 1 -- 172.21.15.82:0/2814504219 >> [v2:172.21.15.82:6800/2778861547,v1:172.21.15.82:6801/2778861547] conn(0x7eff18034b80 msgr2=0x7eff18037030 secure :-1 s=STATE_CONNECTION_ESTABLISHED l=1).mark_down
2022-03-21T13:03:14.512 INFO:teuthology.orchestra.run.smithi082.stderr:/usr/bin/ceph:
2022-03-21T13:03:14.509+0000 7eff3acbb700 1 --2- 172.21.15.82:0/2814504219 >> [v2:172.21.15.82:6800/2778861547,v1:172.21.15.82:6801/2778861547] conn(0x7eff18034b80 0x7eff18037030 secure :-1 s=READY pgs=11 cs=0 l=1 rev1=1 crypto rx=0x7eff20009780 tx=0x7eff20006cc0 comp rx=0 tx=0).stop
2022-03-21T13:03:14.512 INFO:teuthology.orchestra.run.smithi082.stderr:/usr/bin/ceph:
2022-03-21T13:03:14.509+0000 7eff3acbb700 1 -- 172.21.15.82:0/2814504219 >> [v2:172.21.15.82:3300/0,v1:172.21.15.82:6789/0] conn(0x7eff34102ba0 msgr2=0x7eff34110180 secure :-1 s=STATE_CONNECTION_ESTABLISHED l=1).mark_down
2022-03-21T13:03:14.512 INFO:teuthology.orchestra.run.smithi082.stderr:/usr/bin/ceph:
2022-03-21T13:03:14.509+0000 7eff3acbb700 1 --2- 172.21.15.82:0/2814504219 >> [v2:172.21.15.82:3300/0,v1:172.21.15.82:6789/0] conn(0x7eff34102ba0 0x7eff34110180 secure :-1 s=READY pgs=44 cs=0 l=1 rev1=1 crypto rx=0x7eff28004510 tx=0x7eff280090f0 comp rx=0 tx=0).stop
2022-03-21T13:03:14.513 INFO:teuthology.orchestra.run.smithi082.stderr:/usr/bin/ceph:
2022-03-21T13:03:14.510+0000 7eff3acbb700 1 -- 172.21.15.82:0/2814504219 shutdown_connections
2022-03-21T13:03:14.513 INFO:teuthology.orchestra.run.smithi082.stderr:/usr/bin/ceph:
2022-03-21T13:03:14.510+0000 7eff3acbb700 1 --2- 172.21.15.82:0/2814504219 >> [v2:172.21.15.82:6800/2778861547,v1:172.21.15.82:6801/2778861547] conn(0x7eff18034b80 0x7eff18037030 unknown :-1 s=CLOSED pgs=11 cs=0 l=1 rev1=1 crypto rx=0 tx=0 comp rx=0 tx=0).stop
2022-03-21T13:03:14.513 INFO:teuthology.orchestra.run.smithi082.stderr:/usr/bin/ceph:
2022-03-21T13:03:14.510+0000 7eff3acbb700 1 --2- 172.21.15.82:0/2814504219 >> [v2:172.21.15.82:3300/0,v1:172.21.15.82:6789/0] conn(0x7eff34102ba0 0x7eff34110180 unknown :-1 s=CLOSED pgs=44 cs=0 l=1 rev1=1 crypto rx=0 tx=0 comp rx=0 tx=0).stop
2022-03-21T13:03:14.513 INFO:teuthology.orchestra.run.smithi082.stderr:/usr/bin/ceph:
2022-03-21T13:03:14.510+0000 7eff3acbb700 1 -- 172.21.15.82:0/2814504219 >> 172.21.15.82:0/2814504219 conn(0x7eff340fcd00 msgr2=0x7eff340fda80 unknown :-1 s=STATE_NONE l=0).mark_down
2022-03-21T13:03:14.514 INFO:teuthology.orchestra.run.smithi082.stderr:/usr/bin/ceph:
2022-03-21T13:03:14.510+0000 7eff3acbb700 1 -- 172.21.15.82:0/2814504219 shutdown_connections
2022-03-21T13:03:14.514 INFO:teuthology.orchestra.run.smithi082.stderr:/usr/bin/ceph:
2022-03-21T13:03:14.510+0000 7eff3acbb700 1 -- 172.21.15.82:0/2814504219 wait complete.
2022-03-21T13:03:14.760 INFO:journalctl@ceph.mon.a.smithi082.stdout:Mar 21 13:03:14 smithi082 ceph-mon[22400]: from='client.14138 -' entity='client.admin' cmd=[{"prefix": "orch host add", "hostname": "smithi082", "addr": "172.21.15.82", "target": ["mon-mgr", ""]}]: dispatch
2022-03-21T13:03:14.761 INFO:journalctl@ceph.mon.a.smithi082.stdout:Mar 21 13:03:14 smithi082 ceph-mon[22400]: from='mgr.14118 172.21.15.82:0/1893590823' entity='mgr.x'
2022-03-21T13:03:14.761 INFO:journalctl@ceph.mon.a.smithi082.stdout:Mar 21 13:03:14 smithi082 ceph-mon[22400]: from='mgr.14118 172.21.15.82:0/1893590823' entity='mgr.x' cmd=[{"prefix": "config dump", "format": "json"}]: dispatch
2022-03-21T13:03:14.947 INFO:teuthology.orchestra.run.smithi082.stderr:Deploying unmanaged mon service...
2022-03-21T13:03:15.466 INFO:teuthology.orchestra.run.smithi082.stderr:/usr/bin/ceph:
2022-03-21T13:03:15.462+0000 7fd704ecc700 1 Processor -- start
2022-03-21T13:03:15.466 INFO:teuthology.orchestra.run.smithi082.stderr:/usr/bin/ceph:
2022-03-21T13:03:15.462+0000 7fd704ecc700 1 -- start start
2022-03-21T13:03:15.467 INFO:teuthology.orchestra.run.smithi082.stderr:/usr/bin/ceph:
2022-03-21T13:03:15.462+0000 7fd704ecc700 1 --2- >> [v2:172.21.15.82:3300/0,v1:172.21.15.82:6789/0] conn(0x7fd700102b70 0x7fd700102f80 unknown :-1 s=NONE pgs=0 cs=0 l=0 rev1=0 crypto rx=0 tx=0 comp rx=0 tx=0).connect
2022-03-21T13:03:15.467 INFO:teuthology.orchestra.run.smithi082.stderr:/usr/bin/ceph:
2022-03-21T13:03:15.462+0000 7fd704ecc700 1 -- --> [v2:172.21.15.82:3300/0,v1:172.21.15.82:6789/0] -- mon_getmap magic: 0 v1 -- 0x7fd7001034c0 con 0x7fd700102b70
2022-03-21T13:03:15.467 INFO:teuthology.orchestra.run.smithi082.stderr:/usr/bin/ceph:
2022-03-21T13:03:15.462+0000 7fd6fe59c700 1 --2- >> [v2:172.21.15.82:3300/0,v1:172.21.15.82:6789/0] conn(0x7fd700102b70 0x7fd700102f80 unknown :-1 s=BANNER_CONNECTING pgs=0 cs=0 l=0 rev1=0 crypto rx=0 tx=0 comp rx=0 tx=0)._handle_peer_banner_payload supported=3 required=0
2022-03-21T13:03:15.467 INFO:teuthology.orchestra.run.smithi082.stderr:/usr/bin/ceph:
2022-03-21T13:03:15.462+0000 7fd6fe59c700 1 --2- >> [v2:172.21.15.82:3300/0,v1:172.21.15.82:6789/0] conn(0x7fd700102b70 0x7fd700102f80 unknown :-1 s=HELLO_CONNECTING pgs=0 cs=0 l=0 rev1=1 crypto rx=0 tx=0 comp rx=0 tx=0).handle_hello peer v2:172.21.15.82:3300/0 says I am v2:172.21.15.82:42256/0 (socket says 172.21.15.82:42256)
2022-03-21T13:03:15.468 INFO:teuthology.orchestra.run.smithi082.stderr:/usr/bin/ceph:
2022-03-21T13:03:15.462+0000 7fd6fe59c700 1 -- 172.21.15.82:0/2220036010 learned_addr learned my addr 172.21.15.82:0/2220036010 (peer_addr_for_me v2:172.21.15.82:0/0)
2022-03-21T13:03:15.468 INFO:teuthology.orchestra.run.smithi082.stderr:/usr/bin/ceph:
2022-03-21T13:03:15.463+0000 7fd6fe59c700 1 -- 172.21.15.82:0/2220036010 --> [v2:172.21.15.82:3300/0,v1:172.21.15.82:6789/0] -- mon_subscribe({config=0+,monmap=0+}) v3 -- 0x7fd700103600 con 0x7fd700102b70
2022-03-21T13:03:15.468 INFO:teuthology.orchestra.run.smithi082.stderr:/usr/bin/ceph:
2022-03-21T13:03:15.463+0000 7fd6fe59c700 1 --2- 172.21.15.82:0/2220036010 >> [v2:172.21.15.82:3300/0,v1:172.21.15.82:6789/0] conn(0x7fd700102b70 0x7fd700102f80 secure :-1 s=READY pgs=45 cs=0 l=1 rev1=1 crypto rx=0x7fd6f0009730 tx=0x7fd6f00090f0 comp rx=0 tx=0).ready entity=mon.0 client_cookie=62e701834c8e268f server_cookie=0 in_seq=0 out_seq=0
2022-03-21T13:03:15.468 INFO:teuthology.orchestra.run.smithi082.stderr:/usr/bin/ceph:
2022-03-21T13:03:15.463+0000 7fd6fd59a700 1 -- 172.21.15.82:0/2220036010 <== mon.0 v2:172.21.15.82:3300/0 1 ==== mon_map magic: 0 v1 ==== 205+0+0 (secure 0 0 0) 0x7fd6f0004030 con 0x7fd700102b70
2022-03-21T13:03:15.469 INFO:teuthology.orchestra.run.smithi082.stderr:/usr/bin/ceph:
2022-03-21T13:03:15.463+0000 7fd6fd59a700 1 -- 172.21.15.82:0/2220036010 <== mon.0 v2:172.21.15.82:3300/0 2 ==== config(26 keys) v1 ==== 1056+0+0 (secure 0 0 0) 0x7fd6f0004190 con 0x7fd700102b70
2022-03-21T13:03:15.469 INFO:teuthology.orchestra.run.smithi082.stderr:/usr/bin/ceph:
2022-03-21T13:03:15.463+0000 7fd6fd59a700 1 -- 172.21.15.82:0/2220036010 <== mon.0 v2:172.21.15.82:3300/0 3 ==== mon_map magic: 0 v1 ==== 205+0+0 (secure 0 0 0) 0x7fd6f0003750 con 0x7fd700102b70
2022-03-21T13:03:15.469 INFO:teuthology.orchestra.run.smithi082.stderr:/usr/bin/ceph:
2022-03-21T13:03:15.464+0000 7fd704ecc700 1 -- 172.21.15.82:0/2220036010 >> [v2:172.21.15.82:3300/0,v1:172.21.15.82:6789/0] conn(0x7fd700102b70 msgr2=0x7fd700102f80 secure :-1 s=STATE_CONNECTION_ESTABLISHED l=1).mark_down
2022-03-21T13:03:15.469 INFO:teuthology.orchestra.run.smithi082.stderr:/usr/bin/ceph:
2022-03-21T13:03:15.464+0000 7fd704ecc700 1 --2- 172.21.15.82:0/2220036010 >> [v2:172.21.15.82:3300/0,v1:172.21.15.82:6789/0] conn(0x7fd700102b70 0x7fd700102f80 secure :-1 s=READY pgs=45 cs=0 l=1 rev1=1 crypto rx=0x7fd6f0009730 tx=0x7fd6f00090f0 comp rx=0 tx=0).stop
2022-03-21T13:03:15.469 INFO:teuthology.orchestra.run.smithi082.stderr:/usr/bin/ceph:
2022-03-21T13:03:15.464+0000 7fd704ecc700 1 -- 172.21.15.82:0/2220036010 shutdown_connections
2022-03-21T13:03:15.470 INFO:teuthology.orchestra.run.smithi082.stderr:/usr/bin/ceph:
2022-03-21T13:03:15.464+0000 7fd704ecc700 1 --2- 172.21.15.82:0/2220036010 >> [v2:172.21.15.82:3300/0,v1:172.21.15.82:6789/0] conn(0x7fd700102b70 0x7fd700102f80 unknown :-1 s=CLOSED pgs=45 cs=0 l=1 rev1=1 crypto rx=0 tx=0 comp rx=0 tx=0).stop
2022-03-21T13:03:15.470 INFO:teuthology.orchestra.run.smithi082.stderr:/usr/bin/ceph:
2022-03-21T13:03:15.464+0000 7fd704ecc700 1 -- 172.21.15.82:0/2220036010 >> 172.21.15.82:0/2220036010 conn(0x7fd7000fb360 msgr2=0x7fd7000fd770 unknown :-1 s=STATE_NONE l=0).mark_down
2022-03-21T13:03:15.470 INFO:teuthology.orchestra.run.smithi082.stderr:/usr/bin/ceph:
2022-03-21T13:03:15.464+0000 7fd704ecc700 1 -- 172.21.15.82:0/2220036010 shutdown_connections
2022-03-21T13:03:15.470 INFO:teuthology.orchestra.run.smithi082.stderr:/usr/bin/ceph:
2022-03-21T13:03:15.464+0000 7fd704ecc700 1 -- 172.21.15.82:0/2220036010 wait complete.
2022-03-21T13:03:15.471 INFO:teuthology.orchestra.run.smithi082.stderr:/usr/bin/ceph:
2022-03-21T13:03:15.465+0000 7fd704ecc700 1 Processor -- start
2022-03-21T13:03:15.471 INFO:teuthology.orchestra.run.smithi082.stderr:/usr/bin/ceph:
2022-03-21T13:03:15.465+0000 7fd704ecc700 1 -- start start
2022-03-21T13:03:15.473 INFO:teuthology.orchestra.run.smithi082.stderr:/usr/bin/ceph:
2022-03-21T13:03:15.465+0000 7fd704ecc700 1 --2- >> [v2:172.21.15.82:3300/0,v1:172.21.15.82:6789/0] conn(0x7fd700102b70 0x7fd700102440 unknown :-1 s=NONE pgs=0 cs=0 l=1 rev1=0 crypto rx=0 tx=0 comp rx=0 tx=0).connect
2022-03-21T13:03:15.473 INFO:teuthology.orchestra.run.smithi082.stderr:/usr/bin/ceph:
2022-03-21T13:03:15.465+0000 7fd704ecc700 1 -- --> [v2:172.21.15.82:3300/0,v1:172.21.15.82:6789/0] -- mon_getmap magic: 0 v1 -- 0x7fd7001008c0 con 0x7fd700102b70
2022-03-21T13:03:15.473 INFO:teuthology.orchestra.run.smithi082.stderr:/usr/bin/ceph:
2022-03-21T13:03:15.465+0000 7fd6fe59c700 1 --2- >> [v2:172.21.15.82:3300/0,v1:172.21.15.82:6789/0] conn(0x7fd700102b70 0x7fd700102440 unknown :-1 s=BANNER_CONNECTING pgs=0 cs=0 l=1 rev1=0 crypto rx=0 tx=0 comp rx=0 tx=0)._handle_peer_banner_payload supported=3 required=0
2022-03-21T13:03:15.474 INFO:teuthology.orchestra.run.smithi082.stderr:/usr/bin/ceph:
2022-03-21T13:03:15.465+0000 7fd6fe59c700 1 --2- >> [v2:172.21.15.82:3300/0,v1:172.21.15.82:6789/0] conn(0x7fd700102b70 0x7fd700102440 unknown :-1 s=HELLO_CONNECTING pgs=0 cs=0 l=1 rev1=1 crypto rx=0 tx=0 comp rx=0 tx=0).handle_hello peer v2:172.21.15.82:3300/0 says I am v2:172.21.15.82:42258/0 (socket says 172.21.15.82:42258)
2022-03-21T13:03:15.474 INFO:teuthology.orchestra.run.smithi082.stderr:/usr/bin/ceph:
2022-03-21T13:03:15.465+0000 7fd6fe59c700 1 -- 172.21.15.82:0/306650521 learned_addr learned my addr 172.21.15.82:0/306650521 (peer_addr_for_me v2:172.21.15.82:0/0)
2022-03-21T13:03:15.474 INFO:teuthology.orchestra.run.smithi082.stderr:/usr/bin/ceph:
2022-03-21T13:03:15.466+0000 7fd6fe59c700 1 -- 172.21.15.82:0/306650521 --> [v2:172.21.15.82:3300/0,v1:172.21.15.82:6789/0] -- mon_subscribe({config=0+,monmap=0+}) v3 -- 0x7fd6f0009370 con 0x7fd700102b70
2022-03-21T13:03:15.474 INFO:teuthology.orchestra.run.smithi082.stderr:/usr/bin/ceph:
2022-03-21T13:03:15.466+0000 7fd6fe59c700 1 --2- 172.21.15.82:0/306650521 >> [v2:172.21.15.82:3300/0,v1:172.21.15.82:6789/0] conn(0x7fd700102b70 0x7fd700102440 secure :-1 s=READY pgs=46 cs=0 l=1 rev1=1 crypto rx=0x7fd6f0004560 tx=0x7fd6f00090f0 comp rx=0 tx=0).ready entity=mon.0 client_cookie=0 server_cookie=0 in_seq=0 out_seq=0
2022-03-21T13:03:15.475 INFO:teuthology.orchestra.run.smithi082.stderr:/usr/bin/ceph:
2022-03-21T13:03:15.466+0000 7fd6eeffd700 1 -- 172.21.15.82:0/306650521 <== mon.0 v2:172.21.15.82:3300/0 1 ==== mon_map magic: 0 v1 ==== 205+0+0 (secure 0 0 0) 0x7fd6f0011a10 con 0x7fd700102b70
2022-03-21T13:03:15.475 INFO:teuthology.orchestra.run.smithi082.stderr:/usr/bin/ceph:
2022-03-21T13:03:15.466+0000 7fd704ecc700 1 -- 172.21.15.82:0/306650521 --> [v2:172.21.15.82:3300/0,v1:172.21.15.82:6789/0] -- mon_subscribe({mgrmap=0+}) v3 -- 0x7fd700100ac0 con 0x7fd700102b70
2022-03-21T13:03:15.475 INFO:teuthology.orchestra.run.smithi082.stderr:/usr/bin/ceph:
2022-03-21T13:03:15.466+0000 7fd704ecc700 1 -- 172.21.15.82:0/306650521 --> [v2:172.21.15.82:3300/0,v1:172.21.15.82:6789/0] -- mon_subscribe({osdmap=0}) v3 -- 0x7fd700100f50 con 0x7fd700102b70
2022-03-21T13:03:15.475 INFO:teuthology.orchestra.run.smithi082.stderr:/usr/bin/ceph:
2022-03-21T13:03:15.466+0000 7fd6eeffd700 1 -- 172.21.15.82:0/306650521 <== mon.0 v2:172.21.15.82:3300/0 2 ==== config(26 keys) v1 ==== 1056+0+0 (secure 0 0 0) 0x7fd6f0011b70 con 0x7fd700102b70
2022-03-21T13:03:15.476 INFO:teuthology.orchestra.run.smithi082.stderr:/usr/bin/ceph:
2022-03-21T13:03:15.466+0000 7fd6eeffd700 1 -- 172.21.15.82:0/306650521 <== mon.0 v2:172.21.15.82:3300/0 3 ==== mon_map magic: 0 v1 ==== 205+0+0 (secure 0 0 0) 0x7fd6f00243f0 con 0x7fd700102b70
2022-03-21T13:03:15.476 INFO:teuthology.orchestra.run.smithi082.stderr:/usr/bin/ceph:
2022-03-21T13:03:15.467+0000 7fd6eeffd700 1 -- 172.21.15.82:0/306650521 <== mon.0 v2:172.21.15.82:3300/0 4 ==== mgrmap(e 8) v1 ==== 41844+0+0 (secure 0 0 0) 0x7fd6f002b060 con 0x7fd700102b70
2022-03-21T13:03:15.476 INFO:teuthology.orchestra.run.smithi082.stderr:/usr/bin/ceph:
2022-03-21T13:03:15.467+0000 7fd704ecc700 1 -- 172.21.15.82:0/306650521 --> [v2:172.21.15.82:3300/0,v1:172.21.15.82:6789/0] -- mon_command({"prefix": "get_command_descriptions"} v 0) v1 -- 0x7fd6dc005160 con 0x7fd700102b70
2022-03-21T13:03:15.476 INFO:teuthology.orchestra.run.smithi082.stderr:/usr/bin/ceph:
2022-03-21T13:03:15.467+0000 7fd6eeffd700 1 --2- 172.21.15.82:0/306650521 >> [v2:172.21.15.82:6800/2778861547,v1:172.21.15.82:6801/2778861547] conn(0x7fd6e4034b80 0x7fd6e4037030 unknown :-1 s=NONE pgs=0 cs=0 l=1 rev1=0 crypto rx=0 tx=0 comp rx=0 tx=0).connect
2022-03-21T13:03:15.476 INFO:teuthology.orchestra.run.smithi082.stderr:/usr/bin/ceph:
2022-03-21T13:03:15.467+0000 7fd6eeffd700 1 -- 172.21.15.82:0/306650521 <== mon.0 v2:172.21.15.82:3300/0 5 ==== osd_map(2..2 src has 1..2) v4 ==== 936+0+0 (secure 0 0 0) 0x7fd6f0047f00 con 0x7fd700102b70
2022-03-21T13:03:15.477 INFO:teuthology.orchestra.run.smithi082.stderr:/usr/bin/ceph:
2022-03-21T13:03:15.467+0000 7fd6fdd9b700 1 --2- 172.21.15.82:0/306650521 >> [v2:172.21.15.82:6800/2778861547,v1:172.21.15.82:6801/2778861547] conn(0x7fd6e4034b80 0x7fd6e4037030 unknown :-1 s=BANNER_CONNECTING pgs=0 cs=0 l=1 rev1=0 crypto rx=0 tx=0 comp rx=0 tx=0)._handle_peer_banner_payload supported=3 required=0
2022-03-21T13:03:15.477 INFO:teuthology.orchestra.run.smithi082.stderr:/usr/bin/ceph:
2022-03-21T13:03:15.468+0000 7fd6fdd9b700 1 --2- 172.21.15.82:0/306650521 >> [v2:172.21.15.82:6800/2778861547,v1:172.21.15.82:6801/2778861547] conn(0x7fd6e4034b80 0x7fd6e4037030 secure :-1 s=READY pgs=12 cs=0 l=1 rev1=1 crypto rx=0x7fd6f4009780 tx=0x7fd6f4006cc0 comp rx=0 tx=0).ready entity=mgr.14118 client_cookie=0 server_cookie=0 in_seq=0 out_seq=0
2022-03-21T13:03:15.477 INFO:teuthology.orchestra.run.smithi082.stderr:/usr/bin/ceph:
2022-03-21T13:03:15.472+0000 7fd6eeffd700 1 -- 172.21.15.82:0/306650521 <== mon.0 v2:172.21.15.82:3300/0 6 ==== mon_command_ack([{"prefix": "get_command_descriptions"}]=0 v0) v1 ==== 72+0+163627 (secure 0 0 0) 0x7fd6f0018bd0 con 0x7fd700102b70
2022-03-21T13:03:15.670 INFO:teuthology.orchestra.run.smithi082.stderr:/usr/bin/ceph:
2022-03-21T13:03:15.668+0000 7fd704ecc700 1 -- 172.21.15.82:0/306650521 --> [v2:172.21.15.82:6800/2778861547,v1:172.21.15.82:6801/2778861547] -- mgr_command(tid 0: {"prefix": "orch apply", "service_type": "mon", "unmanaged": true, "target": ["mon-mgr", ""]}) v1 -- 0x7fd6dc000bf0 con 0x7fd6e4034b80
2022-03-21T13:03:15.675 INFO:teuthology.orchestra.run.smithi082.stderr:/usr/bin/ceph:
2022-03-21T13:03:15.673+0000 7fd6eeffd700 1 -- 172.21.15.82:0/306650521 <== mgr.14118 v2:172.21.15.82:6800/2778861547 1 ==== mgr_command_reply(tid 0: 0 ) v1 ==== 8+0+24 (secure 0 0 0) 0x7fd6dc000bf0 con 0x7fd6e4034b80
2022-03-21T13:03:15.675 INFO:teuthology.orchestra.run.smithi082.stderr:/usr/bin/ceph: Scheduled mon update...
2022-03-21T13:03:15.678 INFO:teuthology.orchestra.run.smithi082.stderr:/usr/bin/ceph:
2022-03-21T13:03:15.675+0000 7fd704ecc700 1 -- 172.21.15.82:0/306650521 >> [v2:172.21.15.82:6800/2778861547,v1:172.21.15.82:6801/2778861547] conn(0x7fd6e4034b80 msgr2=0x7fd6e4037030 secure :-1 s=STATE_CONNECTION_ESTABLISHED l=1).mark_down
2022-03-21T13:03:15.678 INFO:teuthology.orchestra.run.smithi082.stderr:/usr/bin/ceph:
2022-03-21T13:03:15.675+0000 7fd704ecc700 1 --2- 172.21.15.82:0/306650521 >> [v2:172.21.15.82:6800/2778861547,v1:172.21.15.82:6801/2778861547] conn(0x7fd6e4034b80 0x7fd6e4037030 secure :-1 s=READY pgs=12 cs=0 l=1 rev1=1 crypto rx=0x7fd6f4009780 tx=0x7fd6f4006cc0 comp rx=0 tx=0).stop
2022-03-21T13:03:15.678 INFO:teuthology.orchestra.run.smithi082.stderr:/usr/bin/ceph:
2022-03-21T13:03:15.675+0000 7fd704ecc700 1 -- 172.21.15.82:0/306650521 >> [v2:172.21.15.82:3300/0,v1:172.21.15.82:6789/0] conn(0x7fd700102b70 msgr2=0x7fd700102440 secure :-1 s=STATE_CONNECTION_ESTABLISHED l=1).mark_down
2022-03-21T13:03:15.678 INFO:teuthology.orchestra.run.smithi082.stderr:/usr/bin/ceph:
2022-03-21T13:03:15.675+0000 7fd704ecc700 1 --2- 172.21.15.82:0/306650521 >> [v2:172.21.15.82:3300/0,v1:172.21.15.82:6789/0] conn(0x7fd700102b70 0x7fd700102440 secure :-1 s=READY pgs=46 cs=0 l=1 rev1=1 crypto rx=0x7fd6f0004560 tx=0x7fd6f00090f0 comp rx=0 tx=0).stop
2022-03-21T13:03:15.679 INFO:teuthology.orchestra.run.smithi082.stderr:/usr/bin/ceph:
2022-03-21T13:03:15.675+0000 7fd704ecc700 1 -- 172.21.15.82:0/306650521 shutdown_connections
2022-03-21T13:03:15.679 INFO:teuthology.orchestra.run.smithi082.stderr:/usr/bin/ceph:
2022-03-21T13:03:15.675+0000 7fd704ecc700 1 --2- 172.21.15.82:0/306650521 >> [v2:172.21.15.82:6800/2778861547,v1:172.21.15.82:6801/2778861547] conn(0x7fd6e4034b80 0x7fd6e4037030 unknown :-1 s=CLOSED pgs=12 cs=0 l=1 rev1=1 crypto rx=0 tx=0 comp rx=0 tx=0).stop
2022-03-21T13:03:15.679 INFO:teuthology.orchestra.run.smithi082.stderr:/usr/bin/ceph:
2022-03-21T13:03:15.675+0000 7fd704ecc700 1 --2- 172.21.15.82:0/306650521 >> [v2:172.21.15.82:3300/0,v1:172.21.15.82:6789/0] conn(0x7fd700102b70 0x7fd700102440 unknown :-1 s=CLOSED pgs=46 cs=0 l=1 rev1=1 crypto rx=0 tx=0 comp rx=0 tx=0).stop
2022-03-21T13:03:15.679 INFO:teuthology.orchestra.run.smithi082.stderr:/usr/bin/ceph:
2022-03-21T13:03:15.675+0000 7fd704ecc700 1 -- 172.21.15.82:0/306650521 >> 172.21.15.82:0/306650521 conn(0x7fd7000fb360 msgr2=0x7fd7000fbfa0 unknown :-1 s=STATE_NONE l=0).mark_down
2022-03-21T13:03:15.680 INFO:teuthology.orchestra.run.smithi082.stderr:/usr/bin/ceph:
2022-03-21T13:03:15.676+0000 7fd704ecc700 1 -- 172.21.15.82:0/306650521 shutdown_connections
2022-03-21T13:03:15.680 INFO:teuthology.orchestra.run.smithi082.stderr:/usr/bin/ceph:
2022-03-21T13:03:15.676+0000 7fd704ecc700 1 -- 172.21.15.82:0/306650521 wait complete.
2022-03-21T13:03:15.981 INFO:journalctl@ceph.mon.a.smithi082.stdout:Mar 21 13:03:15 smithi082 ceph-mon[22400]: Deploying cephadm binary to smithi082
2022-03-21T13:03:15.981 INFO:journalctl@ceph.mon.a.smithi082.stdout:Mar 21 13:03:15 smithi082 ceph-mon[22400]: Added host smithi082
2022-03-21T13:03:16.284 INFO:teuthology.orchestra.run.smithi082.stderr:Deploying unmanaged mgr service...
2022-03-21T13:03:16.968 INFO:teuthology.orchestra.run.smithi082.stderr:/usr/bin/ceph:
2022-03-21T13:03:16.962+0000 7fc9c279b700 1 Processor -- start
2022-03-21T13:03:16.968 INFO:teuthology.orchestra.run.smithi082.stderr:/usr/bin/ceph:
2022-03-21T13:03:16.962+0000 7fc9c279b700 1 -- start start
2022-03-21T13:03:16.968 INFO:teuthology.orchestra.run.smithi082.stderr:/usr/bin/ceph:
2022-03-21T13:03:16.963+0000 7fc9c279b700 1 --2- >> [v2:172.21.15.82:3300/0,v1:172.21.15.82:6789/0] conn(0x7fc9bc075c10 0x7fc9bc104170 unknown :-1 s=NONE pgs=0 cs=0 l=0 rev1=0 crypto rx=0 tx=0 comp rx=0 tx=0).connect
2022-03-21T13:03:16.969 INFO:teuthology.orchestra.run.smithi082.stderr:/usr/bin/ceph:
2022-03-21T13:03:16.963+0000 7fc9c279b700 1 -- --> [v2:172.21.15.82:3300/0,v1:172.21.15.82:6789/0] -- mon_getmap magic: 0 v1 -- 0x7fc9bc1046b0 con 0x7fc9bc075c10
2022-03-21T13:03:16.969 INFO:teuthology.orchestra.run.smithi082.stderr:/usr/bin/ceph:
2022-03-21T13:03:16.963+0000 7fc9bbfff700 1 --2- >> [v2:172.21.15.82:3300/0,v1:172.21.15.82:6789/0] conn(0x7fc9bc075c10 0x7fc9bc104170 unknown :-1 s=BANNER_CONNECTING pgs=0 cs=0 l=0 rev1=0 crypto rx=0 tx=0 comp rx=0 tx=0)._handle_peer_banner_payload supported=3 required=0
2022-03-21T13:03:16.969 INFO:teuthology.orchestra.run.smithi082.stderr:/usr/bin/ceph:
2022-03-21T13:03:16.963+0000 7fc9bbfff700 1 --2- >> [v2:172.21.15.82:3300/0,v1:172.21.15.82:6789/0] conn(0x7fc9bc075c10 0x7fc9bc104170 unknown :-1 s=HELLO_CONNECTING pgs=0 cs=0 l=0 rev1=1 crypto rx=0 tx=0 comp rx=0 tx=0).handle_hello peer v2:172.21.15.82:3300/0 says I am v2:172.21.15.82:42262/0 (socket says 172.21.15.82:42262)
2022-03-21T13:03:16.969 INFO:teuthology.orchestra.run.smithi082.stderr:/usr/bin/ceph:
2022-03-21T13:03:16.963+0000 7fc9bbfff700 1 -- 172.21.15.82:0/1503439910 learned_addr learned my addr 172.21.15.82:0/1503439910 (peer_addr_for_me v2:172.21.15.82:0/0)
2022-03-21T13:03:16.969 INFO:teuthology.orchestra.run.smithi082.stderr:/usr/bin/ceph:
2022-03-21T13:03:16.963+0000 7fc9bbfff700 1 -- 172.21.15.82:0/1503439910 --> [v2:172.21.15.82:3300/0,v1:172.21.15.82:6789/0] -- mon_subscribe({config=0+,monmap=0+}) v3 -- 0x7fc9bc1047f0 con 0x7fc9bc075c10
2022-03-21T13:03:16.970 INFO:teuthology.orchestra.run.smithi082.stderr:/usr/bin/ceph:
2022-03-21T13:03:16.963+0000 7fc9bbfff700 1 --2- 172.21.15.82:0/1503439910 >> [v2:172.21.15.82:3300/0,v1:172.21.15.82:6789/0] conn(0x7fc9bc075c10 0x7fc9bc104170 secure :-1 s=READY pgs=47 cs=0 l=1 rev1=1 crypto rx=0x7fc9ac009730 tx=0x7fc9ac0090f0 comp rx=0 tx=0).ready entity=mon.0 client_cookie=e97d8509395fd13d server_cookie=0 in_seq=0 out_seq=0
2022-03-21T13:03:16.970 INFO:teuthology.orchestra.run.smithi082.stderr:/usr/bin/ceph:
2022-03-21T13:03:16.964+0000 7fc9baffd700 1 -- 172.21.15.82:0/1503439910 <== mon.0 v2:172.21.15.82:3300/0 1 ==== mon_map magic: 0 v1 ==== 205+0+0 (secure 0 0 0) 0x7fc9ac004030 con 0x7fc9bc075c10
2022-03-21T13:03:16.970 INFO:teuthology.orchestra.run.smithi082.stderr:/usr/bin/ceph:
2022-03-21T13:03:16.964+0000 7fc9baffd700 1 -- 172.21.15.82:0/1503439910 <== mon.0 v2:172.21.15.82:3300/0 2 ==== config(26 keys) v1 ==== 1087+0+0 (secure 0 0 0) 0x7fc9ac004190 con 0x7fc9bc075c10
2022-03-21T13:03:16.970 INFO:teuthology.orchestra.run.smithi082.stderr:/usr/bin/ceph:
2022-03-21T13:03:16.964+0000 7fc9baffd700 1 -- 172.21.15.82:0/1503439910 <== mon.0 v2:172.21.15.82:3300/0 3 ==== mon_map magic: 0 v1 ==== 205+0+0 (secure 0 0 0) 0x7fc9ac0037a0 con 0x7fc9bc075c10
2022-03-21T13:03:16.971 INFO:teuthology.orchestra.run.smithi082.stderr:/usr/bin/ceph:
2022-03-21T13:03:16.964+0000 7fc9c279b700 1 -- 172.21.15.82:0/1503439910 >> [v2:172.21.15.82:3300/0,v1:172.21.15.82:6789/0] conn(0x7fc9bc075c10 msgr2=0x7fc9bc104170 secure :-1 s=STATE_CONNECTION_ESTABLISHED l=1).mark_down
2022-03-21T13:03:16.971 INFO:teuthology.orchestra.run.smithi082.stderr:/usr/bin/ceph:
2022-03-21T13:03:16.964+0000 7fc9c279b700 1 --2- 172.21.15.82:0/1503439910 >> [v2:172.21.15.82:3300/0,v1:172.21.15.82:6789/0] conn(0x7fc9bc075c10 0x7fc9bc104170 secure :-1 s=READY pgs=47 cs=0 l=1 rev1=1 crypto rx=0x7fc9ac009730 tx=0x7fc9ac0090f0 comp rx=0 tx=0).stop
2022-03-21T13:03:16.971 INFO:teuthology.orchestra.run.smithi082.stderr:/usr/bin/ceph:
2022-03-21T13:03:16.964+0000 7fc9c279b700 1 -- 172.21.15.82:0/1503439910 shutdown_connections
2022-03-21T13:03:16.971 INFO:teuthology.orchestra.run.smithi082.stderr:/usr/bin/ceph:
2022-03-21T13:03:16.964+0000 7fc9c279b700 1 --2- 172.21.15.82:0/1503439910 >> [v2:172.21.15.82:3300/0,v1:172.21.15.82:6789/0] conn(0x7fc9bc075c10 0x7fc9bc104170 unknown :-1 s=CLOSED pgs=47 cs=0 l=1 rev1=1 crypto rx=0 tx=0 comp rx=0 tx=0).stop
2022-03-21T13:03:16.972 INFO:teuthology.orchestra.run.smithi082.stderr:/usr/bin/ceph:
2022-03-21T13:03:16.964+0000 7fc9c279b700 1 -- 172.21.15.82:0/1503439910 >> 172.21.15.82:0/1503439910 conn(0x7fc9bc0fbc00 msgr2=0x7fc9bc0fe010 unknown :-1 s=STATE_NONE l=0).mark_down
2022-03-21T13:03:16.972 INFO:teuthology.orchestra.run.smithi082.stderr:/usr/bin/ceph:
2022-03-21T13:03:16.964+0000 7fc9c279b700 1 -- 172.21.15.82:0/1503439910 shutdown_connections
2022-03-21T13:03:16.972 INFO:teuthology.orchestra.run.smithi082.stderr:/usr/bin/ceph:
2022-03-21T13:03:16.964+0000 7fc9c279b700 1 -- 172.21.15.82:0/1503439910 wait complete.
2022-03-21T13:03:16.972 INFO:teuthology.orchestra.run.smithi082.stderr:/usr/bin/ceph:
2022-03-21T13:03:16.965+0000 7fc9c279b700 1 Processor -- start
2022-03-21T13:03:16.972 INFO:teuthology.orchestra.run.smithi082.stderr:/usr/bin/ceph:
2022-03-21T13:03:16.965+0000 7fc9c279b700 1 -- start start
2022-03-21T13:03:16.973 INFO:teuthology.orchestra.run.smithi082.stderr:/usr/bin/ceph:
2022-03-21T13:03:16.965+0000 7fc9c279b700 1 --2- >> [v2:172.21.15.82:3300/0,v1:172.21.15.82:6789/0] conn(0x7fc9bc075c10 0x7fc9bc101bf0 unknown :-1 s=NONE pgs=0 cs=0 l=1 rev1=0 crypto rx=0 tx=0 comp rx=0 tx=0).connect
2022-03-21T13:03:16.973 INFO:teuthology.orchestra.run.smithi082.stderr:/usr/bin/ceph:
2022-03-21T13:03:16.965+0000 7fc9c279b700 1 -- --> [v2:172.21.15.82:3300/0,v1:172.21.15.82:6789/0] -- mon_getmap magic: 0 v1 -- 0x7fc9bc100070 con 0x7fc9bc075c10
2022-03-21T13:03:16.973 INFO:teuthology.orchestra.run.smithi082.stderr:/usr/bin/ceph:
2022-03-21T13:03:16.965+0000 7fc9bbfff700 1 --2- >> [v2:172.21.15.82:3300/0,v1:172.21.15.82:6789/0] conn(0x7fc9bc075c10 0x7fc9bc101bf0 unknown :-1 s=BANNER_CONNECTING pgs=0 cs=0 l=1 rev1=0 crypto rx=0 tx=0 comp rx=0 tx=0)._handle_peer_banner_payload supported=3 required=0
2022-03-21T13:03:16.973 INFO:teuthology.orchestra.run.smithi082.stderr:/usr/bin/ceph:
2022-03-21T13:03:16.965+0000 7fc9bbfff700 1 --2- >> [v2:172.21.15.82:3300/0,v1:172.21.15.82:6789/0] conn(0x7fc9bc075c10 0x7fc9bc101bf0 unknown :-1 s=HELLO_CONNECTING pgs=0 cs=0 l=1 rev1=1 crypto rx=0 tx=0 comp rx=0 tx=0).handle_hello peer v2:172.21.15.82:3300/0 says I am v2:172.21.15.82:42264/0 (socket says 172.21.15.82:42264)
2022-03-21T13:03:16.974 INFO:teuthology.orchestra.run.smithi082.stderr:/usr/bin/ceph:
2022-03-21T13:03:16.965+0000 7fc9bbfff700 1 -- 172.21.15.82:0/296842268 learned_addr learned my addr 172.21.15.82:0/296842268 (peer_addr_for_me v2:172.21.15.82:0/0)
2022-03-21T13:03:16.974 INFO:teuthology.orchestra.run.smithi082.stderr:/usr/bin/ceph:
2022-03-21T13:03:16.965+0000 7fc9bbfff700 1 -- 172.21.15.82:0/296842268 --> [v2:172.21.15.82:3300/0,v1:172.21.15.82:6789/0] -- mon_subscribe({config=0+,monmap=0+}) v3 -- 0x7fc9ac009370 con 0x7fc9bc075c10
2022-03-21T13:03:16.974 INFO:teuthology.orchestra.run.smithi082.stderr:/usr/bin/ceph:
2022-03-21T13:03:16.965+0000 7fc9bbfff700 1 --2- 172.21.15.82:0/296842268 >> [v2:172.21.15.82:3300/0,v1:172.21.15.82:6789/0] conn(0x7fc9bc075c10 0x7fc9bc101bf0 secure :-1 s=READY pgs=48 cs=0 l=1 rev1=1 crypto rx=0x7fc9ac011f60 tx=0x7fc9ac0090f0 comp rx=0 tx=0).ready entity=mon.0 client_cookie=0 server_cookie=0 in_seq=0 out_seq=0
2022-03-21T13:03:16.974 INFO:teuthology.orchestra.run.smithi082.stderr:/usr/bin/ceph:
2022-03-21T13:03:16.966+0000 7fc9b8ff9700 1 -- 172.21.15.82:0/296842268 <== mon.0 v2:172.21.15.82:3300/0 1 ==== mon_map magic: 0 v1 ==== 205+0+0 (secure 0 0 0) 0x7fc9ac011990 con 0x7fc9bc075c10
2022-03-21T13:03:16.974 INFO:teuthology.orchestra.run.smithi082.stderr:/usr/bin/ceph:
2022-03-21T13:03:16.966+0000 7fc9b8ff9700 1 -- 172.21.15.82:0/296842268 <== mon.0 v2:172.21.15.82:3300/0 2 ==== config(26 keys) v1 ==== 1087+0+0 (secure 0 0 0) 0x7fc9ac011af0 con 0x7fc9bc075c10
2022-03-21T13:03:16.975 INFO:teuthology.orchestra.run.smithi082.stderr:/usr/bin/ceph:
2022-03-21T13:03:16.966+0000 7fc9c279b700 1 -- 172.21.15.82:0/296842268 --> [v2:172.21.15.82:3300/0,v1:172.21.15.82:6789/0] -- mon_subscribe({mgrmap=0+}) v3 -- 0x7fc9bc100270 con 0x7fc9bc075c10
2022-03-21T13:03:16.975 INFO:teuthology.orchestra.run.smithi082.stderr:/usr/bin/ceph:
2022-03-21T13:03:16.966+0000 7fc9b8ff9700 1 -- 172.21.15.82:0/296842268 <== mon.0 v2:172.21.15.82:3300/0 3 ==== mon_map magic: 0 v1 ==== 205+0+0 (secure 0 0 0) 0x7fc9ac022460 con 0x7fc9bc075c10
2022-03-21T13:03:16.975 INFO:teuthology.orchestra.run.smithi082.stderr:/usr/bin/ceph:
2022-03-21T13:03:16.966+0000 7fc9c279b700 1 -- 172.21.15.82:0/296842268 --> [v2:172.21.15.82:3300/0,v1:172.21.15.82:6789/0] -- mon_subscribe({osdmap=0}) v3 -- 0x7fc9bc100700 con 0x7fc9bc075c10
2022-03-21T13:03:16.975 INFO:teuthology.orchestra.run.smithi082.stderr:/usr/bin/ceph:
2022-03-21T13:03:16.966+0000 7fc9b8ff9700 1 -- 172.21.15.82:0/296842268 <== mon.0 v2:172.21.15.82:3300/0 4 ==== mgrmap(e 8) v1 ==== 41844+0+0 (secure 0 0 0) 0x7fc9ac017020 con 0x7fc9bc075c10
2022-03-21T13:03:16.976 INFO:teuthology.orchestra.run.smithi082.stderr:/usr/bin/ceph:
2022-03-21T13:03:16.967+0000 7fc9c279b700 1 -- 172.21.15.82:0/296842268 --> [v2:172.21.15.82:3300/0,v1:172.21.15.82:6789/0] -- mon_command({"prefix": "get_command_descriptions"} v 0) v1 -- 0x7fc9bc04af20 con 0x7fc9bc075c10
2022-03-21T13:03:16.977 INFO:teuthology.orchestra.run.smithi082.stderr:/usr/bin/ceph:
2022-03-21T13:03:16.967+0000 7fc9b8ff9700 1 --2- 172.21.15.82:0/296842268 >> [v2:172.21.15.82:6800/2778861547,v1:172.21.15.82:6801/2778861547] conn(0x7fc9a8034b30 0x7fc9a8036fe0 unknown :-1 s=NONE pgs=0 cs=0 l=1 rev1=0 crypto rx=0 tx=0 comp rx=0 tx=0).connect
2022-03-21T13:03:16.977 INFO:teuthology.orchestra.run.smithi082.stderr:/usr/bin/ceph:
2022-03-21T13:03:16.967+0000 7fc9b8ff9700 1 -- 172.21.15.82:0/296842268 <== mon.0 v2:172.21.15.82:3300/0 5 ==== osd_map(2..2 src has 1..2) v4 ==== 936+0+0 (secure 0 0 0) 0x7fc9ac0480f0 con 0x7fc9bc075c10
2022-03-21T13:03:16.977 INFO:teuthology.orchestra.run.smithi082.stderr:/usr/bin/ceph:
2022-03-21T13:03:16.967+0000 7fc9bb7fe700 1 --2- 172.21.15.82:0/296842268 >> [v2:172.21.15.82:6800/2778861547,v1:172.21.15.82:6801/2778861547] conn(0x7fc9a8034b30 0x7fc9a8036fe0 unknown :-1 s=BANNER_CONNECTING pgs=0 cs=0 l=1 rev1=0 crypto rx=0 tx=0 comp rx=0 tx=0)._handle_peer_banner_payload supported=3 required=0
2022-03-21T13:03:16.977 INFO:teuthology.orchestra.run.smithi082.stderr:/usr/bin/ceph:
