2022-03-21T13:03:30.052 INFO:teuthology.orchestra.run.smithi082.stderr:/usr/bin/ceph:
2022-03-21T13:03:30.044+0000 7fad00ae3700 1 Processor -- start
2022-03-21T13:03:30.052 INFO:teuthology.orchestra.run.smithi082.stderr:/usr/bin/ceph:
2022-03-21T13:03:30.044+0000 7fad00ae3700 1 -- start start
2022-03-21T13:03:30.052 INFO:teuthology.orchestra.run.smithi082.stderr:/usr/bin/ceph:
2022-03-21T13:03:30.045+0000 7fad00ae3700 1 --2- >> [v2:172.21.15.82:3300/0,v1:172.21.15.82:6789/0] conn(0x7facfc102af0 0x7facfc102f00 unknown :-1 s=NONE pgs=0 cs=0 l=0 rev1=0 crypto rx=0 tx=0 comp rx=0 tx=0).connect
2022-03-21T13:03:30.053 INFO:teuthology.orchestra.run.smithi082.stderr:/usr/bin/ceph:
2022-03-21T13:03:30.045+0000 7fad00ae3700 1 -- --> [v2:172.21.15.82:3300/0,v1:172.21.15.82:6789/0] -- mon_getmap magic: 0 v1 -- 0x7facfc103440 con 0x7facfc102af0
2022-03-21T13:03:30.053 INFO:teuthology.orchestra.run.smithi082.stderr:/usr/bin/ceph:
2022-03-21T13:03:30.045+0000 7facfa59c700 1 --2- >> [v2:172.21.15.82:3300/0,v1:172.21.15.82:6789/0] conn(0x7facfc102af0 0x7facfc102f00 unknown :-1 s=BANNER_CONNECTING pgs=0 cs=0 l=0 rev1=0 crypto rx=0 tx=0 comp rx=0 tx=0)._handle_peer_banner_payload supported=3 required=0
2022-03-21T13:03:30.053 INFO:teuthology.orchestra.run.smithi082.stderr:/usr/bin/ceph:
2022-03-21T13:03:30.045+0000 7facfa59c700 1 --2- >> [v2:172.21.15.82:3300/0,v1:172.21.15.82:6789/0] conn(0x7facfc102af0 0x7facfc102f00 unknown :-1 s=HELLO_CONNECTING pgs=0 cs=0 l=0 rev1=1 crypto rx=0 tx=0 comp rx=0 tx=0).handle_hello peer v2:172.21.15.82:3300/0 says I am v2:172.21.15.82:42360/0 (socket says 172.21.15.82:42360)
2022-03-21T13:03:30.053 INFO:teuthology.orchestra.run.smithi082.stderr:/usr/bin/ceph:
2022-03-21T13:03:30.045+0000 7facfa59c700 1 -- 172.21.15.82:0/1772891605 learned_addr learned my addr 172.21.15.82:0/1772891605 (peer_addr_for_me v2:172.21.15.82:0/0)
2022-03-21T13:03:30.054 INFO:teuthology.orchestra.run.smithi082.stderr:/usr/bin/ceph:
2022-03-21T13:03:30.045+0000 7facfa59c700 1 -- 172.21.15.82:0/1772891605 --> [v2:172.21.15.82:3300/0,v1:172.21.15.82:6789/0] -- mon_subscribe({config=0+,monmap=0+}) v3 -- 0x7facfc103580 con 0x7facfc102af0
2022-03-21T13:03:30.054 INFO:teuthology.orchestra.run.smithi082.stderr:/usr/bin/ceph:
2022-03-21T13:03:30.045+0000 7facfa59c700 1 --2- 172.21.15.82:0/1772891605 >> [v2:172.21.15.82:3300/0,v1:172.21.15.82:6789/0] conn(0x7facfc102af0 0x7facfc102f00 secure :-1 s=READY pgs=68 cs=0 l=1 rev1=1 crypto rx=0x7facf0009730 tx=0x7facf00090f0 comp rx=0 tx=0).ready entity=mon.0 client_cookie=2e7f90103798879e server_cookie=0 in_seq=0 out_seq=0
2022-03-21T13:03:30.054 INFO:teuthology.orchestra.run.smithi082.stderr:/usr/bin/ceph:
2022-03-21T13:03:30.045+0000 7facf959a700 1 -- 172.21.15.82:0/1772891605 <== mon.0 v2:172.21.15.82:3300/0 1 ==== mon_map magic: 0 v1 ==== 205+0+0 (secure 0 0 0) 0x7facf0004030 con 0x7facfc102af0
2022-03-21T13:03:30.054 INFO:teuthology.orchestra.run.smithi082.stderr:/usr/bin/ceph:
2022-03-21T13:03:30.046+0000 7facf959a700 1 -- 172.21.15.82:0/1772891605 <== mon.0 v2:172.21.15.82:3300/0 2 ==== config(26 keys) v1 ==== 1087+0+0 (secure 0 0 0) 0x7facf0004190 con 0x7facfc102af0
2022-03-21T13:03:30.055 INFO:teuthology.orchestra.run.smithi082.stderr:/usr/bin/ceph:
2022-03-21T13:03:30.046+0000 7facf959a700 1 -- 172.21.15.82:0/1772891605 <== mon.0 v2:172.21.15.82:3300/0 3 ==== mon_map magic: 0 v1 ==== 205+0+0 (secure 0 0 0) 0x7facf00037a0 con 0x7facfc102af0
2022-03-21T13:03:30.055 INFO:teuthology.orchestra.run.smithi082.stderr:/usr/bin/ceph:
2022-03-21T13:03:30.046+0000 7fad00ae3700 1 -- 172.21.15.82:0/1772891605 >> [v2:172.21.15.82:3300/0,v1:172.21.15.82:6789/0] conn(0x7facfc102af0 msgr2=0x7facfc102f00 secure :-1 s=STATE_CONNECTION_ESTABLISHED l=1).mark_down
2022-03-21T13:03:30.055 INFO:teuthology.orchestra.run.smithi082.stderr:/usr/bin/ceph:
2022-03-21T13:03:30.046+0000 7fad00ae3700 1 --2- 172.21.15.82:0/1772891605 >> [v2:172.21.15.82:3300/0,v1:172.21.15.82:6789/0] conn(0x7facfc102af0 0x7facfc102f00 secure :-1 s=READY pgs=68 cs=0 l=1 rev1=1 crypto rx=0x7facf0009730 tx=0x7facf00090f0 comp rx=0 tx=0).stop
2022-03-21T13:03:30.055 INFO:teuthology.orchestra.run.smithi082.stderr:/usr/bin/ceph:
2022-03-21T13:03:30.046+0000 7fad00ae3700 1 -- 172.21.15.82:0/1772891605 shutdown_connections
2022-03-21T13:03:30.056 INFO:teuthology.orchestra.run.smithi082.stderr:/usr/bin/ceph:
2022-03-21T13:03:30.046+0000 7fad00ae3700 1 --2- 172.21.15.82:0/1772891605 >> [v2:172.21.15.82:3300/0,v1:172.21.15.82:6789/0] conn(0x7facfc102af0 0x7facfc102f00 unknown :-1 s=CLOSED pgs=68 cs=0 l=1 rev1=1 crypto rx=0 tx=0 comp rx=0 tx=0).stop
2022-03-21T13:03:30.056 INFO:teuthology.orchestra.run.smithi082.stderr:/usr/bin/ceph:
2022-03-21T13:03:30.046+0000 7fad00ae3700 1 -- 172.21.15.82:0/1772891605 >> 172.21.15.82:0/1772891605 conn(0x7facfc0fb360 msgr2=0x7facfc0fd770 unknown :-1 s=STATE_NONE l=0).mark_down
2022-03-21T13:03:30.056 INFO:teuthology.orchestra.run.smithi082.stderr:/usr/bin/ceph:
2022-03-21T13:03:30.046+0000 7fad00ae3700 1 -- 172.21.15.82:0/1772891605 shutdown_connections
2022-03-21T13:03:30.056 INFO:teuthology.orchestra.run.smithi082.stderr:/usr/bin/ceph:
2022-03-21T13:03:30.046+0000 7fad00ae3700 1 -- 172.21.15.82:0/1772891605 wait complete.
2022-03-21T13:03:30.056 INFO:teuthology.orchestra.run.smithi082.stderr:/usr/bin/ceph:
2022-03-21T13:03:30.047+0000 7fad00ae3700 1 Processor -- start
2022-03-21T13:03:30.057 INFO:teuthology.orchestra.run.smithi082.stderr:/usr/bin/ceph:
2022-03-21T13:03:30.047+0000 7fad00ae3700 1 -- start start
2022-03-21T13:03:30.057 INFO:teuthology.orchestra.run.smithi082.stderr:/usr/bin/ceph:
2022-03-21T13:03:30.047+0000 7fad00ae3700 1 --2- >> [v2:172.21.15.82:3300/0,v1:172.21.15.82:6789/0] conn(0x7facfc102af0 0x7facfc110160 unknown :-1 s=NONE pgs=0 cs=0 l=1 rev1=0 crypto rx=0 tx=0 comp rx=0 tx=0).connect
2022-03-21T13:03:30.057 INFO:teuthology.orchestra.run.smithi082.stderr:/usr/bin/ceph:
2022-03-21T13:03:30.047+0000 7fad00ae3700 1 -- --> [v2:172.21.15.82:3300/0,v1:172.21.15.82:6789/0] -- mon_getmap magic: 0 v1 -- 0x7facfc1106a0 con 0x7facfc102af0
2022-03-21T13:03:30.057 INFO:teuthology.orchestra.run.smithi082.stderr:/usr/bin/ceph:
2022-03-21T13:03:30.047+0000 7facfa59c700 1 --2- >> [v2:172.21.15.82:3300/0,v1:172.21.15.82:6789/0] conn(0x7facfc102af0 0x7facfc110160 unknown :-1 s=BANNER_CONNECTING pgs=0 cs=0 l=1 rev1=0 crypto rx=0 tx=0 comp rx=0 tx=0)._handle_peer_banner_payload supported=3 required=0
2022-03-21T13:03:30.058 INFO:teuthology.orchestra.run.smithi082.stderr:/usr/bin/ceph:
2022-03-21T13:03:30.047+0000 7facfa59c700 1 --2- >> [v2:172.21.15.82:3300/0,v1:172.21.15.82:6789/0] conn(0x7facfc102af0 0x7facfc110160 unknown :-1 s=HELLO_CONNECTING pgs=0 cs=0 l=1 rev1=1 crypto rx=0 tx=0 comp rx=0 tx=0).handle_hello peer v2:172.21.15.82:3300/0 says I am v2:172.21.15.82:42362/0 (socket says 172.21.15.82:42362)
2022-03-21T13:03:30.058 INFO:teuthology.orchestra.run.smithi082.stderr:/usr/bin/ceph:
2022-03-21T13:03:30.047+0000 7facfa59c700 1 -- 172.21.15.82:0/169253385 learned_addr learned my addr 172.21.15.82:0/169253385 (peer_addr_for_me v2:172.21.15.82:0/0)
2022-03-21T13:03:30.058 INFO:teuthology.orchestra.run.smithi082.stderr:/usr/bin/ceph:
2022-03-21T13:03:30.047+0000 7facfa59c700 1 -- 172.21.15.82:0/169253385 --> [v2:172.21.15.82:3300/0,v1:172.21.15.82:6789/0] -- mon_subscribe({config=0+,monmap=0+}) v3 -- 0x7facf0009370 con 0x7facfc102af0
2022-03-21T13:03:30.058 INFO:teuthology.orchestra.run.smithi082.stderr:/usr/bin/ceph:
2022-03-21T13:03:30.047+0000 7facfa59c700 1 --2- 172.21.15.82:0/169253385 >> [v2:172.21.15.82:3300/0,v1:172.21.15.82:6789/0] conn(0x7facfc102af0 0x7facfc110160 secure :-1 s=READY pgs=69 cs=0 l=1 rev1=1 crypto rx=0x7facf0006fd0 tx=0x7facf00090f0 comp rx=0 tx=0).ready entity=mon.0 client_cookie=0 server_cookie=0 in_seq=0 out_seq=0
2022-03-21T13:03:30.058 INFO:teuthology.orchestra.run.smithi082.stderr:/usr/bin/ceph:
2022-03-21T13:03:30.047+0000 7faceaffd700 1 -- 172.21.15.82:0/169253385 <== mon.0 v2:172.21.15.82:3300/0 1 ==== mon_map magic: 0 v1 ==== 205+0+0 (secure 0 0 0) 0x7facf0011990 con 0x7facfc102af0
2022-03-21T13:03:30.059 INFO:teuthology.orchestra.run.smithi082.stderr:/usr/bin/ceph:
2022-03-21T13:03:30.047+0000 7faceaffd700 1 -- 172.21.15.82:0/169253385 <== mon.0 v2:172.21.15.82:3300/0 2 ==== config(26 keys) v1 ==== 1087+0+0 (secure 0 0 0) 0x7facf0011af0 con 0x7facfc102af0
2022-03-21T13:03:30.059 INFO:teuthology.orchestra.run.smithi082.stderr:/usr/bin/ceph:
2022-03-21T13:03:30.047+0000 7fad00ae3700 1 -- 172.21.15.82:0/169253385 --> [v2:172.21.15.82:3300/0,v1:172.21.15.82:6789/0] -- mon_subscribe({mgrmap=0+}) v3 -- 0x7facfc1108a0 con 0x7facfc102af0
2022-03-21T13:03:30.059 INFO:teuthology.orchestra.run.smithi082.stderr:/usr/bin/ceph:
2022-03-21T13:03:30.047+0000 7faceaffd700 1 -- 172.21.15.82:0/169253385 <== mon.0 v2:172.21.15.82:3300/0 3 ==== mon_map magic: 0 v1 ==== 205+0+0 (secure 0 0 0) 0x7facf0022540 con 0x7facfc102af0
2022-03-21T13:03:30.059 INFO:teuthology.orchestra.run.smithi082.stderr:/usr/bin/ceph:
2022-03-21T13:03:30.047+0000 7fad00ae3700 1 -- 172.21.15.82:0/169253385 --> [v2:172.21.15.82:3300/0,v1:172.21.15.82:6789/0] -- mon_subscribe({osdmap=0}) v3 -- 0x7facfc111540 con 0x7facfc102af0
2022-03-21T13:03:30.060 INFO:teuthology.orchestra.run.smithi082.stderr:/usr/bin/ceph:
2022-03-21T13:03:30.048+0000 7faceaffd700 1 -- 172.21.15.82:0/169253385 <== mon.0 v2:172.21.15.82:3300/0 4 ==== mgrmap(e 12) v1 ==== 41857+0+0 (secure 0 0 0) 0x7facf0017020 con 0x7facfc102af0
2022-03-21T13:03:30.060 INFO:teuthology.orchestra.run.smithi082.stderr:/usr/bin/ceph:
2022-03-21T13:03:30.048+0000 7faceaffd700 1 --2- 172.21.15.82:0/169253385 >> [v2:172.21.15.82:6800/3306987703,v1:172.21.15.82:6801/3306987703] conn(0x7face0034c10 0x7face00370c0 unknown :-1 s=NONE pgs=0 cs=0 l=1 rev1=0 crypto rx=0 tx=0 comp rx=0 tx=0).connect
2022-03-21T13:03:30.060 INFO:teuthology.orchestra.run.smithi082.stderr:/usr/bin/ceph:
2022-03-21T13:03:30.048+0000 7fad00ae3700 1 -- 172.21.15.82:0/169253385 --> [v2:172.21.15.82:3300/0,v1:172.21.15.82:6789/0] -- mon_command({"prefix": "get_command_descriptions"} v 0) v1 -- 0x7facfc05e600 con 0x7facfc102af0
2022-03-21T13:03:30.060 INFO:teuthology.orchestra.run.smithi082.stderr:/usr/bin/ceph:
2022-03-21T13:03:30.048+0000 7faceaffd700 1 -- 172.21.15.82:0/169253385 <== mon.0 v2:172.21.15.82:3300/0 5 ==== osd_map(3..3 src has 1..3) v4 ==== 1151+0+0 (secure 0 0 0) 0x7facf0048380 con 0x7facfc102af0
2022-03-21T13:03:30.060 INFO:teuthology.orchestra.run.smithi082.stderr:/usr/bin/ceph:
2022-03-21T13:03:30.048+0000 7facf9d9b700 1 --2- 172.21.15.82:0/169253385 >> [v2:172.21.15.82:6800/3306987703,v1:172.21.15.82:6801/3306987703] conn(0x7face0034c10 0x7face00370c0 unknown :-1 s=BANNER_CONNECTING pgs=0 cs=0 l=1 rev1=0 crypto rx=0 tx=0 comp rx=0 tx=0)._handle_peer_banner_payload supported=3 required=0
2022-03-21T13:03:30.061 INFO:teuthology.orchestra.run.smithi082.stderr:/usr/bin/ceph:
2022-03-21T13:03:30.049+0000 7facf9d9b700 1 --2- 172.21.15.82:0/169253385 >> [v2:172.21.15.82:6800/3306987703,v1:172.21.15.82:6801/3306987703] conn(0x7face0034c10 0x7face00370c0 secure :-1 s=READY pgs=7 cs=0 l=1 rev1=1 crypto rx=0x7facec009780 tx=0x7facec006cc0 comp rx=0 tx=0).ready entity=mgr.14150 client_cookie=0 server_cookie=0 in_seq=0 out_seq=0
2022-03-21T13:03:30.061 INFO:teuthology.orchestra.run.smithi082.stderr:/usr/bin/ceph:
2022-03-21T13:03:30.053+0000 7faceaffd700 1 -- 172.21.15.82:0/169253385 <== mon.0 v2:172.21.15.82:3300/0 6 ==== mon_command_ack([{"prefix": "get_command_descriptions"}]=0 v0) v1 ==== 72+0+163627 (secure 0 0 0) 0x7facf002a800 con 0x7facfc102af0
2022-03-21T13:03:30.229 INFO:journalctl@ceph.mon.a.smithi082.stdout:Mar 21 13:03:29 smithi082 ceph-mon[22400]: [21/Mar/2022:13:03:28] ENGINE Bus STARTING
2022-03-21T13:03:30.229 INFO:journalctl@ceph.mon.a.smithi082.stdout:Mar 21 13:03:29 smithi082 ceph-mon[22400]: from='client.14154 -' entity='client.admin' cmd=[{"prefix": "get_command_descriptions"}]: dispatch
2022-03-21T13:03:30.229 INFO:journalctl@ceph.mon.a.smithi082.stdout:Mar 21 13:03:29 smithi082 ceph-mon[22400]: mgrmap e11: x(active, since 1.5215s)
2022-03-21T13:03:30.230 INFO:journalctl@ceph.mon.a.smithi082.stdout:Mar 21 13:03:29 smithi082 ceph-mon[22400]: from='client.14154 -' entity='client.admin' cmd=[{"prefix": "mgr_status"}]: dispatch
2022-03-21T13:03:30.230 INFO:journalctl@ceph.mon.a.smithi082.stdout:Mar 21 13:03:29 smithi082 ceph-mon[22400]: [21/Mar/2022:13:03:29] ENGINE Serving on https://172.21.15.82:7150
2022-03-21T13:03:30.230 INFO:journalctl@ceph.mon.a.smithi082.stdout:Mar 21 13:03:29 smithi082 ceph-mon[22400]: [21/Mar/2022:13:03:29] ENGINE Bus STARTED
2022-03-21T13:03:30.230 INFO:journalctl@ceph.mon.a.smithi082.stdout:Mar 21 13:03:29 smithi082 ceph-mon[22400]: from='mgr.14150 172.21.15.82:0/4245432938' entity='mgr.x'
2022-03-21T13:03:30.230 INFO:journalctl@ceph.mon.a.smithi082.stdout:Mar 21 13:03:29 smithi082 ceph-mon[22400]: from='mgr.14150 172.21.15.82:0/4245432938' entity='mgr.x'
2022-03-21T13:03:30.236 INFO:teuthology.orchestra.run.smithi082.stderr:/usr/bin/ceph:
2022-03-21T13:03:30.234+0000 7fad00ae3700 1 -- 172.21.15.82:0/169253385 --> [v2:172.21.15.82:6800/3306987703,v1:172.21.15.82:6801/3306987703] -- mgr_command(tid 0: {"prefix": "dashboard create-self-signed-cert", "target": ["mon-mgr", ""]}) v1 -- 0x7facfc0fc7c0 con 0x7face0034c10
2022-03-21T13:03:30.312 INFO:teuthology.orchestra.run.smithi082.stderr:/usr/bin/ceph:
2022-03-21T13:03:30.309+0000 7faceaffd700 1 -- 172.21.15.82:0/169253385 <== mgr.14150 v2:172.21.15.82:6800/3306987703 1 ==== mgr_command_reply(tid 0: 0 ) v1 ==== 8+0+32 (secure 0 0 0) 0x7facfc0fc7c0 con 0x7face0034c10
2022-03-21T13:03:30.312 INFO:teuthology.orchestra.run.smithi082.stderr:/usr/bin/ceph: Self-signed certificate created
2022-03-21T13:03:30.315 INFO:teuthology.orchestra.run.smithi082.stderr:/usr/bin/ceph:
2022-03-21T13:03:30.312+0000 7fad00ae3700 1 -- 172.21.15.82:0/169253385 >> [v2:172.21.15.82:6800/3306987703,v1:172.21.15.82:6801/3306987703] conn(0x7face0034c10 msgr2=0x7face00370c0 secure :-1 s=STATE_CONNECTION_ESTABLISHED l=1).mark_down
2022-03-21T13:03:30.316 INFO:teuthology.orchestra.run.smithi082.stderr:/usr/bin/ceph:
2022-03-21T13:03:30.312+0000 7fad00ae3700 1 --2- 172.21.15.82:0/169253385 >> [v2:172.21.15.82:6800/3306987703,v1:172.21.15.82:6801/3306987703] conn(0x7face0034c10 0x7face00370c0 secure :-1 s=READY pgs=7 cs=0 l=1 rev1=1 crypto rx=0x7facec009780 tx=0x7facec006cc0 comp rx=0 tx=0).stop
2022-03-21T13:03:30.316 INFO:teuthology.orchestra.run.smithi082.stderr:/usr/bin/ceph:
2022-03-21T13:03:30.312+0000 7fad00ae3700 1 -- 172.21.15.82:0/169253385 >> [v2:172.21.15.82:3300/0,v1:172.21.15.82:6789/0] conn(0x7facfc102af0 msgr2=0x7facfc110160 secure :-1 s=STATE_CONNECTION_ESTABLISHED l=1).mark_down
2022-03-21T13:03:30.316 INFO:teuthology.orchestra.run.smithi082.stderr:/usr/bin/ceph:
2022-03-21T13:03:30.312+0000 7fad00ae3700 1 --2- 172.21.15.82:0/169253385 >> [v2:172.21.15.82:3300/0,v1:172.21.15.82:6789/0] conn(0x7facfc102af0 0x7facfc110160 secure :-1 s=READY pgs=69 cs=0 l=1 rev1=1 crypto rx=0x7facf0006fd0 tx=0x7facf00090f0 comp rx=0 tx=0).stop
2022-03-21T13:03:30.316 INFO:teuthology.orchestra.run.smithi082.stderr:/usr/bin/ceph:
2022-03-21T13:03:30.312+0000 7fad00ae3700 1 -- 172.21.15.82:0/169253385 shutdown_connections
2022-03-21T13:03:30.316 INFO:teuthology.orchestra.run.smithi082.stderr:/usr/bin/ceph:
2022-03-21T13:03:30.312+0000 7fad00ae3700 1 --2- 172.21.15.82:0/169253385 >> [v2:172.21.15.82:6800/3306987703,v1:172.21.15.82:6801/3306987703] conn(0x7face0034c10 0x7face00370c0 unknown :-1 s=CLOSED pgs=7 cs=0 l=1 rev1=1 crypto rx=0 tx=0 comp rx=0 tx=0).stop
2022-03-21T13:03:30.317 INFO:teuthology.orchestra.run.smithi082.stderr:/usr/bin/ceph:
2022-03-21T13:03:30.312+0000 7fad00ae3700 1 --2- 172.21.15.82:0/169253385 >> [v2:172.21.15.82:3300/0,v1:172.21.15.82:6789/0] conn(0x7facfc102af0 0x7facfc110160 unknown :-1 s=CLOSED pgs=69 cs=0 l=1 rev1=1 crypto rx=0 tx=0 comp rx=0 tx=0).stop
2022-03-21T13:03:30.317 INFO:teuthology.orchestra.run.smithi082.stderr:/usr/bin/ceph:
2022-03-21T13:03:30.312+0000 7fad00ae3700 1 -- 172.21.15.82:0/169253385 >> 172.21.15.82:0/169253385 conn(0x7facfc0fb360 msgr2=0x7facfc0fc0b0 unknown :-1 s=STATE_NONE l=0).mark_down
2022-03-21T13:03:30.317 INFO:teuthology.orchestra.run.smithi082.stderr:/usr/bin/ceph:
2022-03-21T13:03:30.312+0000 7fad00ae3700 1 -- 172.21.15.82:0/169253385 shutdown_connections
2022-03-21T13:03:30.317 INFO:teuthology.orchestra.run.smithi082.stderr:/usr/bin/ceph:
2022-03-21T13:03:30.312+0000 7fad00ae3700 1 -- 172.21.15.82:0/169253385 wait complete.
2022-03-21T13:03:30.658 INFO:teuthology.orchestra.run.smithi082.stderr:Creating initial admin user...
2022-03-21T13:03:31.183 INFO:teuthology.orchestra.run.smithi082.stderr:/usr/bin/ceph:
2022-03-21T13:03:31.176+0000 7f4a28c8f700 1 Processor -- start
2022-03-21T13:03:31.184 INFO:teuthology.orchestra.run.smithi082.stderr:/usr/bin/ceph:
2022-03-21T13:03:31.176+0000 7f4a28c8f700 1 -- start start
2022-03-21T13:03:31.184 INFO:teuthology.orchestra.run.smithi082.stderr:/usr/bin/ceph:
2022-03-21T13:03:31.177+0000 7f4a28c8f700 1 --2- >> [v2:172.21.15.82:3300/0,v1:172.21.15.82:6789/0] conn(0x7f4a24075c10 0x7f4a24104170 unknown :-1 s=NONE pgs=0 cs=0 l=0 rev1=0 crypto rx=0 tx=0 comp rx=0 tx=0).connect
2022-03-21T13:03:31.184 INFO:teuthology.orchestra.run.smithi082.stderr:/usr/bin/ceph:
2022-03-21T13:03:31.177+0000 7f4a28c8f700 1 -- --> [v2:172.21.15.82:3300/0,v1:172.21.15.82:6789/0] -- mon_getmap magic: 0 v1 -- 0x7f4a241046b0 con 0x7f4a24075c10
2022-03-21T13:03:31.184 INFO:teuthology.orchestra.run.smithi082.stderr:/usr/bin/ceph:
2022-03-21T13:03:31.177+0000 7f4a2259c700 1 --2- >> [v2:172.21.15.82:3300/0,v1:172.21.15.82:6789/0] conn(0x7f4a24075c10 0x7f4a24104170 unknown :-1 s=BANNER_CONNECTING pgs=0 cs=0 l=0 rev1=0 crypto rx=0 tx=0 comp rx=0 tx=0)._handle_peer_banner_payload supported=3 required=0
2022-03-21T13:03:31.185 INFO:teuthology.orchestra.run.smithi082.stderr:/usr/bin/ceph:
2022-03-21T13:03:31.177+0000 7f4a2259c700 1 --2- >> [v2:172.21.15.82:3300/0,v1:172.21.15.82:6789/0] conn(0x7f4a24075c10 0x7f4a24104170 unknown :-1 s=HELLO_CONNECTING pgs=0 cs=0 l=0 rev1=1 crypto rx=0 tx=0 comp rx=0 tx=0).handle_hello peer v2:172.21.15.82:3300/0 says I am v2:172.21.15.82:42366/0 (socket says 172.21.15.82:42366)
2022-03-21T13:03:31.185 INFO:teuthology.orchestra.run.smithi082.stderr:/usr/bin/ceph:
2022-03-21T13:03:31.177+0000 7f4a2259c700 1 -- 172.21.15.82:0/3676604110 learned_addr learned my addr 172.21.15.82:0/3676604110 (peer_addr_for_me v2:172.21.15.82:0/0)
2022-03-21T13:03:31.185 INFO:teuthology.orchestra.run.smithi082.stderr:/usr/bin/ceph:
2022-03-21T13:03:31.177+0000 7f4a2259c700 1 -- 172.21.15.82:0/3676604110 --> [v2:172.21.15.82:3300/0,v1:172.21.15.82:6789/0] -- mon_subscribe({config=0+,monmap=0+}) v3 -- 0x7f4a241047f0 con 0x7f4a24075c10
2022-03-21T13:03:31.185 INFO:teuthology.orchestra.run.smithi082.stderr:/usr/bin/ceph:
2022-03-21T13:03:31.178+0000 7f4a2259c700 1 --2- 172.21.15.82:0/3676604110 >> [v2:172.21.15.82:3300/0,v1:172.21.15.82:6789/0] conn(0x7f4a24075c10 0x7f4a24104170 secure :-1 s=READY pgs=70 cs=0 l=1 rev1=1 crypto rx=0x7f4a14009730 tx=0x7f4a140090f0 comp rx=0 tx=0).ready entity=mon.0 client_cookie=2477fcb97102a2d4 server_cookie=0 in_seq=0 out_seq=0
2022-03-21T13:03:31.185 INFO:teuthology.orchestra.run.smithi082.stderr:/usr/bin/ceph:
2022-03-21T13:03:31.178+0000 7f4a2159a700 1 -- 172.21.15.82:0/3676604110 <== mon.0 v2:172.21.15.82:3300/0 1 ==== mon_map magic: 0 v1 ==== 205+0+0 (secure 0 0 0) 0x7f4a14004030 con 0x7f4a24075c10
2022-03-21T13:03:31.186 INFO:teuthology.orchestra.run.smithi082.stderr:/usr/bin/ceph:
2022-03-21T13:03:31.178+0000 7f4a2159a700 1 -- 172.21.15.82:0/3676604110 <== mon.0 v2:172.21.15.82:3300/0 2 ==== config(26 keys) v1 ==== 1087+0+0 (secure 0 0 0) 0x7f4a14004190 con 0x7f4a24075c10
2022-03-21T13:03:31.186 INFO:teuthology.orchestra.run.smithi082.stderr:/usr/bin/ceph:
2022-03-21T13:03:31.178+0000 7f4a2159a700 1 -- 172.21.15.82:0/3676604110 <== mon.0 v2:172.21.15.82:3300/0 3 ==== mon_map magic: 0 v1 ==== 205+0+0 (secure 0 0 0) 0x7f4a140037a0 con 0x7f4a24075c10
2022-03-21T13:03:31.186 INFO:teuthology.orchestra.run.smithi082.stderr:/usr/bin/ceph:
2022-03-21T13:03:31.178+0000 7f4a28c8f700 1 -- 172.21.15.82:0/3676604110 >> [v2:172.21.15.82:3300/0,v1:172.21.15.82:6789/0] conn(0x7f4a24075c10 msgr2=0x7f4a24104170 secure :-1 s=STATE_CONNECTION_ESTABLISHED l=1).mark_down
2022-03-21T13:03:31.186 INFO:teuthology.orchestra.run.smithi082.stderr:/usr/bin/ceph:
2022-03-21T13:03:31.178+0000 7f4a28c8f700 1 --2- 172.21.15.82:0/3676604110 >> [v2:172.21.15.82:3300/0,v1:172.21.15.82:6789/0] conn(0x7f4a24075c10 0x7f4a24104170 secure :-1 s=READY pgs=70 cs=0 l=1 rev1=1 crypto rx=0x7f4a14009730 tx=0x7f4a140090f0 comp rx=0 tx=0).stop
2022-03-21T13:03:31.187 INFO:teuthology.orchestra.run.smithi082.stderr:/usr/bin/ceph:
2022-03-21T13:03:31.178+0000 7f4a28c8f700 1 -- 172.21.15.82:0/3676604110 shutdown_connections
2022-03-21T13:03:31.187 INFO:teuthology.orchestra.run.smithi082.stderr:/usr/bin/ceph:
2022-03-21T13:03:31.178+0000 7f4a28c8f700 1 --2- 172.21.15.82:0/3676604110 >> [v2:172.21.15.82:3300/0,v1:172.21.15.82:6789/0] conn(0x7f4a24075c10 0x7f4a24104170 unknown :-1 s=CLOSED pgs=70 cs=0 l=1 rev1=1 crypto rx=0 tx=0 comp rx=0 tx=0).stop
2022-03-21T13:03:31.187 INFO:teuthology.orchestra.run.smithi082.stderr:/usr/bin/ceph:
2022-03-21T13:03:31.178+0000 7f4a28c8f700 1 -- 172.21.15.82:0/3676604110 >> 172.21.15.82:0/3676604110 conn(0x7f4a240fbc00 msgr2=0x7f4a240fe010 unknown :-1 s=STATE_NONE l=0).mark_down
2022-03-21T13:03:31.187 INFO:teuthology.orchestra.run.smithi082.stderr:/usr/bin/ceph:
2022-03-21T13:03:31.178+0000 7f4a28c8f700 1 -- 172.21.15.82:0/3676604110 shutdown_connections
2022-03-21T13:03:31.187 INFO:teuthology.orchestra.run.smithi082.stderr:/usr/bin/ceph:
2022-03-21T13:03:31.178+0000 7f4a28c8f700 1 -- 172.21.15.82:0/3676604110 wait complete.
2022-03-21T13:03:31.188 INFO:teuthology.orchestra.run.smithi082.stderr:/usr/bin/ceph:
2022-03-21T13:03:31.179+0000 7f4a28c8f700 1 Processor -- start
2022-03-21T13:03:31.188 INFO:teuthology.orchestra.run.smithi082.stderr:/usr/bin/ceph:
2022-03-21T13:03:31.179+0000 7f4a28c8f700 1 -- start start
2022-03-21T13:03:31.188 INFO:teuthology.orchestra.run.smithi082.stderr:/usr/bin/ceph:
2022-03-21T13:03:31.179+0000 7f4a28c8f700 1 --2- >> [v2:172.21.15.82:3300/0,v1:172.21.15.82:6789/0] conn(0x7f4a24075c10 0x7f4a24101bf0 unknown :-1 s=NONE pgs=0 cs=0 l=1 rev1=0 crypto rx=0 tx=0 comp rx=0 tx=0).connect
2022-03-21T13:03:31.188 INFO:teuthology.orchestra.run.smithi082.stderr:/usr/bin/ceph:
2022-03-21T13:03:31.179+0000 7f4a28c8f700 1 -- --> [v2:172.21.15.82:3300/0,v1:172.21.15.82:6789/0] -- mon_getmap magic: 0 v1 -- 0x7f4a24100070 con 0x7f4a24075c10
2022-03-21T13:03:31.188 INFO:teuthology.orchestra.run.smithi082.stderr:/usr/bin/ceph:
2022-03-21T13:03:31.179+0000 7f4a2259c700 1 --2- >> [v2:172.21.15.82:3300/0,v1:172.21.15.82:6789/0] conn(0x7f4a24075c10 0x7f4a24101bf0 unknown :-1 s=BANNER_CONNECTING pgs=0 cs=0 l=1 rev1=0 crypto rx=0 tx=0 comp rx=0 tx=0)._handle_peer_banner_payload supported=3 required=0
2022-03-21T13:03:31.189 INFO:teuthology.orchestra.run.smithi082.stderr:/usr/bin/ceph:
2022-03-21T13:03:31.179+0000 7f4a2259c700 1 --2- >> [v2:172.21.15.82:3300/0,v1:172.21.15.82:6789/0] conn(0x7f4a24075c10 0x7f4a24101bf0 unknown :-1 s=HELLO_CONNECTING pgs=0 cs=0 l=1 rev1=1 crypto rx=0 tx=0 comp rx=0 tx=0).handle_hello peer v2:172.21.15.82:3300/0 says I am v2:172.21.15.82:42368/0 (socket says 172.21.15.82:42368)
2022-03-21T13:03:31.189 INFO:teuthology.orchestra.run.smithi082.stderr:/usr/bin/ceph:
2022-03-21T13:03:31.179+0000 7f4a2259c700 1 -- 172.21.15.82:0/2261020080 learned_addr learned my addr 172.21.15.82:0/2261020080 (peer_addr_for_me v2:172.21.15.82:0/0)
2022-03-21T13:03:31.189 INFO:teuthology.orchestra.run.smithi082.stderr:/usr/bin/ceph:
2022-03-21T13:03:31.179+0000 7f4a2259c700 1 -- 172.21.15.82:0/2261020080 --> [v2:172.21.15.82:3300/0,v1:172.21.15.82:6789/0] -- mon_subscribe({config=0+,monmap=0+}) v3 -- 0x7f4a14009370 con 0x7f4a24075c10
2022-03-21T13:03:31.189 INFO:teuthology.orchestra.run.smithi082.stderr:/usr/bin/ceph:
2022-03-21T13:03:31.180+0000 7f4a2259c700 1 --2- 172.21.15.82:0/2261020080 >> [v2:172.21.15.82:3300/0,v1:172.21.15.82:6789/0] conn(0x7f4a24075c10 0x7f4a24101bf0 secure :-1 s=READY pgs=71 cs=0 l=1 rev1=1 crypto rx=0x7f4a14011f60 tx=0x7f4a140090f0 comp rx=0 tx=0).ready entity=mon.0 client_cookie=0 server_cookie=0 in_seq=0 out_seq=0
2022-03-21T13:03:31.189 INFO:teuthology.orchestra.run.smithi082.stderr:/usr/bin/ceph:
2022-03-21T13:03:31.180+0000 7f4a12ffd700 1 -- 172.21.15.82:0/2261020080 <== mon.0 v2:172.21.15.82:3300/0 1 ==== mon_map magic: 0 v1 ==== 205+0+0 (secure 0 0 0) 0x7f4a14011990 con 0x7f4a24075c10
2022-03-21T13:03:31.190 INFO:teuthology.orchestra.run.smithi082.stderr:/usr/bin/ceph:
2022-03-21T13:03:31.180+0000 7f4a12ffd700 1 -- 172.21.15.82:0/2261020080 <== mon.0 v2:172.21.15.82:3300/0 2 ==== config(26 keys) v1 ==== 1087+0+0 (secure 0 0 0) 0x7f4a14011af0 con 0x7f4a24075c10
2022-03-21T13:03:31.190 INFO:teuthology.orchestra.run.smithi082.stderr:/usr/bin/ceph:
2022-03-21T13:03:31.180+0000 7f4a28c8f700 1 -- 172.21.15.82:0/2261020080 --> [v2:172.21.15.82:3300/0,v1:172.21.15.82:6789/0] -- mon_subscribe({mgrmap=0+}) v3 -- 0x7f4a24100270 con 0x7f4a24075c10
2022-03-21T13:03:31.190 INFO:teuthology.orchestra.run.smithi082.stderr:/usr/bin/ceph:
2022-03-21T13:03:31.180+0000 7f4a12ffd700 1 -- 172.21.15.82:0/2261020080 <== mon.0 v2:172.21.15.82:3300/0 3 ==== mon_map magic: 0 v1 ==== 205+0+0 (secure 0 0 0) 0x7f4a14022460 con 0x7f4a24075c10
2022-03-21T13:03:31.190 INFO:teuthology.orchestra.run.smithi082.stderr:/usr/bin/ceph:
2022-03-21T13:03:31.180+0000 7f4a28c8f700 1 -- 172.21.15.82:0/2261020080 --> [v2:172.21.15.82:3300/0,v1:172.21.15.82:6789/0] -- mon_subscribe({osdmap=0}) v3 -- 0x7f4a24100700 con 0x7f4a24075c10
2022-03-21T13:03:31.190 INFO:teuthology.orchestra.run.smithi082.stderr:/usr/bin/ceph:
2022-03-21T13:03:31.181+0000 7f4a12ffd700 1 -- 172.21.15.82:0/2261020080 <== mon.0 v2:172.21.15.82:3300/0 4 ==== mgrmap(e 12) v1 ==== 41857+0+0 (secure 0 0 0) 0x7f4a14017020 con 0x7f4a24075c10
2022-03-21T13:03:31.191 INFO:teuthology.orchestra.run.smithi082.stderr:/usr/bin/ceph:
2022-03-21T13:03:31.181+0000 7f4a12ffd700 1 --2- 172.21.15.82:0/2261020080 >> [v2:172.21.15.82:6800/3306987703,v1:172.21.15.82:6801/3306987703] conn(0x7f4a08034b80 0x7f4a08037030 unknown :-1 s=NONE pgs=0 cs=0 l=1 rev1=0 crypto rx=0 tx=0 comp rx=0 tx=0).connect
2022-03-21T13:03:31.191 INFO:teuthology.orchestra.run.smithi082.stderr:/usr/bin/ceph:
2022-03-21T13:03:31.181+0000 7f4a12ffd700 1 -- 172.21.15.82:0/2261020080 <== mon.0 v2:172.21.15.82:3300/0 5 ==== osd_map(3..3 src has 1..3) v4 ==== 1151+0+0 (secure 0 0 0) 0x7f4a14048470 con 0x7f4a24075c10
2022-03-21T13:03:31.191 INFO:teuthology.orchestra.run.smithi082.stderr:/usr/bin/ceph:
2022-03-21T13:03:31.181+0000 7f4a21d9b700 1 --2- 172.21.15.82:0/2261020080 >> [v2:172.21.15.82:6800/3306987703,v1:172.21.15.82:6801/3306987703] conn(0x7f4a08034b80 0x7f4a08037030 unknown :-1 s=BANNER_CONNECTING pgs=0 cs=0 l=1 rev1=0 crypto rx=0 tx=0 comp rx=0 tx=0)._handle_peer_banner_payload supported=3 required=0
2022-03-21T13:03:31.191 INFO:teuthology.orchestra.run.smithi082.stderr:/usr/bin/ceph:
2022-03-21T13:03:31.181+0000 7f4a28c8f700 1 -- 172.21.15.82:0/2261020080 --> [v2:172.21.15.82:3300/0,v1:172.21.15.82:6789/0] -- mon_command({"prefix": "get_command_descriptions"} v 0) v1 -- 0x7f4a2405e600 con 0x7f4a24075c10
2022-03-21T13:03:31.192 INFO:teuthology.orchestra.run.smithi082.stderr:/usr/bin/ceph:
2022-03-21T13:03:31.181+0000 7f4a21d9b700 1 --2- 172.21.15.82:0/2261020080 >> [v2:172.21.15.82:6800/3306987703,v1:172.21.15.82:6801/3306987703] conn(0x7f4a08034b80 0x7f4a08037030 secure :-1 s=READY pgs=8 cs=0 l=1 rev1=1 crypto rx=0x7f4a18009780 tx=0x7f4a18006cc0 comp rx=0 tx=0).ready entity=mgr.14150 client_cookie=0 server_cookie=0 in_seq=0 out_seq=0
2022-03-21T13:03:31.192 INFO:teuthology.orchestra.run.smithi082.stderr:/usr/bin/ceph:
2022-03-21T13:03:31.186+0000 7f4a12ffd700 1 -- 172.21.15.82:0/2261020080 <== mon.0 v2:172.21.15.82:3300/0 6 ==== mon_command_ack([{"prefix": "get_command_descriptions"}]=0 v0) v1 ==== 72+0+163627 (secure 0 0 0) 0x7f4a1402c440 con 0x7f4a24075c10
2022-03-21T13:03:31.260 INFO:journalctl@ceph.mon.a.smithi082.stdout:Mar 21 13:03:31 smithi082 ceph-mon[22400]: mgrmap e12: x(active, since 2s)
2022-03-21T13:03:31.260 INFO:journalctl@ceph.mon.a.smithi082.stdout:Mar 21 13:03:31 smithi082 ceph-mon[22400]: from='client.14162 -' entity='client.admin' cmd=[{"prefix": "dashboard create-self-signed-cert", "target": ["mon-mgr", ""]}]: dispatch
2022-03-21T13:03:31.261 INFO:journalctl@ceph.mon.a.smithi082.stdout:Mar 21 13:03:31 smithi082 ceph-mon[22400]: from='mgr.14150 172.21.15.82:0/4245432938' entity='mgr.x'
2022-03-21T13:03:31.261 INFO:journalctl@ceph.mon.a.smithi082.stdout:Mar 21 13:03:31 smithi082 ceph-mon[22400]: from='mgr.14150 172.21.15.82:0/4245432938' entity='mgr.x'
2022-03-21T13:03:31.261 INFO:journalctl@ceph.mon.a.smithi082.stdout:Mar 21 13:03:31 smithi082 ceph-mon[22400]: from='mgr.14150 172.21.15.82:0/4245432938' entity='mgr.x'
2022-03-21T13:03:31.381 INFO:teuthology.orchestra.run.smithi082.stderr:/usr/bin/ceph:
2022-03-21T13:03:31.379+0000 7f4a28c8f700 1 -- 172.21.15.82:0/2261020080 --> [v2:172.21.15.82:6800/3306987703,v1:172.21.15.82:6801/3306987703] -- mgr_command(tid 0: {"prefix": "dashboard ac-user-create", "username": "admin", "rolename": "administrator", "force_password": true, "pwd_update_required": true, "target": ["mon-mgr", ""]}) v1 -- 0x7f4a241055d0 con 0x7f4a08034b80
2022-03-21T13:03:31.609 INFO:teuthology.orchestra.run.smithi082.stderr:/usr/bin/ceph:
2022-03-21T13:03:31.607+0000 7f4a12ffd700 1 -- 172.21.15.82:0/2261020080 <== mgr.14150 v2:172.21.15.82:6800/3306987703 1 ==== mgr_command_reply(tid 0: 0 ) v1 ==== 8+0+252 (secure 0 0 0) 0x7f4a241055d0 con 0x7f4a08034b80
2022-03-21T13:03:31.609 INFO:teuthology.orchestra.run.smithi082.stderr:/usr/bin/ceph: {"username": "admin", "password": "$2b$12$DjGnrhxzaVhCVLHZAq7rkOUS.t/TQ.oRBX6ZyNWWUvk053Q72ZWbS", "roles": ["administrator"], "name": null, "email": null, "lastUpdate": 1647867811, "enabled": true, "pwdExpirationDate": null, "pwdUpdateRequired": true}
2022-03-21T13:03:31.612 INFO:teuthology.orchestra.run.smithi082.stderr:/usr/bin/ceph:
2022-03-21T13:03:31.609+0000 7f4a28c8f700 1 -- 172.21.15.82:0/2261020080 >> [v2:172.21.15.82:6800/3306987703,v1:172.21.15.82:6801/3306987703] conn(0x7f4a08034b80 msgr2=0x7f4a08037030 secure :-1 s=STATE_CONNECTION_ESTABLISHED l=1).mark_down
2022-03-21T13:03:31.612 INFO:teuthology.orchestra.run.smithi082.stderr:/usr/bin/ceph:
2022-03-21T13:03:31.609+0000 7f4a28c8f700 1 --2- 172.21.15.82:0/2261020080 >> [v2:172.21.15.82:6800/3306987703,v1:172.21.15.82:6801/3306987703] conn(0x7f4a08034b80 0x7f4a08037030 secure :-1 s=READY pgs=8 cs=0 l=1 rev1=1 crypto rx=0x7f4a18009780 tx=0x7f4a18006cc0 comp rx=0 tx=0).stop
2022-03-21T13:03:31.612 INFO:teuthology.orchestra.run.smithi082.stderr:/usr/bin/ceph:
2022-03-21T13:03:31.609+0000 7f4a28c8f700 1 -- 172.21.15.82:0/2261020080 >> [v2:172.21.15.82:3300/0,v1:172.21.15.82:6789/0] conn(0x7f4a24075c10 msgr2=0x7f4a24101bf0 secure :-1 s=STATE_CONNECTION_ESTABLISHED l=1).mark_down
2022-03-21T13:03:31.613 INFO:teuthology.orchestra.run.smithi082.stderr:/usr/bin/ceph:
2022-03-21T13:03:31.609+0000 7f4a28c8f700 1 --2- 172.21.15.82:0/2261020080 >> [v2:172.21.15.82:3300/0,v1:172.21.15.82:6789/0] conn(0x7f4a24075c10 0x7f4a24101bf0 secure :-1 s=READY pgs=71 cs=0 l=1 rev1=1 crypto rx=0x7f4a14011f60 tx=0x7f4a140090f0 comp rx=0 tx=0).stop
2022-03-21T13:03:31.613 INFO:teuthology.orchestra.run.smithi082.stderr:/usr/bin/ceph:
2022-03-21T13:03:31.609+0000 7f4a28c8f700 1 -- 172.21.15.82:0/2261020080 shutdown_connections
2022-03-21T13:03:31.613 INFO:teuthology.orchestra.run.smithi082.stderr:/usr/bin/ceph:
2022-03-21T13:03:31.609+0000 7f4a28c8f700 1 --2- 172.21.15.82:0/2261020080 >> [v2:172.21.15.82:6800/3306987703,v1:172.21.15.82:6801/3306987703] conn(0x7f4a08034b80 0x7f4a08037030 unknown :-1 s=CLOSED pgs=8 cs=0 l=1 rev1=1 crypto rx=0 tx=0 comp rx=0 tx=0).stop
2022-03-21T13:03:31.613 INFO:teuthology.orchestra.run.smithi082.stderr:/usr/bin/ceph:
2022-03-21T13:03:31.609+0000 7f4a28c8f700 1 --2- 172.21.15.82:0/2261020080 >> [v2:172.21.15.82:3300/0,v1:172.21.15.82:6789/0] conn(0x7f4a24075c10 0x7f4a24101bf0 unknown :-1 s=CLOSED pgs=71 cs=0 l=1 rev1=1 crypto rx=0 tx=0 comp rx=0 tx=0).stop
2022-03-21T13:03:31.613 INFO:teuthology.orchestra.run.smithi082.stderr:/usr/bin/ceph:
2022-03-21T13:03:31.609+0000 7f4a28c8f700 1 -- 172.21.15.82:0/2261020080 >> 172.21.15.82:0/2261020080 conn(0x7f4a240fbc00 msgr2=0x7f4a240fd280 unknown :-1 s=STATE_NONE l=0).mark_down
2022-03-21T13:03:31.614 INFO:teuthology.orchestra.run.smithi082.stderr:/usr/bin/ceph:
2022-03-21T13:03:31.609+0000 7f4a28c8f700 1 -- 172.21.15.82:0/2261020080 shutdown_connections
2022-03-21T13:03:31.614 INFO:teuthology.orchestra.run.smithi082.stderr:/usr/bin/ceph:
2022-03-21T13:03:31.609+0000 7f4a28c8f700 1 -- 172.21.15.82:0/2261020080 wait complete.
2022-03-21T13:03:32.142 INFO:journalctl@ceph.mon.a.smithi082.stdout:Mar 21 13:03:32 smithi082 ceph-mon[22400]: from='client.14164 -' entity='client.admin' cmd=[{"prefix": "dashboard ac-user-create", "username": "admin", "rolename": "administrator", "force_password": true, "pwd_update_required": true, "target": ["mon-mgr", ""]}]: dispatch
2022-03-21T13:03:32.143 INFO:journalctl@ceph.mon.a.smithi082.stdout:Mar 21 13:03:32 smithi082 ceph-mon[22400]: from='mgr.14150 172.21.15.82:0/4245432938' entity='mgr.x'
2022-03-21T13:03:32.293 INFO:teuthology.orchestra.run.smithi082.stderr:Fetching dashboard port number...
2022-03-21T13:03:32.757 INFO:teuthology.orchestra.run.smithi082.stderr:/usr/bin/ceph:
2022-03-21T13:03:32.750+0000 7f77a38ae700 1 Processor -- start
2022-03-21T13:03:32.757 INFO:teuthology.orchestra.run.smithi082.stderr:/usr/bin/ceph:
2022-03-21T13:03:32.750+0000 7f77a38ae700 1 -- start start
2022-03-21T13:03:32.758 INFO:teuthology.orchestra.run.smithi082.stderr:/usr/bin/ceph:
2022-03-21T13:03:32.750+0000 7f77a38ae700 1 --2- >> [v2:172.21.15.82:3300/0,v1:172.21.15.82:6789/0] conn(0x7f779c075c10 0x7f779c104170 unknown :-1 s=NONE pgs=0 cs=0 l=0 rev1=0 crypto rx=0 tx=0 comp rx=0 tx=0).connect
2022-03-21T13:03:32.758 INFO:teuthology.orchestra.run.smithi082.stderr:/usr/bin/ceph:
2022-03-21T13:03:32.750+0000 7f77a38ae700 1 -- --> [v2:172.21.15.82:3300/0,v1:172.21.15.82:6789/0] -- mon_getmap magic: 0 v1 -- 0x7f779c1046b0 con 0x7f779c075c10
2022-03-21T13:03:32.758 INFO:teuthology.orchestra.run.smithi082.stderr:/usr/bin/ceph:
2022-03-21T13:03:32.751+0000 7f77a164a700 1 --2- >> [v2:172.21.15.82:3300/0,v1:172.21.15.82:6789/0] conn(0x7f779c075c10 0x7f779c104170 unknown :-1 s=BANNER_CONNECTING pgs=0 cs=0 l=0 rev1=0 crypto rx=0 tx=0 comp rx=0 tx=0)._handle_peer_banner_payload supported=3 required=0
2022-03-21T13:03:32.758 INFO:teuthology.orchestra.run.smithi082.stderr:/usr/bin/ceph:
2022-03-21T13:03:32.751+0000 7f77a164a700 1 --2- >> [v2:172.21.15.82:3300/0,v1:172.21.15.82:6789/0] conn(0x7f779c075c10 0x7f779c104170 unknown :-1 s=HELLO_CONNECTING pgs=0 cs=0 l=0 rev1=1 crypto rx=0 tx=0 comp rx=0 tx=0).handle_hello peer v2:172.21.15.82:3300/0 says I am v2:172.21.15.82:42372/0 (socket says 172.21.15.82:42372)
2022-03-21T13:03:32.758 INFO:teuthology.orchestra.run.smithi082.stderr:/usr/bin/ceph:
2022-03-21T13:03:32.751+0000 7f77a164a700 1 -- 172.21.15.82:0/2082193012 learned_addr learned my addr 172.21.15.82:0/2082193012 (peer_addr_for_me v2:172.21.15.82:0/0)
2022-03-21T13:03:32.759 INFO:teuthology.orchestra.run.smithi082.stderr:/usr/bin/ceph:
2022-03-21T13:03:32.751+0000 7f77a164a700 1 -- 172.21.15.82:0/2082193012 --> [v2:172.21.15.82:3300/0,v1:172.21.15.82:6789/0] -- mon_subscribe({config=0+,monmap=0+}) v3 -- 0x7f779c1047f0 con 0x7f779c075c10
2022-03-21T13:03:32.759 INFO:teuthology.orchestra.run.smithi082.stderr:/usr/bin/ceph:
2022-03-21T13:03:32.751+0000 7f77a164a700 1 --2- 172.21.15.82:0/2082193012 >> [v2:172.21.15.82:3300/0,v1:172.21.15.82:6789/0] conn(0x7f779c075c10 0x7f779c104170 secure :-1 s=READY pgs=72 cs=0 l=1 rev1=1 crypto rx=0x7f7798009730 tx=0x7f77980090f0 comp rx=0 tx=0).ready entity=mon.0 client_cookie=89aaac6ea194bc32 server_cookie=0 in_seq=0 out_seq=0
2022-03-21T13:03:32.759 INFO:teuthology.orchestra.run.smithi082.stderr:/usr/bin/ceph:
2022-03-21T13:03:32.751+0000 7f778bfff700 1 -- 172.21.15.82:0/2082193012 <== mon.0 v2:172.21.15.82:3300/0 1 ==== mon_map magic: 0 v1 ==== 205+0+0 (secure 0 0 0) 0x7f7798004030 con 0x7f779c075c10
2022-03-21T13:03:32.759 INFO:teuthology.orchestra.run.smithi082.stderr:/usr/bin/ceph:
2022-03-21T13:03:32.751+0000 7f778bfff700 1 -- 172.21.15.82:0/2082193012 <== mon.0 v2:172.21.15.82:3300/0 2 ==== config(26 keys) v1 ==== 1087+0+0 (secure 0 0 0) 0x7f7798004190 con 0x7f779c075c10
2022-03-21T13:03:32.760 INFO:teuthology.orchestra.run.smithi082.stderr:/usr/bin/ceph:
2022-03-21T13:03:32.751+0000 7f778bfff700 1 -- 172.21.15.82:0/2082193012 <== mon.0 v2:172.21.15.82:3300/0 3 ==== mon_map magic: 0 v1 ==== 205+0+0 (secure 0 0 0) 0x7f77980037a0 con 0x7f779c075c10
2022-03-21T13:03:32.760 INFO:teuthology.orchestra.run.smithi082.stderr:/usr/bin/ceph:
2022-03-21T13:03:32.752+0000 7f77a38ae700 1 -- 172.21.15.82:0/2082193012 >> [v2:172.21.15.82:3300/0,v1:172.21.15.82:6789/0] conn(0x7f779c075c10 msgr2=0x7f779c104170 secure :-1 s=STATE_CONNECTION_ESTABLISHED l=1).mark_down
2022-03-21T13:03:32.760 INFO:teuthology.orchestra.run.smithi082.stderr:/usr/bin/ceph:
2022-03-21T13:03:32.752+0000 7f77a38ae700 1 --2- 172.21.15.82:0/2082193012 >> [v2:172.21.15.82:3300/0,v1:172.21.15.82:6789/0] conn(0x7f779c075c10 0x7f779c104170 secure :-1 s=READY pgs=72 cs=0 l=1 rev1=1 crypto rx=0x7f7798009730 tx=0x7f77980090f0 comp rx=0 tx=0).stop
2022-03-21T13:03:32.760 INFO:teuthology.orchestra.run.smithi082.stderr:/usr/bin/ceph:
2022-03-21T13:03:32.752+0000 7f77a38ae700 1 -- 172.21.15.82:0/2082193012 shutdown_connections
2022-03-21T13:03:32.760 INFO:teuthology.orchestra.run.smithi082.stderr:/usr/bin/ceph:
2022-03-21T13:03:32.752+0000 7f77a38ae700 1 --2- 172.21.15.82:0/2082193012 >> [v2:172.21.15.82:3300/0,v1:172.21.15.82:6789/0] conn(0x7f779c075c10 0x7f779c104170 unknown :-1 s=CLOSED pgs=72 cs=0 l=1 rev1=1 crypto rx=0 tx=0 comp rx=0 tx=0).stop
2022-03-21T13:03:32.761 INFO:teuthology.orchestra.run.smithi082.stderr:/usr/bin/ceph:
2022-03-21T13:03:32.752+0000 7f77a38ae700 1 -- 172.21.15.82:0/2082193012 >> 172.21.15.82:0/2082193012 conn(0x7f779c0fbc00 msgr2=0x7f779c0fe010 unknown :-1 s=STATE_NONE l=0).mark_down
2022-03-21T13:03:32.761 INFO:teuthology.orchestra.run.smithi082.stderr:/usr/bin/ceph:
2022-03-21T13:03:32.752+0000 7f77a38ae700 1 -- 172.21.15.82:0/2082193012 shutdown_connections
2022-03-21T13:03:32.761 INFO:teuthology.orchestra.run.smithi082.stderr:/usr/bin/ceph:
2022-03-21T13:03:32.752+0000 7f77a38ae700 1 -- 172.21.15.82:0/2082193012 wait complete.
2022-03-21T13:03:32.761 INFO:teuthology.orchestra.run.smithi082.stderr:/usr/bin/ceph:
2022-03-21T13:03:32.752+0000 7f77a38ae700 1 Processor -- start
2022-03-21T13:03:32.762 INFO:teuthology.orchestra.run.smithi082.stderr:/usr/bin/ceph:
2022-03-21T13:03:32.752+0000 7f77a38ae700 1 -- start start
2022-03-21T13:03:32.762 INFO:teuthology.orchestra.run.smithi082.stderr:/usr/bin/ceph:
2022-03-21T13:03:32.753+0000 7f77a38ae700 1 --2- >> [v2:172.21.15.82:3300/0,v1:172.21.15.82:6789/0] conn(0x7f779c075c10 0x7f779c112340 unknown :-1 s=NONE pgs=0 cs=0 l=1 rev1=0 crypto rx=0 tx=0 comp rx=0 tx=0).connect
2022-03-21T13:03:32.762 INFO:teuthology.orchestra.run.smithi082.stderr:/usr/bin/ceph:
2022-03-21T13:03:32.753+0000 7f77a38ae700 1 -- --> [v2:172.21.15.82:3300/0,v1:172.21.15.82:6789/0] -- mon_getmap magic: 0 v1 -- 0x7f779c112880 con 0x7f779c075c10
2022-03-21T13:03:32.762 INFO:teuthology.orchestra.run.smithi082.stderr:/usr/bin/ceph:
2022-03-21T13:03:32.753+0000 7f77a164a700 1 --2- >> [v2:172.21.15.82:3300/0,v1:172.21.15.82:6789/0] conn(0x7f779c075c10 0x7f779c112340 unknown :-1 s=BANNER_CONNECTING pgs=0 cs=0 l=1 rev1=0 crypto rx=0 tx=0 comp rx=0 tx=0)._handle_peer_banner_payload supported=3 required=0
2022-03-21T13:03:32.762 INFO:teuthology.orchestra.run.smithi082.stderr:/usr/bin/ceph:
2022-03-21T13:03:32.753+0000 7f77a164a700 1 --2- >> [v2:172.21.15.82:3300/0,v1:172.21.15.82:6789/0] conn(0x7f779c075c10 0x7f779c112340 unknown :-1 s=HELLO_CONNECTING pgs=0 cs=0 l=1 rev1=1 crypto rx=0 tx=0 comp rx=0 tx=0).handle_hello peer v2:172.21.15.82:3300/0 says I am v2:172.21.15.82:42374/0 (socket says 172.21.15.82:42374)
2022-03-21T13:03:32.763 INFO:teuthology.orchestra.run.smithi082.stderr:/usr/bin/ceph:
2022-03-21T13:03:32.753+0000 7f77a164a700 1 -- 172.21.15.82:0/2418135700 learned_addr learned my addr 172.21.15.82:0/2418135700 (peer_addr_for_me v2:172.21.15.82:0/0)
2022-03-21T13:03:32.763 INFO:teuthology.orchestra.run.smithi082.stderr:/usr/bin/ceph:
2022-03-21T13:03:32.753+0000 7f77a164a700 1 -- 172.21.15.82:0/2418135700 --> [v2:172.21.15.82:3300/0,v1:172.21.15.82:6789/0] -- mon_subscribe({config=0+,monmap=0+}) v3 -- 0x7f7798009370 con 0x7f779c075c10
2022-03-21T13:03:32.763 INFO:teuthology.orchestra.run.smithi082.stderr:/usr/bin/ceph:
2022-03-21T13:03:32.753+0000 7f77a164a700 1 --2- 172.21.15.82:0/2418135700 >> [v2:172.21.15.82:3300/0,v1:172.21.15.82:6789/0] conn(0x7f779c075c10 0x7f779c112340 secure :-1 s=READY pgs=73 cs=0 l=1 rev1=1 crypto rx=0x7f7798003520 tx=0x7f77980090f0 comp rx=0 tx=0).ready entity=mon.0 client_cookie=0 server_cookie=0 in_seq=0 out_seq=0
2022-03-21T13:03:32.763 INFO:teuthology.orchestra.run.smithi082.stderr:/usr/bin/ceph:
2022-03-21T13:03:32.753+0000 7f7789ffb700 1 -- 172.21.15.82:0/2418135700 <== mon.0 v2:172.21.15.82:3300/0 1 ==== mon_map magic: 0 v1 ==== 205+0+0 (secure 0 0 0) 0x7f7798011960 con 0x7f779c075c10
2022-03-21T13:03:32.763 INFO:teuthology.orchestra.run.smithi082.stderr:/usr/bin/ceph:
2022-03-21T13:03:32.753+0000 7f77a38ae700 1 -- 172.21.15.82:0/2418135700 --> [v2:172.21.15.82:3300/0,v1:172.21.15.82:6789/0] -- mon_subscribe({mgrmap=0+}) v3 -- 0x7f779c112a80 con 0x7f779c075c10
2022-03-21T13:03:32.764 INFO:teuthology.orchestra.run.smithi082.stderr:/usr/bin/ceph:
2022-03-21T13:03:32.753+0000 7f7789ffb700 1 -- 172.21.15.82:0/2418135700 <== mon.0 v2:172.21.15.82:3300/0 2 ==== config(26 keys) v1 ==== 1087+0+0 (secure 0 0 0) 0x7f7798011ac0 con 0x7f779c075c10
2022-03-21T13:03:32.764 INFO:teuthology.orchestra.run.smithi082.stderr:/usr/bin/ceph:
2022-03-21T13:03:32.753+0000 7f7789ffb700 1 -- 172.21.15.82:0/2418135700 <== mon.0 v2:172.21.15.82:3300/0 3 ==== mon_map magic: 0 v1 ==== 205+0+0 (secure 0 0 0) 0x7f7798022460 con 0x7f779c075c10
2022-03-21T13:03:32.764 INFO:teuthology.orchestra.run.smithi082.stderr:/usr/bin/ceph:
2022-03-21T13:03:32.753+0000 7f77a38ae700 1 -- 172.21.15.82:0/2418135700 --> [v2:172.21.15.82:3300/0,v1:172.21.15.82:6789/0] -- mon_subscribe({osdmap=0}) v3 -- 0x7f779c113720 con 0x7f779c075c10
2022-03-21T13:03:32.764 INFO:teuthology.orchestra.run.smithi082.stderr:/usr/bin/ceph:
2022-03-21T13:03:32.754+0000 7f7789ffb700 1 -- 172.21.15.82:0/2418135700 <== mon.0 v2:172.21.15.82:3300/0 4 ==== mgrmap(e 12) v1 ==== 41857+0+0 (secure 0 0 0) 0x7f7798017020 con 0x7f779c075c10
2022-03-21T13:03:32.764 INFO:teuthology.orchestra.run.smithi082.stderr:/usr/bin/ceph:
2022-03-21T13:03:32.754+0000 7f77a38ae700 1 -- 172.21.15.82:0/2418135700 --> [v2:172.21.15.82:3300/0,v1:172.21.15.82:6789/0] -- mon_command({"prefix": "get_command_descriptions"} v 0) v1 -- 0x7f779c05e600 con 0x7f779c075c10
2022-03-21T13:03:32.765 INFO:teuthology.orchestra.run.smithi082.stderr:/usr/bin/ceph:
2022-03-21T13:03:32.755+0000 7f7789ffb700 1 --2- 172.21.15.82:0/2418135700 >> [v2:172.21.15.82:6800/3306987703,v1:172.21.15.82:6801/3306987703] conn(0x7f7784034bd0 0x7f7784037080 unknown :-1 s=NONE pgs=0 cs=0 l=1 rev1=0 crypto rx=0 tx=0 comp rx=0 tx=0).connect
2022-03-21T13:03:32.765 INFO:teuthology.orchestra.run.smithi082.stderr:/usr/bin/ceph:
2022-03-21T13:03:32.755+0000 7f7789ffb700 1 -- 172.21.15.82:0/2418135700 <== mon.0 v2:172.21.15.82:3300/0 5 ==== osd_map(3..3 src has 1..3) v4 ==== 1151+0+0 (secure 0 0 0) 0x7f7798048160 con 0x7f779c075c10
2022-03-21T13:03:32.765 INFO:teuthology.orchestra.run.smithi082.stderr:/usr/bin/ceph:
2022-03-21T13:03:32.755+0000 7f77a0e49700 1 --2- 172.21.15.82:0/2418135700 >> [v2:172.21.15.82:6800/3306987703,v1:172.21.15.82:6801/3306987703] conn(0x7f7784034bd0 0x7f7784037080 unknown :-1 s=BANNER_CONNECTING pgs=0 cs=0 l=1 rev1=0 crypto rx=0 tx=0 comp rx=0 tx=0)._handle_peer_banner_payload supported=3 required=0
2022-03-21T13:03:32.765 INFO:teuthology.orchestra.run.smithi082.stderr:/usr/bin/ceph:
2022-03-21T13:03:32.755+0000 7f77a0e49700 1 --2- 172.21.15.82:0/2418135700 >> [v2:172.21.15.82:6800/3306987703,v1:172.21.15.82:6801/3306987703] conn(0x7f7784034bd0 0x7f7784037080 secure :-1 s=READY pgs=9 cs=0 l=1 rev1=1 crypto rx=0x7f778c009780 tx=0x7f778c006cc0 comp rx=0 tx=0).ready entity=mgr.14150 client_cookie=0 server_cookie=0 in_seq=0 out_seq=0
2022-03-21T13:03:32.766 INFO:teuthology.orchestra.run.smithi082.stderr:/usr/bin/ceph:
2022-03-21T13:03:32.760+0000 7f7789ffb700 1 -- 172.21.15.82:0/2418135700 <== mon.0 v2:172.21.15.82:3300/0 6 ==== mon_command_ack([{"prefix": "get_command_descriptions"}]=0 v0) v1 ==== 72+0+163627 (secure 0 0 0) 0x7f779802a570 con 0x7f779c075c10
2022-03-21T13:03:32.928 INFO:teuthology.orchestra.run.smithi082.stderr:/usr/bin/ceph:
2022-03-21T13:03:32.926+0000 7f77a38ae700 1 -- 172.21.15.82:0/2418135700 --> [v2:172.21.15.82:3300/0,v1:172.21.15.82:6789/0] -- mon_command({"prefix": "config get", "who": "mgr", "key": "mgr/dashboard/ssl_server_port"} v 0) v1 -- 0x7f779c105510 con 0x7f779c075c10
2022-03-21T13:03:32.929 INFO:teuthology.orchestra.run.smithi082.stderr:/usr/bin/ceph:
2022-03-21T13:03:32.926+0000 7f7789ffb700 1 -- 172.21.15.82:0/2418135700 <== mon.0 v2:172.21.15.82:3300/0 7 ==== mon_command_ack([{"prefix": "config get", "who": "mgr", "key": "mgr/dashboard/ssl_server_port"}]=0 v8) v1 ==== 112+0+5 (secure 0 0 0) 0x7f779802a390 con 0x7f779c075c10
2022-03-21T13:03:32.929 INFO:teuthology.orchestra.run.smithi082.stderr:/usr/bin/ceph: 8443
2022-03-21T13:03:32.931 INFO:teuthology.orchestra.run.smithi082.stderr:/usr/bin/ceph:
2022-03-21T13:03:32.928+0000 7f77a38ae700 1 -- 172.21.15.82:0/2418135700 >> [v2:172.21.15.82:6800/3306987703,v1:172.21.15.82:6801/3306987703] conn(0x7f7784034bd0 msgr2=0x7f7784037080 secure :-1 s=STATE_CONNECTION_ESTABLISHED l=1).mark_down
2022-03-21T13:03:32.932 INFO:teuthology.orchestra.run.smithi082.stderr:/usr/bin/ceph:
2022-03-21T13:03:32.928+0000 7f77a38ae700 1 --2- 172.21.15.82:0/2418135700 >> [v2:172.21.15.82:6800/3306987703,v1:172.21.15.82:6801/3306987703] conn(0x7f7784034bd0 0x7f7784037080 secure :-1 s=READY pgs=9 cs=0 l=1 rev1=1 crypto rx=0x7f778c009780 tx=0x7f778c006cc0 comp rx=0 tx=0).stop
2022-03-21T13:03:32.932 INFO:teuthology.orchestra.run.smithi082.stderr:/usr/bin/ceph:
2022-03-21T13:03:32.928+0000 7f77a38ae700 1 -- 172.21.15.82:0/2418135700 >> [v2:172.21.15.82:3300/0,v1:172.21.15.82:6789/0] conn(0x7f779c075c10 msgr2=0x7f779c112340 secure :-1 s=STATE_CONNECTION_ESTABLISHED l=1).mark_down
2022-03-21T13:03:32.932 INFO:teuthology.orchestra.run.smithi082.stderr:/usr/bin/ceph:
2022-03-21T13:03:32.928+0000 7f77a38ae700 1 --2- 172.21.15.82:0/2418135700 >> [v2:172.21.15.82:3300/0,v1:172.21.15.82:6789/0] conn(0x7f779c075c10 0x7f779c112340 secure :-1 s=READY pgs=73 cs=0 l=1 rev1=1 crypto rx=0x7f7798003520 tx=0x7f77980090f0 comp rx=0 tx=0).stop
2022-03-21T13:03:32.932 INFO:teuthology.orchestra.run.smithi082.stderr:/usr/bin/ceph:
2022-03-21T13:03:32.928+0000 7f77a38ae700 1 -- 172.21.15.82:0/2418135700 shutdown_connections
2022-03-21T13:03:32.932 INFO:teuthology.orchestra.run.smithi082.stderr:/usr/bin/ceph:
2022-03-21T13:03:32.928+0000 7f77a38ae700 1 --2- 172.21.15.82:0/2418135700 >> [v2:172.21.15.82:6800/3306987703,v1:172.21.15.82:6801/3306987703] conn(0x7f7784034bd0 0x7f7784037080 unknown :-1 s=CLOSED pgs=9 cs=0 l=1 rev1=1 crypto rx=0 tx=0 comp rx=0 tx=0).stop
2022-03-21T13:03:32.933 INFO:teuthology.orchestra.run.smithi082.stderr:/usr/bin/ceph:
2022-03-21T13:03:32.928+0000 7f77a38ae700 1 --2- 172.21.15.82:0/2418135700 >> [v2:172.21.15.82:3300/0,v1:172.21.15.82:6789/0] conn(0x7f779c075c10 0x7f779c112340 unknown :-1 s=CLOSED pgs=73 cs=0 l=1 rev1=1 crypto rx=0 tx=0 comp rx=0 tx=0).stop
2022-03-21T13:03:32.933 INFO:teuthology.orchestra.run.smithi082.stderr:/usr/bin/ceph:
2022-03-21T13:03:32.928+0000 7f77a38ae700 1 -- 172.21.15.82:0/2418135700 >> 172.21.15.82:0/2418135700 conn(0x7f779c0fbc00 msgr2=0x7f779c0fc930 unknown :-1 s=STATE_NONE l=0).mark_down
2022-03-21T13:03:32.933 INFO:teuthology.orchestra.run.smithi082.stderr:/usr/bin/ceph:
2022-03-21T13:03:32.928+0000 7f77a38ae700 1 -- 172.21.15.82:0/2418135700 shutdown_connections
2022-03-21T13:03:32.933 INFO:teuthology.orchestra.run.smithi082.stderr:/usr/bin/ceph:
2022-03-21T13:03:32.928+0000 7f77a38ae700 1 -- 172.21.15.82:0/2418135700 wait complete.
2022-03-21T13:03:33.260 INFO:journalctl@ceph.mon.a.smithi082.stdout:Mar 21 13:03:33 smithi082 ceph-mon[22400]: from='client.? 172.21.15.82:0/2418135700' entity='client.admin' cmd=[{"prefix": "config get", "who": "mgr", "key": "mgr/dashboard/ssl_server_port"}]: dispatch
2022-03-21T13:03:33.337 INFO:teuthology.orchestra.run.smithi082.stderr:systemctl: disabled
2022-03-21T13:03:33.345 INFO:teuthology.orchestra.run.smithi082.stderr:systemctl: inactive
2022-03-21T13:03:33.345 INFO:teuthology.orchestra.run.smithi082.stderr:firewalld.service is not enabled
2022-03-21T13:03:33.346 INFO:teuthology.orchestra.run.smithi082.stderr:Not possible to open ports <[8443]>. firewalld.service is not available
2022-03-21T13:03:33.347 INFO:teuthology.orchestra.run.smithi082.stderr:Ceph Dashboard is now available at:
2022-03-21T13:03:33.348 INFO:teuthology.orchestra.run.smithi082.stderr:
