2022-03-21T14:00:16.048+0000 7f2c12051000 -1 mgr[py] Module telemetry has missing NOTIFY_TYPES member
2022-03-21T14:00:16.394 INFO:teuthology.orchestra.run.smithi002.stderr:/usr/bin/ceph:
2022-03-21T14:00:16.392+0000 7fe6a67fc700 1 -- 172.21.15.2:0/3415285109 >> [v2:172.21.15.2:6800/1086540904,v1:172.21.15.2:6801/1086540904] conn(0x7fe694034c10 msgr2=0x7fe6940370c0 unknown :-1 s=STATE_CONNECTING_RE l=1).process reconnect failed to v2:172.21.15.2:6800/1086540904
2022-03-21T14:00:16.394 INFO:teuthology.orchestra.run.smithi002.stderr:/usr/bin/ceph:
2022-03-21T14:00:16.393+0000 7fe6a67fc700 1 --2- 172.21.15.2:0/3415285109 >> [v2:172.21.15.2:6800/1086540904,v1:172.21.15.2:6801/1086540904] conn(0x7fe694034c10 0x7fe6940370c0 unknown :-1 s=START_CONNECT pgs=0 cs=0 l=1 rev1=0 crypto rx=0 tx=0 comp rx=0 tx=0)._fault waiting 3.200000
2022-03-21T14:00:17.365 INFO:journalctl@ceph.mgr.x.smithi002.stdout:Mar 21 14:00:16 smithi002 conmon[17580]:
2022-03-21T14:00:16.961+0000 7f2c12051000 -1 mgr[py] Module zabbix has missing NOTIFY_TYPES member
2022-03-21T14:00:17.366 INFO:journalctl@ceph.mgr.x.smithi002.stdout:Mar 21 14:00:17 smithi002 conmon[17580]:
2022-03-21T14:00:17.121+0000 7f2c12051000 -1 mgr[py] Module status has missing NOTIFY_TYPES member
2022-03-21T14:00:17.865 INFO:journalctl@ceph.mgr.x.smithi002.stdout:Mar 21 14:00:17 smithi002 conmon[17580]:
2022-03-21T14:00:17.585+0000 7f2c12051000 -1 mgr[py] Module iostat has missing NOTIFY_TYPES member
2022-03-21T14:00:17.866 INFO:journalctl@ceph.mgr.x.smithi002.stdout:Mar 21 14:00:17 smithi002 conmon[17580]:
2022-03-21T14:00:17.750+0000 7f2c12051000 -1 mgr[py] Module snap_schedule has missing NOTIFY_TYPES member
2022-03-21T14:00:18.365 INFO:journalctl@ceph.mgr.x.smithi002.stdout:Mar 21 14:00:17 smithi002 conmon[17580]:
2022-03-21T14:00:17.919+0000 7f2c12051000 -1 mgr[py] Module pg_autoscaler has missing NOTIFY_TYPES member
2022-03-21T14:00:18.838 INFO:journalctl@ceph.mgr.x.smithi002.stdout:Mar 21 14:00:18 smithi002 conmon[17580]:
2022-03-21T14:00:18.504+0000 7f2c12051000 -1 mgr[py] Module crash has missing NOTIFY_TYPES member
2022-03-21T14:00:18.838 INFO:journalctl@ceph.mgr.x.smithi002.stdout:Mar 21 14:00:18 smithi002 conmon[17580]:
2022-03-21T14:00:18.668+0000 7f2c12051000 -1 mgr[py] Module devicehealth has missing NOTIFY_TYPES member
2022-03-21T14:00:19.115 INFO:journalctl@ceph.mgr.x.smithi002.stdout:Mar 21 14:00:18 smithi002 conmon[17580]:
2022-03-21T14:00:18.837+0000 7f2c12051000 -1 mgr[py] Module selftest has missing NOTIFY_TYPES member
2022-03-21T14:00:19.597 INFO:teuthology.orchestra.run.smithi002.stderr:/usr/bin/ceph:
2022-03-21T14:00:19.596+0000 7fe6a67fc700 1 -- 172.21.15.2:0/3415285109 >> [v2:172.21.15.2:6800/1086540904,v1:172.21.15.2:6801/1086540904] conn(0x7fe694034c10 msgr2=0x7fe6940370c0 unknown :-1 s=STATE_CONNECTING_RE l=1).process reconnect failed to v2:172.21.15.2:6800/1086540904
2022-03-21T14:00:19.598 INFO:teuthology.orchestra.run.smithi002.stderr:/usr/bin/ceph:
2022-03-21T14:00:19.596+0000 7fe6a67fc700 1 --2- 172.21.15.2:0/3415285109 >> [v2:172.21.15.2:6800/1086540904,v1:172.21.15.2:6801/1086540904] conn(0x7fe694034c10 0x7fe6940370c0 unknown :-1 s=START_CONNECT pgs=0 cs=0 l=1 rev1=0 crypto rx=0 tx=0 comp rx=0 tx=0)._fault waiting 6.400000
2022-03-21T14:00:20.115 INFO:journalctl@ceph.mgr.x.smithi002.stdout:Mar 21 14:00:19 smithi002 conmon[17580]:
2022-03-21T14:00:19.826+0000 7f2c12051000 -1 mgr[py] Module balancer has missing NOTIFY_TYPES member
2022-03-21T14:00:20.310 INFO:teuthology.orchestra.run.smithi002.stderr:/usr/bin/ceph:
2022-03-21T14:00:20.309+0000 7fe68f7fe700 1 -- 172.21.15.2:0/3415285109 <== mon.0 v2:172.21.15.2:3300/0 6 ==== mgrmap(e 10) v1 ==== 41667+0+0 (secure 0 0 0) 0x7fe69800f050 con 0x7fe6a81015b0
2022-03-21T14:00:20.311 INFO:teuthology.orchestra.run.smithi002.stderr:/usr/bin/ceph:
2022-03-21T14:00:20.309+0000 7fe68f7fe700 1 -- 172.21.15.2:0/3415285109 >> [v2:172.21.15.2:6800/1086540904,v1:172.21.15.2:6801/1086540904] conn(0x7fe694034c10 msgr2=0x7fe6940370c0 unknown :-1 s=STATE_CONNECTING l=1).mark_down
2022-03-21T14:00:20.311 INFO:teuthology.orchestra.run.smithi002.stderr:/usr/bin/ceph:
2022-03-21T14:00:20.309+0000 7fe68f7fe700 1 --2- 172.21.15.2:0/3415285109 >> [v2:172.21.15.2:6800/1086540904,v1:172.21.15.2:6801/1086540904] conn(0x7fe694034c10 0x7fe6940370c0 unknown :-1 s=START_CONNECT pgs=0 cs=0 l=1 rev1=0 crypto rx=0 tx=0 comp rx=0 tx=0).stop
2022-03-21T14:00:20.573 INFO:journalctl@ceph.mon.a.smithi002.stdout:Mar 21 14:00:20 smithi002 ceph-mon[17167]: Active manager daemon x restarted
2022-03-21T14:00:20.573 INFO:journalctl@ceph.mon.a.smithi002.stdout:Mar 21 14:00:20 smithi002 ceph-mon[17167]: Activating manager daemon x
2022-03-21T14:00:20.574 INFO:journalctl@ceph.mon.a.smithi002.stdout:Mar 21 14:00:20 smithi002 ceph-mon[17167]: osdmap e3: 0 total, 0 up, 0 in
2022-03-21T14:00:20.574 INFO:journalctl@ceph.mgr.x.smithi002.stdout:Mar 21 14:00:20 smithi002 conmon[17580]:
2022-03-21T14:00:20.242+0000 7f2c12051000 -1 mgr[py] Module osd_perf_query has missing NOTIFY_TYPES member
2022-03-21T14:00:21.320 INFO:teuthology.orchestra.run.smithi002.stderr:/usr/bin/ceph:
2022-03-21T14:00:21.318+0000 7fe68f7fe700 1 -- 172.21.15.2:0/3415285109 <== mon.0 v2:172.21.15.2:3300/0 7 ==== mgrmap(e 11) v1 ==== 41777+0+0 (secure 0 0 0) 0x7fe69801a430 con 0x7fe6a81015b0
2022-03-21T14:00:21.321 INFO:teuthology.orchestra.run.smithi002.stderr:/usr/bin/ceph:
2022-03-21T14:00:21.318+0000 7fe68f7fe700 1 --2- 172.21.15.2:0/3415285109 >> [v2:172.21.15.2:6800/613532934,v1:172.21.15.2:6801/613532934] conn(0x7fe694038650 0x7fe69403aa30 unknown :-1 s=NONE pgs=0 cs=0 l=1 rev1=0 crypto rx=0 tx=0 comp rx=0 tx=0).connect
2022-03-21T14:00:21.321 INFO:teuthology.orchestra.run.smithi002.stderr:/usr/bin/ceph:
2022-03-21T14:00:21.318+0000 7fe68f7fe700 1 -- 172.21.15.2:0/3415285109 --> [v2:172.21.15.2:6800/613532934,v1:172.21.15.2:6801/613532934] -- command(tid 0: {"prefix": "get_command_descriptions"}) v1 -- 0x7fe6940377d0 con 0x7fe694038650
2022-03-21T14:00:21.321 INFO:teuthology.orchestra.run.smithi002.stderr:/usr/bin/ceph:
2022-03-21T14:00:21.319+0000 7fe6a67fc700 1 --2- 172.21.15.2:0/3415285109 >> [v2:172.21.15.2:6800/613532934,v1:172.21.15.2:6801/613532934] conn(0x7fe694038650 0x7fe69403aa30 unknown :-1 s=BANNER_CONNECTING pgs=0 cs=0 l=1 rev1=0 crypto rx=0 tx=0 comp rx=0 tx=0)._handle_peer_banner_payload supported=3 required=0
2022-03-21T14:00:21.322 INFO:teuthology.orchestra.run.smithi002.stderr:/usr/bin/ceph:
2022-03-21T14:00:21.320+0000 7fe6a67fc700 1 --2- 172.21.15.2:0/3415285109 >> [v2:172.21.15.2:6800/613532934,v1:172.21.15.2:6801/613532934] conn(0x7fe694038650 0x7fe69403aa30 secure :-1 s=READY pgs=1 cs=0 l=1 rev1=1 crypto rx=0x7fe69c003850 tx=0x7fe69c009350 comp rx=0 tx=0).ready entity=mgr.14150 client_cookie=0 server_cookie=0 in_seq=0 out_seq=0
2022-03-21T14:00:21.322 INFO:teuthology.orchestra.run.smithi002.stderr:/usr/bin/ceph:
2022-03-21T14:00:21.321+0000 7fe68f7fe700 1 -- 172.21.15.2:0/3415285109 <== mgr.14150 v2:172.21.15.2:6800/613532934 1 ==== command_reply(tid 0: 0 ) v1 ==== 8+0+6424 (secure 0 0 0) 0x7fe6940377d0 con 0x7fe694038650
2022-03-21T14:00:21.329 INFO:teuthology.orchestra.run.smithi002.stderr:/usr/bin/ceph:
2022-03-21T14:00:21.328+0000 7fe6ad6cb700 1 -- 172.21.15.2:0/3415285109 --> [v2:172.21.15.2:6800/613532934,v1:172.21.15.2:6801/613532934] -- command(tid 1: {"prefix": "mgr_status"}) v1 -- 0x7fe6a8112f80 con 0x7fe694038650
2022-03-21T14:00:21.330 INFO:teuthology.orchestra.run.smithi002.stderr:/usr/bin/ceph:
2022-03-21T14:00:21.328+0000 7fe68f7fe700 1 -- 172.21.15.2:0/3415285109 <== mgr.14150 v2:172.21.15.2:6800/613532934 2 ==== command_reply(tid 1: 0 ) v1 ==== 8+0+52 (secure 0 0 0) 0x7fe6a8112f80 con 0x7fe694038650
2022-03-21T14:00:21.330 INFO:teuthology.orchestra.run.smithi002.stderr:/usr/bin/ceph: {
2022-03-21T14:00:21.330 INFO:teuthology.orchestra.run.smithi002.stderr:/usr/bin/ceph: "mgrmap_epoch": 11,
2022-03-21T14:00:21.330 INFO:teuthology.orchestra.run.smithi002.stderr:/usr/bin/ceph: "initialized": true
2022-03-21T14:00:21.331 INFO:teuthology.orchestra.run.smithi002.stderr:/usr/bin/ceph: }
2022-03-21T14:00:21.332 INFO:teuthology.orchestra.run.smithi002.stderr:/usr/bin/ceph:
2022-03-21T14:00:21.329+0000 7fe6ad6cb700 1 -- 172.21.15.2:0/3415285109 >> [v2:172.21.15.2:6800/613532934,v1:172.21.15.2:6801/613532934] conn(0x7fe694038650 msgr2=0x7fe69403aa30 secure :-1 s=STATE_CONNECTION_ESTABLISHED l=1).mark_down
2022-03-21T14:00:21.332 INFO:teuthology.orchestra.run.smithi002.stderr:/usr/bin/ceph:
2022-03-21T14:00:21.329+0000 7fe6ad6cb700 1 --2- 172.21.15.2:0/3415285109 >> [v2:172.21.15.2:6800/613532934,v1:172.21.15.2:6801/613532934] conn(0x7fe694038650 0x7fe69403aa30 secure :-1 s=READY pgs=1 cs=0 l=1 rev1=1 crypto rx=0x7fe69c003850 tx=0x7fe69c009350 comp rx=0 tx=0).stop
2022-03-21T14:00:21.333 INFO:teuthology.orchestra.run.smithi002.stderr:/usr/bin/ceph:
2022-03-21T14:00:21.329+0000 7fe6ad6cb700 1 -- 172.21.15.2:0/3415285109 >> [v2:172.21.15.2:3300/0,v1:172.21.15.2:6789/0] conn(0x7fe6a81015b0 msgr2=0x7fe6a81123b0 secure :-1 s=STATE_CONNECTION_ESTABLISHED l=1).mark_down
2022-03-21T14:00:21.333 INFO:teuthology.orchestra.run.smithi002.stderr:/usr/bin/ceph:
2022-03-21T14:00:21.329+0000 7fe6ad6cb700 1 --2- 172.21.15.2:0/3415285109 >> [v2:172.21.15.2:3300/0,v1:172.21.15.2:6789/0] conn(0x7fe6a81015b0 0x7fe6a81123b0 secure :-1 s=READY pgs=60 cs=0 l=1 rev1=1 crypto rx=0x7fe698004150 tx=0x7fe6980090f0 comp rx=0 tx=0).stop
2022-03-21T14:00:21.333 INFO:teuthology.orchestra.run.smithi002.stderr:/usr/bin/ceph:
2022-03-21T14:00:21.329+0000 7fe6ad6cb700 1 -- 172.21.15.2:0/3415285109 shutdown_connections
2022-03-21T14:00:21.333 INFO:teuthology.orchestra.run.smithi002.stderr:/usr/bin/ceph:
2022-03-21T14:00:21.329+0000 7fe6ad6cb700 1 --2- 172.21.15.2:0/3415285109 >> [v2:172.21.15.2:6800/613532934,v1:172.21.15.2:6801/613532934] conn(0x7fe694038650 0x7fe69403aa30 unknown :-1 s=CLOSED pgs=1 cs=0 l=1 rev1=1 crypto rx=0 tx=0 comp rx=0 tx=0).stop
2022-03-21T14:00:21.334 INFO:teuthology.orchestra.run.smithi002.stderr:/usr/bin/ceph:
2022-03-21T14:00:21.329+0000 7fe6ad6cb700 1 --2- 172.21.15.2:0/3415285109 >> [v2:172.21.15.2:3300/0,v1:172.21.15.2:6789/0] conn(0x7fe6a81015b0 0x7fe6a81123b0 unknown :-1 s=CLOSED pgs=60 cs=0 l=1 rev1=1 crypto rx=0 tx=0 comp rx=0 tx=0).stop
2022-03-21T14:00:21.334 INFO:teuthology.orchestra.run.smithi002.stderr:/usr/bin/ceph:
2022-03-21T14:00:21.329+0000 7fe6ad6cb700 1 --2- 172.21.15.2:0/3415285109 >> [v2:172.21.15.2:6800/1086540904,v1:172.21.15.2:6801/1086540904] conn(0x7fe694034c10 0x7fe6940370c0 unknown :-1 s=CLOSED pgs=0 cs=0 l=1 rev1=0 crypto rx=0 tx=0 comp rx=0 tx=0).stop
2022-03-21T14:00:21.334 INFO:teuthology.orchestra.run.smithi002.stderr:/usr/bin/ceph:
2022-03-21T14:00:21.329+0000 7fe6ad6cb700 1 -- 172.21.15.2:0/3415285109 >> 172.21.15.2:0/3415285109 conn(0x7fe6a80fcda0 msgr2=0x7fe6a80fda20 unknown :-1 s=STATE_NONE l=0).mark_down
2022-03-21T14:00:21.334 INFO:teuthology.orchestra.run.smithi002.stderr:/usr/bin/ceph:
2022-03-21T14:00:21.329+0000 7fe6ad6cb700 1 -- 172.21.15.2:0/3415285109 shutdown_connections
2022-03-21T14:00:21.335 INFO:teuthology.orchestra.run.smithi002.stderr:/usr/bin/ceph:
2022-03-21T14:00:21.329+0000 7fe6ad6cb700 1 -- 172.21.15.2:0/3415285109 wait complete.
2022-03-21T14:00:21.358 INFO:journalctl@ceph.mgr.x.smithi002.stdout:Mar 21 14:00:21 smithi002 conmon[17580]: [21/Mar/2022:14:00:21] ENGINE Bus STARTING
2022-03-21T14:00:21.359 INFO:journalctl@ceph.mgr.x.smithi002.stdout:Mar 21 14:00:21 smithi002 conmon[17580]: [21/Mar/2022:14:00:21] ENGINE Serving on https://172.21.15.2:7150
2022-03-21T14:00:21.359 INFO:journalctl@ceph.mgr.x.smithi002.stdout:Mar 21 14:00:21 smithi002 conmon[17580]: [21/Mar/2022:14:00:21] ENGINE Bus STARTED
2022-03-21T14:00:21.359 INFO:journalctl@ceph.mon.a.smithi002.stdout:Mar 21 14:00:21 smithi002 ceph-mon[17167]: mgrmap e10: x(active, starting, since 0.0533317s)
2022-03-21T14:00:21.360 INFO:journalctl@ceph.mon.a.smithi002.stdout:Mar 21 14:00:21 smithi002 ceph-mon[17167]: from='mgr.14150 172.21.15.2:0/3604443276' entity='mgr.x' cmd=[{"prefix": "mon metadata", "id": "a"}]: dispatch
2022-03-21T14:00:21.360 INFO:journalctl@ceph.mon.a.smithi002.stdout:Mar 21 14:00:21 smithi002 ceph-mon[17167]: from='mgr.14150 172.21.15.2:0/3604443276' entity='mgr.x' cmd=[{"prefix": "mgr metadata", "who": "x", "id": "x"}]: dispatch
2022-03-21T14:00:21.360 INFO:journalctl@ceph.mon.a.smithi002.stdout:Mar 21 14:00:21 smithi002 ceph-mon[17167]: from='mgr.14150 172.21.15.2:0/3604443276' entity='mgr.x' cmd=[{"prefix": "mds metadata"}]: dispatch
2022-03-21T14:00:21.360 INFO:journalctl@ceph.mon.a.smithi002.stdout:Mar 21 14:00:21 smithi002 ceph-mon[17167]: from='mgr.14150 172.21.15.2:0/3604443276' entity='mgr.x' cmd=[{"prefix": "osd metadata"}]: dispatch
2022-03-21T14:00:21.361 INFO:journalctl@ceph.mon.a.smithi002.stdout:Mar 21 14:00:21 smithi002 ceph-mon[17167]: from='mgr.14150 172.21.15.2:0/3604443276' entity='mgr.x' cmd=[{"prefix": "mon metadata"}]: dispatch
2022-03-21T14:00:21.361 INFO:journalctl@ceph.mon.a.smithi002.stdout:Mar 21 14:00:21 smithi002 ceph-mon[17167]: Manager daemon x is now available
2022-03-21T14:00:21.361 INFO:journalctl@ceph.mon.a.smithi002.stdout:Mar 21 14:00:21 smithi002 ceph-mon[17167]: from='mgr.14150 172.21.15.2:0/3604443276' entity='mgr.x' cmd=[{"prefix": "config dump", "format": "json"}]: dispatch
2022-03-21T14:00:21.361 INFO:journalctl@ceph.mon.a.smithi002.stdout:Mar 21 14:00:21 smithi002 ceph-mon[17167]: from='mgr.14150 172.21.15.2:0/3604443276' entity='mgr.x' cmd=[{"prefix": "config dump", "format": "json"}]: dispatch
2022-03-21T14:00:21.362 INFO:journalctl@ceph.mon.a.smithi002.stdout:Mar 21 14:00:21 smithi002 ceph-mon[17167]: from='mgr.14150 172.21.15.2:0/3604443276' entity='mgr.x' cmd=[{"prefix":"config rm","who":"mgr","name":"mgr/rbd_support/x/mirror_snapshot_schedule"}]: dispatch
2022-03-21T14:00:21.362 INFO:journalctl@ceph.mon.a.smithi002.stdout:Mar 21 14:00:21 smithi002 ceph-mon[17167]: from='mgr.14150 172.21.15.2:0/3604443276' entity='mgr.x' cmd=[{"prefix":"config rm","who":"mgr","name":"mgr/rbd_support/x/trash_purge_schedule"}]: dispatch
2022-03-21T14:00:21.362 INFO:journalctl@ceph.mon.a.smithi002.stdout:Mar 21 14:00:21 smithi002 ceph-mon[17167]: from='mgr.14150 172.21.15.2:0/3604443276' entity='mgr.x'
2022-03-21T14:00:21.729 INFO:teuthology.orchestra.run.smithi002.stderr:mgr epoch 9 is available
2022-03-21T14:00:21.729 INFO:teuthology.orchestra.run.smithi002.stderr:Generating a dashboard self-signed certificate...
2022-03-21T14:00:21.843 INFO:teuthology.orchestra.run.smithi002.stderr:/usr/bin/ceph: Your kernel does not support pids limit capabilities or the cgroup is not mounted. PIDs limit discarded.
2022-03-21T14:00:22.431 INFO:teuthology.orchestra.run.smithi002.stderr:/usr/bin/ceph:
2022-03-21T14:00:22.430+0000 7fe9ebfff700 1 Processor -- start
2022-03-21T14:00:22.432 INFO:teuthology.orchestra.run.smithi002.stderr:/usr/bin/ceph:
2022-03-21T14:00:22.430+0000 7fe9ebfff700 1 -- start start
2022-03-21T14:00:22.432 INFO:teuthology.orchestra.run.smithi002.stderr:/usr/bin/ceph:
2022-03-21T14:00:22.430+0000 7fe9ebfff700 1 --2- >> [v2:172.21.15.2:3300/0,v1:172.21.15.2:6789/0] conn(0x7fe9ec1013d0 0x7fe9ec1017e0 unknown :-1 s=NONE pgs=0 cs=0 l=0 rev1=0 crypto rx=0 tx=0 comp rx=0 tx=0).connect
2022-03-21T14:00:22.433 INFO:teuthology.orchestra.run.smithi002.stderr:/usr/bin/ceph:
2022-03-21T14:00:22.430+0000 7fe9ebfff700 1 -- --> [v2:172.21.15.2:3300/0,v1:172.21.15.2:6789/0] -- mon_getmap magic: 0 v1 -- 0x7fe9ec101d20 con 0x7fe9ec1013d0
2022-03-21T14:00:22.435 INFO:teuthology.orchestra.run.smithi002.stderr:/usr/bin/ceph:
2022-03-21T14:00:22.431+0000 7fe9eaffd700 1 --2- >> [v2:172.21.15.2:3300/0,v1:172.21.15.2:6789/0] conn(0x7fe9ec1013d0 0x7fe9ec1017e0 unknown :-1 s=BANNER_CONNECTING pgs=0 cs=0 l=0 rev1=0 crypto rx=0 tx=0 comp rx=0 tx=0)._handle_peer_banner_payload supported=3 required=0
2022-03-21T14:00:22.435 INFO:teuthology.orchestra.run.smithi002.stderr:/usr/bin/ceph:
2022-03-21T14:00:22.431+0000 7fe9eaffd700 1 --2- >> [v2:172.21.15.2:3300/0,v1:172.21.15.2:6789/0] conn(0x7fe9ec1013d0 0x7fe9ec1017e0 unknown :-1 s=HELLO_CONNECTING pgs=0 cs=0 l=0 rev1=1 crypto rx=0 tx=0 comp rx=0 tx=0).handle_hello peer v2:172.21.15.2:3300/0 says I am v2:172.21.15.2:43486/0 (socket says 172.21.15.2:43486)
2022-03-21T14:00:22.435 INFO:teuthology.orchestra.run.smithi002.stderr:/usr/bin/ceph:
2022-03-21T14:00:22.431+0000 7fe9eaffd700 1 -- 172.21.15.2:0/30469991 learned_addr learned my addr 172.21.15.2:0/30469991 (peer_addr_for_me v2:172.21.15.2:0/0)
2022-03-21T14:00:22.436 INFO:teuthology.orchestra.run.smithi002.stderr:/usr/bin/ceph:
2022-03-21T14:00:22.431+0000 7fe9eaffd700 1 -- 172.21.15.2:0/30469991 --> [v2:172.21.15.2:3300/0,v1:172.21.15.2:6789/0] -- mon_subscribe({config=0+,monmap=0+}) v3 -- 0x7fe9ec101e60 con 0x7fe9ec1013d0
2022-03-21T14:00:22.436 INFO:teuthology.orchestra.run.smithi002.stderr:/usr/bin/ceph:
2022-03-21T14:00:22.432+0000 7fe9eaffd700 1 --2- 172.21.15.2:0/30469991 >> [v2:172.21.15.2:3300/0,v1:172.21.15.2:6789/0] conn(0x7fe9ec1013d0 0x7fe9ec1017e0 secure :-1 s=READY pgs=68 cs=0 l=1 rev1=1 crypto rx=0x7fe9dc009730 tx=0x7fe9dc0090f0 comp rx=0 tx=0).ready entity=mon.0 client_cookie=e2c38243982fecc0 server_cookie=0 in_seq=0 out_seq=0
2022-03-21T14:00:22.436 INFO:teuthology.orchestra.run.smithi002.stderr:/usr/bin/ceph:
2022-03-21T14:00:22.432+0000 7fe9e9ffb700 1 -- 172.21.15.2:0/30469991 <== mon.0 v2:172.21.15.2:3300/0 1 ==== mon_map magic: 0 v1 ==== 205+0+0 (secure 0 0 0) 0x7fe9dc004030 con 0x7fe9ec1013d0
2022-03-21T14:00:22.437 INFO:teuthology.orchestra.run.smithi002.stderr:/usr/bin/ceph:
2022-03-21T14:00:22.432+0000 7fe9e9ffb700 1 -- 172.21.15.2:0/30469991 <== mon.0 v2:172.21.15.2:3300/0 2 ==== config(26 keys) v1 ==== 1087+0+0 (secure 0 0 0) 0x7fe9dc004190 con 0x7fe9ec1013d0
2022-03-21T14:00:22.437 INFO:teuthology.orchestra.run.smithi002.stderr:/usr/bin/ceph:
2022-03-21T14:00:22.432+0000 7fe9e9ffb700 1 -- 172.21.15.2:0/30469991 <== mon.0 v2:172.21.15.2:3300/0 3 ==== mon_map magic: 0 v1 ==== 205+0+0 (secure 0 0 0) 0x7fe9dc0037a0 con 0x7fe9ec1013d0
2022-03-21T14:00:22.437 INFO:teuthology.orchestra.run.smithi002.stderr:/usr/bin/ceph:
2022-03-21T14:00:22.433+0000 7fe9ebfff700 1 -- 172.21.15.2:0/30469991 >> [v2:172.21.15.2:3300/0,v1:172.21.15.2:6789/0] conn(0x7fe9ec1013d0 msgr2=0x7fe9ec1017e0 secure :-1 s=STATE_CONNECTION_ESTABLISHED l=1).mark_down
2022-03-21T14:00:22.437 INFO:teuthology.orchestra.run.smithi002.stderr:/usr/bin/ceph:
2022-03-21T14:00:22.433+0000 7fe9ebfff700 1 --2- 172.21.15.2:0/30469991 >> [v2:172.21.15.2:3300/0,v1:172.21.15.2:6789/0] conn(0x7fe9ec1013d0 0x7fe9ec1017e0 secure :-1 s=READY pgs=68 cs=0 l=1 rev1=1 crypto rx=0x7fe9dc009730 tx=0x7fe9dc0090f0 comp rx=0 tx=0).stop
2022-03-21T14:00:22.437 INFO:teuthology.orchestra.run.smithi002.stderr:/usr/bin/ceph:
2022-03-21T14:00:22.433+0000 7fe9ebfff700 1 -- 172.21.15.2:0/30469991 shutdown_connections
2022-03-21T14:00:22.438 INFO:teuthology.orchestra.run.smithi002.stderr:/usr/bin/ceph:
2022-03-21T14:00:22.433+0000 7fe9ebfff700 1 --2- 172.21.15.2:0/30469991 >> [v2:172.21.15.2:3300/0,v1:172.21.15.2:6789/0] conn(0x7fe9ec1013d0 0x7fe9ec1017e0 unknown :-1 s=CLOSED pgs=68 cs=0 l=1 rev1=1 crypto rx=0 tx=0 comp rx=0 tx=0).stop
2022-03-21T14:00:22.438 INFO:teuthology.orchestra.run.smithi002.stderr:/usr/bin/ceph:
2022-03-21T14:00:22.433+0000 7fe9ebfff700 1 -- 172.21.15.2:0/30469991 >> 172.21.15.2:0/30469991 conn(0x7fe9ec0fcbe0 msgr2=0x7fe9ec0feff0 unknown :-1 s=STATE_NONE l=0).mark_down
2022-03-21T14:00:22.438 INFO:teuthology.orchestra.run.smithi002.stderr:/usr/bin/ceph:
2022-03-21T14:00:22.433+0000 7fe9ebfff700 1 -- 172.21.15.2:0/30469991 shutdown_connections
2022-03-21T14:00:22.438 INFO:teuthology.orchestra.run.smithi002.stderr:/usr/bin/ceph:
2022-03-21T14:00:22.433+0000 7fe9ebfff700 1 -- 172.21.15.2:0/30469991 wait complete.
2022-03-21T14:00:22.439 INFO:teuthology.orchestra.run.smithi002.stderr:/usr/bin/ceph:
2022-03-21T14:00:22.434+0000 7fe9ebfff700 1 Processor -- start
2022-03-21T14:00:22.439 INFO:teuthology.orchestra.run.smithi002.stderr:/usr/bin/ceph:
2022-03-21T14:00:22.434+0000 7fe9ebfff700 1 -- start start
2022-03-21T14:00:22.441 INFO:teuthology.orchestra.run.smithi002.stderr:/usr/bin/ceph:
2022-03-21T14:00:22.435+0000 7fe9ebfff700 1 --2- >> [v2:172.21.15.2:3300/0,v1:172.21.15.2:6789/0] conn(0x7fe9ec1013d0 0x7fe9ec10ffa0 unknown :-1 s=NONE pgs=0 cs=0 l=1 rev1=0 crypto rx=0 tx=0 comp rx=0 tx=0).connect
2022-03-21T14:00:22.442 INFO:teuthology.orchestra.run.smithi002.stderr:/usr/bin/ceph:
2022-03-21T14:00:22.435+0000 7fe9ebfff700 1 -- --> [v2:172.21.15.2:3300/0,v1:172.21.15.2:6789/0] -- mon_getmap magic: 0 v1 -- 0x7fe9ec1104e0 con 0x7fe9ec1013d0
2022-03-21T14:00:22.442 INFO:teuthology.orchestra.run.smithi002.stderr:/usr/bin/ceph:
2022-03-21T14:00:22.435+0000 7fe9eaffd700 1 --2- >> [v2:172.21.15.2:3300/0,v1:172.21.15.2:6789/0] conn(0x7fe9ec1013d0 0x7fe9ec10ffa0 unknown :-1 s=BANNER_CONNECTING pgs=0 cs=0 l=1 rev1=0 crypto rx=0 tx=0 comp rx=0 tx=0)._handle_peer_banner_payload supported=3 required=0
2022-03-21T14:00:22.442 INFO:teuthology.orchestra.run.smithi002.stderr:/usr/bin/ceph:
2022-03-21T14:00:22.435+0000 7fe9eaffd700 1 --2- >> [v2:172.21.15.2:3300/0,v1:172.21.15.2:6789/0] conn(0x7fe9ec1013d0 0x7fe9ec10ffa0 unknown :-1 s=HELLO_CONNECTING pgs=0 cs=0 l=1 rev1=1 crypto rx=0 tx=0 comp rx=0 tx=0).handle_hello peer v2:172.21.15.2:3300/0 says I am v2:172.21.15.2:43488/0 (socket says 172.21.15.2:43488)
2022-03-21T14:00:22.442 INFO:teuthology.orchestra.run.smithi002.stderr:/usr/bin/ceph:
2022-03-21T14:00:22.435+0000 7fe9eaffd700 1 -- 172.21.15.2:0/3936773101 learned_addr learned my addr 172.21.15.2:0/3936773101 (peer_addr_for_me v2:172.21.15.2:0/0)
2022-03-21T14:00:22.443 INFO:teuthology.orchestra.run.smithi002.stderr:/usr/bin/ceph:
2022-03-21T14:00:22.435+0000 7fe9eaffd700 1 -- 172.21.15.2:0/3936773101 --> [v2:172.21.15.2:3300/0,v1:172.21.15.2:6789/0] -- mon_subscribe({config=0+,monmap=0+}) v3 -- 0x7fe9dc009370 con 0x7fe9ec1013d0
2022-03-21T14:00:22.443 INFO:teuthology.orchestra.run.smithi002.stderr:/usr/bin/ceph:
2022-03-21T14:00:22.436+0000 7fe9eaffd700 1 --2- 172.21.15.2:0/3936773101 >> [v2:172.21.15.2:3300/0,v1:172.21.15.2:6789/0] conn(0x7fe9ec1013d0 0x7fe9ec10ffa0 secure :-1 s=READY pgs=69 cs=0 l=1 rev1=1 crypto rx=0x7fe9dc004150 tx=0x7fe9dc0090f0 comp rx=0 tx=0).ready entity=mon.0 client_cookie=0 server_cookie=0 in_seq=0 out_seq=0
2022-03-21T14:00:22.443 INFO:teuthology.orchestra.run.smithi002.stderr:/usr/bin/ceph:
2022-03-21T14:00:22.436+0000 7fe9d37fe700 1 -- 172.21.15.2:0/3936773101 <== mon.0 v2:172.21.15.2:3300/0 1 ==== mon_map magic: 0 v1 ==== 205+0+0 (secure 0 0 0) 0x7fe9dc0119c0 con 0x7fe9ec1013d0
2022-03-21T14:00:22.443 INFO:teuthology.orchestra.run.smithi002.stderr:/usr/bin/ceph:
2022-03-21T14:00:22.436+0000 7fe9d37fe700 1 -- 172.21.15.2:0/3936773101 <== mon.0 v2:172.21.15.2:3300/0 2 ==== config(26 keys) v1 ==== 1087+0+0 (secure 0 0 0) 0x7fe9dc011b20 con 0x7fe9ec1013d0
2022-03-21T14:00:22.444 INFO:teuthology.orchestra.run.smithi002.stderr:/usr/bin/ceph:
2022-03-21T14:00:22.436+0000 7fe9d37fe700 1 -- 172.21.15.2:0/3936773101 <== mon.0 v2:172.21.15.2:3300/0 3 ==== mon_map magic: 0 v1 ==== 205+0+0 (secure 0 0 0) 0x7fe9dc022560 con 0x7fe9ec1013d0
2022-03-21T14:00:22.444 INFO:teuthology.orchestra.run.smithi002.stderr:/usr/bin/ceph:
2022-03-21T14:00:22.436+0000 7fe9ebfff700 1 -- 172.21.15.2:0/3936773101 --> [v2:172.21.15.2:3300/0,v1:172.21.15.2:6789/0] -- mon_subscribe({mgrmap=0+}) v3 -- 0x7fe9ec1106e0 con 0x7fe9ec1013d0
2022-03-21T14:00:22.444 INFO:teuthology.orchestra.run.smithi002.stderr:/usr/bin/ceph:
2022-03-21T14:00:22.436+0000 7fe9ebfff700 1 -- 172.21.15.2:0/3936773101 --> [v2:172.21.15.2:3300/0,v1:172.21.15.2:6789/0] -- mon_subscribe({osdmap=0}) v3 -- 0x7fe9ec111380 con 0x7fe9ec1013d0
2022-03-21T14:00:22.444 INFO:teuthology.orchestra.run.smithi002.stderr:/usr/bin/ceph:
2022-03-21T14:00:22.438+0000 7fe9d37fe700 1 -- 172.21.15.2:0/3936773101 <== mon.0 v2:172.21.15.2:3300/0 4 ==== mgrmap(e 12) v1 ==== 41857+0+0 (secure 0 0 0) 0x7fe9dc017020 con 0x7fe9ec1013d0
2022-03-21T14:00:22.444 INFO:teuthology.orchestra.run.smithi002.stderr:/usr/bin/ceph:
2022-03-21T14:00:22.438+0000 7fe9ebfff700 1 -- 172.21.15.2:0/3936773101 --> [v2:172.21.15.2:3300/0,v1:172.21.15.2:6789/0] -- mon_command({"prefix": "get_command_descriptions"} v 0) v1 -- 0x7fe9ec05e600 con 0x7fe9ec1013d0
2022-03-21T14:00:22.445 INFO:teuthology.orchestra.run.smithi002.stderr:/usr/bin/ceph:
2022-03-21T14:00:22.438+0000 7fe9d37fe700 1 --2- 172.21.15.2:0/3936773101 >> [v2:172.21.15.2:6800/613532934,v1:172.21.15.2:6801/613532934] conn(0x7fe9d8034c10 0x7fe9d80370c0 unknown :-1 s=NONE pgs=0 cs=0 l=1 rev1=0 crypto rx=0 tx=0 comp rx=0 tx=0).connect
2022-03-21T14:00:22.445 INFO:teuthology.orchestra.run.smithi002.stderr:/usr/bin/ceph:
2022-03-21T14:00:22.438+0000 7fe9d37fe700 1 -- 172.21.15.2:0/3936773101 <== mon.0 v2:172.21.15.2:3300/0 5 ==== osd_map(3..3 src has 1..3) v4 ==== 1151+0+0 (secure 0 0 0) 0x7fe9dc0484a0 con 0x7fe9ec1013d0
2022-03-21T14:00:22.445 INFO:teuthology.orchestra.run.smithi002.stderr:/usr/bin/ceph:
2022-03-21T14:00:22.439+0000 7fe9ea7fc700 1 --2- 172.21.15.2:0/3936773101 >> [v2:172.21.15.2:6800/613532934,v1:172.21.15.2:6801/613532934] conn(0x7fe9d8034c10 0x7fe9d80370c0 unknown :-1 s=BANNER_CONNECTING pgs=0 cs=0 l=1 rev1=0 crypto rx=0 tx=0 comp rx=0 tx=0)._handle_peer_banner_payload supported=3 required=0
2022-03-21T14:00:22.445 INFO:teuthology.orchestra.run.smithi002.stderr:/usr/bin/ceph:
2022-03-21T14:00:22.439+0000 7fe9ea7fc700 1 --2- 172.21.15.2:0/3936773101 >> [v2:172.21.15.2:6800/613532934,v1:172.21.15.2:6801/613532934] conn(0x7fe9d8034c10 0x7fe9d80370c0 secure :-1 s=READY pgs=7 cs=0 l=1 rev1=1 crypto rx=0x7fe9e0009780 tx=0x7fe9e0006cc0 comp rx=0 tx=0).ready entity=mgr.14150 client_cookie=0 server_cookie=0 in_seq=0 out_seq=0
2022-03-21T14:00:22.446 INFO:teuthology.orchestra.run.smithi002.stderr:/usr/bin/ceph:
2022-03-21T14:00:22.444+0000 7fe9d37fe700 1 -- 172.21.15.2:0/3936773101 <== mon.0 v2:172.21.15.2:3300/0 6 ==== mon_command_ack([{"prefix": "get_command_descriptions"}]=0 v0) v1 ==== 72+0+163627 (secure 0 0 0) 0x7fe9dc022790 con 0x7fe9ec1013d0
2022-03-21T14:00:22.580 INFO:journalctl@ceph.mon.a.smithi002.stdout:Mar 21 14:00:22 smithi002 ceph-mon[17167]: [21/Mar/2022:14:00:21] ENGINE Bus STARTING
2022-03-21T14:00:22.581 INFO:journalctl@ceph.mon.a.smithi002.stdout:Mar 21 14:00:22 smithi002 ceph-mon[17167]: [21/Mar/2022:14:00:21] ENGINE Serving on https://172.21.15.2:7150
2022-03-21T14:00:22.581 INFO:journalctl@ceph.mon.a.smithi002.stdout:Mar 21 14:00:22 smithi002 ceph-mon[17167]: [21/Mar/2022:14:00:21] ENGINE Bus STARTED
2022-03-21T14:00:22.581 INFO:journalctl@ceph.mon.a.smithi002.stdout:Mar 21 14:00:22 smithi002 ceph-mon[17167]: mgrmap e11: x(active, since 1.06424s)
2022-03-21T14:00:22.582 INFO:journalctl@ceph.mon.a.smithi002.stdout:Mar 21 14:00:22 smithi002 ceph-mon[17167]: from='client.14154 -' entity='client.admin' cmd=[{"prefix": "get_command_descriptions"}]: dispatch
2022-03-21T14:00:22.582 INFO:journalctl@ceph.mon.a.smithi002.stdout:Mar 21 14:00:22 smithi002 ceph-mon[17167]: from='client.14154 -' entity='client.admin' cmd=[{"prefix": "mgr_status"}]: dispatch
2022-03-21T14:00:22.664 INFO:teuthology.orchestra.run.smithi002.stderr:/usr/bin/ceph:
2022-03-21T14:00:22.662+0000 7fe9ebfff700 1 -- 172.21.15.2:0/3936773101 --> [v2:172.21.15.2:6800/613532934,v1:172.21.15.2:6801/613532934] -- mgr_command(tid 0: {"prefix": "dashboard create-self-signed-cert", "target": ["mon-mgr", ""]}) v1 -- 0x7fe9ec0fdf90 con 0x7fe9d8034c10
2022-03-21T14:00:22.917 INFO:teuthology.orchestra.run.smithi002.stderr:/usr/bin/ceph:
2022-03-21T14:00:22.915+0000 7fe9d37fe700 1 -- 172.21.15.2:0/3936773101 <== mgr.14150 v2:172.21.15.2:6800/613532934 1 ==== mgr_command_reply(tid 0: 0 ) v1 ==== 8+0+32 (secure 0 0 0) 0x7fe9ec0fdf90 con 0x7fe9d8034c10
2022-03-21T14:00:23.022 INFO:teuthology.orchestra.run.smithi002.stderr:/usr/bin/ceph: Self-signed certificate created
2022-03-21T14:00:23.024 INFO:teuthology.orchestra.run.smithi002.stderr:/usr/bin/ceph:
2022-03-21T14:00:22.918+0000 7fe9ebfff700 1 -- 172.21.15.2:0/3936773101 >> [v2:172.21.15.2:6800/613532934,v1:172.21.15.2:6801/613532934] conn(0x7fe9d8034c10 msgr2=0x7fe9d80370c0 secure :-1 s=STATE_CONNECTION_ESTABLISHED l=1).mark_down
2022-03-21T14:00:23.024 INFO:teuthology.orchestra.run.smithi002.stderr:/usr/bin/ceph:
2022-03-21T14:00:22.918+0000 7fe9ebfff700 1 --2- 172.21.15.2:0/3936773101 >> [v2:172.21.15.2:6800/613532934,v1:172.21.15.2:6801/613532934] conn(0x7fe9d8034c10 0x7fe9d80370c0 secure :-1 s=READY pgs=7 cs=0 l=1 rev1=1 crypto rx=0x7fe9e0009780 tx=0x7fe9e0006cc0 comp rx=0 tx=0).stop
2022-03-21T14:00:23.024 INFO:teuthology.orchestra.run.smithi002.stderr:/usr/bin/ceph:
2022-03-21T14:00:22.918+0000 7fe9ebfff700 1 -- 172.21.15.2:0/3936773101 >> [v2:172.21.15.2:3300/0,v1:172.21.15.2:6789/0] conn(0x7fe9ec1013d0 msgr2=0x7fe9ec10ffa0 secure :-1 s=STATE_CONNECTION_ESTABLISHED l=1).mark_down
2022-03-21T14:00:23.024 INFO:teuthology.orchestra.run.smithi002.stderr:/usr/bin/ceph:
2022-03-21T14:00:22.918+0000 7fe9ebfff700 1 --2- 172.21.15.2:0/3936773101 >> [v2:172.21.15.2:3300/0,v1:172.21.15.2:6789/0] conn(0x7fe9ec1013d0 0x7fe9ec10ffa0 secure :-1 s=READY pgs=69 cs=0 l=1 rev1=1 crypto rx=0x7fe9dc004150 tx=0x7fe9dc0090f0 comp rx=0 tx=0).stop
2022-03-21T14:00:23.025 INFO:teuthology.orchestra.run.smithi002.stderr:/usr/bin/ceph:
2022-03-21T14:00:22.918+0000 7fe9ebfff700 1 -- 172.21.15.2:0/3936773101 shutdown_connections
2022-03-21T14:00:23.025 INFO:teuthology.orchestra.run.smithi002.stderr:/usr/bin/ceph:
2022-03-21T14:00:22.918+0000 7fe9ebfff700 1 --2- 172.21.15.2:0/3936773101 >> [v2:172.21.15.2:6800/613532934,v1:172.21.15.2:6801/613532934] conn(0x7fe9d8034c10 0x7fe9d80370c0 unknown :-1 s=CLOSED pgs=7 cs=0 l=1 rev1=1 crypto rx=0 tx=0 comp rx=0 tx=0).stop
2022-03-21T14:00:23.025 INFO:teuthology.orchestra.run.smithi002.stderr:/usr/bin/ceph:
2022-03-21T14:00:22.918+0000 7fe9ebfff700 1 --2- 172.21.15.2:0/3936773101 >> [v2:172.21.15.2:3300/0,v1:172.21.15.2:6789/0] conn(0x7fe9ec1013d0 0x7fe9ec10ffa0 unknown :-1 s=CLOSED pgs=69 cs=0 l=1 rev1=1 crypto rx=0 tx=0 comp rx=0 tx=0).stop
2022-03-21T14:00:23.025 INFO:teuthology.orchestra.run.smithi002.stderr:/usr/bin/ceph:
2022-03-21T14:00:22.918+0000 7fe9ebfff700 1 -- 172.21.15.2:0/3936773101 >> 172.21.15.2:0/3936773101 conn(0x7fe9ec0fcbe0 msgr2=0x7fe9ec0fd880 unknown :-1 s=STATE_NONE l=0).mark_down
2022-03-21T14:00:23.026 INFO:teuthology.orchestra.run.smithi002.stderr:/usr/bin/ceph:
2022-03-21T14:00:22.918+0000 7fe9ebfff700 1 -- 172.21.15.2:0/3936773101 shutdown_connections
2022-03-21T14:00:23.026 INFO:teuthology.orchestra.run.smithi002.stderr:/usr/bin/ceph:
2022-03-21T14:00:22.918+0000 7fe9ebfff700 1 -- 172.21.15.2:0/3936773101 wait complete.
2022-03-21T14:00:23.319 INFO:teuthology.orchestra.run.smithi002.stderr:Creating initial admin user...
2022-03-21T14:00:23.438 INFO:teuthology.orchestra.run.smithi002.stderr:/usr/bin/ceph: Your kernel does not support pids limit capabilities or the cgroup is not mounted. PIDs limit discarded.
2022-03-21T14:00:23.577 INFO:journalctl@ceph.mon.a.smithi002.stdout:Mar 21 14:00:23 smithi002 ceph-mon[17167]: mgrmap e12: x(active, since 2s)
2022-03-21T14:00:23.577 INFO:journalctl@ceph.mon.a.smithi002.stdout:Mar 21 14:00:23 smithi002 ceph-mon[17167]: from='mgr.14150 172.21.15.2:0/3604443276' entity='mgr.x'
2022-03-21T14:00:23.577 INFO:journalctl@ceph.mon.a.smithi002.stdout:Mar 21 14:00:23 smithi002 ceph-mon[17167]: from='client.14162 -' entity='client.admin' cmd=[{"prefix": "dashboard create-self-signed-cert", "target": ["mon-mgr", ""]}]: dispatch
2022-03-21T14:00:23.578 INFO:journalctl@ceph.mon.a.smithi002.stdout:Mar 21 14:00:23 smithi002 ceph-mon[17167]: from='mgr.14150 172.21.15.2:0/3604443276' entity='mgr.x'
2022-03-21T14:00:23.578 INFO:journalctl@ceph.mon.a.smithi002.stdout:Mar 21 14:00:23 smithi002 ceph-mon[17167]: from='mgr.14150 172.21.15.2:0/3604443276' entity='mgr.x'
2022-03-21T14:00:23.959 INFO:teuthology.orchestra.run.smithi002.stderr:/usr/bin/ceph:
2022-03-21T14:00:23.956+0000 7fbaa3fbb700 1 Processor -- start
2022-03-21T14:00:23.960 INFO:teuthology.orchestra.run.smithi002.stderr:/usr/bin/ceph:
2022-03-21T14:00:23.956+0000 7fbaa3fbb700 1 -- start start
2022-03-21T14:00:23.960 INFO:teuthology.orchestra.run.smithi002.stderr:/usr/bin/ceph:
2022-03-21T14:00:23.956+0000 7fbaa3fbb700 1 --2- >> [v2:172.21.15.2:3300/0,v1:172.21.15.2:6789/0] conn(0x7fba9c076b90 0x7fba9c075130 unknown :-1 s=NONE pgs=0 cs=0 l=0 rev1=0 crypto rx=0 tx=0 comp rx=0 tx=0).connect
2022-03-21T14:00:23.960 INFO:teuthology.orchestra.run.smithi002.stderr:/usr/bin/ceph:
2022-03-21T14:00:23.956+0000 7fbaa3fbb700 1 -- --> [v2:172.21.15.2:3300/0,v1:172.21.15.2:6789/0] -- mon_getmap magic: 0 v1 -- 0x7fba9c076fa0 con 0x7fba9c076b90
2022-03-21T14:00:23.960 INFO:teuthology.orchestra.run.smithi002.stderr:/usr/bin/ceph:
2022-03-21T14:00:23.957+0000 7fbaa1d57700 1 --2- >> [v2:172.21.15.2:3300/0,v1:172.21.15.2:6789/0] conn(0x7fba9c076b90 0x7fba9c075130 unknown :-1 s=BANNER_CONNECTING pgs=0 cs=0 l=0 rev1=0 crypto rx=0 tx=0 comp rx=0 tx=0)._handle_peer_banner_payload supported=3 required=0
2022-03-21T14:00:23.961 INFO:teuthology.orchestra.run.smithi002.stderr:/usr/bin/ceph:
2022-03-21T14:00:23.957+0000 7fbaa1d57700 1 --2- >> [v2:172.21.15.2:3300/0,v1:172.21.15.2:6789/0] conn(0x7fba9c076b90 0x7fba9c075130 unknown :-1 s=HELLO_CONNECTING pgs=0 cs=0 l=0 rev1=1 crypto rx=0 tx=0 comp rx=0 tx=0).handle_hello peer v2:172.21.15.2:3300/0 says I am v2:172.21.15.2:43490/0 (socket says 172.21.15.2:43490)
2022-03-21T14:00:23.961 INFO:teuthology.orchestra.run.smithi002.stderr:/usr/bin/ceph:
2022-03-21T14:00:23.957+0000 7fbaa1d57700 1 -- 172.21.15.2:0/2701957899 learned_addr learned my addr 172.21.15.2:0/2701957899 (peer_addr_for_me v2:172.21.15.2:0/0)
2022-03-21T14:00:23.961 INFO:teuthology.orchestra.run.smithi002.stderr:/usr/bin/ceph:
2022-03-21T14:00:23.957+0000 7fbaa1d57700 1 -- 172.21.15.2:0/2701957899 --> [v2:172.21.15.2:3300/0,v1:172.21.15.2:6789/0] -- mon_subscribe({config=0+,monmap=0+}) v3 -- 0x7fba9c075670 con 0x7fba9c076b90
2022-03-21T14:00:23.964 INFO:teuthology.orchestra.run.smithi002.stderr:/usr/bin/ceph:
2022-03-21T14:00:23.958+0000 7fbaa1d57700 1 --2- 172.21.15.2:0/2701957899 >> [v2:172.21.15.2:3300/0,v1:172.21.15.2:6789/0] conn(0x7fba9c076b90 0x7fba9c075130 secure :-1 s=READY pgs=70 cs=0 l=1 rev1=1 crypto rx=0x7fba98009730 tx=0x7fba980090f0 comp rx=0 tx=0).ready entity=mon.0 client_cookie=49c3ca82833aa37c server_cookie=0 in_seq=0 out_seq=0
2022-03-21T14:00:23.964 INFO:teuthology.orchestra.run.smithi002.stderr:/usr/bin/ceph:
2022-03-21T14:00:23.958+0000 7fbaa0d55700 1 -- 172.21.15.2:0/2701957899 <== mon.0 v2:172.21.15.2:3300/0 1 ==== mon_map magic: 0 v1 ==== 205+0+0 (secure 0 0 0) 0x7fba98004030 con 0x7fba9c076b90
2022-03-21T14:00:23.964 INFO:teuthology.orchestra.run.smithi002.stderr:/usr/bin/ceph:
2022-03-21T14:00:23.958+0000 7fbaa0d55700 1 -- 172.21.15.2:0/2701957899 <== mon.0 v2:172.21.15.2:3300/0 2 ==== config(26 keys) v1 ==== 1087+0+0 (secure 0 0 0) 0x7fba98004190 con 0x7fba9c076b90
2022-03-21T14:00:23.964 INFO:teuthology.orchestra.run.smithi002.stderr:/usr/bin/ceph:
2022-03-21T14:00:23.958+0000 7fbaa0d55700 1 -- 172.21.15.2:0/2701957899 <== mon.0 v2:172.21.15.2:3300/0 3 ==== mon_map magic: 0 v1 ==== 205+0+0 (secure 0 0 0) 0x7fba980037a0 con 0x7fba9c076b90
2022-03-21T14:00:23.965 INFO:teuthology.orchestra.run.smithi002.stderr:/usr/bin/ceph:
2022-03-21T14:00:23.959+0000 7fbaa3fbb700 1 -- 172.21.15.2:0/2701957899 >> [v2:172.21.15.2:3300/0,v1:172.21.15.2:6789/0] conn(0x7fba9c076b90 msgr2=0x7fba9c075130 secure :-1 s=STATE_CONNECTION_ESTABLISHED l=1).mark_down
2022-03-21T14:00:23.965 INFO:teuthology.orchestra.run.smithi002.stderr:/usr/bin/ceph:
2022-03-21T14:00:23.959+0000 7fbaa3fbb700 1 --2- 172.21.15.2:0/2701957899 >> [v2:172.21.15.2:3300/0,v1:172.21.15.2:6789/0] conn(0x7fba9c076b90 0x7fba9c075130 secure :-1 s=READY pgs=70 cs=0 l=1 rev1=1 crypto rx=0x7fba98009730 tx=0x7fba980090f0 comp rx=0 tx=0).stop
2022-03-21T14:00:23.965 INFO:teuthology.orchestra.run.smithi002.stderr:/usr/bin/ceph:
2022-03-21T14:00:23.959+0000 7fbaa3fbb700 1 -- 172.21.15.2:0/2701957899 shutdown_connections
2022-03-21T14:00:23.965 INFO:teuthology.orchestra.run.smithi002.stderr:/usr/bin/ceph:
2022-03-21T14:00:23.959+0000 7fbaa3fbb700 1 --2- 172.21.15.2:0/2701957899 >> [v2:172.21.15.2:3300/0,v1:172.21.15.2:6789/0] conn(0x7fba9c076b90 0x7fba9c075130 unknown :-1 s=CLOSED pgs=70 cs=0 l=1 rev1=1 crypto rx=0 tx=0 comp rx=0 tx=0).stop
2022-03-21T14:00:23.966 INFO:teuthology.orchestra.run.smithi002.stderr:/usr/bin/ceph:
2022-03-21T14:00:23.959+0000 7fbaa3fbb700 1 -- 172.21.15.2:0/2701957899 >> 172.21.15.2:0/2701957899 conn(0x7fba9c0fcda0 msgr2=0x7fba9c0ff1d0 unknown :-1 s=STATE_NONE l=0).mark_down
2022-03-21T14:00:23.966 INFO:teuthology.orchestra.run.smithi002.stderr:/usr/bin/ceph:
2022-03-21T14:00:23.960+0000 7fbaa3fbb700 1 -- 172.21.15.2:0/2701957899 shutdown_connections
2022-03-21T14:00:23.966 INFO:teuthology.orchestra.run.smithi002.stderr:/usr/bin/ceph:
2022-03-21T14:00:23.960+0000 7fbaa3fbb700 1 -- 172.21.15.2:0/2701957899 wait complete.
2022-03-21T14:00:23.966 INFO:teuthology.orchestra.run.smithi002.stderr:/usr/bin/ceph:
2022-03-21T14:00:23.961+0000 7fbaa3fbb700 1 Processor -- start
2022-03-21T14:00:23.967 INFO:teuthology.orchestra.run.smithi002.stderr:/usr/bin/ceph:
2022-03-21T14:00:23.961+0000 7fbaa3fbb700 1 -- start start
2022-03-21T14:00:23.967 INFO:teuthology.orchestra.run.smithi002.stderr:/usr/bin/ceph:
2022-03-21T14:00:23.961+0000 7fbaa3fbb700 1 --2- >> [v2:172.21.15.2:3300/0,v1:172.21.15.2:6789/0] conn(0x7fba9c076b90 0x7fba9c116850 unknown :-1 s=NONE pgs=0 cs=0 l=1 rev1=0 crypto rx=0 tx=0 comp rx=0 tx=0).connect
2022-03-21T14:00:23.967 INFO:teuthology.orchestra.run.smithi002.stderr:/usr/bin/ceph:
2022-03-21T14:00:23.961+0000 7fbaa3fbb700 1 -- --> [v2:172.21.15.2:3300/0,v1:172.21.15.2:6789/0] -- mon_getmap magic: 0 v1 -- 0x7fba9c116d90 con 0x7fba9c076b90
2022-03-21T14:00:23.968 INFO:teuthology.orchestra.run.smithi002.stderr:/usr/bin/ceph:
2022-03-21T14:00:23.962+0000 7fbaa1d57700 1 --2- >> [v2:172.21.15.2:3300/0,v1:172.21.15.2:6789/0] conn(0x7fba9c076b90 0x7fba9c116850 unknown :-1 s=BANNER_CONNECTING pgs=0 cs=0 l=1 rev1=0 crypto rx=0 tx=0 comp rx=0 tx=0)._handle_peer_banner_payload supported=3 required=0
2022-03-21T14:00:23.968 INFO:teuthology.orchestra.run.smithi002.stderr:/usr/bin/ceph:
2022-03-21T14:00:23.962+0000 7fbaa1d57700 1 --2- >> [v2:172.21.15.2:3300/0,v1:172.21.15.2:6789/0] conn(0x7fba9c076b90 0x7fba9c116850 unknown :-1 s=HELLO_CONNECTING pgs=0 cs=0 l=1 rev1=1 crypto rx=0 tx=0 comp rx=0 tx=0).handle_hello peer v2:172.21.15.2:3300/0 says I am v2:172.21.15.2:43492/0 (socket says 172.21.15.2:43492)
2022-03-21T14:00:23.970 INFO:teuthology.orchestra.run.smithi002.stderr:/usr/bin/ceph:
2022-03-21T14:00:23.962+0000 7fbaa1d57700 1 -- 172.21.15.2:0/1640776692 learned_addr learned my addr 172.21.15.2:0/1640776692 (peer_addr_for_me v2:172.21.15.2:0/0)
2022-03-21T14:00:23.970 INFO:teuthology.orchestra.run.smithi002.stderr:/usr/bin/ceph:
2022-03-21T14:00:23.962+0000 7fbaa1d57700 1 -- 172.21.15.2:0/1640776692 --> [v2:172.21.15.2:3300/0,v1:172.21.15.2:6789/0] -- mon_subscribe({config=0+,monmap=0+}) v3 -- 0x7fba98009370 con 0x7fba9c076b90
2022-03-21T14:00:23.971 INFO:teuthology.orchestra.run.smithi002.stderr:/usr/bin/ceph:
2022-03-21T14:00:23.963+0000 7fbaa1d57700 1 --2- 172.21.15.2:0/1640776692 >> [v2:172.21.15.2:3300/0,v1:172.21.15.2:6789/0] conn(0x7fba9c076b90 0x7fba9c116850 secure :-1 s=READY pgs=71 cs=0 l=1 rev1=1 crypto rx=0x7fba98006fd0 tx=0x7fba980090f0 comp rx=0 tx=0).ready entity=mon.0 client_cookie=0 server_cookie=0 in_seq=0 out_seq=0
2022-03-21T14:00:23.971 INFO:teuthology.orchestra.run.smithi002.stderr:/usr/bin/ceph:
2022-03-21T14:00:23.963+0000 7fba8a7fc700 1 -- 172.21.15.2:0/1640776692 <== mon.0 v2:172.21.15.2:3300/0 1 ==== mon_map magic: 0 v1 ==== 205+0+0 (secure 0 0 0) 0x7fba980119e0 con 0x7fba9c076b90
2022-03-21T14:00:23.971 INFO:teuthology.orchestra.run.smithi002.stderr:/usr/bin/ceph:
2022-03-21T14:00:23.963+0000 7fba8a7fc700 1 -- 172.21.15.2:0/1640776692 <== mon.0 v2:172.21.15.2:3300/0 2 ==== config(26 keys) v1 ==== 1087+0+0 (secure 0 0 0) 0x7fba98011b40 con 0x7fba9c076b90
2022-03-21T14:00:23.971 INFO:teuthology.orchestra.run.smithi002.stderr:/usr/bin/ceph:
2022-03-21T14:00:23.963+0000 7fbaa3fbb700 1 -- 172.21.15.2:0/1640776692 --> [v2:172.21.15.2:3300/0,v1:172.21.15.2:6789/0] -- mon_subscribe({mgrmap=0+}) v3 -- 0x7fba9c116f90 con 0x7fba9c076b90
2022-03-21T14:00:23.972 INFO:teuthology.orchestra.run.smithi002.stderr:/usr/bin/ceph:
2022-03-21T14:00:23.963+0000 7fba8a7fc700 1 -- 172.21.15.2:0/1640776692 <== mon.0 v2:172.21.15.2:3300/0 3 ==== mon_map magic: 0 v1 ==== 205+0+0 (secure 0 0 0) 0x7fba980224b0 con 0x7fba9c076b90
2022-03-21T14:00:23.972 INFO:teuthology.orchestra.run.smithi002.stderr:/usr/bin/ceph:
2022-03-21T14:00:23.963+0000 7fbaa3fbb700 1 -- 172.21.15.2:0/1640776692 --> [v2:172.21.15.2:3300/0,v1:172.21.15.2:6789/0] -- mon_subscribe({osdmap=0}) v3 -- 0x7fba9c117c30 con 0x7fba9c076b90
2022-03-21T14:00:23.972 INFO:teuthology.orchestra.run.smithi002.stderr:/usr/bin/ceph:
2022-03-21T14:00:23.964+0000 7fbaa3fbb700 1 -- 172.21.15.2:0/1640776692 --> [v2:172.21.15.2:3300/0,v1:172.21.15.2:6789/0] -- mon_command({"prefix": "get_command_descriptions"} v 0) v1 -- 0x7fba9c05e600 con 0x7fba9c076b90
2022-03-21T14:00:23.973 INFO:teuthology.orchestra.run.smithi002.stderr:/usr/bin/ceph:
2022-03-21T14:00:23.965+0000 7fba8a7fc700 1 -- 172.21.15.2:0/1640776692 <== mon.0 v2:172.21.15.2:3300/0 4 ==== mgrmap(e 12) v1 ==== 41857+0+0 (secure 0 0 0) 0x7fba98017020 con 0x7fba9c076b90
2022-03-21T14:00:23.973 INFO:teuthology.orchestra.run.smithi002.stderr:/usr/bin/ceph:
2022-03-21T14:00:23.965+0000 7fba8a7fc700 1 --2- 172.21.15.2:0/1640776692 >> [v2:172.21.15.2:6800/613532934,v1:172.21.15.2:6801/613532934] conn(0x7fba84034c10 0x7fba840370c0 unknown :-1 s=NONE pgs=0 cs=0 l=1 rev1=0 crypto rx=0 tx=0 comp rx=0 tx=0).connect
2022-03-21T14:00:23.973 INFO:teuthology.orchestra.run.smithi002.stderr:/usr/bin/ceph:
2022-03-21T14:00:23.965+0000 7fba8a7fc700 1 -- 172.21.15.2:0/1640776692 <== mon.0 v2:172.21.15.2:3300/0 5 ==== osd_map(3..3 src has 1..3) v4 ==== 1151+0+0 (secure 0 0 0) 0x7fba980482c0 con 0x7fba9c076b90
2022-03-21T14:00:23.973 INFO:teuthology.orchestra.run.smithi002.stderr:/usr/bin/ceph:
2022-03-21T14:00:23.966+0000 7fbaa1556700 1 --2- 172.21.15.2:0/1640776692 >> [v2:172.21.15.2:6800/613532934,v1:172.21.15.2:6801/613532934] conn(0x7fba84034c10 0x7fba840370c0 unknown :-1 s=BANNER_CONNECTING pgs=0 cs=0 l=1 rev1=0 crypto rx=0 tx=0 comp rx=0 tx=0)._handle_peer_banner_payload supported=3 required=0
2022-03-21T14:00:23.974 INFO:teuthology.orchestra.run.smithi002.stderr:/usr/bin/ceph:
2022-03-21T14:00:23.966+0000 7fbaa1556700 1 --2- 172.21.15.2:0/1640776692 >> [v2:172.21.15.2:6800/613532934,v1:172.21.15.2:6801/613532934] conn(0x7fba84034c10 0x7fba840370c0 secure :-1 s=READY pgs=8 cs=0 l=1 rev1=1 crypto rx=0x7fba8c009780 tx=0x7fba8c006cc0 comp rx=0 tx=0).ready entity=mgr.14150 client_cookie=0 server_cookie=0 in_seq=0 out_seq=0
2022-03-21T14:00:23.974 INFO:teuthology.orchestra.run.smithi002.stderr:/usr/bin/ceph:
2022-03-21T14:00:23.970+0000 7fba8a7fc700 1 -- 172.21.15.2:0/1640776692 <== mon.0 v2:172.21.15.2:3300/0 6 ==== mon_command_ack([{"prefix": "get_command_descriptions"}]=0 v0) v1 ==== 72+0+163627 (secure 0 0 0) 0x7fba9801a430 con 0x7fba9c076b90
2022-03-21T14:00:24.187 INFO:teuthology.orchestra.run.smithi002.stderr:/usr/bin/ceph:
2022-03-21T14:00:24.184+0000 7fbaa3fbb700 1 -- 172.21.15.2:0/1640776692 --> [v2:172.21.15.2:6800/613532934,v1:172.21.15.2:6801/613532934] -- mgr_command(tid 0: {"prefix": "dashboard ac-user-create", "username": "admin", "rolename": "administrator", "force_password": true, "pwd_update_required": true, "target": ["mon-mgr", ""]}) v1 -- 0x7fba9c05e420 con 0x7fba84034c10
2022-03-21T14:00:24.435 INFO:teuthology.orchestra.run.smithi002.stderr:/usr/bin/ceph:
2022-03-21T14:00:24.432+0000 7fba8a7fc700 1 -- 172.21.15.2:0/1640776692 <== mgr.14150 v2:172.21.15.2:6800/613532934 1 ==== mgr_command_reply(tid 0: 0 ) v1 ==== 8+0+252 (secure 0 0 0) 0x7fba9c05e420 con 0x7fba84034c10
2022-03-21T14:00:24.435 INFO:teuthology.orchestra.run.smithi002.stderr:/usr/bin/ceph: {"username": "admin", "password": "$2b$12$7X9uemZDV5vq3Zb.oWDbaeJWl4FtlN04/gkt4blTvIXk2QoWYvyoW", "roles": ["administrator"], "name": null, "email": null, "lastUpdate": 1647871224, "enabled": true, "pwdExpirationDate": null, "pwdUpdateRequired": true}
2022-03-21T14:00:24.438 INFO:teuthology.orchestra.run.smithi002.stderr:/usr/bin/ceph:
2022-03-21T14:00:24.435+0000 7fbaa3fbb700 1 -- 172.21.15.2:0/1640776692 >> [v2:172.21.15.2:6800/613532934,v1:172.21.15.2:6801/613532934] conn(0x7fba84034c10 msgr2=0x7fba840370c0 secure :-1 s=STATE_CONNECTION_ESTABLISHED l=1).mark_down
2022-03-21T14:00:24.438 INFO:teuthology.orchestra.run.smithi002.stderr:/usr/bin/ceph:
2022-03-21T14:00:24.435+0000 7fbaa3fbb700 1 --2- 172.21.15.2:0/1640776692 >> [v2:172.21.15.2:6800/613532934,v1:172.21.15.2:6801/613532934] conn(0x7fba84034c10 0x7fba840370c0 secure :-1 s=READY pgs=8 cs=0 l=1 rev1=1 crypto rx=0x7fba8c009780 tx=0x7fba8c006cc0 comp rx=0 tx=0).stop
2022-03-21T14:00:24.438 INFO:teuthology.orchestra.run.smithi002.stderr:/usr/bin/ceph:
2022-03-21T14:00:24.435+0000 7fbaa3fbb700 1 -- 172.21.15.2:0/1640776692 >> [v2:172.21.15.2:3300/0,v1:172.21.15.2:6789/0] conn(0x7fba9c076b90 msgr2=0x7fba9c116850 secure :-1 s=STATE_CONNECTION_ESTABLISHED l=1).mark_down
2022-03-21T14:00:24.438 INFO:teuthology.orchestra.run.smithi002.stderr:/usr/bin/ceph:
2022-03-21T14:00:24.435+0000 7fbaa3fbb700 1 --2- 172.21.15.2:0/1640776692 >> [v2:172.21.15.2:3300/0,v1:172.21.15.2:6789/0] conn(0x7fba9c076b90 0x7fba9c116850 secure :-1 s=READY pgs=71 cs=0 l=1 rev1=1 crypto rx=0x7fba98006fd0 tx=0x7fba980090f0 comp rx=0 tx=0).stop
2022-03-21T14:00:24.439 INFO:teuthology.orchestra.run.smithi002.stderr:/usr/bin/ceph:
2022-03-21T14:00:24.435+0000 7fbaa3fbb700 1 -- 172.21.15.2:0/1640776692 shutdown_connections
2022-03-21T14:00:24.439 INFO:teuthology.orchestra.run.smithi002.stderr:/usr/bin/ceph:
2022-03-21T14:00:24.435+0000 7fbaa3fbb700 1 --2- 172.21.15.2:0/1640776692 >> [v2:172.21.15.2:6800/613532934,v1:172.21.15.2:6801/613532934] conn(0x7fba84034c10 0x7fba840370c0 unknown :-1 s=CLOSED pgs=8 cs=0 l=1 rev1=1 crypto rx=0 tx=0 comp rx=0 tx=0).stop
2022-03-21T14:00:24.439 INFO:teuthology.orchestra.run.smithi002.stderr:/usr/bin/ceph:
2022-03-21T14:00:24.435+0000 7fbaa3fbb700 1 --2- 172.21.15.2:0/1640776692 >> [v2:172.21.15.2:3300/0,v1:172.21.15.2:6789/0] conn(0x7fba9c076b90 0x7fba9c116850 unknown :-1 s=CLOSED pgs=71 cs=0 l=1 rev1=1 crypto rx=0 tx=0 comp rx=0 tx=0).stop
2022-03-21T14:00:24.439 INFO:teuthology.orchestra.run.smithi002.stderr:/usr/bin/ceph:
2022-03-21T14:00:24.435+0000 7fbaa3fbb700 1 -- 172.21.15.2:0/1640776692 >> 172.21.15.2:0/1640776692 conn(0x7fba9c0fcda0 msgr2=0x7fba9c1028e0 unknown :-1 s=STATE_NONE l=0).mark_down
2022-03-21T14:00:24.440 INFO:teuthology.orchestra.run.smithi002.stderr:/usr/bin/ceph:
2022-03-21T14:00:24.435+0000 7fbaa3fbb700 1 -- 172.21.15.2:0/1640776692 shutdown_connections
2022-03-21T14:00:24.440 INFO:teuthology.orchestra.run.smithi002.stderr:/usr/bin/ceph:
2022-03-21T14:00:24.435+0000 7fbaa3fbb700 1 -- 172.21.15.2:0/1640776692 wait complete.
2022-03-21T14:00:24.813 INFO:teuthology.orchestra.run.smithi002.stderr:Fetching dashboard port number...
2022-03-21T14:00:24.932 INFO:teuthology.orchestra.run.smithi002.stderr:/usr/bin/ceph: Your kernel does not support pids limit capabilities or the cgroup is not mounted. PIDs limit discarded.
2022-03-21T14:00:25.365 INFO:journalctl@ceph.mon.a.smithi002.stdout:Mar 21 14:00:25 smithi002 ceph-mon[17167]: from='mgr.14150 172.21.15.2:0/3604443276' entity='mgr.x'
2022-03-21T14:00:25.366 INFO:journalctl@ceph.mon.a.smithi002.stdout:Mar 21 14:00:25 smithi002 ceph-mon[17167]: from='client.14164 -' entity='client.admin' cmd=[{"prefix": "dashboard ac-user-create", "username": "admin", "rolename": "administrator", "force_password": true, "pwd_update_required": true, "target": ["mon-mgr", ""]}]: dispatch
2022-03-21T14:00:25.366 INFO:journalctl@ceph.mon.a.smithi002.stdout:Mar 21 14:00:25 smithi002 ceph-mon[17167]: from='mgr.14150 172.21.15.2:0/3604443276' entity='mgr.x'
2022-03-21T14:00:25.432 INFO:teuthology.orchestra.run.smithi002.stderr:/usr/bin/ceph:
2022-03-21T14:00:25.429+0000 7fe309e7f700 1 Processor -- start
2022-03-21T14:00:25.432 INFO:teuthology.orchestra.run.smithi002.stderr:/usr/bin/ceph:
2022-03-21T14:00:25.429+0000 7fe309e7f700 1 -- start start
2022-03-21T14:00:25.433 INFO:teuthology.orchestra.run.smithi002.stderr:/usr/bin/ceph:
2022-03-21T14:00:25.430+0000 7fe309e7f700 1 --2- >> [v2:172.21.15.2:3300/0,v1:172.21.15.2:6789/0] conn(0x7fe304076b90 0x7fe304075130 unknown :-1 s=NONE pgs=0 cs=0 l=0 rev1=0 crypto rx=0 tx=0 comp rx=0 tx=0).connect
2022-03-21T14:00:25.433 INFO:teuthology.orchestra.run.smithi002.stderr:/usr/bin/ceph:
2022-03-21T14:00:25.430+0000 7fe309e7f700 1 -- --> [v2:172.21.15.2:3300/0,v1:172.21.15.2:6789/0] -- mon_getmap magic: 0 v1 -- 0x7fe304076fa0 con 0x7fe304076b90
2022-03-21T14:00:25.434 INFO:teuthology.orchestra.run.smithi002.stderr:/usr/bin/ceph:
2022-03-21T14:00:25.430+0000 7fe3037fe700 1 --2- >> [v2:172.21.15.2:3300/0,v1:172.21.15.2:6789/0] conn(0x7fe304076b90 0x7fe304075130 unknown :-1 s=BANNER_CONNECTING pgs=0 cs=0 l=0 rev1=0 crypto rx=0 tx=0 comp rx=0 tx=0)._handle_peer_banner_payload supported=3 required=0
2022-03-21T14:00:25.434 INFO:teuthology.orchestra.run.smithi002.stderr:/usr/bin/ceph:
