2023-03-03T05:03:32.939 INFO:teuthology.orchestra.run.smithi006.stdout:/usr/bin/ceph: stderr
2023-03-03T05:03:25.723+0000 7f3a2cd91700 1 --2- 172.21.15.6:0/496712909 >> [v2:172.21.15.6:3300/0,v1:172.21.15.6:6789/0] conn(0x7f3a281058a0 0x7f3a28105cb0 secure :-1 s=READY pgs=28 cs=0 l=1 rev1=1 crypto rx=0x7f3a1c0098a0 tx=0x7f3a1c009bb0 comp rx=0 tx=0).ready entity=mon.0 client_cookie=e20f67b4ba8911b1 server_cookie=0 in_seq=0 out_seq=0
2023-03-03T05:03:32.939 INFO:teuthology.orchestra.run.smithi006.stdout:/usr/bin/ceph: stderr
2023-03-03T05:03:25.723+0000 7f3a277fe700 1 -- 172.21.15.6:0/496712909 <== mon.0 v2:172.21.15.6:3300/0 1 ==== mon_map magic: 0 v1 ==== 205+0+0 (secure 0 0 0) 0x7f3a1c004160 con 0x7f3a281058a0
2023-03-03T05:03:32.939 INFO:teuthology.orchestra.run.smithi006.stdout:/usr/bin/ceph: stderr
2023-03-03T05:03:25.723+0000 7f3a277fe700 1 -- 172.21.15.6:0/496712909 <== mon.0 v2:172.21.15.6:3300/0 2 ==== config(26 keys) v1 ==== 1074+0+0 (secure 0 0 0) 0x7f3a1c0042c0 con 0x7f3a281058a0
2023-03-03T05:03:32.939 INFO:teuthology.orchestra.run.smithi006.stdout:/usr/bin/ceph: stderr
2023-03-03T05:03:25.723+0000 7f3a277fe700 1 -- 172.21.15.6:0/496712909 <== mon.0 v2:172.21.15.6:3300/0 3 ==== mon_map magic: 0 v1 ==== 205+0+0 (secure 0 0 0) 0x7f3a1c011a00 con 0x7f3a281058a0
2023-03-03T05:03:32.939 INFO:teuthology.orchestra.run.smithi006.stdout:/usr/bin/ceph: stderr
2023-03-03T05:03:25.723+0000 7f3a2eff5700 1 -- 172.21.15.6:0/496712909 >> [v2:172.21.15.6:3300/0,v1:172.21.15.6:6789/0] conn(0x7f3a281058a0 msgr2=0x7f3a28105cb0 secure :-1 s=STATE_CONNECTION_ESTABLISHED l=1).mark_down
2023-03-03T05:03:32.940 INFO:teuthology.orchestra.run.smithi006.stdout:/usr/bin/ceph: stderr
2023-03-03T05:03:25.723+0000 7f3a2eff5700 1 --2- 172.21.15.6:0/496712909 >> [v2:172.21.15.6:3300/0,v1:172.21.15.6:6789/0] conn(0x7f3a281058a0 0x7f3a28105cb0 secure :-1 s=READY pgs=28 cs=0 l=1 rev1=1 crypto rx=0x7f3a1c0098a0 tx=0x7f3a1c009bb0 comp rx=0 tx=0).stop
2023-03-03T05:03:32.940 INFO:teuthology.orchestra.run.smithi006.stdout:/usr/bin/ceph: stderr
2023-03-03T05:03:25.724+0000 7f3a2eff5700 1 -- 172.21.15.6:0/496712909 shutdown_connections
2023-03-03T05:03:32.940 INFO:teuthology.orchestra.run.smithi006.stdout:/usr/bin/ceph: stderr
2023-03-03T05:03:25.724+0000 7f3a2eff5700 1 --2- 172.21.15.6:0/496712909 >> [v2:172.21.15.6:3300/0,v1:172.21.15.6:6789/0] conn(0x7f3a281058a0 0x7f3a28105cb0 unknown :-1 s=CLOSED pgs=28 cs=0 l=1 rev1=1 crypto rx=0 tx=0 comp rx=0 tx=0).stop
2023-03-03T05:03:32.940 INFO:teuthology.orchestra.run.smithi006.stdout:/usr/bin/ceph: stderr
2023-03-03T05:03:25.724+0000 7f3a2eff5700 1 -- 172.21.15.6:0/496712909 >> 172.21.15.6:0/496712909 conn(0x7f3a28100f00 msgr2=0x7f3a28103310 unknown :-1 s=STATE_NONE l=0).mark_down
2023-03-03T05:03:32.940 INFO:teuthology.orchestra.run.smithi006.stdout:/usr/bin/ceph: stderr
2023-03-03T05:03:25.724+0000 7f3a2eff5700 1 -- 172.21.15.6:0/496712909 shutdown_connections
2023-03-03T05:03:32.940 INFO:teuthology.orchestra.run.smithi006.stdout:/usr/bin/ceph: stderr
2023-03-03T05:03:25.724+0000 7f3a2eff5700 1 -- 172.21.15.6:0/496712909 wait complete.
2023-03-03T05:03:32.940 INFO:teuthology.orchestra.run.smithi006.stdout:/usr/bin/ceph: stderr
2023-03-03T05:03:25.724+0000 7f3a2eff5700 1 Processor -- start
2023-03-03T05:03:32.941 INFO:teuthology.orchestra.run.smithi006.stdout:/usr/bin/ceph: stderr
2023-03-03T05:03:25.725+0000 7f3a2eff5700 1 -- start start
2023-03-03T05:03:32.941 INFO:teuthology.orchestra.run.smithi006.stdout:/usr/bin/ceph: stderr
2023-03-03T05:03:25.725+0000 7f3a2eff5700 1 --2- >> [v2:172.21.15.6:3300/0,v1:172.21.15.6:6789/0] conn(0x7f3a281058a0 0x7f3a28199950 unknown :-1 s=NONE pgs=0 cs=0 l=1 rev1=0 crypto rx=0 tx=0 comp rx=0 tx=0).connect
2023-03-03T05:03:32.941 INFO:teuthology.orchestra.run.smithi006.stdout:/usr/bin/ceph: stderr
2023-03-03T05:03:25.725+0000 7f3a2eff5700 1 -- --> [v2:172.21.15.6:3300/0,v1:172.21.15.6:6789/0] -- mon_getmap magic: 0 v1 -- 0x7f3a28199e90 con 0x7f3a281058a0
2023-03-03T05:03:32.941 INFO:teuthology.orchestra.run.smithi006.stdout:/usr/bin/ceph: stderr
2023-03-03T05:03:25.725+0000 7f3a2cd91700 1 --2- >> [v2:172.21.15.6:3300/0,v1:172.21.15.6:6789/0] conn(0x7f3a281058a0 0x7f3a28199950 unknown :-1 s=BANNER_CONNECTING pgs=0 cs=0 l=1 rev1=0 crypto rx=0 tx=0 comp rx=0 tx=0)._handle_peer_banner_payload supported=3 required=0
2023-03-03T05:03:32.942 INFO:teuthology.orchestra.run.smithi006.stdout:/usr/bin/ceph: stderr
2023-03-03T05:03:25.725+0000 7f3a2cd91700 1 --2- >> [v2:172.21.15.6:3300/0,v1:172.21.15.6:6789/0] conn(0x7f3a281058a0 0x7f3a28199950 unknown :-1 s=HELLO_CONNECTING pgs=0 cs=0 l=1 rev1=1 crypto rx=0 tx=0 comp rx=0 tx=0).handle_hello peer v2:172.21.15.6:3300/0 says I am v2:172.21.15.6:55234/0 (socket says 172.21.15.6:55234)
2023-03-03T05:03:32.942 INFO:teuthology.orchestra.run.smithi006.stdout:/usr/bin/ceph: stderr
2023-03-03T05:03:25.725+0000 7f3a2cd91700 1 -- 172.21.15.6:0/1906475642 learned_addr learned my addr 172.21.15.6:0/1906475642 (peer_addr_for_me v2:172.21.15.6:0/0)
2023-03-03T05:03:32.942 INFO:teuthology.orchestra.run.smithi006.stdout:/usr/bin/ceph: stderr
2023-03-03T05:03:25.725+0000 7f3a2cd91700 1 -- 172.21.15.6:0/1906475642 --> [v2:172.21.15.6:3300/0,v1:172.21.15.6:6789/0] -- mon_subscribe({config=0+,monmap=0+}) v3 -- 0x7f3a1c009550 con 0x7f3a281058a0
2023-03-03T05:03:32.942 INFO:teuthology.orchestra.run.smithi006.stdout:/usr/bin/ceph: stderr
2023-03-03T05:03:25.725+0000 7f3a2cd91700 1 --2- 172.21.15.6:0/1906475642 >> [v2:172.21.15.6:3300/0,v1:172.21.15.6:6789/0] conn(0x7f3a281058a0 0x7f3a28199950 secure :-1 s=READY pgs=29 cs=0 l=1 rev1=1 crypto rx=0x7f3a1c006af0 tx=0x7f3a1c011ad0 comp rx=0 tx=0).ready entity=mon.0 client_cookie=0 server_cookie=0 in_seq=0 out_seq=0
2023-03-03T05:03:32.943 INFO:teuthology.orchestra.run.smithi006.stdout:/usr/bin/ceph: stderr
2023-03-03T05:03:25.726+0000 7f3a25ffb700 1 -- 172.21.15.6:0/1906475642 <== mon.0 v2:172.21.15.6:3300/0 1 ==== mon_map magic: 0 v1 ==== 205+0+0 (secure 0 0 0) 0x7f3a1c0038b0 con 0x7f3a281058a0
2023-03-03T05:03:32.943 INFO:teuthology.orchestra.run.smithi006.stdout:/usr/bin/ceph: stderr
2023-03-03T05:03:25.726+0000 7f3a2eff5700 1 -- 172.21.15.6:0/1906475642 --> [v2:172.21.15.6:3300/0,v1:172.21.15.6:6789/0] -- mon_subscribe({mgrmap=0+}) v3 -- 0x7f3a28107930 con 0x7f3a281058a0
2023-03-03T05:03:32.943 INFO:teuthology.orchestra.run.smithi006.stdout:/usr/bin/ceph: stderr
2023-03-03T05:03:25.726+0000 7f3a25ffb700 1 -- 172.21.15.6:0/1906475642 <== mon.0 v2:172.21.15.6:3300/0 2 ==== config(26 keys) v1 ==== 1074+0+0 (secure 0 0 0) 0x7f3a1c003a10 con 0x7f3a281058a0
2023-03-03T05:03:32.944 INFO:teuthology.orchestra.run.smithi006.stdout:/usr/bin/ceph: stderr
2023-03-03T05:03:25.726+0000 7f3a25ffb700 1 -- 172.21.15.6:0/1906475642 <== mon.0 v2:172.21.15.6:3300/0 3 ==== mon_map magic: 0 v1 ==== 205+0+0 (secure 0 0 0) 0x7f3a1c019550 con 0x7f3a281058a0
2023-03-03T05:03:32.944 INFO:teuthology.orchestra.run.smithi006.stdout:/usr/bin/ceph: stderr
2023-03-03T05:03:25.726+0000 7f3a2eff5700 1 -- 172.21.15.6:0/1906475642 --> [v2:172.21.15.6:3300/0,v1:172.21.15.6:6789/0] -- mon_subscribe({osdmap=0}) v3 -- 0x7f3a281077a0 con 0x7f3a281058a0
2023-03-03T05:03:32.944 INFO:teuthology.orchestra.run.smithi006.stdout:/usr/bin/ceph: stderr
2023-03-03T05:03:25.727+0000 7f3a25ffb700 1 -- 172.21.15.6:0/1906475642 <== mon.0 v2:172.21.15.6:3300/0 4 ==== mgrmap(e 5) v1 ==== 44160+0+0 (secure 0 0 0) 0x7f3a1c02a020 con 0x7f3a281058a0
2023-03-03T05:03:32.944 INFO:teuthology.orchestra.run.smithi006.stdout:/usr/bin/ceph: stderr
2023-03-03T05:03:25.727+0000 7f3a25ffb700 1 --2- 172.21.15.6:0/1906475642 >> [v2:172.21.15.6:6800/3201344737,v1:172.21.15.6:6801/3201344737] conn(0x7f3a18037200 0x7f3a180396b0 unknown :-1 s=NONE pgs=0 cs=0 l=1 rev1=0 crypto rx=0 tx=0 comp rx=0 tx=0).connect
2023-03-03T05:03:32.944 INFO:teuthology.orchestra.run.smithi006.stdout:/usr/bin/ceph: stderr
2023-03-03T05:03:25.727+0000 7f3a2eff5700 1 -- 172.21.15.6:0/1906475642 --> [v2:172.21.15.6:6800/3201344737,v1:172.21.15.6:6801/3201344737] -- command(tid 0: {"prefix": "get_command_descriptions"}) v1 -- 0x7f3a28109d60 con 0x7f3a18037200
2023-03-03T05:03:32.944 INFO:teuthology.orchestra.run.smithi006.stdout:/usr/bin/ceph: stderr
2023-03-03T05:03:25.727+0000 7f3a25ffb700 1 -- 172.21.15.6:0/1906475642 <== mon.0 v2:172.21.15.6:3300/0 5 ==== osd_map(1..1 src has 1..1) v4 ==== 725+0+0 (secure 0 0 0) 0x7f3a1c04a610 con 0x7f3a281058a0
2023-03-03T05:03:32.944 INFO:teuthology.orchestra.run.smithi006.stdout:/usr/bin/ceph: stderr
2023-03-03T05:03:25.727+0000 7f3a27fff700 1 -- 172.21.15.6:0/1906475642 >> [v2:172.21.15.6:6800/3201344737,v1:172.21.15.6:6801/3201344737] conn(0x7f3a18037200 msgr2=0x7f3a180396b0 unknown :-1 s=STATE_CONNECTING_RE l=1).process reconnect failed to v2:172.21.15.6:6800/3201344737
2023-03-03T05:03:32.945 INFO:teuthology.orchestra.run.smithi006.stdout:/usr/bin/ceph: stderr
2023-03-03T05:03:25.727+0000 7f3a27fff700 1 --2- 172.21.15.6:0/1906475642 >> [v2:172.21.15.6:6800/3201344737,v1:172.21.15.6:6801/3201344737] conn(0x7f3a18037200 0x7f3a180396b0 unknown :-1 s=START_CONNECT pgs=0 cs=0 l=1 rev1=0 crypto rx=0 tx=0 comp rx=0 tx=0)._fault waiting 0.200000
2023-03-03T05:03:32.945 INFO:teuthology.orchestra.run.smithi006.stdout:/usr/bin/ceph: stderr
2023-03-03T05:03:25.928+0000 7f3a27fff700 1 -- 172.21.15.6:0/1906475642 >> [v2:172.21.15.6:6800/3201344737,v1:172.21.15.6:6801/3201344737] conn(0x7f3a18037200 msgr2=0x7f3a180396b0 unknown :-1 s=STATE_CONNECTING_RE l=1).process reconnect failed to v2:172.21.15.6:6800/3201344737
2023-03-03T05:03:32.945 INFO:teuthology.orchestra.run.smithi006.stdout:/usr/bin/ceph: stderr
2023-03-03T05:03:25.928+0000 7f3a27fff700 1 --2- 172.21.15.6:0/1906475642 >> [v2:172.21.15.6:6800/3201344737,v1:172.21.15.6:6801/3201344737] conn(0x7f3a18037200 0x7f3a180396b0 unknown :-1 s=START_CONNECT pgs=0 cs=0 l=1 rev1=0 crypto rx=0 tx=0 comp rx=0 tx=0)._fault waiting 0.400000
2023-03-03T05:03:32.945 INFO:teuthology.orchestra.run.smithi006.stdout:/usr/bin/ceph: stderr
2023-03-03T05:03:26.329+0000 7f3a27fff700 1 -- 172.21.15.6:0/1906475642 >> [v2:172.21.15.6:6800/3201344737,v1:172.21.15.6:6801/3201344737] conn(0x7f3a18037200 msgr2=0x7f3a180396b0 unknown :-1 s=STATE_CONNECTING_RE l=1).process reconnect failed to v2:172.21.15.6:6800/3201344737
2023-03-03T05:03:32.945 INFO:teuthology.orchestra.run.smithi006.stdout:/usr/bin/ceph: stderr
2023-03-03T05:03:26.329+0000 7f3a27fff700 1 --2- 172.21.15.6:0/1906475642 >> [v2:172.21.15.6:6800/3201344737,v1:172.21.15.6:6801/3201344737] conn(0x7f3a18037200 0x7f3a180396b0 unknown :-1 s=START_CONNECT pgs=0 cs=0 l=1 rev1=0 crypto rx=0 tx=0 comp rx=0 tx=0)._fault waiting 0.800000
2023-03-03T05:03:32.945 INFO:teuthology.orchestra.run.smithi006.stdout:/usr/bin/ceph: stderr
2023-03-03T05:03:27.130+0000 7f3a27fff700 1 -- 172.21.15.6:0/1906475642 >> [v2:172.21.15.6:6800/3201344737,v1:172.21.15.6:6801/3201344737] conn(0x7f3a18037200 msgr2=0x7f3a180396b0 unknown :-1 s=STATE_CONNECTING_RE l=1).process reconnect failed to v2:172.21.15.6:6800/3201344737
2023-03-03T05:03:32.945 INFO:teuthology.orchestra.run.smithi006.stdout:/usr/bin/ceph: stderr
2023-03-03T05:03:27.130+0000 7f3a27fff700 1 --2- 172.21.15.6:0/1906475642 >> [v2:172.21.15.6:6800/3201344737,v1:172.21.15.6:6801/3201344737] conn(0x7f3a18037200 0x7f3a180396b0 unknown :-1 s=START_CONNECT pgs=0 cs=0 l=1 rev1=0 crypto rx=0 tx=0 comp rx=0 tx=0)._fault waiting 1.600000
2023-03-03T05:03:32.945 INFO:teuthology.orchestra.run.smithi006.stdout:/usr/bin/ceph: stderr
2023-03-03T05:03:28.731+0000 7f3a27fff700 1 -- 172.21.15.6:0/1906475642 >> [v2:172.21.15.6:6800/3201344737,v1:172.21.15.6:6801/3201344737] conn(0x7f3a18037200 msgr2=0x7f3a180396b0 unknown :-1 s=STATE_CONNECTING_RE l=1).process reconnect failed to v2:172.21.15.6:6800/3201344737
2023-03-03T05:03:32.946 INFO:teuthology.orchestra.run.smithi006.stdout:/usr/bin/ceph: stderr
2023-03-03T05:03:28.731+0000 7f3a27fff700 1 --2- 172.21.15.6:0/1906475642 >> [v2:172.21.15.6:6800/3201344737,v1:172.21.15.6:6801/3201344737] conn(0x7f3a18037200 0x7f3a180396b0 unknown :-1 s=START_CONNECT pgs=0 cs=0 l=1 rev1=0 crypto rx=0 tx=0 comp rx=0 tx=0)._fault waiting 3.200000
2023-03-03T05:03:32.946 INFO:teuthology.orchestra.run.smithi006.stdout:/usr/bin/ceph: stderr
2023-03-03T05:03:31.546+0000 7f3a25ffb700 1 -- 172.21.15.6:0/1906475642 <== mon.0 v2:172.21.15.6:3300/0 6 ==== mgrmap(e 6) v1 ==== 43970+0+0 (secure 0 0 0) 0x7f3a1c017020 con 0x7f3a281058a0
2023-03-03T05:03:32.946 INFO:teuthology.orchestra.run.smithi006.stdout:/usr/bin/ceph: stderr
2023-03-03T05:03:31.547+0000 7f3a25ffb700 1 -- 172.21.15.6:0/1906475642 >> [v2:172.21.15.6:6800/3201344737,v1:172.21.15.6:6801/3201344737] conn(0x7f3a18037200 msgr2=0x7f3a180396b0 unknown :-1 s=STATE_CONNECTING l=1).mark_down
2023-03-03T05:03:32.946 INFO:teuthology.orchestra.run.smithi006.stdout:/usr/bin/ceph: stderr
2023-03-03T05:03:31.547+0000 7f3a25ffb700 1 --2- 172.21.15.6:0/1906475642 >> [v2:172.21.15.6:6800/3201344737,v1:172.21.15.6:6801/3201344737] conn(0x7f3a18037200 0x7f3a180396b0 unknown :-1 s=START_CONNECT pgs=0 cs=0 l=1 rev1=0 crypto rx=0 tx=0 comp rx=0 tx=0).stop
2023-03-03T05:03:32.946 INFO:teuthology.orchestra.run.smithi006.stdout:/usr/bin/ceph: stderr
2023-03-03T05:03:32.547+0000 7f3a25ffb700 1 -- 172.21.15.6:0/1906475642 <== mon.0 v2:172.21.15.6:3300/0 7 ==== mgrmap(e 7) v1 ==== 44080+0+0 (secure 0 0 0) 0x7f3a1c00f050 con 0x7f3a281058a0
2023-03-03T05:03:32.946 INFO:teuthology.orchestra.run.smithi006.stdout:/usr/bin/ceph: stderr
2023-03-03T05:03:32.548+0000 7f3a25ffb700 1 --2- 172.21.15.6:0/1906475642 >> [v2:172.21.15.6:6800/1301133559,v1:172.21.15.6:6801/1301133559] conn(0x7f3a1803a940 0x7f3a1803cd20 unknown :-1 s=NONE pgs=0 cs=0 l=1 rev1=0 crypto rx=0 tx=0 comp rx=0 tx=0).connect
2023-03-03T05:03:32.946 INFO:teuthology.orchestra.run.smithi006.stdout:/usr/bin/ceph: stderr
2023-03-03T05:03:32.548+0000 7f3a25ffb700 1 -- 172.21.15.6:0/1906475642 --> [v2:172.21.15.6:6800/1301133559,v1:172.21.15.6:6801/1301133559] -- command(tid 0: {"prefix": "get_command_descriptions"}) v1 -- 0x7f3a28109d60 con 0x7f3a1803a940
2023-03-03T05:03:32.947 INFO:teuthology.orchestra.run.smithi006.stdout:/usr/bin/ceph: stderr
2023-03-03T05:03:32.548+0000 7f3a27fff700 1 --2- 172.21.15.6:0/1906475642 >> [v2:172.21.15.6:6800/1301133559,v1:172.21.15.6:6801/1301133559] conn(0x7f3a1803a940 0x7f3a1803cd20 unknown :-1 s=BANNER_CONNECTING pgs=0 cs=0 l=1 rev1=0 crypto rx=0 tx=0 comp rx=0 tx=0)._handle_peer_banner_payload supported=3 required=0
2023-03-03T05:03:32.947 INFO:teuthology.orchestra.run.smithi006.stdout:/usr/bin/ceph: stderr
2023-03-03T05:03:32.549+0000 7f3a27fff700 1 --2- 172.21.15.6:0/1906475642 >> [v2:172.21.15.6:6800/1301133559,v1:172.21.15.6:6801/1301133559] conn(0x7f3a1803a940 0x7f3a1803cd20 secure :-1 s=READY pgs=1 cs=0 l=1 rev1=1 crypto rx=0x7f3a14003a10 tx=0x7f3a14009290 comp rx=0 tx=0).ready entity=mgr.14120 client_cookie=0 server_cookie=0 in_seq=0 out_seq=0
2023-03-03T05:03:32.947 INFO:teuthology.orchestra.run.smithi006.stdout:/usr/bin/ceph: stderr
2023-03-03T05:03:32.549+0000 7f3a25ffb700 1 -- 172.21.15.6:0/1906475642 <== mgr.14120 v2:172.21.15.6:6800/1301133559 1 ==== command_reply(tid 0: 0 ) v1 ==== 8+0+6910 (secure 0 0 0) 0x7f3a28109d60 con 0x7f3a1803a940
2023-03-03T05:03:32.947 INFO:teuthology.orchestra.run.smithi006.stdout:/usr/bin/ceph: stderr
2023-03-03T05:03:32.560+0000 7f3a2eff5700 1 -- 172.21.15.6:0/1906475642 --> [v2:172.21.15.6:6800/1301133559,v1:172.21.15.6:6801/1301133559] -- command(tid 1: {"prefix": "mgr_status"}) v1 -- 0x7f3a28199fd0 con 0x7f3a1803a940
2023-03-03T05:03:32.947 INFO:teuthology.orchestra.run.smithi006.stdout:/usr/bin/ceph: stderr
2023-03-03T05:03:32.560+0000 7f3a25ffb700 1 -- 172.21.15.6:0/1906475642 <== mgr.14120 v2:172.21.15.6:6800/1301133559 2 ==== command_reply(tid 1: 0 ) v1 ==== 8+0+51 (secure 0 0 0) 0x7f3a140181b0 con 0x7f3a1803a940
2023-03-03T05:03:32.947 INFO:teuthology.orchestra.run.smithi006.stdout:/usr/bin/ceph: stderr
2023-03-03T05:03:32.561+0000 7f3a2eff5700 1 -- 172.21.15.6:0/1906475642 >> [v2:172.21.15.6:6800/1301133559,v1:172.21.15.6:6801/1301133559] conn(0x7f3a1803a940 msgr2=0x7f3a1803cd20 secure :-1 s=STATE_CONNECTION_ESTABLISHED l=1).mark_down
2023-03-03T05:03:32.947 INFO:teuthology.orchestra.run.smithi006.stdout:/usr/bin/ceph: stderr
2023-03-03T05:03:32.561+0000 7f3a2eff5700 1 --2- 172.21.15.6:0/1906475642 >> [v2:172.21.15.6:6800/1301133559,v1:172.21.15.6:6801/1301133559] conn(0x7f3a1803a940 0x7f3a1803cd20 secure :-1 s=READY pgs=1 cs=0 l=1 rev1=1 crypto rx=0x7f3a14003a10 tx=0x7f3a14009290 comp rx=0 tx=0).stop
2023-03-03T05:03:32.947 INFO:teuthology.orchestra.run.smithi006.stdout:/usr/bin/ceph: stderr
2023-03-03T05:03:32.561+0000 7f3a2eff5700 1 -- 172.21.15.6:0/1906475642 >> [v2:172.21.15.6:3300/0,v1:172.21.15.6:6789/0] conn(0x7f3a281058a0 msgr2=0x7f3a28199950 secure :-1 s=STATE_CONNECTION_ESTABLISHED l=1).mark_down
2023-03-03T05:03:32.948 INFO:teuthology.orchestra.run.smithi006.stdout:/usr/bin/ceph: stderr
2023-03-03T05:03:32.561+0000 7f3a2eff5700 1 --2- 172.21.15.6:0/1906475642 >> [v2:172.21.15.6:3300/0,v1:172.21.15.6:6789/0] conn(0x7f3a281058a0 0x7f3a28199950 secure :-1 s=READY pgs=29 cs=0 l=1 rev1=1 crypto rx=0x7f3a1c006af0 tx=0x7f3a1c011ad0 comp rx=0 tx=0).stop
2023-03-03T05:03:32.948 INFO:teuthology.orchestra.run.smithi006.stdout:/usr/bin/ceph: stderr
2023-03-03T05:03:32.561+0000 7f3a2eff5700 1 -- 172.21.15.6:0/1906475642 shutdown_connections
2023-03-03T05:03:32.948 INFO:teuthology.orchestra.run.smithi006.stdout:/usr/bin/ceph: stderr
2023-03-03T05:03:32.561+0000 7f3a2eff5700 1 --2- 172.21.15.6:0/1906475642 >> [v2:172.21.15.6:6800/1301133559,v1:172.21.15.6:6801/1301133559] conn(0x7f3a1803a940 0x7f3a1803cd20 unknown :-1 s=CLOSED pgs=1 cs=0 l=1 rev1=1 crypto rx=0 tx=0 comp rx=0 tx=0).stop
2023-03-03T05:03:32.948 INFO:teuthology.orchestra.run.smithi006.stdout:/usr/bin/ceph: stderr
2023-03-03T05:03:32.561+0000 7f3a2eff5700 1 --2- 172.21.15.6:0/1906475642 >> [v2:172.21.15.6:3300/0,v1:172.21.15.6:6789/0] conn(0x7f3a281058a0 0x7f3a28199950 unknown :-1 s=CLOSED pgs=29 cs=0 l=1 rev1=1 crypto rx=0 tx=0 comp rx=0 tx=0).stop
2023-03-03T05:03:32.948 INFO:teuthology.orchestra.run.smithi006.stdout:/usr/bin/ceph: stderr
2023-03-03T05:03:32.561+0000 7f3a2eff5700 1 --2- 172.21.15.6:0/1906475642 >> [v2:172.21.15.6:6800/3201344737,v1:172.21.15.6:6801/3201344737] conn(0x7f3a18037200 0x7f3a180396b0 unknown :-1 s=CLOSED pgs=0 cs=0 l=1 rev1=0 crypto rx=0 tx=0 comp rx=0 tx=0).stop
2023-03-03T05:03:32.948 INFO:teuthology.orchestra.run.smithi006.stdout:/usr/bin/ceph: stderr
2023-03-03T05:03:32.561+0000 7f3a2eff5700 1 -- 172.21.15.6:0/1906475642 >> 172.21.15.6:0/1906475642 conn(0x7f3a28100f00 msgr2=0x7f3a28101e50 unknown :-1 s=STATE_NONE l=0).mark_down
2023-03-03T05:03:32.948 INFO:teuthology.orchestra.run.smithi006.stdout:/usr/bin/ceph: stderr
2023-03-03T05:03:32.561+0000 7f3a2eff5700 1 -- 172.21.15.6:0/1906475642 shutdown_connections
2023-03-03T05:03:32.949 INFO:teuthology.orchestra.run.smithi006.stdout:/usr/bin/ceph: stderr
2023-03-03T05:03:32.561+0000 7f3a2eff5700 1 -- 172.21.15.6:0/1906475642 wait complete.
2023-03-03T05:03:32.949 INFO:teuthology.orchestra.run.smithi006.stdout:mgr epoch 5 is available
2023-03-03T05:03:32.949 INFO:teuthology.orchestra.run.smithi006.stdout:Setting orchestrator backend to cephadm...
2023-03-03T05:03:33.875 INFO:journalctl@ceph.mon.a.smithi006.stdout:Mar 03 05:03:33 smithi006 ceph-mon[93085]: from='client.14124 -' entity='client.admin' cmd=[{"prefix": "get_command_descriptions"}]: dispatch
2023-03-03T05:03:33.876 INFO:journalctl@ceph.mon.a.smithi006.stdout:Mar 03 05:03:33 smithi006 ceph-mon[93085]: mgrmap e7: x(active, since 1.05601s)
2023-03-03T05:03:33.876 INFO:journalctl@ceph.mon.a.smithi006.stdout:Mar 03 05:03:33 smithi006 ceph-mon[93085]: from='client.14124 -' entity='client.admin' cmd=[{"prefix": "mgr_status"}]: dispatch
2023-03-03T05:03:33.876 INFO:journalctl@ceph.mon.a.smithi006.stdout:Mar 03 05:03:33 smithi006 ceph-mon[93085]: [03/Mar/2023:05:03:33] ENGINE Bus STARTING
2023-03-03T05:03:33.877 INFO:journalctl@ceph.mon.a.smithi006.stdout:Mar 03 05:03:33 smithi006 ceph-mon[93085]: [03/Mar/2023:05:03:33] ENGINE Serving on https://172.21.15.6:7150
2023-03-03T05:03:33.877 INFO:journalctl@ceph.mon.a.smithi006.stdout:Mar 03 05:03:33 smithi006 ceph-mon[93085]: [03/Mar/2023:05:03:33] ENGINE Serving on http://172.21.15.6:8765
2023-03-03T05:03:33.877 INFO:journalctl@ceph.mon.a.smithi006.stdout:Mar 03 05:03:33 smithi006 ceph-mon[93085]: [03/Mar/2023:05:03:33] ENGINE Bus STARTED
2023-03-03T05:03:33.877 INFO:journalctl@ceph.mon.a.smithi006.stdout:Mar 03 05:03:33 smithi006 ceph-mon[93085]: from='mgr.14120 172.21.15.6:0/1466987164' entity='mgr.x' cmd=[{"prefix": "config dump", "format": "json"}]: dispatch
2023-03-03T05:03:34.290 INFO:teuthology.orchestra.run.smithi006.stdout:/usr/bin/ceph: stderr
2023-03-03T05:03:33.446+0000 7fe9a8b0b700 1 Processor -- start
2023-03-03T05:03:34.290 INFO:teuthology.orchestra.run.smithi006.stdout:/usr/bin/ceph: stderr
2023-03-03T05:03:33.446+0000 7fe9a8b0b700 1 -- start start
2023-03-03T05:03:34.290 INFO:teuthology.orchestra.run.smithi006.stdout:/usr/bin/ceph: stderr
2023-03-03T05:03:33.447+0000 7fe9a8b0b700 1 --2- >> [v2:172.21.15.6:3300/0,v1:172.21.15.6:6789/0] conn(0x7fe9a41063e0 0x7fe9a41087c0 unknown :-1 s=NONE pgs=0 cs=0 l=0 rev1=0 crypto rx=0 tx=0 comp rx=0 tx=0).connect
2023-03-03T05:03:34.291 INFO:teuthology.orchestra.run.smithi006.stdout:/usr/bin/ceph: stderr
2023-03-03T05:03:33.447+0000 7fe9a8b0b700 1 -- --> [v2:172.21.15.6:3300/0,v1:172.21.15.6:6789/0] -- mon_getmap magic: 0 v1 -- 0x7fe9a4079d00 con 0x7fe9a41063e0
2023-03-03T05:03:34.291 INFO:teuthology.orchestra.run.smithi006.stdout:/usr/bin/ceph: stderr
2023-03-03T05:03:33.447+0000 7fe9a259c700 1 --2- >> [v2:172.21.15.6:3300/0,v1:172.21.15.6:6789/0] conn(0x7fe9a41063e0 0x7fe9a41087c0 unknown :-1 s=BANNER_CONNECTING pgs=0 cs=0 l=0 rev1=0 crypto rx=0 tx=0 comp rx=0 tx=0)._handle_peer_banner_payload supported=3 required=0
2023-03-03T05:03:34.291 INFO:teuthology.orchestra.run.smithi006.stdout:/usr/bin/ceph: stderr
2023-03-03T05:03:33.447+0000 7fe9a259c700 1 --2- >> [v2:172.21.15.6:3300/0,v1:172.21.15.6:6789/0] conn(0x7fe9a41063e0 0x7fe9a41087c0 unknown :-1 s=HELLO_CONNECTING pgs=0 cs=0 l=0 rev1=1 crypto rx=0 tx=0 comp rx=0 tx=0).handle_hello peer v2:172.21.15.6:3300/0 says I am v2:172.21.15.6:55286/0 (socket says 172.21.15.6:55286)
2023-03-03T05:03:34.291 INFO:teuthology.orchestra.run.smithi006.stdout:/usr/bin/ceph: stderr
2023-03-03T05:03:33.447+0000 7fe9a259c700 1 -- 172.21.15.6:0/2058521759 learned_addr learned my addr 172.21.15.6:0/2058521759 (peer_addr_for_me v2:172.21.15.6:0/0)
2023-03-03T05:03:34.291 INFO:teuthology.orchestra.run.smithi006.stdout:/usr/bin/ceph: stderr
2023-03-03T05:03:33.447+0000 7fe9a259c700 1 -- 172.21.15.6:0/2058521759 --> [v2:172.21.15.6:3300/0,v1:172.21.15.6:6789/0] -- mon_subscribe({config=0+,monmap=0+}) v3 -- 0x7fe9a4079e40 con 0x7fe9a41063e0
2023-03-03T05:03:34.291 INFO:teuthology.orchestra.run.smithi006.stdout:/usr/bin/ceph: stderr
2023-03-03T05:03:33.447+0000 7fe9a259c700 1 --2- 172.21.15.6:0/2058521759 >> [v2:172.21.15.6:3300/0,v1:172.21.15.6:6789/0] conn(0x7fe9a41063e0 0x7fe9a41087c0 secure :-1 s=READY pgs=37 cs=0 l=1 rev1=1 crypto rx=0x7fe9940098a0 tx=0x7fe994009bb0 comp rx=0 tx=0).ready entity=mon.0 client_cookie=c7a1b67bf523911b server_cookie=0 in_seq=0 out_seq=0
2023-03-03T05:03:34.291 INFO:teuthology.orchestra.run.smithi006.stdout:/usr/bin/ceph: stderr
2023-03-03T05:03:33.447+0000 7fe9a159a700 1 -- 172.21.15.6:0/2058521759 <== mon.0 v2:172.21.15.6:3300/0 1 ==== mon_map magic: 0 v1 ==== 205+0+0 (secure 0 0 0) 0x7fe994004160 con 0x7fe9a41063e0
2023-03-03T05:03:34.292 INFO:teuthology.orchestra.run.smithi006.stdout:/usr/bin/ceph: stderr
2023-03-03T05:03:33.447+0000 7fe9a159a700 1 -- 172.21.15.6:0/2058521759 <== mon.0 v2:172.21.15.6:3300/0 2 ==== config(26 keys) v1 ==== 1074+0+0 (secure 0 0 0) 0x7fe9940042c0 con 0x7fe9a41063e0
2023-03-03T05:03:34.292 INFO:teuthology.orchestra.run.smithi006.stdout:/usr/bin/ceph: stderr
2023-03-03T05:03:33.448+0000 7fe9a159a700 1 -- 172.21.15.6:0/2058521759 <== mon.0 v2:172.21.15.6:3300/0 3 ==== mon_map magic: 0 v1 ==== 205+0+0 (secure 0 0 0) 0x7fe994011a00 con 0x7fe9a41063e0
2023-03-03T05:03:34.292 INFO:teuthology.orchestra.run.smithi006.stdout:/usr/bin/ceph: stderr
2023-03-03T05:03:33.448+0000 7fe9a8b0b700 1 -- 172.21.15.6:0/2058521759 >> [v2:172.21.15.6:3300/0,v1:172.21.15.6:6789/0] conn(0x7fe9a41063e0 msgr2=0x7fe9a41087c0 secure :-1 s=STATE_CONNECTION_ESTABLISHED l=1).mark_down
2023-03-03T05:03:34.292 INFO:teuthology.orchestra.run.smithi006.stdout:/usr/bin/ceph: stderr
2023-03-03T05:03:33.448+0000 7fe9a8b0b700 1 --2- 172.21.15.6:0/2058521759 >> [v2:172.21.15.6:3300/0,v1:172.21.15.6:6789/0] conn(0x7fe9a41063e0 0x7fe9a41087c0 secure :-1 s=READY pgs=37 cs=0 l=1 rev1=1 crypto rx=0x7fe9940098a0 tx=0x7fe994009bb0 comp rx=0 tx=0).stop
2023-03-03T05:03:34.292 INFO:teuthology.orchestra.run.smithi006.stdout:/usr/bin/ceph: stderr
2023-03-03T05:03:33.448+0000 7fe9a8b0b700 1 -- 172.21.15.6:0/2058521759 shutdown_connections
2023-03-03T05:03:34.292 INFO:teuthology.orchestra.run.smithi006.stdout:/usr/bin/ceph: stderr
2023-03-03T05:03:33.448+0000 7fe9a8b0b700 1 --2- 172.21.15.6:0/2058521759 >> [v2:172.21.15.6:3300/0,v1:172.21.15.6:6789/0] conn(0x7fe9a41063e0 0x7fe9a41087c0 unknown :-1 s=CLOSED pgs=37 cs=0 l=1 rev1=1 crypto rx=0 tx=0 comp rx=0 tx=0).stop
2023-03-03T05:03:34.292 INFO:teuthology.orchestra.run.smithi006.stdout:/usr/bin/ceph: stderr
2023-03-03T05:03:33.448+0000 7fe9a8b0b700 1 -- 172.21.15.6:0/2058521759 >> 172.21.15.6:0/2058521759 conn(0x7fe9a40ffde0 msgr2=0x7fe9a41021f0 unknown :-1 s=STATE_NONE l=0).mark_down
2023-03-03T05:03:34.293 INFO:teuthology.orchestra.run.smithi006.stdout:/usr/bin/ceph: stderr
2023-03-03T05:03:33.448+0000 7fe9a8b0b700 1 -- 172.21.15.6:0/2058521759 shutdown_connections
2023-03-03T05:03:34.293 INFO:teuthology.orchestra.run.smithi006.stdout:/usr/bin/ceph: stderr
2023-03-03T05:03:33.448+0000 7fe9a8b0b700 1 -- 172.21.15.6:0/2058521759 wait complete.
2023-03-03T05:03:34.293 INFO:teuthology.orchestra.run.smithi006.stdout:/usr/bin/ceph: stderr
2023-03-03T05:03:33.449+0000 7fe9a8b0b700 1 Processor -- start
2023-03-03T05:03:34.293 INFO:teuthology.orchestra.run.smithi006.stdout:/usr/bin/ceph: stderr
2023-03-03T05:03:33.449+0000 7fe9a8b0b700 1 -- start start
2023-03-03T05:03:34.293 INFO:teuthology.orchestra.run.smithi006.stdout:/usr/bin/ceph: stderr
2023-03-03T05:03:33.449+0000 7fe9a8b0b700 1 --2- >> [v2:172.21.15.6:3300/0,v1:172.21.15.6:6789/0] conn(0x7fe9a41063e0 0x7fe9a4105d50 unknown :-1 s=NONE pgs=0 cs=0 l=1 rev1=0 crypto rx=0 tx=0 comp rx=0 tx=0).connect
2023-03-03T05:03:34.293 INFO:teuthology.orchestra.run.smithi006.stdout:/usr/bin/ceph: stderr
2023-03-03T05:03:33.449+0000 7fe9a8b0b700 1 -- --> [v2:172.21.15.6:3300/0,v1:172.21.15.6:6789/0] -- mon_getmap magic: 0 v1 -- 0x7fe9a4106290 con 0x7fe9a41063e0
2023-03-03T05:03:34.293 INFO:teuthology.orchestra.run.smithi006.stdout:/usr/bin/ceph: stderr
2023-03-03T05:03:33.449+0000 7fe9a259c700 1 --2- >> [v2:172.21.15.6:3300/0,v1:172.21.15.6:6789/0] conn(0x7fe9a41063e0 0x7fe9a4105d50 unknown :-1 s=BANNER_CONNECTING pgs=0 cs=0 l=1 rev1=0 crypto rx=0 tx=0 comp rx=0 tx=0)._handle_peer_banner_payload supported=3 required=0
2023-03-03T05:03:34.294 INFO:teuthology.orchestra.run.smithi006.stdout:/usr/bin/ceph: stderr
2023-03-03T05:03:33.449+0000 7fe9a259c700 1 --2- >> [v2:172.21.15.6:3300/0,v1:172.21.15.6:6789/0] conn(0x7fe9a41063e0 0x7fe9a4105d50 unknown :-1 s=HELLO_CONNECTING pgs=0 cs=0 l=1 rev1=1 crypto rx=0 tx=0 comp rx=0 tx=0).handle_hello peer v2:172.21.15.6:3300/0 says I am v2:172.21.15.6:55288/0 (socket says 172.21.15.6:55288)
2023-03-03T05:03:34.294 INFO:teuthology.orchestra.run.smithi006.stdout:/usr/bin/ceph: stderr
2023-03-03T05:03:33.449+0000 7fe9a259c700 1 -- 172.21.15.6:0/2574996583 learned_addr learned my addr 172.21.15.6:0/2574996583 (peer_addr_for_me v2:172.21.15.6:0/0)
2023-03-03T05:03:34.294 INFO:teuthology.orchestra.run.smithi006.stdout:/usr/bin/ceph: stderr
2023-03-03T05:03:33.449+0000 7fe9a259c700 1 -- 172.21.15.6:0/2574996583 --> [v2:172.21.15.6:3300/0,v1:172.21.15.6:6789/0] -- mon_subscribe({config=0+,monmap=0+}) v3 -- 0x7fe994009550 con 0x7fe9a41063e0
2023-03-03T05:03:34.294 INFO:teuthology.orchestra.run.smithi006.stdout:/usr/bin/ceph: stderr
2023-03-03T05:03:33.450+0000 7fe9a259c700 1 --2- 172.21.15.6:0/2574996583 >> [v2:172.21.15.6:3300/0,v1:172.21.15.6:6789/0] conn(0x7fe9a41063e0 0x7fe9a4105d50 secure :-1 s=READY pgs=38 cs=0 l=1 rev1=1 crypto rx=0x7fe994009fb0 tx=0x7fe994011ad0 comp rx=0 tx=0).ready entity=mon.0 client_cookie=0 server_cookie=0 in_seq=0 out_seq=0
2023-03-03T05:03:34.294 INFO:teuthology.orchestra.run.smithi006.stdout:/usr/bin/ceph: stderr
2023-03-03T05:03:33.450+0000 7fe9937fe700 1 -- 172.21.15.6:0/2574996583 <== mon.0 v2:172.21.15.6:3300/0 1 ==== mon_map magic: 0 v1 ==== 205+0+0 (secure 0 0 0) 0x7fe994003930 con 0x7fe9a41063e0
2023-03-03T05:03:34.294 INFO:teuthology.orchestra.run.smithi006.stdout:/usr/bin/ceph: stderr
2023-03-03T05:03:33.450+0000 7fe9937fe700 1 -- 172.21.15.6:0/2574996583 <== mon.0 v2:172.21.15.6:3300/0 2 ==== config(26 keys) v1 ==== 1074+0+0 (secure 0 0 0) 0x7fe994003a90 con 0x7fe9a41063e0
2023-03-03T05:03:34.294 INFO:teuthology.orchestra.run.smithi006.stdout:/usr/bin/ceph: stderr
2023-03-03T05:03:33.450+0000 7fe9a8b0b700 1 -- 172.21.15.6:0/2574996583 --> [v2:172.21.15.6:3300/0,v1:172.21.15.6:6789/0] -- mon_subscribe({mgrmap=0+}) v3 -- 0x7fe9a4109b00 con 0x7fe9a41063e0
2023-03-03T05:03:34.295 INFO:teuthology.orchestra.run.smithi006.stdout:/usr/bin/ceph: stderr
2023-03-03T05:03:33.450+0000 7fe9937fe700 1 -- 172.21.15.6:0/2574996583 <== mon.0 v2:172.21.15.6:3300/0 3 ==== mon_map magic: 0 v1 ==== 205+0+0 (secure 0 0 0) 0x7fe9940195e0 con 0x7fe9a41063e0
2023-03-03T05:03:34.295 INFO:teuthology.orchestra.run.smithi006.stdout:/usr/bin/ceph: stderr
2023-03-03T05:03:33.450+0000 7fe9a8b0b700 1 -- 172.21.15.6:0/2574996583 --> [v2:172.21.15.6:3300/0,v1:172.21.15.6:6789/0] -- mon_subscribe({osdmap=0}) v3 -- 0x7fe9a4109970 con 0x7fe9a41063e0
2023-03-03T05:03:34.295 INFO:teuthology.orchestra.run.smithi006.stdout:/usr/bin/ceph: stderr
2023-03-03T05:03:33.451+0000 7fe9937fe700 1 -- 172.21.15.6:0/2574996583 <== mon.0 v2:172.21.15.6:3300/0 4 ==== mgrmap(e 7) v1 ==== 44080+0+0 (secure 0 0 0) 0x7fe99402a020 con 0x7fe9a41063e0
2023-03-03T05:03:34.295 INFO:teuthology.orchestra.run.smithi006.stdout:/usr/bin/ceph: stderr
2023-03-03T05:03:33.451+0000 7fe9937fe700 1 --2- 172.21.15.6:0/2574996583 >> [v2:172.21.15.6:6800/1301133559,v1:172.21.15.6:6801/1301133559] conn(0x7fe98c0371e0 0x7fe98c039690 unknown :-1 s=NONE pgs=0 cs=0 l=1 rev1=0 crypto rx=0 tx=0 comp rx=0 tx=0).connect
2023-03-03T05:03:34.295 INFO:teuthology.orchestra.run.smithi006.stdout:/usr/bin/ceph: stderr
2023-03-03T05:03:33.451+0000 7fe9937fe700 1 -- 172.21.15.6:0/2574996583 <== mon.0 v2:172.21.15.6:3300/0 5 ==== osd_map(2..2 src has 1..2) v4 ==== 940+0+0 (secure 0 0 0) 0x7fe99404a930 con 0x7fe9a41063e0
2023-03-03T05:03:34.295 INFO:teuthology.orchestra.run.smithi006.stdout:/usr/bin/ceph: stderr
2023-03-03T05:03:33.451+0000 7fe9a8b0b700 1 -- 172.21.15.6:0/2574996583 --> [v2:172.21.15.6:3300/0,v1:172.21.15.6:6789/0] -- mon_command({"prefix": "get_command_descriptions"} v 0) v1 -- 0x7fe9a4061f40 con 0x7fe9a41063e0
2023-03-03T05:03:34.295 INFO:teuthology.orchestra.run.smithi006.stdout:/usr/bin/ceph: stderr
2023-03-03T05:03:33.451+0000 7fe9a1d9b700 1 --2- 172.21.15.6:0/2574996583 >> [v2:172.21.15.6:6800/1301133559,v1:172.21.15.6:6801/1301133559] conn(0x7fe98c0371e0 0x7fe98c039690 unknown :-1 s=BANNER_CONNECTING pgs=0 cs=0 l=1 rev1=0 crypto rx=0 tx=0 comp rx=0 tx=0)._handle_peer_banner_payload supported=3 required=0
2023-03-03T05:03:34.295 INFO:teuthology.orchestra.run.smithi006.stdout:/usr/bin/ceph: stderr
2023-03-03T05:03:33.452+0000 7fe9a1d9b700 1 --2- 172.21.15.6:0/2574996583 >> [v2:172.21.15.6:6800/1301133559,v1:172.21.15.6:6801/1301133559] conn(0x7fe98c0371e0 0x7fe98c039690 secure :-1 s=READY pgs=7 cs=0 l=1 rev1=1 crypto rx=0x7fe998006fd0 tx=0x7fe998006e40 comp rx=0 tx=0).ready entity=mgr.14120 client_cookie=0 server_cookie=0 in_seq=0 out_seq=0
2023-03-03T05:03:34.296 INFO:teuthology.orchestra.run.smithi006.stdout:/usr/bin/ceph: stderr
2023-03-03T05:03:33.456+0000 7fe9937fe700 1 -- 172.21.15.6:0/2574996583 <== mon.0 v2:172.21.15.6:3300/0 6 ==== mon_command_ack([{"prefix": "get_command_descriptions"}]=0 v0) v1 ==== 72+0+174632 (secure 0 0 0) 0x7fe99402d440 con 0x7fe9a41063e0
2023-03-03T05:03:34.296 INFO:teuthology.orchestra.run.smithi006.stdout:/usr/bin/ceph: stderr
2023-03-03T05:03:33.551+0000 7fe9937fe700 1 -- 172.21.15.6:0/2574996583 <== mon.0 v2:172.21.15.6:3300/0 7 ==== mgrmap(e 8) v1 ==== 44160+0+0 (secure 0 0 0) 0x7fe994017020 con 0x7fe9a41063e0
2023-03-03T05:03:34.296 INFO:teuthology.orchestra.run.smithi006.stdout:/usr/bin/ceph: stderr
2023-03-03T05:03:33.837+0000 7fe9a8b0b700 1 -- 172.21.15.6:0/2574996583 --> [v2:172.21.15.6:6800/1301133559,v1:172.21.15.6:6801/1301133559] -- mgr_command(tid 0: {"prefix": "orch set backend", "module_name": "cephadm", "target": ["mon-mgr", ""]}) v1 -- 0x7fe9a4074360 con 0x7fe98c0371e0
2023-03-03T05:03:34.296 INFO:teuthology.orchestra.run.smithi006.stdout:/usr/bin/ceph: stderr
2023-03-03T05:03:33.844+0000 7fe9937fe700 1 -- 172.21.15.6:0/2574996583 <== mgr.14120 v2:172.21.15.6:6800/1301133559 1 ==== mgr_command_reply(tid 0: 0 ) v1 ==== 8+0+0 (secure 0 0 0) 0x7fe9a4074360 con 0x7fe98c0371e0
2023-03-03T05:03:34.296 INFO:teuthology.orchestra.run.smithi006.stdout:/usr/bin/ceph: stderr
2023-03-03T05:03:33.846+0000 7fe9a8b0b700 1 -- 172.21.15.6:0/2574996583 >> [v2:172.21.15.6:6800/1301133559,v1:172.21.15.6:6801/1301133559] conn(0x7fe98c0371e0 msgr2=0x7fe98c039690 secure :-1 s=STATE_CONNECTION_ESTABLISHED l=1).mark_down
2023-03-03T05:03:34.296 INFO:teuthology.orchestra.run.smithi006.stdout:/usr/bin/ceph: stderr
2023-03-03T05:03:33.846+0000 7fe9a8b0b700 1 --2- 172.21.15.6:0/2574996583 >> [v2:172.21.15.6:6800/1301133559,v1:172.21.15.6:6801/1301133559] conn(0x7fe98c0371e0 0x7fe98c039690 secure :-1 s=READY pgs=7 cs=0 l=1 rev1=1 crypto rx=0x7fe998006fd0 tx=0x7fe998006e40 comp rx=0 tx=0).stop
2023-03-03T05:03:34.296 INFO:teuthology.orchestra.run.smithi006.stdout:/usr/bin/ceph: stderr
2023-03-03T05:03:33.846+0000 7fe9a8b0b700 1 -- 172.21.15.6:0/2574996583 >> [v2:172.21.15.6:3300/0,v1:172.21.15.6:6789/0] conn(0x7fe9a41063e0 msgr2=0x7fe9a4105d50 secure :-1 s=STATE_CONNECTION_ESTABLISHED l=1).mark_down
2023-03-03T05:03:34.297 INFO:teuthology.orchestra.run.smithi006.stdout:/usr/bin/ceph: stderr
2023-03-03T05:03:33.846+0000 7fe9a8b0b700 1 --2- 172.21.15.6:0/2574996583 >> [v2:172.21.15.6:3300/0,v1:172.21.15.6:6789/0] conn(0x7fe9a41063e0 0x7fe9a4105d50 secure :-1 s=READY pgs=38 cs=0 l=1 rev1=1 crypto rx=0x7fe994009fb0 tx=0x7fe994011ad0 comp rx=0 tx=0).stop
2023-03-03T05:03:34.297 INFO:teuthology.orchestra.run.smithi006.stdout:/usr/bin/ceph: stderr
2023-03-03T05:03:33.847+0000 7fe9a8b0b700 1 -- 172.21.15.6:0/2574996583 shutdown_connections
2023-03-03T05:03:34.297 INFO:teuthology.orchestra.run.smithi006.stdout:/usr/bin/ceph: stderr
2023-03-03T05:03:33.847+0000 7fe9a8b0b700 1 --2- 172.21.15.6:0/2574996583 >> [v2:172.21.15.6:6800/1301133559,v1:172.21.15.6:6801/1301133559] conn(0x7fe98c0371e0 0x7fe98c039690 unknown :-1 s=CLOSED pgs=7 cs=0 l=1 rev1=1 crypto rx=0 tx=0 comp rx=0 tx=0).stop
2023-03-03T05:03:34.297 INFO:teuthology.orchestra.run.smithi006.stdout:/usr/bin/ceph: stderr
2023-03-03T05:03:33.847+0000 7fe9a8b0b700 1 --2- 172.21.15.6:0/2574996583 >> [v2:172.21.15.6:3300/0,v1:172.21.15.6:6789/0] conn(0x7fe9a41063e0 0x7fe9a4105d50 unknown :-1 s=CLOSED pgs=38 cs=0 l=1 rev1=1 crypto rx=0 tx=0 comp rx=0 tx=0).stop
2023-03-03T05:03:34.297 INFO:teuthology.orchestra.run.smithi006.stdout:/usr/bin/ceph: stderr
2023-03-03T05:03:33.847+0000 7fe9a8b0b700 1 -- 172.21.15.6:0/2574996583 >> 172.21.15.6:0/2574996583 conn(0x7fe9a40ffde0 msgr2=0x7fe9a4100c00 unknown :-1 s=STATE_NONE l=0).mark_down
2023-03-03T05:03:34.297 INFO:teuthology.orchestra.run.smithi006.stdout:/usr/bin/ceph: stderr
2023-03-03T05:03:33.847+0000 7fe9a8b0b700 1 -- 172.21.15.6:0/2574996583 shutdown_connections
2023-03-03T05:03:34.298 INFO:teuthology.orchestra.run.smithi006.stdout:/usr/bin/ceph: stderr
2023-03-03T05:03:33.847+0000 7fe9a8b0b700 1 -- 172.21.15.6:0/2574996583 wait complete.
2023-03-03T05:03:34.898 INFO:journalctl@ceph.mon.a.smithi006.stdout:Mar 03 05:03:34 smithi006 ceph-mon[93085]: mgrmap e8: x(active, since 2s)
2023-03-03T05:03:34.899 INFO:journalctl@ceph.mon.a.smithi006.stdout:Mar 03 05:03:34 smithi006 ceph-mon[93085]: from='client.14132 -' entity='client.admin' cmd=[{"prefix": "orch set backend", "module_name": "cephadm", "target": ["mon-mgr", ""]}]: dispatch
2023-03-03T05:03:34.899 INFO:journalctl@ceph.mon.a.smithi006.stdout:Mar 03 05:03:34 smithi006 ceph-mon[93085]: from='mgr.14120 172.21.15.6:0/1466987164' entity='mgr.x'
2023-03-03T05:03:34.899 INFO:journalctl@ceph.mon.a.smithi006.stdout:Mar 03 05:03:34 smithi006 ceph-mon[93085]: from='mgr.14120 172.21.15.6:0/1466987164' entity='mgr.x' cmd=[{"prefix": "config dump", "format": "json"}]: dispatch
2023-03-03T05:03:35.635 INFO:teuthology.orchestra.run.smithi006.stdout:/usr/bin/ceph: stdout value unchanged
2023-03-03T05:03:35.635 INFO:teuthology.orchestra.run.smithi006.stdout:/usr/bin/ceph: stderr
2023-03-03T05:03:34.807+0000 7f6b2ef45700 1 Processor -- start
2023-03-03T05:03:35.635 INFO:teuthology.orchestra.run.smithi006.stdout:/usr/bin/ceph: stderr
2023-03-03T05:03:34.807+0000 7f6b2ef45700 1 -- start start
2023-03-03T05:03:35.635 INFO:teuthology.orchestra.run.smithi006.stdout:/usr/bin/ceph: stderr
2023-03-03T05:03:34.807+0000 7f6b2ef45700 1 --2- >> [v2:172.21.15.6:3300/0,v1:172.21.15.6:6789/0] conn(0x7f6b28105880 0x7f6b28105c90 unknown :-1 s=NONE pgs=0 cs=0 l=0 rev1=0 crypto rx=0 tx=0 comp rx=0 tx=0).connect
2023-03-03T05:03:35.636 INFO:teuthology.orchestra.run.smithi006.stdout:/usr/bin/ceph: stderr
2023-03-03T05:03:34.807+0000 7f6b2ef45700 1 -- --> [v2:172.21.15.6:3300/0,v1:172.21.15.6:6789/0] -- mon_getmap magic: 0 v1 -- 0x7f6b281061d0 con 0x7f6b28105880
2023-03-03T05:03:35.636 INFO:teuthology.orchestra.run.smithi006.stdout:/usr/bin/ceph: stderr
2023-03-03T05:03:34.808+0000 7f6b2cce1700 1 --2- >> [v2:172.21.15.6:3300/0,v1:172.21.15.6:6789/0] conn(0x7f6b28105880 0x7f6b28105c90 unknown :-1 s=BANNER_CONNECTING pgs=0 cs=0 l=0 rev1=0 crypto rx=0 tx=0 comp rx=0 tx=0)._handle_peer_banner_payload supported=3 required=0
2023-03-03T05:03:35.636 INFO:teuthology.orchestra.run.smithi006.stdout:/usr/bin/ceph: stderr
2023-03-03T05:03:34.808+0000 7f6b2cce1700 1 --2- >> [v2:172.21.15.6:3300/0,v1:172.21.15.6:6789/0] conn(0x7f6b28105880 0x7f6b28105c90 unknown :-1 s=HELLO_CONNECTING pgs=0 cs=0 l=0 rev1=1 crypto rx=0 tx=0 comp rx=0 tx=0).handle_hello peer v2:172.21.15.6:3300/0 says I am v2:172.21.15.6:55292/0 (socket says 172.21.15.6:55292)
2023-03-03T05:03:35.636 INFO:teuthology.orchestra.run.smithi006.stdout:/usr/bin/ceph: stderr
2023-03-03T05:03:34.808+0000 7f6b2cce1700 1 -- 172.21.15.6:0/702476816 learned_addr learned my addr 172.21.15.6:0/702476816 (peer_addr_for_me v2:172.21.15.6:0/0)
2023-03-03T05:03:35.636 INFO:teuthology.orchestra.run.smithi006.stdout:/usr/bin/ceph: stderr
2023-03-03T05:03:34.808+0000 7f6b2cce1700 1 -- 172.21.15.6:0/702476816 --> [v2:172.21.15.6:3300/0,v1:172.21.15.6:6789/0] -- mon_subscribe({config=0+,monmap=0+}) v3 -- 0x7f6b28106310 con 0x7f6b28105880
2023-03-03T05:03:35.636 INFO:teuthology.orchestra.run.smithi006.stdout:/usr/bin/ceph: stderr
2023-03-03T05:03:34.808+0000 7f6b2cce1700 1 --2- 172.21.15.6:0/702476816 >> [v2:172.21.15.6:3300/0,v1:172.21.15.6:6789/0] conn(0x7f6b28105880 0x7f6b28105c90 secure :-1 s=READY pgs=39 cs=0 l=1 rev1=1 crypto rx=0x7f6b1c0098a0 tx=0x7f6b1c009bb0 comp rx=0 tx=0).ready entity=mon.0 client_cookie=edbf52da20b74705 server_cookie=0 in_seq=0 out_seq=0
2023-03-03T05:03:35.636 INFO:teuthology.orchestra.run.smithi006.stdout:/usr/bin/ceph: stderr
2023-03-03T05:03:34.808+0000 7f6b277fe700 1 -- 172.21.15.6:0/702476816 <== mon.0 v2:172.21.15.6:3300/0 1 ==== mon_map magic: 0 v1 ==== 205+0+0 (secure 0 0 0) 0x7f6b1c004160 con 0x7f6b28105880
2023-03-03T05:03:35.637 INFO:teuthology.orchestra.run.smithi006.stdout:/usr/bin/ceph: stderr
2023-03-03T05:03:34.808+0000 7f6b277fe700 1 -- 172.21.15.6:0/702476816 <== mon.0 v2:172.21.15.6:3300/0 2 ==== config(26 keys) v1 ==== 1074+0+0 (secure 0 0 0) 0x7f6b1c0042c0 con 0x7f6b28105880
2023-03-03T05:03:35.637 INFO:teuthology.orchestra.run.smithi006.stdout:/usr/bin/ceph: stderr
2023-03-03T05:03:34.808+0000 7f6b277fe700 1 -- 172.21.15.6:0/702476816 <== mon.0 v2:172.21.15.6:3300/0 3 ==== mon_map magic: 0 v1 ==== 205+0+0 (secure 0 0 0) 0x7f6b1c011a00 con 0x7f6b28105880
2023-03-03T05:03:35.637 INFO:teuthology.orchestra.run.smithi006.stdout:/usr/bin/ceph: stderr
2023-03-03T05:03:34.809+0000 7f6b2ef45700 1 -- 172.21.15.6:0/702476816 >> [v2:172.21.15.6:3300/0,v1:172.21.15.6:6789/0] conn(0x7f6b28105880 msgr2=0x7f6b28105c90 secure :-1 s=STATE_CONNECTION_ESTABLISHED l=1).mark_down
2023-03-03T05:03:35.637 INFO:teuthology.orchestra.run.smithi006.stdout:/usr/bin/ceph: stderr
2023-03-03T05:03:34.809+0000 7f6b2ef45700 1 --2- 172.21.15.6:0/702476816 >> [v2:172.21.15.6:3300/0,v1:172.21.15.6:6789/0] conn(0x7f6b28105880 0x7f6b28105c90 secure :-1 s=READY pgs=39 cs=0 l=1 rev1=1 crypto rx=0x7f6b1c0098a0 tx=0x7f6b1c009bb0 comp rx=0 tx=0).stop
2023-03-03T05:03:35.637 INFO:teuthology.orchestra.run.smithi006.stdout:/usr/bin/ceph: stderr
2023-03-03T05:03:34.809+0000 7f6b2ef45700 1 -- 172.21.15.6:0/702476816 shutdown_connections
2023-03-03T05:03:35.637 INFO:teuthology.orchestra.run.smithi006.stdout:/usr/bin/ceph: stderr
2023-03-03T05:03:34.809+0000 7f6b2ef45700 1 --2- 172.21.15.6:0/702476816 >> [v2:172.21.15.6:3300/0,v1:172.21.15.6:6789/0] conn(0x7f6b28105880 0x7f6b28105c90 unknown :-1 s=CLOSED pgs=39 cs=0 l=1 rev1=1 crypto rx=0 tx=0 comp rx=0 tx=0).stop
2023-03-03T05:03:35.637 INFO:teuthology.orchestra.run.smithi006.stdout:/usr/bin/ceph: stderr
2023-03-03T05:03:34.809+0000 7f6b2ef45700 1 -- 172.21.15.6:0/702476816 >> 172.21.15.6:0/702476816 conn(0x7f6b28100ea0 msgr2=0x7f6b281032d0 unknown :-1 s=STATE_NONE l=0).mark_down
2023-03-03T05:03:35.638 INFO:teuthology.orchestra.run.smithi006.stdout:/usr/bin/ceph: stderr
2023-03-03T05:03:34.809+0000 7f6b2ef45700 1 -- 172.21.15.6:0/702476816 shutdown_connections
2023-03-03T05:03:35.638 INFO:teuthology.orchestra.run.smithi006.stdout:/usr/bin/ceph: stderr
2023-03-03T05:03:34.809+0000 7f6b2ef45700 1 -- 172.21.15.6:0/702476816 wait complete.
2023-03-03T05:03:35.638 INFO:teuthology.orchestra.run.smithi006.stdout:/usr/bin/ceph: stderr
2023-03-03T05:03:34.810+0000 7f6b2ef45700 1 Processor -- start
2023-03-03T05:03:35.638 INFO:teuthology.orchestra.run.smithi006.stdout:/usr/bin/ceph: stderr
2023-03-03T05:03:34.810+0000 7f6b2ef45700 1 -- start start
2023-03-03T05:03:35.638 INFO:teuthology.orchestra.run.smithi006.stdout:/usr/bin/ceph: stderr
2023-03-03T05:03:34.810+0000 7f6b2ef45700 1 --2- >> [v2:172.21.15.6:3300/0,v1:172.21.15.6:6789/0] conn(0x7f6b28105880 0x7f6b281998c0 unknown :-1 s=NONE pgs=0 cs=0 l=1 rev1=0 crypto rx=0 tx=0 comp rx=0 tx=0).connect
2023-03-03T05:03:35.638 INFO:teuthology.orchestra.run.smithi006.stdout:/usr/bin/ceph: stderr
2023-03-03T05:03:34.810+0000 7f6b2ef45700 1 -- --> [v2:172.21.15.6:3300/0,v1:172.21.15.6:6789/0] -- mon_getmap magic: 0 v1 -- 0x7f6b28199e00 con 0x7f6b28105880
2023-03-03T05:03:35.639 INFO:teuthology.orchestra.run.smithi006.stdout:/usr/bin/ceph: stderr
2023-03-03T05:03:34.810+0000 7f6b2cce1700 1 --2- >> [v2:172.21.15.6:3300/0,v1:172.21.15.6:6789/0] conn(0x7f6b28105880 0x7f6b281998c0 unknown :-1 s=BANNER_CONNECTING pgs=0 cs=0 l=1 rev1=0 crypto rx=0 tx=0 comp rx=0 tx=0)._handle_peer_banner_payload supported=3 required=0
2023-03-03T05:03:35.639 INFO:teuthology.orchestra.run.smithi006.stdout:/usr/bin/ceph: stderr
2023-03-03T05:03:34.810+0000 7f6b2cce1700 1 --2- >> [v2:172.21.15.6:3300/0,v1:172.21.15.6:6789/0] conn(0x7f6b28105880 0x7f6b281998c0 unknown :-1 s=HELLO_CONNECTING pgs=0 cs=0 l=1 rev1=1 crypto rx=0 tx=0 comp rx=0 tx=0).handle_hello peer v2:172.21.15.6:3300/0 says I am v2:172.21.15.6:55294/0 (socket says 172.21.15.6:55294)
2023-03-03T05:03:35.639 INFO:teuthology.orchestra.run.smithi006.stdout:/usr/bin/ceph: stderr
2023-03-03T05:03:34.810+0000 7f6b2cce1700 1 -- 172.21.15.6:0/2908958027 learned_addr learned my addr 172.21.15.6:0/2908958027 (peer_addr_for_me v2:172.21.15.6:0/0)
2023-03-03T05:03:35.639 INFO:teuthology.orchestra.run.smithi006.stdout:/usr/bin/ceph: stderr
2023-03-03T05:03:34.810+0000 7f6b2cce1700 1 -- 172.21.15.6:0/2908958027 --> [v2:172.21.15.6:3300/0,v1:172.21.15.6:6789/0] -- mon_subscribe({config=0+,monmap=0+}) v3 -- 0x7f6b1c009550 con 0x7f6b28105880
2023-03-03T05:03:35.639 INFO:teuthology.orchestra.run.smithi006.stdout:/usr/bin/ceph: stderr
2023-03-03T05:03:34.810+0000 7f6b2cce1700 1 --2- 172.21.15.6:0/2908958027 >> [v2:172.21.15.6:3300/0,v1:172.21.15.6:6789/0] conn(0x7f6b28105880 0x7f6b281998c0 secure :-1 s=READY pgs=40 cs=0 l=1 rev1=1 crypto rx=0x7f6b1c011a20 tx=0x7f6b1c011b00 comp rx=0 tx=0).ready entity=mon.0 client_cookie=0 server_cookie=0 in_seq=0 out_seq=0
2023-03-03T05:03:35.639 INFO:teuthology.orchestra.run.smithi006.stdout:/usr/bin/ceph: stderr
2023-03-03T05:03:34.811+0000 7f6b25ffb700 1 -- 172.21.15.6:0/2908958027 <== mon.0 v2:172.21.15.6:3300/0 1 ==== mon_map magic: 0 v1 ==== 205+0+0 (secure 0 0 0) 0x7f6b1c0039c0 con 0x7f6b28105880
2023-03-03T05:03:35.639 INFO:teuthology.orchestra.run.smithi006.stdout:/usr/bin/ceph: stderr
2023-03-03T05:03:34.811+0000 7f6b25ffb700 1 -- 172.21.15.6:0/2908958027 <== mon.0 v2:172.21.15.6:3300/0 2 ==== config(26 keys) v1 ==== 1074+0+0 (secure 0 0 0) 0x7f6b1c003b20 con 0x7f6b28105880
2023-03-03T05:03:35.640 INFO:teuthology.orchestra.run.smithi006.stdout:/usr/bin/ceph: stderr
2023-03-03T05:03:34.811+0000 7f6b2ef45700 1 -- 172.21.15.6:0/2908958027 --> [v2:172.21.15.6:3300/0,v1:172.21.15.6:6789/0] -- mon_subscribe({mgrmap=0+}) v3 -- 0x7f6b28107910 con 0x7f6b28105880
2023-03-03T05:03:35.640 INFO:teuthology.orchestra.run.smithi006.stdout:/usr/bin/ceph: stderr
2023-03-03T05:03:34.811+0000 7f6b25ffb700 1 -- 172.21.15.6:0/2908958027 <== mon.0 v2:172.21.15.6:3300/0 3 ==== mon_map magic: 0 v1 ==== 205+0+0 (secure 0 0 0) 0x7f6b1c01a5a0 con 0x7f6b28105880
2023-03-03T05:03:35.640 INFO:teuthology.orchestra.run.smithi006.stdout:/usr/bin/ceph: stderr
2023-03-03T05:03:34.811+0000 7f6b2ef45700 1 -- 172.21.15.6:0/2908958027 --> [v2:172.21.15.6:3300/0,v1:172.21.15.6:6789/0] -- mon_subscribe({osdmap=0}) v3 -- 0x7f6b28107780 con 0x7f6b28105880
2023-03-03T05:03:35.640 INFO:teuthology.orchestra.run.smithi006.stdout:/usr/bin/ceph: stderr
2023-03-03T05:03:34.812+0000 7f6b25ffb700 1 -- 172.21.15.6:0/2908958027 <== mon.0 v2:172.21.15.6:3300/0 4 ==== mgrmap(e 8) v1 ==== 44160+0+0 (secure 0 0 0) 0x7f6b1c017020 con 0x7f6b28105880
2023-03-03T05:03:35.641 INFO:teuthology.orchestra.run.smithi006.stdout:/usr/bin/ceph: stderr
2023-03-03T05:03:34.812+0000 7f6b25ffb700 1 --2- 172.21.15.6:0/2908958027 >> [v2:172.21.15.6:6800/1301133559,v1:172.21.15.6:6801/1301133559] conn(0x7f6b180372d0 0x7f6b18039780 unknown :-1 s=NONE pgs=0 cs=0 l=1 rev1=0 crypto rx=0 tx=0 comp rx=0 tx=0).connect
2023-03-03T05:03:35.641 INFO:teuthology.orchestra.run.smithi006.stdout:/usr/bin/ceph: stderr
2023-03-03T05:03:34.812+0000 7f6b2ef45700 1 -- 172.21.15.6:0/2908958027 --> [v2:172.21.15.6:3300/0,v1:172.21.15.6:6789/0] -- mon_command({"prefix": "get_command_descriptions"} v 0) v1 -- 0x7f6b28109d40 con 0x7f6b28105880
2023-03-03T05:03:35.641 INFO:teuthology.orchestra.run.smithi006.stdout:/usr/bin/ceph: stderr
2023-03-03T05:03:34.812+0000 7f6b25ffb700 1 -- 172.21.15.6:0/2908958027 <== mon.0 v2:172.21.15.6:3300/0 5 ==== osd_map(2..2 src has 1..2) v4 ==== 940+0+0 (secure 0 0 0) 0x7f6b1c04aae0 con 0x7f6b28105880
2023-03-03T05:03:35.641 INFO:teuthology.orchestra.run.smithi006.stdout:/usr/bin/ceph: stderr
2023-03-03T05:03:34.812+0000 7f6b27fff700 1 --2- 172.21.15.6:0/2908958027 >> [v2:172.21.15.6:6800/1301133559,v1:172.21.15.6:6801/1301133559] conn(0x7f6b180372d0 0x7f6b18039780 unknown :-1 s=BANNER_CONNECTING pgs=0 cs=0 l=1 rev1=0 crypto rx=0 tx=0 comp rx=0 tx=0)._handle_peer_banner_payload supported=3 required=0
2023-03-03T05:03:35.641 INFO:teuthology.orchestra.run.smithi006.stdout:/usr/bin/ceph: stderr
2023-03-03T05:03:34.813+0000 7f6b27fff700 1 --2- 172.21.15.6:0/2908958027 >> [v2:172.21.15.6:6800/1301133559,v1:172.21.15.6:6801/1301133559] conn(0x7f6b180372d0 0x7f6b18039780 secure :-1 s=READY pgs=8 cs=0 l=1 rev1=1 crypto rx=0x7f6b14006fd0 tx=0x7f6b14006e40 comp rx=0 tx=0).ready entity=mgr.14120 client_cookie=0 server_cookie=0 in_seq=0 out_seq=0
2023-03-03T05:03:35.641 INFO:teuthology.orchestra.run.smithi006.stdout:/usr/bin/ceph: stderr
2023-03-03T05:03:34.817+0000 7f6b25ffb700 1 -- 172.21.15.6:0/2908958027 <== mon.0 v2:172.21.15.6:3300/0 6 ==== mon_command_ack([{"prefix": "get_command_descriptions"}]=0 v0) v1 ==== 72+0+174632 (secure 0 0 0) 0x7f6b1c02d3f0 con 0x7f6b28105880
2023-03-03T05:03:35.642 INFO:teuthology.orchestra.run.smithi006.stdout:/usr/bin/ceph: stderr
2023-03-03T05:03:35.170+0000 7f6b2ef45700 1 -- 172.21.15.6:0/2908958027 --> [v2:172.21.15.6:6800/1301133559,v1:172.21.15.6:6801/1301133559] -- mgr_command(tid 0: {"prefix": "cephadm set-user", "user": "root", "target": ["mon-mgr", ""]}) v1 -- 0x7f6b2819a350 con 0x7f6b180372d0
2023-03-03T05:03:35.642 INFO:teuthology.orchestra.run.smithi006.stdout:/usr/bin/ceph: stderr
2023-03-03T05:03:35.171+0000 7f6b25ffb700 1 -- 172.21.15.6:0/2908958027 <== mgr.14120 v2:172.21.15.6:6800/1301133559 1 ==== mgr_command_reply(tid 0: 0 ) v1 ==== 8+0+16 (secure 0 0 0) 0x7f6b2819a350 con 0x7f6b180372d0
2023-03-03T05:03:35.642 INFO:teuthology.orchestra.run.smithi006.stdout:/usr/bin/ceph: stderr
