2023-03-08T15:40:12.405+0000 7feaeaffd700 1 -- 172.21.15.64:0/549065093 <== mon.0 v2:172.21.15.64:3300/0 1 ==== mon_map magic: 0 v1 ==== 205+0+0 (secure 0 0 0) 0x7feae4003c00 con 0x7feaf4104620
2023-03-08T15:40:13.225 INFO:teuthology.orchestra.run.smithi064.stdout:/usr/bin/ceph: stderr
2023-03-08T15:40:12.405+0000 7feaeaffd700 1 -- 172.21.15.64:0/549065093 <== mon.0 v2:172.21.15.64:3300/0 2 ==== config(26 keys) v1 ==== 1105+0+0 (secure 0 0 0) 0x7feae4020070 con 0x7feaf4104620
2023-03-08T15:40:13.225 INFO:teuthology.orchestra.run.smithi064.stdout:/usr/bin/ceph: stderr
2023-03-08T15:40:12.405+0000 7feafba82700 1 -- 172.21.15.64:0/549065093 --> [v2:172.21.15.64:3300/0,v1:172.21.15.64:6789/0] -- mon_subscribe({mgrmap=0+}) v3 -- 0x7feaf41066f0 con 0x7feaf4104620
2023-03-08T15:40:13.225 INFO:teuthology.orchestra.run.smithi064.stdout:/usr/bin/ceph: stderr
2023-03-08T15:40:12.405+0000 7feaeaffd700 1 -- 172.21.15.64:0/549065093 <== mon.0 v2:172.21.15.64:3300/0 3 ==== mon_map magic: 0 v1 ==== 205+0+0 (secure 0 0 0) 0x7feae401c650 con 0x7feaf4104620
2023-03-08T15:40:13.225 INFO:teuthology.orchestra.run.smithi064.stdout:/usr/bin/ceph: stderr
2023-03-08T15:40:12.405+0000 7feafba82700 1 -- 172.21.15.64:0/549065093 --> [v2:172.21.15.64:3300/0,v1:172.21.15.64:6789/0] -- mon_subscribe({osdmap=0}) v3 -- 0x7feaf4106560 con 0x7feaf4104620
2023-03-08T15:40:13.225 INFO:teuthology.orchestra.run.smithi064.stdout:/usr/bin/ceph: stderr
2023-03-08T15:40:12.406+0000 7feaeaffd700 1 -- 172.21.15.64:0/549065093 <== mon.0 v2:172.21.15.64:3300/0 4 ==== mgrmap(e 12) v1 ==== 44631+0+0 (secure 0 0 0) 0x7feae402b020 con 0x7feaf4104620
2023-03-08T15:40:13.225 INFO:teuthology.orchestra.run.smithi064.stdout:/usr/bin/ceph: stderr
2023-03-08T15:40:12.407+0000 7feafba82700 1 -- 172.21.15.64:0/549065093 --> [v2:172.21.15.64:3300/0,v1:172.21.15.64:6789/0] -- mon_command({"prefix": "get_command_descriptions"} v 0) v1 -- 0x7feaf4108ae0 con 0x7feaf4104620
2023-03-08T15:40:13.225 INFO:teuthology.orchestra.run.smithi064.stdout:/usr/bin/ceph: stderr
2023-03-08T15:40:12.407+0000 7feaeaffd700 1 --2- 172.21.15.64:0/549065093 >> [v2:172.21.15.64:6800/4292268321,v1:172.21.15.64:6801/4292268321] conn(0x7feae0037e00 0x7feae003a2b0 unknown :-1 s=NONE pgs=0 cs=0 l=1 rev1=0 crypto rx=0 tx=0 comp rx=0 tx=0).connect
2023-03-08T15:40:13.226 INFO:teuthology.orchestra.run.smithi064.stdout:/usr/bin/ceph: stderr
2023-03-08T15:40:12.407+0000 7feaeaffd700 1 -- 172.21.15.64:0/549065093 <== mon.0 v2:172.21.15.64:3300/0 5 ==== osd_map(3..3 src has 1..3) v4 ==== 1155+0+0 (secure 0 0 0) 0x7feae404e270 con 0x7feaf4104620
2023-03-08T15:40:13.226 INFO:teuthology.orchestra.run.smithi064.stdout:/usr/bin/ceph: stderr
2023-03-08T15:40:12.407+0000 7feaf901d700 1 --2- 172.21.15.64:0/549065093 >> [v2:172.21.15.64:6800/4292268321,v1:172.21.15.64:6801/4292268321] conn(0x7feae0037e00 0x7feae003a2b0 unknown :-1 s=BANNER_CONNECTING pgs=0 cs=0 l=1 rev1=0 crypto rx=0 tx=0 comp rx=0 tx=0)._handle_peer_banner_payload supported=3 required=0
2023-03-08T15:40:13.226 INFO:teuthology.orchestra.run.smithi064.stdout:/usr/bin/ceph: stderr
2023-03-08T15:40:12.407+0000 7feaf901d700 1 --2- 172.21.15.64:0/549065093 >> [v2:172.21.15.64:6800/4292268321,v1:172.21.15.64:6801/4292268321] conn(0x7feae0037e00 0x7feae003a2b0 secure :-1 s=READY pgs=9 cs=0 l=1 rev1=1 crypto rx=0x7feaf0006fd0 tx=0x7feaf0006e40 comp rx=0 tx=0).ready entity=mgr.14152 client_cookie=0 server_cookie=0 in_seq=0 out_seq=0
2023-03-08T15:40:13.227 INFO:teuthology.orchestra.run.smithi064.stdout:/usr/bin/ceph: stderr
2023-03-08T15:40:12.412+0000 7feaeaffd700 1 -- 172.21.15.64:0/549065093 <== mon.0 v2:172.21.15.64:3300/0 6 ==== mon_command_ack([{"prefix": "get_command_descriptions"}]=0 v0) v1 ==== 72+0+177564 (secure 0 0 0) 0x7feae401b9a0 con 0x7feaf4104620
2023-03-08T15:40:13.227 INFO:teuthology.orchestra.run.smithi064.stdout:/usr/bin/ceph: stderr
2023-03-08T15:40:12.770+0000 7feafba82700 1 -- 172.21.15.64:0/549065093 --> [v2:172.21.15.64:3300/0,v1:172.21.15.64:6789/0] -- mon_command({"prefix": "config get", "who": "mgr", "key": "mgr/dashboard/ssl_server_port"} v 0) v1 -- 0x7feaf4079300 con 0x7feaf4104620
2023-03-08T15:40:13.227 INFO:teuthology.orchestra.run.smithi064.stdout:/usr/bin/ceph: stderr
2023-03-08T15:40:12.771+0000 7feaeaffd700 1 -- 172.21.15.64:0/549065093 <== mon.0 v2:172.21.15.64:3300/0 7 ==== mon_command_ack([{"prefix": "config get", "who": "mgr", "key": "mgr/dashboard/ssl_server_port"}]=0 v8) v1 ==== 112+0+5 (secure 0 0 0) 0x7feae4024bc0 con 0x7feaf4104620
2023-03-08T15:40:13.227 INFO:teuthology.orchestra.run.smithi064.stdout:/usr/bin/ceph: stderr
2023-03-08T15:40:12.773+0000 7feafba82700 1 -- 172.21.15.64:0/549065093 >> [v2:172.21.15.64:6800/4292268321,v1:172.21.15.64:6801/4292268321] conn(0x7feae0037e00 msgr2=0x7feae003a2b0 secure :-1 s=STATE_CONNECTION_ESTABLISHED l=1).mark_down
2023-03-08T15:40:13.228 INFO:teuthology.orchestra.run.smithi064.stdout:/usr/bin/ceph: stderr
2023-03-08T15:40:12.773+0000 7feafba82700 1 --2- 172.21.15.64:0/549065093 >> [v2:172.21.15.64:6800/4292268321,v1:172.21.15.64:6801/4292268321] conn(0x7feae0037e00 0x7feae003a2b0 secure :-1 s=READY pgs=9 cs=0 l=1 rev1=1 crypto rx=0x7feaf0006fd0 tx=0x7feaf0006e40 comp rx=0 tx=0).stop
2023-03-08T15:40:13.228 INFO:teuthology.orchestra.run.smithi064.stdout:/usr/bin/ceph: stderr
2023-03-08T15:40:12.773+0000 7feafba82700 1 -- 172.21.15.64:0/549065093 >> [v2:172.21.15.64:3300/0,v1:172.21.15.64:6789/0] conn(0x7feaf4104620 msgr2=0x7feaf4198330 secure :-1 s=STATE_CONNECTION_ESTABLISHED l=1).mark_down
2023-03-08T15:40:13.228 INFO:teuthology.orchestra.run.smithi064.stdout:/usr/bin/ceph: stderr
2023-03-08T15:40:12.773+0000 7feafba82700 1 --2- 172.21.15.64:0/549065093 >> [v2:172.21.15.64:3300/0,v1:172.21.15.64:6789/0] conn(0x7feaf4104620 0x7feaf4198330 secure :-1 s=READY pgs=75 cs=0 l=1 rev1=1 crypto rx=0x7feae40038d0 tx=0x7feae40039b0 comp rx=0 tx=0).stop
2023-03-08T15:40:13.228 INFO:teuthology.orchestra.run.smithi064.stdout:/usr/bin/ceph: stderr
2023-03-08T15:40:12.773+0000 7feafba82700 1 -- 172.21.15.64:0/549065093 shutdown_connections
2023-03-08T15:40:13.228 INFO:teuthology.orchestra.run.smithi064.stdout:/usr/bin/ceph: stderr
2023-03-08T15:40:12.773+0000 7feafba82700 1 --2- 172.21.15.64:0/549065093 >> [v2:172.21.15.64:6800/4292268321,v1:172.21.15.64:6801/4292268321] conn(0x7feae0037e00 0x7feae003a2b0 unknown :-1 s=CLOSED pgs=9 cs=0 l=1 rev1=1 crypto rx=0 tx=0 comp rx=0 tx=0).stop
2023-03-08T15:40:13.229 INFO:teuthology.orchestra.run.smithi064.stdout:/usr/bin/ceph: stderr
2023-03-08T15:40:12.773+0000 7feafba82700 1 --2- 172.21.15.64:0/549065093 >> [v2:172.21.15.64:3300/0,v1:172.21.15.64:6789/0] conn(0x7feaf4104620 0x7feaf4198330 unknown :-1 s=CLOSED pgs=75 cs=0 l=1 rev1=1 crypto rx=0 tx=0 comp rx=0 tx=0).stop
2023-03-08T15:40:13.229 INFO:teuthology.orchestra.run.smithi064.stdout:/usr/bin/ceph: stderr
2023-03-08T15:40:12.773+0000 7feafba82700 1 -- 172.21.15.64:0/549065093 >> 172.21.15.64:0/549065093 conn(0x7feaf40ffc60 msgr2=0x7feaf41009d0 unknown :-1 s=STATE_NONE l=0).mark_down
2023-03-08T15:40:13.229 INFO:teuthology.orchestra.run.smithi064.stdout:/usr/bin/ceph: stderr
2023-03-08T15:40:12.774+0000 7feafba82700 1 -- 172.21.15.64:0/549065093 shutdown_connections
2023-03-08T15:40:13.230 INFO:teuthology.orchestra.run.smithi064.stdout:/usr/bin/ceph: stderr
2023-03-08T15:40:12.774+0000 7feafba82700 1 -- 172.21.15.64:0/549065093 wait complete.
2023-03-08T15:40:13.230 INFO:teuthology.orchestra.run.smithi064.stdout:Non-zero exit code 1 from systemctl is-enabled firewalld.service
2023-03-08T15:40:13.231 INFO:teuthology.orchestra.run.smithi064.stdout:systemctl: stdout disabled
2023-03-08T15:40:13.235 INFO:teuthology.orchestra.run.smithi064.stdout:Non-zero exit code 3 from systemctl is-active firewalld.service
2023-03-08T15:40:13.236 INFO:teuthology.orchestra.run.smithi064.stdout:systemctl: stdout inactive
2023-03-08T15:40:13.236 INFO:teuthology.orchestra.run.smithi064.stdout:firewalld.service is not enabled
2023-03-08T15:40:13.236 INFO:teuthology.orchestra.run.smithi064.stdout:Not possible to open ports <[8443]>. firewalld.service is not available
2023-03-08T15:40:13.237 INFO:teuthology.orchestra.run.smithi064.stdout:Ceph Dashboard is now available at:
2023-03-08T15:40:13.238 INFO:teuthology.orchestra.run.smithi064.stdout:
2023-03-08T15:40:13.238 INFO:teuthology.orchestra.run.smithi064.stdout: URL: https://smithi064.front.sepia.ceph.com:8443/
2023-03-08T15:40:13.238 INFO:teuthology.orchestra.run.smithi064.stdout: User: admin
2023-03-08T15:40:13.238 INFO:teuthology.orchestra.run.smithi064.stdout: Password: 9l11kekram
2023-03-08T15:40:13.239 INFO:teuthology.orchestra.run.smithi064.stdout:
2023-03-08T15:40:13.239 INFO:teuthology.orchestra.run.smithi064.stdout:Saving cluster configuration to /var/lib/ceph/3b71f246-bdc7-11ed-9aec-001a4aab830c/config directory
2023-03-08T15:40:13.240 INFO:teuthology.orchestra.run.smithi064.stdout:Enabling autotune for osd_memory_target
2023-03-08T15:40:13.430 INFO:journalctl@ceph.mon.a.smithi064.stdout:Mar 08 15:40:13 smithi064 ceph-mon[92555]: from='client.? 172.21.15.64:0/549065093' entity='client.admin' cmd=[{"prefix": "config get", "who": "mgr", "key": "mgr/dashboard/ssl_server_port"}]: dispatch
2023-03-08T15:40:14.361 INFO:journalctl@ceph.mon.a.smithi064.stdout:Mar 08 15:40:14 smithi064 ceph-mon[92555]: mgrmap e13: x(active, since 6s)
2023-03-08T15:40:14.685 INFO:teuthology.orchestra.run.smithi064.stdout:/usr/bin/ceph: stderr
2023-03-08T15:40:13.711+0000 7f33b94c0700 1 Processor -- start
2023-03-08T15:40:14.685 INFO:teuthology.orchestra.run.smithi064.stdout:/usr/bin/ceph: stderr
2023-03-08T15:40:13.712+0000 7f33b94c0700 1 -- start start
2023-03-08T15:40:14.686 INFO:teuthology.orchestra.run.smithi064.stdout:/usr/bin/ceph: stderr
2023-03-08T15:40:13.712+0000 7f33b94c0700 1 --2- >> [v2:172.21.15.64:3300/0,v1:172.21.15.64:6789/0] conn(0x7f33b4104620 0x7f33b4104a30 unknown :-1 s=NONE pgs=0 cs=0 l=0 rev1=0 crypto rx=0 tx=0 comp rx=0 tx=0).connect
2023-03-08T15:40:14.686 INFO:teuthology.orchestra.run.smithi064.stdout:/usr/bin/ceph: stderr
2023-03-08T15:40:13.712+0000 7f33b94c0700 1 -- --> [v2:172.21.15.64:3300/0,v1:172.21.15.64:6789/0] -- mon_getmap magic: 0 v1 -- 0x7f33b4104f70 con 0x7f33b4104620
2023-03-08T15:40:14.686 INFO:teuthology.orchestra.run.smithi064.stdout:/usr/bin/ceph: stderr
2023-03-08T15:40:13.712+0000 7f33b2ffd700 1 --2- >> [v2:172.21.15.64:3300/0,v1:172.21.15.64:6789/0] conn(0x7f33b4104620 0x7f33b4104a30 unknown :-1 s=BANNER_CONNECTING pgs=0 cs=0 l=0 rev1=0 crypto rx=0 tx=0 comp rx=0 tx=0)._handle_peer_banner_payload supported=3 required=0
2023-03-08T15:40:14.686 INFO:teuthology.orchestra.run.smithi064.stdout:/usr/bin/ceph: stderr
2023-03-08T15:40:13.712+0000 7f33b2ffd700 1 --2- >> [v2:172.21.15.64:3300/0,v1:172.21.15.64:6789/0] conn(0x7f33b4104620 0x7f33b4104a30 unknown :-1 s=HELLO_CONNECTING pgs=0 cs=0 l=0 rev1=1 crypto rx=0 tx=0 comp rx=0 tx=0).handle_hello peer v2:172.21.15.64:3300/0 says I am v2:172.21.15.64:48608/0 (socket says 172.21.15.64:48608)
2023-03-08T15:40:14.687 INFO:teuthology.orchestra.run.smithi064.stdout:/usr/bin/ceph: stderr
2023-03-08T15:40:13.712+0000 7f33b2ffd700 1 -- 172.21.15.64:0/997751484 learned_addr learned my addr 172.21.15.64:0/997751484 (peer_addr_for_me v2:172.21.15.64:0/0)
2023-03-08T15:40:14.687 INFO:teuthology.orchestra.run.smithi064.stdout:/usr/bin/ceph: stderr
2023-03-08T15:40:13.712+0000 7f33b2ffd700 1 -- 172.21.15.64:0/997751484 --> [v2:172.21.15.64:3300/0,v1:172.21.15.64:6789/0] -- mon_subscribe({config=0+,monmap=0+}) v3 -- 0x7f33b41050b0 con 0x7f33b4104620
2023-03-08T15:40:14.687 INFO:teuthology.orchestra.run.smithi064.stdout:/usr/bin/ceph: stderr
2023-03-08T15:40:13.713+0000 7f33b2ffd700 1 --2- 172.21.15.64:0/997751484 >> [v2:172.21.15.64:3300/0,v1:172.21.15.64:6789/0] conn(0x7f33b4104620 0x7f33b4104a30 secure :-1 s=READY pgs=76 cs=0 l=1 rev1=1 crypto rx=0x7f33a80098a0 tx=0x7f33a8009bb0 comp rx=0 tx=0).ready entity=mon.0 client_cookie=4732a69effe8d697 server_cookie=0 in_seq=0 out_seq=0
2023-03-08T15:40:14.687 INFO:teuthology.orchestra.run.smithi064.stdout:/usr/bin/ceph: stderr
2023-03-08T15:40:13.713+0000 7f33b1ffb700 1 -- 172.21.15.64:0/997751484 <== mon.0 v2:172.21.15.64:3300/0 1 ==== mon_map magic: 0 v1 ==== 205+0+0 (secure 0 0 0) 0x7f33a8004160 con 0x7f33b4104620
2023-03-08T15:40:14.687 INFO:teuthology.orchestra.run.smithi064.stdout:/usr/bin/ceph: stderr
2023-03-08T15:40:13.713+0000 7f33b1ffb700 1 -- 172.21.15.64:0/997751484 <== mon.0 v2:172.21.15.64:3300/0 2 ==== config(26 keys) v1 ==== 1105+0+0 (secure 0 0 0) 0x7f33a80042c0 con 0x7f33b4104620
2023-03-08T15:40:14.688 INFO:teuthology.orchestra.run.smithi064.stdout:/usr/bin/ceph: stderr
2023-03-08T15:40:13.713+0000 7f33b1ffb700 1 -- 172.21.15.64:0/997751484 <== mon.0 v2:172.21.15.64:3300/0 3 ==== mon_map magic: 0 v1 ==== 205+0+0 (secure 0 0 0) 0x7f33a80119b0 con 0x7f33b4104620
2023-03-08T15:40:14.688 INFO:teuthology.orchestra.run.smithi064.stdout:/usr/bin/ceph: stderr
2023-03-08T15:40:13.713+0000 7f33b94c0700 1 -- 172.21.15.64:0/997751484 >> [v2:172.21.15.64:3300/0,v1:172.21.15.64:6789/0] conn(0x7f33b4104620 msgr2=0x7f33b4104a30 secure :-1 s=STATE_CONNECTION_ESTABLISHED l=1).mark_down
2023-03-08T15:40:14.688 INFO:teuthology.orchestra.run.smithi064.stdout:/usr/bin/ceph: stderr
2023-03-08T15:40:13.713+0000 7f33b94c0700 1 --2- 172.21.15.64:0/997751484 >> [v2:172.21.15.64:3300/0,v1:172.21.15.64:6789/0] conn(0x7f33b4104620 0x7f33b4104a30 secure :-1 s=READY pgs=76 cs=0 l=1 rev1=1 crypto rx=0x7f33a80098a0 tx=0x7f33a8009bb0 comp rx=0 tx=0).stop
2023-03-08T15:40:14.688 INFO:teuthology.orchestra.run.smithi064.stdout:/usr/bin/ceph: stderr
2023-03-08T15:40:13.713+0000 7f33b94c0700 1 -- 172.21.15.64:0/997751484 shutdown_connections
2023-03-08T15:40:14.688 INFO:teuthology.orchestra.run.smithi064.stdout:/usr/bin/ceph: stderr
2023-03-08T15:40:13.713+0000 7f33b94c0700 1 --2- 172.21.15.64:0/997751484 >> [v2:172.21.15.64:3300/0,v1:172.21.15.64:6789/0] conn(0x7f33b4104620 0x7f33b4104a30 unknown :-1 s=CLOSED pgs=76 cs=0 l=1 rev1=1 crypto rx=0 tx=0 comp rx=0 tx=0).stop
2023-03-08T15:40:14.688 INFO:teuthology.orchestra.run.smithi064.stdout:/usr/bin/ceph: stderr
2023-03-08T15:40:13.713+0000 7f33b94c0700 1 -- 172.21.15.64:0/997751484 >> 172.21.15.64:0/997751484 conn(0x7f33b40ffc60 msgr2=0x7f33b4102070 unknown :-1 s=STATE_NONE l=0).mark_down
2023-03-08T15:40:14.689 INFO:teuthology.orchestra.run.smithi064.stdout:/usr/bin/ceph: stderr
2023-03-08T15:40:13.714+0000 7f33b94c0700 1 -- 172.21.15.64:0/997751484 shutdown_connections
2023-03-08T15:40:14.689 INFO:teuthology.orchestra.run.smithi064.stdout:/usr/bin/ceph: stderr
2023-03-08T15:40:13.714+0000 7f33b94c0700 1 -- 172.21.15.64:0/997751484 wait complete.
2023-03-08T15:40:14.689 INFO:teuthology.orchestra.run.smithi064.stdout:/usr/bin/ceph: stderr
2023-03-08T15:40:13.714+0000 7f33b94c0700 1 Processor -- start
2023-03-08T15:40:14.689 INFO:teuthology.orchestra.run.smithi064.stdout:/usr/bin/ceph: stderr
2023-03-08T15:40:13.714+0000 7f33b94c0700 1 -- start start
2023-03-08T15:40:14.690 INFO:teuthology.orchestra.run.smithi064.stdout:/usr/bin/ceph: stderr
2023-03-08T15:40:13.714+0000 7f33b94c0700 1 --2- >> [v2:172.21.15.64:3300/0,v1:172.21.15.64:6789/0] conn(0x7f33b4104620 0x7f33b418f800 unknown :-1 s=NONE pgs=0 cs=0 l=1 rev1=0 crypto rx=0 tx=0 comp rx=0 tx=0).connect
2023-03-08T15:40:14.690 INFO:teuthology.orchestra.run.smithi064.stdout:/usr/bin/ceph: stderr
2023-03-08T15:40:13.714+0000 7f33b94c0700 1 -- --> [v2:172.21.15.64:3300/0,v1:172.21.15.64:6789/0] -- mon_getmap magic: 0 v1 -- 0x7f33b418fd40 con 0x7f33b4104620
2023-03-08T15:40:14.690 INFO:teuthology.orchestra.run.smithi064.stdout:/usr/bin/ceph: stderr
2023-03-08T15:40:13.715+0000 7f33b2ffd700 1 --2- >> [v2:172.21.15.64:3300/0,v1:172.21.15.64:6789/0] conn(0x7f33b4104620 0x7f33b418f800 unknown :-1 s=BANNER_CONNECTING pgs=0 cs=0 l=1 rev1=0 crypto rx=0 tx=0 comp rx=0 tx=0)._handle_peer_banner_payload supported=3 required=0
2023-03-08T15:40:14.690 INFO:teuthology.orchestra.run.smithi064.stdout:/usr/bin/ceph: stderr
2023-03-08T15:40:13.715+0000 7f33b2ffd700 1 --2- >> [v2:172.21.15.64:3300/0,v1:172.21.15.64:6789/0] conn(0x7f33b4104620 0x7f33b418f800 unknown :-1 s=HELLO_CONNECTING pgs=0 cs=0 l=1 rev1=1 crypto rx=0 tx=0 comp rx=0 tx=0).handle_hello peer v2:172.21.15.64:3300/0 says I am v2:172.21.15.64:48610/0 (socket says 172.21.15.64:48610)
2023-03-08T15:40:14.690 INFO:teuthology.orchestra.run.smithi064.stdout:/usr/bin/ceph: stderr
2023-03-08T15:40:13.715+0000 7f33b2ffd700 1 -- 172.21.15.64:0/438758199 learned_addr learned my addr 172.21.15.64:0/438758199 (peer_addr_for_me v2:172.21.15.64:0/0)
2023-03-08T15:40:14.690 INFO:teuthology.orchestra.run.smithi064.stdout:/usr/bin/ceph: stderr
2023-03-08T15:40:13.715+0000 7f33b2ffd700 1 -- 172.21.15.64:0/438758199 --> [v2:172.21.15.64:3300/0,v1:172.21.15.64:6789/0] -- mon_subscribe({config=0+,monmap=0+}) v3 -- 0x7f33a8009550 con 0x7f33b4104620
2023-03-08T15:40:14.691 INFO:teuthology.orchestra.run.smithi064.stdout:/usr/bin/ceph: stderr
2023-03-08T15:40:13.715+0000 7f33b2ffd700 1 --2- 172.21.15.64:0/438758199 >> [v2:172.21.15.64:3300/0,v1:172.21.15.64:6789/0] conn(0x7f33b4104620 0x7f33b418f800 secure :-1 s=READY pgs=77 cs=0 l=1 rev1=1 crypto rx=0x7f33a8003e60 tx=0x7f33a8011aa0 comp rx=0 tx=0).ready entity=mon.0 client_cookie=0 server_cookie=0 in_seq=0 out_seq=0
2023-03-08T15:40:14.691 INFO:teuthology.orchestra.run.smithi064.stdout:/usr/bin/ceph: stderr
2023-03-08T15:40:13.715+0000 7f339bfff700 1 -- 172.21.15.64:0/438758199 <== mon.0 v2:172.21.15.64:3300/0 1 ==== mon_map magic: 0 v1 ==== 205+0+0 (secure 0 0 0) 0x7f33a8003970 con 0x7f33b4104620
2023-03-08T15:40:14.691 INFO:teuthology.orchestra.run.smithi064.stdout:/usr/bin/ceph: stderr
2023-03-08T15:40:13.715+0000 7f339bfff700 1 -- 172.21.15.64:0/438758199 <== mon.0 v2:172.21.15.64:3300/0 2 ==== config(26 keys) v1 ==== 1105+0+0 (secure 0 0 0) 0x7f33a8003ad0 con 0x7f33b4104620
2023-03-08T15:40:14.691 INFO:teuthology.orchestra.run.smithi064.stdout:/usr/bin/ceph: stderr
2023-03-08T15:40:13.715+0000 7f33b94c0700 1 -- 172.21.15.64:0/438758199 --> [v2:172.21.15.64:3300/0,v1:172.21.15.64:6789/0] -- mon_subscribe({mgrmap=0+}) v3 -- 0x7f33b41066f0 con 0x7f33b4104620
2023-03-08T15:40:14.691 INFO:teuthology.orchestra.run.smithi064.stdout:/usr/bin/ceph: stderr
2023-03-08T15:40:13.715+0000 7f339bfff700 1 -- 172.21.15.64:0/438758199 <== mon.0 v2:172.21.15.64:3300/0 3 ==== mon_map magic: 0 v1 ==== 205+0+0 (secure 0 0 0) 0x7f33a80195e0 con 0x7f33b4104620
2023-03-08T15:40:14.691 INFO:teuthology.orchestra.run.smithi064.stdout:/usr/bin/ceph: stderr
2023-03-08T15:40:13.715+0000 7f33b94c0700 1 -- 172.21.15.64:0/438758199 --> [v2:172.21.15.64:3300/0,v1:172.21.15.64:6789/0] -- mon_subscribe({osdmap=0}) v3 -- 0x7f33b4106560 con 0x7f33b4104620
2023-03-08T15:40:14.691 INFO:teuthology.orchestra.run.smithi064.stdout:/usr/bin/ceph: stderr
2023-03-08T15:40:13.716+0000 7f339bfff700 1 -- 172.21.15.64:0/438758199 <== mon.0 v2:172.21.15.64:3300/0 4 ==== mgrmap(e 13) v1 ==== 44674+0+0 (secure 0 0 0) 0x7f33a802a020 con 0x7f33b4104620
2023-03-08T15:40:14.691 INFO:teuthology.orchestra.run.smithi064.stdout:/usr/bin/ceph: stderr
2023-03-08T15:40:13.716+0000 7f339bfff700 1 --2- 172.21.15.64:0/438758199 >> [v2:172.21.15.64:6800/4292268321,v1:172.21.15.64:6801/4292268321] conn(0x7f339c037e60 0x7f339c03a310 unknown :-1 s=NONE pgs=0 cs=0 l=1 rev1=0 crypto rx=0 tx=0 comp rx=0 tx=0).connect
2023-03-08T15:40:14.692 INFO:teuthology.orchestra.run.smithi064.stdout:/usr/bin/ceph: stderr
2023-03-08T15:40:13.716+0000 7f339bfff700 1 -- 172.21.15.64:0/438758199 <== mon.0 v2:172.21.15.64:3300/0 5 ==== osd_map(3..3 src has 1..3) v4 ==== 1155+0+0 (secure 0 0 0) 0x7f33a804b950 con 0x7f33b4104620
2023-03-08T15:40:14.692 INFO:teuthology.orchestra.run.smithi064.stdout:/usr/bin/ceph: stderr
2023-03-08T15:40:13.716+0000 7f33b27fc700 1 --2- 172.21.15.64:0/438758199 >> [v2:172.21.15.64:6800/4292268321,v1:172.21.15.64:6801/4292268321] conn(0x7f339c037e60 0x7f339c03a310 unknown :-1 s=BANNER_CONNECTING pgs=0 cs=0 l=1 rev1=0 crypto rx=0 tx=0 comp rx=0 tx=0)._handle_peer_banner_payload supported=3 required=0
2023-03-08T15:40:14.692 INFO:teuthology.orchestra.run.smithi064.stdout:/usr/bin/ceph: stderr
2023-03-08T15:40:13.716+0000 7f33b94c0700 1 -- 172.21.15.64:0/438758199 --> [v2:172.21.15.64:3300/0,v1:172.21.15.64:6789/0] -- mon_command({"prefix": "get_command_descriptions"} v 0) v1 -- 0x7f33b4061ea0 con 0x7f33b4104620
2023-03-08T15:40:14.692 INFO:teuthology.orchestra.run.smithi064.stdout:/usr/bin/ceph: stderr
2023-03-08T15:40:13.717+0000 7f33b27fc700 1 --2- 172.21.15.64:0/438758199 >> [v2:172.21.15.64:6800/4292268321,v1:172.21.15.64:6801/4292268321] conn(0x7f339c037e60 0x7f339c03a310 secure :-1 s=READY pgs=10 cs=0 l=1 rev1=1 crypto rx=0x7f33a4006fd0 tx=0x7f33a4006e40 comp rx=0 tx=0).ready entity=mgr.14152 client_cookie=0 server_cookie=0 in_seq=0 out_seq=0
2023-03-08T15:40:14.692 INFO:teuthology.orchestra.run.smithi064.stdout:/usr/bin/ceph: stderr
2023-03-08T15:40:13.721+0000 7f339bfff700 1 -- 172.21.15.64:0/438758199 <== mon.0 v2:172.21.15.64:3300/0 6 ==== mon_command_ack([{"prefix": "get_command_descriptions"}]=0 v0) v1 ==== 72+0+177564 (secure 0 0 0) 0x7f33a802d440 con 0x7f33b4104620
2023-03-08T15:40:14.693 INFO:teuthology.orchestra.run.smithi064.stdout:/usr/bin/ceph: stderr
2023-03-08T15:40:14.077+0000 7f33b94c0700 1 -- 172.21.15.64:0/438758199 --> [v2:172.21.15.64:3300/0,v1:172.21.15.64:6789/0] -- mon_command([{prefix=config set, name=osd_memory_target_autotune}] v 0) v1 -- 0x7f33b418e5b0 con 0x7f33b4104620
2023-03-08T15:40:14.693 INFO:teuthology.orchestra.run.smithi064.stdout:/usr/bin/ceph: stderr
2023-03-08T15:40:14.077+0000 7f339bfff700 1 -- 172.21.15.64:0/438758199 <== mon.0 v2:172.21.15.64:3300/0 7 ==== mon_command_ack([{prefix=config set, name=osd_memory_target_autotune}]=0 v8)=0 v8) v1 ==== 127+0+0 (secure 0 0 0) 0x7f33a8018b40 con 0x7f33b4104620
2023-03-08T15:40:14.693 INFO:teuthology.orchestra.run.smithi064.stdout:/usr/bin/ceph: stderr
2023-03-08T15:40:14.079+0000 7f33b94c0700 1 -- 172.21.15.64:0/438758199 >> [v2:172.21.15.64:6800/4292268321,v1:172.21.15.64:6801/4292268321] conn(0x7f339c037e60 msgr2=0x7f339c03a310 secure :-1 s=STATE_CONNECTION_ESTABLISHED l=1).mark_down
2023-03-08T15:40:14.693 INFO:teuthology.orchestra.run.smithi064.stdout:/usr/bin/ceph: stderr
2023-03-08T15:40:14.079+0000 7f33b94c0700 1 --2- 172.21.15.64:0/438758199 >> [v2:172.21.15.64:6800/4292268321,v1:172.21.15.64:6801/4292268321] conn(0x7f339c037e60 0x7f339c03a310 secure :-1 s=READY pgs=10 cs=0 l=1 rev1=1 crypto rx=0x7f33a4006fd0 tx=0x7f33a4006e40 comp rx=0 tx=0).stop
2023-03-08T15:40:14.693 INFO:teuthology.orchestra.run.smithi064.stdout:/usr/bin/ceph: stderr
2023-03-08T15:40:14.079+0000 7f33b94c0700 1 -- 172.21.15.64:0/438758199 >> [v2:172.21.15.64:3300/0,v1:172.21.15.64:6789/0] conn(0x7f33b4104620 msgr2=0x7f33b418f800 secure :-1 s=STATE_CONNECTION_ESTABLISHED l=1).mark_down
2023-03-08T15:40:14.693 INFO:teuthology.orchestra.run.smithi064.stdout:/usr/bin/ceph: stderr
2023-03-08T15:40:14.079+0000 7f33b94c0700 1 --2- 172.21.15.64:0/438758199 >> [v2:172.21.15.64:3300/0,v1:172.21.15.64:6789/0] conn(0x7f33b4104620 0x7f33b418f800 secure :-1 s=READY pgs=77 cs=0 l=1 rev1=1 crypto rx=0x7f33a8003e60 tx=0x7f33a8011aa0 comp rx=0 tx=0).stop
2023-03-08T15:40:14.694 INFO:teuthology.orchestra.run.smithi064.stdout:/usr/bin/ceph: stderr
2023-03-08T15:40:14.080+0000 7f33b94c0700 1 -- 172.21.15.64:0/438758199 shutdown_connections
2023-03-08T15:40:14.694 INFO:teuthology.orchestra.run.smithi064.stdout:/usr/bin/ceph: stderr
2023-03-08T15:40:14.080+0000 7f33b94c0700 1 --2- 172.21.15.64:0/438758199 >> [v2:172.21.15.64:6800/4292268321,v1:172.21.15.64:6801/4292268321] conn(0x7f339c037e60 0x7f339c03a310 unknown :-1 s=CLOSED pgs=10 cs=0 l=1 rev1=1 crypto rx=0 tx=0 comp rx=0 tx=0).stop
2023-03-08T15:40:14.694 INFO:teuthology.orchestra.run.smithi064.stdout:/usr/bin/ceph: stderr
2023-03-08T15:40:14.080+0000 7f33b94c0700 1 --2- 172.21.15.64:0/438758199 >> [v2:172.21.15.64:3300/0,v1:172.21.15.64:6789/0] conn(0x7f33b4104620 0x7f33b418f800 unknown :-1 s=CLOSED pgs=77 cs=0 l=1 rev1=1 crypto rx=0 tx=0 comp rx=0 tx=0).stop
2023-03-08T15:40:14.694 INFO:teuthology.orchestra.run.smithi064.stdout:/usr/bin/ceph: stderr
2023-03-08T15:40:14.080+0000 7f33b94c0700 1 -- 172.21.15.64:0/438758199 >> 172.21.15.64:0/438758199 conn(0x7f33b40ffc60 msgr2=0x7f33b40798b0 unknown :-1 s=STATE_NONE l=0).mark_down
2023-03-08T15:40:14.694 INFO:teuthology.orchestra.run.smithi064.stdout:/usr/bin/ceph: stderr
2023-03-08T15:40:14.080+0000 7f33b94c0700 1 -- 172.21.15.64:0/438758199 shutdown_connections
2023-03-08T15:40:14.694 INFO:teuthology.orchestra.run.smithi064.stdout:/usr/bin/ceph: stderr
2023-03-08T15:40:14.080+0000 7f33b94c0700 1 -- 172.21.15.64:0/438758199 wait complete.
2023-03-08T15:40:16.133 INFO:teuthology.orchestra.run.smithi064.stdout:/usr/bin/ceph: stderr
2023-03-08T15:40:15.150+0000 7f333cac0700 1 Processor -- start
2023-03-08T15:40:16.133 INFO:teuthology.orchestra.run.smithi064.stdout:/usr/bin/ceph: stderr
2023-03-08T15:40:15.151+0000 7f333cac0700 1 -- start start
2023-03-08T15:40:16.133 INFO:teuthology.orchestra.run.smithi064.stdout:/usr/bin/ceph: stderr
2023-03-08T15:40:15.151+0000 7f333cac0700 1 --2- >> [v2:172.21.15.64:3300/0,v1:172.21.15.64:6789/0] conn(0x7f3338106280 0x7f3338108660 unknown :-1 s=NONE pgs=0 cs=0 l=0 rev1=0 crypto rx=0 tx=0 comp rx=0 tx=0).connect
2023-03-08T15:40:16.133 INFO:teuthology.orchestra.run.smithi064.stdout:/usr/bin/ceph: stderr
2023-03-08T15:40:15.151+0000 7f333cac0700 1 -- --> [v2:172.21.15.64:3300/0,v1:172.21.15.64:6789/0] -- mon_getmap magic: 0 v1 -- 0x7f3338079cc0 con 0x7f3338106280
2023-03-08T15:40:16.133 INFO:teuthology.orchestra.run.smithi064.stdout:/usr/bin/ceph: stderr
2023-03-08T15:40:15.151+0000 7f333659c700 1 --2- >> [v2:172.21.15.64:3300/0,v1:172.21.15.64:6789/0] conn(0x7f3338106280 0x7f3338108660 unknown :-1 s=BANNER_CONNECTING pgs=0 cs=0 l=0 rev1=0 crypto rx=0 tx=0 comp rx=0 tx=0)._handle_peer_banner_payload supported=3 required=0
2023-03-08T15:40:16.134 INFO:teuthology.orchestra.run.smithi064.stdout:/usr/bin/ceph: stderr
2023-03-08T15:40:15.151+0000 7f333659c700 1 --2- >> [v2:172.21.15.64:3300/0,v1:172.21.15.64:6789/0] conn(0x7f3338106280 0x7f3338108660 unknown :-1 s=HELLO_CONNECTING pgs=0 cs=0 l=0 rev1=1 crypto rx=0 tx=0 comp rx=0 tx=0).handle_hello peer v2:172.21.15.64:3300/0 says I am v2:172.21.15.64:48614/0 (socket says 172.21.15.64:48614)
2023-03-08T15:40:16.134 INFO:teuthology.orchestra.run.smithi064.stdout:/usr/bin/ceph: stderr
2023-03-08T15:40:15.151+0000 7f333659c700 1 -- 172.21.15.64:0/1844935489 learned_addr learned my addr 172.21.15.64:0/1844935489 (peer_addr_for_me v2:172.21.15.64:0/0)
2023-03-08T15:40:16.134 INFO:teuthology.orchestra.run.smithi064.stdout:/usr/bin/ceph: stderr
2023-03-08T15:40:15.151+0000 7f333659c700 1 -- 172.21.15.64:0/1844935489 --> [v2:172.21.15.64:3300/0,v1:172.21.15.64:6789/0] -- mon_subscribe({config=0+,monmap=0+}) v3 -- 0x7f3338079e00 con 0x7f3338106280
2023-03-08T15:40:16.134 INFO:teuthology.orchestra.run.smithi064.stdout:/usr/bin/ceph: stderr
2023-03-08T15:40:15.152+0000 7f333659c700 1 --2- 172.21.15.64:0/1844935489 >> [v2:172.21.15.64:3300/0,v1:172.21.15.64:6789/0] conn(0x7f3338106280 0x7f3338108660 secure :-1 s=READY pgs=78 cs=0 l=1 rev1=1 crypto rx=0x7f33280098a0 tx=0x7f3328009bb0 comp rx=0 tx=0).ready entity=mon.0 client_cookie=4f52446906cad950 server_cookie=0 in_seq=0 out_seq=0
2023-03-08T15:40:16.134 INFO:teuthology.orchestra.run.smithi064.stdout:/usr/bin/ceph: stderr
2023-03-08T15:40:15.152+0000 7f333559a700 1 -- 172.21.15.64:0/1844935489 <== mon.0 v2:172.21.15.64:3300/0 1 ==== mon_map magic: 0 v1 ==== 205+0+0 (secure 0 0 0) 0x7f3328004160 con 0x7f3338106280
2023-03-08T15:40:16.134 INFO:teuthology.orchestra.run.smithi064.stdout:/usr/bin/ceph: stderr
2023-03-08T15:40:15.152+0000 7f333559a700 1 -- 172.21.15.64:0/1844935489 <== mon.0 v2:172.21.15.64:3300/0 2 ==== config(26 keys) v1 ==== 1105+0+0 (secure 0 0 0) 0x7f33280042c0 con 0x7f3338106280
2023-03-08T15:40:16.135 INFO:teuthology.orchestra.run.smithi064.stdout:/usr/bin/ceph: stderr
2023-03-08T15:40:15.152+0000 7f333559a700 1 -- 172.21.15.64:0/1844935489 <== mon.0 v2:172.21.15.64:3300/0 3 ==== mon_map magic: 0 v1 ==== 205+0+0 (secure 0 0 0) 0x7f33280119b0 con 0x7f3338106280
2023-03-08T15:40:16.135 INFO:teuthology.orchestra.run.smithi064.stdout:/usr/bin/ceph: stderr
2023-03-08T15:40:15.152+0000 7f333cac0700 1 -- 172.21.15.64:0/1844935489 >> [v2:172.21.15.64:3300/0,v1:172.21.15.64:6789/0] conn(0x7f3338106280 msgr2=0x7f3338108660 secure :-1 s=STATE_CONNECTION_ESTABLISHED l=1).mark_down
2023-03-08T15:40:16.135 INFO:teuthology.orchestra.run.smithi064.stdout:/usr/bin/ceph: stderr
2023-03-08T15:40:15.152+0000 7f333cac0700 1 --2- 172.21.15.64:0/1844935489 >> [v2:172.21.15.64:3300/0,v1:172.21.15.64:6789/0] conn(0x7f3338106280 0x7f3338108660 secure :-1 s=READY pgs=78 cs=0 l=1 rev1=1 crypto rx=0x7f33280098a0 tx=0x7f3328009bb0 comp rx=0 tx=0).stop
2023-03-08T15:40:16.135 INFO:teuthology.orchestra.run.smithi064.stdout:/usr/bin/ceph: stderr
2023-03-08T15:40:15.152+0000 7f333cac0700 1 -- 172.21.15.64:0/1844935489 shutdown_connections
2023-03-08T15:40:16.135 INFO:teuthology.orchestra.run.smithi064.stdout:/usr/bin/ceph: stderr
2023-03-08T15:40:15.152+0000 7f333cac0700 1 --2- 172.21.15.64:0/1844935489 >> [v2:172.21.15.64:3300/0,v1:172.21.15.64:6789/0] conn(0x7f3338106280 0x7f3338108660 unknown :-1 s=CLOSED pgs=78 cs=0 l=1 rev1=1 crypto rx=0 tx=0 comp rx=0 tx=0).stop
2023-03-08T15:40:16.135 INFO:teuthology.orchestra.run.smithi064.stdout:/usr/bin/ceph: stderr
2023-03-08T15:40:15.152+0000 7f333cac0700 1 -- 172.21.15.64:0/1844935489 >> 172.21.15.64:0/1844935489 conn(0x7f33380ffc60 msgr2=0x7f3338102070 unknown :-1 s=STATE_NONE l=0).mark_down
2023-03-08T15:40:16.135 INFO:teuthology.orchestra.run.smithi064.stdout:/usr/bin/ceph: stderr
2023-03-08T15:40:15.152+0000 7f333cac0700 1 -- 172.21.15.64:0/1844935489 shutdown_connections
2023-03-08T15:40:16.136 INFO:teuthology.orchestra.run.smithi064.stdout:/usr/bin/ceph: stderr
2023-03-08T15:40:15.153+0000 7f333cac0700 1 -- 172.21.15.64:0/1844935489 wait complete.
2023-03-08T15:40:16.136 INFO:teuthology.orchestra.run.smithi064.stdout:/usr/bin/ceph: stderr
2023-03-08T15:40:15.153+0000 7f333cac0700 1 Processor -- start
2023-03-08T15:40:16.136 INFO:teuthology.orchestra.run.smithi064.stdout:/usr/bin/ceph: stderr
2023-03-08T15:40:15.153+0000 7f333cac0700 1 -- start start
2023-03-08T15:40:16.136 INFO:teuthology.orchestra.run.smithi064.stdout:/usr/bin/ceph: stderr
2023-03-08T15:40:15.153+0000 7f333cac0700 1 --2- >> [v2:172.21.15.64:3300/0,v1:172.21.15.64:6789/0] conn(0x7f3338106280 0x7f333819b680 unknown :-1 s=NONE pgs=0 cs=0 l=1 rev1=0 crypto rx=0 tx=0 comp rx=0 tx=0).connect
2023-03-08T15:40:16.136 INFO:teuthology.orchestra.run.smithi064.stdout:/usr/bin/ceph: stderr
2023-03-08T15:40:15.153+0000 7f333cac0700 1 -- --> [v2:172.21.15.64:3300/0,v1:172.21.15.64:6789/0] -- mon_getmap magic: 0 v1 -- 0x7f333819bbc0 con 0x7f3338106280
2023-03-08T15:40:16.136 INFO:teuthology.orchestra.run.smithi064.stdout:/usr/bin/ceph: stderr
2023-03-08T15:40:15.154+0000 7f333659c700 1 --2- >> [v2:172.21.15.64:3300/0,v1:172.21.15.64:6789/0] conn(0x7f3338106280 0x7f333819b680 unknown :-1 s=BANNER_CONNECTING pgs=0 cs=0 l=1 rev1=0 crypto rx=0 tx=0 comp rx=0 tx=0)._handle_peer_banner_payload supported=3 required=0
2023-03-08T15:40:16.136 INFO:teuthology.orchestra.run.smithi064.stdout:/usr/bin/ceph: stderr
2023-03-08T15:40:15.154+0000 7f333659c700 1 --2- >> [v2:172.21.15.64:3300/0,v1:172.21.15.64:6789/0] conn(0x7f3338106280 0x7f333819b680 unknown :-1 s=HELLO_CONNECTING pgs=0 cs=0 l=1 rev1=1 crypto rx=0 tx=0 comp rx=0 tx=0).handle_hello peer v2:172.21.15.64:3300/0 says I am v2:172.21.15.64:48616/0 (socket says 172.21.15.64:48616)
2023-03-08T15:40:16.136 INFO:teuthology.orchestra.run.smithi064.stdout:/usr/bin/ceph: stderr
2023-03-08T15:40:15.154+0000 7f333659c700 1 -- 172.21.15.64:0/2279047622 learned_addr learned my addr 172.21.15.64:0/2279047622 (peer_addr_for_me v2:172.21.15.64:0/0)
2023-03-08T15:40:16.137 INFO:teuthology.orchestra.run.smithi064.stdout:/usr/bin/ceph: stderr
2023-03-08T15:40:15.154+0000 7f333659c700 1 -- 172.21.15.64:0/2279047622 --> [v2:172.21.15.64:3300/0,v1:172.21.15.64:6789/0] -- mon_subscribe({config=0+,monmap=0+}) v3 -- 0x7f3328009550 con 0x7f3338106280
2023-03-08T15:40:16.137 INFO:teuthology.orchestra.run.smithi064.stdout:/usr/bin/ceph: stderr
2023-03-08T15:40:15.154+0000 7f333659c700 1 --2- 172.21.15.64:0/2279047622 >> [v2:172.21.15.64:3300/0,v1:172.21.15.64:6789/0] conn(0x7f3338106280 0x7f333819b680 secure :-1 s=READY pgs=79 cs=0 l=1 rev1=1 crypto rx=0x7f3328003e60 tx=0x7f3328011aa0 comp rx=0 tx=0).ready entity=mon.0 client_cookie=0 server_cookie=0 in_seq=0 out_seq=0
2023-03-08T15:40:16.137 INFO:teuthology.orchestra.run.smithi064.stdout:/usr/bin/ceph: stderr
2023-03-08T15:40:15.154+0000 7f332f7fe700 1 -- 172.21.15.64:0/2279047622 <== mon.0 v2:172.21.15.64:3300/0 1 ==== mon_map magic: 0 v1 ==== 205+0+0 (secure 0 0 0) 0x7f3328003970 con 0x7f3338106280
2023-03-08T15:40:16.137 INFO:teuthology.orchestra.run.smithi064.stdout:/usr/bin/ceph: stderr
2023-03-08T15:40:15.154+0000 7f332f7fe700 1 -- 172.21.15.64:0/2279047622 <== mon.0 v2:172.21.15.64:3300/0 2 ==== config(26 keys) v1 ==== 1105+0+0 (secure 0 0 0) 0x7f3328003ad0 con 0x7f3338106280
2023-03-08T15:40:16.137 INFO:teuthology.orchestra.run.smithi064.stdout:/usr/bin/ceph: stderr
2023-03-08T15:40:15.154+0000 7f333cac0700 1 -- 172.21.15.64:0/2279047622 --> [v2:172.21.15.64:3300/0,v1:172.21.15.64:6789/0] -- mon_subscribe({mgrmap=0+}) v3 -- 0x7f33381099e0 con 0x7f3338106280
2023-03-08T15:40:16.138 INFO:teuthology.orchestra.run.smithi064.stdout:/usr/bin/ceph: stderr
2023-03-08T15:40:15.154+0000 7f332f7fe700 1 -- 172.21.15.64:0/2279047622 <== mon.0 v2:172.21.15.64:3300/0 3 ==== mon_map magic: 0 v1 ==== 205+0+0 (secure 0 0 0) 0x7f33280195e0 con 0x7f3338106280
2023-03-08T15:40:16.138 INFO:teuthology.orchestra.run.smithi064.stdout:/usr/bin/ceph: stderr
2023-03-08T15:40:15.154+0000 7f333cac0700 1 -- 172.21.15.64:0/2279047622 --> [v2:172.21.15.64:3300/0,v1:172.21.15.64:6789/0] -- mon_subscribe({osdmap=0}) v3 -- 0x7f3338109850 con 0x7f3338106280
2023-03-08T15:40:16.138 INFO:teuthology.orchestra.run.smithi064.stdout:/usr/bin/ceph: stderr
2023-03-08T15:40:15.155+0000 7f332f7fe700 1 -- 172.21.15.64:0/2279047622 <== mon.0 v2:172.21.15.64:3300/0 4 ==== mgrmap(e 13) v1 ==== 44674+0+0 (secure 0 0 0) 0x7f332802a020 con 0x7f3338106280
2023-03-08T15:40:16.138 INFO:teuthology.orchestra.run.smithi064.stdout:/usr/bin/ceph: stderr
2023-03-08T15:40:15.155+0000 7f333cac0700 1 -- 172.21.15.64:0/2279047622 --> [v2:172.21.15.64:3300/0,v1:172.21.15.64:6789/0] -- mon_command({"prefix": "get_command_descriptions"} v 0) v1 -- 0x7f3338109b70 con 0x7f3338106280
2023-03-08T15:40:16.138 INFO:teuthology.orchestra.run.smithi064.stdout:/usr/bin/ceph: stderr
2023-03-08T15:40:15.156+0000 7f332f7fe700 1 --2- 172.21.15.64:0/2279047622 >> [v2:172.21.15.64:6800/4292268321,v1:172.21.15.64:6801/4292268321] conn(0x7f3324037e60 0x7f332403a310 unknown :-1 s=NONE pgs=0 cs=0 l=1 rev1=0 crypto rx=0 tx=0 comp rx=0 tx=0).connect
2023-03-08T15:40:16.138 INFO:teuthology.orchestra.run.smithi064.stdout:/usr/bin/ceph: stderr
2023-03-08T15:40:15.156+0000 7f332f7fe700 1 -- 172.21.15.64:0/2279047622 <== mon.0 v2:172.21.15.64:3300/0 5 ==== osd_map(3..3 src has 1..3) v4 ==== 1155+0+0 (secure 0 0 0) 0x7f332804b980 con 0x7f3338106280
2023-03-08T15:40:16.138 INFO:teuthology.orchestra.run.smithi064.stdout:/usr/bin/ceph: stderr
2023-03-08T15:40:15.156+0000 7f3335d9b700 1 --2- 172.21.15.64:0/2279047622 >> [v2:172.21.15.64:6800/4292268321,v1:172.21.15.64:6801/4292268321] conn(0x7f3324037e60 0x7f332403a310 unknown :-1 s=BANNER_CONNECTING pgs=0 cs=0 l=1 rev1=0 crypto rx=0 tx=0 comp rx=0 tx=0)._handle_peer_banner_payload supported=3 required=0
2023-03-08T15:40:16.139 INFO:teuthology.orchestra.run.smithi064.stdout:/usr/bin/ceph: stderr
2023-03-08T15:40:15.156+0000 7f3335d9b700 1 --2- 172.21.15.64:0/2279047622 >> [v2:172.21.15.64:6800/4292268321,v1:172.21.15.64:6801/4292268321] conn(0x7f3324037e60 0x7f332403a310 secure :-1 s=READY pgs=11 cs=0 l=1 rev1=1 crypto rx=0x7f3320006fd0 tx=0x7f3320006e40 comp rx=0 tx=0).ready entity=mgr.14152 client_cookie=0 server_cookie=0 in_seq=0 out_seq=0
2023-03-08T15:40:16.139 INFO:teuthology.orchestra.run.smithi064.stdout:/usr/bin/ceph: stderr
2023-03-08T15:40:15.160+0000 7f332f7fe700 1 -- 172.21.15.64:0/2279047622 <== mon.0 v2:172.21.15.64:3300/0 6 ==== mon_command_ack([{"prefix": "get_command_descriptions"}]=0 v0) v1 ==== 72+0+177564 (secure 0 0 0) 0x7f3328003c40 con 0x7f3338106280
2023-03-08T15:40:16.139 INFO:teuthology.orchestra.run.smithi064.stdout:/usr/bin/ceph: stderr
2023-03-08T15:40:15.728+0000 7f333cac0700 1 -- 172.21.15.64:0/2279047622 --> [v2:172.21.15.64:3300/0,v1:172.21.15.64:6789/0] -- mon_command([{prefix=config-key set, key=mgr/dashboard/cluster/status}] v 0) v1 -- 0x7f333819f250 con 0x7f3338106280
2023-03-08T15:40:16.139 INFO:teuthology.orchestra.run.smithi064.stdout:/usr/bin/ceph: stderr
2023-03-08T15:40:15.730+0000 7f332f7fe700 1 -- 172.21.15.64:0/2279047622 <== mon.0 v2:172.21.15.64:3300/0 7 ==== mon_command_ack([{prefix=config-key set, key=mgr/dashboard/cluster/status}]=0 set mgr/dashboard/cluster/status v28)=0 set mgr/dashboard/cluster/status v28) v1 ==== 153+0+0 (secure 0 0 0) 0x7f3328023b80 con 0x7f3338106280
2023-03-08T15:40:16.139 INFO:teuthology.orchestra.run.smithi064.stdout:/usr/bin/ceph: stderr
2023-03-08T15:40:15.733+0000 7f333cac0700 1 -- 172.21.15.64:0/2279047622 >> [v2:172.21.15.64:6800/4292268321,v1:172.21.15.64:6801/4292268321] conn(0x7f3324037e60 msgr2=0x7f332403a310 secure :-1 s=STATE_CONNECTION_ESTABLISHED l=1).mark_down
2023-03-08T15:40:16.139 INFO:teuthology.orchestra.run.smithi064.stdout:/usr/bin/ceph: stderr
2023-03-08T15:40:15.733+0000 7f333cac0700 1 --2- 172.21.15.64:0/2279047622 >> [v2:172.21.15.64:6800/4292268321,v1:172.21.15.64:6801/4292268321] conn(0x7f3324037e60 0x7f332403a310 secure :-1 s=READY pgs=11 cs=0 l=1 rev1=1 crypto rx=0x7f3320006fd0 tx=0x7f3320006e40 comp rx=0 tx=0).stop
2023-03-08T15:40:16.139 INFO:teuthology.orchestra.run.smithi064.stdout:/usr/bin/ceph: stderr
2023-03-08T15:40:15.733+0000 7f333cac0700 1 -- 172.21.15.64:0/2279047622 >> [v2:172.21.15.64:3300/0,v1:172.21.15.64:6789/0] conn(0x7f3338106280 msgr2=0x7f333819b680 secure :-1 s=STATE_CONNECTION_ESTABLISHED l=1).mark_down
2023-03-08T15:40:16.139 INFO:teuthology.orchestra.run.smithi064.stdout:/usr/bin/ceph: stderr
2023-03-08T15:40:15.733+0000 7f333cac0700 1 --2- 172.21.15.64:0/2279047622 >> [v2:172.21.15.64:3300/0,v1:172.21.15.64:6789/0] conn(0x7f3338106280 0x7f333819b680 secure :-1 s=READY pgs=79 cs=0 l=1 rev1=1 crypto rx=0x7f3328003e60 tx=0x7f3328011aa0 comp rx=0 tx=0).stop
2023-03-08T15:40:16.140 INFO:teuthology.orchestra.run.smithi064.stdout:/usr/bin/ceph: stderr
2023-03-08T15:40:15.733+0000 7f333cac0700 1 -- 172.21.15.64:0/2279047622 shutdown_connections
2023-03-08T15:40:16.140 INFO:teuthology.orchestra.run.smithi064.stdout:/usr/bin/ceph: stderr
2023-03-08T15:40:15.733+0000 7f333cac0700 1 --2- 172.21.15.64:0/2279047622 >> [v2:172.21.15.64:6800/4292268321,v1:172.21.15.64:6801/4292268321] conn(0x7f3324037e60 0x7f332403a310 unknown :-1 s=CLOSED pgs=11 cs=0 l=1 rev1=1 crypto rx=0 tx=0 comp rx=0 tx=0).stop
2023-03-08T15:40:16.140 INFO:teuthology.orchestra.run.smithi064.stdout:/usr/bin/ceph: stderr
2023-03-08T15:40:15.733+0000 7f333cac0700 1 --2- 172.21.15.64:0/2279047622 >> [v2:172.21.15.64:3300/0,v1:172.21.15.64:6789/0] conn(0x7f3338106280 0x7f333819b680 unknown :-1 s=CLOSED pgs=79 cs=0 l=1 rev1=1 crypto rx=0 tx=0 comp rx=0 tx=0).stop
2023-03-08T15:40:16.140 INFO:teuthology.orchestra.run.smithi064.stdout:/usr/bin/ceph: stderr
2023-03-08T15:40:15.733+0000 7f333cac0700 1 -- 172.21.15.64:0/2279047622 >> 172.21.15.64:0/2279047622 conn(0x7f33380ffc60 msgr2=0x7f33381009d0 unknown :-1 s=STATE_NONE l=0).mark_down
2023-03-08T15:40:16.141 INFO:teuthology.orchestra.run.smithi064.stdout:/usr/bin/ceph: stderr
2023-03-08T15:40:15.733+0000 7f333cac0700 1 -- 172.21.15.64:0/2279047622 shutdown_connections
2023-03-08T15:40:16.141 INFO:teuthology.orchestra.run.smithi064.stdout:/usr/bin/ceph: stderr
2023-03-08T15:40:15.733+0000 7f333cac0700 1 -- 172.21.15.64:0/2279047622 wait complete.
2023-03-08T15:40:16.141 INFO:teuthology.orchestra.run.smithi064.stdout:/usr/bin/ceph: stderr set mgr/dashboard/cluster/status
2023-03-08T15:40:16.141 INFO:teuthology.orchestra.run.smithi064.stdout:You can access the Ceph CLI as following in case of multi-cluster or non-default config:
2023-03-08T15:40:16.141 INFO:teuthology.orchestra.run.smithi064.stdout:
2023-03-08T15:40:16.141 INFO:teuthology.orchestra.run.smithi064.stdout: sudo /home/ubuntu/cephtest/cephadm shell --fsid 3b71f246-bdc7-11ed-9aec-001a4aab830c -c /etc/ceph/ceph.conf -k /etc/ceph/ceph.client.admin.keyring
2023-03-08T15:40:16.142 INFO:teuthology.orchestra.run.smithi064.stdout:
2023-03-08T15:40:16.142 INFO:teuthology.orchestra.run.smithi064.stdout:Or, if you are only running a single cluster on this host:
2023-03-08T15:40:16.142 INFO:teuthology.orchestra.run.smithi064.stdout:
2023-03-08T15:40:16.142 INFO:teuthology.orchestra.run.smithi064.stdout: sudo /home/ubuntu/cephtest/cephadm shell
2023-03-08T15:40:16.142 INFO:teuthology.orchestra.run.smithi064.stdout:
2023-03-08T15:40:16.142 INFO:teuthology.orchestra.run.smithi064.stdout:Please consider enabling telemetry to help improve Ceph:
2023-03-08T15:40:16.142 INFO:teuthology.orchestra.run.smithi064.stdout:
2023-03-08T15:40:16.143 INFO:teuthology.orchestra.run.smithi064.stdout: ceph telemetry on
2023-03-08T15:40:16.143 INFO:teuthology.orchestra.run.smithi064.stdout:
2023-03-08T15:40:16.143 INFO:teuthology.orchestra.run.smithi064.stdout:For more information see:
2023-03-08T15:40:16.143 INFO:teuthology.orchestra.run.smithi064.stdout:
2023-03-08T15:40:16.143 INFO:teuthology.orchestra.run.smithi064.stdout: https://docs.ceph.com/en/latest/mgr/telemetry/
2023-03-08T15:40:16.143 INFO:teuthology.orchestra.run.smithi064.stdout:
2023-03-08T15:40:16.143 INFO:teuthology.orchestra.run.smithi064.stdout:Bootstrap complete.
2023-03-08T15:40:16.165 INFO:tasks.cephadm:Fetching config...
2023-03-08T15:40:16.166 DEBUG:teuthology.orchestra.run.smithi064:> set -ex
2023-03-08T15:40:16.167 DEBUG:teuthology.orchestra.run.smithi064:> dd if=/etc/ceph/ceph.conf of=/dev/stdout
2023-03-08T15:40:16.186 INFO:tasks.cephadm:Fetching client.admin keyring...
2023-03-08T15:40:16.187 DEBUG:teuthology.orchestra.run.smithi064:> set -ex
2023-03-08T15:40:16.187 DEBUG:teuthology.orchestra.run.smithi064:> dd if=/etc/ceph/ceph.client.admin.keyring of=/dev/stdout
2023-03-08T15:40:16.246 INFO:tasks.cephadm:Fetching mon keyring...
2023-03-08T15:40:16.246 DEBUG:teuthology.orchestra.run.smithi064:> set -ex
2023-03-08T15:40:16.246 DEBUG:teuthology.orchestra.run.smithi064:> sudo dd if=/var/lib/ceph/3b71f246-bdc7-11ed-9aec-001a4aab830c/mon.a/keyring of=/dev/stdout
2023-03-08T15:40:16.315 INFO:tasks.cephadm:Fetching pub ssh key...
2023-03-08T15:40:16.315 DEBUG:teuthology.orchestra.run.smithi064:> set -ex
2023-03-08T15:40:16.315 DEBUG:teuthology.orchestra.run.smithi064:> dd if=/home/ubuntu/cephtest/ceph.pub of=/dev/stdout
2023-03-08T15:40:16.373 INFO:tasks.cephadm:Installing pub ssh key for root users...
2023-03-08T15:40:16.373 DEBUG:teuthology.orchestra.run.smithi064:> sudo install -d -m 0700 /root/.ssh && echo 'ssh-rsa AAAAB3NzaC1yc2EAAAADAQABAAABgQDjVNDkYIJ2hH8HEG9C6o9j/5VIbbuKKHy6sieWocc/7npMb78Um8lK0vDWVDoGLzjCT7T8qdNevl1NsJRNr8XhERI1Ae6zfnSXK4GvGXi0tEFxXfOuWvS4BbricMPjp/j9XDrqp+lw1BLkWW59op7AY/HZl5v1DhmwZ6jbLw9DrI64OgpAIVab8bLnCW/uAWi3TEyjQUGCq36SCym/YpcJOtp7KFgqIYSs4FYtVCwCY8zczzT4h9B1A232E7azWq/tXX1WgIii/slGYWGt0gqzeChmhmw3PtqeBUu1WozjSip9UGS09KtI1/Sbffz6IFAgPFnQECV5+7iCBkV0b3ckh2RZq+h9jQnjElSSDii05wU0b4XPijIFhqvvk0KbNPBtdkA+CKzCGcfwPSl43L1SIwqHPxMzauHvAjKLqCfQnOP6TAJACVdcvJeVVIm6wKF+z5mZLo06BlqQR1hi0N/7Pc5OADvc+KMP9+NwYu/jDrlatqHQqEFy8wFcG28C0FE= ceph-3b71f246-bdc7-11ed-9aec-001a4aab830c' | sudo tee -a /root/.ssh/authorized_keys && sudo chmod 0600 /root/.ssh/authorized_keys
2023-03-08T15:40:16.451 INFO:teuthology.orchestra.run.smithi064.stdout:ssh-rsa AAAAB3NzaC1yc2EAAAADAQABAAABgQDjVNDkYIJ2hH8HEG9C6o9j/5VIbbuKKHy6sieWocc/7npMb78Um8lK0vDWVDoGLzjCT7T8qdNevl1NsJRNr8XhERI1Ae6zfnSXK4GvGXi0tEFxXfOuWvS4BbricMPjp/j9XDrqp+lw1BLkWW59op7AY/HZl5v1DhmwZ6jbLw9DrI64OgpAIVab8bLnCW/uAWi3TEyjQUGCq36SCym/YpcJOtp7KFgqIYSs4FYtVCwCY8zczzT4h9B1A232E7azWq/tXX1WgIii/slGYWGt0gqzeChmhmw3PtqeBUu1WozjSip9UGS09KtI1/Sbffz6IFAgPFnQECV5+7iCBkV0b3ckh2RZq+h9jQnjElSSDii05wU0b4XPijIFhqvvk0KbNPBtdkA+CKzCGcfwPSl43L1SIwqHPxMzauHvAjKLqCfQnOP6TAJACVdcvJeVVIm6wKF+z5mZLo06BlqQR1hi0N/7Pc5OADvc+KMP9+NwYu/jDrlatqHQqEFy8wFcG28C0FE= ceph-3b71f246-bdc7-11ed-9aec-001a4aab830c
2023-03-08T15:40:16.462 DEBUG:teuthology.orchestra.run.smithi116:> sudo install -d -m 0700 /root/.ssh && echo 'ssh-rsa AAAAB3NzaC1yc2EAAAADAQABAAABgQDjVNDkYIJ2hH8HEG9C6o9j/5VIbbuKKHy6sieWocc/7npMb78Um8lK0vDWVDoGLzjCT7T8qdNevl1NsJRNr8XhERI1Ae6zfnSXK4GvGXi0tEFxXfOuWvS4BbricMPjp/j9XDrqp+lw1BLkWW59op7AY/HZl5v1DhmwZ6jbLw9DrI64OgpAIVab8bLnCW/uAWi3TEyjQUGCq36SCym/YpcJOtp7KFgqIYSs4FYtVCwCY8zczzT4h9B1A232E7azWq/tXX1WgIii/slGYWGt0gqzeChmhmw3PtqeBUu1WozjSip9UGS09KtI1/Sbffz6IFAgPFnQECV5+7iCBkV0b3ckh2RZq+h9jQnjElSSDii05wU0b4XPijIFhqvvk0KbNPBtdkA+CKzCGcfwPSl43L1SIwqHPxMzauHvAjKLqCfQnOP6TAJACVdcvJeVVIm6wKF+z5mZLo06BlqQR1hi0N/7Pc5OADvc+KMP9+NwYu/jDrlatqHQqEFy8wFcG28C0FE= ceph-3b71f246-bdc7-11ed-9aec-001a4aab830c' | sudo tee -a /root/.ssh/authorized_keys && sudo chmod 0600 /root/.ssh/authorized_keys
2023-03-08T15:40:16.509 INFO:teuthology.orchestra.run.smithi116.stdout:ssh-rsa AAAAB3NzaC1yc2EAAAADAQABAAABgQDjVNDkYIJ2hH8HEG9C6o9j/5VIbbuKKHy6sieWocc/7npMb78Um8lK0vDWVDoGLzjCT7T8qdNevl1NsJRNr8XhERI1Ae6zfnSXK4GvGXi0tEFxXfOuWvS4BbricMPjp/j9XDrqp+lw1BLkWW59op7AY/HZl5v1DhmwZ6jbLw9DrI64OgpAIVab8bLnCW/uAWi3TEyjQUGCq36SCym/YpcJOtp7KFgqIYSs4FYtVCwCY8zczzT4h9B1A232E7azWq/tXX1WgIii/slGYWGt0gqzeChmhmw3PtqeBUu1WozjSip9UGS09KtI1/Sbffz6IFAgPFnQECV5+7iCBkV0b3ckh2RZq+h9jQnjElSSDii05wU0b4XPijIFhqvvk0KbNPBtdkA+CKzCGcfwPSl43L1SIwqHPxMzauHvAjKLqCfQnOP6TAJACVdcvJeVVIm6wKF+z5mZLo06BlqQR1hi0N/7Pc5OADvc+KMP9+NwYu/jDrlatqHQqEFy8wFcG28C0FE= ceph-3b71f246-bdc7-11ed-9aec-001a4aab830c
2023-03-08T15:40:16.520 DEBUG:teuthology.orchestra.run.smithi154:> sudo install -d -m 0700 /root/.ssh && echo 'ssh-rsa AAAAB3NzaC1yc2EAAAADAQABAAABgQDjVNDkYIJ2hH8HEG9C6o9j/5VIbbuKKHy6sieWocc/7npMb78Um8lK0vDWVDoGLzjCT7T8qdNevl1NsJRNr8XhERI1Ae6zfnSXK4GvGXi0tEFxXfOuWvS4BbricMPjp/j9XDrqp+lw1BLkWW59op7AY/HZl5v1DhmwZ6jbLw9DrI64OgpAIVab8bLnCW/uAWi3TEyjQUGCq36SCym/YpcJOtp7KFgqIYSs4FYtVCwCY8zczzT4h9B1A232E7azWq/tXX1WgIii/slGYWGt0gqzeChmhmw3PtqeBUu1WozjSip9UGS09KtI1/Sbffz6IFAgPFnQECV5+7iCBkV0b3ckh2RZq+h9jQnjElSSDii05wU0b4XPijIFhqvvk0KbNPBtdkA+CKzCGcfwPSl43L1SIwqHPxMzauHvAjKLqCfQnOP6TAJACVdcvJeVVIm6wKF+z5mZLo06BlqQR1hi0N/7Pc5OADvc+KMP9+NwYu/jDrlatqHQqEFy8wFcG28C0FE= ceph-3b71f246-bdc7-11ed-9aec-001a4aab830c' | sudo tee -a /root/.ssh/authorized_keys && sudo chmod 0600 /root/.ssh/authorized_keys
2023-03-08T15:40:16.566 INFO:teuthology.orchestra.run.smithi154.stdout:ssh-rsa AAAAB3NzaC1yc2EAAAADAQABAAABgQDjVNDkYIJ2hH8HEG9C6o9j/5VIbbuKKHy6sieWocc/7npMb78Um8lK0vDWVDoGLzjCT7T8qdNevl1NsJRNr8XhERI1Ae6zfnSXK4GvGXi0tEFxXfOuWvS4BbricMPjp/j9XDrqp+lw1BLkWW59op7AY/HZl5v1DhmwZ6jbLw9DrI64OgpAIVab8bLnCW/uAWi3TEyjQUGCq36SCym/YpcJOtp7KFgqIYSs4FYtVCwCY8zczzT4h9B1A232E7azWq/tXX1WgIii/slGYWGt0gqzeChmhmw3PtqeBUu1WozjSip9UGS09KtI1/Sbffz6IFAgPFnQECV5+7iCBkV0b3ckh2RZq+h9jQnjElSSDii05wU0b4XPijIFhqvvk0KbNPBtdkA+CKzCGcfwPSl43L1SIwqHPxMzauHvAjKLqCfQnOP6TAJACVdcvJeVVIm6wKF+z5mZLo06BlqQR1hi0N/7Pc5OADvc+KMP9+NwYu/jDrlatqHQqEFy8wFcG28C0FE= ceph-3b71f246-bdc7-11ed-9aec-001a4aab830c
2023-03-08T15:40:16.580 DEBUG:teuthology.orchestra.run.smithi064:> sudo /home/ubuntu/cephtest/cephadm --image quay-quay-quay.apps.os.sepia.ceph.com/ceph-ci/ceph:a2b8f27f8eef4b6c46c66813a64c178fb019988a shell -c /etc/ceph/ceph.conf -k /etc/ceph/ceph.client.admin.keyring --fsid 3b71f246-bdc7-11ed-9aec-001a4aab830c -- ceph config set mgr mgr/cephadm/allow_ptrace true
2023-03-08T15:40:17.075 INFO:journalctl@ceph.mon.a.smithi064.stdout:Mar 08 15:40:16 smithi064 ceph-mon[92555]: from='client.? 172.21.15.64:0/2279047622' entity='client.admin'
2023-03-08T15:40:17.448 INFO:teuthology.orchestra.run.smithi064.stderr:Inferring config /var/lib/ceph/3b71f246-bdc7-11ed-9aec-001a4aab830c/mon.a/config
2023-03-08T15:40:19.151 INFO:teuthology.orchestra.run.smithi064.stderr:2023-03-08T15:40:19.148+0000 7f585b921700 1 -- 172.21.15.64:0/937023373 >> [v2:172.21.15.64:3300/0,v1:172.21.15.64:6789/0] conn(0x7f58540fe9c0 msgr2=0x7f58540fedd0 secure :-1 s=STATE_CONNECTION_ESTABLISHED l=1).mark_down
2023-03-08T15:40:19.152 INFO:teuthology.orchestra.run.smithi064.stderr:2023-03-08T15:40:19.148+0000 7f585b921700 1 --2- 172.21.15.64:0/937023373 >> [v2:172.21.15.64:3300/0,v1:172.21.15.64:6789/0] conn(0x7f58540fe9c0 0x7f58540fedd0 secure :-1 s=READY pgs=80 cs=0 l=1 rev1=1 crypto rx=0x7f5844009910 tx=0x7f5844009c20 comp rx=0 tx=0).stop
2023-03-08T15:40:19.152 INFO:teuthology.orchestra.run.smithi064.stderr:2023-03-08T15:40:19.148+0000 7f585b921700 1 -- 172.21.15.64:0/937023373 shutdown_connections
2023-03-08T15:40:19.152 INFO:teuthology.orchestra.run.smithi064.stderr:2023-03-08T15:40:19.148+0000 7f585b921700 1 --2- 172.21.15.64:0/937023373 >> [v2:172.21.15.64:3300/0,v1:172.21.15.64:6789/0] conn(0x7f58540fe9c0 0x7f58540fedd0 unknown :-1 s=CLOSED pgs=80 cs=0 l=1 rev1=1 crypto rx=0 tx=0 comp rx=0 tx=0).stop
2023-03-08T15:40:19.152 INFO:teuthology.orchestra.run.smithi064.stderr:2023-03-08T15:40:19.148+0000 7f585b921700 1 -- 172.21.15.64:0/937023373 >> 172.21.15.64:0/937023373 conn(0x7f58540fa000 msgr2=0x7f58540fc410 unknown :-1 s=STATE_NONE l=0).mark_down
2023-03-08T15:40:19.152 INFO:teuthology.orchestra.run.smithi064.stderr:2023-03-08T15:40:19.148+0000 7f585b921700 1 -- 172.21.15.64:0/937023373 shutdown_connections
