2023-03-08T15:39:41.208+0000 7f2f571f6700 1 -- 172.21.15.64:0/909828619 --> [v2:172.21.15.64:3300/0,v1:172.21.15.64:6789/0] -- mon_subscribe({mgrmap=0+}) v3 -- 0x7f2f501057c0 con 0x7f2f50104070
2023-03-08T15:39:42.326 INFO:teuthology.orchestra.run.smithi064.stdout:/usr/bin/ceph: stderr
2023-03-08T15:39:41.208+0000 7f2f571f6700 1 -- 172.21.15.64:0/909828619 --> [v2:172.21.15.64:3300/0,v1:172.21.15.64:6789/0] -- mon_subscribe({osdmap=0}) v3 -- 0x7f2f50105630 con 0x7f2f50104070
2023-03-08T15:39:42.326 INFO:teuthology.orchestra.run.smithi064.stdout:/usr/bin/ceph: stderr
2023-03-08T15:39:41.209+0000 7f2f4dffb700 1 -- 172.21.15.64:0/909828619 <== mon.0 v2:172.21.15.64:3300/0 3 ==== mon_map magic: 0 v1 ==== 205+0+0 (secure 0 0 0) 0x7f2f440195e0 con 0x7f2f50104070
2023-03-08T15:39:42.326 INFO:teuthology.orchestra.run.smithi064.stdout:/usr/bin/ceph: stderr
2023-03-08T15:39:41.209+0000 7f2f4dffb700 1 -- 172.21.15.64:0/909828619 <== mon.0 v2:172.21.15.64:3300/0 4 ==== mgrmap(e 8) v1 ==== 44618+0+0 (secure 0 0 0) 0x7f2f4402a020 con 0x7f2f50104070
2023-03-08T15:39:42.326 INFO:teuthology.orchestra.run.smithi064.stdout:/usr/bin/ceph: stderr
2023-03-08T15:39:41.209+0000 7f2f4dffb700 1 --2- 172.21.15.64:0/909828619 >> [v2:172.21.15.64:6800/855624242,v1:172.21.15.64:6801/855624242] conn(0x7f2f40037d80 0x7f2f4003a230 unknown :-1 s=NONE pgs=0 cs=0 l=1 rev1=0 crypto rx=0 tx=0 comp rx=0 tx=0).connect
2023-03-08T15:39:42.326 INFO:teuthology.orchestra.run.smithi064.stdout:/usr/bin/ceph: stderr
2023-03-08T15:39:41.209+0000 7f2f4dffb700 1 -- 172.21.15.64:0/909828619 <== mon.0 v2:172.21.15.64:3300/0 5 ==== osd_map(2..2 src has 1..2) v4 ==== 940+0+0 (secure 0 0 0) 0x7f2f4404c6a0 con 0x7f2f50104070
2023-03-08T15:39:42.326 INFO:teuthology.orchestra.run.smithi064.stdout:/usr/bin/ceph: stderr
2023-03-08T15:39:41.209+0000 7f2f4ffff700 1 --2- 172.21.15.64:0/909828619 >> [v2:172.21.15.64:6800/855624242,v1:172.21.15.64:6801/855624242] conn(0x7f2f40037d80 0x7f2f4003a230 unknown :-1 s=BANNER_CONNECTING pgs=0 cs=0 l=1 rev1=0 crypto rx=0 tx=0 comp rx=0 tx=0)._handle_peer_banner_payload supported=3 required=0
2023-03-08T15:39:42.326 INFO:teuthology.orchestra.run.smithi064.stdout:/usr/bin/ceph: stderr
2023-03-08T15:39:41.209+0000 7f2f571f6700 1 -- 172.21.15.64:0/909828619 --> [v2:172.21.15.64:3300/0,v1:172.21.15.64:6789/0] -- mon_command({"prefix": "get_command_descriptions"} v 0) v1 -- 0x7f2f34005320 con 0x7f2f50104070
2023-03-08T15:39:42.327 INFO:teuthology.orchestra.run.smithi064.stdout:/usr/bin/ceph: stderr
2023-03-08T15:39:41.210+0000 7f2f4ffff700 1 --2- 172.21.15.64:0/909828619 >> [v2:172.21.15.64:6800/855624242,v1:172.21.15.64:6801/855624242] conn(0x7f2f40037d80 0x7f2f4003a230 secure :-1 s=READY pgs=7 cs=0 l=1 rev1=1 crypto rx=0x7f2f3c006fd0 tx=0x7f2f3c006e40 comp rx=0 tx=0).ready entity=mgr.14120 client_cookie=0 server_cookie=0 in_seq=0 out_seq=0
2023-03-08T15:39:42.327 INFO:teuthology.orchestra.run.smithi064.stdout:/usr/bin/ceph: stderr
2023-03-08T15:39:41.214+0000 7f2f4dffb700 1 -- 172.21.15.64:0/909828619 <== mon.0 v2:172.21.15.64:3300/0 6 ==== mon_command_ack([{"prefix": "get_command_descriptions"}]=0 v0) v1 ==== 72+0+177564 (secure 0 0 0) 0x7f2f4402d440 con 0x7f2f50104070
2023-03-08T15:39:42.327 INFO:teuthology.orchestra.run.smithi064.stdout:/usr/bin/ceph: stderr
2023-03-08T15:39:41.604+0000 7f2f571f6700 1 -- 172.21.15.64:0/909828619 --> [v2:172.21.15.64:6800/855624242,v1:172.21.15.64:6801/855624242] -- mgr_command(tid 0: {"prefix": "orch set backend", "module_name": "cephadm", "target": ["mon-mgr", ""]}) v1 -- 0x7f2f34000bf0 con 0x7f2f40037d80
2023-03-08T15:39:42.327 INFO:teuthology.orchestra.run.smithi064.stdout:/usr/bin/ceph: stderr
2023-03-08T15:39:41.611+0000 7f2f4dffb700 1 -- 172.21.15.64:0/909828619 <== mgr.14120 v2:172.21.15.64:6800/855624242 1 ==== mgr_command_reply(tid 0: 0 ) v1 ==== 8+0+0 (secure 0 0 0) 0x7f2f34000bf0 con 0x7f2f40037d80
2023-03-08T15:39:42.327 INFO:teuthology.orchestra.run.smithi064.stdout:/usr/bin/ceph: stderr
2023-03-08T15:39:41.614+0000 7f2f571f6700 1 -- 172.21.15.64:0/909828619 >> [v2:172.21.15.64:6800/855624242,v1:172.21.15.64:6801/855624242] conn(0x7f2f40037d80 msgr2=0x7f2f4003a230 secure :-1 s=STATE_CONNECTION_ESTABLISHED l=1).mark_down
2023-03-08T15:39:42.327 INFO:teuthology.orchestra.run.smithi064.stdout:/usr/bin/ceph: stderr
2023-03-08T15:39:41.614+0000 7f2f571f6700 1 --2- 172.21.15.64:0/909828619 >> [v2:172.21.15.64:6800/855624242,v1:172.21.15.64:6801/855624242] conn(0x7f2f40037d80 0x7f2f4003a230 secure :-1 s=READY pgs=7 cs=0 l=1 rev1=1 crypto rx=0x7f2f3c006fd0 tx=0x7f2f3c006e40 comp rx=0 tx=0).stop
2023-03-08T15:39:42.327 INFO:teuthology.orchestra.run.smithi064.stdout:/usr/bin/ceph: stderr
2023-03-08T15:39:41.614+0000 7f2f571f6700 1 -- 172.21.15.64:0/909828619 >> [v2:172.21.15.64:3300/0,v1:172.21.15.64:6789/0] conn(0x7f2f50104070 msgr2=0x7f2f5019b680 secure :-1 s=STATE_CONNECTION_ESTABLISHED l=1).mark_down
2023-03-08T15:39:42.328 INFO:teuthology.orchestra.run.smithi064.stdout:/usr/bin/ceph: stderr
2023-03-08T15:39:41.614+0000 7f2f571f6700 1 --2- 172.21.15.64:0/909828619 >> [v2:172.21.15.64:3300/0,v1:172.21.15.64:6789/0] conn(0x7f2f50104070 0x7f2f5019b680 secure :-1 s=READY pgs=38 cs=0 l=1 rev1=1 crypto rx=0x7f2f44009fb0 tx=0x7f2f44011ad0 comp rx=0 tx=0).stop
2023-03-08T15:39:42.328 INFO:teuthology.orchestra.run.smithi064.stdout:/usr/bin/ceph: stderr
2023-03-08T15:39:41.614+0000 7f2f571f6700 1 -- 172.21.15.64:0/909828619 shutdown_connections
2023-03-08T15:39:42.328 INFO:teuthology.orchestra.run.smithi064.stdout:/usr/bin/ceph: stderr
2023-03-08T15:39:41.614+0000 7f2f571f6700 1 --2- 172.21.15.64:0/909828619 >> [v2:172.21.15.64:6800/855624242,v1:172.21.15.64:6801/855624242] conn(0x7f2f40037d80 0x7f2f4003a230 unknown :-1 s=CLOSED pgs=7 cs=0 l=1 rev1=1 crypto rx=0 tx=0 comp rx=0 tx=0).stop
2023-03-08T15:39:42.328 INFO:teuthology.orchestra.run.smithi064.stdout:/usr/bin/ceph: stderr
2023-03-08T15:39:41.614+0000 7f2f571f6700 1 --2- 172.21.15.64:0/909828619 >> [v2:172.21.15.64:3300/0,v1:172.21.15.64:6789/0] conn(0x7f2f50104070 0x7f2f5019b680 unknown :-1 s=CLOSED pgs=38 cs=0 l=1 rev1=1 crypto rx=0 tx=0 comp rx=0 tx=0).stop
2023-03-08T15:39:42.328 INFO:teuthology.orchestra.run.smithi064.stdout:/usr/bin/ceph: stderr
2023-03-08T15:39:41.614+0000 7f2f571f6700 1 -- 172.21.15.64:0/909828619 >> 172.21.15.64:0/909828619 conn(0x7f2f500ffc60 msgr2=0x7f2f5018fc30 unknown :-1 s=STATE_NONE l=0).mark_down
2023-03-08T15:39:42.328 INFO:teuthology.orchestra.run.smithi064.stdout:/usr/bin/ceph: stderr
2023-03-08T15:39:41.614+0000 7f2f571f6700 1 -- 172.21.15.64:0/909828619 shutdown_connections
2023-03-08T15:39:42.328 INFO:teuthology.orchestra.run.smithi064.stdout:/usr/bin/ceph: stderr
2023-03-08T15:39:41.614+0000 7f2f571f6700 1 -- 172.21.15.64:0/909828619 wait complete.
2023-03-08T15:39:42.534 INFO:journalctl@ceph.mon.a.smithi064.stdout:Mar 08 15:39:42 smithi064 ceph-mon[92555]: mgrmap e8: x(active, since 2s)
2023-03-08T15:39:42.534 INFO:journalctl@ceph.mon.a.smithi064.stdout:Mar 08 15:39:42 smithi064 ceph-mon[92555]: from='mgr.14120 172.21.15.64:0/1714972184' entity='mgr.x'
2023-03-08T15:39:42.535 INFO:journalctl@ceph.mon.a.smithi064.stdout:Mar 08 15:39:42 smithi064 ceph-mon[92555]: from='mgr.14120 172.21.15.64:0/1714972184' entity='mgr.x'
2023-03-08T15:39:42.535 INFO:journalctl@ceph.mon.a.smithi064.stdout:Mar 08 15:39:42 smithi064 ceph-mon[92555]: from='client.14132 -' entity='client.admin' cmd=[{"prefix": "orch set backend", "module_name": "cephadm", "target": ["mon-mgr", ""]}]: dispatch
2023-03-08T15:39:42.535 INFO:journalctl@ceph.mon.a.smithi064.stdout:Mar 08 15:39:42 smithi064 ceph-mon[92555]: from='mgr.14120 172.21.15.64:0/1714972184' entity='mgr.x'
2023-03-08T15:39:42.535 INFO:journalctl@ceph.mon.a.smithi064.stdout:Mar 08 15:39:42 smithi064 ceph-mon[92555]: from='mgr.14120 172.21.15.64:0/1714972184' entity='mgr.x' cmd=[{"prefix": "config dump", "format": "json"}]: dispatch
2023-03-08T15:39:43.771 INFO:teuthology.orchestra.run.smithi064.stdout:/usr/bin/ceph: stdout value unchanged
2023-03-08T15:39:43.771 INFO:teuthology.orchestra.run.smithi064.stdout:/usr/bin/ceph: stderr
2023-03-08T15:39:42.841+0000 7ff82b06a700 1 Processor -- start
2023-03-08T15:39:43.771 INFO:teuthology.orchestra.run.smithi064.stdout:/usr/bin/ceph: stderr
2023-03-08T15:39:42.841+0000 7ff82b06a700 1 -- start start
2023-03-08T15:39:43.771 INFO:teuthology.orchestra.run.smithi064.stdout:/usr/bin/ceph: stderr
2023-03-08T15:39:42.841+0000 7ff82b06a700 1 --2- >> [v2:172.21.15.64:3300/0,v1:172.21.15.64:6789/0] conn(0x7ff824079ca0 0x7ff82410a6b0 unknown :-1 s=NONE pgs=0 cs=0 l=0 rev1=0 crypto rx=0 tx=0 comp rx=0 tx=0).connect
2023-03-08T15:39:43.772 INFO:teuthology.orchestra.run.smithi064.stdout:/usr/bin/ceph: stderr
2023-03-08T15:39:42.841+0000 7ff82b06a700 1 -- --> [v2:172.21.15.64:3300/0,v1:172.21.15.64:6789/0] -- mon_getmap magic: 0 v1 -- 0x7ff8241060a0 con 0x7ff824079ca0
2023-03-08T15:39:43.772 INFO:teuthology.orchestra.run.smithi064.stdout:/usr/bin/ceph: stderr
2023-03-08T15:39:42.841+0000 7ff828e06700 1 --2- >> [v2:172.21.15.64:3300/0,v1:172.21.15.64:6789/0] conn(0x7ff824079ca0 0x7ff82410a6b0 unknown :-1 s=BANNER_CONNECTING pgs=0 cs=0 l=0 rev1=0 crypto rx=0 tx=0 comp rx=0 tx=0)._handle_peer_banner_payload supported=3 required=0
2023-03-08T15:39:43.773 INFO:teuthology.orchestra.run.smithi064.stdout:/usr/bin/ceph: stderr
2023-03-08T15:39:42.841+0000 7ff828e06700 1 --2- >> [v2:172.21.15.64:3300/0,v1:172.21.15.64:6789/0] conn(0x7ff824079ca0 0x7ff82410a6b0 unknown :-1 s=HELLO_CONNECTING pgs=0 cs=0 l=0 rev1=1 crypto rx=0 tx=0 comp rx=0 tx=0).handle_hello peer v2:172.21.15.64:3300/0 says I am v2:172.21.15.64:48418/0 (socket says 172.21.15.64:48418)
2023-03-08T15:39:43.774 INFO:teuthology.orchestra.run.smithi064.stdout:/usr/bin/ceph: stderr
2023-03-08T15:39:42.841+0000 7ff828e06700 1 -- 172.21.15.64:0/2215059570 learned_addr learned my addr 172.21.15.64:0/2215059570 (peer_addr_for_me v2:172.21.15.64:0/0)
2023-03-08T15:39:43.774 INFO:teuthology.orchestra.run.smithi064.stdout:/usr/bin/ceph: stderr
2023-03-08T15:39:42.842+0000 7ff828e06700 1 -- 172.21.15.64:0/2215059570 --> [v2:172.21.15.64:3300/0,v1:172.21.15.64:6789/0] -- mon_subscribe({config=0+,monmap=0+}) v3 -- 0x7ff82410abf0 con 0x7ff824079ca0
2023-03-08T15:39:43.774 INFO:teuthology.orchestra.run.smithi064.stdout:/usr/bin/ceph: stderr
2023-03-08T15:39:42.842+0000 7ff828e06700 1 --2- 172.21.15.64:0/2215059570 >> [v2:172.21.15.64:3300/0,v1:172.21.15.64:6789/0] conn(0x7ff824079ca0 0x7ff82410a6b0 secure :-1 s=READY pgs=39 cs=0 l=1 rev1=1 crypto rx=0x7ff8180098a0 tx=0x7ff818009bb0 comp rx=0 tx=0).ready entity=mon.0 client_cookie=33adb4a6d3a86595 server_cookie=0 in_seq=0 out_seq=0
2023-03-08T15:39:43.775 INFO:teuthology.orchestra.run.smithi064.stdout:/usr/bin/ceph: stderr
2023-03-08T15:39:42.842+0000 7ff8237fe700 1 -- 172.21.15.64:0/2215059570 <== mon.0 v2:172.21.15.64:3300/0 1 ==== mon_map magic: 0 v1 ==== 205+0+0 (secure 0 0 0) 0x7ff818004160 con 0x7ff824079ca0
2023-03-08T15:39:43.775 INFO:teuthology.orchestra.run.smithi064.stdout:/usr/bin/ceph: stderr
2023-03-08T15:39:42.842+0000 7ff8237fe700 1 -- 172.21.15.64:0/2215059570 <== mon.0 v2:172.21.15.64:3300/0 2 ==== config(26 keys) v1 ==== 1074+0+0 (secure 0 0 0) 0x7ff8180042c0 con 0x7ff824079ca0
2023-03-08T15:39:43.775 INFO:teuthology.orchestra.run.smithi064.stdout:/usr/bin/ceph: stderr
2023-03-08T15:39:42.842+0000 7ff8237fe700 1 -- 172.21.15.64:0/2215059570 <== mon.0 v2:172.21.15.64:3300/0 3 ==== mon_map magic: 0 v1 ==== 205+0+0 (secure 0 0 0) 0x7ff818011a00 con 0x7ff824079ca0
2023-03-08T15:39:43.775 INFO:teuthology.orchestra.run.smithi064.stdout:/usr/bin/ceph: stderr
2023-03-08T15:39:42.843+0000 7ff82b06a700 1 -- 172.21.15.64:0/2215059570 >> [v2:172.21.15.64:3300/0,v1:172.21.15.64:6789/0] conn(0x7ff824079ca0 msgr2=0x7ff82410a6b0 secure :-1 s=STATE_CONNECTION_ESTABLISHED l=1).mark_down
2023-03-08T15:39:43.775 INFO:teuthology.orchestra.run.smithi064.stdout:/usr/bin/ceph: stderr
2023-03-08T15:39:42.843+0000 7ff82b06a700 1 --2- 172.21.15.64:0/2215059570 >> [v2:172.21.15.64:3300/0,v1:172.21.15.64:6789/0] conn(0x7ff824079ca0 0x7ff82410a6b0 secure :-1 s=READY pgs=39 cs=0 l=1 rev1=1 crypto rx=0x7ff8180098a0 tx=0x7ff818009bb0 comp rx=0 tx=0).stop
2023-03-08T15:39:43.775 INFO:teuthology.orchestra.run.smithi064.stdout:/usr/bin/ceph: stderr
2023-03-08T15:39:42.843+0000 7ff82b06a700 1 -- 172.21.15.64:0/2215059570 shutdown_connections
2023-03-08T15:39:43.775 INFO:teuthology.orchestra.run.smithi064.stdout:/usr/bin/ceph: stderr
2023-03-08T15:39:42.843+0000 7ff82b06a700 1 --2- 172.21.15.64:0/2215059570 >> [v2:172.21.15.64:3300/0,v1:172.21.15.64:6789/0] conn(0x7ff824079ca0 0x7ff82410a6b0 unknown :-1 s=CLOSED pgs=39 cs=0 l=1 rev1=1 crypto rx=0 tx=0 comp rx=0 tx=0).stop
2023-03-08T15:39:43.776 INFO:teuthology.orchestra.run.smithi064.stdout:/usr/bin/ceph: stderr
2023-03-08T15:39:42.843+0000 7ff82b06a700 1 -- 172.21.15.64:0/2215059570 >> 172.21.15.64:0/2215059570 conn(0x7ff8240ffc60 msgr2=0x7ff824102070 unknown :-1 s=STATE_NONE l=0).mark_down
2023-03-08T15:39:43.776 INFO:teuthology.orchestra.run.smithi064.stdout:/usr/bin/ceph: stderr
2023-03-08T15:39:42.843+0000 7ff82b06a700 1 -- 172.21.15.64:0/2215059570 shutdown_connections
2023-03-08T15:39:43.776 INFO:teuthology.orchestra.run.smithi064.stdout:/usr/bin/ceph: stderr
2023-03-08T15:39:42.843+0000 7ff82b06a700 1 -- 172.21.15.64:0/2215059570 wait complete.
2023-03-08T15:39:43.776 INFO:teuthology.orchestra.run.smithi064.stdout:/usr/bin/ceph: stderr
2023-03-08T15:39:42.844+0000 7ff82b06a700 1 Processor -- start
2023-03-08T15:39:43.776 INFO:teuthology.orchestra.run.smithi064.stdout:/usr/bin/ceph: stderr
2023-03-08T15:39:42.844+0000 7ff82b06a700 1 -- start start
2023-03-08T15:39:43.776 INFO:teuthology.orchestra.run.smithi064.stdout:/usr/bin/ceph: stderr
2023-03-08T15:39:42.844+0000 7ff82b06a700 1 --2- >> [v2:172.21.15.64:3300/0,v1:172.21.15.64:6789/0] conn(0x7ff82419b850 0x7ff82419bc60 unknown :-1 s=NONE pgs=0 cs=0 l=1 rev1=0 crypto rx=0 tx=0 comp rx=0 tx=0).connect
2023-03-08T15:39:43.776 INFO:teuthology.orchestra.run.smithi064.stdout:/usr/bin/ceph: stderr
2023-03-08T15:39:42.844+0000 7ff82b06a700 1 -- --> [v2:172.21.15.64:3300/0,v1:172.21.15.64:6789/0] -- mon_getmap magic: 0 v1 -- 0x7ff82419c1a0 con 0x7ff82419b850
2023-03-08T15:39:43.777 INFO:teuthology.orchestra.run.smithi064.stdout:/usr/bin/ceph: stderr
2023-03-08T15:39:42.844+0000 7ff828e06700 1 --2- >> [v2:172.21.15.64:3300/0,v1:172.21.15.64:6789/0] conn(0x7ff82419b850 0x7ff82419bc60 unknown :-1 s=BANNER_CONNECTING pgs=0 cs=0 l=1 rev1=0 crypto rx=0 tx=0 comp rx=0 tx=0)._handle_peer_banner_payload supported=3 required=0
2023-03-08T15:39:43.783 INFO:teuthology.orchestra.run.smithi064.stdout:/usr/bin/ceph: stderr
2023-03-08T15:39:42.844+0000 7ff828e06700 1 --2- >> [v2:172.21.15.64:3300/0,v1:172.21.15.64:6789/0] conn(0x7ff82419b850 0x7ff82419bc60 unknown :-1 s=HELLO_CONNECTING pgs=0 cs=0 l=1 rev1=1 crypto rx=0 tx=0 comp rx=0 tx=0).handle_hello peer v2:172.21.15.64:3300/0 says I am v2:172.21.15.64:48420/0 (socket says 172.21.15.64:48420)
2023-03-08T15:39:43.784 INFO:teuthology.orchestra.run.smithi064.stdout:/usr/bin/ceph: stderr
2023-03-08T15:39:42.844+0000 7ff828e06700 1 -- 172.21.15.64:0/3205263763 learned_addr learned my addr 172.21.15.64:0/3205263763 (peer_addr_for_me v2:172.21.15.64:0/0)
2023-03-08T15:39:43.784 INFO:teuthology.orchestra.run.smithi064.stdout:/usr/bin/ceph: stderr
2023-03-08T15:39:42.844+0000 7ff828e06700 1 -- 172.21.15.64:0/3205263763 --> [v2:172.21.15.64:3300/0,v1:172.21.15.64:6789/0] -- mon_subscribe({config=0+,monmap=0+}) v3 -- 0x7ff818009550 con 0x7ff82419b850
2023-03-08T15:39:43.785 INFO:teuthology.orchestra.run.smithi064.stdout:/usr/bin/ceph: stderr
2023-03-08T15:39:42.844+0000 7ff828e06700 1 --2- 172.21.15.64:0/3205263763 >> [v2:172.21.15.64:3300/0,v1:172.21.15.64:6789/0] conn(0x7ff82419b850 0x7ff82419bc60 secure :-1 s=READY pgs=40 cs=0 l=1 rev1=1 crypto rx=0x7ff818009fb0 tx=0x7ff8180117f0 comp rx=0 tx=0).ready entity=mon.0 client_cookie=0 server_cookie=0 in_seq=0 out_seq=0
2023-03-08T15:39:43.786 INFO:teuthology.orchestra.run.smithi064.stdout:/usr/bin/ceph: stderr
2023-03-08T15:39:42.845+0000 7ff821ffb700 1 -- 172.21.15.64:0/3205263763 <== mon.0 v2:172.21.15.64:3300/0 1 ==== mon_map magic: 0 v1 ==== 205+0+0 (secure 0 0 0) 0x7ff8180037d0 con 0x7ff82419b850
2023-03-08T15:39:43.786 INFO:teuthology.orchestra.run.smithi064.stdout:/usr/bin/ceph: stderr
2023-03-08T15:39:42.845+0000 7ff821ffb700 1 -- 172.21.15.64:0/3205263763 <== mon.0 v2:172.21.15.64:3300/0 2 ==== config(26 keys) v1 ==== 1074+0+0 (secure 0 0 0) 0x7ff81801f070 con 0x7ff82419b850
2023-03-08T15:39:43.786 INFO:teuthology.orchestra.run.smithi064.stdout:/usr/bin/ceph: stderr
2023-03-08T15:39:42.845+0000 7ff821ffb700 1 -- 172.21.15.64:0/3205263763 <== mon.0 v2:172.21.15.64:3300/0 3 ==== mon_map magic: 0 v1 ==== 205+0+0 (secure 0 0 0) 0x7ff818026dc0 con 0x7ff82419b850
2023-03-08T15:39:43.786 INFO:teuthology.orchestra.run.smithi064.stdout:/usr/bin/ceph: stderr
2023-03-08T15:39:42.845+0000 7ff82b06a700 1 -- 172.21.15.64:0/3205263763 --> [v2:172.21.15.64:3300/0,v1:172.21.15.64:6789/0] -- mon_subscribe({mgrmap=0+}) v3 -- 0x7ff82410bb80 con 0x7ff82419b850
2023-03-08T15:39:43.787 INFO:teuthology.orchestra.run.smithi064.stdout:/usr/bin/ceph: stderr
2023-03-08T15:39:42.845+0000 7ff82b06a700 1 -- 172.21.15.64:0/3205263763 --> [v2:172.21.15.64:3300/0,v1:172.21.15.64:6789/0] -- mon_subscribe({osdmap=0}) v3 -- 0x7ff82410b9f0 con 0x7ff82419b850
2023-03-08T15:39:43.787 INFO:teuthology.orchestra.run.smithi064.stdout:/usr/bin/ceph: stderr
2023-03-08T15:39:42.846+0000 7ff821ffb700 1 -- 172.21.15.64:0/3205263763 <== mon.0 v2:172.21.15.64:3300/0 4 ==== mgrmap(e 8) v1 ==== 44618+0+0 (secure 0 0 0) 0x7ff818017020 con 0x7ff82419b850
2023-03-08T15:39:43.787 INFO:teuthology.orchestra.run.smithi064.stdout:/usr/bin/ceph: stderr
2023-03-08T15:39:42.846+0000 7ff821ffb700 1 --2- 172.21.15.64:0/3205263763 >> [v2:172.21.15.64:6800/855624242,v1:172.21.15.64:6801/855624242] conn(0x7ff814037d30 0x7ff81403a1e0 unknown :-1 s=NONE pgs=0 cs=0 l=1 rev1=0 crypto rx=0 tx=0 comp rx=0 tx=0).connect
2023-03-08T15:39:43.787 INFO:teuthology.orchestra.run.smithi064.stdout:/usr/bin/ceph: stderr
2023-03-08T15:39:42.846+0000 7ff82b06a700 1 -- 172.21.15.64:0/3205263763 --> [v2:172.21.15.64:3300/0,v1:172.21.15.64:6789/0] -- mon_command({"prefix": "get_command_descriptions"} v 0) v1 -- 0x7ff824195710 con 0x7ff82419b850
2023-03-08T15:39:43.787 INFO:teuthology.orchestra.run.smithi064.stdout:/usr/bin/ceph: stderr
2023-03-08T15:39:42.846+0000 7ff821ffb700 1 -- 172.21.15.64:0/3205263763 <== mon.0 v2:172.21.15.64:3300/0 5 ==== osd_map(2..2 src has 1..2) v4 ==== 940+0+0 (secure 0 0 0) 0x7ff818021070 con 0x7ff82419b850
2023-03-08T15:39:43.787 INFO:teuthology.orchestra.run.smithi064.stdout:/usr/bin/ceph: stderr
2023-03-08T15:39:42.846+0000 7ff823fff700 1 --2- 172.21.15.64:0/3205263763 >> [v2:172.21.15.64:6800/855624242,v1:172.21.15.64:6801/855624242] conn(0x7ff814037d30 0x7ff81403a1e0 unknown :-1 s=BANNER_CONNECTING pgs=0 cs=0 l=1 rev1=0 crypto rx=0 tx=0 comp rx=0 tx=0)._handle_peer_banner_payload supported=3 required=0
2023-03-08T15:39:43.787 INFO:teuthology.orchestra.run.smithi064.stdout:/usr/bin/ceph: stderr
2023-03-08T15:39:42.847+0000 7ff823fff700 1 --2- 172.21.15.64:0/3205263763 >> [v2:172.21.15.64:6800/855624242,v1:172.21.15.64:6801/855624242] conn(0x7ff814037d30 0x7ff81403a1e0 secure :-1 s=READY pgs=8 cs=0 l=1 rev1=1 crypto rx=0x7ff810006fd0 tx=0x7ff810006e40 comp rx=0 tx=0).ready entity=mgr.14120 client_cookie=0 server_cookie=0 in_seq=0 out_seq=0
2023-03-08T15:39:43.788 INFO:teuthology.orchestra.run.smithi064.stdout:/usr/bin/ceph: stderr
2023-03-08T15:39:42.851+0000 7ff821ffb700 1 -- 172.21.15.64:0/3205263763 <== mon.0 v2:172.21.15.64:3300/0 6 ==== mon_command_ack([{"prefix": "get_command_descriptions"}]=0 v0) v1 ==== 72+0+177564 (secure 0 0 0) 0x7ff81802e580 con 0x7ff82419b850
2023-03-08T15:39:43.788 INFO:teuthology.orchestra.run.smithi064.stdout:/usr/bin/ceph: stderr
2023-03-08T15:39:43.216+0000 7ff82b06a700 1 -- 172.21.15.64:0/3205263763 --> [v2:172.21.15.64:6800/855624242,v1:172.21.15.64:6801/855624242] -- mgr_command(tid 0: {"prefix": "cephadm set-user", "user": "root", "target": ["mon-mgr", ""]}) v1 -- 0x7ff824061840 con 0x7ff814037d30
2023-03-08T15:39:43.788 INFO:teuthology.orchestra.run.smithi064.stdout:/usr/bin/ceph: stderr
2023-03-08T15:39:43.217+0000 7ff821ffb700 1 -- 172.21.15.64:0/3205263763 <== mgr.14120 v2:172.21.15.64:6800/855624242 1 ==== mgr_command_reply(tid 0: 0 ) v1 ==== 8+0+16 (secure 0 0 0) 0x7ff824061840 con 0x7ff814037d30
2023-03-08T15:39:43.788 INFO:teuthology.orchestra.run.smithi064.stdout:/usr/bin/ceph: stderr
2023-03-08T15:39:43.219+0000 7ff82b06a700 1 -- 172.21.15.64:0/3205263763 >> [v2:172.21.15.64:6800/855624242,v1:172.21.15.64:6801/855624242] conn(0x7ff814037d30 msgr2=0x7ff81403a1e0 secure :-1 s=STATE_CONNECTION_ESTABLISHED l=1).mark_down
2023-03-08T15:39:43.788 INFO:teuthology.orchestra.run.smithi064.stdout:/usr/bin/ceph: stderr
2023-03-08T15:39:43.219+0000 7ff82b06a700 1 --2- 172.21.15.64:0/3205263763 >> [v2:172.21.15.64:6800/855624242,v1:172.21.15.64:6801/855624242] conn(0x7ff814037d30 0x7ff81403a1e0 secure :-1 s=READY pgs=8 cs=0 l=1 rev1=1 crypto rx=0x7ff810006fd0 tx=0x7ff810006e40 comp rx=0 tx=0).stop
2023-03-08T15:39:43.788 INFO:teuthology.orchestra.run.smithi064.stdout:/usr/bin/ceph: stderr
2023-03-08T15:39:43.219+0000 7ff82b06a700 1 -- 172.21.15.64:0/3205263763 >> [v2:172.21.15.64:3300/0,v1:172.21.15.64:6789/0] conn(0x7ff82419b850 msgr2=0x7ff82419bc60 secure :-1 s=STATE_CONNECTION_ESTABLISHED l=1).mark_down
2023-03-08T15:39:43.788 INFO:teuthology.orchestra.run.smithi064.stdout:/usr/bin/ceph: stderr
2023-03-08T15:39:43.219+0000 7ff82b06a700 1 --2- 172.21.15.64:0/3205263763 >> [v2:172.21.15.64:3300/0,v1:172.21.15.64:6789/0] conn(0x7ff82419b850 0x7ff82419bc60 secure :-1 s=READY pgs=40 cs=0 l=1 rev1=1 crypto rx=0x7ff818009fb0 tx=0x7ff8180117f0 comp rx=0 tx=0).stop
2023-03-08T15:39:43.789 INFO:teuthology.orchestra.run.smithi064.stdout:/usr/bin/ceph: stderr
2023-03-08T15:39:43.219+0000 7ff82b06a700 1 -- 172.21.15.64:0/3205263763 shutdown_connections
2023-03-08T15:39:43.789 INFO:teuthology.orchestra.run.smithi064.stdout:/usr/bin/ceph: stderr
2023-03-08T15:39:43.219+0000 7ff82b06a700 1 --2- 172.21.15.64:0/3205263763 >> [v2:172.21.15.64:6800/855624242,v1:172.21.15.64:6801/855624242] conn(0x7ff814037d30 0x7ff81403a1e0 unknown :-1 s=CLOSED pgs=8 cs=0 l=1 rev1=1 crypto rx=0 tx=0 comp rx=0 tx=0).stop
2023-03-08T15:39:43.789 INFO:teuthology.orchestra.run.smithi064.stdout:/usr/bin/ceph: stderr
2023-03-08T15:39:43.219+0000 7ff82b06a700 1 --2- 172.21.15.64:0/3205263763 >> [v2:172.21.15.64:3300/0,v1:172.21.15.64:6789/0] conn(0x7ff82419b850 0x7ff82419bc60 unknown :-1 s=CLOSED pgs=40 cs=0 l=1 rev1=1 crypto rx=0 tx=0 comp rx=0 tx=0).stop
2023-03-08T15:39:43.789 INFO:teuthology.orchestra.run.smithi064.stdout:/usr/bin/ceph: stderr
2023-03-08T15:39:43.219+0000 7ff82b06a700 1 -- 172.21.15.64:0/3205263763 >> 172.21.15.64:0/3205263763 conn(0x7ff8240ffc60 msgr2=0x7ff824102020 unknown :-1 s=STATE_NONE l=0).mark_down
2023-03-08T15:39:43.789 INFO:teuthology.orchestra.run.smithi064.stdout:/usr/bin/ceph: stderr
2023-03-08T15:39:43.220+0000 7ff82b06a700 1 -- 172.21.15.64:0/3205263763 shutdown_connections
2023-03-08T15:39:43.789 INFO:teuthology.orchestra.run.smithi064.stdout:/usr/bin/ceph: stderr
2023-03-08T15:39:43.220+0000 7ff82b06a700 1 -- 172.21.15.64:0/3205263763 wait complete.
2023-03-08T15:39:43.789 INFO:teuthology.orchestra.run.smithi064.stdout:Generating ssh key...
2023-03-08T15:39:44.000 INFO:journalctl@ceph.mon.a.smithi064.stdout:Mar 08 15:39:43 smithi064 ceph-mon[92555]: from='client.14134 -' entity='client.admin' cmd=[{"prefix": "cephadm set-user", "user": "root", "target": ["mon-mgr", ""]}]: dispatch
2023-03-08T15:39:44.001 INFO:journalctl@ceph.mon.a.smithi064.stdout:Mar 08 15:39:43 smithi064 ceph-mon[92555]: [08/Mar/2023:15:39:43] ENGINE Bus STARTING
2023-03-08T15:39:45.149 INFO:journalctl@ceph.mon.a.smithi064.stdout:Mar 08 15:39:44 smithi064 ceph-mon[92555]: [08/Mar/2023:15:39:43] ENGINE Serving on https://172.21.15.64:7150
2023-03-08T15:39:45.149 INFO:journalctl@ceph.mon.a.smithi064.stdout:Mar 08 15:39:44 smithi064 ceph-mon[92555]: [08/Mar/2023:15:39:44] ENGINE Serving on http://172.21.15.64:8765
2023-03-08T15:39:45.150 INFO:journalctl@ceph.mon.a.smithi064.stdout:Mar 08 15:39:44 smithi064 ceph-mon[92555]: [08/Mar/2023:15:39:44] ENGINE Bus STARTED
2023-03-08T15:39:45.150 INFO:journalctl@ceph.mon.a.smithi064.stdout:Mar 08 15:39:44 smithi064 ceph-mon[92555]: from='mgr.14120 172.21.15.64:0/1714972184' entity='mgr.x' cmd=[{"prefix": "config dump", "format": "json"}]: dispatch
2023-03-08T15:39:45.150 INFO:journalctl@ceph.mon.a.smithi064.stdout:Mar 08 15:39:44 smithi064 ceph-mon[92555]: from='client.14136 -' entity='client.admin' cmd=[{"prefix": "cephadm generate-key", "target": ["mon-mgr", ""]}]: dispatch
2023-03-08T15:39:45.150 INFO:journalctl@ceph.mon.a.smithi064.stdout:Mar 08 15:39:44 smithi064 ceph-mon[92555]: Generating ssh key...
2023-03-08T15:39:45.150 INFO:journalctl@ceph.mon.a.smithi064.stdout:Mar 08 15:39:44 smithi064 ceph-mon[92555]: from='mgr.14120 172.21.15.64:0/1714972184' entity='mgr.x'
2023-03-08T15:39:45.150 INFO:journalctl@ceph.mon.a.smithi064.stdout:Mar 08 15:39:44 smithi064 ceph-mon[92555]: from='mgr.14120 172.21.15.64:0/1714972184' entity='mgr.x'
2023-03-08T15:39:45.151 INFO:journalctl@ceph.mgr.x.smithi064.stdout:Mar 08 15:39:44 smithi064 ceph-3b71f246-bdc7-11ed-9aec-001a4aab830c-mgr-x[92798]: Generating public/private rsa key pair.
2023-03-08T15:39:45.151 INFO:journalctl@ceph.mgr.x.smithi064.stdout:Mar 08 15:39:44 smithi064 ceph-3b71f246-bdc7-11ed-9aec-001a4aab830c-mgr-x[92798]: Your identification has been saved in /tmp/tmpe4oe0atj/key.
2023-03-08T15:39:45.151 INFO:journalctl@ceph.mgr.x.smithi064.stdout:Mar 08 15:39:44 smithi064 ceph-3b71f246-bdc7-11ed-9aec-001a4aab830c-mgr-x[92798]: Your public key has been saved in /tmp/tmpe4oe0atj/key.pub.
2023-03-08T15:39:45.151 INFO:journalctl@ceph.mgr.x.smithi064.stdout:Mar 08 15:39:44 smithi064 ceph-3b71f246-bdc7-11ed-9aec-001a4aab830c-mgr-x[92798]: The key fingerprint is:
2023-03-08T15:39:45.151 INFO:journalctl@ceph.mgr.x.smithi064.stdout:Mar 08 15:39:44 smithi064 ceph-3b71f246-bdc7-11ed-9aec-001a4aab830c-mgr-x[92798]: SHA256:dzUz2fm1v/CtkF1QBG6v2sbcUP65hx/iyX0tAyvqPqo ceph-3b71f246-bdc7-11ed-9aec-001a4aab830c
2023-03-08T15:39:45.151 INFO:journalctl@ceph.mgr.x.smithi064.stdout:Mar 08 15:39:44 smithi064 ceph-3b71f246-bdc7-11ed-9aec-001a4aab830c-mgr-x[92798]: The key's randomart image is:
2023-03-08T15:39:45.152 INFO:journalctl@ceph.mgr.x.smithi064.stdout:Mar 08 15:39:44 smithi064 ceph-3b71f246-bdc7-11ed-9aec-001a4aab830c-mgr-x[92798]: +---[RSA 3072]----+
2023-03-08T15:39:45.152 INFO:journalctl@ceph.mgr.x.smithi064.stdout:Mar 08 15:39:44 smithi064 ceph-3b71f246-bdc7-11ed-9aec-001a4aab830c-mgr-x[92798]: | .oo|
2023-03-08T15:39:45.152 INFO:journalctl@ceph.mgr.x.smithi064.stdout:Mar 08 15:39:44 smithi064 ceph-3b71f246-bdc7-11ed-9aec-001a4aab830c-mgr-x[92798]: | . +.|
2023-03-08T15:39:45.152 INFO:journalctl@ceph.mgr.x.smithi064.stdout:Mar 08 15:39:44 smithi064 ceph-3b71f246-bdc7-11ed-9aec-001a4aab830c-mgr-x[92798]: | X.o|
2023-03-08T15:39:45.152 INFO:journalctl@ceph.mgr.x.smithi064.stdout:Mar 08 15:39:44 smithi064 ceph-3b71f246-bdc7-11ed-9aec-001a4aab830c-mgr-x[92798]: | o *=|
2023-03-08T15:39:45.152 INFO:journalctl@ceph.mgr.x.smithi064.stdout:Mar 08 15:39:44 smithi064 ceph-3b71f246-bdc7-11ed-9aec-001a4aab830c-mgr-x[92798]: | S . . ++|
2023-03-08T15:39:45.152 INFO:journalctl@ceph.mgr.x.smithi064.stdout:Mar 08 15:39:44 smithi064 ceph-3b71f246-bdc7-11ed-9aec-001a4aab830c-mgr-x[92798]: | . ..o.oo|
2023-03-08T15:39:45.153 INFO:journalctl@ceph.mgr.x.smithi064.stdout:Mar 08 15:39:44 smithi064 ceph-3b71f246-bdc7-11ed-9aec-001a4aab830c-mgr-x[92798]: | oBo==|
2023-03-08T15:39:45.153 INFO:journalctl@ceph.mgr.x.smithi064.stdout:Mar 08 15:39:44 smithi064 ceph-3b71f246-bdc7-11ed-9aec-001a4aab830c-mgr-x[92798]: | . . ++&.X|
2023-03-08T15:39:45.153 INFO:journalctl@ceph.mgr.x.smithi064.stdout:Mar 08 15:39:44 smithi064 ceph-3b71f246-bdc7-11ed-9aec-001a4aab830c-mgr-x[92798]: | E..++o ..=oX*|
2023-03-08T15:39:45.153 INFO:journalctl@ceph.mgr.x.smithi064.stdout:Mar 08 15:39:44 smithi064 ceph-3b71f246-bdc7-11ed-9aec-001a4aab830c-mgr-x[92798]: +----[SHA256]-----+
2023-03-08T15:39:45.217 INFO:teuthology.orchestra.run.smithi064.stdout:/usr/bin/ceph: stderr
2023-03-08T15:39:44.289+0000 7f5ad0ad4700 1 Processor -- start
2023-03-08T15:39:45.217 INFO:teuthology.orchestra.run.smithi064.stdout:/usr/bin/ceph: stderr
2023-03-08T15:39:44.289+0000 7f5ad0ad4700 1 -- start start
2023-03-08T15:39:45.217 INFO:teuthology.orchestra.run.smithi064.stdout:/usr/bin/ceph: stderr
2023-03-08T15:39:44.289+0000 7f5ad0ad4700 1 --2- >> [v2:172.21.15.64:3300/0,v1:172.21.15.64:6789/0] conn(0x7f5acc106e40 0x7f5acc107250 unknown :-1 s=NONE pgs=0 cs=0 l=0 rev1=0 crypto rx=0 tx=0 comp rx=0 tx=0).connect
2023-03-08T15:39:45.218 INFO:teuthology.orchestra.run.smithi064.stdout:/usr/bin/ceph: stderr
2023-03-08T15:39:44.289+0000 7f5ad0ad4700 1 -- --> [v2:172.21.15.64:3300/0,v1:172.21.15.64:6789/0] -- mon_getmap magic: 0 v1 -- 0x7f5acc107790 con 0x7f5acc106e40
2023-03-08T15:39:45.218 INFO:teuthology.orchestra.run.smithi064.stdout:/usr/bin/ceph: stderr
2023-03-08T15:39:44.290+0000 7f5aca59c700 1 --2- >> [v2:172.21.15.64:3300/0,v1:172.21.15.64:6789/0] conn(0x7f5acc106e40 0x7f5acc107250 unknown :-1 s=BANNER_CONNECTING pgs=0 cs=0 l=0 rev1=0 crypto rx=0 tx=0 comp rx=0 tx=0)._handle_peer_banner_payload supported=3 required=0
2023-03-08T15:39:45.219 INFO:teuthology.orchestra.run.smithi064.stdout:/usr/bin/ceph: stderr
2023-03-08T15:39:44.290+0000 7f5aca59c700 1 --2- >> [v2:172.21.15.64:3300/0,v1:172.21.15.64:6789/0] conn(0x7f5acc106e40 0x7f5acc107250 unknown :-1 s=HELLO_CONNECTING pgs=0 cs=0 l=0 rev1=1 crypto rx=0 tx=0 comp rx=0 tx=0).handle_hello peer v2:172.21.15.64:3300/0 says I am v2:172.21.15.64:48432/0 (socket says 172.21.15.64:48432)
2023-03-08T15:39:45.219 INFO:teuthology.orchestra.run.smithi064.stdout:/usr/bin/ceph: stderr
2023-03-08T15:39:44.290+0000 7f5aca59c700 1 -- 172.21.15.64:0/3512683405 learned_addr learned my addr 172.21.15.64:0/3512683405 (peer_addr_for_me v2:172.21.15.64:0/0)
2023-03-08T15:39:45.219 INFO:teuthology.orchestra.run.smithi064.stdout:/usr/bin/ceph: stderr
2023-03-08T15:39:44.290+0000 7f5aca59c700 1 -- 172.21.15.64:0/3512683405 --> [v2:172.21.15.64:3300/0,v1:172.21.15.64:6789/0] -- mon_subscribe({config=0+,monmap=0+}) v3 -- 0x7f5acc105410 con 0x7f5acc106e40
2023-03-08T15:39:45.219 INFO:teuthology.orchestra.run.smithi064.stdout:/usr/bin/ceph: stderr
2023-03-08T15:39:44.290+0000 7f5aca59c700 1 --2- 172.21.15.64:0/3512683405 >> [v2:172.21.15.64:3300/0,v1:172.21.15.64:6789/0] conn(0x7f5acc106e40 0x7f5acc107250 secure :-1 s=READY pgs=41 cs=0 l=1 rev1=1 crypto rx=0x7f5abc0098a0 tx=0x7f5abc009bb0 comp rx=0 tx=0).ready entity=mon.0 client_cookie=ec0f2f5601a07522 server_cookie=0 in_seq=0 out_seq=0
2023-03-08T15:39:45.219 INFO:teuthology.orchestra.run.smithi064.stdout:/usr/bin/ceph: stderr
2023-03-08T15:39:44.290+0000 7f5ac959a700 1 -- 172.21.15.64:0/3512683405 <== mon.0 v2:172.21.15.64:3300/0 1 ==== mon_map magic: 0 v1 ==== 205+0+0 (secure 0 0 0) 0x7f5abc004160 con 0x7f5acc106e40
2023-03-08T15:39:45.220 INFO:teuthology.orchestra.run.smithi064.stdout:/usr/bin/ceph: stderr
2023-03-08T15:39:44.290+0000 7f5ac959a700 1 -- 172.21.15.64:0/3512683405 <== mon.0 v2:172.21.15.64:3300/0 2 ==== config(26 keys) v1 ==== 1074+0+0 (secure 0 0 0) 0x7f5abc0042c0 con 0x7f5acc106e40
2023-03-08T15:39:45.220 INFO:teuthology.orchestra.run.smithi064.stdout:/usr/bin/ceph: stderr
2023-03-08T15:39:44.290+0000 7f5ac959a700 1 -- 172.21.15.64:0/3512683405 <== mon.0 v2:172.21.15.64:3300/0 3 ==== mon_map magic: 0 v1 ==== 205+0+0 (secure 0 0 0) 0x7f5abc011a00 con 0x7f5acc106e40
2023-03-08T15:39:45.220 INFO:teuthology.orchestra.run.smithi064.stdout:/usr/bin/ceph: stderr
2023-03-08T15:39:44.291+0000 7f5ad0ad4700 1 -- 172.21.15.64:0/3512683405 >> [v2:172.21.15.64:3300/0,v1:172.21.15.64:6789/0] conn(0x7f5acc106e40 msgr2=0x7f5acc107250 secure :-1 s=STATE_CONNECTION_ESTABLISHED l=1).mark_down
2023-03-08T15:39:45.220 INFO:teuthology.orchestra.run.smithi064.stdout:/usr/bin/ceph: stderr
2023-03-08T15:39:44.291+0000 7f5ad0ad4700 1 --2- 172.21.15.64:0/3512683405 >> [v2:172.21.15.64:3300/0,v1:172.21.15.64:6789/0] conn(0x7f5acc106e40 0x7f5acc107250 secure :-1 s=READY pgs=41 cs=0 l=1 rev1=1 crypto rx=0x7f5abc0098a0 tx=0x7f5abc009bb0 comp rx=0 tx=0).stop
2023-03-08T15:39:45.220 INFO:teuthology.orchestra.run.smithi064.stdout:/usr/bin/ceph: stderr
2023-03-08T15:39:44.291+0000 7f5ad0ad4700 1 -- 172.21.15.64:0/3512683405 shutdown_connections
2023-03-08T15:39:45.220 INFO:teuthology.orchestra.run.smithi064.stdout:/usr/bin/ceph: stderr
2023-03-08T15:39:44.291+0000 7f5ad0ad4700 1 --2- 172.21.15.64:0/3512683405 >> [v2:172.21.15.64:3300/0,v1:172.21.15.64:6789/0] conn(0x7f5acc106e40 0x7f5acc107250 unknown :-1 s=CLOSED pgs=41 cs=0 l=1 rev1=1 crypto rx=0 tx=0 comp rx=0 tx=0).stop
2023-03-08T15:39:45.220 INFO:teuthology.orchestra.run.smithi064.stdout:/usr/bin/ceph: stderr
2023-03-08T15:39:44.291+0000 7f5ad0ad4700 1 -- 172.21.15.64:0/3512683405 >> 172.21.15.64:0/3512683405 conn(0x7f5acc100d80 msgr2=0x7f5acc1031b0 unknown :-1 s=STATE_NONE l=0).mark_down
2023-03-08T15:39:45.220 INFO:teuthology.orchestra.run.smithi064.stdout:/usr/bin/ceph: stderr
2023-03-08T15:39:44.291+0000 7f5ad0ad4700 1 -- 172.21.15.64:0/3512683405 shutdown_connections
2023-03-08T15:39:45.221 INFO:teuthology.orchestra.run.smithi064.stdout:/usr/bin/ceph: stderr
2023-03-08T15:39:44.291+0000 7f5ad0ad4700 1 -- 172.21.15.64:0/3512683405 wait complete.
2023-03-08T15:39:45.221 INFO:teuthology.orchestra.run.smithi064.stdout:/usr/bin/ceph: stderr
2023-03-08T15:39:44.292+0000 7f5ad0ad4700 1 Processor -- start
2023-03-08T15:39:45.221 INFO:teuthology.orchestra.run.smithi064.stdout:/usr/bin/ceph: stderr
2023-03-08T15:39:44.292+0000 7f5ad0ad4700 1 -- start start
2023-03-08T15:39:45.221 INFO:teuthology.orchestra.run.smithi064.stdout:/usr/bin/ceph: stderr
2023-03-08T15:39:44.292+0000 7f5ad0ad4700 1 --2- >> [v2:172.21.15.64:3300/0,v1:172.21.15.64:6789/0] conn(0x7f5acc106e40 0x7f5acc07bbf0 unknown :-1 s=NONE pgs=0 cs=0 l=1 rev1=0 crypto rx=0 tx=0 comp rx=0 tx=0).connect
2023-03-08T15:39:45.222 INFO:teuthology.orchestra.run.smithi064.stdout:/usr/bin/ceph: stderr
2023-03-08T15:39:44.292+0000 7f5ad0ad4700 1 -- --> [v2:172.21.15.64:3300/0,v1:172.21.15.64:6789/0] -- mon_getmap magic: 0 v1 -- 0x7f5acc07c130 con 0x7f5acc106e40
2023-03-08T15:39:45.222 INFO:teuthology.orchestra.run.smithi064.stdout:/usr/bin/ceph: stderr
2023-03-08T15:39:44.292+0000 7f5aca59c700 1 --2- >> [v2:172.21.15.64:3300/0,v1:172.21.15.64:6789/0] conn(0x7f5acc106e40 0x7f5acc07bbf0 unknown :-1 s=BANNER_CONNECTING pgs=0 cs=0 l=1 rev1=0 crypto rx=0 tx=0 comp rx=0 tx=0)._handle_peer_banner_payload supported=3 required=0
2023-03-08T15:39:45.222 INFO:teuthology.orchestra.run.smithi064.stdout:/usr/bin/ceph: stderr
2023-03-08T15:39:44.292+0000 7f5aca59c700 1 --2- >> [v2:172.21.15.64:3300/0,v1:172.21.15.64:6789/0] conn(0x7f5acc106e40 0x7f5acc07bbf0 unknown :-1 s=HELLO_CONNECTING pgs=0 cs=0 l=1 rev1=1 crypto rx=0 tx=0 comp rx=0 tx=0).handle_hello peer v2:172.21.15.64:3300/0 says I am v2:172.21.15.64:48434/0 (socket says 172.21.15.64:48434)
2023-03-08T15:39:45.225 INFO:teuthology.orchestra.run.smithi064.stdout:/usr/bin/ceph: stderr
2023-03-08T15:39:44.292+0000 7f5aca59c700 1 -- 172.21.15.64:0/1838356179 learned_addr learned my addr 172.21.15.64:0/1838356179 (peer_addr_for_me v2:172.21.15.64:0/0)
2023-03-08T15:39:45.225 INFO:teuthology.orchestra.run.smithi064.stdout:/usr/bin/ceph: stderr
2023-03-08T15:39:44.292+0000 7f5aca59c700 1 -- 172.21.15.64:0/1838356179 --> [v2:172.21.15.64:3300/0,v1:172.21.15.64:6789/0] -- mon_subscribe({config=0+,monmap=0+}) v3 -- 0x7f5abc009550 con 0x7f5acc106e40
2023-03-08T15:39:45.225 INFO:teuthology.orchestra.run.smithi064.stdout:/usr/bin/ceph: stderr
2023-03-08T15:39:44.293+0000 7f5aca59c700 1 --2- 172.21.15.64:0/1838356179 >> [v2:172.21.15.64:3300/0,v1:172.21.15.64:6789/0] conn(0x7f5acc106e40 0x7f5acc07bbf0 secure :-1 s=READY pgs=42 cs=0 l=1 rev1=1 crypto rx=0x7f5abc009fb0 tx=0x7f5abc011ad0 comp rx=0 tx=0).ready entity=mon.0 client_cookie=0 server_cookie=0 in_seq=0 out_seq=0
2023-03-08T15:39:45.226 INFO:teuthology.orchestra.run.smithi064.stdout:/usr/bin/ceph: stderr
2023-03-08T15:39:44.293+0000 7f5abb7fe700 1 -- 172.21.15.64:0/1838356179 <== mon.0 v2:172.21.15.64:3300/0 1 ==== mon_map magic: 0 v1 ==== 205+0+0 (secure 0 0 0) 0x7f5abc003a40 con 0x7f5acc106e40
2023-03-08T15:39:45.226 INFO:teuthology.orchestra.run.smithi064.stdout:/usr/bin/ceph: stderr
2023-03-08T15:39:44.293+0000 7f5abb7fe700 1 -- 172.21.15.64:0/1838356179 <== mon.0 v2:172.21.15.64:3300/0 2 ==== config(26 keys) v1 ==== 1074+0+0 (secure 0 0 0) 0x7f5abc003ba0 con 0x7f5acc106e40
2023-03-08T15:39:45.226 INFO:teuthology.orchestra.run.smithi064.stdout:/usr/bin/ceph: stderr
2023-03-08T15:39:44.293+0000 7f5abb7fe700 1 -- 172.21.15.64:0/1838356179 <== mon.0 v2:172.21.15.64:3300/0 3 ==== mon_map magic: 0 v1 ==== 205+0+0 (secure 0 0 0) 0x7f5abc01a750 con 0x7f5acc106e40
2023-03-08T15:39:45.226 INFO:teuthology.orchestra.run.smithi064.stdout:/usr/bin/ceph: stderr
2023-03-08T15:39:44.293+0000 7f5ad0ad4700 1 -- 172.21.15.64:0/1838356179 --> [v2:172.21.15.64:3300/0,v1:172.21.15.64:6789/0] -- mon_subscribe({mgrmap=0+}) v3 -- 0x7f5acc109c20 con 0x7f5acc106e40
2023-03-08T15:39:45.226 INFO:teuthology.orchestra.run.smithi064.stdout:/usr/bin/ceph: stderr
2023-03-08T15:39:44.293+0000 7f5ad0ad4700 1 -- 172.21.15.64:0/1838356179 --> [v2:172.21.15.64:3300/0,v1:172.21.15.64:6789/0] -- mon_subscribe({osdmap=0}) v3 -- 0x7f5acc106270 con 0x7f5acc106e40
2023-03-08T15:39:45.226 INFO:teuthology.orchestra.run.smithi064.stdout:/usr/bin/ceph: stderr
2023-03-08T15:39:44.294+0000 7f5abb7fe700 1 -- 172.21.15.64:0/1838356179 <== mon.0 v2:172.21.15.64:3300/0 4 ==== mgrmap(e 8) v1 ==== 44618+0+0 (secure 0 0 0) 0x7f5abc017020 con 0x7f5acc106e40
2023-03-08T15:39:45.226 INFO:teuthology.orchestra.run.smithi064.stdout:/usr/bin/ceph: stderr
2023-03-08T15:39:44.294+0000 7f5abb7fe700 1 --2- 172.21.15.64:0/1838356179 >> [v2:172.21.15.64:6800/855624242,v1:172.21.15.64:6801/855624242] conn(0x7f5ab4037d80 0x7f5ab403a230 unknown :-1 s=NONE pgs=0 cs=0 l=1 rev1=0 crypto rx=0 tx=0 comp rx=0 tx=0).connect
2023-03-08T15:39:45.227 INFO:teuthology.orchestra.run.smithi064.stdout:/usr/bin/ceph: stderr
2023-03-08T15:39:44.294+0000 7f5abb7fe700 1 -- 172.21.15.64:0/1838356179 <== mon.0 v2:172.21.15.64:3300/0 5 ==== osd_map(2..2 src has 1..2) v4 ==== 940+0+0 (secure 0 0 0) 0x7f5abc04b5e0 con 0x7f5acc106e40
2023-03-08T15:39:45.227 INFO:teuthology.orchestra.run.smithi064.stdout:/usr/bin/ceph: stderr
2023-03-08T15:39:44.294+0000 7f5ad0ad4700 1 -- 172.21.15.64:0/1838356179 --> [v2:172.21.15.64:3300/0,v1:172.21.15.64:6789/0] -- mon_command({"prefix": "get_command_descriptions"} v 0) v1 -- 0x7f5acc109db0 con 0x7f5acc106e40
2023-03-08T15:39:45.227 INFO:teuthology.orchestra.run.smithi064.stdout:/usr/bin/ceph: stderr
2023-03-08T15:39:44.294+0000 7f5ac9d9b700 1 --2- 172.21.15.64:0/1838356179 >> [v2:172.21.15.64:6800/855624242,v1:172.21.15.64:6801/855624242] conn(0x7f5ab4037d80 0x7f5ab403a230 unknown :-1 s=BANNER_CONNECTING pgs=0 cs=0 l=1 rev1=0 crypto rx=0 tx=0 comp rx=0 tx=0)._handle_peer_banner_payload supported=3 required=0
2023-03-08T15:39:45.227 INFO:teuthology.orchestra.run.smithi064.stdout:/usr/bin/ceph: stderr
2023-03-08T15:39:44.294+0000 7f5ac9d9b700 1 --2- 172.21.15.64:0/1838356179 >> [v2:172.21.15.64:6800/855624242,v1:172.21.15.64:6801/855624242] conn(0x7f5ab4037d80 0x7f5ab403a230 secure :-1 s=READY pgs=9 cs=0 l=1 rev1=1 crypto rx=0x7f5ac0006fd0 tx=0x7f5ac0006e40 comp rx=0 tx=0).ready entity=mgr.14120 client_cookie=0 server_cookie=0 in_seq=0 out_seq=0
2023-03-08T15:39:45.227 INFO:teuthology.orchestra.run.smithi064.stdout:/usr/bin/ceph: stderr
2023-03-08T15:39:44.299+0000 7f5abb7fe700 1 -- 172.21.15.64:0/1838356179 <== mon.0 v2:172.21.15.64:3300/0 6 ==== mon_command_ack([{"prefix": "get_command_descriptions"}]=0 v0) v1 ==== 72+0+177564 (secure 0 0 0) 0x7f5abc01a980 con 0x7f5acc106e40
2023-03-08T15:39:45.227 INFO:teuthology.orchestra.run.smithi064.stdout:/usr/bin/ceph: stderr
2023-03-08T15:39:44.658+0000 7f5ad0ad4700 1 -- 172.21.15.64:0/1838356179 --> [v2:172.21.15.64:6800/855624242,v1:172.21.15.64:6801/855624242] -- mgr_command(tid 0: {"prefix": "cephadm generate-key", "target": ["mon-mgr", ""]}) v1 -- 0x7f5acc07aee0 con 0x7f5ab4037d80
2023-03-08T15:39:45.228 INFO:teuthology.orchestra.run.smithi064.stdout:/usr/bin/ceph: stderr
2023-03-08T15:39:44.722+0000 7f5abb7fe700 1 -- 172.21.15.64:0/1838356179 <== mgr.14120 v2:172.21.15.64:6800/855624242 1 ==== mgr_command_reply(tid 0: 0 ) v1 ==== 8+0+0 (secure 0 0 0) 0x7f5acc07aee0 con 0x7f5ab4037d80
2023-03-08T15:39:45.228 INFO:teuthology.orchestra.run.smithi064.stdout:/usr/bin/ceph: stderr
2023-03-08T15:39:44.724+0000 7f5ad0ad4700 1 -- 172.21.15.64:0/1838356179 >> [v2:172.21.15.64:6800/855624242,v1:172.21.15.64:6801/855624242] conn(0x7f5ab4037d80 msgr2=0x7f5ab403a230 secure :-1 s=STATE_CONNECTION_ESTABLISHED l=1).mark_down
2023-03-08T15:39:45.228 INFO:teuthology.orchestra.run.smithi064.stdout:/usr/bin/ceph: stderr
2023-03-08T15:39:44.724+0000 7f5ad0ad4700 1 --2- 172.21.15.64:0/1838356179 >> [v2:172.21.15.64:6800/855624242,v1:172.21.15.64:6801/855624242] conn(0x7f5ab4037d80 0x7f5ab403a230 secure :-1 s=READY pgs=9 cs=0 l=1 rev1=1 crypto rx=0x7f5ac0006fd0 tx=0x7f5ac0006e40 comp rx=0 tx=0).stop
2023-03-08T15:39:45.228 INFO:teuthology.orchestra.run.smithi064.stdout:/usr/bin/ceph: stderr
2023-03-08T15:39:44.724+0000 7f5ad0ad4700 1 -- 172.21.15.64:0/1838356179 >> [v2:172.21.15.64:3300/0,v1:172.21.15.64:6789/0] conn(0x7f5acc106e40 msgr2=0x7f5acc07bbf0 secure :-1 s=STATE_CONNECTION_ESTABLISHED l=1).mark_down
2023-03-08T15:39:45.228 INFO:teuthology.orchestra.run.smithi064.stdout:/usr/bin/ceph: stderr
2023-03-08T15:39:44.724+0000 7f5ad0ad4700 1 --2- 172.21.15.64:0/1838356179 >> [v2:172.21.15.64:3300/0,v1:172.21.15.64:6789/0] conn(0x7f5acc106e40 0x7f5acc07bbf0 secure :-1 s=READY pgs=42 cs=0 l=1 rev1=1 crypto rx=0x7f5abc009fb0 tx=0x7f5abc011ad0 comp rx=0 tx=0).stop
2023-03-08T15:39:45.228 INFO:teuthology.orchestra.run.smithi064.stdout:/usr/bin/ceph: stderr
2023-03-08T15:39:44.724+0000 7f5ad0ad4700 1 -- 172.21.15.64:0/1838356179 shutdown_connections
2023-03-08T15:39:45.228 INFO:teuthology.orchestra.run.smithi064.stdout:/usr/bin/ceph: stderr
2023-03-08T15:39:44.724+0000 7f5ad0ad4700 1 --2- 172.21.15.64:0/1838356179 >> [v2:172.21.15.64:6800/855624242,v1:172.21.15.64:6801/855624242] conn(0x7f5ab4037d80 0x7f5ab403a230 unknown :-1 s=CLOSED pgs=9 cs=0 l=1 rev1=1 crypto rx=0 tx=0 comp rx=0 tx=0).stop
2023-03-08T15:39:45.229 INFO:teuthology.orchestra.run.smithi064.stdout:/usr/bin/ceph: stderr
2023-03-08T15:39:44.724+0000 7f5ad0ad4700 1 --2- 172.21.15.64:0/1838356179 >> [v2:172.21.15.64:3300/0,v1:172.21.15.64:6789/0] conn(0x7f5acc106e40 0x7f5acc07bbf0 unknown :-1 s=CLOSED pgs=42 cs=0 l=1 rev1=1 crypto rx=0 tx=0 comp rx=0 tx=0).stop
2023-03-08T15:39:45.229 INFO:teuthology.orchestra.run.smithi064.stdout:/usr/bin/ceph: stderr
2023-03-08T15:39:44.724+0000 7f5ad0ad4700 1 -- 172.21.15.64:0/1838356179 >> 172.21.15.64:0/1838356179 conn(0x7f5acc100d80 msgr2=0x7f5acc101b40 unknown :-1 s=STATE_NONE l=0).mark_down
2023-03-08T15:39:45.229 INFO:teuthology.orchestra.run.smithi064.stdout:/usr/bin/ceph: stderr
2023-03-08T15:39:44.725+0000 7f5ad0ad4700 1 -- 172.21.15.64:0/1838356179 shutdown_connections
2023-03-08T15:39:45.230 INFO:teuthology.orchestra.run.smithi064.stdout:/usr/bin/ceph: stderr
2023-03-08T15:39:44.725+0000 7f5ad0ad4700 1 -- 172.21.15.64:0/1838356179 wait complete.
2023-03-08T15:39:46.560 INFO:teuthology.orchestra.run.smithi064.stdout:/usr/bin/ceph: stdout ssh-rsa AAAAB3NzaC1yc2EAAAADAQABAAABgQDjVNDkYIJ2hH8HEG9C6o9j/5VIbbuKKHy6sieWocc/7npMb78Um8lK0vDWVDoGLzjCT7T8qdNevl1NsJRNr8XhERI1Ae6zfnSXK4GvGXi0tEFxXfOuWvS4BbricMPjp/j9XDrqp+lw1BLkWW59op7AY/HZl5v1DhmwZ6jbLw9DrI64OgpAIVab8bLnCW/uAWi3TEyjQUGCq36SCym/YpcJOtp7KFgqIYSs4FYtVCwCY8zczzT4h9B1A232E7azWq/tXX1WgIii/slGYWGt0gqzeChmhmw3PtqeBUu1WozjSip9UGS09KtI1/Sbffz6IFAgPFnQECV5+7iCBkV0b3ckh2RZq+h9jQnjElSSDii05wU0b4XPijIFhqvvk0KbNPBtdkA+CKzCGcfwPSl43L1SIwqHPxMzauHvAjKLqCfQnOP6TAJACVdcvJeVVIm6wKF+z5mZLo06BlqQR1hi0N/7Pc5OADvc+KMP9+NwYu/jDrlatqHQqEFy8wFcG28C0FE= ceph-3b71f246-bdc7-11ed-9aec-001a4aab830c
2023-03-08T15:39:46.560 INFO:teuthology.orchestra.run.smithi064.stdout:/usr/bin/ceph: stderr
2023-03-08T15:39:45.753+0000 7fc29f686700 1 Processor -- start
2023-03-08T15:39:46.561 INFO:teuthology.orchestra.run.smithi064.stdout:/usr/bin/ceph: stderr
2023-03-08T15:39:45.753+0000 7fc29f686700 1 -- start start
2023-03-08T15:39:46.561 INFO:teuthology.orchestra.run.smithi064.stdout:/usr/bin/ceph: stderr
2023-03-08T15:39:45.753+0000 7fc29f686700 1 --2- >> [v2:172.21.15.64:3300/0,v1:172.21.15.64:6789/0] conn(0x7fc298106e40 0x7fc298107250 unknown :-1 s=NONE pgs=0 cs=0 l=0 rev1=0 crypto rx=0 tx=0 comp rx=0 tx=0).connect
2023-03-08T15:39:46.561 INFO:teuthology.orchestra.run.smithi064.stdout:/usr/bin/ceph: stderr
2023-03-08T15:39:45.753+0000 7fc29f686700 1 -- --> [v2:172.21.15.64:3300/0,v1:172.21.15.64:6789/0] -- mon_getmap magic: 0 v1 -- 0x7fc298107790 con 0x7fc298106e40
2023-03-08T15:39:46.561 INFO:teuthology.orchestra.run.smithi064.stdout:/usr/bin/ceph: stderr
2023-03-08T15:39:45.753+0000 7fc29d422700 1 --2- >> [v2:172.21.15.64:3300/0,v1:172.21.15.64:6789/0] conn(0x7fc298106e40 0x7fc298107250 unknown :-1 s=BANNER_CONNECTING pgs=0 cs=0 l=0 rev1=0 crypto rx=0 tx=0 comp rx=0 tx=0)._handle_peer_banner_payload supported=3 required=0
2023-03-08T15:39:46.561 INFO:teuthology.orchestra.run.smithi064.stdout:/usr/bin/ceph: stderr
2023-03-08T15:39:45.753+0000 7fc29d422700 1 --2- >> [v2:172.21.15.64:3300/0,v1:172.21.15.64:6789/0] conn(0x7fc298106e40 0x7fc298107250 unknown :-1 s=HELLO_CONNECTING pgs=0 cs=0 l=0 rev1=1 crypto rx=0 tx=0 comp rx=0 tx=0).handle_hello peer v2:172.21.15.64:3300/0 says I am v2:172.21.15.64:48438/0 (socket says 172.21.15.64:48438)
2023-03-08T15:39:46.561 INFO:teuthology.orchestra.run.smithi064.stdout:/usr/bin/ceph: stderr
2023-03-08T15:39:45.753+0000 7fc29d422700 1 -- 172.21.15.64:0/4099285927 learned_addr learned my addr 172.21.15.64:0/4099285927 (peer_addr_for_me v2:172.21.15.64:0/0)
2023-03-08T15:39:46.562 INFO:teuthology.orchestra.run.smithi064.stdout:/usr/bin/ceph: stderr
2023-03-08T15:39:45.754+0000 7fc29d422700 1 -- 172.21.15.64:0/4099285927 --> [v2:172.21.15.64:3300/0,v1:172.21.15.64:6789/0] -- mon_subscribe({config=0+,monmap=0+}) v3 -- 0x7fc298105410 con 0x7fc298106e40
2023-03-08T15:39:46.562 INFO:teuthology.orchestra.run.smithi064.stdout:/usr/bin/ceph: stderr
2023-03-08T15:39:45.754+0000 7fc29d422700 1 --2- 172.21.15.64:0/4099285927 >> [v2:172.21.15.64:3300/0,v1:172.21.15.64:6789/0] conn(0x7fc298106e40 0x7fc298107250 secure :-1 s=READY pgs=43 cs=0 l=1 rev1=1 crypto rx=0x7fc2940098a0 tx=0x7fc294009bb0 comp rx=0 tx=0).ready entity=mon.0 client_cookie=e886e331bd43c175 server_cookie=0 in_seq=0 out_seq=0
2023-03-08T15:39:46.562 INFO:teuthology.orchestra.run.smithi064.stdout:/usr/bin/ceph: stderr
2023-03-08T15:39:45.754+0000 7fc28ffff700 1 -- 172.21.15.64:0/4099285927 <== mon.0 v2:172.21.15.64:3300/0 1 ==== mon_map magic: 0 v1 ==== 205+0+0 (secure 0 0 0) 0x7fc294004160 con 0x7fc298106e40
2023-03-08T15:39:46.562 INFO:teuthology.orchestra.run.smithi064.stdout:/usr/bin/ceph: stderr
2023-03-08T15:39:45.754+0000 7fc28ffff700 1 -- 172.21.15.64:0/4099285927 <== mon.0 v2:172.21.15.64:3300/0 2 ==== config(26 keys) v1 ==== 1074+0+0 (secure 0 0 0) 0x7fc2940042c0 con 0x7fc298106e40
2023-03-08T15:39:46.562 INFO:teuthology.orchestra.run.smithi064.stdout:/usr/bin/ceph: stderr
2023-03-08T15:39:45.754+0000 7fc28ffff700 1 -- 172.21.15.64:0/4099285927 <== mon.0 v2:172.21.15.64:3300/0 3 ==== mon_map magic: 0 v1 ==== 205+0+0 (secure 0 0 0) 0x7fc294011a00 con 0x7fc298106e40
2023-03-08T15:39:46.562 INFO:teuthology.orchestra.run.smithi064.stdout:/usr/bin/ceph: stderr
2023-03-08T15:39:45.755+0000 7fc29f686700 1 -- 172.21.15.64:0/4099285927 >> [v2:172.21.15.64:3300/0,v1:172.21.15.64:6789/0] conn(0x7fc298106e40 msgr2=0x7fc298107250 secure :-1 s=STATE_CONNECTION_ESTABLISHED l=1).mark_down
2023-03-08T15:39:46.562 INFO:teuthology.orchestra.run.smithi064.stdout:/usr/bin/ceph: stderr
2023-03-08T15:39:45.755+0000 7fc29f686700 1 --2- 172.21.15.64:0/4099285927 >> [v2:172.21.15.64:3300/0,v1:172.21.15.64:6789/0] conn(0x7fc298106e40 0x7fc298107250 secure :-1 s=READY pgs=43 cs=0 l=1 rev1=1 crypto rx=0x7fc2940098a0 tx=0x7fc294009bb0 comp rx=0 tx=0).stop
2023-03-08T15:39:46.563 INFO:teuthology.orchestra.run.smithi064.stdout:/usr/bin/ceph: stderr
2023-03-08T15:39:45.755+0000 7fc29f686700 1 -- 172.21.15.64:0/4099285927 shutdown_connections
2023-03-08T15:39:46.563 INFO:teuthology.orchestra.run.smithi064.stdout:/usr/bin/ceph: stderr
2023-03-08T15:39:45.755+0000 7fc29f686700 1 --2- 172.21.15.64:0/4099285927 >> [v2:172.21.15.64:3300/0,v1:172.21.15.64:6789/0] conn(0x7fc298106e40 0x7fc298107250 unknown :-1 s=CLOSED pgs=43 cs=0 l=1 rev1=1 crypto rx=0 tx=0 comp rx=0 tx=0).stop
2023-03-08T15:39:46.563 INFO:teuthology.orchestra.run.smithi064.stdout:/usr/bin/ceph: stderr
2023-03-08T15:39:45.755+0000 7fc29f686700 1 -- 172.21.15.64:0/4099285927 >> 172.21.15.64:0/4099285927 conn(0x7fc298100d80 msgr2=0x7fc2981031b0 unknown :-1 s=STATE_NONE l=0).mark_down
2023-03-08T15:39:46.563 INFO:teuthology.orchestra.run.smithi064.stdout:/usr/bin/ceph: stderr
2023-03-08T15:39:45.755+0000 7fc29f686700 1 -- 172.21.15.64:0/4099285927 shutdown_connections
2023-03-08T15:39:46.563 INFO:teuthology.orchestra.run.smithi064.stdout:/usr/bin/ceph: stderr
2023-03-08T15:39:45.755+0000 7fc29f686700 1 -- 172.21.15.64:0/4099285927 wait complete.
