2023-07-25T14:34:31.738+0000 7f59dd2a3700 1 -- 172.21.15.42:0/4144219423 <== mon.0 v2:172.21.15.42:3300/0 1 ==== mon_map magic: 0 v1 ==== 205+0+0 (secure 0 0 0) 0x7f59d4004160 con 0x7f59d8105050
2023-07-25T14:34:32.594 INFO:teuthology.orchestra.run.smithi042.stdout:/usr/bin/ceph: stderr
2023-07-25T14:34:31.738+0000 7f59dd2a3700 1 -- 172.21.15.42:0/4144219423 <== mon.0 v2:172.21.15.42:3300/0 2 ==== config(26 keys) v1 ==== 1074+0+0 (secure 0 0 0) 0x7f59d40042c0 con 0x7f59d8105050
2023-07-25T14:34:32.594 INFO:teuthology.orchestra.run.smithi042.stdout:/usr/bin/ceph: stderr
2023-07-25T14:34:31.738+0000 7f59dd2a3700 1 -- 172.21.15.42:0/4144219423 <== mon.0 v2:172.21.15.42:3300/0 3 ==== mon_map magic: 0 v1 ==== 205+0+0 (secure 0 0 0) 0x7f59d4011a00 con 0x7f59d8105050
2023-07-25T14:34:32.595 INFO:teuthology.orchestra.run.smithi042.stdout:/usr/bin/ceph: stderr
2023-07-25T14:34:31.739+0000 7f59e0509700 1 -- 172.21.15.42:0/4144219423 >> [v2:172.21.15.42:3300/0,v1:172.21.15.42:6789/0] conn(0x7f59d8105050 msgr2=0x7f59d8105470 secure :-1 s=STATE_CONNECTION_ESTABLISHED l=1).mark_down
2023-07-25T14:34:32.595 INFO:journalctl@ceph.mgr.x.smithi042.stdout:Jul 25 14:34:32 smithi042 ceph-3065c6e0-2af8-11ee-9b35-001a4aab830c-mgr-x[96734]:
2023-07-25T14:34:32.189+0000 7f2b8c765200 -1 mgr[py] Module selftest has missing NOTIFY_TYPES member
2023-07-25T14:34:32.595 INFO:journalctl@ceph.mgr.x.smithi042.stdout:Jul 25 14:34:32 smithi042 ceph-3065c6e0-2af8-11ee-9b35-001a4aab830c-mgr-x[96734]:
2023-07-25T14:34:32.309+0000 7f2b8c765200 -1 mgr[py] Module alerts has missing NOTIFY_TYPES member
2023-07-25T14:34:32.598 INFO:teuthology.orchestra.run.smithi042.stdout:/usr/bin/ceph: stderr
2023-07-25T14:34:31.739+0000 7f59e0509700 1 --2- 172.21.15.42:0/4144219423 >> [v2:172.21.15.42:3300/0,v1:172.21.15.42:6789/0] conn(0x7f59d8105050 0x7f59d8105470 secure :-1 s=READY pgs=26 cs=0 l=1 rev1=1 crypto rx=0x7f59d40098a0 tx=0x7f59d4009bb0 comp rx=0 tx=0).stop
2023-07-25T14:34:32.598 INFO:teuthology.orchestra.run.smithi042.stdout:/usr/bin/ceph: stderr
2023-07-25T14:34:31.739+0000 7f59e0509700 1 -- 172.21.15.42:0/4144219423 shutdown_connections
2023-07-25T14:34:32.599 INFO:teuthology.orchestra.run.smithi042.stdout:/usr/bin/ceph: stderr
2023-07-25T14:34:31.739+0000 7f59e0509700 1 --2- 172.21.15.42:0/4144219423 >> [v2:172.21.15.42:3300/0,v1:172.21.15.42:6789/0] conn(0x7f59d8105050 0x7f59d8105470 unknown :-1 s=CLOSED pgs=26 cs=0 l=1 rev1=1 crypto rx=0 tx=0 comp rx=0 tx=0).stop
2023-07-25T14:34:32.599 INFO:teuthology.orchestra.run.smithi042.stdout:/usr/bin/ceph: stderr
2023-07-25T14:34:31.739+0000 7f59e0509700 1 -- 172.21.15.42:0/4144219423 >> 172.21.15.42:0/4144219423 conn(0x7f59d8100610 msgr2=0x7f59d8102a30 unknown :-1 s=STATE_NONE l=0).mark_down
2023-07-25T14:34:32.599 INFO:teuthology.orchestra.run.smithi042.stdout:/usr/bin/ceph: stderr
2023-07-25T14:34:31.739+0000 7f59e0509700 1 -- 172.21.15.42:0/4144219423 shutdown_connections
2023-07-25T14:34:32.599 INFO:teuthology.orchestra.run.smithi042.stdout:/usr/bin/ceph: stderr
2023-07-25T14:34:31.739+0000 7f59e0509700 1 -- 172.21.15.42:0/4144219423 wait complete.
2023-07-25T14:34:32.599 INFO:teuthology.orchestra.run.smithi042.stdout:/usr/bin/ceph: stderr
2023-07-25T14:34:31.740+0000 7f59e0509700 1 Processor -- start
2023-07-25T14:34:32.599 INFO:teuthology.orchestra.run.smithi042.stdout:/usr/bin/ceph: stderr
2023-07-25T14:34:31.740+0000 7f59e0509700 1 -- start start
2023-07-25T14:34:32.599 INFO:teuthology.orchestra.run.smithi042.stdout:/usr/bin/ceph: stderr
2023-07-25T14:34:31.740+0000 7f59e0509700 1 --2- >> [v2:172.21.15.42:3300/0,v1:172.21.15.42:6789/0] conn(0x7f59d8105050 0x7f59d8198de0 unknown :-1 s=NONE pgs=0 cs=0 l=1 rev1=0 crypto rx=0 tx=0 comp rx=0 tx=0).connect
2023-07-25T14:34:32.599 INFO:teuthology.orchestra.run.smithi042.stdout:/usr/bin/ceph: stderr
2023-07-25T14:34:31.740+0000 7f59e0509700 1 -- --> [v2:172.21.15.42:3300/0,v1:172.21.15.42:6789/0] -- mon_getmap magic: 0 v1 -- 0x7f59d8199320 con 0x7f59d8105050
2023-07-25T14:34:32.600 INFO:teuthology.orchestra.run.smithi042.stdout:/usr/bin/ceph: stderr
2023-07-25T14:34:31.740+0000 7f59de2a5700 1 --2- >> [v2:172.21.15.42:3300/0,v1:172.21.15.42:6789/0] conn(0x7f59d8105050 0x7f59d8198de0 unknown :-1 s=BANNER_CONNECTING pgs=0 cs=0 l=1 rev1=0 crypto rx=0 tx=0 comp rx=0 tx=0)._handle_peer_banner_payload supported=3 required=0
2023-07-25T14:34:32.600 INFO:teuthology.orchestra.run.smithi042.stdout:/usr/bin/ceph: stderr
2023-07-25T14:34:31.740+0000 7f59de2a5700 1 --2- >> [v2:172.21.15.42:3300/0,v1:172.21.15.42:6789/0] conn(0x7f59d8105050 0x7f59d8198de0 unknown :-1 s=HELLO_CONNECTING pgs=0 cs=0 l=1 rev1=1 crypto rx=0 tx=0 comp rx=0 tx=0).handle_hello peer v2:172.21.15.42:3300/0 says I am v2:172.21.15.42:35550/0 (socket says 172.21.15.42:35550)
2023-07-25T14:34:32.600 INFO:teuthology.orchestra.run.smithi042.stdout:/usr/bin/ceph: stderr
2023-07-25T14:34:31.740+0000 7f59de2a5700 1 -- 172.21.15.42:0/2257372862 learned_addr learned my addr 172.21.15.42:0/2257372862 (peer_addr_for_me v2:172.21.15.42:0/0)
2023-07-25T14:34:32.600 INFO:teuthology.orchestra.run.smithi042.stdout:/usr/bin/ceph: stderr
2023-07-25T14:34:31.740+0000 7f59de2a5700 1 -- 172.21.15.42:0/2257372862 --> [v2:172.21.15.42:3300/0,v1:172.21.15.42:6789/0] -- mon_subscribe({config=0+,monmap=0+}) v3 -- 0x7f59d4009550 con 0x7f59d8105050
2023-07-25T14:34:32.600 INFO:teuthology.orchestra.run.smithi042.stdout:/usr/bin/ceph: stderr
2023-07-25T14:34:31.740+0000 7f59de2a5700 1 --2- 172.21.15.42:0/2257372862 >> [v2:172.21.15.42:3300/0,v1:172.21.15.42:6789/0] conn(0x7f59d8105050 0x7f59d8198de0 secure :-1 s=READY pgs=27 cs=0 l=1 rev1=1 crypto rx=0x7f59d4009fb0 tx=0x7f59d4011ad0 comp rx=0 tx=0).ready entity=mon.0 client_cookie=0 server_cookie=0 in_seq=0 out_seq=0
2023-07-25T14:34:32.600 INFO:teuthology.orchestra.run.smithi042.stdout:/usr/bin/ceph: stderr
2023-07-25T14:34:31.740+0000 7f59cf7fe700 1 -- 172.21.15.42:0/2257372862 <== mon.0 v2:172.21.15.42:3300/0 1 ==== mon_map magic: 0 v1 ==== 205+0+0 (secure 0 0 0) 0x7f59d4003a40 con 0x7f59d8105050
2023-07-25T14:34:32.601 INFO:teuthology.orchestra.run.smithi042.stdout:/usr/bin/ceph: stderr
2023-07-25T14:34:31.741+0000 7f59e0509700 1 -- 172.21.15.42:0/2257372862 --> [v2:172.21.15.42:3300/0,v1:172.21.15.42:6789/0] -- mon_subscribe({mgrmap=0+}) v3 -- 0x7f59d8199520 con 0x7f59d8105050
2023-07-25T14:34:32.601 INFO:teuthology.orchestra.run.smithi042.stdout:/usr/bin/ceph: stderr
2023-07-25T14:34:31.741+0000 7f59cf7fe700 1 -- 172.21.15.42:0/2257372862 <== mon.0 v2:172.21.15.42:3300/0 2 ==== config(26 keys) v1 ==== 1074+0+0 (secure 0 0 0) 0x7f59d4003ba0 con 0x7f59d8105050
2023-07-25T14:34:32.601 INFO:teuthology.orchestra.run.smithi042.stdout:/usr/bin/ceph: stderr
2023-07-25T14:34:31.741+0000 7f59cf7fe700 1 -- 172.21.15.42:0/2257372862 <== mon.0 v2:172.21.15.42:3300/0 3 ==== mon_map magic: 0 v1 ==== 205+0+0 (secure 0 0 0) 0x7f59d401a750 con 0x7f59d8105050
2023-07-25T14:34:32.601 INFO:teuthology.orchestra.run.smithi042.stdout:/usr/bin/ceph: stderr
2023-07-25T14:34:31.741+0000 7f59e0509700 1 -- 172.21.15.42:0/2257372862 --> [v2:172.21.15.42:3300/0,v1:172.21.15.42:6789/0] -- mon_subscribe({osdmap=0}) v3 -- 0x7f59d8199940 con 0x7f59d8105050
2023-07-25T14:34:32.602 INFO:teuthology.orchestra.run.smithi042.stdout:/usr/bin/ceph: stderr
2023-07-25T14:34:31.741+0000 7f59cf7fe700 1 -- 172.21.15.42:0/2257372862 <== mon.0 v2:172.21.15.42:3300/0 4 ==== mgrmap(e 5) v1 ==== 45483+0+0 (secure 0 0 0) 0x7f59d401a980 con 0x7f59d8105050
2023-07-25T14:34:32.602 INFO:teuthology.orchestra.run.smithi042.stdout:/usr/bin/ceph: stderr
2023-07-25T14:34:31.742+0000 7f59cf7fe700 1 --2- 172.21.15.42:0/2257372862 >> [v2:172.21.15.42:6800/2336037857,v1:172.21.15.42:6801/2336037857] conn(0x7f59c4038710 0x7f59c403abd0 unknown :-1 s=NONE pgs=0 cs=0 l=1 rev1=0 crypto rx=0 tx=0 comp rx=0 tx=0).connect
2023-07-25T14:34:32.602 INFO:teuthology.orchestra.run.smithi042.stdout:/usr/bin/ceph: stderr
2023-07-25T14:34:31.742+0000 7f59cf7fe700 1 -- 172.21.15.42:0/2257372862 <== mon.0 v2:172.21.15.42:3300/0 5 ==== osd_map(1..1 src has 1..1) v4 ==== 725+0+0 (secure 0 0 0) 0x7f59d404d380 con 0x7f59d8105050
2023-07-25T14:34:32.602 INFO:teuthology.orchestra.run.smithi042.stdout:/usr/bin/ceph: stderr
2023-07-25T14:34:31.742+0000 7f59ddaa4700 1 -- 172.21.15.42:0/2257372862 >> [v2:172.21.15.42:6800/2336037857,v1:172.21.15.42:6801/2336037857] conn(0x7f59c4038710 msgr2=0x7f59c403abd0 unknown :-1 s=STATE_CONNECTING_RE l=1).process reconnect failed to v2:172.21.15.42:6800/2336037857
2023-07-25T14:34:32.603 INFO:teuthology.orchestra.run.smithi042.stdout:/usr/bin/ceph: stderr
2023-07-25T14:34:31.742+0000 7f59ddaa4700 1 --2- 172.21.15.42:0/2257372862 >> [v2:172.21.15.42:6800/2336037857,v1:172.21.15.42:6801/2336037857] conn(0x7f59c4038710 0x7f59c403abd0 unknown :-1 s=START_CONNECT pgs=0 cs=0 l=1 rev1=0 crypto rx=0 tx=0 comp rx=0 tx=0)._fault waiting 0.200000
2023-07-25T14:34:32.603 INFO:teuthology.orchestra.run.smithi042.stdout:/usr/bin/ceph: stderr
2023-07-25T14:34:31.742+0000 7f59e0509700 1 -- 172.21.15.42:0/2257372862 --> [v2:172.21.15.42:3300/0,v1:172.21.15.42:6789/0] -- mon_command({"prefix": "get_command_descriptions"} v 0) v1 -- 0x7f59d8192e30 con 0x7f59d8105050
2023-07-25T14:34:32.603 INFO:teuthology.orchestra.run.smithi042.stdout:/usr/bin/ceph: stderr
2023-07-25T14:34:31.747+0000 7f59cf7fe700 1 -- 172.21.15.42:0/2257372862 <== mon.0 v2:172.21.15.42:3300/0 6 ==== mon_command_ack([{"prefix": "get_command_descriptions"}]=0 v0) v1 ==== 72+0+178008 (secure 0 0 0) 0x7f59d401ac30 con 0x7f59d8105050
2023-07-25T14:34:32.604 INFO:teuthology.orchestra.run.smithi042.stdout:/usr/bin/ceph: stderr
2023-07-25T14:34:31.943+0000 7f59ddaa4700 1 -- 172.21.15.42:0/2257372862 >> [v2:172.21.15.42:6800/2336037857,v1:172.21.15.42:6801/2336037857] conn(0x7f59c4038710 msgr2=0x7f59c403abd0 unknown :-1 s=STATE_CONNECTING_RE l=1).process reconnect failed to v2:172.21.15.42:6800/2336037857
2023-07-25T14:34:32.604 INFO:teuthology.orchestra.run.smithi042.stdout:/usr/bin/ceph: stderr
2023-07-25T14:34:31.943+0000 7f59ddaa4700 1 --2- 172.21.15.42:0/2257372862 >> [v2:172.21.15.42:6800/2336037857,v1:172.21.15.42:6801/2336037857] conn(0x7f59c4038710 0x7f59c403abd0 unknown :-1 s=START_CONNECT pgs=0 cs=0 l=1 rev1=0 crypto rx=0 tx=0 comp rx=0 tx=0)._fault waiting 0.400000
2023-07-25T14:34:32.604 INFO:teuthology.orchestra.run.smithi042.stdout:/usr/bin/ceph: stderr
2023-07-25T14:34:32.217+0000 7f59e0509700 1 -- 172.21.15.42:0/2257372862 --> [v2:172.21.15.42:3300/0,v1:172.21.15.42:6789/0] -- mon_command({"prefix": "mgr stat"} v 0) v1 -- 0x7f59d80008d0 con 0x7f59d8105050
2023-07-25T14:34:32.604 INFO:teuthology.orchestra.run.smithi042.stdout:/usr/bin/ceph: stderr
2023-07-25T14:34:32.218+0000 7f59cf7fe700 1 -- 172.21.15.42:0/2257372862 <== mon.0 v2:172.21.15.42:3300/0 7 ==== mon_command_ack([{"prefix": "mgr stat"}]=0 v5) v1 ==== 56+0+88 (secure 0 0 0) 0x7f59d4018350 con 0x7f59d8105050
2023-07-25T14:34:32.605 INFO:teuthology.orchestra.run.smithi042.stdout:/usr/bin/ceph: stderr
2023-07-25T14:34:32.220+0000 7f59e0509700 1 -- 172.21.15.42:0/2257372862 >> [v2:172.21.15.42:6800/2336037857,v1:172.21.15.42:6801/2336037857] conn(0x7f59c4038710 msgr2=0x7f59c403abd0 unknown :-1 s=STATE_CONNECTING l=1).mark_down
2023-07-25T14:34:32.605 INFO:teuthology.orchestra.run.smithi042.stdout:/usr/bin/ceph: stderr
2023-07-25T14:34:32.220+0000 7f59e0509700 1 --2- 172.21.15.42:0/2257372862 >> [v2:172.21.15.42:6800/2336037857,v1:172.21.15.42:6801/2336037857] conn(0x7f59c4038710 0x7f59c403abd0 unknown :-1 s=START_CONNECT pgs=0 cs=0 l=1 rev1=0 crypto rx=0 tx=0 comp rx=0 tx=0).stop
2023-07-25T14:34:32.605 INFO:teuthology.orchestra.run.smithi042.stdout:/usr/bin/ceph: stderr
2023-07-25T14:34:32.220+0000 7f59e0509700 1 -- 172.21.15.42:0/2257372862 >> [v2:172.21.15.42:3300/0,v1:172.21.15.42:6789/0] conn(0x7f59d8105050 msgr2=0x7f59d8198de0 secure :-1 s=STATE_CONNECTION_ESTABLISHED l=1).mark_down
2023-07-25T14:34:32.606 INFO:teuthology.orchestra.run.smithi042.stdout:/usr/bin/ceph: stderr
2023-07-25T14:34:32.220+0000 7f59e0509700 1 --2- 172.21.15.42:0/2257372862 >> [v2:172.21.15.42:3300/0,v1:172.21.15.42:6789/0] conn(0x7f59d8105050 0x7f59d8198de0 secure :-1 s=READY pgs=27 cs=0 l=1 rev1=1 crypto rx=0x7f59d4009fb0 tx=0x7f59d4011ad0 comp rx=0 tx=0).stop
2023-07-25T14:34:32.606 INFO:teuthology.orchestra.run.smithi042.stdout:/usr/bin/ceph: stderr
2023-07-25T14:34:32.220+0000 7f59e0509700 1 -- 172.21.15.42:0/2257372862 shutdown_connections
2023-07-25T14:34:32.606 INFO:teuthology.orchestra.run.smithi042.stdout:/usr/bin/ceph: stderr
2023-07-25T14:34:32.220+0000 7f59e0509700 1 --2- 172.21.15.42:0/2257372862 >> [v2:172.21.15.42:6800/2336037857,v1:172.21.15.42:6801/2336037857] conn(0x7f59c4038710 0x7f59c403abd0 unknown :-1 s=CLOSED pgs=0 cs=0 l=1 rev1=0 crypto rx=0 tx=0 comp rx=0 tx=0).stop
2023-07-25T14:34:32.606 INFO:teuthology.orchestra.run.smithi042.stdout:/usr/bin/ceph: stderr
2023-07-25T14:34:32.220+0000 7f59e0509700 1 --2- 172.21.15.42:0/2257372862 >> [v2:172.21.15.42:3300/0,v1:172.21.15.42:6789/0] conn(0x7f59d8105050 0x7f59d8198de0 unknown :-1 s=CLOSED pgs=27 cs=0 l=1 rev1=1 crypto rx=0 tx=0 comp rx=0 tx=0).stop
2023-07-25T14:34:32.607 INFO:teuthology.orchestra.run.smithi042.stdout:/usr/bin/ceph: stderr
2023-07-25T14:34:32.220+0000 7f59e0509700 1 -- 172.21.15.42:0/2257372862 >> 172.21.15.42:0/2257372862 conn(0x7f59d8100610 msgr2=0x7f59d8101d70 unknown :-1 s=STATE_NONE l=0).mark_down
2023-07-25T14:34:32.607 INFO:teuthology.orchestra.run.smithi042.stdout:/usr/bin/ceph: stderr
2023-07-25T14:34:32.221+0000 7f59e0509700 1 -- 172.21.15.42:0/2257372862 shutdown_connections
2023-07-25T14:34:32.607 INFO:teuthology.orchestra.run.smithi042.stdout:/usr/bin/ceph: stderr
2023-07-25T14:34:32.221+0000 7f59e0509700 1 -- 172.21.15.42:0/2257372862 wait complete.
2023-07-25T14:34:32.607 INFO:teuthology.orchestra.run.smithi042.stdout:Waiting for the mgr to restart...
2023-07-25T14:34:32.608 INFO:teuthology.orchestra.run.smithi042.stdout:Waiting for mgr epoch 5...
2023-07-25T14:34:32.843 INFO:journalctl@ceph.mon.a.smithi042.stdout:Jul 25 14:34:32 smithi042 ceph-mon[96489]: from='client.? 172.21.15.42:0/2257372862' entity='client.admin' cmd=[{"prefix": "mgr stat"}]: dispatch
2023-07-25T14:34:33.158 INFO:journalctl@ceph.mgr.x.smithi042.stdout:Jul 25 14:34:32 smithi042 ceph-3065c6e0-2af8-11ee-9b35-001a4aab830c-mgr-x[96734]:
2023-07-25T14:34:32.829+0000 7f2b8c765200 -1 mgr[py] Module progress has missing NOTIFY_TYPES member
2023-07-25T14:34:33.908 INFO:journalctl@ceph.mgr.x.smithi042.stdout:Jul 25 14:34:33 smithi042 ceph-3065c6e0-2af8-11ee-9b35-001a4aab830c-mgr-x[96734]:
2023-07-25T14:34:33.519+0000 7f2b8c765200 -1 mgr[py] Module rook has missing NOTIFY_TYPES member
2023-07-25T14:34:33.909 INFO:journalctl@ceph.mgr.x.smithi042.stdout:Jul 25 14:34:33 smithi042 ceph-3065c6e0-2af8-11ee-9b35-001a4aab830c-mgr-x[96734]:
2023-07-25T14:34:33.711+0000 7f2b8c765200 -1 mgr[py] Module iostat has missing NOTIFY_TYPES member
2023-07-25T14:34:35.023 INFO:journalctl@ceph.mgr.x.smithi042.stdout:Jul 25 14:34:34 smithi042 ceph-3065c6e0-2af8-11ee-9b35-001a4aab830c-mgr-x[96734]:
2023-07-25T14:34:34.679+0000 7f2b8c765200 -1 mgr[py] Module test_orchestrator has missing NOTIFY_TYPES member
2023-07-25T14:34:35.024 INFO:journalctl@ceph.mgr.x.smithi042.stdout:Jul 25 14:34:34 smithi042 ceph-3065c6e0-2af8-11ee-9b35-001a4aab830c-mgr-x[96734]:
2023-07-25T14:34:34.790+0000 7f2b8c765200 -1 mgr[py] Module osd_perf_query has missing NOTIFY_TYPES member
2023-07-25T14:34:35.024 INFO:journalctl@ceph.mgr.x.smithi042.stdout:Jul 25 14:34:35 smithi042 ceph-3065c6e0-2af8-11ee-9b35-001a4aab830c-mgr-x[96734]:
2023-07-25T14:34:35.010+0000 7f2b8c765200 -1 mgr[py] Module orchestrator has missing NOTIFY_TYPES member
2023-07-25T14:34:35.633 INFO:journalctl@ceph.mgr.x.smithi042.stdout:Jul 25 14:34:35 smithi042 ceph-3065c6e0-2af8-11ee-9b35-001a4aab830c-mgr-x[96734]:
2023-07-25T14:34:35.359+0000 7f2b8c765200 -1 mgr[py] Module rgw has missing NOTIFY_TYPES member
2023-07-25T14:34:35.908 INFO:journalctl@ceph.mgr.x.smithi042.stdout:Jul 25 14:34:35 smithi042 ceph-3065c6e0-2af8-11ee-9b35-001a4aab830c-mgr-x[96734]:
2023-07-25T14:34:35.620+0000 7f2b8c765200 -1 mgr[py] Module influx has missing NOTIFY_TYPES member
2023-07-25T14:34:35.908 INFO:journalctl@ceph.mgr.x.smithi042.stdout:Jul 25 14:34:35 smithi042 ceph-3065c6e0-2af8-11ee-9b35-001a4aab830c-mgr-x[96734]:
2023-07-25T14:34:35.802+0000 7f2b8c765200 -1 mgr[py] Module telemetry has missing NOTIFY_TYPES member
2023-07-25T14:34:36.408 INFO:journalctl@ceph.mgr.x.smithi042.stdout:Jul 25 14:34:36 smithi042 ceph-3065c6e0-2af8-11ee-9b35-001a4aab830c-mgr-x[96734]:
2023-07-25T14:34:36.129+0000 7f2b8c765200 -1 mgr[py] Module telegraf has missing NOTIFY_TYPES member
2023-07-25T14:34:37.375 INFO:journalctl@ceph.mgr.x.smithi042.stdout:Jul 25 14:34:36 smithi042 ceph-3065c6e0-2af8-11ee-9b35-001a4aab830c-mgr-x[96734]:
2023-07-25T14:34:36.957+0000 7f2b8c765200 -1 mgr[py] Module balancer has missing NOTIFY_TYPES member
2023-07-25T14:34:37.375 INFO:journalctl@ceph.mgr.x.smithi042.stdout:Jul 25 14:34:37 smithi042 ceph-3065c6e0-2af8-11ee-9b35-001a4aab830c-mgr-x[96734]:
2023-07-25T14:34:37.116+0000 7f2b8c765200 -1 mgr[py] Module diskprediction_local has missing NOTIFY_TYPES member
2023-07-25T14:34:37.375 INFO:journalctl@ceph.mgr.x.smithi042.stdout:Jul 25 14:34:37 smithi042 ceph-3065c6e0-2af8-11ee-9b35-001a4aab830c-mgr-x[96734]:
2023-07-25T14:34:37.362+0000 7f2b8c765200 -1 mgr[py] Module nfs has missing NOTIFY_TYPES member
2023-07-25T14:34:37.658 INFO:journalctl@ceph.mgr.x.smithi042.stdout:Jul 25 14:34:37 smithi042 ceph-3065c6e0-2af8-11ee-9b35-001a4aab830c-mgr-x[96734]:
2023-07-25T14:34:37.499+0000 7f2b8c765200 -1 mgr[py] Module rbd_support has missing NOTIFY_TYPES member
2023-07-25T14:34:38.158 INFO:journalctl@ceph.mgr.x.smithi042.stdout:Jul 25 14:34:37 smithi042 ceph-3065c6e0-2af8-11ee-9b35-001a4aab830c-mgr-x[96734]:
2023-07-25T14:34:37.771+0000 7f2b8c765200 -1 mgr[py] Module volumes has missing NOTIFY_TYPES member
2023-07-25T14:34:39.158 INFO:journalctl@ceph.mgr.x.smithi042.stdout:Jul 25 14:34:38 smithi042 ceph-3065c6e0-2af8-11ee-9b35-001a4aab830c-mgr-x[96734]:
2023-07-25T14:34:38.818+0000 7f2b8c765200 -1 mgr[py] Module pg_autoscaler has missing NOTIFY_TYPES member
2023-07-25T14:34:39.159 INFO:journalctl@ceph.mon.a.smithi042.stdout:Jul 25 14:34:38 smithi042 ceph-mon[96489]: Active manager daemon x restarted
2023-07-25T14:34:39.159 INFO:journalctl@ceph.mon.a.smithi042.stdout:Jul 25 14:34:38 smithi042 ceph-mon[96489]: Activating manager daemon x
2023-07-25T14:34:39.159 INFO:journalctl@ceph.mon.a.smithi042.stdout:Jul 25 14:34:38 smithi042 ceph-mon[96489]: osdmap e2: 0 total, 0 up, 0 in
2023-07-25T14:34:39.159 INFO:journalctl@ceph.mon.a.smithi042.stdout:Jul 25 14:34:38 smithi042 ceph-mon[96489]: mgrmap e6: x(active, starting, since 0.00326438s)
2023-07-25T14:34:39.159 INFO:journalctl@ceph.mon.a.smithi042.stdout:Jul 25 14:34:38 smithi042 ceph-mon[96489]: from='mgr.14120 172.21.15.42:0/1117153089' entity='mgr.x' cmd=[{"prefix": "mon metadata", "id": "a"}]: dispatch
2023-07-25T14:34:39.159 INFO:journalctl@ceph.mon.a.smithi042.stdout:Jul 25 14:34:38 smithi042 ceph-mon[96489]: from='mgr.14120 172.21.15.42:0/1117153089' entity='mgr.x' cmd=[{"prefix": "mgr metadata", "who": "x", "id": "x"}]: dispatch
2023-07-25T14:34:39.159 INFO:journalctl@ceph.mon.a.smithi042.stdout:Jul 25 14:34:38 smithi042 ceph-mon[96489]: from='mgr.14120 172.21.15.42:0/1117153089' entity='mgr.x' cmd=[{"prefix": "mds metadata"}]: dispatch
2023-07-25T14:34:39.160 INFO:journalctl@ceph.mon.a.smithi042.stdout:Jul 25 14:34:38 smithi042 ceph-mon[96489]: from='mgr.14120 172.21.15.42:0/1117153089' entity='mgr.x' cmd=[{"prefix": "osd metadata"}]: dispatch
2023-07-25T14:34:39.160 INFO:journalctl@ceph.mon.a.smithi042.stdout:Jul 25 14:34:38 smithi042 ceph-mon[96489]: from='mgr.14120 172.21.15.42:0/1117153089' entity='mgr.x' cmd=[{"prefix": "mon metadata"}]: dispatch
2023-07-25T14:34:39.160 INFO:journalctl@ceph.mon.a.smithi042.stdout:Jul 25 14:34:38 smithi042 ceph-mon[96489]: Manager daemon x is now available
2023-07-25T14:34:39.160 INFO:journalctl@ceph.mon.a.smithi042.stdout:Jul 25 14:34:38 smithi042 ceph-mon[96489]: from='mgr.14120 172.21.15.42:0/1117153089' entity='mgr.x'
2023-07-25T14:34:39.161 INFO:journalctl@ceph.mon.a.smithi042.stdout:Jul 25 14:34:38 smithi042 ceph-mon[96489]: from='mgr.14120 172.21.15.42:0/1117153089' entity='mgr.x'
2023-07-25T14:34:39.161 INFO:journalctl@ceph.mon.a.smithi042.stdout:Jul 25 14:34:38 smithi042 ceph-mon[96489]: from='mgr.14120 172.21.15.42:0/1117153089' entity='mgr.x' cmd=[{"prefix": "config dump", "format": "json"}]: dispatch
2023-07-25T14:34:39.161 INFO:journalctl@ceph.mon.a.smithi042.stdout:Jul 25 14:34:38 smithi042 ceph-mon[96489]: from='mgr.14120 172.21.15.42:0/1117153089' entity='mgr.x' cmd=[{"prefix": "config dump", "format": "json"}]: dispatch
2023-07-25T14:34:40.158 INFO:journalctl@ceph.mon.a.smithi042.stdout:Jul 25 14:34:39 smithi042 ceph-mon[96489]: Found migration_current of "None". Setting to last migration.
2023-07-25T14:34:40.158 INFO:journalctl@ceph.mon.a.smithi042.stdout:Jul 25 14:34:39 smithi042 ceph-mon[96489]: from='mgr.14120 172.21.15.42:0/1117153089' entity='mgr.x' cmd=[{"prefix": "config dump", "format": "json"}]: dispatch
2023-07-25T14:34:40.159 INFO:journalctl@ceph.mon.a.smithi042.stdout:Jul 25 14:34:39 smithi042 ceph-mon[96489]: from='mgr.14120 172.21.15.42:0/1117153089' entity='mgr.x' cmd=[{"prefix":"config rm","who":"mgr","name":"mgr/rbd_support/x/mirror_snapshot_schedule"}]: dispatch
2023-07-25T14:34:40.159 INFO:journalctl@ceph.mon.a.smithi042.stdout:Jul 25 14:34:39 smithi042 ceph-mon[96489]: from='mgr.14120 172.21.15.42:0/1117153089' entity='mgr.x' cmd=[{"prefix":"config rm","who":"mgr","name":"mgr/rbd_support/x/trash_purge_schedule"}]: dispatch
2023-07-25T14:34:40.159 INFO:journalctl@ceph.mon.a.smithi042.stdout:Jul 25 14:34:39 smithi042 ceph-mon[96489]: from='mgr.14120 172.21.15.42:0/1117153089' entity='mgr.x'
2023-07-25T14:34:40.159 INFO:journalctl@ceph.mon.a.smithi042.stdout:Jul 25 14:34:39 smithi042 ceph-mon[96489]: from='mgr.14120 172.21.15.42:0/1117153089' entity='mgr.x'
2023-07-25T14:34:40.159 INFO:journalctl@ceph.mon.a.smithi042.stdout:Jul 25 14:34:39 smithi042 ceph-mon[96489]: from='client.14124 -' entity='client.admin' cmd=[{"prefix": "get_command_descriptions"}]: dispatch
2023-07-25T14:34:40.160 INFO:journalctl@ceph.mon.a.smithi042.stdout:Jul 25 14:34:39 smithi042 ceph-mon[96489]: mgrmap e7: x(active, since 1.00548s)
2023-07-25T14:34:40.355 INFO:teuthology.orchestra.run.smithi042.stdout:/usr/bin/ceph: stdout {
2023-07-25T14:34:40.355 INFO:teuthology.orchestra.run.smithi042.stdout:/usr/bin/ceph: stdout "mgrmap_epoch": 7,
2023-07-25T14:34:40.355 INFO:teuthology.orchestra.run.smithi042.stdout:/usr/bin/ceph: stdout "initialized": true
2023-07-25T14:34:40.355 INFO:teuthology.orchestra.run.smithi042.stdout:/usr/bin/ceph: stdout }
2023-07-25T14:34:40.356 INFO:teuthology.orchestra.run.smithi042.stdout:/usr/bin/ceph: stderr
2023-07-25T14:34:33.104+0000 7fd5382e2700 1 Processor -- start
2023-07-25T14:34:40.356 INFO:teuthology.orchestra.run.smithi042.stdout:/usr/bin/ceph: stderr
2023-07-25T14:34:33.104+0000 7fd5382e2700 1 -- start start
2023-07-25T14:34:40.356 INFO:teuthology.orchestra.run.smithi042.stdout:/usr/bin/ceph: stderr
2023-07-25T14:34:33.104+0000 7fd5382e2700 1 --2- >> [v2:172.21.15.42:3300/0,v1:172.21.15.42:6789/0] conn(0x7fd530106bc0 0x7fd530108fb0 unknown :-1 s=NONE pgs=0 cs=0 l=0 rev1=0 crypto rx=0 tx=0 comp rx=0 tx=0).connect
2023-07-25T14:34:40.356 INFO:teuthology.orchestra.run.smithi042.stdout:/usr/bin/ceph: stderr
2023-07-25T14:34:33.104+0000 7fd5382e2700 1 -- --> [v2:172.21.15.42:3300/0,v1:172.21.15.42:6789/0] -- mon_getmap magic: 0 v1 -- 0x7fd530074040 con 0x7fd530106bc0
2023-07-25T14:34:40.356 INFO:teuthology.orchestra.run.smithi042.stdout:/usr/bin/ceph: stderr
2023-07-25T14:34:33.105+0000 7fd53607e700 1 --2- >> [v2:172.21.15.42:3300/0,v1:172.21.15.42:6789/0] conn(0x7fd530106bc0 0x7fd530108fb0 unknown :-1 s=BANNER_CONNECTING pgs=0 cs=0 l=0 rev1=0 crypto rx=0 tx=0 comp rx=0 tx=0)._handle_peer_banner_payload supported=3 required=0
2023-07-25T14:34:40.356 INFO:teuthology.orchestra.run.smithi042.stdout:/usr/bin/ceph: stderr
2023-07-25T14:34:33.105+0000 7fd53607e700 1 --2- >> [v2:172.21.15.42:3300/0,v1:172.21.15.42:6789/0] conn(0x7fd530106bc0 0x7fd530108fb0 unknown :-1 s=HELLO_CONNECTING pgs=0 cs=0 l=0 rev1=1 crypto rx=0 tx=0 comp rx=0 tx=0).handle_hello peer v2:172.21.15.42:3300/0 says I am v2:172.21.15.42:35558/0 (socket says 172.21.15.42:35558)
2023-07-25T14:34:40.356 INFO:teuthology.orchestra.run.smithi042.stdout:/usr/bin/ceph: stderr
2023-07-25T14:34:33.105+0000 7fd53607e700 1 -- 172.21.15.42:0/2950655979 learned_addr learned my addr 172.21.15.42:0/2950655979 (peer_addr_for_me v2:172.21.15.42:0/0)
2023-07-25T14:34:40.357 INFO:teuthology.orchestra.run.smithi042.stdout:/usr/bin/ceph: stderr
2023-07-25T14:34:33.105+0000 7fd53607e700 1 -- 172.21.15.42:0/2950655979 --> [v2:172.21.15.42:3300/0,v1:172.21.15.42:6789/0] -- mon_subscribe({config=0+,monmap=0+}) v3 -- 0x7fd5301094f0 con 0x7fd530106bc0
2023-07-25T14:34:40.357 INFO:teuthology.orchestra.run.smithi042.stdout:/usr/bin/ceph: stderr
2023-07-25T14:34:33.105+0000 7fd53607e700 1 --2- 172.21.15.42:0/2950655979 >> [v2:172.21.15.42:3300/0,v1:172.21.15.42:6789/0] conn(0x7fd530106bc0 0x7fd530108fb0 secure :-1 s=READY pgs=28 cs=0 l=1 rev1=1 crypto rx=0x7fd52c0098a0 tx=0x7fd52c009bb0 comp rx=0 tx=0).ready entity=mon.0 client_cookie=63abd2633c552819 server_cookie=0 in_seq=0 out_seq=0
2023-07-25T14:34:40.357 INFO:teuthology.orchestra.run.smithi042.stdout:/usr/bin/ceph: stderr
2023-07-25T14:34:33.105+0000 7fd53507c700 1 -- 172.21.15.42:0/2950655979 <== mon.0 v2:172.21.15.42:3300/0 1 ==== mon_map magic: 0 v1 ==== 205+0+0 (secure 0 0 0) 0x7fd52c004160 con 0x7fd530106bc0
2023-07-25T14:34:40.357 INFO:teuthology.orchestra.run.smithi042.stdout:/usr/bin/ceph: stderr
2023-07-25T14:34:33.105+0000 7fd53507c700 1 -- 172.21.15.42:0/2950655979 <== mon.0 v2:172.21.15.42:3300/0 2 ==== config(26 keys) v1 ==== 1074+0+0 (secure 0 0 0) 0x7fd52c0042c0 con 0x7fd530106bc0
2023-07-25T14:34:40.357 INFO:teuthology.orchestra.run.smithi042.stdout:/usr/bin/ceph: stderr
2023-07-25T14:34:33.105+0000 7fd53507c700 1 -- 172.21.15.42:0/2950655979 <== mon.0 v2:172.21.15.42:3300/0 3 ==== mon_map magic: 0 v1 ==== 205+0+0 (secure 0 0 0) 0x7fd52c011a00 con 0x7fd530106bc0
2023-07-25T14:34:40.357 INFO:teuthology.orchestra.run.smithi042.stdout:/usr/bin/ceph: stderr
2023-07-25T14:34:33.106+0000 7fd5382e2700 1 -- 172.21.15.42:0/2950655979 >> [v2:172.21.15.42:3300/0,v1:172.21.15.42:6789/0] conn(0x7fd530106bc0 msgr2=0x7fd530108fb0 secure :-1 s=STATE_CONNECTION_ESTABLISHED l=1).mark_down
2023-07-25T14:34:40.357 INFO:teuthology.orchestra.run.smithi042.stdout:/usr/bin/ceph: stderr
2023-07-25T14:34:33.106+0000 7fd5382e2700 1 --2- 172.21.15.42:0/2950655979 >> [v2:172.21.15.42:3300/0,v1:172.21.15.42:6789/0] conn(0x7fd530106bc0 0x7fd530108fb0 secure :-1 s=READY pgs=28 cs=0 l=1 rev1=1 crypto rx=0x7fd52c0098a0 tx=0x7fd52c009bb0 comp rx=0 tx=0).stop
2023-07-25T14:34:40.358 INFO:teuthology.orchestra.run.smithi042.stdout:/usr/bin/ceph: stderr
2023-07-25T14:34:33.106+0000 7fd5382e2700 1 -- 172.21.15.42:0/2950655979 shutdown_connections
2023-07-25T14:34:40.358 INFO:teuthology.orchestra.run.smithi042.stdout:/usr/bin/ceph: stderr
2023-07-25T14:34:33.106+0000 7fd5382e2700 1 --2- 172.21.15.42:0/2950655979 >> [v2:172.21.15.42:3300/0,v1:172.21.15.42:6789/0] conn(0x7fd530106bc0 0x7fd530108fb0 unknown :-1 s=CLOSED pgs=28 cs=0 l=1 rev1=1 crypto rx=0 tx=0 comp rx=0 tx=0).stop
2023-07-25T14:34:40.358 INFO:teuthology.orchestra.run.smithi042.stdout:/usr/bin/ceph: stderr
2023-07-25T14:34:33.106+0000 7fd5382e2700 1 -- 172.21.15.42:0/2950655979 >> 172.21.15.42:0/2950655979 conn(0x7fd530100610 msgr2=0x7fd530102a30 unknown :-1 s=STATE_NONE l=0).mark_down
2023-07-25T14:34:40.359 INFO:teuthology.orchestra.run.smithi042.stdout:/usr/bin/ceph: stderr
2023-07-25T14:34:33.106+0000 7fd5382e2700 1 -- 172.21.15.42:0/2950655979 shutdown_connections
2023-07-25T14:34:40.359 INFO:teuthology.orchestra.run.smithi042.stdout:/usr/bin/ceph: stderr
2023-07-25T14:34:33.106+0000 7fd5382e2700 1 -- 172.21.15.42:0/2950655979 wait complete.
2023-07-25T14:34:40.359 INFO:teuthology.orchestra.run.smithi042.stdout:/usr/bin/ceph: stderr
2023-07-25T14:34:33.107+0000 7fd5382e2700 1 Processor -- start
2023-07-25T14:34:40.359 INFO:teuthology.orchestra.run.smithi042.stdout:/usr/bin/ceph: stderr
2023-07-25T14:34:33.107+0000 7fd5382e2700 1 -- start start
2023-07-25T14:34:40.359 INFO:teuthology.orchestra.run.smithi042.stdout:/usr/bin/ceph: stderr
2023-07-25T14:34:33.107+0000 7fd5382e2700 1 --2- >> [v2:172.21.15.42:3300/0,v1:172.21.15.42:6789/0] conn(0x7fd530106bc0 0x7fd530199e80 unknown :-1 s=NONE pgs=0 cs=0 l=1 rev1=0 crypto rx=0 tx=0 comp rx=0 tx=0).connect
2023-07-25T14:34:40.359 INFO:teuthology.orchestra.run.smithi042.stdout:/usr/bin/ceph: stderr
2023-07-25T14:34:33.107+0000 7fd5382e2700 1 -- --> [v2:172.21.15.42:3300/0,v1:172.21.15.42:6789/0] -- mon_getmap magic: 0 v1 -- 0x7fd53019a3c0 con 0x7fd530106bc0
2023-07-25T14:34:40.359 INFO:teuthology.orchestra.run.smithi042.stdout:/usr/bin/ceph: stderr
2023-07-25T14:34:33.107+0000 7fd53607e700 1 --2- >> [v2:172.21.15.42:3300/0,v1:172.21.15.42:6789/0] conn(0x7fd530106bc0 0x7fd530199e80 unknown :-1 s=BANNER_CONNECTING pgs=0 cs=0 l=1 rev1=0 crypto rx=0 tx=0 comp rx=0 tx=0)._handle_peer_banner_payload supported=3 required=0
2023-07-25T14:34:40.359 INFO:teuthology.orchestra.run.smithi042.stdout:/usr/bin/ceph: stderr
2023-07-25T14:34:33.107+0000 7fd53607e700 1 --2- >> [v2:172.21.15.42:3300/0,v1:172.21.15.42:6789/0] conn(0x7fd530106bc0 0x7fd530199e80 unknown :-1 s=HELLO_CONNECTING pgs=0 cs=0 l=1 rev1=1 crypto rx=0 tx=0 comp rx=0 tx=0).handle_hello peer v2:172.21.15.42:3300/0 says I am v2:172.21.15.42:35560/0 (socket says 172.21.15.42:35560)
2023-07-25T14:34:40.360 INFO:teuthology.orchestra.run.smithi042.stdout:/usr/bin/ceph: stderr
2023-07-25T14:34:33.107+0000 7fd53607e700 1 -- 172.21.15.42:0/3600417199 learned_addr learned my addr 172.21.15.42:0/3600417199 (peer_addr_for_me v2:172.21.15.42:0/0)
2023-07-25T14:34:40.360 INFO:teuthology.orchestra.run.smithi042.stdout:/usr/bin/ceph: stderr
2023-07-25T14:34:33.108+0000 7fd53607e700 1 -- 172.21.15.42:0/3600417199 --> [v2:172.21.15.42:3300/0,v1:172.21.15.42:6789/0] -- mon_subscribe({config=0+,monmap=0+}) v3 -- 0x7fd52c009550 con 0x7fd530106bc0
2023-07-25T14:34:40.360 INFO:teuthology.orchestra.run.smithi042.stdout:/usr/bin/ceph: stderr
2023-07-25T14:34:33.108+0000 7fd53607e700 1 --2- 172.21.15.42:0/3600417199 >> [v2:172.21.15.42:3300/0,v1:172.21.15.42:6789/0] conn(0x7fd530106bc0 0x7fd530199e80 secure :-1 s=READY pgs=29 cs=0 l=1 rev1=1 crypto rx=0x7fd52c009fb0 tx=0x7fd52c011ad0 comp rx=0 tx=0).ready entity=mon.0 client_cookie=0 server_cookie=0 in_seq=0 out_seq=0
2023-07-25T14:34:40.360 INFO:teuthology.orchestra.run.smithi042.stdout:/usr/bin/ceph: stderr
2023-07-25T14:34:33.108+0000 7fd5277fe700 1 -- 172.21.15.42:0/3600417199 <== mon.0 v2:172.21.15.42:3300/0 1 ==== mon_map magic: 0 v1 ==== 205+0+0 (secure 0 0 0) 0x7fd52c003a40 con 0x7fd530106bc0
2023-07-25T14:34:40.360 INFO:teuthology.orchestra.run.smithi042.stdout:/usr/bin/ceph: stderr
2023-07-25T14:34:33.108+0000 7fd5277fe700 1 -- 172.21.15.42:0/3600417199 <== mon.0 v2:172.21.15.42:3300/0 2 ==== config(26 keys) v1 ==== 1074+0+0 (secure 0 0 0) 0x7fd52c003ba0 con 0x7fd530106bc0
2023-07-25T14:34:40.360 INFO:teuthology.orchestra.run.smithi042.stdout:/usr/bin/ceph: stderr
2023-07-25T14:34:33.108+0000 7fd5277fe700 1 -- 172.21.15.42:0/3600417199 <== mon.0 v2:172.21.15.42:3300/0 3 ==== mon_map magic: 0 v1 ==== 205+0+0 (secure 0 0 0) 0x7fd52c01a750 con 0x7fd530106bc0
2023-07-25T14:34:40.360 INFO:teuthology.orchestra.run.smithi042.stdout:/usr/bin/ceph: stderr
2023-07-25T14:34:33.108+0000 7fd5382e2700 1 -- 172.21.15.42:0/3600417199 --> [v2:172.21.15.42:3300/0,v1:172.21.15.42:6789/0] -- mon_subscribe({mgrmap=0+}) v3 -- 0x7fd53019a5c0 con 0x7fd530106bc0
2023-07-25T14:34:40.361 INFO:teuthology.orchestra.run.smithi042.stdout:/usr/bin/ceph: stderr
2023-07-25T14:34:33.108+0000 7fd5382e2700 1 -- 172.21.15.42:0/3600417199 --> [v2:172.21.15.42:3300/0,v1:172.21.15.42:6789/0] -- mon_subscribe({osdmap=0}) v3 -- 0x7fd53019a9e0 con 0x7fd530106bc0
2023-07-25T14:34:40.361 INFO:teuthology.orchestra.run.smithi042.stdout:/usr/bin/ceph: stderr
2023-07-25T14:34:33.109+0000 7fd5277fe700 1 -- 172.21.15.42:0/3600417199 <== mon.0 v2:172.21.15.42:3300/0 4 ==== mgrmap(e 5) v1 ==== 45483+0+0 (secure 0 0 0) 0x7fd52c024b60 con 0x7fd530106bc0
2023-07-25T14:34:40.361 INFO:teuthology.orchestra.run.smithi042.stdout:/usr/bin/ceph: stderr
2023-07-25T14:34:33.109+0000 7fd5277fe700 1 --2- 172.21.15.42:0/3600417199 >> [v2:172.21.15.42:6800/2336037857,v1:172.21.15.42:6801/2336037857] conn(0x7fd51c038710 0x7fd51c03abd0 unknown :-1 s=NONE pgs=0 cs=0 l=1 rev1=0 crypto rx=0 tx=0 comp rx=0 tx=0).connect
2023-07-25T14:34:40.361 INFO:teuthology.orchestra.run.smithi042.stdout:/usr/bin/ceph: stderr
2023-07-25T14:34:33.109+0000 7fd5277fe700 1 -- 172.21.15.42:0/3600417199 --> [v2:172.21.15.42:6800/2336037857,v1:172.21.15.42:6801/2336037857] -- command(tid 0: {"prefix": "get_command_descriptions"}) v1 -- 0x7fd51c03b2e0 con 0x7fd51c038710
2023-07-25T14:34:40.361 INFO:teuthology.orchestra.run.smithi042.stdout:/usr/bin/ceph: stderr
2023-07-25T14:34:33.110+0000 7fd53587d700 1 -- 172.21.15.42:0/3600417199 >> [v2:172.21.15.42:6800/2336037857,v1:172.21.15.42:6801/2336037857] conn(0x7fd51c038710 msgr2=0x7fd51c03abd0 unknown :-1 s=STATE_CONNECTING_RE l=1).process reconnect failed to v2:172.21.15.42:6800/2336037857
2023-07-25T14:34:40.361 INFO:teuthology.orchestra.run.smithi042.stdout:/usr/bin/ceph: stderr
2023-07-25T14:34:33.110+0000 7fd5277fe700 1 -- 172.21.15.42:0/3600417199 <== mon.0 v2:172.21.15.42:3300/0 5 ==== osd_map(1..1 src has 1..1) v4 ==== 725+0+0 (secure 0 0 0) 0x7fd52c04c3a0 con 0x7fd530106bc0
2023-07-25T14:34:40.361 INFO:teuthology.orchestra.run.smithi042.stdout:/usr/bin/ceph: stderr
2023-07-25T14:34:33.110+0000 7fd53587d700 1 --2- 172.21.15.42:0/3600417199 >> [v2:172.21.15.42:6800/2336037857,v1:172.21.15.42:6801/2336037857] conn(0x7fd51c038710 0x7fd51c03abd0 unknown :-1 s=START_CONNECT pgs=0 cs=0 l=1 rev1=0 crypto rx=0 tx=0 comp rx=0 tx=0)._fault waiting 0.200000
2023-07-25T14:34:40.362 INFO:teuthology.orchestra.run.smithi042.stdout:/usr/bin/ceph: stderr
2023-07-25T14:34:33.311+0000 7fd53587d700 1 -- 172.21.15.42:0/3600417199 >> [v2:172.21.15.42:6800/2336037857,v1:172.21.15.42:6801/2336037857] conn(0x7fd51c038710 msgr2=0x7fd51c03abd0 unknown :-1 s=STATE_CONNECTING_RE l=1).process reconnect failed to v2:172.21.15.42:6800/2336037857
2023-07-25T14:34:40.362 INFO:teuthology.orchestra.run.smithi042.stdout:/usr/bin/ceph: stderr
2023-07-25T14:34:33.311+0000 7fd53587d700 1 --2- 172.21.15.42:0/3600417199 >> [v2:172.21.15.42:6800/2336037857,v1:172.21.15.42:6801/2336037857] conn(0x7fd51c038710 0x7fd51c03abd0 unknown :-1 s=START_CONNECT pgs=0 cs=0 l=1 rev1=0 crypto rx=0 tx=0 comp rx=0 tx=0)._fault waiting 0.400000
2023-07-25T14:34:40.362 INFO:teuthology.orchestra.run.smithi042.stdout:/usr/bin/ceph: stderr
2023-07-25T14:34:33.712+0000 7fd53587d700 1 -- 172.21.15.42:0/3600417199 >> [v2:172.21.15.42:6800/2336037857,v1:172.21.15.42:6801/2336037857] conn(0x7fd51c038710 msgr2=0x7fd51c03abd0 unknown :-1 s=STATE_CONNECTING_RE l=1).process reconnect failed to v2:172.21.15.42:6800/2336037857
2023-07-25T14:34:40.362 INFO:teuthology.orchestra.run.smithi042.stdout:/usr/bin/ceph: stderr
2023-07-25T14:34:33.712+0000 7fd53587d700 1 --2- 172.21.15.42:0/3600417199 >> [v2:172.21.15.42:6800/2336037857,v1:172.21.15.42:6801/2336037857] conn(0x7fd51c038710 0x7fd51c03abd0 unknown :-1 s=START_CONNECT pgs=0 cs=0 l=1 rev1=0 crypto rx=0 tx=0 comp rx=0 tx=0)._fault waiting 0.800000
2023-07-25T14:34:40.362 INFO:teuthology.orchestra.run.smithi042.stdout:/usr/bin/ceph: stderr
2023-07-25T14:34:34.513+0000 7fd53587d700 1 -- 172.21.15.42:0/3600417199 >> [v2:172.21.15.42:6800/2336037857,v1:172.21.15.42:6801/2336037857] conn(0x7fd51c038710 msgr2=0x7fd51c03abd0 unknown :-1 s=STATE_CONNECTING_RE l=1).process reconnect failed to v2:172.21.15.42:6800/2336037857
2023-07-25T14:34:40.362 INFO:teuthology.orchestra.run.smithi042.stdout:/usr/bin/ceph: stderr
2023-07-25T14:34:34.513+0000 7fd53587d700 1 --2- 172.21.15.42:0/3600417199 >> [v2:172.21.15.42:6800/2336037857,v1:172.21.15.42:6801/2336037857] conn(0x7fd51c038710 0x7fd51c03abd0 unknown :-1 s=START_CONNECT pgs=0 cs=0 l=1 rev1=0 crypto rx=0 tx=0 comp rx=0 tx=0)._fault waiting 1.600000
2023-07-25T14:34:40.362 INFO:teuthology.orchestra.run.smithi042.stdout:/usr/bin/ceph: stderr
2023-07-25T14:34:36.114+0000 7fd53587d700 1 -- 172.21.15.42:0/3600417199 >> [v2:172.21.15.42:6800/2336037857,v1:172.21.15.42:6801/2336037857] conn(0x7fd51c038710 msgr2=0x7fd51c03abd0 unknown :-1 s=STATE_CONNECTING_RE l=1).process reconnect failed to v2:172.21.15.42:6800/2336037857
2023-07-25T14:34:40.362 INFO:teuthology.orchestra.run.smithi042.stdout:/usr/bin/ceph: stderr
2023-07-25T14:34:36.114+0000 7fd53587d700 1 --2- 172.21.15.42:0/3600417199 >> [v2:172.21.15.42:6800/2336037857,v1:172.21.15.42:6801/2336037857] conn(0x7fd51c038710 0x7fd51c03abd0 unknown :-1 s=START_CONNECT pgs=0 cs=0 l=1 rev1=0 crypto rx=0 tx=0 comp rx=0 tx=0)._fault waiting 3.200000
2023-07-25T14:34:40.363 INFO:teuthology.orchestra.run.smithi042.stdout:/usr/bin/ceph: stderr
2023-07-25T14:34:38.834+0000 7fd5277fe700 1 -- 172.21.15.42:0/3600417199 <== mon.0 v2:172.21.15.42:3300/0 6 ==== mgrmap(e 6) v1 ==== 45250+0+0 (secure 0 0 0) 0x7fd52c024610 con 0x7fd530106bc0
2023-07-25T14:34:40.363 INFO:teuthology.orchestra.run.smithi042.stdout:/usr/bin/ceph: stderr
2023-07-25T14:34:38.834+0000 7fd5277fe700 1 -- 172.21.15.42:0/3600417199 >> [v2:172.21.15.42:6800/2336037857,v1:172.21.15.42:6801/2336037857] conn(0x7fd51c038710 msgr2=0x7fd51c03abd0 unknown :-1 s=STATE_CONNECTING l=1).mark_down
2023-07-25T14:34:40.363 INFO:teuthology.orchestra.run.smithi042.stdout:/usr/bin/ceph: stderr
2023-07-25T14:34:38.834+0000 7fd5277fe700 1 --2- 172.21.15.42:0/3600417199 >> [v2:172.21.15.42:6800/2336037857,v1:172.21.15.42:6801/2336037857] conn(0x7fd51c038710 0x7fd51c03abd0 unknown :-1 s=START_CONNECT pgs=0 cs=0 l=1 rev1=0 crypto rx=0 tx=0 comp rx=0 tx=0).stop
2023-07-25T14:34:40.363 INFO:teuthology.orchestra.run.smithi042.stdout:/usr/bin/ceph: stderr
2023-07-25T14:34:39.835+0000 7fd5277fe700 1 -- 172.21.15.42:0/3600417199 <== mon.0 v2:172.21.15.42:3300/0 7 ==== mgrmap(e 7) v1 ==== 45377+0+0 (secure 0 0 0) 0x7fd52c04e0a0 con 0x7fd530106bc0
2023-07-25T14:34:40.363 INFO:teuthology.orchestra.run.smithi042.stdout:/usr/bin/ceph: stderr
2023-07-25T14:34:39.835+0000 7fd5277fe700 1 --2- 172.21.15.42:0/3600417199 >> [v2:172.21.15.42:6800/617928813,v1:172.21.15.42:6801/617928813] conn(0x7fd51c03bff0 0x7fd51c03e3e0 unknown :-1 s=NONE pgs=0 cs=0 l=1 rev1=0 crypto rx=0 tx=0 comp rx=0 tx=0).connect
2023-07-25T14:34:40.363 INFO:teuthology.orchestra.run.smithi042.stdout:/usr/bin/ceph: stderr
2023-07-25T14:34:39.835+0000 7fd5277fe700 1 -- 172.21.15.42:0/3600417199 --> [v2:172.21.15.42:6800/617928813,v1:172.21.15.42:6801/617928813] -- command(tid 0: {"prefix": "get_command_descriptions"}) v1 -- 0x7fd51c03b2e0 con 0x7fd51c03bff0
2023-07-25T14:34:40.364 INFO:teuthology.orchestra.run.smithi042.stdout:/usr/bin/ceph: stderr
2023-07-25T14:34:39.835+0000 7fd53587d700 1 --2- 172.21.15.42:0/3600417199 >> [v2:172.21.15.42:6800/617928813,v1:172.21.15.42:6801/617928813] conn(0x7fd51c03bff0 0x7fd51c03e3e0 unknown :-1 s=BANNER_CONNECTING pgs=0 cs=0 l=1 rev1=0 crypto rx=0 tx=0 comp rx=0 tx=0)._handle_peer_banner_payload supported=3 required=0
2023-07-25T14:34:40.364 INFO:teuthology.orchestra.run.smithi042.stdout:/usr/bin/ceph: stderr
2023-07-25T14:34:39.836+0000 7fd53587d700 1 --2- 172.21.15.42:0/3600417199 >> [v2:172.21.15.42:6800/617928813,v1:172.21.15.42:6801/617928813] conn(0x7fd51c03bff0 0x7fd51c03e3e0 secure :-1 s=READY pgs=2 cs=0 l=1 rev1=1 crypto rx=0x7fd520003a10 tx=0x7fd5200092b0 comp rx=0 tx=0).ready entity=mgr.14120 client_cookie=0 server_cookie=0 in_seq=0 out_seq=0
2023-07-25T14:34:40.364 INFO:teuthology.orchestra.run.smithi042.stdout:/usr/bin/ceph: stderr
2023-07-25T14:34:39.837+0000 7fd5277fe700 1 -- 172.21.15.42:0/3600417199 <== mgr.14120 v2:172.21.15.42:6800/617928813 1 ==== command_reply(tid 0: 0 ) v1 ==== 8+0+6910 (secure 0 0 0) 0x7fd51c03b2e0 con 0x7fd51c03bff0
2023-07-25T14:34:40.364 INFO:teuthology.orchestra.run.smithi042.stdout:/usr/bin/ceph: stderr
2023-07-25T14:34:39.848+0000 7fd5382e2700 1 -- 172.21.15.42:0/3600417199 --> [v2:172.21.15.42:6800/617928813,v1:172.21.15.42:6801/617928813] -- command(tid 1: {"prefix": "mgr_status"}) v1 -- 0x7fd53019b1c0 con 0x7fd51c03bff0
2023-07-25T14:34:40.364 INFO:teuthology.orchestra.run.smithi042.stdout:/usr/bin/ceph: stderr
2023-07-25T14:34:39.848+0000 7fd5277fe700 1 -- 172.21.15.42:0/3600417199 <== mgr.14120 v2:172.21.15.42:6800/617928813 2 ==== command_reply(tid 1: 0 ) v1 ==== 8+0+51 (secure 0 0 0) 0x7fd53019b1c0 con 0x7fd51c03bff0
2023-07-25T14:34:40.365 INFO:teuthology.orchestra.run.smithi042.stdout:/usr/bin/ceph: stderr
2023-07-25T14:34:39.848+0000 7fd5382e2700 1 -- 172.21.15.42:0/3600417199 >> [v2:172.21.15.42:6800/617928813,v1:172.21.15.42:6801/617928813] conn(0x7fd51c03bff0 msgr2=0x7fd51c03e3e0 secure :-1 s=STATE_CONNECTION_ESTABLISHED l=1).mark_down
2023-07-25T14:34:40.365 INFO:teuthology.orchestra.run.smithi042.stdout:/usr/bin/ceph: stderr
2023-07-25T14:34:39.848+0000 7fd5382e2700 1 --2- 172.21.15.42:0/3600417199 >> [v2:172.21.15.42:6800/617928813,v1:172.21.15.42:6801/617928813] conn(0x7fd51c03bff0 0x7fd51c03e3e0 secure :-1 s=READY pgs=2 cs=0 l=1 rev1=1 crypto rx=0x7fd520003a10 tx=0x7fd5200092b0 comp rx=0 tx=0).stop
2023-07-25T14:34:40.365 INFO:teuthology.orchestra.run.smithi042.stdout:/usr/bin/ceph: stderr
2023-07-25T14:34:39.848+0000 7fd5382e2700 1 -- 172.21.15.42:0/3600417199 >> [v2:172.21.15.42:3300/0,v1:172.21.15.42:6789/0] conn(0x7fd530106bc0 msgr2=0x7fd530199e80 secure :-1 s=STATE_CONNECTION_ESTABLISHED l=1).mark_down
2023-07-25T14:34:40.365 INFO:teuthology.orchestra.run.smithi042.stdout:/usr/bin/ceph: stderr
2023-07-25T14:34:39.848+0000 7fd5382e2700 1 --2- 172.21.15.42:0/3600417199 >> [v2:172.21.15.42:3300/0,v1:172.21.15.42:6789/0] conn(0x7fd530106bc0 0x7fd530199e80 secure :-1 s=READY pgs=29 cs=0 l=1 rev1=1 crypto rx=0x7fd52c009fb0 tx=0x7fd52c011ad0 comp rx=0 tx=0).stop
2023-07-25T14:34:40.365 INFO:teuthology.orchestra.run.smithi042.stdout:/usr/bin/ceph: stderr
2023-07-25T14:34:39.848+0000 7fd5382e2700 1 -- 172.21.15.42:0/3600417199 shutdown_connections
2023-07-25T14:34:40.365 INFO:teuthology.orchestra.run.smithi042.stdout:/usr/bin/ceph: stderr
2023-07-25T14:34:39.848+0000 7fd5382e2700 1 --2- 172.21.15.42:0/3600417199 >> [v2:172.21.15.42:6800/617928813,v1:172.21.15.42:6801/617928813] conn(0x7fd51c03bff0 0x7fd51c03e3e0 unknown :-1 s=CLOSED pgs=2 cs=0 l=1 rev1=1 crypto rx=0 tx=0 comp rx=0 tx=0).stop
2023-07-25T14:34:40.365 INFO:teuthology.orchestra.run.smithi042.stdout:/usr/bin/ceph: stderr
2023-07-25T14:34:39.848+0000 7fd5382e2700 1 --2- 172.21.15.42:0/3600417199 >> [v2:172.21.15.42:3300/0,v1:172.21.15.42:6789/0] conn(0x7fd530106bc0 0x7fd530199e80 unknown :-1 s=CLOSED pgs=29 cs=0 l=1 rev1=1 crypto rx=0 tx=0 comp rx=0 tx=0).stop
2023-07-25T14:34:40.366 INFO:teuthology.orchestra.run.smithi042.stdout:/usr/bin/ceph: stderr
2023-07-25T14:34:39.848+0000 7fd5382e2700 1 --2- 172.21.15.42:0/3600417199 >> [v2:172.21.15.42:6800/2336037857,v1:172.21.15.42:6801/2336037857] conn(0x7fd51c038710 0x7fd51c03abd0 unknown :-1 s=CLOSED pgs=0 cs=0 l=1 rev1=0 crypto rx=0 tx=0 comp rx=0 tx=0).stop
2023-07-25T14:34:40.366 INFO:teuthology.orchestra.run.smithi042.stdout:/usr/bin/ceph: stderr
2023-07-25T14:34:39.848+0000 7fd5382e2700 1 -- 172.21.15.42:0/3600417199 >> 172.21.15.42:0/3600417199 conn(0x7fd530100610 msgr2=0x7fd530101d20 unknown :-1 s=STATE_NONE l=0).mark_down
2023-07-25T14:34:40.366 INFO:teuthology.orchestra.run.smithi042.stdout:/usr/bin/ceph: stderr
2023-07-25T14:34:39.848+0000 7fd5382e2700 1 -- 172.21.15.42:0/3600417199 shutdown_connections
2023-07-25T14:34:40.366 INFO:teuthology.orchestra.run.smithi042.stdout:/usr/bin/ceph: stderr
2023-07-25T14:34:39.848+0000 7fd5382e2700 1 -- 172.21.15.42:0/3600417199 wait complete.
2023-07-25T14:34:40.366 INFO:teuthology.orchestra.run.smithi042.stdout:mgr epoch 5 is available
2023-07-25T14:34:40.366 INFO:teuthology.orchestra.run.smithi042.stdout:Setting orchestrator backend to cephadm...
2023-07-25T14:34:41.158 INFO:journalctl@ceph.mon.a.smithi042.stdout:Jul 25 14:34:40 smithi042 ceph-mon[96489]: from='client.14124 -' entity='client.admin' cmd=[{"prefix": "mgr_status"}]: dispatch
2023-07-25T14:34:41.158 INFO:journalctl@ceph.mon.a.smithi042.stdout:Jul 25 14:34:40 smithi042 ceph-mon[96489]: [25/Jul/2023:14:34:40] ENGINE Bus STARTING
2023-07-25T14:34:41.159 INFO:journalctl@ceph.mon.a.smithi042.stdout:Jul 25 14:34:40 smithi042 ceph-mon[96489]: [25/Jul/2023:14:34:40] ENGINE Serving on http://172.21.15.42:8765
2023-07-25T14:34:41.159 INFO:journalctl@ceph.mon.a.smithi042.stdout:Jul 25 14:34:40 smithi042 ceph-mon[96489]: [25/Jul/2023:14:34:40] ENGINE Serving on https://172.21.15.42:7150
2023-07-25T14:34:41.159 INFO:journalctl@ceph.mon.a.smithi042.stdout:Jul 25 14:34:40 smithi042 ceph-mon[96489]: [25/Jul/2023:14:34:40] ENGINE Bus STARTED
2023-07-25T14:34:41.159 INFO:journalctl@ceph.mon.a.smithi042.stdout:Jul 25 14:34:40 smithi042 ceph-mon[96489]: from='mgr.14120 172.21.15.42:0/1117153089' entity='mgr.x' cmd=[{"prefix": "config dump", "format": "json"}]: dispatch
2023-07-25T14:34:41.699 INFO:teuthology.orchestra.run.smithi042.stdout:/usr/bin/ceph: stderr
2023-07-25T14:34:40.825+0000 7f69a1aa3700 1 Processor -- start
2023-07-25T14:34:41.700 INFO:teuthology.orchestra.run.smithi042.stdout:/usr/bin/ceph: stderr
2023-07-25T14:34:40.825+0000 7f69a1aa3700 1 -- start start
2023-07-25T14:34:41.700 INFO:teuthology.orchestra.run.smithi042.stdout:/usr/bin/ceph: stderr
2023-07-25T14:34:40.825+0000 7f69a1aa3700 1 --2- >> [v2:172.21.15.42:3300/0,v1:172.21.15.42:6789/0] conn(0x7f699c108360 0x7f699c108780 unknown :-1 s=NONE pgs=0 cs=0 l=0 rev1=0 crypto rx=0 tx=0 comp rx=0 tx=0).connect
2023-07-25T14:34:41.700 INFO:teuthology.orchestra.run.smithi042.stdout:/usr/bin/ceph: stderr
2023-07-25T14:34:40.825+0000 7f69a1aa3700 1 -- --> [v2:172.21.15.42:3300/0,v1:172.21.15.42:6789/0] -- mon_getmap magic: 0 v1 -- 0x7f699c108d50 con 0x7f699c108360
2023-07-25T14:34:41.701 INFO:teuthology.orchestra.run.smithi042.stdout:/usr/bin/ceph: stderr
2023-07-25T14:34:40.825+0000 7f699b7fe700 1 --2- >> [v2:172.21.15.42:3300/0,v1:172.21.15.42:6789/0] conn(0x7f699c108360 0x7f699c108780 unknown :-1 s=BANNER_CONNECTING pgs=0 cs=0 l=0 rev1=0 crypto rx=0 tx=0 comp rx=0 tx=0)._handle_peer_banner_payload supported=3 required=0
2023-07-25T14:34:41.701 INFO:teuthology.orchestra.run.smithi042.stdout:/usr/bin/ceph: stderr
2023-07-25T14:34:40.825+0000 7f699b7fe700 1 --2- >> [v2:172.21.15.42:3300/0,v1:172.21.15.42:6789/0] conn(0x7f699c108360 0x7f699c108780 unknown :-1 s=HELLO_CONNECTING pgs=0 cs=0 l=0 rev1=1 crypto rx=0 tx=0 comp rx=0 tx=0).handle_hello peer v2:172.21.15.42:3300/0 says I am v2:172.21.15.42:35612/0 (socket says 172.21.15.42:35612)
2023-07-25T14:34:41.701 INFO:teuthology.orchestra.run.smithi042.stdout:/usr/bin/ceph: stderr
2023-07-25T14:34:40.825+0000 7f699b7fe700 1 -- 172.21.15.42:0/4147053035 learned_addr learned my addr 172.21.15.42:0/4147053035 (peer_addr_for_me v2:172.21.15.42:0/0)
2023-07-25T14:34:41.702 INFO:teuthology.orchestra.run.smithi042.stdout:/usr/bin/ceph: stderr
2023-07-25T14:34:40.826+0000 7f699b7fe700 1 -- 172.21.15.42:0/4147053035 --> [v2:172.21.15.42:3300/0,v1:172.21.15.42:6789/0] -- mon_subscribe({config=0+,monmap=0+}) v3 -- 0x7f699c109560 con 0x7f699c108360
2023-07-25T14:34:41.702 INFO:teuthology.orchestra.run.smithi042.stdout:/usr/bin/ceph: stderr
2023-07-25T14:34:40.826+0000 7f699b7fe700 1 --2- 172.21.15.42:0/4147053035 >> [v2:172.21.15.42:3300/0,v1:172.21.15.42:6789/0] conn(0x7f699c108360 0x7f699c108780 secure :-1 s=READY pgs=37 cs=0 l=1 rev1=1 crypto rx=0x7f698c0098a0 tx=0x7f698c009bb0 comp rx=0 tx=0).ready entity=mon.0 client_cookie=b5ce0326f92ca5f3 server_cookie=0 in_seq=0 out_seq=0
2023-07-25T14:34:41.702 INFO:teuthology.orchestra.run.smithi042.stdout:/usr/bin/ceph: stderr
2023-07-25T14:34:40.826+0000 7f699a7fc700 1 -- 172.21.15.42:0/4147053035 <== mon.0 v2:172.21.15.42:3300/0 1 ==== mon_map magic: 0 v1 ==== 205+0+0 (secure 0 0 0) 0x7f698c004160 con 0x7f699c108360
2023-07-25T14:34:41.702 INFO:teuthology.orchestra.run.smithi042.stdout:/usr/bin/ceph: stderr
2023-07-25T14:34:40.826+0000 7f699a7fc700 1 -- 172.21.15.42:0/4147053035 <== mon.0 v2:172.21.15.42:3300/0 2 ==== config(26 keys) v1 ==== 1074+0+0 (secure 0 0 0) 0x7f698c0042c0 con 0x7f699c108360
2023-07-25T14:34:41.703 INFO:teuthology.orchestra.run.smithi042.stdout:/usr/bin/ceph: stderr
2023-07-25T14:34:40.826+0000 7f699a7fc700 1 -- 172.21.15.42:0/4147053035 <== mon.0 v2:172.21.15.42:3300/0 3 ==== mon_map magic: 0 v1 ==== 205+0+0 (secure 0 0 0) 0x7f698c011a00 con 0x7f699c108360
2023-07-25T14:34:41.703 INFO:teuthology.orchestra.run.smithi042.stdout:/usr/bin/ceph: stderr
2023-07-25T14:34:40.826+0000 7f69a1aa3700 1 -- 172.21.15.42:0/4147053035 >> [v2:172.21.15.42:3300/0,v1:172.21.15.42:6789/0] conn(0x7f699c108360 msgr2=0x7f699c108780 secure :-1 s=STATE_CONNECTION_ESTABLISHED l=1).mark_down
2023-07-25T14:34:41.703 INFO:teuthology.orchestra.run.smithi042.stdout:/usr/bin/ceph: stderr
2023-07-25T14:34:40.826+0000 7f69a1aa3700 1 --2- 172.21.15.42:0/4147053035 >> [v2:172.21.15.42:3300/0,v1:172.21.15.42:6789/0] conn(0x7f699c108360 0x7f699c108780 secure :-1 s=READY pgs=37 cs=0 l=1 rev1=1 crypto rx=0x7f698c0098a0 tx=0x7f698c009bb0 comp rx=0 tx=0).stop
2023-07-25T14:34:41.704 INFO:teuthology.orchestra.run.smithi042.stdout:/usr/bin/ceph: stderr
