2023-07-25T14:34:40.827+0000 7f69a1aa3700 1 -- 172.21.15.42:0/4147053035 shutdown_connections
2023-07-25T14:34:41.704 INFO:teuthology.orchestra.run.smithi042.stdout:/usr/bin/ceph: stderr
2023-07-25T14:34:40.827+0000 7f69a1aa3700 1 --2- 172.21.15.42:0/4147053035 >> [v2:172.21.15.42:3300/0,v1:172.21.15.42:6789/0] conn(0x7f699c108360 0x7f699c108780 unknown :-1 s=CLOSED pgs=37 cs=0 l=1 rev1=1 crypto rx=0 tx=0 comp rx=0 tx=0).stop
2023-07-25T14:34:41.704 INFO:teuthology.orchestra.run.smithi042.stdout:/usr/bin/ceph: stderr
2023-07-25T14:34:40.827+0000 7f69a1aa3700 1 -- 172.21.15.42:0/4147053035 >> 172.21.15.42:0/4147053035 conn(0x7f699c103900 msgr2=0x7f699c105d40 unknown :-1 s=STATE_NONE l=0).mark_down
2023-07-25T14:34:41.704 INFO:teuthology.orchestra.run.smithi042.stdout:/usr/bin/ceph: stderr
2023-07-25T14:34:40.827+0000 7f69a1aa3700 1 -- 172.21.15.42:0/4147053035 shutdown_connections
2023-07-25T14:34:41.705 INFO:teuthology.orchestra.run.smithi042.stdout:/usr/bin/ceph: stderr
2023-07-25T14:34:40.827+0000 7f69a1aa3700 1 -- 172.21.15.42:0/4147053035 wait complete.
2023-07-25T14:34:41.705 INFO:teuthology.orchestra.run.smithi042.stdout:/usr/bin/ceph: stderr
2023-07-25T14:34:40.827+0000 7f69a1aa3700 1 Processor -- start
2023-07-25T14:34:41.705 INFO:teuthology.orchestra.run.smithi042.stdout:/usr/bin/ceph: stderr
2023-07-25T14:34:40.827+0000 7f69a1aa3700 1 -- start start
2023-07-25T14:34:41.706 INFO:teuthology.orchestra.run.smithi042.stdout:/usr/bin/ceph: stderr
2023-07-25T14:34:40.828+0000 7f69a1aa3700 1 --2- >> [v2:172.21.15.42:3300/0,v1:172.21.15.42:6789/0] conn(0x7f699c108360 0x7f699c19c0f0 unknown :-1 s=NONE pgs=0 cs=0 l=1 rev1=0 crypto rx=0 tx=0 comp rx=0 tx=0).connect
2023-07-25T14:34:41.706 INFO:teuthology.orchestra.run.smithi042.stdout:/usr/bin/ceph: stderr
2023-07-25T14:34:40.828+0000 7f69a1aa3700 1 -- --> [v2:172.21.15.42:3300/0,v1:172.21.15.42:6789/0] -- mon_getmap magic: 0 v1 -- 0x7f699c19c630 con 0x7f699c108360
2023-07-25T14:34:41.706 INFO:teuthology.orchestra.run.smithi042.stdout:/usr/bin/ceph: stderr
2023-07-25T14:34:40.828+0000 7f699b7fe700 1 --2- >> [v2:172.21.15.42:3300/0,v1:172.21.15.42:6789/0] conn(0x7f699c108360 0x7f699c19c0f0 unknown :-1 s=BANNER_CONNECTING pgs=0 cs=0 l=1 rev1=0 crypto rx=0 tx=0 comp rx=0 tx=0)._handle_peer_banner_payload supported=3 required=0
2023-07-25T14:34:41.706 INFO:teuthology.orchestra.run.smithi042.stdout:/usr/bin/ceph: stderr
2023-07-25T14:34:40.828+0000 7f699b7fe700 1 --2- >> [v2:172.21.15.42:3300/0,v1:172.21.15.42:6789/0] conn(0x7f699c108360 0x7f699c19c0f0 unknown :-1 s=HELLO_CONNECTING pgs=0 cs=0 l=1 rev1=1 crypto rx=0 tx=0 comp rx=0 tx=0).handle_hello peer v2:172.21.15.42:3300/0 says I am v2:172.21.15.42:35614/0 (socket says 172.21.15.42:35614)
2023-07-25T14:34:41.707 INFO:teuthology.orchestra.run.smithi042.stdout:/usr/bin/ceph: stderr
2023-07-25T14:34:40.828+0000 7f699b7fe700 1 -- 172.21.15.42:0/3395988241 learned_addr learned my addr 172.21.15.42:0/3395988241 (peer_addr_for_me v2:172.21.15.42:0/0)
2023-07-25T14:34:41.707 INFO:teuthology.orchestra.run.smithi042.stdout:/usr/bin/ceph: stderr
2023-07-25T14:34:40.828+0000 7f699b7fe700 1 -- 172.21.15.42:0/3395988241 --> [v2:172.21.15.42:3300/0,v1:172.21.15.42:6789/0] -- mon_subscribe({config=0+,monmap=0+}) v3 -- 0x7f698c009550 con 0x7f699c108360
2023-07-25T14:34:41.707 INFO:teuthology.orchestra.run.smithi042.stdout:/usr/bin/ceph: stderr
2023-07-25T14:34:40.828+0000 7f699b7fe700 1 --2- 172.21.15.42:0/3395988241 >> [v2:172.21.15.42:3300/0,v1:172.21.15.42:6789/0] conn(0x7f699c108360 0x7f699c19c0f0 secure :-1 s=READY pgs=38 cs=0 l=1 rev1=1 crypto rx=0x7f698c009fb0 tx=0x7f698c011ad0 comp rx=0 tx=0).ready entity=mon.0 client_cookie=0 server_cookie=0 in_seq=0 out_seq=0
2023-07-25T14:34:41.708 INFO:teuthology.orchestra.run.smithi042.stdout:/usr/bin/ceph: stderr
2023-07-25T14:34:40.828+0000 7f6998ff9700 1 -- 172.21.15.42:0/3395988241 <== mon.0 v2:172.21.15.42:3300/0 1 ==== mon_map magic: 0 v1 ==== 205+0+0 (secure 0 0 0) 0x7f698c003a40 con 0x7f699c108360
2023-07-25T14:34:41.708 INFO:teuthology.orchestra.run.smithi042.stdout:/usr/bin/ceph: stderr
2023-07-25T14:34:40.828+0000 7f6998ff9700 1 -- 172.21.15.42:0/3395988241 <== mon.0 v2:172.21.15.42:3300/0 2 ==== config(26 keys) v1 ==== 1074+0+0 (secure 0 0 0) 0x7f698c003ba0 con 0x7f699c108360
2023-07-25T14:34:41.708 INFO:teuthology.orchestra.run.smithi042.stdout:/usr/bin/ceph: stderr
2023-07-25T14:34:40.828+0000 7f69a1aa3700 1 -- 172.21.15.42:0/3395988241 --> [v2:172.21.15.42:3300/0,v1:172.21.15.42:6789/0] -- mon_subscribe({mgrmap=0+}) v3 -- 0x7f699c19c830 con 0x7f699c108360
2023-07-25T14:34:41.708 INFO:teuthology.orchestra.run.smithi042.stdout:/usr/bin/ceph: stderr
2023-07-25T14:34:40.828+0000 7f6998ff9700 1 -- 172.21.15.42:0/3395988241 <== mon.0 v2:172.21.15.42:3300/0 3 ==== mon_map magic: 0 v1 ==== 205+0+0 (secure 0 0 0) 0x7f698c01a750 con 0x7f699c108360
2023-07-25T14:34:41.709 INFO:teuthology.orchestra.run.smithi042.stdout:/usr/bin/ceph: stderr
2023-07-25T14:34:40.828+0000 7f69a1aa3700 1 -- 172.21.15.42:0/3395988241 --> [v2:172.21.15.42:3300/0,v1:172.21.15.42:6789/0] -- mon_subscribe({osdmap=0}) v3 -- 0x7f699c19cc50 con 0x7f699c108360
2023-07-25T14:34:41.709 INFO:teuthology.orchestra.run.smithi042.stdout:/usr/bin/ceph: stderr
2023-07-25T14:34:40.829+0000 7f6998ff9700 1 -- 172.21.15.42:0/3395988241 <== mon.0 v2:172.21.15.42:3300/0 4 ==== mgrmap(e 7) v1 ==== 45377+0+0 (secure 0 0 0) 0x7f698c01a9d0 con 0x7f699c108360
2023-07-25T14:34:41.709 INFO:teuthology.orchestra.run.smithi042.stdout:/usr/bin/ceph: stderr
2023-07-25T14:34:40.829+0000 7f6998ff9700 1 --2- 172.21.15.42:0/3395988241 >> [v2:172.21.15.42:6800/617928813,v1:172.21.15.42:6801/617928813] conn(0x7f69880385a0 0x7f698803aa60 unknown :-1 s=NONE pgs=0 cs=0 l=1 rev1=0 crypto rx=0 tx=0 comp rx=0 tx=0).connect
2023-07-25T14:34:41.709 INFO:teuthology.orchestra.run.smithi042.stdout:/usr/bin/ceph: stderr
2023-07-25T14:34:40.829+0000 7f69a1aa3700 1 -- 172.21.15.42:0/3395988241 --> [v2:172.21.15.42:3300/0,v1:172.21.15.42:6789/0] -- mon_command({"prefix": "get_command_descriptions"} v 0) v1 -- 0x7f699c196140 con 0x7f699c108360
2023-07-25T14:34:41.709 INFO:teuthology.orchestra.run.smithi042.stdout:/usr/bin/ceph: stderr
2023-07-25T14:34:40.830+0000 7f6998ff9700 1 -- 172.21.15.42:0/3395988241 <== mon.0 v2:172.21.15.42:3300/0 5 ==== osd_map(2..2 src has 1..2) v4 ==== 940+0+0 (secure 0 0 0) 0x7f698c04c540 con 0x7f699c108360
2023-07-25T14:34:41.710 INFO:teuthology.orchestra.run.smithi042.stdout:/usr/bin/ceph: stderr
2023-07-25T14:34:40.830+0000 7f699affd700 1 --2- 172.21.15.42:0/3395988241 >> [v2:172.21.15.42:6800/617928813,v1:172.21.15.42:6801/617928813] conn(0x7f69880385a0 0x7f698803aa60 unknown :-1 s=BANNER_CONNECTING pgs=0 cs=0 l=1 rev1=0 crypto rx=0 tx=0 comp rx=0 tx=0)._handle_peer_banner_payload supported=3 required=0
2023-07-25T14:34:41.710 INFO:teuthology.orchestra.run.smithi042.stdout:/usr/bin/ceph: stderr
2023-07-25T14:34:40.830+0000 7f699affd700 1 --2- 172.21.15.42:0/3395988241 >> [v2:172.21.15.42:6800/617928813,v1:172.21.15.42:6801/617928813] conn(0x7f69880385a0 0x7f698803aa60 secure :-1 s=READY pgs=7 cs=0 l=1 rev1=1 crypto rx=0x7f6984006fd0 tx=0x7f6984006e40 comp rx=0 tx=0).ready entity=mgr.14120 client_cookie=0 server_cookie=0 in_seq=0 out_seq=0
2023-07-25T14:34:41.710 INFO:teuthology.orchestra.run.smithi042.stdout:/usr/bin/ceph: stderr
2023-07-25T14:34:40.835+0000 7f6998ff9700 1 -- 172.21.15.42:0/3395988241 <== mon.0 v2:172.21.15.42:3300/0 6 ==== mon_command_ack([{"prefix": "get_command_descriptions"}]=0 v0) v1 ==== 72+0+178008 (secure 0 0 0) 0x7f698c023390 con 0x7f699c108360
2023-07-25T14:34:41.710 INFO:teuthology.orchestra.run.smithi042.stdout:/usr/bin/ceph: stderr
2023-07-25T14:34:40.886+0000 7f6998ff9700 1 -- 172.21.15.42:0/3395988241 <== mon.0 v2:172.21.15.42:3300/0 7 ==== mgrmap(e 8) v1 ==== 45483+0+0 (secure 0 0 0) 0x7f698c02d9b0 con 0x7f699c108360
2023-07-25T14:34:41.711 INFO:teuthology.orchestra.run.smithi042.stdout:/usr/bin/ceph: stderr
2023-07-25T14:34:41.221+0000 7f69a1aa3700 1 -- 172.21.15.42:0/3395988241 --> [v2:172.21.15.42:6800/617928813,v1:172.21.15.42:6801/617928813] -- mgr_command(tid 0: {"prefix": "orch set backend", "module_name": "cephadm", "target": ["mon-mgr", ""]}) v1 -- 0x7f699c060bb0 con 0x7f69880385a0
2023-07-25T14:34:41.711 INFO:teuthology.orchestra.run.smithi042.stdout:/usr/bin/ceph: stderr
2023-07-25T14:34:41.227+0000 7f6998ff9700 1 -- 172.21.15.42:0/3395988241 <== mgr.14120 v2:172.21.15.42:6800/617928813 1 ==== mgr_command_reply(tid 0: 0 ) v1 ==== 8+0+0 (secure 0 0 0) 0x7f699c060bb0 con 0x7f69880385a0
2023-07-25T14:34:41.711 INFO:teuthology.orchestra.run.smithi042.stdout:/usr/bin/ceph: stderr
2023-07-25T14:34:41.229+0000 7f69a1aa3700 1 -- 172.21.15.42:0/3395988241 >> [v2:172.21.15.42:6800/617928813,v1:172.21.15.42:6801/617928813] conn(0x7f69880385a0 msgr2=0x7f698803aa60 secure :-1 s=STATE_CONNECTION_ESTABLISHED l=1).mark_down
2023-07-25T14:34:41.711 INFO:teuthology.orchestra.run.smithi042.stdout:/usr/bin/ceph: stderr
2023-07-25T14:34:41.229+0000 7f69a1aa3700 1 --2- 172.21.15.42:0/3395988241 >> [v2:172.21.15.42:6800/617928813,v1:172.21.15.42:6801/617928813] conn(0x7f69880385a0 0x7f698803aa60 secure :-1 s=READY pgs=7 cs=0 l=1 rev1=1 crypto rx=0x7f6984006fd0 tx=0x7f6984006e40 comp rx=0 tx=0).stop
2023-07-25T14:34:41.711 INFO:teuthology.orchestra.run.smithi042.stdout:/usr/bin/ceph: stderr
2023-07-25T14:34:41.229+0000 7f69a1aa3700 1 -- 172.21.15.42:0/3395988241 >> [v2:172.21.15.42:3300/0,v1:172.21.15.42:6789/0] conn(0x7f699c108360 msgr2=0x7f699c19c0f0 secure :-1 s=STATE_CONNECTION_ESTABLISHED l=1).mark_down
2023-07-25T14:34:41.711 INFO:teuthology.orchestra.run.smithi042.stdout:/usr/bin/ceph: stderr
2023-07-25T14:34:41.229+0000 7f69a1aa3700 1 --2- 172.21.15.42:0/3395988241 >> [v2:172.21.15.42:3300/0,v1:172.21.15.42:6789/0] conn(0x7f699c108360 0x7f699c19c0f0 secure :-1 s=READY pgs=38 cs=0 l=1 rev1=1 crypto rx=0x7f698c009fb0 tx=0x7f698c011ad0 comp rx=0 tx=0).stop
2023-07-25T14:34:41.712 INFO:teuthology.orchestra.run.smithi042.stdout:/usr/bin/ceph: stderr
2023-07-25T14:34:41.229+0000 7f69a1aa3700 1 -- 172.21.15.42:0/3395988241 shutdown_connections
2023-07-25T14:34:41.712 INFO:teuthology.orchestra.run.smithi042.stdout:/usr/bin/ceph: stderr
2023-07-25T14:34:41.229+0000 7f69a1aa3700 1 --2- 172.21.15.42:0/3395988241 >> [v2:172.21.15.42:6800/617928813,v1:172.21.15.42:6801/617928813] conn(0x7f69880385a0 0x7f698803aa60 unknown :-1 s=CLOSED pgs=7 cs=0 l=1 rev1=1 crypto rx=0 tx=0 comp rx=0 tx=0).stop
2023-07-25T14:34:41.712 INFO:teuthology.orchestra.run.smithi042.stdout:/usr/bin/ceph: stderr
2023-07-25T14:34:41.229+0000 7f69a1aa3700 1 --2- 172.21.15.42:0/3395988241 >> [v2:172.21.15.42:3300/0,v1:172.21.15.42:6789/0] conn(0x7f699c108360 0x7f699c19c0f0 unknown :-1 s=CLOSED pgs=38 cs=0 l=1 rev1=1 crypto rx=0 tx=0 comp rx=0 tx=0).stop
2023-07-25T14:34:41.712 INFO:teuthology.orchestra.run.smithi042.stdout:/usr/bin/ceph: stderr
2023-07-25T14:34:41.229+0000 7f69a1aa3700 1 -- 172.21.15.42:0/3395988241 >> 172.21.15.42:0/3395988241 conn(0x7f699c103900 msgr2=0x7f699c105090 unknown :-1 s=STATE_NONE l=0).mark_down
2023-07-25T14:34:41.712 INFO:teuthology.orchestra.run.smithi042.stdout:/usr/bin/ceph: stderr
2023-07-25T14:34:41.229+0000 7f69a1aa3700 1 -- 172.21.15.42:0/3395988241 shutdown_connections
2023-07-25T14:34:41.712 INFO:teuthology.orchestra.run.smithi042.stdout:/usr/bin/ceph: stderr
2023-07-25T14:34:41.229+0000 7f69a1aa3700 1 -- 172.21.15.42:0/3395988241 wait complete.
2023-07-25T14:34:42.158 INFO:journalctl@ceph.mon.a.smithi042.stdout:Jul 25 14:34:41 smithi042 ceph-mon[96489]: mgrmap e8: x(active, since 2s)
2023-07-25T14:34:42.158 INFO:journalctl@ceph.mon.a.smithi042.stdout:Jul 25 14:34:41 smithi042 ceph-mon[96489]: from='client.14132 -' entity='client.admin' cmd=[{"prefix": "orch set backend", "module_name": "cephadm", "target": ["mon-mgr", ""]}]: dispatch
2023-07-25T14:34:42.158 INFO:journalctl@ceph.mon.a.smithi042.stdout:Jul 25 14:34:41 smithi042 ceph-mon[96489]: from='mgr.14120 172.21.15.42:0/1117153089' entity='mgr.x'
2023-07-25T14:34:42.159 INFO:journalctl@ceph.mon.a.smithi042.stdout:Jul 25 14:34:41 smithi042 ceph-mon[96489]: from='mgr.14120 172.21.15.42:0/1117153089' entity='mgr.x' cmd=[{"prefix": "config dump", "format": "json"}]: dispatch
2023-07-25T14:34:43.044 INFO:teuthology.orchestra.run.smithi042.stdout:/usr/bin/ceph: stdout value unchanged
2023-07-25T14:34:43.044 INFO:teuthology.orchestra.run.smithi042.stdout:/usr/bin/ceph: stderr
2023-07-25T14:34:42.193+0000 7fe0aae27700 1 Processor -- start
2023-07-25T14:34:43.044 INFO:teuthology.orchestra.run.smithi042.stdout:/usr/bin/ceph: stderr
2023-07-25T14:34:42.193+0000 7fe0aae27700 1 -- start start
2023-07-25T14:34:43.045 INFO:teuthology.orchestra.run.smithi042.stdout:/usr/bin/ceph: stderr
2023-07-25T14:34:42.193+0000 7fe0aae27700 1 --2- >> [v2:172.21.15.42:3300/0,v1:172.21.15.42:6789/0] conn(0x7fe0a4106bc0 0x7fe0a4108fb0 unknown :-1 s=NONE pgs=0 cs=0 l=0 rev1=0 crypto rx=0 tx=0 comp rx=0 tx=0).connect
2023-07-25T14:34:43.045 INFO:teuthology.orchestra.run.smithi042.stdout:/usr/bin/ceph: stderr
2023-07-25T14:34:42.193+0000 7fe0aae27700 1 -- --> [v2:172.21.15.42:3300/0,v1:172.21.15.42:6789/0] -- mon_getmap magic: 0 v1 -- 0x7fe0a4074040 con 0x7fe0a4106bc0
2023-07-25T14:34:43.045 INFO:teuthology.orchestra.run.smithi042.stdout:/usr/bin/ceph: stderr
2023-07-25T14:34:42.194+0000 7fe0a8bc3700 1 --2- >> [v2:172.21.15.42:3300/0,v1:172.21.15.42:6789/0] conn(0x7fe0a4106bc0 0x7fe0a4108fb0 unknown :-1 s=BANNER_CONNECTING pgs=0 cs=0 l=0 rev1=0 crypto rx=0 tx=0 comp rx=0 tx=0)._handle_peer_banner_payload supported=3 required=0
2023-07-25T14:34:43.045 INFO:teuthology.orchestra.run.smithi042.stdout:/usr/bin/ceph: stderr
2023-07-25T14:34:42.194+0000 7fe0a8bc3700 1 --2- >> [v2:172.21.15.42:3300/0,v1:172.21.15.42:6789/0] conn(0x7fe0a4106bc0 0x7fe0a4108fb0 unknown :-1 s=HELLO_CONNECTING pgs=0 cs=0 l=0 rev1=1 crypto rx=0 tx=0 comp rx=0 tx=0).handle_hello peer v2:172.21.15.42:3300/0 says I am v2:172.21.15.42:35618/0 (socket says 172.21.15.42:35618)
2023-07-25T14:34:43.045 INFO:teuthology.orchestra.run.smithi042.stdout:/usr/bin/ceph: stderr
2023-07-25T14:34:42.194+0000 7fe0a8bc3700 1 -- 172.21.15.42:0/1503271554 learned_addr learned my addr 172.21.15.42:0/1503271554 (peer_addr_for_me v2:172.21.15.42:0/0)
2023-07-25T14:34:43.045 INFO:teuthology.orchestra.run.smithi042.stdout:/usr/bin/ceph: stderr
2023-07-25T14:34:42.194+0000 7fe0a8bc3700 1 -- 172.21.15.42:0/1503271554 --> [v2:172.21.15.42:3300/0,v1:172.21.15.42:6789/0] -- mon_subscribe({config=0+,monmap=0+}) v3 -- 0x7fe0a41094f0 con 0x7fe0a4106bc0
2023-07-25T14:34:43.045 INFO:teuthology.orchestra.run.smithi042.stdout:/usr/bin/ceph: stderr
2023-07-25T14:34:42.194+0000 7fe0a8bc3700 1 --2- 172.21.15.42:0/1503271554 >> [v2:172.21.15.42:3300/0,v1:172.21.15.42:6789/0] conn(0x7fe0a4106bc0 0x7fe0a4108fb0 secure :-1 s=READY pgs=39 cs=0 l=1 rev1=1 crypto rx=0x7fe0980098a0 tx=0x7fe098009bb0 comp rx=0 tx=0).ready entity=mon.0 client_cookie=fb86727a01755967 server_cookie=0 in_seq=0 out_seq=0
2023-07-25T14:34:43.046 INFO:teuthology.orchestra.run.smithi042.stdout:/usr/bin/ceph: stderr
2023-07-25T14:34:42.194+0000 7fe0a37fe700 1 -- 172.21.15.42:0/1503271554 <== mon.0 v2:172.21.15.42:3300/0 1 ==== mon_map magic: 0 v1 ==== 205+0+0 (secure 0 0 0) 0x7fe098004160 con 0x7fe0a4106bc0
2023-07-25T14:34:43.046 INFO:teuthology.orchestra.run.smithi042.stdout:/usr/bin/ceph: stderr
2023-07-25T14:34:42.194+0000 7fe0a37fe700 1 -- 172.21.15.42:0/1503271554 <== mon.0 v2:172.21.15.42:3300/0 2 ==== config(26 keys) v1 ==== 1074+0+0 (secure 0 0 0) 0x7fe0980042c0 con 0x7fe0a4106bc0
2023-07-25T14:34:43.046 INFO:teuthology.orchestra.run.smithi042.stdout:/usr/bin/ceph: stderr
2023-07-25T14:34:42.194+0000 7fe0a37fe700 1 -- 172.21.15.42:0/1503271554 <== mon.0 v2:172.21.15.42:3300/0 3 ==== mon_map magic: 0 v1 ==== 205+0+0 (secure 0 0 0) 0x7fe098011a00 con 0x7fe0a4106bc0
2023-07-25T14:34:43.046 INFO:teuthology.orchestra.run.smithi042.stdout:/usr/bin/ceph: stderr
2023-07-25T14:34:42.195+0000 7fe0aae27700 1 -- 172.21.15.42:0/1503271554 >> [v2:172.21.15.42:3300/0,v1:172.21.15.42:6789/0] conn(0x7fe0a4106bc0 msgr2=0x7fe0a4108fb0 secure :-1 s=STATE_CONNECTION_ESTABLISHED l=1).mark_down
2023-07-25T14:34:43.046 INFO:teuthology.orchestra.run.smithi042.stdout:/usr/bin/ceph: stderr
2023-07-25T14:34:42.195+0000 7fe0aae27700 1 --2- 172.21.15.42:0/1503271554 >> [v2:172.21.15.42:3300/0,v1:172.21.15.42:6789/0] conn(0x7fe0a4106bc0 0x7fe0a4108fb0 secure :-1 s=READY pgs=39 cs=0 l=1 rev1=1 crypto rx=0x7fe0980098a0 tx=0x7fe098009bb0 comp rx=0 tx=0).stop
2023-07-25T14:34:43.047 INFO:teuthology.orchestra.run.smithi042.stdout:/usr/bin/ceph: stderr
2023-07-25T14:34:42.195+0000 7fe0aae27700 1 -- 172.21.15.42:0/1503271554 shutdown_connections
2023-07-25T14:34:43.047 INFO:teuthology.orchestra.run.smithi042.stdout:/usr/bin/ceph: stderr
2023-07-25T14:34:42.195+0000 7fe0aae27700 1 --2- 172.21.15.42:0/1503271554 >> [v2:172.21.15.42:3300/0,v1:172.21.15.42:6789/0] conn(0x7fe0a4106bc0 0x7fe0a4108fb0 unknown :-1 s=CLOSED pgs=39 cs=0 l=1 rev1=1 crypto rx=0 tx=0 comp rx=0 tx=0).stop
2023-07-25T14:34:43.047 INFO:teuthology.orchestra.run.smithi042.stdout:/usr/bin/ceph: stderr
2023-07-25T14:34:42.195+0000 7fe0aae27700 1 -- 172.21.15.42:0/1503271554 >> 172.21.15.42:0/1503271554 conn(0x7fe0a4100610 msgr2=0x7fe0a4102a30 unknown :-1 s=STATE_NONE l=0).mark_down
2023-07-25T14:34:43.047 INFO:teuthology.orchestra.run.smithi042.stdout:/usr/bin/ceph: stderr
2023-07-25T14:34:42.195+0000 7fe0aae27700 1 -- 172.21.15.42:0/1503271554 shutdown_connections
2023-07-25T14:34:43.047 INFO:teuthology.orchestra.run.smithi042.stdout:/usr/bin/ceph: stderr
2023-07-25T14:34:42.195+0000 7fe0aae27700 1 -- 172.21.15.42:0/1503271554 wait complete.
2023-07-25T14:34:43.047 INFO:teuthology.orchestra.run.smithi042.stdout:/usr/bin/ceph: stderr
2023-07-25T14:34:42.196+0000 7fe0aae27700 1 Processor -- start
2023-07-25T14:34:43.048 INFO:teuthology.orchestra.run.smithi042.stdout:/usr/bin/ceph: stderr
2023-07-25T14:34:42.196+0000 7fe0aae27700 1 -- start start
2023-07-25T14:34:43.048 INFO:teuthology.orchestra.run.smithi042.stdout:/usr/bin/ceph: stderr
2023-07-25T14:34:42.196+0000 7fe0aae27700 1 --2- >> [v2:172.21.15.42:3300/0,v1:172.21.15.42:6789/0] conn(0x7fe0a4106bc0 0x7fe0a4199e80 unknown :-1 s=NONE pgs=0 cs=0 l=1 rev1=0 crypto rx=0 tx=0 comp rx=0 tx=0).connect
2023-07-25T14:34:43.048 INFO:teuthology.orchestra.run.smithi042.stdout:/usr/bin/ceph: stderr
2023-07-25T14:34:42.196+0000 7fe0aae27700 1 -- --> [v2:172.21.15.42:3300/0,v1:172.21.15.42:6789/0] -- mon_getmap magic: 0 v1 -- 0x7fe0a419a3c0 con 0x7fe0a4106bc0
2023-07-25T14:34:43.048 INFO:teuthology.orchestra.run.smithi042.stdout:/usr/bin/ceph: stderr
2023-07-25T14:34:42.196+0000 7fe0a8bc3700 1 --2- >> [v2:172.21.15.42:3300/0,v1:172.21.15.42:6789/0] conn(0x7fe0a4106bc0 0x7fe0a4199e80 unknown :-1 s=BANNER_CONNECTING pgs=0 cs=0 l=1 rev1=0 crypto rx=0 tx=0 comp rx=0 tx=0)._handle_peer_banner_payload supported=3 required=0
2023-07-25T14:34:43.048 INFO:teuthology.orchestra.run.smithi042.stdout:/usr/bin/ceph: stderr
2023-07-25T14:34:42.196+0000 7fe0a8bc3700 1 --2- >> [v2:172.21.15.42:3300/0,v1:172.21.15.42:6789/0] conn(0x7fe0a4106bc0 0x7fe0a4199e80 unknown :-1 s=HELLO_CONNECTING pgs=0 cs=0 l=1 rev1=1 crypto rx=0 tx=0 comp rx=0 tx=0).handle_hello peer v2:172.21.15.42:3300/0 says I am v2:172.21.15.42:35620/0 (socket says 172.21.15.42:35620)
2023-07-25T14:34:43.048 INFO:teuthology.orchestra.run.smithi042.stdout:/usr/bin/ceph: stderr
2023-07-25T14:34:42.196+0000 7fe0a8bc3700 1 -- 172.21.15.42:0/753219302 learned_addr learned my addr 172.21.15.42:0/753219302 (peer_addr_for_me v2:172.21.15.42:0/0)
2023-07-25T14:34:43.048 INFO:teuthology.orchestra.run.smithi042.stdout:/usr/bin/ceph: stderr
2023-07-25T14:34:42.196+0000 7fe0a8bc3700 1 -- 172.21.15.42:0/753219302 --> [v2:172.21.15.42:3300/0,v1:172.21.15.42:6789/0] -- mon_subscribe({config=0+,monmap=0+}) v3 -- 0x7fe098009550 con 0x7fe0a4106bc0
2023-07-25T14:34:43.049 INFO:teuthology.orchestra.run.smithi042.stdout:/usr/bin/ceph: stderr
2023-07-25T14:34:42.196+0000 7fe0a8bc3700 1 --2- 172.21.15.42:0/753219302 >> [v2:172.21.15.42:3300/0,v1:172.21.15.42:6789/0] conn(0x7fe0a4106bc0 0x7fe0a4199e80 secure :-1 s=READY pgs=40 cs=0 l=1 rev1=1 crypto rx=0x7fe098009fb0 tx=0x7fe098011ad0 comp rx=0 tx=0).ready entity=mon.0 client_cookie=0 server_cookie=0 in_seq=0 out_seq=0
2023-07-25T14:34:43.049 INFO:teuthology.orchestra.run.smithi042.stdout:/usr/bin/ceph: stderr
2023-07-25T14:34:42.197+0000 7fe0a1ffb700 1 -- 172.21.15.42:0/753219302 <== mon.0 v2:172.21.15.42:3300/0 1 ==== mon_map magic: 0 v1 ==== 205+0+0 (secure 0 0 0) 0x7fe098003a40 con 0x7fe0a4106bc0
2023-07-25T14:34:43.049 INFO:teuthology.orchestra.run.smithi042.stdout:/usr/bin/ceph: stderr
2023-07-25T14:34:42.197+0000 7fe0a1ffb700 1 -- 172.21.15.42:0/753219302 <== mon.0 v2:172.21.15.42:3300/0 2 ==== config(26 keys) v1 ==== 1074+0+0 (secure 0 0 0) 0x7fe098003ba0 con 0x7fe0a4106bc0
2023-07-25T14:34:43.049 INFO:teuthology.orchestra.run.smithi042.stdout:/usr/bin/ceph: stderr
2023-07-25T14:34:42.197+0000 7fe0aae27700 1 -- 172.21.15.42:0/753219302 --> [v2:172.21.15.42:3300/0,v1:172.21.15.42:6789/0] -- mon_subscribe({mgrmap=0+}) v3 -- 0x7fe0a419a5c0 con 0x7fe0a4106bc0
2023-07-25T14:34:43.049 INFO:teuthology.orchestra.run.smithi042.stdout:/usr/bin/ceph: stderr
2023-07-25T14:34:42.197+0000 7fe0a1ffb700 1 -- 172.21.15.42:0/753219302 <== mon.0 v2:172.21.15.42:3300/0 3 ==== mon_map magic: 0 v1 ==== 205+0+0 (secure 0 0 0) 0x7fe09801a750 con 0x7fe0a4106bc0
2023-07-25T14:34:43.049 INFO:teuthology.orchestra.run.smithi042.stdout:/usr/bin/ceph: stderr
2023-07-25T14:34:42.197+0000 7fe0aae27700 1 -- 172.21.15.42:0/753219302 --> [v2:172.21.15.42:3300/0,v1:172.21.15.42:6789/0] -- mon_subscribe({osdmap=0}) v3 -- 0x7fe0a419a9e0 con 0x7fe0a4106bc0
2023-07-25T14:34:43.050 INFO:teuthology.orchestra.run.smithi042.stdout:/usr/bin/ceph: stderr
2023-07-25T14:34:42.198+0000 7fe0aae27700 1 -- 172.21.15.42:0/753219302 --> [v2:172.21.15.42:3300/0,v1:172.21.15.42:6789/0] -- mon_command({"prefix": "get_command_descriptions"} v 0) v1 -- 0x7fe0a4061da0 con 0x7fe0a4106bc0
2023-07-25T14:34:43.050 INFO:teuthology.orchestra.run.smithi042.stdout:/usr/bin/ceph: stderr
2023-07-25T14:34:42.198+0000 7fe0a1ffb700 1 -- 172.21.15.42:0/753219302 <== mon.0 v2:172.21.15.42:3300/0 4 ==== mgrmap(e 8) v1 ==== 45483+0+0 (secure 0 0 0) 0x7fe098024b60 con 0x7fe0a4106bc0
2023-07-25T14:34:43.050 INFO:teuthology.orchestra.run.smithi042.stdout:/usr/bin/ceph: stderr
2023-07-25T14:34:42.198+0000 7fe0a1ffb700 1 --2- 172.21.15.42:0/753219302 >> [v2:172.21.15.42:6800/617928813,v1:172.21.15.42:6801/617928813] conn(0x7fe0940386c0 0x7fe09403ab80 unknown :-1 s=NONE pgs=0 cs=0 l=1 rev1=0 crypto rx=0 tx=0 comp rx=0 tx=0).connect
2023-07-25T14:34:43.050 INFO:teuthology.orchestra.run.smithi042.stdout:/usr/bin/ceph: stderr
2023-07-25T14:34:42.198+0000 7fe0a1ffb700 1 -- 172.21.15.42:0/753219302 <== mon.0 v2:172.21.15.42:3300/0 5 ==== osd_map(2..2 src has 1..2) v4 ==== 940+0+0 (secure 0 0 0) 0x7fe09804c6c0 con 0x7fe0a4106bc0
2023-07-25T14:34:43.050 INFO:teuthology.orchestra.run.smithi042.stdout:/usr/bin/ceph: stderr
2023-07-25T14:34:42.198+0000 7fe0a3fff700 1 --2- 172.21.15.42:0/753219302 >> [v2:172.21.15.42:6800/617928813,v1:172.21.15.42:6801/617928813] conn(0x7fe0940386c0 0x7fe09403ab80 unknown :-1 s=BANNER_CONNECTING pgs=0 cs=0 l=1 rev1=0 crypto rx=0 tx=0 comp rx=0 tx=0)._handle_peer_banner_payload supported=3 required=0
2023-07-25T14:34:43.050 INFO:teuthology.orchestra.run.smithi042.stdout:/usr/bin/ceph: stderr
2023-07-25T14:34:42.199+0000 7fe0a3fff700 1 --2- 172.21.15.42:0/753219302 >> [v2:172.21.15.42:6800/617928813,v1:172.21.15.42:6801/617928813] conn(0x7fe0940386c0 0x7fe09403ab80 secure :-1 s=READY pgs=8 cs=0 l=1 rev1=1 crypto rx=0x7fe090006fd0 tx=0x7fe090006e40 comp rx=0 tx=0).ready entity=mgr.14120 client_cookie=0 server_cookie=0 in_seq=0 out_seq=0
2023-07-25T14:34:43.050 INFO:teuthology.orchestra.run.smithi042.stdout:/usr/bin/ceph: stderr
2023-07-25T14:34:42.203+0000 7fe0a1ffb700 1 -- 172.21.15.42:0/753219302 <== mon.0 v2:172.21.15.42:3300/0 6 ==== mon_command_ack([{"prefix": "get_command_descriptions"}]=0 v0) v1 ==== 72+0+178008 (secure 0 0 0) 0x7fe098018530 con 0x7fe0a4106bc0
2023-07-25T14:34:43.051 INFO:teuthology.orchestra.run.smithi042.stdout:/usr/bin/ceph: stderr
2023-07-25T14:34:42.566+0000 7fe0aae27700 1 -- 172.21.15.42:0/753219302 --> [v2:172.21.15.42:6800/617928813,v1:172.21.15.42:6801/617928813] -- mgr_command(tid 0: {"prefix": "cephadm set-user", "user": "root", "target": ["mon-mgr", ""]}) v1 -- 0x7fe0a4102940 con 0x7fe0940386c0
2023-07-25T14:34:43.051 INFO:teuthology.orchestra.run.smithi042.stdout:/usr/bin/ceph: stderr
2023-07-25T14:34:42.567+0000 7fe0a1ffb700 1 -- 172.21.15.42:0/753219302 <== mgr.14120 v2:172.21.15.42:6800/617928813 1 ==== mgr_command_reply(tid 0: 0 ) v1 ==== 8+0+16 (secure 0 0 0) 0x7fe0a4102940 con 0x7fe0940386c0
2023-07-25T14:34:43.051 INFO:teuthology.orchestra.run.smithi042.stdout:/usr/bin/ceph: stderr
2023-07-25T14:34:42.569+0000 7fe0aae27700 1 -- 172.21.15.42:0/753219302 >> [v2:172.21.15.42:6800/617928813,v1:172.21.15.42:6801/617928813] conn(0x7fe0940386c0 msgr2=0x7fe09403ab80 secure :-1 s=STATE_CONNECTION_ESTABLISHED l=1).mark_down
2023-07-25T14:34:43.051 INFO:teuthology.orchestra.run.smithi042.stdout:/usr/bin/ceph: stderr
2023-07-25T14:34:42.569+0000 7fe0aae27700 1 --2- 172.21.15.42:0/753219302 >> [v2:172.21.15.42:6800/617928813,v1:172.21.15.42:6801/617928813] conn(0x7fe0940386c0 0x7fe09403ab80 secure :-1 s=READY pgs=8 cs=0 l=1 rev1=1 crypto rx=0x7fe090006fd0 tx=0x7fe090006e40 comp rx=0 tx=0).stop
2023-07-25T14:34:43.051 INFO:teuthology.orchestra.run.smithi042.stdout:/usr/bin/ceph: stderr
2023-07-25T14:34:42.569+0000 7fe0aae27700 1 -- 172.21.15.42:0/753219302 >> [v2:172.21.15.42:3300/0,v1:172.21.15.42:6789/0] conn(0x7fe0a4106bc0 msgr2=0x7fe0a4199e80 secure :-1 s=STATE_CONNECTION_ESTABLISHED l=1).mark_down
2023-07-25T14:34:43.051 INFO:teuthology.orchestra.run.smithi042.stdout:/usr/bin/ceph: stderr
2023-07-25T14:34:42.569+0000 7fe0aae27700 1 --2- 172.21.15.42:0/753219302 >> [v2:172.21.15.42:3300/0,v1:172.21.15.42:6789/0] conn(0x7fe0a4106bc0 0x7fe0a4199e80 secure :-1 s=READY pgs=40 cs=0 l=1 rev1=1 crypto rx=0x7fe098009fb0 tx=0x7fe098011ad0 comp rx=0 tx=0).stop
2023-07-25T14:34:43.052 INFO:teuthology.orchestra.run.smithi042.stdout:/usr/bin/ceph: stderr
2023-07-25T14:34:42.569+0000 7fe0aae27700 1 -- 172.21.15.42:0/753219302 shutdown_connections
2023-07-25T14:34:43.052 INFO:teuthology.orchestra.run.smithi042.stdout:/usr/bin/ceph: stderr
2023-07-25T14:34:42.569+0000 7fe0aae27700 1 --2- 172.21.15.42:0/753219302 >> [v2:172.21.15.42:6800/617928813,v1:172.21.15.42:6801/617928813] conn(0x7fe0940386c0 0x7fe09403ab80 unknown :-1 s=CLOSED pgs=8 cs=0 l=1 rev1=1 crypto rx=0 tx=0 comp rx=0 tx=0).stop
2023-07-25T14:34:43.052 INFO:teuthology.orchestra.run.smithi042.stdout:/usr/bin/ceph: stderr
2023-07-25T14:34:42.569+0000 7fe0aae27700 1 --2- 172.21.15.42:0/753219302 >> [v2:172.21.15.42:3300/0,v1:172.21.15.42:6789/0] conn(0x7fe0a4106bc0 0x7fe0a4199e80 unknown :-1 s=CLOSED pgs=40 cs=0 l=1 rev1=1 crypto rx=0 tx=0 comp rx=0 tx=0).stop
2023-07-25T14:34:43.053 INFO:teuthology.orchestra.run.smithi042.stdout:/usr/bin/ceph: stderr
2023-07-25T14:34:42.569+0000 7fe0aae27700 1 -- 172.21.15.42:0/753219302 >> 172.21.15.42:0/753219302 conn(0x7fe0a4100610 msgr2=0x7fe0a4101d20 unknown :-1 s=STATE_NONE l=0).mark_down
2023-07-25T14:34:43.053 INFO:teuthology.orchestra.run.smithi042.stdout:/usr/bin/ceph: stderr
2023-07-25T14:34:42.569+0000 7fe0aae27700 1 -- 172.21.15.42:0/753219302 shutdown_connections
2023-07-25T14:34:43.053 INFO:teuthology.orchestra.run.smithi042.stdout:/usr/bin/ceph: stderr
2023-07-25T14:34:42.569+0000 7fe0aae27700 1 -- 172.21.15.42:0/753219302 wait complete.
2023-07-25T14:34:43.053 INFO:teuthology.orchestra.run.smithi042.stdout:Generating ssh key...
2023-07-25T14:34:43.158 INFO:journalctl@ceph.mon.a.smithi042.stdout:Jul 25 14:34:42 smithi042 ceph-mon[96489]: from='client.14134 -' entity='client.admin' cmd=[{"prefix": "cephadm set-user", "user": "root", "target": ["mon-mgr", ""]}]: dispatch
2023-07-25T14:34:44.655 INFO:journalctl@ceph.mgr.x.smithi042.stdout:Jul 25 14:34:44 smithi042 ceph-3065c6e0-2af8-11ee-9b35-001a4aab830c-mgr-x[96734]: Generating public/private rsa key pair.
2023-07-25T14:34:44.656 INFO:journalctl@ceph.mgr.x.smithi042.stdout:Jul 25 14:34:44 smithi042 ceph-3065c6e0-2af8-11ee-9b35-001a4aab830c-mgr-x[96734]: Your identification has been saved in /tmp/tmpdx_azm8k/key.
2023-07-25T14:34:44.656 INFO:journalctl@ceph.mgr.x.smithi042.stdout:Jul 25 14:34:44 smithi042 ceph-3065c6e0-2af8-11ee-9b35-001a4aab830c-mgr-x[96734]: Your public key has been saved in /tmp/tmpdx_azm8k/key.pub.
2023-07-25T14:34:44.656 INFO:journalctl@ceph.mgr.x.smithi042.stdout:Jul 25 14:34:44 smithi042 ceph-3065c6e0-2af8-11ee-9b35-001a4aab830c-mgr-x[96734]: The key fingerprint is:
2023-07-25T14:34:44.656 INFO:journalctl@ceph.mgr.x.smithi042.stdout:Jul 25 14:34:44 smithi042 ceph-3065c6e0-2af8-11ee-9b35-001a4aab830c-mgr-x[96734]: SHA256:9RoeqU5k93phjDTVQMyN6uappf0wKs1w5ewZdF9GphU ceph-3065c6e0-2af8-11ee-9b35-001a4aab830c
2023-07-25T14:34:44.657 INFO:journalctl@ceph.mgr.x.smithi042.stdout:Jul 25 14:34:44 smithi042 ceph-3065c6e0-2af8-11ee-9b35-001a4aab830c-mgr-x[96734]: The key's randomart image is:
2023-07-25T14:34:44.657 INFO:journalctl@ceph.mgr.x.smithi042.stdout:Jul 25 14:34:44 smithi042 ceph-3065c6e0-2af8-11ee-9b35-001a4aab830c-mgr-x[96734]: +---[RSA 3072]----+
2023-07-25T14:34:44.657 INFO:journalctl@ceph.mgr.x.smithi042.stdout:Jul 25 14:34:44 smithi042 ceph-3065c6e0-2af8-11ee-9b35-001a4aab830c-mgr-x[96734]: | +o= E.|
2023-07-25T14:34:44.657 INFO:journalctl@ceph.mgr.x.smithi042.stdout:Jul 25 14:34:44 smithi042 ceph-3065c6e0-2af8-11ee-9b35-001a4aab830c-mgr-x[96734]: | = o +|
2023-07-25T14:34:44.657 INFO:journalctl@ceph.mgr.x.smithi042.stdout:Jul 25 14:34:44 smithi042 ceph-3065c6e0-2af8-11ee-9b35-001a4aab830c-mgr-x[96734]: | .o = |
2023-07-25T14:34:44.657 INFO:journalctl@ceph.mgr.x.smithi042.stdout:Jul 25 14:34:44 smithi042 ceph-3065c6e0-2af8-11ee-9b35-001a4aab830c-mgr-x[96734]: | .*o. . o|
2023-07-25T14:34:44.657 INFO:journalctl@ceph.mgr.x.smithi042.stdout:Jul 25 14:34:44 smithi042 ceph-3065c6e0-2af8-11ee-9b35-001a4aab830c-mgr-x[96734]: | SB==.. o |
2023-07-25T14:34:44.657 INFO:journalctl@ceph.mgr.x.smithi042.stdout:Jul 25 14:34:44 smithi042 ceph-3065c6e0-2af8-11ee-9b35-001a4aab830c-mgr-x[96734]: | .o.+B=+ . |
2023-07-25T14:34:44.658 INFO:journalctl@ceph.mgr.x.smithi042.stdout:Jul 25 14:34:44 smithi042 ceph-3065c6e0-2af8-11ee-9b35-001a4aab830c-mgr-x[96734]: | =o+*=.. |
2023-07-25T14:34:44.658 INFO:journalctl@ceph.mgr.x.smithi042.stdout:Jul 25 14:34:44 smithi042 ceph-3065c6e0-2af8-11ee-9b35-001a4aab830c-mgr-x[96734]: | .oo==+. |
2023-07-25T14:34:44.658 INFO:journalctl@ceph.mgr.x.smithi042.stdout:Jul 25 14:34:44 smithi042 ceph-3065c6e0-2af8-11ee-9b35-001a4aab830c-mgr-x[96734]: | .=.oo. |
2023-07-25T14:34:44.658 INFO:journalctl@ceph.mgr.x.smithi042.stdout:Jul 25 14:34:44 smithi042 ceph-3065c6e0-2af8-11ee-9b35-001a4aab830c-mgr-x[96734]: +----[SHA256]-----+
2023-07-25T14:34:44.690 INFO:teuthology.orchestra.run.smithi042.stdout:/usr/bin/ceph: stderr
2023-07-25T14:34:43.509+0000 7fd44a74f700 1 Processor -- start
2023-07-25T14:34:44.691 INFO:teuthology.orchestra.run.smithi042.stdout:/usr/bin/ceph: stderr
2023-07-25T14:34:43.509+0000 7fd44a74f700 1 -- start start
2023-07-25T14:34:44.691 INFO:teuthology.orchestra.run.smithi042.stdout:/usr/bin/ceph: stderr
2023-07-25T14:34:43.509+0000 7fd44a74f700 1 --2- >> [v2:172.21.15.42:3300/0,v1:172.21.15.42:6789/0] conn(0x7fd444106bc0 0x7fd444108fb0 unknown :-1 s=NONE pgs=0 cs=0 l=0 rev1=0 crypto rx=0 tx=0 comp rx=0 tx=0).connect
2023-07-25T14:34:44.691 INFO:teuthology.orchestra.run.smithi042.stdout:/usr/bin/ceph: stderr
2023-07-25T14:34:43.509+0000 7fd44a74f700 1 -- --> [v2:172.21.15.42:3300/0,v1:172.21.15.42:6789/0] -- mon_getmap magic: 0 v1 -- 0x7fd444074040 con 0x7fd444106bc0
2023-07-25T14:34:44.691 INFO:teuthology.orchestra.run.smithi042.stdout:/usr/bin/ceph: stderr
2023-07-25T14:34:43.509+0000 7fd443fff700 1 --2- >> [v2:172.21.15.42:3300/0,v1:172.21.15.42:6789/0] conn(0x7fd444106bc0 0x7fd444108fb0 unknown :-1 s=BANNER_CONNECTING pgs=0 cs=0 l=0 rev1=0 crypto rx=0 tx=0 comp rx=0 tx=0)._handle_peer_banner_payload supported=3 required=0
2023-07-25T14:34:44.691 INFO:teuthology.orchestra.run.smithi042.stdout:/usr/bin/ceph: stderr
2023-07-25T14:34:43.509+0000 7fd443fff700 1 --2- >> [v2:172.21.15.42:3300/0,v1:172.21.15.42:6789/0] conn(0x7fd444106bc0 0x7fd444108fb0 unknown :-1 s=HELLO_CONNECTING pgs=0 cs=0 l=0 rev1=1 crypto rx=0 tx=0 comp rx=0 tx=0).handle_hello peer v2:172.21.15.42:3300/0 says I am v2:172.21.15.42:35624/0 (socket says 172.21.15.42:35624)
2023-07-25T14:34:44.691 INFO:teuthology.orchestra.run.smithi042.stdout:/usr/bin/ceph: stderr
2023-07-25T14:34:43.509+0000 7fd443fff700 1 -- 172.21.15.42:0/2198689274 learned_addr learned my addr 172.21.15.42:0/2198689274 (peer_addr_for_me v2:172.21.15.42:0/0)
2023-07-25T14:34:44.692 INFO:teuthology.orchestra.run.smithi042.stdout:/usr/bin/ceph: stderr
2023-07-25T14:34:43.509+0000 7fd443fff700 1 -- 172.21.15.42:0/2198689274 --> [v2:172.21.15.42:3300/0,v1:172.21.15.42:6789/0] -- mon_subscribe({config=0+,monmap=0+}) v3 -- 0x7fd4441094f0 con 0x7fd444106bc0
2023-07-25T14:34:44.692 INFO:teuthology.orchestra.run.smithi042.stdout:/usr/bin/ceph: stderr
2023-07-25T14:34:43.510+0000 7fd443fff700 1 --2- 172.21.15.42:0/2198689274 >> [v2:172.21.15.42:3300/0,v1:172.21.15.42:6789/0] conn(0x7fd444106bc0 0x7fd444108fb0 secure :-1 s=READY pgs=41 cs=0 l=1 rev1=1 crypto rx=0x7fd4340098a0 tx=0x7fd434009bb0 comp rx=0 tx=0).ready entity=mon.0 client_cookie=6bcaa88adcd58ffe server_cookie=0 in_seq=0 out_seq=0
2023-07-25T14:34:44.692 INFO:teuthology.orchestra.run.smithi042.stdout:/usr/bin/ceph: stderr
2023-07-25T14:34:43.510+0000 7fd442ffd700 1 -- 172.21.15.42:0/2198689274 <== mon.0 v2:172.21.15.42:3300/0 1 ==== mon_map magic: 0 v1 ==== 205+0+0 (secure 0 0 0) 0x7fd434004160 con 0x7fd444106bc0
2023-07-25T14:34:44.692 INFO:teuthology.orchestra.run.smithi042.stdout:/usr/bin/ceph: stderr
2023-07-25T14:34:43.510+0000 7fd442ffd700 1 -- 172.21.15.42:0/2198689274 <== mon.0 v2:172.21.15.42:3300/0 2 ==== config(26 keys) v1 ==== 1074+0+0 (secure 0 0 0) 0x7fd4340042c0 con 0x7fd444106bc0
2023-07-25T14:34:44.692 INFO:teuthology.orchestra.run.smithi042.stdout:/usr/bin/ceph: stderr
2023-07-25T14:34:43.510+0000 7fd442ffd700 1 -- 172.21.15.42:0/2198689274 <== mon.0 v2:172.21.15.42:3300/0 3 ==== mon_map magic: 0 v1 ==== 205+0+0 (secure 0 0 0) 0x7fd434011a00 con 0x7fd444106bc0
2023-07-25T14:34:44.693 INFO:teuthology.orchestra.run.smithi042.stdout:/usr/bin/ceph: stderr
2023-07-25T14:34:43.510+0000 7fd44a74f700 1 -- 172.21.15.42:0/2198689274 >> [v2:172.21.15.42:3300/0,v1:172.21.15.42:6789/0] conn(0x7fd444106bc0 msgr2=0x7fd444108fb0 secure :-1 s=STATE_CONNECTION_ESTABLISHED l=1).mark_down
2023-07-25T14:34:44.693 INFO:teuthology.orchestra.run.smithi042.stdout:/usr/bin/ceph: stderr
2023-07-25T14:34:43.510+0000 7fd44a74f700 1 --2- 172.21.15.42:0/2198689274 >> [v2:172.21.15.42:3300/0,v1:172.21.15.42:6789/0] conn(0x7fd444106bc0 0x7fd444108fb0 secure :-1 s=READY pgs=41 cs=0 l=1 rev1=1 crypto rx=0x7fd4340098a0 tx=0x7fd434009bb0 comp rx=0 tx=0).stop
2023-07-25T14:34:44.693 INFO:teuthology.orchestra.run.smithi042.stdout:/usr/bin/ceph: stderr
2023-07-25T14:34:43.510+0000 7fd44a74f700 1 -- 172.21.15.42:0/2198689274 shutdown_connections
2023-07-25T14:34:44.693 INFO:teuthology.orchestra.run.smithi042.stdout:/usr/bin/ceph: stderr
2023-07-25T14:34:43.510+0000 7fd44a74f700 1 --2- 172.21.15.42:0/2198689274 >> [v2:172.21.15.42:3300/0,v1:172.21.15.42:6789/0] conn(0x7fd444106bc0 0x7fd444108fb0 unknown :-1 s=CLOSED pgs=41 cs=0 l=1 rev1=1 crypto rx=0 tx=0 comp rx=0 tx=0).stop
2023-07-25T14:34:44.693 INFO:teuthology.orchestra.run.smithi042.stdout:/usr/bin/ceph: stderr
2023-07-25T14:34:43.510+0000 7fd44a74f700 1 -- 172.21.15.42:0/2198689274 >> 172.21.15.42:0/2198689274 conn(0x7fd444100610 msgr2=0x7fd444102a30 unknown :-1 s=STATE_NONE l=0).mark_down
2023-07-25T14:34:44.693 INFO:teuthology.orchestra.run.smithi042.stdout:/usr/bin/ceph: stderr
2023-07-25T14:34:43.510+0000 7fd44a74f700 1 -- 172.21.15.42:0/2198689274 shutdown_connections
2023-07-25T14:34:44.693 INFO:teuthology.orchestra.run.smithi042.stdout:/usr/bin/ceph: stderr
2023-07-25T14:34:43.511+0000 7fd44a74f700 1 -- 172.21.15.42:0/2198689274 wait complete.
2023-07-25T14:34:44.694 INFO:teuthology.orchestra.run.smithi042.stdout:/usr/bin/ceph: stderr
2023-07-25T14:34:43.511+0000 7fd44a74f700 1 Processor -- start
2023-07-25T14:34:44.694 INFO:teuthology.orchestra.run.smithi042.stdout:/usr/bin/ceph: stderr
2023-07-25T14:34:43.511+0000 7fd44a74f700 1 -- start start
2023-07-25T14:34:44.694 INFO:teuthology.orchestra.run.smithi042.stdout:/usr/bin/ceph: stderr
2023-07-25T14:34:43.511+0000 7fd44a74f700 1 --2- >> [v2:172.21.15.42:3300/0,v1:172.21.15.42:6789/0] conn(0x7fd444106bc0 0x7fd444106520 unknown :-1 s=NONE pgs=0 cs=0 l=1 rev1=0 crypto rx=0 tx=0 comp rx=0 tx=0).connect
2023-07-25T14:34:44.694 INFO:teuthology.orchestra.run.smithi042.stdout:/usr/bin/ceph: stderr
2023-07-25T14:34:43.511+0000 7fd44a74f700 1 -- --> [v2:172.21.15.42:3300/0,v1:172.21.15.42:6789/0] -- mon_getmap magic: 0 v1 -- 0x7fd444106a60 con 0x7fd444106bc0
2023-07-25T14:34:44.694 INFO:teuthology.orchestra.run.smithi042.stdout:/usr/bin/ceph: stderr
2023-07-25T14:34:43.512+0000 7fd443fff700 1 --2- >> [v2:172.21.15.42:3300/0,v1:172.21.15.42:6789/0] conn(0x7fd444106bc0 0x7fd444106520 unknown :-1 s=BANNER_CONNECTING pgs=0 cs=0 l=1 rev1=0 crypto rx=0 tx=0 comp rx=0 tx=0)._handle_peer_banner_payload supported=3 required=0
2023-07-25T14:34:44.694 INFO:teuthology.orchestra.run.smithi042.stdout:/usr/bin/ceph: stderr
2023-07-25T14:34:43.512+0000 7fd443fff700 1 --2- >> [v2:172.21.15.42:3300/0,v1:172.21.15.42:6789/0] conn(0x7fd444106bc0 0x7fd444106520 unknown :-1 s=HELLO_CONNECTING pgs=0 cs=0 l=1 rev1=1 crypto rx=0 tx=0 comp rx=0 tx=0).handle_hello peer v2:172.21.15.42:3300/0 says I am v2:172.21.15.42:35626/0 (socket says 172.21.15.42:35626)
2023-07-25T14:34:44.694 INFO:teuthology.orchestra.run.smithi042.stdout:/usr/bin/ceph: stderr
2023-07-25T14:34:43.512+0000 7fd443fff700 1 -- 172.21.15.42:0/44490984 learned_addr learned my addr 172.21.15.42:0/44490984 (peer_addr_for_me v2:172.21.15.42:0/0)
2023-07-25T14:34:44.695 INFO:teuthology.orchestra.run.smithi042.stdout:/usr/bin/ceph: stderr
2023-07-25T14:34:43.512+0000 7fd443fff700 1 -- 172.21.15.42:0/44490984 --> [v2:172.21.15.42:3300/0,v1:172.21.15.42:6789/0] -- mon_subscribe({config=0+,monmap=0+}) v3 -- 0x7fd434009550 con 0x7fd444106bc0
2023-07-25T14:34:44.695 INFO:teuthology.orchestra.run.smithi042.stdout:/usr/bin/ceph: stderr
2023-07-25T14:34:43.512+0000 7fd443fff700 1 --2- 172.21.15.42:0/44490984 >> [v2:172.21.15.42:3300/0,v1:172.21.15.42:6789/0] conn(0x7fd444106bc0 0x7fd444106520 secure :-1 s=READY pgs=42 cs=0 l=1 rev1=1 crypto rx=0x7fd434009130 tx=0x7fd434011ad0 comp rx=0 tx=0).ready entity=mon.0 client_cookie=0 server_cookie=0 in_seq=0 out_seq=0
2023-07-25T14:34:44.695 INFO:teuthology.orchestra.run.smithi042.stdout:/usr/bin/ceph: stderr
2023-07-25T14:34:43.512+0000 7fd4417fa700 1 -- 172.21.15.42:0/44490984 <== mon.0 v2:172.21.15.42:3300/0 1 ==== mon_map magic: 0 v1 ==== 205+0+0 (secure 0 0 0) 0x7fd434003b70 con 0x7fd444106bc0
2023-07-25T14:34:44.695 INFO:teuthology.orchestra.run.smithi042.stdout:/usr/bin/ceph: stderr
2023-07-25T14:34:43.512+0000 7fd4417fa700 1 -- 172.21.15.42:0/44490984 <== mon.0 v2:172.21.15.42:3300/0 2 ==== config(26 keys) v1 ==== 1074+0+0 (secure 0 0 0) 0x7fd434003cd0 con 0x7fd444106bc0
2023-07-25T14:34:44.695 INFO:teuthology.orchestra.run.smithi042.stdout:/usr/bin/ceph: stderr
2023-07-25T14:34:43.512+0000 7fd44a74f700 1 -- 172.21.15.42:0/44490984 --> [v2:172.21.15.42:3300/0,v1:172.21.15.42:6789/0] -- mon_subscribe({mgrmap=0+}) v3 -- 0x7fd444104b70 con 0x7fd444106bc0
2023-07-25T14:34:44.695 INFO:teuthology.orchestra.run.smithi042.stdout:/usr/bin/ceph: stderr
2023-07-25T14:34:43.512+0000 7fd4417fa700 1 -- 172.21.15.42:0/44490984 <== mon.0 v2:172.21.15.42:3300/0 3 ==== mon_map magic: 0 v1 ==== 205+0+0 (secure 0 0 0) 0x7fd4340197d0 con 0x7fd444106bc0
2023-07-25T14:34:44.695 INFO:teuthology.orchestra.run.smithi042.stdout:/usr/bin/ceph: stderr
2023-07-25T14:34:43.512+0000 7fd44a74f700 1 -- 172.21.15.42:0/44490984 --> [v2:172.21.15.42:3300/0,v1:172.21.15.42:6789/0] -- mon_subscribe({osdmap=0}) v3 -- 0x7fd444104f90 con 0x7fd444106bc0
2023-07-25T14:34:44.695 INFO:teuthology.orchestra.run.smithi042.stdout:/usr/bin/ceph: stderr
2023-07-25T14:34:43.513+0000 7fd4417fa700 1 -- 172.21.15.42:0/44490984 <== mon.0 v2:172.21.15.42:3300/0 4 ==== mgrmap(e 8) v1 ==== 45483+0+0 (secure 0 0 0) 0x7fd43401abb0 con 0x7fd444106bc0
2023-07-25T14:34:44.696 INFO:teuthology.orchestra.run.smithi042.stdout:/usr/bin/ceph: stderr
2023-07-25T14:34:43.513+0000 7fd44a74f700 1 -- 172.21.15.42:0/44490984 --> [v2:172.21.15.42:3300/0,v1:172.21.15.42:6789/0] -- mon_command({"prefix": "get_command_descriptions"} v 0) v1 -- 0x7fd444061da0 con 0x7fd444106bc0
2023-07-25T14:34:44.696 INFO:teuthology.orchestra.run.smithi042.stdout:/usr/bin/ceph: stderr
2023-07-25T14:34:43.513+0000 7fd4417fa700 1 --2- 172.21.15.42:0/44490984 >> [v2:172.21.15.42:6800/617928813,v1:172.21.15.42:6801/617928813] conn(0x7fd42c038760 0x7fd42c03ac20 unknown :-1 s=NONE pgs=0 cs=0 l=1 rev1=0 crypto rx=0 tx=0 comp rx=0 tx=0).connect
2023-07-25T14:34:44.696 INFO:teuthology.orchestra.run.smithi042.stdout:/usr/bin/ceph: stderr
2023-07-25T14:34:43.513+0000 7fd4417fa700 1 -- 172.21.15.42:0/44490984 <== mon.0 v2:172.21.15.42:3300/0 5 ==== osd_map(2..2 src has 1..2) v4 ==== 940+0+0 (secure 0 0 0) 0x7fd43404c920 con 0x7fd444106bc0
2023-07-25T14:34:44.696 INFO:teuthology.orchestra.run.smithi042.stdout:/usr/bin/ceph: stderr
2023-07-25T14:34:43.514+0000 7fd4437fe700 1 --2- 172.21.15.42:0/44490984 >> [v2:172.21.15.42:6800/617928813,v1:172.21.15.42:6801/617928813] conn(0x7fd42c038760 0x7fd42c03ac20 unknown :-1 s=BANNER_CONNECTING pgs=0 cs=0 l=1 rev1=0 crypto rx=0 tx=0 comp rx=0 tx=0)._handle_peer_banner_payload supported=3 required=0
2023-07-25T14:34:44.696 INFO:teuthology.orchestra.run.smithi042.stdout:/usr/bin/ceph: stderr
2023-07-25T14:34:43.514+0000 7fd4437fe700 1 --2- 172.21.15.42:0/44490984 >> [v2:172.21.15.42:6800/617928813,v1:172.21.15.42:6801/617928813] conn(0x7fd42c038760 0x7fd42c03ac20 secure :-1 s=READY pgs=9 cs=0 l=1 rev1=1 crypto rx=0x7fd438006fd0 tx=0x7fd438006e40 comp rx=0 tx=0).ready entity=mgr.14120 client_cookie=0 server_cookie=0 in_seq=0 out_seq=0
2023-07-25T14:34:44.696 INFO:teuthology.orchestra.run.smithi042.stdout:/usr/bin/ceph: stderr
2023-07-25T14:34:43.518+0000 7fd4417fa700 1 -- 172.21.15.42:0/44490984 <== mon.0 v2:172.21.15.42:3300/0 6 ==== mon_command_ack([{"prefix": "get_command_descriptions"}]=0 v0) v1 ==== 72+0+178008 (secure 0 0 0) 0x7fd43402d7c0 con 0x7fd444106bc0
2023-07-25T14:34:44.697 INFO:teuthology.orchestra.run.smithi042.stdout:/usr/bin/ceph: stderr
2023-07-25T14:34:43.875+0000 7fd44a74f700 1 -- 172.21.15.42:0/44490984 --> [v2:172.21.15.42:6800/617928813,v1:172.21.15.42:6801/617928813] -- mgr_command(tid 0: {"prefix": "cephadm generate-key", "target": ["mon-mgr", ""]}) v1 -- 0x7fd444105a20 con 0x7fd42c038760
2023-07-25T14:34:44.697 INFO:teuthology.orchestra.run.smithi042.stdout:/usr/bin/ceph: stderr
2023-07-25T14:34:44.250+0000 7fd4417fa700 1 -- 172.21.15.42:0/44490984 <== mgr.14120 v2:172.21.15.42:6800/617928813 1 ==== mgr_command_reply(tid 0: 0 ) v1 ==== 8+0+0 (secure 0 0 0) 0x7fd444105a20 con 0x7fd42c038760
2023-07-25T14:34:44.697 INFO:teuthology.orchestra.run.smithi042.stdout:/usr/bin/ceph: stderr
2023-07-25T14:34:44.253+0000 7fd44a74f700 1 -- 172.21.15.42:0/44490984 >> [v2:172.21.15.42:6800/617928813,v1:172.21.15.42:6801/617928813] conn(0x7fd42c038760 msgr2=0x7fd42c03ac20 secure :-1 s=STATE_CONNECTION_ESTABLISHED l=1).mark_down
2023-07-25T14:34:44.697 INFO:teuthology.orchestra.run.smithi042.stdout:/usr/bin/ceph: stderr
2023-07-25T14:34:44.253+0000 7fd44a74f700 1 --2- 172.21.15.42:0/44490984 >> [v2:172.21.15.42:6800/617928813,v1:172.21.15.42:6801/617928813] conn(0x7fd42c038760 0x7fd42c03ac20 secure :-1 s=READY pgs=9 cs=0 l=1 rev1=1 crypto rx=0x7fd438006fd0 tx=0x7fd438006e40 comp rx=0 tx=0).stop
2023-07-25T14:34:44.697 INFO:teuthology.orchestra.run.smithi042.stdout:/usr/bin/ceph: stderr
2023-07-25T14:34:44.253+0000 7fd44a74f700 1 -- 172.21.15.42:0/44490984 >> [v2:172.21.15.42:3300/0,v1:172.21.15.42:6789/0] conn(0x7fd444106bc0 msgr2=0x7fd444106520 secure :-1 s=STATE_CONNECTION_ESTABLISHED l=1).mark_down
2023-07-25T14:34:44.698 INFO:teuthology.orchestra.run.smithi042.stdout:/usr/bin/ceph: stderr
2023-07-25T14:34:44.253+0000 7fd44a74f700 1 --2- 172.21.15.42:0/44490984 >> [v2:172.21.15.42:3300/0,v1:172.21.15.42:6789/0] conn(0x7fd444106bc0 0x7fd444106520 secure :-1 s=READY pgs=42 cs=0 l=1 rev1=1 crypto rx=0x7fd434009130 tx=0x7fd434011ad0 comp rx=0 tx=0).stop
2023-07-25T14:34:44.698 INFO:teuthology.orchestra.run.smithi042.stdout:/usr/bin/ceph: stderr
2023-07-25T14:34:44.253+0000 7fd44a74f700 1 -- 172.21.15.42:0/44490984 shutdown_connections
2023-07-25T14:34:44.698 INFO:teuthology.orchestra.run.smithi042.stdout:/usr/bin/ceph: stderr
2023-07-25T14:34:44.253+0000 7fd44a74f700 1 --2- 172.21.15.42:0/44490984 >> [v2:172.21.15.42:6800/617928813,v1:172.21.15.42:6801/617928813] conn(0x7fd42c038760 0x7fd42c03ac20 unknown :-1 s=CLOSED pgs=9 cs=0 l=1 rev1=1 crypto rx=0 tx=0 comp rx=0 tx=0).stop
2023-07-25T14:34:44.698 INFO:teuthology.orchestra.run.smithi042.stdout:/usr/bin/ceph: stderr
2023-07-25T14:34:44.253+0000 7fd44a74f700 1 --2- 172.21.15.42:0/44490984 >> [v2:172.21.15.42:3300/0,v1:172.21.15.42:6789/0] conn(0x7fd444106bc0 0x7fd444106520 unknown :-1 s=CLOSED pgs=42 cs=0 l=1 rev1=1 crypto rx=0 tx=0 comp rx=0 tx=0).stop
2023-07-25T14:34:44.698 INFO:teuthology.orchestra.run.smithi042.stdout:/usr/bin/ceph: stderr
2023-07-25T14:34:44.253+0000 7fd44a74f700 1 -- 172.21.15.42:0/44490984 >> 172.21.15.42:0/44490984 conn(0x7fd444100610 msgr2=0x7fd444101d10 unknown :-1 s=STATE_NONE l=0).mark_down
2023-07-25T14:34:44.698 INFO:teuthology.orchestra.run.smithi042.stdout:/usr/bin/ceph: stderr
2023-07-25T14:34:44.253+0000 7fd44a74f700 1 -- 172.21.15.42:0/44490984 shutdown_connections
2023-07-25T14:34:44.698 INFO:teuthology.orchestra.run.smithi042.stdout:/usr/bin/ceph: stderr
2023-07-25T14:34:44.253+0000 7fd44a74f700 1 -- 172.21.15.42:0/44490984 wait complete.
2023-07-25T14:34:45.622 INFO:journalctl@ceph.mon.a.smithi042.stdout:Jul 25 14:34:45 smithi042 ceph-mon[96489]: from='client.14136 -' entity='client.admin' cmd=[{"prefix": "cephadm generate-key", "target": ["mon-mgr", ""]}]: dispatch
2023-07-25T14:34:45.623 INFO:journalctl@ceph.mon.a.smithi042.stdout:Jul 25 14:34:45 smithi042 ceph-mon[96489]: Generating ssh key...
2023-07-25T14:34:45.623 INFO:journalctl@ceph.mon.a.smithi042.stdout:Jul 25 14:34:45 smithi042 ceph-mon[96489]: from='mgr.14120 172.21.15.42:0/1117153089' entity='mgr.x'
2023-07-25T14:34:45.623 INFO:journalctl@ceph.mon.a.smithi042.stdout:Jul 25 14:34:45 smithi042 ceph-mon[96489]: from='mgr.14120 172.21.15.42:0/1117153089' entity='mgr.x'
2023-07-25T14:34:46.037 INFO:teuthology.orchestra.run.smithi042.stdout:/usr/bin/ceph: stdout ssh-rsa AAAAB3NzaC1yc2EAAAADAQABAAABgQDTqU8y/RrYassx+tHT+OsmlOy8Y+ew4fUBYS6WXgxEuhxZQgcaPphIHKm6GW+bQUgKjlbnFb26CIqv+aYKgo/YWkrLQ+IkML+k6AlR0Zt+m6Pm1S4b5cY8ZUzMXoExJY+4TnZ/aPFNkGjw4Y9BeE+DqJDRS6uTyu34C3Ta1Z2yPNQdOQtL47CJHbEWhdx9pD8U0mgPBizT3Ygqid98fEzT2PlEvRkm3juaxGNR/vV4yHmslNxZwS85e2rhJbX7jYM9LWbiQe45K4wi6hNGr8Cdk2orSDsomUo3BNlahHpsOsLm0JTRPexI4yjp5Zjivwtj2tzcat5kioHf0ERZy8uv2OcBsfdfMWp8SvEq3h1/arpxnfCePnSD00k8neoYBD/mKPnc9Tk6tOXzMCtwfGu2Vn5Q01RCM2MZn76v/pfByy6oIUNyW5bIY8CCqt0IEYjt53VauJv3Ri6U7A/KMAvvD8wwIOIfsP3npR0YcIlElIrk0pNK38yVlXXQqPXIyLM= ceph-3065c6e0-2af8-11ee-9b35-001a4aab830c
2023-07-25T14:34:46.037 INFO:teuthology.orchestra.run.smithi042.stdout:/usr/bin/ceph: stderr
2023-07-25T14:34:45.214+0000 7fae7451a700 1 Processor -- start
2023-07-25T14:34:46.037 INFO:teuthology.orchestra.run.smithi042.stdout:/usr/bin/ceph: stderr
2023-07-25T14:34:45.214+0000 7fae7451a700 1 -- start start
2023-07-25T14:34:46.037 INFO:teuthology.orchestra.run.smithi042.stdout:/usr/bin/ceph: stderr
2023-07-25T14:34:45.214+0000 7fae7451a700 1 --2- >> [v2:172.21.15.42:3300/0,v1:172.21.15.42:6789/0] conn(0x7fae6c105050 0x7fae6c105470 unknown :-1 s=NONE pgs=0 cs=0 l=0 rev1=0 crypto rx=0 tx=0 comp rx=0 tx=0).connect
2023-07-25T14:34:46.038 INFO:teuthology.orchestra.run.smithi042.stdout:/usr/bin/ceph: stderr
2023-07-25T14:34:45.214+0000 7fae7451a700 1 -- --> [v2:172.21.15.42:3300/0,v1:172.21.15.42:6789/0] -- mon_getmap magic: 0 v1 -- 0x7fae6c105a40 con 0x7fae6c105050
2023-07-25T14:34:46.038 INFO:teuthology.orchestra.run.smithi042.stdout:/usr/bin/ceph: stderr
2023-07-25T14:34:45.214+0000 7fae722b6700 1 --2- >> [v2:172.21.15.42:3300/0,v1:172.21.15.42:6789/0] conn(0x7fae6c105050 0x7fae6c105470 unknown :-1 s=BANNER_CONNECTING pgs=0 cs=0 l=0 rev1=0 crypto rx=0 tx=0 comp rx=0 tx=0)._handle_peer_banner_payload supported=3 required=0
2023-07-25T14:34:46.038 INFO:teuthology.orchestra.run.smithi042.stdout:/usr/bin/ceph: stderr
2023-07-25T14:34:45.214+0000 7fae722b6700 1 --2- >> [v2:172.21.15.42:3300/0,v1:172.21.15.42:6789/0] conn(0x7fae6c105050 0x7fae6c105470 unknown :-1 s=HELLO_CONNECTING pgs=0 cs=0 l=0 rev1=1 crypto rx=0 tx=0 comp rx=0 tx=0).handle_hello peer v2:172.21.15.42:3300/0 says I am v2:172.21.15.42:35630/0 (socket says 172.21.15.42:35630)
2023-07-25T14:34:46.038 INFO:teuthology.orchestra.run.smithi042.stdout:/usr/bin/ceph: stderr
2023-07-25T14:34:45.214+0000 7fae722b6700 1 -- 172.21.15.42:0/1385711475 learned_addr learned my addr 172.21.15.42:0/1385711475 (peer_addr_for_me v2:172.21.15.42:0/0)
2023-07-25T14:34:46.038 INFO:teuthology.orchestra.run.smithi042.stdout:/usr/bin/ceph: stderr
