2023-07-25T14:34:26.062 INFO:teuthology.orchestra.run.smithi042.stdout:/usr/bin/ceph: stderr
2023-07-25T14:34:22.522+0000 7f90215cd700 1 Processor -- start
2023-07-25T14:34:26.063 INFO:teuthology.orchestra.run.smithi042.stdout:/usr/bin/ceph: stderr
2023-07-25T14:34:22.523+0000 7f90215cd700 1 -- start start
2023-07-25T14:34:26.063 INFO:teuthology.orchestra.run.smithi042.stdout:/usr/bin/ceph: stderr
2023-07-25T14:34:22.523+0000 7f90215cd700 1 --2- >> [v2:172.21.15.42:3300/0,v1:172.21.15.42:6789/0] conn(0x7f901c106c30 0x7f901c199e20 unknown :-1 s=NONE pgs=0 cs=0 l=1 rev1=0 crypto rx=0 tx=0 comp rx=0 tx=0).connect
2023-07-25T14:34:26.063 INFO:teuthology.orchestra.run.smithi042.stdout:/usr/bin/ceph: stderr
2023-07-25T14:34:22.523+0000 7f90215cd700 1 -- --> [v2:172.21.15.42:3300/0,v1:172.21.15.42:6789/0] -- mon_getmap magic: 0 v1 -- 0x7f901c19a360 con 0x7f901c106c30
2023-07-25T14:34:26.063 INFO:teuthology.orchestra.run.smithi042.stdout:/usr/bin/ceph: stderr
2023-07-25T14:34:22.523+0000 7f901affd700 1 --2- >> [v2:172.21.15.42:3300/0,v1:172.21.15.42:6789/0] conn(0x7f901c106c30 0x7f901c199e20 unknown :-1 s=BANNER_CONNECTING pgs=0 cs=0 l=1 rev1=0 crypto rx=0 tx=0 comp rx=0 tx=0)._handle_peer_banner_payload supported=3 required=0
2023-07-25T14:34:26.064 INFO:teuthology.orchestra.run.smithi042.stdout:/usr/bin/ceph: stderr
2023-07-25T14:34:22.523+0000 7f901affd700 1 --2- >> [v2:172.21.15.42:3300/0,v1:172.21.15.42:6789/0] conn(0x7f901c106c30 0x7f901c199e20 unknown :-1 s=HELLO_CONNECTING pgs=0 cs=0 l=1 rev1=1 crypto rx=0 tx=0 comp rx=0 tx=0).handle_hello peer v2:172.21.15.42:3300/0 says I am v2:172.21.15.42:35522/0 (socket says 172.21.15.42:35522)
2023-07-25T14:34:26.064 INFO:teuthology.orchestra.run.smithi042.stdout:/usr/bin/ceph: stderr
2023-07-25T14:34:22.523+0000 7f901affd700 1 -- 172.21.15.42:0/3932602060 learned_addr learned my addr 172.21.15.42:0/3932602060 (peer_addr_for_me v2:172.21.15.42:0/0)
2023-07-25T14:34:26.064 INFO:teuthology.orchestra.run.smithi042.stdout:/usr/bin/ceph: stderr
2023-07-25T14:34:22.523+0000 7f901affd700 1 -- 172.21.15.42:0/3932602060 --> [v2:172.21.15.42:3300/0,v1:172.21.15.42:6789/0] -- mon_subscribe({config=0+,monmap=0+}) v3 -- 0x7f900c009550 con 0x7f901c106c30
2023-07-25T14:34:26.064 INFO:teuthology.orchestra.run.smithi042.stdout:/usr/bin/ceph: stderr
2023-07-25T14:34:22.523+0000 7f901affd700 1 --2- 172.21.15.42:0/3932602060 >> [v2:172.21.15.42:3300/0,v1:172.21.15.42:6789/0] conn(0x7f901c106c30 0x7f901c199e20 secure :-1 s=READY pgs=19 cs=0 l=1 rev1=1 crypto rx=0x7f900c009fb0 tx=0x7f900c011ad0 comp rx=0 tx=0).ready entity=mon.0 client_cookie=0 server_cookie=0 in_seq=0 out_seq=0
2023-07-25T14:34:26.064 INFO:teuthology.orchestra.run.smithi042.stdout:/usr/bin/ceph: stderr
2023-07-25T14:34:22.524+0000 7f9013fff700 1 -- 172.21.15.42:0/3932602060 <== mon.0 v2:172.21.15.42:3300/0 1 ==== mon_map magic: 0 v1 ==== 205+0+0 (secure 0 0 0) 0x7f900c003930 con 0x7f901c106c30
2023-07-25T14:34:26.064 INFO:teuthology.orchestra.run.smithi042.stdout:/usr/bin/ceph: stderr
2023-07-25T14:34:22.524+0000 7f9013fff700 1 -- 172.21.15.42:0/3932602060 <== mon.0 v2:172.21.15.42:3300/0 2 ==== config(26 keys) v1 ==== 1074+0+0 (secure 0 0 0) 0x7f900c003a90 con 0x7f901c106c30
2023-07-25T14:34:26.065 INFO:teuthology.orchestra.run.smithi042.stdout:/usr/bin/ceph: stderr
2023-07-25T14:34:22.524+0000 7f90215cd700 1 -- 172.21.15.42:0/3932602060 --> [v2:172.21.15.42:3300/0,v1:172.21.15.42:6789/0] -- mon_subscribe({mgrmap=0+}) v3 -- 0x7f901c19a560 con 0x7f901c106c30
2023-07-25T14:34:26.065 INFO:teuthology.orchestra.run.smithi042.stdout:/usr/bin/ceph: stderr
2023-07-25T14:34:22.524+0000 7f9013fff700 1 -- 172.21.15.42:0/3932602060 <== mon.0 v2:172.21.15.42:3300/0 3 ==== mon_map magic: 0 v1 ==== 205+0+0 (secure 0 0 0) 0x7f900c019610 con 0x7f901c106c30
2023-07-25T14:34:26.065 INFO:teuthology.orchestra.run.smithi042.stdout:/usr/bin/ceph: stderr
2023-07-25T14:34:22.524+0000 7f90215cd700 1 -- 172.21.15.42:0/3932602060 --> [v2:172.21.15.42:3300/0,v1:172.21.15.42:6789/0] -- mon_subscribe({osdmap=0}) v3 -- 0x7f901c19a980 con 0x7f901c106c30
2023-07-25T14:34:26.065 INFO:teuthology.orchestra.run.smithi042.stdout:/usr/bin/ceph: stderr
2023-07-25T14:34:22.525+0000 7f9013fff700 1 -- 172.21.15.42:0/3932602060 <== mon.0 v2:172.21.15.42:3300/0 4 ==== mgrmap(e 4) v1 ==== 45472+0+0 (secure 0 0 0) 0x7f900c0198d0 con 0x7f901c106c30
2023-07-25T14:34:26.065 INFO:teuthology.orchestra.run.smithi042.stdout:/usr/bin/ceph: stderr
2023-07-25T14:34:22.525+0000 7f90215cd700 1 -- 172.21.15.42:0/3932602060 --> [v2:172.21.15.42:3300/0,v1:172.21.15.42:6789/0] -- mon_command({"prefix": "get_command_descriptions"} v 0) v1 -- 0x7f901c061da0 con 0x7f901c106c30
2023-07-25T14:34:26.065 INFO:teuthology.orchestra.run.smithi042.stdout:/usr/bin/ceph: stderr
2023-07-25T14:34:22.525+0000 7f9013fff700 1 --2- 172.21.15.42:0/3932602060 >> [v2:172.21.15.42:6800/2336037857,v1:172.21.15.42:6801/2336037857] conn(0x7f90080386c0 0x7f900803ab80 unknown :-1 s=NONE pgs=0 cs=0 l=1 rev1=0 crypto rx=0 tx=0 comp rx=0 tx=0).connect
2023-07-25T14:34:26.065 INFO:teuthology.orchestra.run.smithi042.stdout:/usr/bin/ceph: stderr
2023-07-25T14:34:22.525+0000 7f9013fff700 1 -- 172.21.15.42:0/3932602060 <== mon.0 v2:172.21.15.42:3300/0 5 ==== osd_map(1..1 src has 1..1) v4 ==== 725+0+0 (secure 0 0 0) 0x7f900c04c640 con 0x7f901c106c30
2023-07-25T14:34:26.066 INFO:teuthology.orchestra.run.smithi042.stdout:/usr/bin/ceph: stderr
2023-07-25T14:34:22.525+0000 7f901a7fc700 1 --2- 172.21.15.42:0/3932602060 >> [v2:172.21.15.42:6800/2336037857,v1:172.21.15.42:6801/2336037857] conn(0x7f90080386c0 0x7f900803ab80 unknown :-1 s=BANNER_CONNECTING pgs=0 cs=0 l=1 rev1=0 crypto rx=0 tx=0 comp rx=0 tx=0)._handle_peer_banner_payload supported=3 required=0
2023-07-25T14:34:26.066 INFO:teuthology.orchestra.run.smithi042.stdout:/usr/bin/ceph: stderr
2023-07-25T14:34:22.526+0000 7f901a7fc700 1 --2- 172.21.15.42:0/3932602060 >> [v2:172.21.15.42:6800/2336037857,v1:172.21.15.42:6801/2336037857] conn(0x7f90080386c0 0x7f900803ab80 secure :-1 s=READY pgs=6 cs=0 l=1 rev1=1 crypto rx=0x7f9004006fd0 tx=0x7f9004006e40 comp rx=0 tx=0).ready entity=mgr.14100 client_cookie=0 server_cookie=0 in_seq=0 out_seq=0
2023-07-25T14:34:26.066 INFO:teuthology.orchestra.run.smithi042.stdout:/usr/bin/ceph: stderr
2023-07-25T14:34:22.530+0000 7f9013fff700 1 -- 172.21.15.42:0/3932602060 <== mon.0 v2:172.21.15.42:3300/0 6 ==== mon_command_ack([{"prefix": "get_command_descriptions"}]=0 v0) v1 ==== 72+0+178008 (secure 0 0 0) 0x7f900c018710 con 0x7f901c106c30
2023-07-25T14:34:26.066 INFO:teuthology.orchestra.run.smithi042.stdout:/usr/bin/ceph: stderr
2023-07-25T14:34:23.045+0000 7f90215cd700 1 -- 172.21.15.42:0/3932602060 --> [v2:172.21.15.42:3300/0,v1:172.21.15.42:6789/0] -- mon_command({"prefix": "status", "format": "json-pretty"} v 0) v1 -- 0x7f901c19d550 con 0x7f901c106c30
2023-07-25T14:34:26.066 INFO:teuthology.orchestra.run.smithi042.stdout:/usr/bin/ceph: stderr
2023-07-25T14:34:23.045+0000 7f9013fff700 1 -- 172.21.15.42:0/3932602060 <== mon.0 v2:172.21.15.42:3300/0 7 ==== mon_command_ack([{"prefix": "status", "format": "json-pretty"}]=0 v0) v1 ==== 79+0+1238 (secure 0 0 0) 0x7f900c018350 con 0x7f901c106c30
2023-07-25T14:34:26.066 INFO:teuthology.orchestra.run.smithi042.stdout:/usr/bin/ceph: stderr
2023-07-25T14:34:23.047+0000 7f90215cd700 1 -- 172.21.15.42:0/3932602060 >> [v2:172.21.15.42:6800/2336037857,v1:172.21.15.42:6801/2336037857] conn(0x7f90080386c0 msgr2=0x7f900803ab80 secure :-1 s=STATE_CONNECTION_ESTABLISHED l=1).mark_down
2023-07-25T14:34:26.066 INFO:teuthology.orchestra.run.smithi042.stdout:/usr/bin/ceph: stderr
2023-07-25T14:34:23.047+0000 7f90215cd700 1 --2- 172.21.15.42:0/3932602060 >> [v2:172.21.15.42:6800/2336037857,v1:172.21.15.42:6801/2336037857] conn(0x7f90080386c0 0x7f900803ab80 secure :-1 s=READY pgs=6 cs=0 l=1 rev1=1 crypto rx=0x7f9004006fd0 tx=0x7f9004006e40 comp rx=0 tx=0).stop
2023-07-25T14:34:26.067 INFO:teuthology.orchestra.run.smithi042.stdout:/usr/bin/ceph: stderr
2023-07-25T14:34:23.047+0000 7f90215cd700 1 -- 172.21.15.42:0/3932602060 >> [v2:172.21.15.42:3300/0,v1:172.21.15.42:6789/0] conn(0x7f901c106c30 msgr2=0x7f901c199e20 secure :-1 s=STATE_CONNECTION_ESTABLISHED l=1).mark_down
2023-07-25T14:34:26.067 INFO:teuthology.orchestra.run.smithi042.stdout:/usr/bin/ceph: stderr
2023-07-25T14:34:23.047+0000 7f90215cd700 1 --2- 172.21.15.42:0/3932602060 >> [v2:172.21.15.42:3300/0,v1:172.21.15.42:6789/0] conn(0x7f901c106c30 0x7f901c199e20 secure :-1 s=READY pgs=19 cs=0 l=1 rev1=1 crypto rx=0x7f900c009fb0 tx=0x7f900c011ad0 comp rx=0 tx=0).stop
2023-07-25T14:34:26.067 INFO:teuthology.orchestra.run.smithi042.stdout:/usr/bin/ceph: stderr
2023-07-25T14:34:23.047+0000 7f90215cd700 1 -- 172.21.15.42:0/3932602060 shutdown_connections
2023-07-25T14:34:26.067 INFO:teuthology.orchestra.run.smithi042.stdout:/usr/bin/ceph: stderr
2023-07-25T14:34:23.047+0000 7f90215cd700 1 --2- 172.21.15.42:0/3932602060 >> [v2:172.21.15.42:6800/2336037857,v1:172.21.15.42:6801/2336037857] conn(0x7f90080386c0 0x7f900803ab80 unknown :-1 s=CLOSED pgs=6 cs=0 l=1 rev1=1 crypto rx=0 tx=0 comp rx=0 tx=0).stop
2023-07-25T14:34:26.068 INFO:teuthology.orchestra.run.smithi042.stdout:/usr/bin/ceph: stderr
2023-07-25T14:34:23.047+0000 7f90215cd700 1 --2- 172.21.15.42:0/3932602060 >> [v2:172.21.15.42:3300/0,v1:172.21.15.42:6789/0] conn(0x7f901c106c30 0x7f901c199e20 unknown :-1 s=CLOSED pgs=19 cs=0 l=1 rev1=1 crypto rx=0 tx=0 comp rx=0 tx=0).stop
2023-07-25T14:34:26.068 INFO:teuthology.orchestra.run.smithi042.stdout:/usr/bin/ceph: stderr
2023-07-25T14:34:23.047+0000 7f90215cd700 1 -- 172.21.15.42:0/3932602060 >> 172.21.15.42:0/3932602060 conn(0x7f901c100600 msgr2=0x7f901c101cc0 unknown :-1 s=STATE_NONE l=0).mark_down
2023-07-25T14:34:26.068 INFO:teuthology.orchestra.run.smithi042.stdout:/usr/bin/ceph: stderr
2023-07-25T14:34:23.047+0000 7f90215cd700 1 -- 172.21.15.42:0/3932602060 shutdown_connections
2023-07-25T14:34:26.068 INFO:teuthology.orchestra.run.smithi042.stdout:/usr/bin/ceph: stderr
2023-07-25T14:34:23.047+0000 7f90215cd700 1 -- 172.21.15.42:0/3932602060 wait complete.
2023-07-25T14:34:26.068 INFO:teuthology.orchestra.run.smithi042.stdout:mgr is available
2023-07-25T14:34:28.908 INFO:journalctl@ceph.mon.a.smithi042.stdout:Jul 25 14:34:28 smithi042 ceph-mon[96489]: from='client.? 172.21.15.42:0/1547782484' entity='client.admin' cmd=[{"prefix": "config assimilate-conf"}]: dispatch
2023-07-25T14:34:29.191 INFO:teuthology.orchestra.run.smithi042.stdout:/usr/bin/ceph: stdout
2023-07-25T14:34:29.196 INFO:teuthology.orchestra.run.smithi042.stdout:/usr/bin/ceph: stdout [global]
2023-07-25T14:34:29.196 INFO:teuthology.orchestra.run.smithi042.stdout:/usr/bin/ceph: stdout fsid = 3065c6e0-2af8-11ee-9b35-001a4aab830c
2023-07-25T14:34:29.197 INFO:teuthology.orchestra.run.smithi042.stdout:/usr/bin/ceph: stdout mon_osd_allow_pg_remap = true
2023-07-25T14:34:29.197 INFO:teuthology.orchestra.run.smithi042.stdout:/usr/bin/ceph: stdout mon_osd_allow_primary_affinity = true
2023-07-25T14:34:29.197 INFO:teuthology.orchestra.run.smithi042.stdout:/usr/bin/ceph: stdout mon_warn_on_no_sortbitwise = false
2023-07-25T14:34:29.197 INFO:teuthology.orchestra.run.smithi042.stdout:/usr/bin/ceph: stdout osd_crush_chooseleaf_type = 0
2023-07-25T14:34:29.197 INFO:teuthology.orchestra.run.smithi042.stdout:/usr/bin/ceph: stdout
2023-07-25T14:34:29.197 INFO:teuthology.orchestra.run.smithi042.stdout:/usr/bin/ceph: stdout [mgr]
2023-07-25T14:34:29.197 INFO:teuthology.orchestra.run.smithi042.stdout:/usr/bin/ceph: stdout mgr/telemetry/nag = false
2023-07-25T14:34:29.197 INFO:teuthology.orchestra.run.smithi042.stdout:/usr/bin/ceph: stdout
2023-07-25T14:34:29.198 INFO:teuthology.orchestra.run.smithi042.stdout:/usr/bin/ceph: stdout [osd]
2023-07-25T14:34:29.198 INFO:teuthology.orchestra.run.smithi042.stdout:/usr/bin/ceph: stdout mon_osd_backfillfull_ratio = 0.85
2023-07-25T14:34:29.198 INFO:teuthology.orchestra.run.smithi042.stdout:/usr/bin/ceph: stdout mon_osd_full_ratio = 0.9
2023-07-25T14:34:29.198 INFO:teuthology.orchestra.run.smithi042.stdout:/usr/bin/ceph: stdout mon_osd_nearfull_ratio = 0.8
2023-07-25T14:34:29.198 INFO:teuthology.orchestra.run.smithi042.stdout:/usr/bin/ceph: stdout osd_map_max_advance = 10
2023-07-25T14:34:29.198 INFO:teuthology.orchestra.run.smithi042.stdout:/usr/bin/ceph: stdout osd_sloppy_crc = true
2023-07-25T14:34:29.198 INFO:teuthology.orchestra.run.smithi042.stdout:/usr/bin/ceph: stderr
2023-07-25T14:34:28.048+0000 7f0455ff4700 1 Processor -- start
2023-07-25T14:34:29.199 INFO:teuthology.orchestra.run.smithi042.stdout:/usr/bin/ceph: stderr
2023-07-25T14:34:28.048+0000 7f0455ff4700 1 -- start start
2023-07-25T14:34:29.199 INFO:teuthology.orchestra.run.smithi042.stdout:/usr/bin/ceph: stderr
2023-07-25T14:34:28.048+0000 7f0455ff4700 1 --2- >> [v2:172.21.15.42:3300/0,v1:172.21.15.42:6789/0] conn(0x7f0450106c40 0x7f0450109030 unknown :-1 s=NONE pgs=0 cs=0 l=0 rev1=0 crypto rx=0 tx=0 comp rx=0 tx=0).connect
2023-07-25T14:34:29.199 INFO:teuthology.orchestra.run.smithi042.stdout:/usr/bin/ceph: stderr
2023-07-25T14:34:28.048+0000 7f0455ff4700 1 -- --> [v2:172.21.15.42:3300/0,v1:172.21.15.42:6789/0] -- mon_getmap magic: 0 v1 -- 0x7f0450073fc0 con 0x7f0450106c40
2023-07-25T14:34:29.199 INFO:teuthology.orchestra.run.smithi042.stdout:/usr/bin/ceph: stderr
2023-07-25T14:34:28.049+0000 7f044f7fe700 1 --2- >> [v2:172.21.15.42:3300/0,v1:172.21.15.42:6789/0] conn(0x7f0450106c40 0x7f0450109030 unknown :-1 s=BANNER_CONNECTING pgs=0 cs=0 l=0 rev1=0 crypto rx=0 tx=0 comp rx=0 tx=0)._handle_peer_banner_payload supported=3 required=0
2023-07-25T14:34:29.199 INFO:teuthology.orchestra.run.smithi042.stdout:/usr/bin/ceph: stderr
2023-07-25T14:34:28.049+0000 7f044f7fe700 1 --2- >> [v2:172.21.15.42:3300/0,v1:172.21.15.42:6789/0] conn(0x7f0450106c40 0x7f0450109030 unknown :-1 s=HELLO_CONNECTING pgs=0 cs=0 l=0 rev1=1 crypto rx=0 tx=0 comp rx=0 tx=0).handle_hello peer v2:172.21.15.42:3300/0 says I am v2:172.21.15.42:35526/0 (socket says 172.21.15.42:35526)
2023-07-25T14:34:29.199 INFO:teuthology.orchestra.run.smithi042.stdout:/usr/bin/ceph: stderr
2023-07-25T14:34:28.049+0000 7f044f7fe700 1 -- 172.21.15.42:0/2206724671 learned_addr learned my addr 172.21.15.42:0/2206724671 (peer_addr_for_me v2:172.21.15.42:0/0)
2023-07-25T14:34:29.200 INFO:teuthology.orchestra.run.smithi042.stdout:/usr/bin/ceph: stderr
2023-07-25T14:34:28.049+0000 7f044f7fe700 1 -- 172.21.15.42:0/2206724671 --> [v2:172.21.15.42:3300/0,v1:172.21.15.42:6789/0] -- mon_subscribe({config=0+,monmap=0+}) v3 -- 0x7f0450109570 con 0x7f0450106c40
2023-07-25T14:34:29.200 INFO:teuthology.orchestra.run.smithi042.stdout:/usr/bin/ceph: stderr
2023-07-25T14:34:28.049+0000 7f044f7fe700 1 --2- 172.21.15.42:0/2206724671 >> [v2:172.21.15.42:3300/0,v1:172.21.15.42:6789/0] conn(0x7f0450106c40 0x7f0450109030 secure :-1 s=READY pgs=20 cs=0 l=1 rev1=1 crypto rx=0x7f04400098a0 tx=0x7f0440009bb0 comp rx=0 tx=0).ready entity=mon.0 client_cookie=e706c74ebff6874d server_cookie=0 in_seq=0 out_seq=0
2023-07-25T14:34:29.201 INFO:teuthology.orchestra.run.smithi042.stdout:/usr/bin/ceph: stderr
2023-07-25T14:34:28.049+0000 7f044e7fc700 1 -- 172.21.15.42:0/2206724671 <== mon.0 v2:172.21.15.42:3300/0 1 ==== mon_map magic: 0 v1 ==== 205+0+0 (secure 0 0 0) 0x7f0440004160 con 0x7f0450106c40
2023-07-25T14:34:29.201 INFO:teuthology.orchestra.run.smithi042.stdout:/usr/bin/ceph: stderr
2023-07-25T14:34:28.049+0000 7f044e7fc700 1 -- 172.21.15.42:0/2206724671 <== mon.0 v2:172.21.15.42:3300/0 2 ==== config(26 keys) v1 ==== 1074+0+0 (secure 0 0 0) 0x7f04400042c0 con 0x7f0450106c40
2023-07-25T14:34:29.201 INFO:teuthology.orchestra.run.smithi042.stdout:/usr/bin/ceph: stderr
2023-07-25T14:34:28.049+0000 7f044e7fc700 1 -- 172.21.15.42:0/2206724671 <== mon.0 v2:172.21.15.42:3300/0 3 ==== mon_map magic: 0 v1 ==== 205+0+0 (secure 0 0 0) 0x7f0440011a00 con 0x7f0450106c40
2023-07-25T14:34:29.201 INFO:teuthology.orchestra.run.smithi042.stdout:/usr/bin/ceph: stderr
2023-07-25T14:34:28.050+0000 7f0455ff4700 1 -- 172.21.15.42:0/2206724671 >> [v2:172.21.15.42:3300/0,v1:172.21.15.42:6789/0] conn(0x7f0450106c40 msgr2=0x7f0450109030 secure :-1 s=STATE_CONNECTION_ESTABLISHED l=1).mark_down
2023-07-25T14:34:29.201 INFO:teuthology.orchestra.run.smithi042.stdout:/usr/bin/ceph: stderr
2023-07-25T14:34:28.050+0000 7f0455ff4700 1 --2- 172.21.15.42:0/2206724671 >> [v2:172.21.15.42:3300/0,v1:172.21.15.42:6789/0] conn(0x7f0450106c40 0x7f0450109030 secure :-1 s=READY pgs=20 cs=0 l=1 rev1=1 crypto rx=0x7f04400098a0 tx=0x7f0440009bb0 comp rx=0 tx=0).stop
2023-07-25T14:34:29.202 INFO:teuthology.orchestra.run.smithi042.stdout:/usr/bin/ceph: stderr
2023-07-25T14:34:28.050+0000 7f0455ff4700 1 -- 172.21.15.42:0/2206724671 shutdown_connections
2023-07-25T14:34:29.202 INFO:teuthology.orchestra.run.smithi042.stdout:/usr/bin/ceph: stderr
2023-07-25T14:34:28.050+0000 7f0455ff4700 1 --2- 172.21.15.42:0/2206724671 >> [v2:172.21.15.42:3300/0,v1:172.21.15.42:6789/0] conn(0x7f0450106c40 0x7f0450109030 unknown :-1 s=CLOSED pgs=20 cs=0 l=1 rev1=1 crypto rx=0 tx=0 comp rx=0 tx=0).stop
2023-07-25T14:34:29.202 INFO:teuthology.orchestra.run.smithi042.stdout:/usr/bin/ceph: stderr
2023-07-25T14:34:28.050+0000 7f0455ff4700 1 -- 172.21.15.42:0/2206724671 >> 172.21.15.42:0/2206724671 conn(0x7f0450100610 msgr2=0x7f0450102a30 unknown :-1 s=STATE_NONE l=0).mark_down
2023-07-25T14:34:29.202 INFO:teuthology.orchestra.run.smithi042.stdout:/usr/bin/ceph: stderr
2023-07-25T14:34:28.050+0000 7f0455ff4700 1 -- 172.21.15.42:0/2206724671 shutdown_connections
2023-07-25T14:34:29.202 INFO:teuthology.orchestra.run.smithi042.stdout:/usr/bin/ceph: stderr
2023-07-25T14:34:28.050+0000 7f0455ff4700 1 -- 172.21.15.42:0/2206724671 wait complete.
2023-07-25T14:34:29.202 INFO:teuthology.orchestra.run.smithi042.stdout:/usr/bin/ceph: stderr
2023-07-25T14:34:28.051+0000 7f0455ff4700 1 Processor -- start
2023-07-25T14:34:29.202 INFO:teuthology.orchestra.run.smithi042.stdout:/usr/bin/ceph: stderr
2023-07-25T14:34:28.051+0000 7f0455ff4700 1 -- start start
2023-07-25T14:34:29.203 INFO:teuthology.orchestra.run.smithi042.stdout:/usr/bin/ceph: stderr
2023-07-25T14:34:28.051+0000 7f0455ff4700 1 --2- >> [v2:172.21.15.42:3300/0,v1:172.21.15.42:6789/0] conn(0x7f0450106c40 0x7f0450199e80 unknown :-1 s=NONE pgs=0 cs=0 l=1 rev1=0 crypto rx=0 tx=0 comp rx=0 tx=0).connect
2023-07-25T14:34:29.203 INFO:teuthology.orchestra.run.smithi042.stdout:/usr/bin/ceph: stderr
2023-07-25T14:34:28.051+0000 7f0455ff4700 1 -- --> [v2:172.21.15.42:3300/0,v1:172.21.15.42:6789/0] -- mon_getmap magic: 0 v1 -- 0x7f045019a3c0 con 0x7f0450106c40
2023-07-25T14:34:29.203 INFO:teuthology.orchestra.run.smithi042.stdout:/usr/bin/ceph: stderr
2023-07-25T14:34:28.051+0000 7f044f7fe700 1 --2- >> [v2:172.21.15.42:3300/0,v1:172.21.15.42:6789/0] conn(0x7f0450106c40 0x7f0450199e80 unknown :-1 s=BANNER_CONNECTING pgs=0 cs=0 l=1 rev1=0 crypto rx=0 tx=0 comp rx=0 tx=0)._handle_peer_banner_payload supported=3 required=0
2023-07-25T14:34:29.204 INFO:teuthology.orchestra.run.smithi042.stdout:/usr/bin/ceph: stderr
2023-07-25T14:34:28.051+0000 7f044f7fe700 1 --2- >> [v2:172.21.15.42:3300/0,v1:172.21.15.42:6789/0] conn(0x7f0450106c40 0x7f0450199e80 unknown :-1 s=HELLO_CONNECTING pgs=0 cs=0 l=1 rev1=1 crypto rx=0 tx=0 comp rx=0 tx=0).handle_hello peer v2:172.21.15.42:3300/0 says I am v2:172.21.15.42:35528/0 (socket says 172.21.15.42:35528)
2023-07-25T14:34:29.204 INFO:teuthology.orchestra.run.smithi042.stdout:/usr/bin/ceph: stderr
2023-07-25T14:34:28.051+0000 7f044f7fe700 1 -- 172.21.15.42:0/1547782484 learned_addr learned my addr 172.21.15.42:0/1547782484 (peer_addr_for_me v2:172.21.15.42:0/0)
2023-07-25T14:34:29.204 INFO:teuthology.orchestra.run.smithi042.stdout:/usr/bin/ceph: stderr
2023-07-25T14:34:28.052+0000 7f044f7fe700 1 -- 172.21.15.42:0/1547782484 --> [v2:172.21.15.42:3300/0,v1:172.21.15.42:6789/0] -- mon_subscribe({config=0+,monmap=0+}) v3 -- 0x7f0440009550 con 0x7f0450106c40
2023-07-25T14:34:29.204 INFO:teuthology.orchestra.run.smithi042.stdout:/usr/bin/ceph: stderr
2023-07-25T14:34:28.052+0000 7f044f7fe700 1 --2- 172.21.15.42:0/1547782484 >> [v2:172.21.15.42:3300/0,v1:172.21.15.42:6789/0] conn(0x7f0450106c40 0x7f0450199e80 secure :-1 s=READY pgs=21 cs=0 l=1 rev1=1 crypto rx=0x7f0440009fb0 tx=0x7f0440011ad0 comp rx=0 tx=0).ready entity=mon.0 client_cookie=0 server_cookie=0 in_seq=0 out_seq=0
2023-07-25T14:34:29.204 INFO:teuthology.orchestra.run.smithi042.stdout:/usr/bin/ceph: stderr
2023-07-25T14:34:28.052+0000 7f044cff9700 1 -- 172.21.15.42:0/1547782484 <== mon.0 v2:172.21.15.42:3300/0 1 ==== mon_map magic: 0 v1 ==== 205+0+0 (secure 0 0 0) 0x7f0440003a40 con 0x7f0450106c40
2023-07-25T14:34:29.205 INFO:teuthology.orchestra.run.smithi042.stdout:/usr/bin/ceph: stderr
2023-07-25T14:34:28.052+0000 7f044cff9700 1 -- 172.21.15.42:0/1547782484 <== mon.0 v2:172.21.15.42:3300/0 2 ==== config(26 keys) v1 ==== 1074+0+0 (secure 0 0 0) 0x7f0440003ba0 con 0x7f0450106c40
2023-07-25T14:34:29.205 INFO:teuthology.orchestra.run.smithi042.stdout:/usr/bin/ceph: stderr
2023-07-25T14:34:28.052+0000 7f0455ff4700 1 -- 172.21.15.42:0/1547782484 --> [v2:172.21.15.42:3300/0,v1:172.21.15.42:6789/0] -- mon_subscribe({mgrmap=0+}) v3 -- 0x7f045019a5c0 con 0x7f0450106c40
2023-07-25T14:34:29.205 INFO:teuthology.orchestra.run.smithi042.stdout:/usr/bin/ceph: stderr
2023-07-25T14:34:28.052+0000 7f044cff9700 1 -- 172.21.15.42:0/1547782484 <== mon.0 v2:172.21.15.42:3300/0 3 ==== mon_map magic: 0 v1 ==== 205+0+0 (secure 0 0 0) 0x7f044001a750 con 0x7f0450106c40
2023-07-25T14:34:29.205 INFO:teuthology.orchestra.run.smithi042.stdout:/usr/bin/ceph: stderr
2023-07-25T14:34:28.052+0000 7f0455ff4700 1 -- 172.21.15.42:0/1547782484 --> [v2:172.21.15.42:3300/0,v1:172.21.15.42:6789/0] -- mon_subscribe({osdmap=0}) v3 -- 0x7f045019a9e0 con 0x7f0450106c40
2023-07-25T14:34:29.205 INFO:teuthology.orchestra.run.smithi042.stdout:/usr/bin/ceph: stderr
2023-07-25T14:34:28.053+0000 7f044cff9700 1 -- 172.21.15.42:0/1547782484 <== mon.0 v2:172.21.15.42:3300/0 4 ==== mgrmap(e 4) v1 ==== 45472+0+0 (secure 0 0 0) 0x7f0440024b60 con 0x7f0450106c40
2023-07-25T14:34:29.205 INFO:teuthology.orchestra.run.smithi042.stdout:/usr/bin/ceph: stderr
2023-07-25T14:34:28.053+0000 7f044cff9700 1 --2- 172.21.15.42:0/1547782484 >> [v2:172.21.15.42:6800/2336037857,v1:172.21.15.42:6801/2336037857] conn(0x7f043c0386c0 0x7f043c03ab80 unknown :-1 s=NONE pgs=0 cs=0 l=1 rev1=0 crypto rx=0 tx=0 comp rx=0 tx=0).connect
2023-07-25T14:34:29.206 INFO:teuthology.orchestra.run.smithi042.stdout:/usr/bin/ceph: stderr
2023-07-25T14:34:28.053+0000 7f044cff9700 1 -- 172.21.15.42:0/1547782484 <== mon.0 v2:172.21.15.42:3300/0 5 ==== osd_map(1..1 src has 1..1) v4 ==== 725+0+0 (secure 0 0 0) 0x7f044004c350 con 0x7f0450106c40
2023-07-25T14:34:29.206 INFO:teuthology.orchestra.run.smithi042.stdout:/usr/bin/ceph: stderr
2023-07-25T14:34:28.053+0000 7f0455ff4700 1 -- 172.21.15.42:0/1547782484 --> [v2:172.21.15.42:3300/0,v1:172.21.15.42:6789/0] -- mon_command({"prefix": "get_command_descriptions"} v 0) v1 -- 0x7f0450061da0 con 0x7f0450106c40
2023-07-25T14:34:29.206 INFO:teuthology.orchestra.run.smithi042.stdout:/usr/bin/ceph: stderr
2023-07-25T14:34:28.053+0000 7f044effd700 1 --2- 172.21.15.42:0/1547782484 >> [v2:172.21.15.42:6800/2336037857,v1:172.21.15.42:6801/2336037857] conn(0x7f043c0386c0 0x7f043c03ab80 unknown :-1 s=BANNER_CONNECTING pgs=0 cs=0 l=1 rev1=0 crypto rx=0 tx=0 comp rx=0 tx=0)._handle_peer_banner_payload supported=3 required=0
2023-07-25T14:34:29.206 INFO:teuthology.orchestra.run.smithi042.stdout:/usr/bin/ceph: stderr
2023-07-25T14:34:28.054+0000 7f044effd700 1 --2- 172.21.15.42:0/1547782484 >> [v2:172.21.15.42:6800/2336037857,v1:172.21.15.42:6801/2336037857] conn(0x7f043c0386c0 0x7f043c03ab80 secure :-1 s=READY pgs=7 cs=0 l=1 rev1=1 crypto rx=0x7f0438006fd0 tx=0x7f0438006e40 comp rx=0 tx=0).ready entity=mgr.14100 client_cookie=0 server_cookie=0 in_seq=0 out_seq=0
2023-07-25T14:34:29.206 INFO:teuthology.orchestra.run.smithi042.stdout:/usr/bin/ceph: stderr
2023-07-25T14:34:28.058+0000 7f044cff9700 1 -- 172.21.15.42:0/1547782484 <== mon.0 v2:172.21.15.42:3300/0 6 ==== mon_command_ack([{"prefix": "get_command_descriptions"}]=0 v0) v1 ==== 72+0+178008 (secure 0 0 0) 0x7f044002d3f0 con 0x7f0450106c40
2023-07-25T14:34:29.206 INFO:teuthology.orchestra.run.smithi042.stdout:/usr/bin/ceph: stderr
2023-07-25T14:34:28.412+0000 7f0455ff4700 1 -- 172.21.15.42:0/1547782484 --> [v2:172.21.15.42:3300/0,v1:172.21.15.42:6789/0] -- mon_command({"prefix": "config assimilate-conf"} v 0) v1 -- 0x7f045019eac0 con 0x7f0450106c40
2023-07-25T14:34:29.206 INFO:teuthology.orchestra.run.smithi042.stdout:/usr/bin/ceph: stderr
2023-07-25T14:34:28.413+0000 7f044cff9700 1 -- 172.21.15.42:0/1547782484 <== mon.0 v2:172.21.15.42:3300/0 7 ==== mon_command_ack([{"prefix": "config assimilate-conf"}]=0 v3) v1 ==== 70+0+373 (secure 0 0 0) 0x7f0440018350 con 0x7f0450106c40
2023-07-25T14:34:29.207 INFO:teuthology.orchestra.run.smithi042.stdout:/usr/bin/ceph: stderr
2023-07-25T14:34:28.415+0000 7f0455ff4700 1 -- 172.21.15.42:0/1547782484 >> [v2:172.21.15.42:6800/2336037857,v1:172.21.15.42:6801/2336037857] conn(0x7f043c0386c0 msgr2=0x7f043c03ab80 secure :-1 s=STATE_CONNECTION_ESTABLISHED l=1).mark_down
2023-07-25T14:34:29.207 INFO:teuthology.orchestra.run.smithi042.stdout:/usr/bin/ceph: stderr
2023-07-25T14:34:28.415+0000 7f0455ff4700 1 --2- 172.21.15.42:0/1547782484 >> [v2:172.21.15.42:6800/2336037857,v1:172.21.15.42:6801/2336037857] conn(0x7f043c0386c0 0x7f043c03ab80 secure :-1 s=READY pgs=7 cs=0 l=1 rev1=1 crypto rx=0x7f0438006fd0 tx=0x7f0438006e40 comp rx=0 tx=0).stop
2023-07-25T14:34:29.207 INFO:teuthology.orchestra.run.smithi042.stdout:/usr/bin/ceph: stderr
2023-07-25T14:34:28.415+0000 7f0455ff4700 1 -- 172.21.15.42:0/1547782484 >> [v2:172.21.15.42:3300/0,v1:172.21.15.42:6789/0] conn(0x7f0450106c40 msgr2=0x7f0450199e80 secure :-1 s=STATE_CONNECTION_ESTABLISHED l=1).mark_down
2023-07-25T14:34:29.207 INFO:teuthology.orchestra.run.smithi042.stdout:/usr/bin/ceph: stderr
2023-07-25T14:34:28.415+0000 7f0455ff4700 1 --2- 172.21.15.42:0/1547782484 >> [v2:172.21.15.42:3300/0,v1:172.21.15.42:6789/0] conn(0x7f0450106c40 0x7f0450199e80 secure :-1 s=READY pgs=21 cs=0 l=1 rev1=1 crypto rx=0x7f0440009fb0 tx=0x7f0440011ad0 comp rx=0 tx=0).stop
2023-07-25T14:34:29.207 INFO:teuthology.orchestra.run.smithi042.stdout:/usr/bin/ceph: stderr
2023-07-25T14:34:28.415+0000 7f0455ff4700 1 -- 172.21.15.42:0/1547782484 shutdown_connections
2023-07-25T14:34:29.207 INFO:teuthology.orchestra.run.smithi042.stdout:/usr/bin/ceph: stderr
2023-07-25T14:34:28.415+0000 7f0455ff4700 1 --2- 172.21.15.42:0/1547782484 >> [v2:172.21.15.42:6800/2336037857,v1:172.21.15.42:6801/2336037857] conn(0x7f043c0386c0 0x7f043c03ab80 unknown :-1 s=CLOSED pgs=7 cs=0 l=1 rev1=1 crypto rx=0 tx=0 comp rx=0 tx=0).stop
2023-07-25T14:34:29.207 INFO:teuthology.orchestra.run.smithi042.stdout:/usr/bin/ceph: stderr
2023-07-25T14:34:28.415+0000 7f0455ff4700 1 --2- 172.21.15.42:0/1547782484 >> [v2:172.21.15.42:3300/0,v1:172.21.15.42:6789/0] conn(0x7f0450106c40 0x7f0450199e80 unknown :-1 s=CLOSED pgs=21 cs=0 l=1 rev1=1 crypto rx=0 tx=0 comp rx=0 tx=0).stop
2023-07-25T14:34:29.207 INFO:teuthology.orchestra.run.smithi042.stdout:/usr/bin/ceph: stderr
2023-07-25T14:34:28.415+0000 7f0455ff4700 1 -- 172.21.15.42:0/1547782484 >> 172.21.15.42:0/1547782484 conn(0x7f0450100610 msgr2=0x7f0450101cf0 unknown :-1 s=STATE_NONE l=0).mark_down
2023-07-25T14:34:29.208 INFO:teuthology.orchestra.run.smithi042.stdout:/usr/bin/ceph: stderr
2023-07-25T14:34:28.416+0000 7f0455ff4700 1 -- 172.21.15.42:0/1547782484 shutdown_connections
2023-07-25T14:34:29.208 INFO:teuthology.orchestra.run.smithi042.stdout:/usr/bin/ceph: stderr
2023-07-25T14:34:28.416+0000 7f0455ff4700 1 -- 172.21.15.42:0/1547782484 wait complete.
2023-07-25T14:34:29.208 INFO:teuthology.orchestra.run.smithi042.stdout:Enabling cephadm module...
2023-07-25T14:34:31.100 INFO:journalctl@ceph.mon.a.smithi042.stdout:Jul 25 14:34:30 smithi042 ceph-mon[96489]: from='client.? 172.21.15.42:0/1497715107' entity='client.admin' cmd=[{"prefix": "mgr module enable", "module": "cephadm"}]: dispatch
2023-07-25T14:34:31.100 INFO:journalctl@ceph.mgr.x.smithi042.stdout:Jul 25 14:34:30 smithi042 ceph-3065c6e0-2af8-11ee-9b35-001a4aab830c-mgr-x[96734]: ignoring --setuser ceph since I am not root
2023-07-25T14:34:31.100 INFO:journalctl@ceph.mgr.x.smithi042.stdout:Jul 25 14:34:30 smithi042 ceph-3065c6e0-2af8-11ee-9b35-001a4aab830c-mgr-x[96734]: ignoring --setgroup ceph since I am not root
2023-07-25T14:34:31.101 INFO:journalctl@ceph.mgr.x.smithi042.stdout:Jul 25 14:34:30 smithi042 ceph-3065c6e0-2af8-11ee-9b35-001a4aab830c-mgr-x[96734]:
2023-07-25T14:34:30.990+0000 7f2b8c765200 -1 mgr[py] Module devicehealth has missing NOTIFY_TYPES member
2023-07-25T14:34:31.101 INFO:journalctl@ceph.mgr.x.smithi042.stdout:Jul 25 14:34:31 smithi042 ceph-3065c6e0-2af8-11ee-9b35-001a4aab830c-mgr-x[96734]:
2023-07-25T14:34:31.086+0000 7f2b8c765200 -1 mgr[py] Module osd_support has missing NOTIFY_TYPES member
2023-07-25T14:34:31.248 INFO:teuthology.orchestra.run.smithi042.stdout:/usr/bin/ceph: stderr
2023-07-25T14:34:29.712+0000 7f109f6a4700 1 Processor -- start
2023-07-25T14:34:31.248 INFO:teuthology.orchestra.run.smithi042.stdout:/usr/bin/ceph: stderr
2023-07-25T14:34:29.712+0000 7f109f6a4700 1 -- start start
2023-07-25T14:34:31.248 INFO:teuthology.orchestra.run.smithi042.stdout:/usr/bin/ceph: stderr
2023-07-25T14:34:29.712+0000 7f109f6a4700 1 --2- >> [v2:172.21.15.42:3300/0,v1:172.21.15.42:6789/0] conn(0x7f1098106160 0x7f1098106580 unknown :-1 s=NONE pgs=0 cs=0 l=0 rev1=0 crypto rx=0 tx=0 comp rx=0 tx=0).connect
2023-07-25T14:34:31.248 INFO:teuthology.orchestra.run.smithi042.stdout:/usr/bin/ceph: stderr
2023-07-25T14:34:29.712+0000 7f109f6a4700 1 -- --> [v2:172.21.15.42:3300/0,v1:172.21.15.42:6789/0] -- mon_getmap magic: 0 v1 -- 0x7f1098106b50 con 0x7f1098106160
2023-07-25T14:34:31.249 INFO:teuthology.orchestra.run.smithi042.stdout:/usr/bin/ceph: stderr
2023-07-25T14:34:29.713+0000 7f109d440700 1 --2- >> [v2:172.21.15.42:3300/0,v1:172.21.15.42:6789/0] conn(0x7f1098106160 0x7f1098106580 unknown :-1 s=BANNER_CONNECTING pgs=0 cs=0 l=0 rev1=0 crypto rx=0 tx=0 comp rx=0 tx=0)._handle_peer_banner_payload supported=3 required=0
2023-07-25T14:34:31.249 INFO:teuthology.orchestra.run.smithi042.stdout:/usr/bin/ceph: stderr
2023-07-25T14:34:29.713+0000 7f109d440700 1 --2- >> [v2:172.21.15.42:3300/0,v1:172.21.15.42:6789/0] conn(0x7f1098106160 0x7f1098106580 unknown :-1 s=HELLO_CONNECTING pgs=0 cs=0 l=0 rev1=1 crypto rx=0 tx=0 comp rx=0 tx=0).handle_hello peer v2:172.21.15.42:3300/0 says I am v2:172.21.15.42:35532/0 (socket says 172.21.15.42:35532)
2023-07-25T14:34:31.249 INFO:teuthology.orchestra.run.smithi042.stdout:/usr/bin/ceph: stderr
2023-07-25T14:34:29.713+0000 7f109d440700 1 -- 172.21.15.42:0/2262724347 learned_addr learned my addr 172.21.15.42:0/2262724347 (peer_addr_for_me v2:172.21.15.42:0/0)
2023-07-25T14:34:31.249 INFO:teuthology.orchestra.run.smithi042.stdout:/usr/bin/ceph: stderr
2023-07-25T14:34:29.713+0000 7f109d440700 1 -- 172.21.15.42:0/2262724347 --> [v2:172.21.15.42:3300/0,v1:172.21.15.42:6789/0] -- mon_subscribe({config=0+,monmap=0+}) v3 -- 0x7f1098107360 con 0x7f1098106160
2023-07-25T14:34:31.249 INFO:teuthology.orchestra.run.smithi042.stdout:/usr/bin/ceph: stderr
2023-07-25T14:34:29.713+0000 7f109d440700 1 --2- 172.21.15.42:0/2262724347 >> [v2:172.21.15.42:3300/0,v1:172.21.15.42:6789/0] conn(0x7f1098106160 0x7f1098106580 secure :-1 s=READY pgs=22 cs=0 l=1 rev1=1 crypto rx=0x7f10880098a0 tx=0x7f1088009bb0 comp rx=0 tx=0).ready entity=mon.0 client_cookie=329c5e36a569d677 server_cookie=0 in_seq=0 out_seq=0
2023-07-25T14:34:31.249 INFO:teuthology.orchestra.run.smithi042.stdout:/usr/bin/ceph: stderr
2023-07-25T14:34:29.713+0000 7f108ffff700 1 -- 172.21.15.42:0/2262724347 <== mon.0 v2:172.21.15.42:3300/0 1 ==== mon_map magic: 0 v1 ==== 205+0+0 (secure 0 0 0) 0x7f1088004160 con 0x7f1098106160
2023-07-25T14:34:31.249 INFO:teuthology.orchestra.run.smithi042.stdout:/usr/bin/ceph: stderr
2023-07-25T14:34:29.713+0000 7f108ffff700 1 -- 172.21.15.42:0/2262724347 <== mon.0 v2:172.21.15.42:3300/0 2 ==== config(26 keys) v1 ==== 1074+0+0 (secure 0 0 0) 0x7f10880042c0 con 0x7f1098106160
2023-07-25T14:34:31.250 INFO:teuthology.orchestra.run.smithi042.stdout:/usr/bin/ceph: stderr
2023-07-25T14:34:29.713+0000 7f108ffff700 1 -- 172.21.15.42:0/2262724347 <== mon.0 v2:172.21.15.42:3300/0 3 ==== mon_map magic: 0 v1 ==== 205+0+0 (secure 0 0 0) 0x7f1088011a00 con 0x7f1098106160
2023-07-25T14:34:31.250 INFO:teuthology.orchestra.run.smithi042.stdout:/usr/bin/ceph: stderr
2023-07-25T14:34:29.714+0000 7f109f6a4700 1 -- 172.21.15.42:0/2262724347 >> [v2:172.21.15.42:3300/0,v1:172.21.15.42:6789/0] conn(0x7f1098106160 msgr2=0x7f1098106580 secure :-1 s=STATE_CONNECTION_ESTABLISHED l=1).mark_down
2023-07-25T14:34:31.250 INFO:teuthology.orchestra.run.smithi042.stdout:/usr/bin/ceph: stderr
2023-07-25T14:34:29.714+0000 7f109f6a4700 1 --2- 172.21.15.42:0/2262724347 >> [v2:172.21.15.42:3300/0,v1:172.21.15.42:6789/0] conn(0x7f1098106160 0x7f1098106580 secure :-1 s=READY pgs=22 cs=0 l=1 rev1=1 crypto rx=0x7f10880098a0 tx=0x7f1088009bb0 comp rx=0 tx=0).stop
2023-07-25T14:34:31.250 INFO:teuthology.orchestra.run.smithi042.stdout:/usr/bin/ceph: stderr
2023-07-25T14:34:29.714+0000 7f109f6a4700 1 -- 172.21.15.42:0/2262724347 shutdown_connections
2023-07-25T14:34:31.250 INFO:teuthology.orchestra.run.smithi042.stdout:/usr/bin/ceph: stderr
2023-07-25T14:34:29.714+0000 7f109f6a4700 1 --2- 172.21.15.42:0/2262724347 >> [v2:172.21.15.42:3300/0,v1:172.21.15.42:6789/0] conn(0x7f1098106160 0x7f1098106580 unknown :-1 s=CLOSED pgs=22 cs=0 l=1 rev1=1 crypto rx=0 tx=0 comp rx=0 tx=0).stop
2023-07-25T14:34:31.250 INFO:teuthology.orchestra.run.smithi042.stdout:/usr/bin/ceph: stderr
2023-07-25T14:34:29.714+0000 7f109f6a4700 1 -- 172.21.15.42:0/2262724347 >> 172.21.15.42:0/2262724347 conn(0x7f1098101700 msgr2=0x7f1098103b40 unknown :-1 s=STATE_NONE l=0).mark_down
2023-07-25T14:34:31.250 INFO:teuthology.orchestra.run.smithi042.stdout:/usr/bin/ceph: stderr
2023-07-25T14:34:29.714+0000 7f109f6a4700 1 -- 172.21.15.42:0/2262724347 shutdown_connections
2023-07-25T14:34:31.250 INFO:teuthology.orchestra.run.smithi042.stdout:/usr/bin/ceph: stderr
2023-07-25T14:34:29.714+0000 7f109f6a4700 1 -- 172.21.15.42:0/2262724347 wait complete.
2023-07-25T14:34:31.251 INFO:teuthology.orchestra.run.smithi042.stdout:/usr/bin/ceph: stderr
2023-07-25T14:34:29.714+0000 7f109f6a4700 1 Processor -- start
2023-07-25T14:34:31.251 INFO:teuthology.orchestra.run.smithi042.stdout:/usr/bin/ceph: stderr
2023-07-25T14:34:29.715+0000 7f109f6a4700 1 -- start start
2023-07-25T14:34:31.251 INFO:teuthology.orchestra.run.smithi042.stdout:/usr/bin/ceph: stderr
2023-07-25T14:34:29.715+0000 7f109f6a4700 1 --2- >> [v2:172.21.15.42:3300/0,v1:172.21.15.42:6789/0] conn(0x7f1098106160 0x7f1098199ef0 unknown :-1 s=NONE pgs=0 cs=0 l=1 rev1=0 crypto rx=0 tx=0 comp rx=0 tx=0).connect
2023-07-25T14:34:31.251 INFO:teuthology.orchestra.run.smithi042.stdout:/usr/bin/ceph: stderr
2023-07-25T14:34:29.715+0000 7f109f6a4700 1 -- --> [v2:172.21.15.42:3300/0,v1:172.21.15.42:6789/0] -- mon_getmap magic: 0 v1 -- 0x7f109819a430 con 0x7f1098106160
2023-07-25T14:34:31.251 INFO:teuthology.orchestra.run.smithi042.stdout:/usr/bin/ceph: stderr
2023-07-25T14:34:29.715+0000 7f109d440700 1 --2- >> [v2:172.21.15.42:3300/0,v1:172.21.15.42:6789/0] conn(0x7f1098106160 0x7f1098199ef0 unknown :-1 s=BANNER_CONNECTING pgs=0 cs=0 l=1 rev1=0 crypto rx=0 tx=0 comp rx=0 tx=0)._handle_peer_banner_payload supported=3 required=0
2023-07-25T14:34:31.251 INFO:teuthology.orchestra.run.smithi042.stdout:/usr/bin/ceph: stderr
2023-07-25T14:34:29.715+0000 7f109d440700 1 --2- >> [v2:172.21.15.42:3300/0,v1:172.21.15.42:6789/0] conn(0x7f1098106160 0x7f1098199ef0 unknown :-1 s=HELLO_CONNECTING pgs=0 cs=0 l=1 rev1=1 crypto rx=0 tx=0 comp rx=0 tx=0).handle_hello peer v2:172.21.15.42:3300/0 says I am v2:172.21.15.42:35534/0 (socket says 172.21.15.42:35534)
2023-07-25T14:34:31.251 INFO:teuthology.orchestra.run.smithi042.stdout:/usr/bin/ceph: stderr
2023-07-25T14:34:29.715+0000 7f109d440700 1 -- 172.21.15.42:0/1497715107 learned_addr learned my addr 172.21.15.42:0/1497715107 (peer_addr_for_me v2:172.21.15.42:0/0)
2023-07-25T14:34:31.252 INFO:teuthology.orchestra.run.smithi042.stdout:/usr/bin/ceph: stderr
2023-07-25T14:34:29.715+0000 7f109d440700 1 -- 172.21.15.42:0/1497715107 --> [v2:172.21.15.42:3300/0,v1:172.21.15.42:6789/0] -- mon_subscribe({config=0+,monmap=0+}) v3 -- 0x7f1088009550 con 0x7f1098106160
2023-07-25T14:34:31.252 INFO:teuthology.orchestra.run.smithi042.stdout:/usr/bin/ceph: stderr
2023-07-25T14:34:29.715+0000 7f109d440700 1 --2- 172.21.15.42:0/1497715107 >> [v2:172.21.15.42:3300/0,v1:172.21.15.42:6789/0] conn(0x7f1098106160 0x7f1098199ef0 secure :-1 s=READY pgs=23 cs=0 l=1 rev1=1 crypto rx=0x7f1088009fb0 tx=0x7f1088011ad0 comp rx=0 tx=0).ready entity=mon.0 client_cookie=0 server_cookie=0 in_seq=0 out_seq=0
2023-07-25T14:34:31.252 INFO:teuthology.orchestra.run.smithi042.stdout:/usr/bin/ceph: stderr
2023-07-25T14:34:29.715+0000 7f108e7fc700 1 -- 172.21.15.42:0/1497715107 <== mon.0 v2:172.21.15.42:3300/0 1 ==== mon_map magic: 0 v1 ==== 205+0+0 (secure 0 0 0) 0x7f1088003a40 con 0x7f1098106160
2023-07-25T14:34:31.252 INFO:teuthology.orchestra.run.smithi042.stdout:/usr/bin/ceph: stderr
2023-07-25T14:34:29.716+0000 7f108e7fc700 1 -- 172.21.15.42:0/1497715107 <== mon.0 v2:172.21.15.42:3300/0 2 ==== config(26 keys) v1 ==== 1074+0+0 (secure 0 0 0) 0x7f1088003ba0 con 0x7f1098106160
2023-07-25T14:34:31.252 INFO:teuthology.orchestra.run.smithi042.stdout:/usr/bin/ceph: stderr
2023-07-25T14:34:29.716+0000 7f108e7fc700 1 -- 172.21.15.42:0/1497715107 <== mon.0 v2:172.21.15.42:3300/0 3 ==== mon_map magic: 0 v1 ==== 205+0+0 (secure 0 0 0) 0x7f108801a750 con 0x7f1098106160
2023-07-25T14:34:31.252 INFO:teuthology.orchestra.run.smithi042.stdout:/usr/bin/ceph: stderr
2023-07-25T14:34:29.716+0000 7f109f6a4700 1 -- 172.21.15.42:0/1497715107 --> [v2:172.21.15.42:3300/0,v1:172.21.15.42:6789/0] -- mon_subscribe({mgrmap=0+}) v3 -- 0x7f109819a630 con 0x7f1098106160
2023-07-25T14:34:31.252 INFO:teuthology.orchestra.run.smithi042.stdout:/usr/bin/ceph: stderr
2023-07-25T14:34:29.716+0000 7f109f6a4700 1 -- 172.21.15.42:0/1497715107 --> [v2:172.21.15.42:3300/0,v1:172.21.15.42:6789/0] -- mon_subscribe({osdmap=0}) v3 -- 0x7f109819aa50 con 0x7f1098106160
2023-07-25T14:34:31.252 INFO:teuthology.orchestra.run.smithi042.stdout:/usr/bin/ceph: stderr
2023-07-25T14:34:29.716+0000 7f108e7fc700 1 -- 172.21.15.42:0/1497715107 <== mon.0 v2:172.21.15.42:3300/0 4 ==== mgrmap(e 4) v1 ==== 45472+0+0 (secure 0 0 0) 0x7f108801a980 con 0x7f1098106160
2023-07-25T14:34:31.253 INFO:teuthology.orchestra.run.smithi042.stdout:/usr/bin/ceph: stderr
2023-07-25T14:34:29.717+0000 7f108e7fc700 1 --2- 172.21.15.42:0/1497715107 >> [v2:172.21.15.42:6800/2336037857,v1:172.21.15.42:6801/2336037857] conn(0x7f10840386c0 0x7f108403ab80 unknown :-1 s=NONE pgs=0 cs=0 l=1 rev1=0 crypto rx=0 tx=0 comp rx=0 tx=0).connect
2023-07-25T14:34:31.253 INFO:teuthology.orchestra.run.smithi042.stdout:/usr/bin/ceph: stderr
2023-07-25T14:34:29.717+0000 7f108e7fc700 1 -- 172.21.15.42:0/1497715107 <== mon.0 v2:172.21.15.42:3300/0 5 ==== osd_map(1..1 src has 1..1) v4 ==== 725+0+0 (secure 0 0 0) 0x7f108804c580 con 0x7f1098106160
2023-07-25T14:34:31.253 INFO:teuthology.orchestra.run.smithi042.stdout:/usr/bin/ceph: stderr
2023-07-25T14:34:29.717+0000 7f1083fff700 1 -- 172.21.15.42:0/1497715107 --> [v2:172.21.15.42:3300/0,v1:172.21.15.42:6789/0] -- mon_command({"prefix": "get_command_descriptions"} v 0) v1 -- 0x7f10780052f0 con 0x7f1098106160
2023-07-25T14:34:31.253 INFO:teuthology.orchestra.run.smithi042.stdout:/usr/bin/ceph: stderr
2023-07-25T14:34:29.717+0000 7f109cc3f700 1 --2- 172.21.15.42:0/1497715107 >> [v2:172.21.15.42:6800/2336037857,v1:172.21.15.42:6801/2336037857] conn(0x7f10840386c0 0x7f108403ab80 unknown :-1 s=BANNER_CONNECTING pgs=0 cs=0 l=1 rev1=0 crypto rx=0 tx=0 comp rx=0 tx=0)._handle_peer_banner_payload supported=3 required=0
2023-07-25T14:34:31.253 INFO:teuthology.orchestra.run.smithi042.stdout:/usr/bin/ceph: stderr
2023-07-25T14:34:29.717+0000 7f109cc3f700 1 --2- 172.21.15.42:0/1497715107 >> [v2:172.21.15.42:6800/2336037857,v1:172.21.15.42:6801/2336037857] conn(0x7f10840386c0 0x7f108403ab80 secure :-1 s=READY pgs=8 cs=0 l=1 rev1=1 crypto rx=0x7f1094006fd0 tx=0x7f1094006e40 comp rx=0 tx=0).ready entity=mgr.14100 client_cookie=0 server_cookie=0 in_seq=0 out_seq=0
2023-07-25T14:34:31.253 INFO:teuthology.orchestra.run.smithi042.stdout:/usr/bin/ceph: stderr
2023-07-25T14:34:29.722+0000 7f108e7fc700 1 -- 172.21.15.42:0/1497715107 <== mon.0 v2:172.21.15.42:3300/0 6 ==== mon_command_ack([{"prefix": "get_command_descriptions"}]=0 v0) v1 ==== 72+0+178008 (secure 0 0 0) 0x7f108801ac30 con 0x7f1098106160
2023-07-25T14:34:31.253 INFO:teuthology.orchestra.run.smithi042.stdout:/usr/bin/ceph: stderr
2023-07-25T14:34:30.188+0000 7f1083fff700 1 -- 172.21.15.42:0/1497715107 --> [v2:172.21.15.42:3300/0,v1:172.21.15.42:6789/0] -- mon_command({"prefix": "mgr module enable", "module": "cephadm"} v 0) v1 -- 0x7f10780059c0 con 0x7f1098106160
2023-07-25T14:34:31.254 INFO:teuthology.orchestra.run.smithi042.stdout:/usr/bin/ceph: stderr
2023-07-25T14:34:30.791+0000 7f108e7fc700 1 -- 172.21.15.42:0/1497715107 <== mon.0 v2:172.21.15.42:3300/0 7 ==== mgrmap(e 5) v1 ==== 45483+0+0 (secure 0 0 0) 0x7f108802d960 con 0x7f1098106160
2023-07-25T14:34:31.254 INFO:teuthology.orchestra.run.smithi042.stdout:/usr/bin/ceph: stderr
2023-07-25T14:34:30.793+0000 7f108e7fc700 1 -- 172.21.15.42:0/1497715107 <== mon.0 v2:172.21.15.42:3300/0 8 ==== mon_command_ack([{"prefix": "mgr module enable", "module": "cephadm"}]=0 v5) v1 ==== 86+0+0 (secure 0 0 0) 0x7f108801ae10 con 0x7f1098106160
2023-07-25T14:34:31.254 INFO:teuthology.orchestra.run.smithi042.stdout:/usr/bin/ceph: stderr
2023-07-25T14:34:30.796+0000 7f1083fff700 1 -- 172.21.15.42:0/1497715107 >> [v2:172.21.15.42:6800/2336037857,v1:172.21.15.42:6801/2336037857] conn(0x7f10840386c0 msgr2=0x7f108403ab80 secure :-1 s=STATE_CONNECTION_ESTABLISHED l=1).mark_down
2023-07-25T14:34:31.254 INFO:teuthology.orchestra.run.smithi042.stdout:/usr/bin/ceph: stderr
2023-07-25T14:34:30.796+0000 7f1083fff700 1 --2- 172.21.15.42:0/1497715107 >> [v2:172.21.15.42:6800/2336037857,v1:172.21.15.42:6801/2336037857] conn(0x7f10840386c0 0x7f108403ab80 secure :-1 s=READY pgs=8 cs=0 l=1 rev1=1 crypto rx=0x7f1094006fd0 tx=0x7f1094006e40 comp rx=0 tx=0).stop
2023-07-25T14:34:31.254 INFO:teuthology.orchestra.run.smithi042.stdout:/usr/bin/ceph: stderr
2023-07-25T14:34:30.796+0000 7f1083fff700 1 -- 172.21.15.42:0/1497715107 >> [v2:172.21.15.42:3300/0,v1:172.21.15.42:6789/0] conn(0x7f1098106160 msgr2=0x7f1098199ef0 secure :-1 s=STATE_CONNECTION_ESTABLISHED l=1).mark_down
2023-07-25T14:34:31.254 INFO:teuthology.orchestra.run.smithi042.stdout:/usr/bin/ceph: stderr
2023-07-25T14:34:30.796+0000 7f1083fff700 1 --2- 172.21.15.42:0/1497715107 >> [v2:172.21.15.42:3300/0,v1:172.21.15.42:6789/0] conn(0x7f1098106160 0x7f1098199ef0 secure :-1 s=READY pgs=23 cs=0 l=1 rev1=1 crypto rx=0x7f1088009fb0 tx=0x7f1088011ad0 comp rx=0 tx=0).stop
2023-07-25T14:34:31.254 INFO:teuthology.orchestra.run.smithi042.stdout:/usr/bin/ceph: stderr
2023-07-25T14:34:30.796+0000 7f1083fff700 1 -- 172.21.15.42:0/1497715107 shutdown_connections
2023-07-25T14:34:31.254 INFO:teuthology.orchestra.run.smithi042.stdout:/usr/bin/ceph: stderr
2023-07-25T14:34:30.796+0000 7f1083fff700 1 --2- 172.21.15.42:0/1497715107 >> [v2:172.21.15.42:6800/2336037857,v1:172.21.15.42:6801/2336037857] conn(0x7f10840386c0 0x7f108403ab80 unknown :-1 s=CLOSED pgs=8 cs=0 l=1 rev1=1 crypto rx=0 tx=0 comp rx=0 tx=0).stop
2023-07-25T14:34:31.255 INFO:teuthology.orchestra.run.smithi042.stdout:/usr/bin/ceph: stderr
2023-07-25T14:34:30.796+0000 7f1083fff700 1 --2- 172.21.15.42:0/1497715107 >> [v2:172.21.15.42:3300/0,v1:172.21.15.42:6789/0] conn(0x7f1098106160 0x7f1098199ef0 unknown :-1 s=CLOSED pgs=23 cs=0 l=1 rev1=1 crypto rx=0 tx=0 comp rx=0 tx=0).stop
2023-07-25T14:34:31.255 INFO:teuthology.orchestra.run.smithi042.stdout:/usr/bin/ceph: stderr
2023-07-25T14:34:30.796+0000 7f1083fff700 1 -- 172.21.15.42:0/1497715107 >> 172.21.15.42:0/1497715107 conn(0x7f1098101700 msgr2=0x7f1098102e90 unknown :-1 s=STATE_NONE l=0).mark_down
2023-07-25T14:34:31.255 INFO:teuthology.orchestra.run.smithi042.stdout:/usr/bin/ceph: stderr
2023-07-25T14:34:30.796+0000 7f1083fff700 1 -- 172.21.15.42:0/1497715107 shutdown_connections
2023-07-25T14:34:31.255 INFO:teuthology.orchestra.run.smithi042.stdout:/usr/bin/ceph: stderr
2023-07-25T14:34:30.796+0000 7f1083fff700 1 -- 172.21.15.42:0/1497715107 wait complete.
2023-07-25T14:34:31.408 INFO:journalctl@ceph.mgr.x.smithi042.stdout:Jul 25 14:34:31 smithi042 ceph-3065c6e0-2af8-11ee-9b35-001a4aab830c-mgr-x[96734]:
2023-07-25T14:34:31.196+0000 7f2b8c765200 -1 mgr[py] Module snap_schedule has missing NOTIFY_TYPES member
2023-07-25T14:34:31.408 INFO:journalctl@ceph.mgr.x.smithi042.stdout:Jul 25 14:34:31 smithi042 ceph-3065c6e0-2af8-11ee-9b35-001a4aab830c-mgr-x[96734]:
2023-07-25T14:34:31.313+0000 7f2b8c765200 -1 mgr[py] Module zabbix has missing NOTIFY_TYPES member
2023-07-25T14:34:31.804 INFO:journalctl@ceph.mgr.x.smithi042.stdout:Jul 25 14:34:31 smithi042 ceph-3065c6e0-2af8-11ee-9b35-001a4aab830c-mgr-x[96734]:
2023-07-25T14:34:31.528+0000 7f2b8c765200 -1 mgr[py] Module crash has missing NOTIFY_TYPES member
2023-07-25T14:34:32.158 INFO:journalctl@ceph.mon.a.smithi042.stdout:Jul 25 14:34:31 smithi042 ceph-mon[96489]: from='client.? 172.21.15.42:0/1497715107' entity='client.admin' cmd='[{"prefix": "mgr module enable", "module": "cephadm"}]': finished
2023-07-25T14:34:32.159 INFO:journalctl@ceph.mon.a.smithi042.stdout:Jul 25 14:34:31 smithi042 ceph-mon[96489]: mgrmap e5: x(active, since 11s)
2023-07-25T14:34:32.159 INFO:journalctl@ceph.mgr.x.smithi042.stdout:Jul 25 14:34:31 smithi042 ceph-3065c6e0-2af8-11ee-9b35-001a4aab830c-mgr-x[96734]:
2023-07-25T14:34:31.928+0000 7f2b8c765200 -1 mgr[py] Module prometheus has missing NOTIFY_TYPES member
2023-07-25T14:34:32.159 INFO:journalctl@ceph.mgr.x.smithi042.stdout:Jul 25 14:34:32 smithi042 ceph-3065c6e0-2af8-11ee-9b35-001a4aab830c-mgr-x[96734]:
2023-07-25T14:34:32.037+0000 7f2b8c765200 -1 mgr[py] Module status has missing NOTIFY_TYPES member
2023-07-25T14:34:32.592 INFO:teuthology.orchestra.run.smithi042.stdout:/usr/bin/ceph: stdout {
2023-07-25T14:34:32.592 INFO:teuthology.orchestra.run.smithi042.stdout:/usr/bin/ceph: stdout "epoch": 5,
2023-07-25T14:34:32.592 INFO:teuthology.orchestra.run.smithi042.stdout:/usr/bin/ceph: stdout "available": true,
2023-07-25T14:34:32.593 INFO:teuthology.orchestra.run.smithi042.stdout:/usr/bin/ceph: stdout "active_name": "x",
2023-07-25T14:34:32.593 INFO:teuthology.orchestra.run.smithi042.stdout:/usr/bin/ceph: stdout "num_standby": 0
2023-07-25T14:34:32.593 INFO:teuthology.orchestra.run.smithi042.stdout:/usr/bin/ceph: stdout }
2023-07-25T14:34:32.593 INFO:teuthology.orchestra.run.smithi042.stdout:/usr/bin/ceph: stderr
2023-07-25T14:34:31.737+0000 7f59e0509700 1 Processor -- start
2023-07-25T14:34:32.593 INFO:teuthology.orchestra.run.smithi042.stdout:/usr/bin/ceph: stderr
2023-07-25T14:34:31.737+0000 7f59e0509700 1 -- start start
2023-07-25T14:34:32.593 INFO:teuthology.orchestra.run.smithi042.stdout:/usr/bin/ceph: stderr
2023-07-25T14:34:31.737+0000 7f59e0509700 1 --2- >> [v2:172.21.15.42:3300/0,v1:172.21.15.42:6789/0] conn(0x7f59d8105050 0x7f59d8105470 unknown :-1 s=NONE pgs=0 cs=0 l=0 rev1=0 crypto rx=0 tx=0 comp rx=0 tx=0).connect
2023-07-25T14:34:32.593 INFO:teuthology.orchestra.run.smithi042.stdout:/usr/bin/ceph: stderr
2023-07-25T14:34:31.737+0000 7f59e0509700 1 -- --> [v2:172.21.15.42:3300/0,v1:172.21.15.42:6789/0] -- mon_getmap magic: 0 v1 -- 0x7f59d8105a40 con 0x7f59d8105050
2023-07-25T14:34:32.594 INFO:teuthology.orchestra.run.smithi042.stdout:/usr/bin/ceph: stderr
2023-07-25T14:34:31.737+0000 7f59de2a5700 1 --2- >> [v2:172.21.15.42:3300/0,v1:172.21.15.42:6789/0] conn(0x7f59d8105050 0x7f59d8105470 unknown :-1 s=BANNER_CONNECTING pgs=0 cs=0 l=0 rev1=0 crypto rx=0 tx=0 comp rx=0 tx=0)._handle_peer_banner_payload supported=3 required=0
2023-07-25T14:34:32.594 INFO:teuthology.orchestra.run.smithi042.stdout:/usr/bin/ceph: stderr
2023-07-25T14:34:31.737+0000 7f59de2a5700 1 --2- >> [v2:172.21.15.42:3300/0,v1:172.21.15.42:6789/0] conn(0x7f59d8105050 0x7f59d8105470 unknown :-1 s=HELLO_CONNECTING pgs=0 cs=0 l=0 rev1=1 crypto rx=0 tx=0 comp rx=0 tx=0).handle_hello peer v2:172.21.15.42:3300/0 says I am v2:172.21.15.42:35548/0 (socket says 172.21.15.42:35548)
2023-07-25T14:34:32.594 INFO:teuthology.orchestra.run.smithi042.stdout:/usr/bin/ceph: stderr
2023-07-25T14:34:31.737+0000 7f59de2a5700 1 -- 172.21.15.42:0/4144219423 learned_addr learned my addr 172.21.15.42:0/4144219423 (peer_addr_for_me v2:172.21.15.42:0/0)
2023-07-25T14:34:32.594 INFO:teuthology.orchestra.run.smithi042.stdout:/usr/bin/ceph: stderr
2023-07-25T14:34:31.738+0000 7f59de2a5700 1 -- 172.21.15.42:0/4144219423 --> [v2:172.21.15.42:3300/0,v1:172.21.15.42:6789/0] -- mon_subscribe({config=0+,monmap=0+}) v3 -- 0x7f59d8106250 con 0x7f59d8105050
2023-07-25T14:34:32.594 INFO:teuthology.orchestra.run.smithi042.stdout:/usr/bin/ceph: stderr
2023-07-25T14:34:31.738+0000 7f59de2a5700 1 --2- 172.21.15.42:0/4144219423 >> [v2:172.21.15.42:3300/0,v1:172.21.15.42:6789/0] conn(0x7f59d8105050 0x7f59d8105470 secure :-1 s=READY pgs=26 cs=0 l=1 rev1=1 crypto rx=0x7f59d40098a0 tx=0x7f59d4009bb0 comp rx=0 tx=0).ready entity=mon.0 client_cookie=7ce15dbf6c1fe032 server_cookie=0 in_seq=0 out_seq=0
2023-07-25T14:34:32.594 INFO:teuthology.orchestra.run.smithi042.stdout:/usr/bin/ceph: stderr
