2023-07-27T19:03:05.710+0000 7f942e7fc700 1 -- 172.21.15.53:0/885953232 <== mon.0 v2:172.21.15.53:3300/0 1 ==== mon_map magic: 0 v1 ==== 205+0+0 (secure 0 0 0) 0x7f9420004160 con 0x7f9430105780
2023-07-27T19:03:06.600 INFO:teuthology.orchestra.run.smithi053.stdout:/usr/bin/ceph: stderr
2023-07-27T19:03:05.710+0000 7f942e7fc700 1 -- 172.21.15.53:0/885953232 <== mon.0 v2:172.21.15.53:3300/0 2 ==== config(27 keys) v1 ==== 1139+0+0 (secure 0 0 0) 0x7f94200042c0 con 0x7f9430105780
2023-07-27T19:03:06.600 INFO:teuthology.orchestra.run.smithi053.stdout:/usr/bin/ceph: stderr
2023-07-27T19:03:05.710+0000 7f942e7fc700 1 -- 172.21.15.53:0/885953232 <== mon.0 v2:172.21.15.53:3300/0 3 ==== mon_map magic: 0 v1 ==== 205+0+0 (secure 0 0 0) 0x7f9420011a80 con 0x7f9430105780
2023-07-27T19:03:06.601 INFO:teuthology.orchestra.run.smithi053.stdout:/usr/bin/ceph: stderr
2023-07-27T19:03:05.710+0000 7f9436150700 1 -- 172.21.15.53:0/885953232 >> [v2:172.21.15.53:3300/0,v1:172.21.15.53:6789/0] conn(0x7f9430105780 msgr2=0x7f9430105ba0 secure :-1 s=STATE_CONNECTION_ESTABLISHED l=1).mark_down
2023-07-27T19:03:06.602 INFO:teuthology.orchestra.run.smithi053.stdout:/usr/bin/ceph: stderr
2023-07-27T19:03:05.710+0000 7f9436150700 1 --2- 172.21.15.53:0/885953232 >> [v2:172.21.15.53:3300/0,v1:172.21.15.53:6789/0] conn(0x7f9430105780 0x7f9430105ba0 secure :-1 s=READY pgs=57 cs=0 l=1 rev1=1 crypto rx=0x7f94200098a0 tx=0x7f9420009bb0 comp rx=0 tx=0).stop
2023-07-27T19:03:06.602 INFO:teuthology.orchestra.run.smithi053.stdout:/usr/bin/ceph: stderr
2023-07-27T19:03:05.710+0000 7f9436150700 1 -- 172.21.15.53:0/885953232 shutdown_connections
2023-07-27T19:03:06.602 INFO:teuthology.orchestra.run.smithi053.stdout:/usr/bin/ceph: stderr
2023-07-27T19:03:05.710+0000 7f9436150700 1 --2- 172.21.15.53:0/885953232 >> [v2:172.21.15.53:3300/0,v1:172.21.15.53:6789/0] conn(0x7f9430105780 0x7f9430105ba0 unknown :-1 s=CLOSED pgs=57 cs=0 l=1 rev1=1 crypto rx=0 tx=0 comp rx=0 tx=0).stop
2023-07-27T19:03:06.602 INFO:teuthology.orchestra.run.smithi053.stdout:/usr/bin/ceph: stderr
2023-07-27T19:03:05.710+0000 7f9436150700 1 -- 172.21.15.53:0/885953232 >> 172.21.15.53:0/885953232 conn(0x7f94300fffe0 msgr2=0x7f9430102400 unknown :-1 s=STATE_NONE l=0).mark_down
2023-07-27T19:03:06.603 INFO:teuthology.orchestra.run.smithi053.stdout:/usr/bin/ceph: stderr
2023-07-27T19:03:05.710+0000 7f9436150700 1 -- 172.21.15.53:0/885953232 shutdown_connections
2023-07-27T19:03:06.603 INFO:teuthology.orchestra.run.smithi053.stdout:/usr/bin/ceph: stderr
2023-07-27T19:03:05.710+0000 7f9436150700 1 -- 172.21.15.53:0/885953232 wait complete.
2023-07-27T19:03:06.603 INFO:teuthology.orchestra.run.smithi053.stdout:/usr/bin/ceph: stderr
2023-07-27T19:03:05.711+0000 7f9436150700 1 Processor -- start
2023-07-27T19:03:06.604 INFO:teuthology.orchestra.run.smithi053.stdout:/usr/bin/ceph: stderr
2023-07-27T19:03:05.711+0000 7f9436150700 1 -- start start
2023-07-27T19:03:06.604 INFO:teuthology.orchestra.run.smithi053.stdout:/usr/bin/ceph: stderr
2023-07-27T19:03:05.711+0000 7f9436150700 1 --2- >> [v2:172.21.15.53:3300/0,v1:172.21.15.53:6789/0] conn(0x7f9430105780 0x7f94301904a0 unknown :-1 s=NONE pgs=0 cs=0 l=1 rev1=0 crypto rx=0 tx=0 comp rx=0 tx=0).connect
2023-07-27T19:03:06.604 INFO:teuthology.orchestra.run.smithi053.stdout:/usr/bin/ceph: stderr
2023-07-27T19:03:05.711+0000 7f9436150700 1 -- --> [v2:172.21.15.53:3300/0,v1:172.21.15.53:6789/0] -- mon_getmap magic: 0 v1 -- 0x7f94301909e0 con 0x7f9430105780
2023-07-27T19:03:06.604 INFO:teuthology.orchestra.run.smithi053.stdout:/usr/bin/ceph: stderr
2023-07-27T19:03:05.712+0000 7f942f7fe700 1 --2- >> [v2:172.21.15.53:3300/0,v1:172.21.15.53:6789/0] conn(0x7f9430105780 0x7f94301904a0 unknown :-1 s=BANNER_CONNECTING pgs=0 cs=0 l=1 rev1=0 crypto rx=0 tx=0 comp rx=0 tx=0)._handle_peer_banner_payload supported=3 required=0
2023-07-27T19:03:06.604 INFO:teuthology.orchestra.run.smithi053.stdout:/usr/bin/ceph: stderr
2023-07-27T19:03:05.712+0000 7f942f7fe700 1 --2- >> [v2:172.21.15.53:3300/0,v1:172.21.15.53:6789/0] conn(0x7f9430105780 0x7f94301904a0 unknown :-1 s=HELLO_CONNECTING pgs=0 cs=0 l=1 rev1=1 crypto rx=0 tx=0 comp rx=0 tx=0).handle_hello peer v2:172.21.15.53:3300/0 says I am v2:172.21.15.53:35502/0 (socket says 172.21.15.53:35502)
2023-07-27T19:03:06.604 INFO:teuthology.orchestra.run.smithi053.stdout:/usr/bin/ceph: stderr
2023-07-27T19:03:05.712+0000 7f942f7fe700 1 -- 172.21.15.53:0/1678170620 learned_addr learned my addr 172.21.15.53:0/1678170620 (peer_addr_for_me v2:172.21.15.53:0/0)
2023-07-27T19:03:06.604 INFO:teuthology.orchestra.run.smithi053.stdout:/usr/bin/ceph: stderr
2023-07-27T19:03:05.712+0000 7f942f7fe700 1 -- 172.21.15.53:0/1678170620 --> [v2:172.21.15.53:3300/0,v1:172.21.15.53:6789/0] -- mon_subscribe({config=0+,monmap=0+}) v3 -- 0x7f9420009550 con 0x7f9430105780
2023-07-27T19:03:06.605 INFO:teuthology.orchestra.run.smithi053.stdout:/usr/bin/ceph: stderr
2023-07-27T19:03:05.712+0000 7f942f7fe700 1 --2- 172.21.15.53:0/1678170620 >> [v2:172.21.15.53:3300/0,v1:172.21.15.53:6789/0] conn(0x7f9430105780 0x7f94301904a0 secure :-1 s=READY pgs=58 cs=0 l=1 rev1=1 crypto rx=0x7f9420006ba0 tx=0x7f9420011b00 comp rx=0 tx=0).ready entity=mon.0 client_cookie=0 server_cookie=0 in_seq=0 out_seq=0
2023-07-27T19:03:06.605 INFO:teuthology.orchestra.run.smithi053.stdout:/usr/bin/ceph: stderr
2023-07-27T19:03:05.712+0000 7f942cff9700 1 -- 172.21.15.53:0/1678170620 <== mon.0 v2:172.21.15.53:3300/0 1 ==== mon_map magic: 0 v1 ==== 205+0+0 (secure 0 0 0) 0x7f94200039b0 con 0x7f9430105780
2023-07-27T19:03:06.605 INFO:teuthology.orchestra.run.smithi053.stdout:/usr/bin/ceph: stderr
2023-07-27T19:03:05.712+0000 7f942cff9700 1 -- 172.21.15.53:0/1678170620 <== mon.0 v2:172.21.15.53:3300/0 2 ==== config(27 keys) v1 ==== 1139+0+0 (secure 0 0 0) 0x7f9420003b10 con 0x7f9430105780
2023-07-27T19:03:06.605 INFO:teuthology.orchestra.run.smithi053.stdout:/usr/bin/ceph: stderr
2023-07-27T19:03:05.712+0000 7f9436150700 1 -- 172.21.15.53:0/1678170620 --> [v2:172.21.15.53:3300/0,v1:172.21.15.53:6789/0] -- mon_subscribe({mgrmap=0+}) v3 -- 0x7f943018eaf0 con 0x7f9430105780
2023-07-27T19:03:06.605 INFO:teuthology.orchestra.run.smithi053.stdout:/usr/bin/ceph: stderr
2023-07-27T19:03:05.712+0000 7f942cff9700 1 -- 172.21.15.53:0/1678170620 <== mon.0 v2:172.21.15.53:3300/0 3 ==== mon_map magic: 0 v1 ==== 205+0+0 (secure 0 0 0) 0x7f9420019820 con 0x7f9430105780
2023-07-27T19:03:06.605 INFO:teuthology.orchestra.run.smithi053.stdout:/usr/bin/ceph: stderr
2023-07-27T19:03:05.712+0000 7f9436150700 1 -- 172.21.15.53:0/1678170620 --> [v2:172.21.15.53:3300/0,v1:172.21.15.53:6789/0] -- mon_subscribe({osdmap=0}) v3 -- 0x7f943018ef10 con 0x7f9430105780
2023-07-27T19:03:06.605 INFO:teuthology.orchestra.run.smithi053.stdout:/usr/bin/ceph: stderr
2023-07-27T19:03:05.713+0000 7f942cff9700 1 -- 172.21.15.53:0/1678170620 <== mon.0 v2:172.21.15.53:3300/0 4 ==== mgrmap(e 9) v1 ==== 45496+0+0 (secure 0 0 0) 0x7f9420019ae0 con 0x7f9430105780
2023-07-27T19:03:06.606 INFO:teuthology.orchestra.run.smithi053.stdout:/usr/bin/ceph: stderr
2023-07-27T19:03:05.714+0000 7f942cff9700 1 --2- 172.21.15.53:0/1678170620 >> [v2:172.21.15.53:6800/2989057007,v1:172.21.15.53:6801/2989057007] conn(0x7f94180387d0 0x7f941803ac90 unknown :-1 s=NONE pgs=0 cs=0 l=1 rev1=0 crypto rx=0 tx=0 comp rx=0 tx=0).connect
2023-07-27T19:03:06.606 INFO:teuthology.orchestra.run.smithi053.stdout:/usr/bin/ceph: stderr
2023-07-27T19:03:05.714+0000 7f9436150700 1 -- 172.21.15.53:0/1678170620 --> [v2:172.21.15.53:3300/0,v1:172.21.15.53:6789/0] -- mon_command({"prefix": "get_command_descriptions"} v 0) v1 -- 0x7f9430109690 con 0x7f9430105780
2023-07-27T19:03:06.606 INFO:teuthology.orchestra.run.smithi053.stdout:/usr/bin/ceph: stderr
2023-07-27T19:03:05.714+0000 7f942effd700 1 -- 172.21.15.53:0/1678170620 >> [v2:172.21.15.53:6800/2989057007,v1:172.21.15.53:6801/2989057007] conn(0x7f94180387d0 msgr2=0x7f941803ac90 unknown :-1 s=STATE_CONNECTING_RE l=1).process reconnect failed to v2:172.21.15.53:6800/2989057007
2023-07-27T19:03:06.606 INFO:teuthology.orchestra.run.smithi053.stdout:/usr/bin/ceph: stderr
2023-07-27T19:03:05.714+0000 7f942cff9700 1 -- 172.21.15.53:0/1678170620 <== mon.0 v2:172.21.15.53:3300/0 5 ==== osd_map(2..2 src has 1..2) v4 ==== 940+0+0 (secure 0 0 0) 0x7f942004c9d0 con 0x7f9430105780
2023-07-27T19:03:06.606 INFO:teuthology.orchestra.run.smithi053.stdout:/usr/bin/ceph: stderr
2023-07-27T19:03:05.714+0000 7f942effd700 1 --2- 172.21.15.53:0/1678170620 >> [v2:172.21.15.53:6800/2989057007,v1:172.21.15.53:6801/2989057007] conn(0x7f94180387d0 0x7f941803ac90 unknown :-1 s=START_CONNECT pgs=0 cs=0 l=1 rev1=0 crypto rx=0 tx=0 comp rx=0 tx=0)._fault waiting 0.200000
2023-07-27T19:03:06.607 INFO:teuthology.orchestra.run.smithi053.stdout:/usr/bin/ceph: stderr
2023-07-27T19:03:05.719+0000 7f942cff9700 1 -- 172.21.15.53:0/1678170620 <== mon.0 v2:172.21.15.53:3300/0 6 ==== mon_command_ack([{"prefix": "get_command_descriptions"}]=0 v0) v1 ==== 72+0+178008 (secure 0 0 0) 0x7f942002c3a0 con 0x7f9430105780
2023-07-27T19:03:06.607 INFO:teuthology.orchestra.run.smithi053.stdout:/usr/bin/ceph: stderr
2023-07-27T19:03:05.915+0000 7f942effd700 1 -- 172.21.15.53:0/1678170620 >> [v2:172.21.15.53:6800/2989057007,v1:172.21.15.53:6801/2989057007] conn(0x7f94180387d0 msgr2=0x7f941803ac90 unknown :-1 s=STATE_CONNECTING_RE l=1).process reconnect failed to v2:172.21.15.53:6800/2989057007
2023-07-27T19:03:06.607 INFO:teuthology.orchestra.run.smithi053.stdout:/usr/bin/ceph: stderr
2023-07-27T19:03:05.915+0000 7f942effd700 1 --2- 172.21.15.53:0/1678170620 >> [v2:172.21.15.53:6800/2989057007,v1:172.21.15.53:6801/2989057007] conn(0x7f94180387d0 0x7f941803ac90 unknown :-1 s=START_CONNECT pgs=0 cs=0 l=1 rev1=0 crypto rx=0 tx=0 comp rx=0 tx=0)._fault waiting 0.400000
2023-07-27T19:03:06.607 INFO:teuthology.orchestra.run.smithi053.stdout:/usr/bin/ceph: stderr
2023-07-27T19:03:06.186+0000 7f9436150700 1 -- 172.21.15.53:0/1678170620 --> [v2:172.21.15.53:3300/0,v1:172.21.15.53:6789/0] -- mon_command({"prefix": "mgr stat"} v 0) v1 -- 0x7f94301098b0 con 0x7f9430105780
2023-07-27T19:03:06.607 INFO:teuthology.orchestra.run.smithi053.stdout:/usr/bin/ceph: stderr
2023-07-27T19:03:06.187+0000 7f942cff9700 1 -- 172.21.15.53:0/1678170620 <== mon.0 v2:172.21.15.53:3300/0 7 ==== mon_command_ack([{"prefix": "mgr stat"}]=0 v9) v1 ==== 56+0+88 (secure 0 0 0) 0x7f942002b340 con 0x7f9430105780
2023-07-27T19:03:06.607 INFO:teuthology.orchestra.run.smithi053.stdout:/usr/bin/ceph: stderr
2023-07-27T19:03:06.191+0000 7f9436150700 1 -- 172.21.15.53:0/1678170620 >> [v2:172.21.15.53:6800/2989057007,v1:172.21.15.53:6801/2989057007] conn(0x7f94180387d0 msgr2=0x7f941803ac90 unknown :-1 s=STATE_CONNECTING l=1).mark_down
2023-07-27T19:03:06.607 INFO:teuthology.orchestra.run.smithi053.stdout:/usr/bin/ceph: stderr
2023-07-27T19:03:06.191+0000 7f9436150700 1 --2- 172.21.15.53:0/1678170620 >> [v2:172.21.15.53:6800/2989057007,v1:172.21.15.53:6801/2989057007] conn(0x7f94180387d0 0x7f941803ac90 unknown :-1 s=START_CONNECT pgs=0 cs=0 l=1 rev1=0 crypto rx=0 tx=0 comp rx=0 tx=0).stop
2023-07-27T19:03:06.608 INFO:teuthology.orchestra.run.smithi053.stdout:/usr/bin/ceph: stderr
2023-07-27T19:03:06.191+0000 7f9436150700 1 -- 172.21.15.53:0/1678170620 >> [v2:172.21.15.53:3300/0,v1:172.21.15.53:6789/0] conn(0x7f9430105780 msgr2=0x7f94301904a0 secure :-1 s=STATE_CONNECTION_ESTABLISHED l=1).mark_down
2023-07-27T19:03:06.608 INFO:teuthology.orchestra.run.smithi053.stdout:/usr/bin/ceph: stderr
2023-07-27T19:03:06.191+0000 7f9436150700 1 --2- 172.21.15.53:0/1678170620 >> [v2:172.21.15.53:3300/0,v1:172.21.15.53:6789/0] conn(0x7f9430105780 0x7f94301904a0 secure :-1 s=READY pgs=58 cs=0 l=1 rev1=1 crypto rx=0x7f9420006ba0 tx=0x7f9420011b00 comp rx=0 tx=0).stop
2023-07-27T19:03:06.608 INFO:teuthology.orchestra.run.smithi053.stdout:/usr/bin/ceph: stderr
2023-07-27T19:03:06.191+0000 7f9436150700 1 -- 172.21.15.53:0/1678170620 shutdown_connections
2023-07-27T19:03:06.608 INFO:teuthology.orchestra.run.smithi053.stdout:/usr/bin/ceph: stderr
2023-07-27T19:03:06.191+0000 7f9436150700 1 --2- 172.21.15.53:0/1678170620 >> [v2:172.21.15.53:6800/2989057007,v1:172.21.15.53:6801/2989057007] conn(0x7f94180387d0 0x7f941803ac90 unknown :-1 s=CLOSED pgs=0 cs=0 l=1 rev1=0 crypto rx=0 tx=0 comp rx=0 tx=0).stop
2023-07-27T19:03:06.608 INFO:teuthology.orchestra.run.smithi053.stdout:/usr/bin/ceph: stderr
2023-07-27T19:03:06.191+0000 7f9436150700 1 --2- 172.21.15.53:0/1678170620 >> [v2:172.21.15.53:3300/0,v1:172.21.15.53:6789/0] conn(0x7f9430105780 0x7f94301904a0 unknown :-1 s=CLOSED pgs=58 cs=0 l=1 rev1=1 crypto rx=0 tx=0 comp rx=0 tx=0).stop
2023-07-27T19:03:06.608 INFO:teuthology.orchestra.run.smithi053.stdout:/usr/bin/ceph: stderr
2023-07-27T19:03:06.191+0000 7f9436150700 1 -- 172.21.15.53:0/1678170620 >> 172.21.15.53:0/1678170620 conn(0x7f94300fffe0 msgr2=0x7f9430100c00 unknown :-1 s=STATE_NONE l=0).mark_down
2023-07-27T19:03:06.608 INFO:teuthology.orchestra.run.smithi053.stdout:/usr/bin/ceph: stderr
2023-07-27T19:03:06.191+0000 7f9436150700 1 -- 172.21.15.53:0/1678170620 shutdown_connections
2023-07-27T19:03:06.609 INFO:teuthology.orchestra.run.smithi053.stdout:/usr/bin/ceph: stderr
2023-07-27T19:03:06.191+0000 7f9436150700 1 -- 172.21.15.53:0/1678170620 wait complete.
2023-07-27T19:03:06.609 INFO:teuthology.orchestra.run.smithi053.stdout:Waiting for the mgr to restart...
2023-07-27T19:03:06.609 INFO:teuthology.orchestra.run.smithi053.stdout:Waiting for mgr epoch 9...
2023-07-27T19:03:07.177 INFO:journalctl@ceph.mon.a.smithi053.stdout:Jul 27 19:03:06 smithi053 ceph-mon[96497]: from='client.? 172.21.15.53:0/1678170620' entity='client.admin' cmd=[{"prefix": "mgr stat"}]: dispatch
2023-07-27T19:03:07.177 INFO:journalctl@ceph.mgr.x.smithi053.stdout:Jul 27 19:03:06 smithi053 ceph-f93284a6-2caf-11ee-9b35-001a4aab830c-mgr-x[96747]:
2023-07-27T19:03:06.860+0000 7f2d4bf54200 -1 mgr[py] Module progress has missing NOTIFY_TYPES member
2023-07-27T19:03:07.927 INFO:journalctl@ceph.mgr.x.smithi053.stdout:Jul 27 19:03:07 smithi053 ceph-f93284a6-2caf-11ee-9b35-001a4aab830c-mgr-x[96747]:
2023-07-27T19:03:07.547+0000 7f2d4bf54200 -1 mgr[py] Module rook has missing NOTIFY_TYPES member
2023-07-27T19:03:07.927 INFO:journalctl@ceph.mgr.x.smithi053.stdout:Jul 27 19:03:07 smithi053 ceph-f93284a6-2caf-11ee-9b35-001a4aab830c-mgr-x[96747]:
2023-07-27T19:03:07.739+0000 7f2d4bf54200 -1 mgr[py] Module iostat has missing NOTIFY_TYPES member
2023-07-27T19:03:09.020 INFO:journalctl@ceph.mgr.x.smithi053.stdout:Jul 27 19:03:08 smithi053 ceph-f93284a6-2caf-11ee-9b35-001a4aab830c-mgr-x[96747]:
2023-07-27T19:03:08.702+0000 7f2d4bf54200 -1 mgr[py] Module test_orchestrator has missing NOTIFY_TYPES member
2023-07-27T19:03:09.020 INFO:journalctl@ceph.mgr.x.smithi053.stdout:Jul 27 19:03:08 smithi053 ceph-f93284a6-2caf-11ee-9b35-001a4aab830c-mgr-x[96747]:
2023-07-27T19:03:08.812+0000 7f2d4bf54200 -1 mgr[py] Module osd_perf_query has missing NOTIFY_TYPES member
2023-07-27T19:03:09.021 INFO:journalctl@ceph.mgr.x.smithi053.stdout:Jul 27 19:03:09 smithi053 ceph-f93284a6-2caf-11ee-9b35-001a4aab830c-mgr-x[96747]:
2023-07-27T19:03:09.031+0000 7f2d4bf54200 -1 mgr[py] Module orchestrator has missing NOTIFY_TYPES member
2023-07-27T19:03:09.623 INFO:journalctl@ceph.mgr.x.smithi053.stdout:Jul 27 19:03:09 smithi053 ceph-f93284a6-2caf-11ee-9b35-001a4aab830c-mgr-x[96747]:
2023-07-27T19:03:09.380+0000 7f2d4bf54200 -1 mgr[py] Module rgw has missing NOTIFY_TYPES member
2023-07-27T19:03:09.927 INFO:journalctl@ceph.mgr.x.smithi053.stdout:Jul 27 19:03:09 smithi053 ceph-f93284a6-2caf-11ee-9b35-001a4aab830c-mgr-x[96747]:
2023-07-27T19:03:09.634+0000 7f2d4bf54200 -1 mgr[py] Module influx has missing NOTIFY_TYPES member
2023-07-27T19:03:09.927 INFO:journalctl@ceph.mgr.x.smithi053.stdout:Jul 27 19:03:09 smithi053 ceph-f93284a6-2caf-11ee-9b35-001a4aab830c-mgr-x[96747]:
2023-07-27T19:03:09.816+0000 7f2d4bf54200 -1 mgr[py] Module telemetry has missing NOTIFY_TYPES member
2023-07-27T19:03:10.427 INFO:journalctl@ceph.mgr.x.smithi053.stdout:Jul 27 19:03:10 smithi053 ceph-f93284a6-2caf-11ee-9b35-001a4aab830c-mgr-x[96747]:
2023-07-27T19:03:10.143+0000 7f2d4bf54200 -1 mgr[py] Module telegraf has missing NOTIFY_TYPES member
2023-07-27T19:03:11.354 INFO:journalctl@ceph.mgr.x.smithi053.stdout:Jul 27 19:03:10 smithi053 ceph-f93284a6-2caf-11ee-9b35-001a4aab830c-mgr-x[96747]:
2023-07-27T19:03:10.965+0000 7f2d4bf54200 -1 mgr[py] Module balancer has missing NOTIFY_TYPES member
2023-07-27T19:03:11.354 INFO:journalctl@ceph.mgr.x.smithi053.stdout:Jul 27 19:03:11 smithi053 ceph-f93284a6-2caf-11ee-9b35-001a4aab830c-mgr-x[96747]:
2023-07-27T19:03:11.122+0000 7f2d4bf54200 -1 mgr[py] Module diskprediction_local has missing NOTIFY_TYPES member
2023-07-27T19:03:11.354 INFO:journalctl@ceph.mgr.x.smithi053.stdout:Jul 27 19:03:11 smithi053 ceph-f93284a6-2caf-11ee-9b35-001a4aab830c-mgr-x[96747]:
2023-07-27T19:03:11.365+0000 7f2d4bf54200 -1 mgr[py] Module nfs has missing NOTIFY_TYPES member
2023-07-27T19:03:11.677 INFO:journalctl@ceph.mgr.x.smithi053.stdout:Jul 27 19:03:11 smithi053 ceph-f93284a6-2caf-11ee-9b35-001a4aab830c-mgr-x[96747]:
2023-07-27T19:03:11.502+0000 7f2d4bf54200 -1 mgr[py] Module rbd_support has missing NOTIFY_TYPES member
2023-07-27T19:03:12.177 INFO:journalctl@ceph.mgr.x.smithi053.stdout:Jul 27 19:03:11 smithi053 ceph-f93284a6-2caf-11ee-9b35-001a4aab830c-mgr-x[96747]:
2023-07-27T19:03:11.773+0000 7f2d4bf54200 -1 mgr[py] Module volumes has missing NOTIFY_TYPES member
2023-07-27T19:03:13.177 INFO:journalctl@ceph.mgr.x.smithi053.stdout:Jul 27 19:03:12 smithi053 ceph-f93284a6-2caf-11ee-9b35-001a4aab830c-mgr-x[96747]:
2023-07-27T19:03:12.812+0000 7f2d4bf54200 -1 mgr[py] Module pg_autoscaler has missing NOTIFY_TYPES member
2023-07-27T19:03:13.178 INFO:journalctl@ceph.mon.a.smithi053.stdout:Jul 27 19:03:12 smithi053 ceph-mon[96497]: Active manager daemon x restarted
2023-07-27T19:03:13.178 INFO:journalctl@ceph.mon.a.smithi053.stdout:Jul 27 19:03:12 smithi053 ceph-mon[96497]: Activating manager daemon x
2023-07-27T19:03:13.178 INFO:journalctl@ceph.mon.a.smithi053.stdout:Jul 27 19:03:12 smithi053 ceph-mon[96497]: osdmap e3: 0 total, 0 up, 0 in
2023-07-27T19:03:13.179 INFO:journalctl@ceph.mon.a.smithi053.stdout:Jul 27 19:03:12 smithi053 ceph-mon[96497]: mgrmap e10: x(active, starting, since 0.00357695s)
2023-07-27T19:03:13.179 INFO:journalctl@ceph.mon.a.smithi053.stdout:Jul 27 19:03:12 smithi053 ceph-mon[96497]: from='mgr.14150 172.21.15.53:0/3736301845' entity='mgr.x' cmd=[{"prefix": "mon metadata", "id": "a"}]: dispatch
2023-07-27T19:03:13.179 INFO:journalctl@ceph.mon.a.smithi053.stdout:Jul 27 19:03:12 smithi053 ceph-mon[96497]: from='mgr.14150 172.21.15.53:0/3736301845' entity='mgr.x' cmd=[{"prefix": "mgr metadata", "who": "x", "id": "x"}]: dispatch
2023-07-27T19:03:13.179 INFO:journalctl@ceph.mon.a.smithi053.stdout:Jul 27 19:03:12 smithi053 ceph-mon[96497]: from='mgr.14150 172.21.15.53:0/3736301845' entity='mgr.x' cmd=[{"prefix": "mds metadata"}]: dispatch
2023-07-27T19:03:13.180 INFO:journalctl@ceph.mon.a.smithi053.stdout:Jul 27 19:03:12 smithi053 ceph-mon[96497]: from='mgr.14150 172.21.15.53:0/3736301845' entity='mgr.x' cmd=[{"prefix": "osd metadata"}]: dispatch
2023-07-27T19:03:13.180 INFO:journalctl@ceph.mon.a.smithi053.stdout:Jul 27 19:03:12 smithi053 ceph-mon[96497]: from='mgr.14150 172.21.15.53:0/3736301845' entity='mgr.x' cmd=[{"prefix": "mon metadata"}]: dispatch
2023-07-27T19:03:13.180 INFO:journalctl@ceph.mon.a.smithi053.stdout:Jul 27 19:03:12 smithi053 ceph-mon[96497]: Manager daemon x is now available
2023-07-27T19:03:13.180 INFO:journalctl@ceph.mon.a.smithi053.stdout:Jul 27 19:03:12 smithi053 ceph-mon[96497]: from='mgr.14150 172.21.15.53:0/3736301845' entity='mgr.x' cmd=[{"prefix": "config dump", "format": "json"}]: dispatch
2023-07-27T19:03:13.181 INFO:journalctl@ceph.mon.a.smithi053.stdout:Jul 27 19:03:12 smithi053 ceph-mon[96497]: from='mgr.14150 172.21.15.53:0/3736301845' entity='mgr.x' cmd=[{"prefix": "config dump", "format": "json"}]: dispatch
2023-07-27T19:03:14.124 INFO:journalctl@ceph.mon.a.smithi053.stdout:Jul 27 19:03:13 smithi053 ceph-mon[96497]: from='mgr.14150 172.21.15.53:0/3736301845' entity='mgr.x' cmd=[{"prefix":"config rm","who":"mgr","name":"mgr/rbd_support/x/mirror_snapshot_schedule"}]: dispatch
2023-07-27T19:03:14.124 INFO:journalctl@ceph.mon.a.smithi053.stdout:Jul 27 19:03:13 smithi053 ceph-mon[96497]: from='mgr.14150 172.21.15.53:0/3736301845' entity='mgr.x' cmd=[{"prefix":"config rm","who":"mgr","name":"mgr/rbd_support/x/trash_purge_schedule"}]: dispatch
2023-07-27T19:03:14.124 INFO:journalctl@ceph.mon.a.smithi053.stdout:Jul 27 19:03:13 smithi053 ceph-mon[96497]: from='client.14154 -' entity='client.admin' cmd=[{"prefix": "get_command_descriptions"}]: dispatch
2023-07-27T19:03:14.124 INFO:journalctl@ceph.mon.a.smithi053.stdout:Jul 27 19:03:13 smithi053 ceph-mon[96497]: mgrmap e11: x(active, since 1.00641s)
2023-07-27T19:03:14.125 INFO:journalctl@ceph.mon.a.smithi053.stdout:Jul 27 19:03:13 smithi053 ceph-mon[96497]: from='client.14154 -' entity='client.admin' cmd=[{"prefix": "mgr_status"}]: dispatch
2023-07-27T19:03:14.157 INFO:teuthology.orchestra.run.smithi053.stdout:/usr/bin/ceph: stdout {
2023-07-27T19:03:14.158 INFO:teuthology.orchestra.run.smithi053.stdout:/usr/bin/ceph: stdout "mgrmap_epoch": 11,
2023-07-27T19:03:14.158 INFO:teuthology.orchestra.run.smithi053.stdout:/usr/bin/ceph: stdout "initialized": true
2023-07-27T19:03:14.158 INFO:teuthology.orchestra.run.smithi053.stdout:/usr/bin/ceph: stdout }
2023-07-27T19:03:14.158 INFO:teuthology.orchestra.run.smithi053.stdout:/usr/bin/ceph: stderr
2023-07-27T19:03:07.084+0000 7f523ef01700 1 Processor -- start
2023-07-27T19:03:14.158 INFO:teuthology.orchestra.run.smithi053.stdout:/usr/bin/ceph: stderr
2023-07-27T19:03:07.085+0000 7f523ef01700 1 -- start start
2023-07-27T19:03:14.158 INFO:teuthology.orchestra.run.smithi053.stdout:/usr/bin/ceph: stderr
2023-07-27T19:03:07.085+0000 7f523ef01700 1 --2- >> [v2:172.21.15.53:3300/0,v1:172.21.15.53:6789/0] conn(0x7f5238105280 0x7f52381056a0 unknown :-1 s=NONE pgs=0 cs=0 l=0 rev1=0 crypto rx=0 tx=0 comp rx=0 tx=0).connect
2023-07-27T19:03:14.158 INFO:teuthology.orchestra.run.smithi053.stdout:/usr/bin/ceph: stderr
2023-07-27T19:03:07.085+0000 7f523ef01700 1 -- --> [v2:172.21.15.53:3300/0,v1:172.21.15.53:6789/0] -- mon_getmap magic: 0 v1 -- 0x7f5238105c70 con 0x7f5238105280
2023-07-27T19:03:14.159 INFO:teuthology.orchestra.run.smithi053.stdout:/usr/bin/ceph: stderr
2023-07-27T19:03:07.085+0000 7f523cc9d700 1 --2- >> [v2:172.21.15.53:3300/0,v1:172.21.15.53:6789/0] conn(0x7f5238105280 0x7f52381056a0 unknown :-1 s=BANNER_CONNECTING pgs=0 cs=0 l=0 rev1=0 crypto rx=0 tx=0 comp rx=0 tx=0)._handle_peer_banner_payload supported=3 required=0
2023-07-27T19:03:14.159 INFO:teuthology.orchestra.run.smithi053.stdout:/usr/bin/ceph: stderr
2023-07-27T19:03:07.085+0000 7f523cc9d700 1 --2- >> [v2:172.21.15.53:3300/0,v1:172.21.15.53:6789/0] conn(0x7f5238105280 0x7f52381056a0 unknown :-1 s=HELLO_CONNECTING pgs=0 cs=0 l=0 rev1=1 crypto rx=0 tx=0 comp rx=0 tx=0).handle_hello peer v2:172.21.15.53:3300/0 says I am v2:172.21.15.53:35510/0 (socket says 172.21.15.53:35510)
2023-07-27T19:03:14.159 INFO:teuthology.orchestra.run.smithi053.stdout:/usr/bin/ceph: stderr
2023-07-27T19:03:07.085+0000 7f523cc9d700 1 -- 172.21.15.53:0/2969406624 learned_addr learned my addr 172.21.15.53:0/2969406624 (peer_addr_for_me v2:172.21.15.53:0/0)
2023-07-27T19:03:14.159 INFO:teuthology.orchestra.run.smithi053.stdout:/usr/bin/ceph: stderr
2023-07-27T19:03:07.085+0000 7f523cc9d700 1 -- 172.21.15.53:0/2969406624 --> [v2:172.21.15.53:3300/0,v1:172.21.15.53:6789/0] -- mon_subscribe({config=0+,monmap=0+}) v3 -- 0x7f5238106480 con 0x7f5238105280
2023-07-27T19:03:14.159 INFO:teuthology.orchestra.run.smithi053.stdout:/usr/bin/ceph: stderr
2023-07-27T19:03:07.086+0000 7f523cc9d700 1 --2- 172.21.15.53:0/2969406624 >> [v2:172.21.15.53:3300/0,v1:172.21.15.53:6789/0] conn(0x7f5238105280 0x7f52381056a0 secure :-1 s=READY pgs=59 cs=0 l=1 rev1=1 crypto rx=0x7f522c00bb40 tx=0x7f522c00be50 comp rx=0 tx=0).ready entity=mon.0 client_cookie=da39e2b433c15603 server_cookie=0 in_seq=0 out_seq=0
2023-07-27T19:03:14.159 INFO:teuthology.orchestra.run.smithi053.stdout:/usr/bin/ceph: stderr
2023-07-27T19:03:07.086+0000 7f52377fe700 1 -- 172.21.15.53:0/2969406624 <== mon.0 v2:172.21.15.53:3300/0 1 ==== mon_map magic: 0 v1 ==== 205+0+0 (secure 0 0 0) 0x7f522c00dbe0 con 0x7f5238105280
2023-07-27T19:03:14.159 INFO:teuthology.orchestra.run.smithi053.stdout:/usr/bin/ceph: stderr
2023-07-27T19:03:07.086+0000 7f52377fe700 1 -- 172.21.15.53:0/2969406624 <== mon.0 v2:172.21.15.53:3300/0 2 ==== config(27 keys) v1 ==== 1139+0+0 (secure 0 0 0) 0x7f522c004510 con 0x7f5238105280
2023-07-27T19:03:14.159 INFO:teuthology.orchestra.run.smithi053.stdout:/usr/bin/ceph: stderr
2023-07-27T19:03:07.086+0000 7f52377fe700 1 -- 172.21.15.53:0/2969406624 <== mon.0 v2:172.21.15.53:3300/0 3 ==== mon_map magic: 0 v1 ==== 205+0+0 (secure 0 0 0) 0x7f522c010470 con 0x7f5238105280
2023-07-27T19:03:14.160 INFO:teuthology.orchestra.run.smithi053.stdout:/usr/bin/ceph: stderr
2023-07-27T19:03:07.087+0000 7f523ef01700 1 -- 172.21.15.53:0/2969406624 >> [v2:172.21.15.53:3300/0,v1:172.21.15.53:6789/0] conn(0x7f5238105280 msgr2=0x7f52381056a0 secure :-1 s=STATE_CONNECTION_ESTABLISHED l=1).mark_down
2023-07-27T19:03:14.160 INFO:teuthology.orchestra.run.smithi053.stdout:/usr/bin/ceph: stderr
2023-07-27T19:03:07.087+0000 7f523ef01700 1 --2- 172.21.15.53:0/2969406624 >> [v2:172.21.15.53:3300/0,v1:172.21.15.53:6789/0] conn(0x7f5238105280 0x7f52381056a0 secure :-1 s=READY pgs=59 cs=0 l=1 rev1=1 crypto rx=0x7f522c00bb40 tx=0x7f522c00be50 comp rx=0 tx=0).stop
2023-07-27T19:03:14.160 INFO:teuthology.orchestra.run.smithi053.stdout:/usr/bin/ceph: stderr
2023-07-27T19:03:07.087+0000 7f523ef01700 1 -- 172.21.15.53:0/2969406624 shutdown_connections
2023-07-27T19:03:14.160 INFO:teuthology.orchestra.run.smithi053.stdout:/usr/bin/ceph: stderr
2023-07-27T19:03:07.087+0000 7f523ef01700 1 --2- 172.21.15.53:0/2969406624 >> [v2:172.21.15.53:3300/0,v1:172.21.15.53:6789/0] conn(0x7f5238105280 0x7f52381056a0 unknown :-1 s=CLOSED pgs=59 cs=0 l=1 rev1=1 crypto rx=0 tx=0 comp rx=0 tx=0).stop
2023-07-27T19:03:14.160 INFO:teuthology.orchestra.run.smithi053.stdout:/usr/bin/ceph: stderr
2023-07-27T19:03:07.087+0000 7f523ef01700 1 -- 172.21.15.53:0/2969406624 >> 172.21.15.53:0/2969406624 conn(0x7f5238100840 msgr2=0x7f5238102c60 unknown :-1 s=STATE_NONE l=0).mark_down
2023-07-27T19:03:14.160 INFO:teuthology.orchestra.run.smithi053.stdout:/usr/bin/ceph: stderr
2023-07-27T19:03:07.087+0000 7f523ef01700 1 -- 172.21.15.53:0/2969406624 shutdown_connections
2023-07-27T19:03:14.160 INFO:teuthology.orchestra.run.smithi053.stdout:/usr/bin/ceph: stderr
2023-07-27T19:03:07.087+0000 7f523ef01700 1 -- 172.21.15.53:0/2969406624 wait complete.
2023-07-27T19:03:14.161 INFO:teuthology.orchestra.run.smithi053.stdout:/usr/bin/ceph: stderr
2023-07-27T19:03:07.088+0000 7f523ef01700 1 Processor -- start
2023-07-27T19:03:14.161 INFO:teuthology.orchestra.run.smithi053.stdout:/usr/bin/ceph: stderr
2023-07-27T19:03:07.088+0000 7f523ef01700 1 -- start start
2023-07-27T19:03:14.161 INFO:teuthology.orchestra.run.smithi053.stdout:/usr/bin/ceph: stderr
2023-07-27T19:03:07.088+0000 7f523ef01700 1 --2- >> [v2:172.21.15.53:3300/0,v1:172.21.15.53:6789/0] conn(0x7f5238105280 0x7f5238197dc0 unknown :-1 s=NONE pgs=0 cs=0 l=1 rev1=0 crypto rx=0 tx=0 comp rx=0 tx=0).connect
2023-07-27T19:03:14.161 INFO:teuthology.orchestra.run.smithi053.stdout:/usr/bin/ceph: stderr
2023-07-27T19:03:07.088+0000 7f523ef01700 1 -- --> [v2:172.21.15.53:3300/0,v1:172.21.15.53:6789/0] -- mon_getmap magic: 0 v1 -- 0x7f5238198300 con 0x7f5238105280
2023-07-27T19:03:14.161 INFO:teuthology.orchestra.run.smithi053.stdout:/usr/bin/ceph: stderr
2023-07-27T19:03:07.088+0000 7f523cc9d700 1 --2- >> [v2:172.21.15.53:3300/0,v1:172.21.15.53:6789/0] conn(0x7f5238105280 0x7f5238197dc0 unknown :-1 s=BANNER_CONNECTING pgs=0 cs=0 l=1 rev1=0 crypto rx=0 tx=0 comp rx=0 tx=0)._handle_peer_banner_payload supported=3 required=0
2023-07-27T19:03:14.161 INFO:teuthology.orchestra.run.smithi053.stdout:/usr/bin/ceph: stderr
2023-07-27T19:03:07.088+0000 7f523cc9d700 1 --2- >> [v2:172.21.15.53:3300/0,v1:172.21.15.53:6789/0] conn(0x7f5238105280 0x7f5238197dc0 unknown :-1 s=HELLO_CONNECTING pgs=0 cs=0 l=1 rev1=1 crypto rx=0 tx=0 comp rx=0 tx=0).handle_hello peer v2:172.21.15.53:3300/0 says I am v2:172.21.15.53:35512/0 (socket says 172.21.15.53:35512)
2023-07-27T19:03:14.161 INFO:teuthology.orchestra.run.smithi053.stdout:/usr/bin/ceph: stderr
2023-07-27T19:03:07.088+0000 7f523cc9d700 1 -- 172.21.15.53:0/3315558723 learned_addr learned my addr 172.21.15.53:0/3315558723 (peer_addr_for_me v2:172.21.15.53:0/0)
2023-07-27T19:03:14.162 INFO:teuthology.orchestra.run.smithi053.stdout:/usr/bin/ceph: stderr
2023-07-27T19:03:07.088+0000 7f523cc9d700 1 -- 172.21.15.53:0/3315558723 --> [v2:172.21.15.53:3300/0,v1:172.21.15.53:6789/0] -- mon_subscribe({config=0+,monmap=0+}) v3 -- 0x7f522c00b7f0 con 0x7f5238105280
2023-07-27T19:03:14.162 INFO:teuthology.orchestra.run.smithi053.stdout:/usr/bin/ceph: stderr
2023-07-27T19:03:07.088+0000 7f523cc9d700 1 --2- 172.21.15.53:0/3315558723 >> [v2:172.21.15.53:3300/0,v1:172.21.15.53:6789/0] conn(0x7f5238105280 0x7f5238197dc0 secure :-1 s=READY pgs=60 cs=0 l=1 rev1=1 crypto rx=0x7f522c00b340 tx=0x7f522c003d40 comp rx=0 tx=0).ready entity=mon.0 client_cookie=0 server_cookie=0 in_seq=0 out_seq=0
2023-07-27T19:03:14.162 INFO:teuthology.orchestra.run.smithi053.stdout:/usr/bin/ceph: stderr
2023-07-27T19:03:07.089+0000 7f5235ffb700 1 -- 172.21.15.53:0/3315558723 <== mon.0 v2:172.21.15.53:3300/0 1 ==== mon_map magic: 0 v1 ==== 205+0+0 (secure 0 0 0) 0x7f522c01e070 con 0x7f5238105280
2023-07-27T19:03:14.162 INFO:teuthology.orchestra.run.smithi053.stdout:/usr/bin/ceph: stderr
2023-07-27T19:03:07.089+0000 7f5235ffb700 1 -- 172.21.15.53:0/3315558723 <== mon.0 v2:172.21.15.53:3300/0 2 ==== config(27 keys) v1 ==== 1139+0+0 (secure 0 0 0) 0x7f522c004330 con 0x7f5238105280
2023-07-27T19:03:14.162 INFO:teuthology.orchestra.run.smithi053.stdout:/usr/bin/ceph: stderr
2023-07-27T19:03:07.089+0000 7f523ef01700 1 -- 172.21.15.53:0/3315558723 --> [v2:172.21.15.53:3300/0,v1:172.21.15.53:6789/0] -- mon_subscribe({mgrmap=0+}) v3 -- 0x7f5238198500 con 0x7f5238105280
2023-07-27T19:03:14.162 INFO:teuthology.orchestra.run.smithi053.stdout:/usr/bin/ceph: stderr
2023-07-27T19:03:07.089+0000 7f5235ffb700 1 -- 172.21.15.53:0/3315558723 <== mon.0 v2:172.21.15.53:3300/0 3 ==== mon_map magic: 0 v1 ==== 205+0+0 (secure 0 0 0) 0x7f522c0229e0 con 0x7f5238105280
2023-07-27T19:03:14.162 INFO:teuthology.orchestra.run.smithi053.stdout:/usr/bin/ceph: stderr
2023-07-27T19:03:07.089+0000 7f523ef01700 1 -- 172.21.15.53:0/3315558723 --> [v2:172.21.15.53:3300/0,v1:172.21.15.53:6789/0] -- mon_subscribe({osdmap=0}) v3 -- 0x7f5238198920 con 0x7f5238105280
2023-07-27T19:03:14.162 INFO:teuthology.orchestra.run.smithi053.stdout:/usr/bin/ceph: stderr
2023-07-27T19:03:07.090+0000 7f5235ffb700 1 -- 172.21.15.53:0/3315558723 <== mon.0 v2:172.21.15.53:3300/0 4 ==== mgrmap(e 9) v1 ==== 45496+0+0 (secure 0 0 0) 0x7f522c010730 con 0x7f5238105280
2023-07-27T19:03:14.163 INFO:teuthology.orchestra.run.smithi053.stdout:/usr/bin/ceph: stderr
2023-07-27T19:03:07.090+0000 7f5235ffb700 1 --2- 172.21.15.53:0/3315558723 >> [v2:172.21.15.53:6800/2989057007,v1:172.21.15.53:6801/2989057007] conn(0x7f52280387d0 0x7f522803ac90 unknown :-1 s=NONE pgs=0 cs=0 l=1 rev1=0 crypto rx=0 tx=0 comp rx=0 tx=0).connect
2023-07-27T19:03:14.163 INFO:teuthology.orchestra.run.smithi053.stdout:/usr/bin/ceph: stderr
2023-07-27T19:03:07.090+0000 7f5235ffb700 1 -- 172.21.15.53:0/3315558723 --> [v2:172.21.15.53:6800/2989057007,v1:172.21.15.53:6801/2989057007] -- command(tid 0: {"prefix": "get_command_descriptions"}) v1 -- 0x7f522803b3a0 con 0x7f52280387d0
2023-07-27T19:03:14.163 INFO:teuthology.orchestra.run.smithi053.stdout:/usr/bin/ceph: stderr
2023-07-27T19:03:07.090+0000 7f5235ffb700 1 -- 172.21.15.53:0/3315558723 <== mon.0 v2:172.21.15.53:3300/0 5 ==== osd_map(2..2 src has 1..2) v4 ==== 940+0+0 (secure 0 0 0) 0x7f522c04ee90 con 0x7f5238105280
2023-07-27T19:03:14.163 INFO:teuthology.orchestra.run.smithi053.stdout:/usr/bin/ceph: stderr
2023-07-27T19:03:07.090+0000 7f5237fff700 1 -- 172.21.15.53:0/3315558723 >> [v2:172.21.15.53:6800/2989057007,v1:172.21.15.53:6801/2989057007] conn(0x7f52280387d0 msgr2=0x7f522803ac90 unknown :-1 s=STATE_CONNECTING_RE l=1).process reconnect failed to v2:172.21.15.53:6800/2989057007
2023-07-27T19:03:14.163 INFO:teuthology.orchestra.run.smithi053.stdout:/usr/bin/ceph: stderr
2023-07-27T19:03:07.090+0000 7f5237fff700 1 --2- 172.21.15.53:0/3315558723 >> [v2:172.21.15.53:6800/2989057007,v1:172.21.15.53:6801/2989057007] conn(0x7f52280387d0 0x7f522803ac90 unknown :-1 s=START_CONNECT pgs=0 cs=0 l=1 rev1=0 crypto rx=0 tx=0 comp rx=0 tx=0)._fault waiting 0.200000
2023-07-27T19:03:14.163 INFO:teuthology.orchestra.run.smithi053.stdout:/usr/bin/ceph: stderr
2023-07-27T19:03:07.291+0000 7f5237fff700 1 -- 172.21.15.53:0/3315558723 >> [v2:172.21.15.53:6800/2989057007,v1:172.21.15.53:6801/2989057007] conn(0x7f52280387d0 msgr2=0x7f522803ac90 unknown :-1 s=STATE_CONNECTING_RE l=1).process reconnect failed to v2:172.21.15.53:6800/2989057007
2023-07-27T19:03:14.163 INFO:teuthology.orchestra.run.smithi053.stdout:/usr/bin/ceph: stderr
2023-07-27T19:03:07.291+0000 7f5237fff700 1 --2- 172.21.15.53:0/3315558723 >> [v2:172.21.15.53:6800/2989057007,v1:172.21.15.53:6801/2989057007] conn(0x7f52280387d0 0x7f522803ac90 unknown :-1 s=START_CONNECT pgs=0 cs=0 l=1 rev1=0 crypto rx=0 tx=0 comp rx=0 tx=0)._fault waiting 0.400000
2023-07-27T19:03:14.163 INFO:teuthology.orchestra.run.smithi053.stdout:/usr/bin/ceph: stderr
2023-07-27T19:03:07.692+0000 7f5237fff700 1 -- 172.21.15.53:0/3315558723 >> [v2:172.21.15.53:6800/2989057007,v1:172.21.15.53:6801/2989057007] conn(0x7f52280387d0 msgr2=0x7f522803ac90 unknown :-1 s=STATE_CONNECTING_RE l=1).process reconnect failed to v2:172.21.15.53:6800/2989057007
2023-07-27T19:03:14.164 INFO:teuthology.orchestra.run.smithi053.stdout:/usr/bin/ceph: stderr
2023-07-27T19:03:07.692+0000 7f5237fff700 1 --2- 172.21.15.53:0/3315558723 >> [v2:172.21.15.53:6800/2989057007,v1:172.21.15.53:6801/2989057007] conn(0x7f52280387d0 0x7f522803ac90 unknown :-1 s=START_CONNECT pgs=0 cs=0 l=1 rev1=0 crypto rx=0 tx=0 comp rx=0 tx=0)._fault waiting 0.800000
2023-07-27T19:03:14.164 INFO:teuthology.orchestra.run.smithi053.stdout:/usr/bin/ceph: stderr
2023-07-27T19:03:08.493+0000 7f5237fff700 1 -- 172.21.15.53:0/3315558723 >> [v2:172.21.15.53:6800/2989057007,v1:172.21.15.53:6801/2989057007] conn(0x7f52280387d0 msgr2=0x7f522803ac90 unknown :-1 s=STATE_CONNECTING_RE l=1).process reconnect failed to v2:172.21.15.53:6800/2989057007
2023-07-27T19:03:14.164 INFO:teuthology.orchestra.run.smithi053.stdout:/usr/bin/ceph: stderr
2023-07-27T19:03:08.493+0000 7f5237fff700 1 --2- 172.21.15.53:0/3315558723 >> [v2:172.21.15.53:6800/2989057007,v1:172.21.15.53:6801/2989057007] conn(0x7f52280387d0 0x7f522803ac90 unknown :-1 s=START_CONNECT pgs=0 cs=0 l=1 rev1=0 crypto rx=0 tx=0 comp rx=0 tx=0)._fault waiting 1.600000
2023-07-27T19:03:14.164 INFO:teuthology.orchestra.run.smithi053.stdout:/usr/bin/ceph: stderr
2023-07-27T19:03:10.094+0000 7f5237fff700 1 -- 172.21.15.53:0/3315558723 >> [v2:172.21.15.53:6800/2989057007,v1:172.21.15.53:6801/2989057007] conn(0x7f52280387d0 msgr2=0x7f522803ac90 unknown :-1 s=STATE_CONNECTING_RE l=1).process reconnect failed to v2:172.21.15.53:6800/2989057007
2023-07-27T19:03:14.164 INFO:teuthology.orchestra.run.smithi053.stdout:/usr/bin/ceph: stderr
2023-07-27T19:03:10.094+0000 7f5237fff700 1 --2- 172.21.15.53:0/3315558723 >> [v2:172.21.15.53:6800/2989057007,v1:172.21.15.53:6801/2989057007] conn(0x7f52280387d0 0x7f522803ac90 unknown :-1 s=START_CONNECT pgs=0 cs=0 l=1 rev1=0 crypto rx=0 tx=0 comp rx=0 tx=0)._fault waiting 3.200000
2023-07-27T19:03:14.164 INFO:teuthology.orchestra.run.smithi053.stdout:/usr/bin/ceph: stderr
2023-07-27T19:03:12.827+0000 7f5235ffb700 1 -- 172.21.15.53:0/3315558723 <== mon.0 v2:172.21.15.53:3300/0 6 ==== mgrmap(e 10) v1 ==== 45263+0+0 (secure 0 0 0) 0x7f522c010ad0 con 0x7f5238105280
2023-07-27T19:03:14.164 INFO:teuthology.orchestra.run.smithi053.stdout:/usr/bin/ceph: stderr
2023-07-27T19:03:12.827+0000 7f5235ffb700 1 -- 172.21.15.53:0/3315558723 >> [v2:172.21.15.53:6800/2989057007,v1:172.21.15.53:6801/2989057007] conn(0x7f52280387d0 msgr2=0x7f522803ac90 unknown :-1 s=STATE_CONNECTING l=1).mark_down
2023-07-27T19:03:14.165 INFO:teuthology.orchestra.run.smithi053.stdout:/usr/bin/ceph: stderr
2023-07-27T19:03:12.827+0000 7f5235ffb700 1 --2- 172.21.15.53:0/3315558723 >> [v2:172.21.15.53:6800/2989057007,v1:172.21.15.53:6801/2989057007] conn(0x7f52280387d0 0x7f522803ac90 unknown :-1 s=START_CONNECT pgs=0 cs=0 l=1 rev1=0 crypto rx=0 tx=0 comp rx=0 tx=0).stop
2023-07-27T19:03:14.165 INFO:teuthology.orchestra.run.smithi053.stdout:/usr/bin/ceph: stderr
2023-07-27T19:03:13.829+0000 7f5235ffb700 1 -- 172.21.15.53:0/3315558723 <== mon.0 v2:172.21.15.53:3300/0 7 ==== mgrmap(e 11) v1 ==== 45390+0+0 (secure 0 0 0) 0x7f522c050670 con 0x7f5238105280
2023-07-27T19:03:14.165 INFO:teuthology.orchestra.run.smithi053.stdout:/usr/bin/ceph: stderr
2023-07-27T19:03:13.829+0000 7f5235ffb700 1 --2- 172.21.15.53:0/3315558723 >> [v2:172.21.15.53:6800/4266979640,v1:172.21.15.53:6801/4266979640] conn(0x7f522803bff0 0x7f522803e3e0 unknown :-1 s=NONE pgs=0 cs=0 l=1 rev1=0 crypto rx=0 tx=0 comp rx=0 tx=0).connect
2023-07-27T19:03:14.165 INFO:teuthology.orchestra.run.smithi053.stdout:/usr/bin/ceph: stderr
2023-07-27T19:03:13.829+0000 7f5235ffb700 1 -- 172.21.15.53:0/3315558723 --> [v2:172.21.15.53:6800/4266979640,v1:172.21.15.53:6801/4266979640] -- command(tid 0: {"prefix": "get_command_descriptions"}) v1 -- 0x7f522803b3a0 con 0x7f522803bff0
2023-07-27T19:03:14.165 INFO:teuthology.orchestra.run.smithi053.stdout:/usr/bin/ceph: stderr
2023-07-27T19:03:13.830+0000 7f5237fff700 1 --2- 172.21.15.53:0/3315558723 >> [v2:172.21.15.53:6800/4266979640,v1:172.21.15.53:6801/4266979640] conn(0x7f522803bff0 0x7f522803e3e0 unknown :-1 s=BANNER_CONNECTING pgs=0 cs=0 l=1 rev1=0 crypto rx=0 tx=0 comp rx=0 tx=0)._handle_peer_banner_payload supported=3 required=0
2023-07-27T19:03:14.165 INFO:teuthology.orchestra.run.smithi053.stdout:/usr/bin/ceph: stderr
2023-07-27T19:03:13.830+0000 7f5237fff700 1 --2- 172.21.15.53:0/3315558723 >> [v2:172.21.15.53:6800/4266979640,v1:172.21.15.53:6801/4266979640] conn(0x7f522803bff0 0x7f522803e3e0 secure :-1 s=READY pgs=1 cs=0 l=1 rev1=1 crypto rx=0x7f5224003a10 tx=0x7f52240092b0 comp rx=0 tx=0).ready entity=mgr.14150 client_cookie=0 server_cookie=0 in_seq=0 out_seq=0
2023-07-27T19:03:14.165 INFO:teuthology.orchestra.run.smithi053.stdout:/usr/bin/ceph: stderr
2023-07-27T19:03:13.831+0000 7f5235ffb700 1 -- 172.21.15.53:0/3315558723 <== mgr.14150 v2:172.21.15.53:6800/4266979640 1 ==== command_reply(tid 0: 0 ) v1 ==== 8+0+6910 (secure 0 0 0) 0x7f522803b3a0 con 0x7f522803bff0
2023-07-27T19:03:14.165 INFO:teuthology.orchestra.run.smithi053.stdout:/usr/bin/ceph: stderr
2023-07-27T19:03:13.842+0000 7f523ef01700 1 -- 172.21.15.53:0/3315558723 --> [v2:172.21.15.53:6800/4266979640,v1:172.21.15.53:6801/4266979640] -- command(tid 1: {"prefix": "mgr_status"}) v1 -- 0x7f5238199100 con 0x7f522803bff0
2023-07-27T19:03:14.166 INFO:teuthology.orchestra.run.smithi053.stdout:/usr/bin/ceph: stderr
2023-07-27T19:03:13.842+0000 7f5235ffb700 1 -- 172.21.15.53:0/3315558723 <== mgr.14150 v2:172.21.15.53:6800/4266979640 2 ==== command_reply(tid 1: 0 ) v1 ==== 8+0+52 (secure 0 0 0) 0x7f5238199100 con 0x7f522803bff0
2023-07-27T19:03:14.166 INFO:teuthology.orchestra.run.smithi053.stdout:/usr/bin/ceph: stderr
2023-07-27T19:03:13.842+0000 7f523ef01700 1 -- 172.21.15.53:0/3315558723 >> [v2:172.21.15.53:6800/4266979640,v1:172.21.15.53:6801/4266979640] conn(0x7f522803bff0 msgr2=0x7f522803e3e0 secure :-1 s=STATE_CONNECTION_ESTABLISHED l=1).mark_down
2023-07-27T19:03:14.166 INFO:teuthology.orchestra.run.smithi053.stdout:/usr/bin/ceph: stderr
2023-07-27T19:03:13.842+0000 7f523ef01700 1 --2- 172.21.15.53:0/3315558723 >> [v2:172.21.15.53:6800/4266979640,v1:172.21.15.53:6801/4266979640] conn(0x7f522803bff0 0x7f522803e3e0 secure :-1 s=READY pgs=1 cs=0 l=1 rev1=1 crypto rx=0x7f5224003a10 tx=0x7f52240092b0 comp rx=0 tx=0).stop
2023-07-27T19:03:14.166 INFO:teuthology.orchestra.run.smithi053.stdout:/usr/bin/ceph: stderr
2023-07-27T19:03:13.842+0000 7f523ef01700 1 -- 172.21.15.53:0/3315558723 >> [v2:172.21.15.53:3300/0,v1:172.21.15.53:6789/0] conn(0x7f5238105280 msgr2=0x7f5238197dc0 secure :-1 s=STATE_CONNECTION_ESTABLISHED l=1).mark_down
2023-07-27T19:03:14.166 INFO:teuthology.orchestra.run.smithi053.stdout:/usr/bin/ceph: stderr
2023-07-27T19:03:13.842+0000 7f523ef01700 1 --2- 172.21.15.53:0/3315558723 >> [v2:172.21.15.53:3300/0,v1:172.21.15.53:6789/0] conn(0x7f5238105280 0x7f5238197dc0 secure :-1 s=READY pgs=60 cs=0 l=1 rev1=1 crypto rx=0x7f522c00b340 tx=0x7f522c003d40 comp rx=0 tx=0).stop
2023-07-27T19:03:14.166 INFO:teuthology.orchestra.run.smithi053.stdout:/usr/bin/ceph: stderr
2023-07-27T19:03:13.843+0000 7f523ef01700 1 -- 172.21.15.53:0/3315558723 shutdown_connections
2023-07-27T19:03:14.166 INFO:teuthology.orchestra.run.smithi053.stdout:/usr/bin/ceph: stderr
2023-07-27T19:03:13.843+0000 7f523ef01700 1 --2- 172.21.15.53:0/3315558723 >> [v2:172.21.15.53:6800/4266979640,v1:172.21.15.53:6801/4266979640] conn(0x7f522803bff0 0x7f522803e3e0 unknown :-1 s=CLOSED pgs=1 cs=0 l=1 rev1=1 crypto rx=0 tx=0 comp rx=0 tx=0).stop
2023-07-27T19:03:14.167 INFO:teuthology.orchestra.run.smithi053.stdout:/usr/bin/ceph: stderr
2023-07-27T19:03:13.843+0000 7f523ef01700 1 --2- 172.21.15.53:0/3315558723 >> [v2:172.21.15.53:3300/0,v1:172.21.15.53:6789/0] conn(0x7f5238105280 0x7f5238197dc0 unknown :-1 s=CLOSED pgs=60 cs=0 l=1 rev1=1 crypto rx=0 tx=0 comp rx=0 tx=0).stop
2023-07-27T19:03:14.167 INFO:teuthology.orchestra.run.smithi053.stdout:/usr/bin/ceph: stderr
2023-07-27T19:03:13.843+0000 7f523ef01700 1 --2- 172.21.15.53:0/3315558723 >> [v2:172.21.15.53:6800/2989057007,v1:172.21.15.53:6801/2989057007] conn(0x7f52280387d0 0x7f522803ac90 unknown :-1 s=CLOSED pgs=0 cs=0 l=1 rev1=0 crypto rx=0 tx=0 comp rx=0 tx=0).stop
2023-07-27T19:03:14.167 INFO:teuthology.orchestra.run.smithi053.stdout:/usr/bin/ceph: stderr
2023-07-27T19:03:13.843+0000 7f523ef01700 1 -- 172.21.15.53:0/3315558723 >> 172.21.15.53:0/3315558723 conn(0x7f5238100840 msgr2=0x7f523818ec50 unknown :-1 s=STATE_NONE l=0).mark_down
2023-07-27T19:03:14.167 INFO:teuthology.orchestra.run.smithi053.stdout:/usr/bin/ceph: stderr
2023-07-27T19:03:13.843+0000 7f523ef01700 1 -- 172.21.15.53:0/3315558723 shutdown_connections
2023-07-27T19:03:14.167 INFO:teuthology.orchestra.run.smithi053.stdout:/usr/bin/ceph: stderr
2023-07-27T19:03:13.843+0000 7f523ef01700 1 -- 172.21.15.53:0/3315558723 wait complete.
2023-07-27T19:03:14.167 INFO:teuthology.orchestra.run.smithi053.stdout:mgr epoch 9 is available
2023-07-27T19:03:14.168 INFO:teuthology.orchestra.run.smithi053.stdout:Generating a dashboard self-signed certificate...
2023-07-27T19:03:15.654 INFO:teuthology.orchestra.run.smithi053.stdout:/usr/bin/ceph: stdout Self-signed certificate created
2023-07-27T19:03:15.654 INFO:teuthology.orchestra.run.smithi053.stdout:/usr/bin/ceph: stderr
2023-07-27T19:03:14.880+0000 7f0cd1d8a700 1 Processor -- start
2023-07-27T19:03:15.654 INFO:teuthology.orchestra.run.smithi053.stdout:/usr/bin/ceph: stderr
2023-07-27T19:03:14.880+0000 7f0cd1d8a700 1 -- start start
2023-07-27T19:03:15.654 INFO:teuthology.orchestra.run.smithi053.stdout:/usr/bin/ceph: stderr
2023-07-27T19:03:14.880+0000 7f0cd1d8a700 1 --2- >> [v2:172.21.15.53:3300/0,v1:172.21.15.53:6789/0] conn(0x7f0ccc106e50 0x7f0ccc109240 unknown :-1 s=NONE pgs=0 cs=0 l=0 rev1=0 crypto rx=0 tx=0 comp rx=0 tx=0).connect
2023-07-27T19:03:15.654 INFO:teuthology.orchestra.run.smithi053.stdout:/usr/bin/ceph: stderr
2023-07-27T19:03:14.880+0000 7f0cd1d8a700 1 -- --> [v2:172.21.15.53:3300/0,v1:172.21.15.53:6789/0] -- mon_getmap magic: 0 v1 -- 0x7f0ccc073fe0 con 0x7f0ccc106e50
2023-07-27T19:03:15.655 INFO:teuthology.orchestra.run.smithi053.stdout:/usr/bin/ceph: stderr
2023-07-27T19:03:14.880+0000 7f0ccb7fe700 1 --2- >> [v2:172.21.15.53:3300/0,v1:172.21.15.53:6789/0] conn(0x7f0ccc106e50 0x7f0ccc109240 unknown :-1 s=BANNER_CONNECTING pgs=0 cs=0 l=0 rev1=0 crypto rx=0 tx=0 comp rx=0 tx=0)._handle_peer_banner_payload supported=3 required=0
2023-07-27T19:03:15.655 INFO:teuthology.orchestra.run.smithi053.stdout:/usr/bin/ceph: stderr
2023-07-27T19:03:14.880+0000 7f0ccb7fe700 1 --2- >> [v2:172.21.15.53:3300/0,v1:172.21.15.53:6789/0] conn(0x7f0ccc106e50 0x7f0ccc109240 unknown :-1 s=HELLO_CONNECTING pgs=0 cs=0 l=0 rev1=1 crypto rx=0 tx=0 comp rx=0 tx=0).handle_hello peer v2:172.21.15.53:3300/0 says I am v2:172.21.15.53:35566/0 (socket says 172.21.15.53:35566)
2023-07-27T19:03:15.655 INFO:teuthology.orchestra.run.smithi053.stdout:/usr/bin/ceph: stderr
2023-07-27T19:03:14.880+0000 7f0ccb7fe700 1 -- 172.21.15.53:0/1635897868 learned_addr learned my addr 172.21.15.53:0/1635897868 (peer_addr_for_me v2:172.21.15.53:0/0)
2023-07-27T19:03:15.655 INFO:teuthology.orchestra.run.smithi053.stdout:/usr/bin/ceph: stderr
2023-07-27T19:03:14.881+0000 7f0ccb7fe700 1 -- 172.21.15.53:0/1635897868 --> [v2:172.21.15.53:3300/0,v1:172.21.15.53:6789/0] -- mon_subscribe({config=0+,monmap=0+}) v3 -- 0x7f0ccc109780 con 0x7f0ccc106e50
2023-07-27T19:03:15.655 INFO:teuthology.orchestra.run.smithi053.stdout:/usr/bin/ceph: stderr
2023-07-27T19:03:14.881+0000 7f0ccb7fe700 1 --2- 172.21.15.53:0/1635897868 >> [v2:172.21.15.53:3300/0,v1:172.21.15.53:6789/0] conn(0x7f0ccc106e50 0x7f0ccc109240 secure :-1 s=READY pgs=68 cs=0 l=1 rev1=1 crypto rx=0x7f0cbc0098a0 tx=0x7f0cbc009bb0 comp rx=0 tx=0).ready entity=mon.0 client_cookie=ba1ba6e47267f7a4 server_cookie=0 in_seq=0 out_seq=0
2023-07-27T19:03:15.655 INFO:teuthology.orchestra.run.smithi053.stdout:/usr/bin/ceph: stderr
2023-07-27T19:03:14.881+0000 7f0cca7fc700 1 -- 172.21.15.53:0/1635897868 <== mon.0 v2:172.21.15.53:3300/0 1 ==== mon_map magic: 0 v1 ==== 205+0+0 (secure 0 0 0) 0x7f0cbc004160 con 0x7f0ccc106e50
2023-07-27T19:03:15.655 INFO:teuthology.orchestra.run.smithi053.stdout:/usr/bin/ceph: stderr
2023-07-27T19:03:14.881+0000 7f0cca7fc700 1 -- 172.21.15.53:0/1635897868 <== mon.0 v2:172.21.15.53:3300/0 2 ==== config(27 keys) v1 ==== 1139+0+0 (secure 0 0 0) 0x7f0cbc0042c0 con 0x7f0ccc106e50
2023-07-27T19:03:15.656 INFO:teuthology.orchestra.run.smithi053.stdout:/usr/bin/ceph: stderr
2023-07-27T19:03:14.881+0000 7f0cca7fc700 1 -- 172.21.15.53:0/1635897868 <== mon.0 v2:172.21.15.53:3300/0 3 ==== mon_map magic: 0 v1 ==== 205+0+0 (secure 0 0 0) 0x7f0cbc011a80 con 0x7f0ccc106e50
2023-07-27T19:03:15.656 INFO:teuthology.orchestra.run.smithi053.stdout:/usr/bin/ceph: stderr
2023-07-27T19:03:14.882+0000 7f0cd1d8a700 1 -- 172.21.15.53:0/1635897868 >> [v2:172.21.15.53:3300/0,v1:172.21.15.53:6789/0] conn(0x7f0ccc106e50 msgr2=0x7f0ccc109240 secure :-1 s=STATE_CONNECTION_ESTABLISHED l=1).mark_down
2023-07-27T19:03:15.656 INFO:teuthology.orchestra.run.smithi053.stdout:/usr/bin/ceph: stderr
2023-07-27T19:03:14.882+0000 7f0cd1d8a700 1 --2- 172.21.15.53:0/1635897868 >> [v2:172.21.15.53:3300/0,v1:172.21.15.53:6789/0] conn(0x7f0ccc106e50 0x7f0ccc109240 secure :-1 s=READY pgs=68 cs=0 l=1 rev1=1 crypto rx=0x7f0cbc0098a0 tx=0x7f0cbc009bb0 comp rx=0 tx=0).stop
2023-07-27T19:03:15.656 INFO:teuthology.orchestra.run.smithi053.stdout:/usr/bin/ceph: stderr
2023-07-27T19:03:14.882+0000 7f0cd1d8a700 1 -- 172.21.15.53:0/1635897868 shutdown_connections
2023-07-27T19:03:15.657 INFO:teuthology.orchestra.run.smithi053.stdout:/usr/bin/ceph: stderr
2023-07-27T19:03:14.882+0000 7f0cd1d8a700 1 --2- 172.21.15.53:0/1635897868 >> [v2:172.21.15.53:3300/0,v1:172.21.15.53:6789/0] conn(0x7f0ccc106e50 0x7f0ccc109240 unknown :-1 s=CLOSED pgs=68 cs=0 l=1 rev1=1 crypto rx=0 tx=0 comp rx=0 tx=0).stop
2023-07-27T19:03:15.657 INFO:teuthology.orchestra.run.smithi053.stdout:/usr/bin/ceph: stderr
2023-07-27T19:03:14.882+0000 7f0cd1d8a700 1 -- 172.21.15.53:0/1635897868 >> 172.21.15.53:0/1635897868 conn(0x7f0ccc100840 msgr2=0x7f0ccc102c60 unknown :-1 s=STATE_NONE l=0).mark_down
2023-07-27T19:03:15.657 INFO:teuthology.orchestra.run.smithi053.stdout:/usr/bin/ceph: stderr
2023-07-27T19:03:14.882+0000 7f0cd1d8a700 1 -- 172.21.15.53:0/1635897868 shutdown_connections
2023-07-27T19:03:15.657 INFO:teuthology.orchestra.run.smithi053.stdout:/usr/bin/ceph: stderr
2023-07-27T19:03:14.882+0000 7f0cd1d8a700 1 -- 172.21.15.53:0/1635897868 wait complete.
2023-07-27T19:03:15.657 INFO:teuthology.orchestra.run.smithi053.stdout:/usr/bin/ceph: stderr
2023-07-27T19:03:14.883+0000 7f0cd1d8a700 1 Processor -- start
2023-07-27T19:03:15.657 INFO:teuthology.orchestra.run.smithi053.stdout:/usr/bin/ceph: stderr
2023-07-27T19:03:14.883+0000 7f0cd1d8a700 1 -- start start
2023-07-27T19:03:15.657 INFO:teuthology.orchestra.run.smithi053.stdout:/usr/bin/ceph: stderr
2023-07-27T19:03:14.883+0000 7f0cd1d8a700 1 --2- >> [v2:172.21.15.53:3300/0,v1:172.21.15.53:6789/0] conn(0x7f0ccc106e50 0x7f0ccc1067b0 unknown :-1 s=NONE pgs=0 cs=0 l=1 rev1=0 crypto rx=0 tx=0 comp rx=0 tx=0).connect
2023-07-27T19:03:15.657 INFO:teuthology.orchestra.run.smithi053.stdout:/usr/bin/ceph: stderr
2023-07-27T19:03:14.883+0000 7f0cd1d8a700 1 -- --> [v2:172.21.15.53:3300/0,v1:172.21.15.53:6789/0] -- mon_getmap magic: 0 v1 -- 0x7f0ccc106cf0 con 0x7f0ccc106e50
2023-07-27T19:03:15.658 INFO:teuthology.orchestra.run.smithi053.stdout:/usr/bin/ceph: stderr
2023-07-27T19:03:14.883+0000 7f0ccb7fe700 1 --2- >> [v2:172.21.15.53:3300/0,v1:172.21.15.53:6789/0] conn(0x7f0ccc106e50 0x7f0ccc1067b0 unknown :-1 s=BANNER_CONNECTING pgs=0 cs=0 l=1 rev1=0 crypto rx=0 tx=0 comp rx=0 tx=0)._handle_peer_banner_payload supported=3 required=0
