2023-08-30T14:11:48.155 INFO:teuthology.orchestra.run.smithi043.stderr:/usr/bin/ceph:
2023-08-30T14:11:48.145+0000 7f51e5418700 1 -- 172.21.15.43:0/3441424868 >> [v2:172.21.15.43:6800/3609906087,v1:172.21.15.43:6801/3609906087] conn(0x7f51cc032510 msgr2=0x7f51cc0349d0 unknown :-1 s=STATE_CONNECTING_RE l=1).process reconnect failed to v2:172.21.15.43:6800/3609906087
2023-08-30T14:11:48.155 INFO:teuthology.orchestra.run.smithi043.stderr:/usr/bin/ceph:
2023-08-30T14:11:48.145+0000 7f51e5418700 1 --2- 172.21.15.43:0/3441424868 >> [v2:172.21.15.43:6800/3609906087,v1:172.21.15.43:6801/3609906087] conn(0x7f51cc032510 0x7f51cc0349d0 unknown :-1 s=START_CONNECT pgs=0 cs=0 l=1 rev1=0 rx=0 tx=0)._fault waiting 0.200000
2023-08-30T14:11:48.348 INFO:teuthology.orchestra.run.smithi043.stderr:/usr/bin/ceph:
2023-08-30T14:11:48.346+0000 7f51e5418700 1 -- 172.21.15.43:0/3441424868 >> [v2:172.21.15.43:6800/3609906087,v1:172.21.15.43:6801/3609906087] conn(0x7f51cc032510 msgr2=0x7f51cc0349d0 unknown :-1 s=STATE_CONNECTING_RE l=1).process reconnect failed to v2:172.21.15.43:6800/3609906087
2023-08-30T14:11:48.349 INFO:teuthology.orchestra.run.smithi043.stderr:/usr/bin/ceph:
2023-08-30T14:11:48.346+0000 7f51e5418700 1 --2- 172.21.15.43:0/3441424868 >> [v2:172.21.15.43:6800/3609906087,v1:172.21.15.43:6801/3609906087] conn(0x7f51cc032510 0x7f51cc0349d0 unknown :-1 s=START_CONNECT pgs=0 cs=0 l=1 rev1=0 rx=0 tx=0)._fault waiting 0.400000
2023-08-30T14:11:48.570 INFO:journalctl@ceph.mon.smithi043.smithi043.stdout:Aug 30 14:11:48 smithi043 ceph-f569f67a-473e-11ee-9ab2-7b867c8bd7da-mon-smithi043[106877]: audit
2023-08-30T14:11:47.380501+0000 mon.smithi043 (mon.0) 71 : audit [DBG] from='client.? 172.21.15.43:0/744005838' entity='client.admin' cmd=[{"prefix": "mgr stat"}]: dispatch
2023-08-30T14:11:48.749 INFO:teuthology.orchestra.run.smithi043.stderr:/usr/bin/ceph:
2023-08-30T14:11:48.747+0000 7f51e5418700 1 -- 172.21.15.43:0/3441424868 >> [v2:172.21.15.43:6800/3609906087,v1:172.21.15.43:6801/3609906087] conn(0x7f51cc032510 msgr2=0x7f51cc0349d0 unknown :-1 s=STATE_CONNECTING_RE l=1).process reconnect failed to v2:172.21.15.43:6800/3609906087
2023-08-30T14:11:48.750 INFO:teuthology.orchestra.run.smithi043.stderr:/usr/bin/ceph:
2023-08-30T14:11:48.747+0000 7f51e5418700 1 --2- 172.21.15.43:0/3441424868 >> [v2:172.21.15.43:6800/3609906087,v1:172.21.15.43:6801/3609906087] conn(0x7f51cc032510 0x7f51cc0349d0 unknown :-1 s=START_CONNECT pgs=0 cs=0 l=1 rev1=0 rx=0 tx=0)._fault waiting 0.800000
2023-08-30T14:11:49.550 INFO:teuthology.orchestra.run.smithi043.stderr:/usr/bin/ceph:
2023-08-30T14:11:49.548+0000 7f51e5418700 1 -- 172.21.15.43:0/3441424868 >> [v2:172.21.15.43:6800/3609906087,v1:172.21.15.43:6801/3609906087] conn(0x7f51cc032510 msgr2=0x7f51cc0349d0 unknown :-1 s=STATE_CONNECTING_RE l=1).process reconnect failed to v2:172.21.15.43:6800/3609906087
2023-08-30T14:11:49.551 INFO:teuthology.orchestra.run.smithi043.stderr:/usr/bin/ceph:
2023-08-30T14:11:49.548+0000 7f51e5418700 1 --2- 172.21.15.43:0/3441424868 >> [v2:172.21.15.43:6800/3609906087,v1:172.21.15.43:6801/3609906087] conn(0x7f51cc032510 0x7f51cc0349d0 unknown :-1 s=START_CONNECT pgs=0 cs=0 l=1 rev1=0 rx=0 tx=0)._fault waiting 1.600000
2023-08-30T14:11:51.151 INFO:teuthology.orchestra.run.smithi043.stderr:/usr/bin/ceph:
2023-08-30T14:11:51.149+0000 7f51e5418700 1 -- 172.21.15.43:0/3441424868 >> [v2:172.21.15.43:6800/3609906087,v1:172.21.15.43:6801/3609906087] conn(0x7f51cc032510 msgr2=0x7f51cc0349d0 unknown :-1 s=STATE_CONNECTING_RE l=1).process reconnect failed to v2:172.21.15.43:6800/3609906087
2023-08-30T14:11:51.151 INFO:teuthology.orchestra.run.smithi043.stderr:/usr/bin/ceph:
2023-08-30T14:11:51.149+0000 7f51e5418700 1 --2- 172.21.15.43:0/3441424868 >> [v2:172.21.15.43:6800/3609906087,v1:172.21.15.43:6801/3609906087] conn(0x7f51cc032510 0x7f51cc0349d0 unknown :-1 s=START_CONNECT pgs=0 cs=0 l=1 rev1=0 rx=0 tx=0)._fault waiting 3.200000
2023-08-30T14:11:53.524 INFO:teuthology.orchestra.run.smithi043.stderr:/usr/bin/ceph:
2023-08-30T14:11:53.522+0000 7f51d67fc700 1 -- 172.21.15.43:0/3441424868 <== mon.0 v2:172.21.15.43:3300/0 6 ==== mgrmap(e 10) v1 ==== 38382+0+0 (secure 0 0 0) 0x7f51dc02c3f0 con 0x7f51e0071c60
2023-08-30T14:11:53.525 INFO:teuthology.orchestra.run.smithi043.stderr:/usr/bin/ceph:
2023-08-30T14:11:53.522+0000 7f51d67fc700 1 -- 172.21.15.43:0/3441424868 >> [v2:172.21.15.43:6800/3609906087,v1:172.21.15.43:6801/3609906087] conn(0x7f51cc032510 msgr2=0x7f51cc0349d0 unknown :-1 s=STATE_CONNECTING l=1).mark_down
2023-08-30T14:11:53.525 INFO:teuthology.orchestra.run.smithi043.stderr:/usr/bin/ceph:
2023-08-30T14:11:53.522+0000 7f51d67fc700 1 --2- 172.21.15.43:0/3441424868 >> [v2:172.21.15.43:6800/3609906087,v1:172.21.15.43:6801/3609906087] conn(0x7f51cc032510 0x7f51cc0349d0 unknown :-1 s=START_CONNECT pgs=0 cs=0 l=1 rev1=0 rx=0 tx=0).stop
2023-08-30T14:11:53.789 INFO:journalctl@ceph.mon.smithi043.smithi043.stdout:Aug 30 14:11:53 smithi043 ceph-f569f67a-473e-11ee-9ab2-7b867c8bd7da-mon-smithi043[106877]: cluster
2023-08-30T14:11:53.519881+0000 mon.smithi043 (mon.0) 72 : cluster [INF] Active manager daemon smithi043.qnfmvz restarted
2023-08-30T14:11:53.789 INFO:journalctl@ceph.mon.smithi043.smithi043.stdout:Aug 30 14:11:53 smithi043 ceph-f569f67a-473e-11ee-9ab2-7b867c8bd7da-mon-smithi043[106877]: cluster
2023-08-30T14:11:53.520205+0000 mon.smithi043 (mon.0) 73 : cluster [INF] Activating manager daemon smithi043.qnfmvz
2023-08-30T14:11:53.790 INFO:journalctl@ceph.mon.smithi043.smithi043.stdout:Aug 30 14:11:53 smithi043 ceph-f569f67a-473e-11ee-9ab2-7b867c8bd7da-mon-smithi043[106877]: cluster
2023-08-30T14:11:53.524201+0000 mon.smithi043 (mon.0) 74 : cluster [DBG] osdmap e3: 0 total, 0 up, 0 in
2023-08-30T14:11:53.790 INFO:journalctl@ceph.mon.smithi043.smithi043.stdout:Aug 30 14:11:53 smithi043 ceph-f569f67a-473e-11ee-9ab2-7b867c8bd7da-mon-smithi043[106877]: cluster
2023-08-30T14:11:53.524303+0000 mon.smithi043 (mon.0) 75 : cluster [DBG] mgrmap e10: smithi043.qnfmvz(active, starting, since 0.00422143s)
2023-08-30T14:11:53.790 INFO:journalctl@ceph.mon.smithi043.smithi043.stdout:Aug 30 14:11:53 smithi043 ceph-f569f67a-473e-11ee-9ab2-7b867c8bd7da-mon-smithi043[106877]: audit
2023-08-30T14:11:53.525341+0000 mon.smithi043 (mon.0) 76 : audit [DBG] from='mgr.14158 172.21.15.43:0/582253184' entity='mgr.smithi043.qnfmvz' cmd=[{"prefix": "mon metadata", "id": "smithi043"}]: dispatch
2023-08-30T14:11:53.790 INFO:journalctl@ceph.mon.smithi043.smithi043.stdout:Aug 30 14:11:53 smithi043 ceph-f569f67a-473e-11ee-9ab2-7b867c8bd7da-mon-smithi043[106877]: audit
2023-08-30T14:11:53.526314+0000 mon.smithi043 (mon.0) 77 : audit [DBG] from='mgr.14158 172.21.15.43:0/582253184' entity='mgr.smithi043.qnfmvz' cmd=[{"prefix": "mgr metadata", "who": "smithi043.qnfmvz", "id": "smithi043.qnfmvz"}]: dispatch
2023-08-30T14:11:53.791 INFO:journalctl@ceph.mon.smithi043.smithi043.stdout:Aug 30 14:11:53 smithi043 ceph-f569f67a-473e-11ee-9ab2-7b867c8bd7da-mon-smithi043[106877]: audit
2023-08-30T14:11:53.527742+0000 mon.smithi043 (mon.0) 78 : audit [DBG] from='mgr.14158 172.21.15.43:0/582253184' entity='mgr.smithi043.qnfmvz' cmd=[{"prefix": "mds metadata"}]: dispatch
2023-08-30T14:11:53.791 INFO:journalctl@ceph.mon.smithi043.smithi043.stdout:Aug 30 14:11:53 smithi043 ceph-f569f67a-473e-11ee-9ab2-7b867c8bd7da-mon-smithi043[106877]: audit
2023-08-30T14:11:53.527903+0000 mon.smithi043 (mon.0) 79 : audit [DBG] from='mgr.14158 172.21.15.43:0/582253184' entity='mgr.smithi043.qnfmvz' cmd=[{"prefix": "osd metadata"}]: dispatch
2023-08-30T14:11:53.791 INFO:journalctl@ceph.mon.smithi043.smithi043.stdout:Aug 30 14:11:53 smithi043 ceph-f569f67a-473e-11ee-9ab2-7b867c8bd7da-mon-smithi043[106877]: audit
2023-08-30T14:11:53.528051+0000 mon.smithi043 (mon.0) 80 : audit [DBG] from='mgr.14158 172.21.15.43:0/582253184' entity='mgr.smithi043.qnfmvz' cmd=[{"prefix": "mon metadata"}]: dispatch
2023-08-30T14:11:53.791 INFO:journalctl@ceph.mon.smithi043.smithi043.stdout:Aug 30 14:11:53 smithi043 ceph-f569f67a-473e-11ee-9ab2-7b867c8bd7da-mon-smithi043[106877]: cluster
2023-08-30T14:11:53.530878+0000 mon.smithi043 (mon.0) 81 : cluster [INF] Manager daemon smithi043.qnfmvz is now available
2023-08-30T14:11:54.527 INFO:teuthology.orchestra.run.smithi043.stderr:/usr/bin/ceph:
2023-08-30T14:11:54.523+0000 7f51d67fc700 1 -- 172.21.15.43:0/3441424868 <== mon.0 v2:172.21.15.43:3300/0 7 ==== mgrmap(e 11) v1 ==== 38452+0+0 (secure 0 0 0) 0x7f51dc045da0 con 0x7f51e0071c60
2023-08-30T14:11:54.528 INFO:teuthology.orchestra.run.smithi043.stderr:/usr/bin/ceph:
2023-08-30T14:11:54.524+0000 7f51d67fc700 1 --2- 172.21.15.43:0/3441424868 >> [v2:172.21.15.43:6800/2748537595,v1:172.21.15.43:6801/2748537595] conn(0x7f51cc035fc0 0x7f51cc0383b0 unknown :-1 s=NONE pgs=0 cs=0 l=1 rev1=0 rx=0 tx=0).connect
2023-08-30T14:11:54.528 INFO:teuthology.orchestra.run.smithi043.stderr:/usr/bin/ceph:
2023-08-30T14:11:54.524+0000 7f51d67fc700 1 -- 172.21.15.43:0/3441424868 --> [v2:172.21.15.43:6800/2748537595,v1:172.21.15.43:6801/2748537595] -- command(tid 0: {"prefix": "get_command_descriptions"}) v1 -- 0x7f51cc035090 con 0x7f51cc035fc0
2023-08-30T14:11:54.528 INFO:teuthology.orchestra.run.smithi043.stderr:/usr/bin/ceph:
2023-08-30T14:11:54.524+0000 7f51e5418700 1 --2- 172.21.15.43:0/3441424868 >> [v2:172.21.15.43:6800/2748537595,v1:172.21.15.43:6801/2748537595] conn(0x7f51cc035fc0 0x7f51cc0383b0 unknown :-1 s=BANNER_CONNECTING pgs=0 cs=0 l=1 rev1=0 rx=0 tx=0)._handle_peer_banner_payload supported=1 required=0
2023-08-30T14:11:54.528 INFO:teuthology.orchestra.run.smithi043.stderr:/usr/bin/ceph:
2023-08-30T14:11:54.526+0000 7f51e5418700 1 --2- 172.21.15.43:0/3441424868 >> [v2:172.21.15.43:6800/2748537595,v1:172.21.15.43:6801/2748537595] conn(0x7f51cc035fc0 0x7f51cc0383b0 secure :-1 s=READY pgs=2 cs=0 l=1 rev1=1 rx=0x7f51d0003850 tx=0x7f51d0009350).ready entity=mgr.14158 client_cookie=0 server_cookie=0 in_seq=0 out_seq=0
2023-08-30T14:11:54.529 INFO:teuthology.orchestra.run.smithi043.stderr:/usr/bin/ceph:
2023-08-30T14:11:54.526+0000 7f51d67fc700 1 -- 172.21.15.43:0/3441424868 <== mgr.14158 v2:172.21.15.43:6800/2748537595 1 ==== command_reply(tid 0: 0 ) v1 ==== 8+0+6438 (secure 0 0 0) 0x7f51cc035090 con 0x7f51cc035fc0
2023-08-30T14:11:54.535 INFO:teuthology.orchestra.run.smithi043.stderr:/usr/bin/ceph:
2023-08-30T14:11:54.533+0000 7f51cbfff700 1 -- 172.21.15.43:0/3441424868 --> [v2:172.21.15.43:6800/2748537595,v1:172.21.15.43:6801/2748537595] -- command(tid 1: {"prefix": "mgr_status"}) v1 -- 0x7f51c0000df0 con 0x7f51cc035fc0
2023-08-30T14:11:54.536 INFO:teuthology.orchestra.run.smithi043.stderr:/usr/bin/ceph:
2023-08-30T14:11:54.534+0000 7f51d67fc700 1 -- 172.21.15.43:0/3441424868 <== mgr.14158 v2:172.21.15.43:6800/2748537595 2 ==== command_reply(tid 1: 0 ) v1 ==== 8+0+52 (secure 0 0 0) 0x7f51c0000df0 con 0x7f51cc035fc0
2023-08-30T14:11:54.536 INFO:teuthology.orchestra.run.smithi043.stderr:/usr/bin/ceph: {
2023-08-30T14:11:54.537 INFO:teuthology.orchestra.run.smithi043.stderr:/usr/bin/ceph: "mgrmap_epoch": 11,
2023-08-30T14:11:54.537 INFO:teuthology.orchestra.run.smithi043.stderr:/usr/bin/ceph: "initialized": true
2023-08-30T14:11:54.537 INFO:teuthology.orchestra.run.smithi043.stderr:/usr/bin/ceph: }
2023-08-30T14:11:54.538 INFO:teuthology.orchestra.run.smithi043.stderr:/usr/bin/ceph:
2023-08-30T14:11:54.534+0000 7f51cbfff700 1 -- 172.21.15.43:0/3441424868 >> [v2:172.21.15.43:6800/2748537595,v1:172.21.15.43:6801/2748537595] conn(0x7f51cc035fc0 msgr2=0x7f51cc0383b0 secure :-1 s=STATE_CONNECTION_ESTABLISHED l=1).mark_down
2023-08-30T14:11:54.539 INFO:teuthology.orchestra.run.smithi043.stderr:/usr/bin/ceph:
2023-08-30T14:11:54.534+0000 7f51cbfff700 1 --2- 172.21.15.43:0/3441424868 >> [v2:172.21.15.43:6800/2748537595,v1:172.21.15.43:6801/2748537595] conn(0x7f51cc035fc0 0x7f51cc0383b0 secure :-1 s=READY pgs=2 cs=0 l=1 rev1=1 rx=0x7f51d0003850 tx=0x7f51d0009350).stop
2023-08-30T14:11:54.539 INFO:teuthology.orchestra.run.smithi043.stderr:/usr/bin/ceph:
2023-08-30T14:11:54.534+0000 7f51cbfff700 1 -- 172.21.15.43:0/3441424868 >> [v2:172.21.15.43:3300/0,v1:172.21.15.43:6789/0] conn(0x7f51e0071c60 msgr2=0x7f51e010dfc0 secure :-1 s=STATE_CONNECTION_ESTABLISHED l=1).mark_down
2023-08-30T14:11:54.539 INFO:teuthology.orchestra.run.smithi043.stderr:/usr/bin/ceph:
2023-08-30T14:11:54.534+0000 7f51cbfff700 1 --2- 172.21.15.43:0/3441424868 >> [v2:172.21.15.43:3300/0,v1:172.21.15.43:6789/0] conn(0x7f51e0071c60 0x7f51e010dfc0 secure :-1 s=READY pgs=68 cs=0 l=1 rev1=1 rx=0x7f51dc0118b0 tx=0x7f51dc0090f0).stop
2023-08-30T14:11:54.539 INFO:teuthology.orchestra.run.smithi043.stderr:/usr/bin/ceph:
2023-08-30T14:11:54.534+0000 7f51cbfff700 1 -- 172.21.15.43:0/3441424868 shutdown_connections
2023-08-30T14:11:54.540 INFO:teuthology.orchestra.run.smithi043.stderr:/usr/bin/ceph:
2023-08-30T14:11:54.534+0000 7f51cbfff700 1 --2- 172.21.15.43:0/3441424868 >> [v2:172.21.15.43:3300/0,v1:172.21.15.43:6789/0] conn(0x7f51e0071c60 0x7f51e010dfc0 unknown :-1 s=CLOSED pgs=68 cs=0 l=1 rev1=1 rx=0 tx=0).stop
2023-08-30T14:11:54.540 INFO:teuthology.orchestra.run.smithi043.stderr:/usr/bin/ceph:
2023-08-30T14:11:54.534+0000 7f51cbfff700 1 --2- 172.21.15.43:0/3441424868 >> [v2:172.21.15.43:6800/2748537595,v1:172.21.15.43:6801/2748537595] conn(0x7f51cc035fc0 0x7f51cc0383b0 unknown :-1 s=CLOSED pgs=2 cs=0 l=1 rev1=1 rx=0 tx=0).stop
2023-08-30T14:11:54.540 INFO:teuthology.orchestra.run.smithi043.stderr:/usr/bin/ceph:
2023-08-30T14:11:54.534+0000 7f51cbfff700 1 --2- 172.21.15.43:0/3441424868 >> [v2:172.21.15.43:6800/3609906087,v1:172.21.15.43:6801/3609906087] conn(0x7f51cc032510 0x7f51cc0349d0 unknown :-1 s=CLOSED pgs=0 cs=0 l=1 rev1=0 rx=0 tx=0).stop
2023-08-30T14:11:54.541 INFO:teuthology.orchestra.run.smithi043.stderr:/usr/bin/ceph:
2023-08-30T14:11:54.534+0000 7f51cbfff700 1 -- 172.21.15.43:0/3441424868 >> 172.21.15.43:0/3441424868 conn(0x7f51e00f75f0 msgr2=0x7f51e00fe020 unknown :-1 s=STATE_NONE l=0).mark_down
2023-08-30T14:11:54.541 INFO:teuthology.orchestra.run.smithi043.stderr:/usr/bin/ceph:
2023-08-30T14:11:54.535+0000 7f51cbfff700 1 -- 172.21.15.43:0/3441424868 shutdown_connections
2023-08-30T14:11:54.541 INFO:teuthology.orchestra.run.smithi043.stderr:/usr/bin/ceph:
2023-08-30T14:11:54.535+0000 7f51cbfff700 1 -- 172.21.15.43:0/3441424868 wait complete.
2023-08-30T14:11:54.827 INFO:journalctl@ceph.mon.smithi043.smithi043.stdout:Aug 30 14:11:54 smithi043 ceph-f569f67a-473e-11ee-9ab2-7b867c8bd7da-mon-smithi043[106877]: audit
2023-08-30T14:11:53.653044+0000 mon.smithi043 (mon.0) 82 : audit [DBG] from='mgr.14158 172.21.15.43:0/582253184' entity='mgr.smithi043.qnfmvz' cmd=[{"prefix": "config dump", "format": "json"}]: dispatch
2023-08-30T14:11:54.827 INFO:journalctl@ceph.mon.smithi043.smithi043.stdout:Aug 30 14:11:54 smithi043 ceph-f569f67a-473e-11ee-9ab2-7b867c8bd7da-mon-smithi043[106877]: audit
2023-08-30T14:11:53.654790+0000 mon.smithi043 (mon.0) 83 : audit [DBG] from='mgr.14158 172.21.15.43:0/582253184' entity='mgr.smithi043.qnfmvz' cmd=[{"prefix": "config dump", "format": "json"}]: dispatch
2023-08-30T14:11:54.827 INFO:journalctl@ceph.mon.smithi043.smithi043.stdout:Aug 30 14:11:54 smithi043 ceph-f569f67a-473e-11ee-9ab2-7b867c8bd7da-mon-smithi043[106877]: audit
2023-08-30T14:11:53.690531+0000 mon.smithi043 (mon.0) 84 : audit [INF] from='mgr.14158 172.21.15.43:0/582253184' entity='mgr.smithi043.qnfmvz' cmd=[{"prefix":"config rm","who":"mgr","name":"mgr/rbd_support/smithi043.qnfmvz/mirror_snapshot_schedule"}]: dispatch
2023-08-30T14:11:54.827 INFO:journalctl@ceph.mon.smithi043.smithi043.stdout:Aug 30 14:11:54 smithi043 ceph-f569f67a-473e-11ee-9ab2-7b867c8bd7da-mon-smithi043[106877]: audit
2023-08-30T14:11:53.695396+0000 mon.smithi043 (mon.0) 85 : audit [INF] from='mgr.14158 172.21.15.43:0/582253184' entity='mgr.smithi043.qnfmvz' cmd=[{"prefix":"config rm","who":"mgr","name":"mgr/rbd_support/smithi043.qnfmvz/trash_purge_schedule"}]: dispatch
2023-08-30T14:11:54.828 INFO:journalctl@ceph.mon.smithi043.smithi043.stdout:Aug 30 14:11:54 smithi043 ceph-f569f67a-473e-11ee-9ab2-7b867c8bd7da-mon-smithi043[106877]: cluster
2023-08-30T14:11:54.526755+0000 mon.smithi043 (mon.0) 86 : cluster [DBG] mgrmap e11: smithi043.qnfmvz(active, since 1.00667s)
2023-08-30T14:11:54.973 INFO:teuthology.orchestra.run.smithi043.stderr:mgr epoch 9 is available
2023-08-30T14:11:54.973 INFO:teuthology.orchestra.run.smithi043.stderr:Generating a dashboard self-signed certificate...
2023-08-30T14:11:55.387 INFO:teuthology.orchestra.run.smithi043.stderr:/usr/bin/ceph:
2023-08-30T14:11:55.384+0000 7f4f8b05b700 1 Processor -- start
2023-08-30T14:11:55.388 INFO:teuthology.orchestra.run.smithi043.stderr:/usr/bin/ceph:
2023-08-30T14:11:55.384+0000 7f4f8b05b700 1 -- start start
2023-08-30T14:11:55.388 INFO:teuthology.orchestra.run.smithi043.stderr:/usr/bin/ceph:
2023-08-30T14:11:55.384+0000 7f4f8b05b700 1 --2- >> [v2:172.21.15.43:3300/0,v1:172.21.15.43:6789/0] conn(0x7f4f840fbe70 0x7f4f840fc290 unknown :-1 s=NONE pgs=0 cs=0 l=0 rev1=0 rx=0 tx=0).connect
2023-08-30T14:11:55.388 INFO:teuthology.orchestra.run.smithi043.stderr:/usr/bin/ceph:
2023-08-30T14:11:55.384+0000 7f4f8b05b700 1 -- --> [v2:172.21.15.43:3300/0,v1:172.21.15.43:6789/0] -- mon_getmap magic: 0 v1 -- 0x7f4f840fc780 con 0x7f4f840fbe70
2023-08-30T14:11:55.388 INFO:teuthology.orchestra.run.smithi043.stderr:/usr/bin/ceph:
2023-08-30T14:11:55.385+0000 7f4f88df7700 1 --2- >> [v2:172.21.15.43:3300/0,v1:172.21.15.43:6789/0] conn(0x7f4f840fbe70 0x7f4f840fc290 unknown :-1 s=BANNER_CONNECTING pgs=0 cs=0 l=0 rev1=0 rx=0 tx=0)._handle_peer_banner_payload supported=1 required=0
2023-08-30T14:11:55.388 INFO:teuthology.orchestra.run.smithi043.stderr:/usr/bin/ceph:
2023-08-30T14:11:55.385+0000 7f4f88df7700 1 --2- >> [v2:172.21.15.43:3300/0,v1:172.21.15.43:6789/0] conn(0x7f4f840fbe70 0x7f4f840fc290 unknown :-1 s=HELLO_CONNECTING pgs=0 cs=0 l=0 rev1=1 rx=0 tx=0).handle_hello peer v2:172.21.15.43:3300/0 says I am v2:172.21.15.43:37358/0 (socket says 172.21.15.43:37358)
2023-08-30T14:11:55.389 INFO:teuthology.orchestra.run.smithi043.stderr:/usr/bin/ceph:
2023-08-30T14:11:55.385+0000 7f4f88df7700 1 -- 172.21.15.43:0/1515325350 learned_addr learned my addr 172.21.15.43:0/1515325350 (peer_addr_for_me v2:172.21.15.43:0/0)
2023-08-30T14:11:55.389 INFO:teuthology.orchestra.run.smithi043.stderr:/usr/bin/ceph:
2023-08-30T14:11:55.385+0000 7f4f88df7700 1 -- 172.21.15.43:0/1515325350 --> [v2:172.21.15.43:3300/0,v1:172.21.15.43:6789/0] -- mon_subscribe({config=0+,monmap=0+}) v3 -- 0x7f4f840fc8c0 con 0x7f4f840fbe70
2023-08-30T14:11:55.389 INFO:teuthology.orchestra.run.smithi043.stderr:/usr/bin/ceph:
2023-08-30T14:11:55.385+0000 7f4f88df7700 1 --2- 172.21.15.43:0/1515325350 >> [v2:172.21.15.43:3300/0,v1:172.21.15.43:6789/0] conn(0x7f4f840fbe70 0x7f4f840fc290 secure :-1 s=READY pgs=74 cs=0 l=1 rev1=1 rx=0x7f4f78009730 tx=0x7f4f780090f0).ready entity=mon.0 client_cookie=b1dfbf1c697b9762 server_cookie=0 in_seq=0 out_seq=0
2023-08-30T14:11:55.391 INFO:teuthology.orchestra.run.smithi043.stderr:/usr/bin/ceph:
2023-08-30T14:11:55.386+0000 7f4f837fe700 1 -- 172.21.15.43:0/1515325350 <== mon.0 v2:172.21.15.43:3300/0 1 ==== mon_map magic: 0 v1 ==== 229+0+0 (secure 0 0 0) 0x7f4f7800b6e0 con 0x7f4f840fbe70
2023-08-30T14:11:55.392 INFO:teuthology.orchestra.run.smithi043.stderr:/usr/bin/ceph:
2023-08-30T14:11:55.386+0000 7f4f837fe700 1 -- 172.21.15.43:0/1515325350 <== mon.0 v2:172.21.15.43:3300/0 2 ==== config(25 keys) v1 ==== 1046+0+0 (secure 0 0 0) 0x7f4f7800bcd0 con 0x7f4f840fbe70
2023-08-30T14:11:55.392 INFO:teuthology.orchestra.run.smithi043.stderr:/usr/bin/ceph:
2023-08-30T14:11:55.386+0000 7f4f837fe700 1 -- 172.21.15.43:0/1515325350 <== mon.0 v2:172.21.15.43:3300/0 3 ==== mon_map magic: 0 v1 ==== 229+0+0 (secure 0 0 0) 0x7f4f78011cb0 con 0x7f4f840fbe70
2023-08-30T14:11:55.392 INFO:teuthology.orchestra.run.smithi043.stderr:/usr/bin/ceph:
2023-08-30T14:11:55.386+0000 7f4f8b05b700 1 -- 172.21.15.43:0/1515325350 >> [v2:172.21.15.43:3300/0,v1:172.21.15.43:6789/0] conn(0x7f4f840fbe70 msgr2=0x7f4f840fc290 secure :-1 s=STATE_CONNECTION_ESTABLISHED l=1).mark_down
2023-08-30T14:11:55.392 INFO:teuthology.orchestra.run.smithi043.stderr:/usr/bin/ceph:
2023-08-30T14:11:55.386+0000 7f4f8b05b700 1 --2- 172.21.15.43:0/1515325350 >> [v2:172.21.15.43:3300/0,v1:172.21.15.43:6789/0] conn(0x7f4f840fbe70 0x7f4f840fc290 secure :-1 s=READY pgs=74 cs=0 l=1 rev1=1 rx=0x7f4f78009730 tx=0x7f4f780090f0).stop
2023-08-30T14:11:55.393 INFO:teuthology.orchestra.run.smithi043.stderr:/usr/bin/ceph:
2023-08-30T14:11:55.386+0000 7f4f8b05b700 1 -- 172.21.15.43:0/1515325350 shutdown_connections
2023-08-30T14:11:55.393 INFO:teuthology.orchestra.run.smithi043.stderr:/usr/bin/ceph:
2023-08-30T14:11:55.386+0000 7f4f8b05b700 1 --2- 172.21.15.43:0/1515325350 >> [v2:172.21.15.43:3300/0,v1:172.21.15.43:6789/0] conn(0x7f4f840fbe70 0x7f4f840fc290 unknown :-1 s=CLOSED pgs=74 cs=0 l=1 rev1=1 rx=0 tx=0).stop
2023-08-30T14:11:55.393 INFO:teuthology.orchestra.run.smithi043.stderr:/usr/bin/ceph:
2023-08-30T14:11:55.386+0000 7f4f8b05b700 1 -- 172.21.15.43:0/1515325350 >> 172.21.15.43:0/1515325350 conn(0x7f4f840f75f0 msgr2=0x7f4f840f9a10 unknown :-1 s=STATE_NONE l=0).mark_down
2023-08-30T14:11:55.393 INFO:teuthology.orchestra.run.smithi043.stderr:/usr/bin/ceph:
2023-08-30T14:11:55.387+0000 7f4f8b05b700 1 -- 172.21.15.43:0/1515325350 shutdown_connections
2023-08-30T14:11:55.393 INFO:teuthology.orchestra.run.smithi043.stderr:/usr/bin/ceph:
2023-08-30T14:11:55.387+0000 7f4f8b05b700 1 -- 172.21.15.43:0/1515325350 wait complete.
2023-08-30T14:11:55.394 INFO:teuthology.orchestra.run.smithi043.stderr:/usr/bin/ceph:
2023-08-30T14:11:55.387+0000 7f4f8b05b700 1 Processor -- start
2023-08-30T14:11:55.394 INFO:teuthology.orchestra.run.smithi043.stderr:/usr/bin/ceph:
2023-08-30T14:11:55.388+0000 7f4f8b05b700 1 -- start start
2023-08-30T14:11:55.394 INFO:teuthology.orchestra.run.smithi043.stderr:/usr/bin/ceph:
2023-08-30T14:11:55.388+0000 7f4f8b05b700 1 --2- >> [v2:172.21.15.43:3300/0,v1:172.21.15.43:6789/0] conn(0x7f4f840fbe70 0x7f4f8410df50 unknown :-1 s=NONE pgs=0 cs=0 l=1 rev1=0 rx=0 tx=0).connect
2023-08-30T14:11:55.394 INFO:teuthology.orchestra.run.smithi043.stderr:/usr/bin/ceph:
2023-08-30T14:11:55.388+0000 7f4f8b05b700 1 -- --> [v2:172.21.15.43:3300/0,v1:172.21.15.43:6789/0] -- mon_getmap magic: 0 v1 -- 0x7f4f8410e440 con 0x7f4f840fbe70
2023-08-30T14:11:55.394 INFO:teuthology.orchestra.run.smithi043.stderr:/usr/bin/ceph:
2023-08-30T14:11:55.388+0000 7f4f88df7700 1 --2- >> [v2:172.21.15.43:3300/0,v1:172.21.15.43:6789/0] conn(0x7f4f840fbe70 0x7f4f8410df50 unknown :-1 s=BANNER_CONNECTING pgs=0 cs=0 l=1 rev1=0 rx=0 tx=0)._handle_peer_banner_payload supported=1 required=0
2023-08-30T14:11:55.395 INFO:teuthology.orchestra.run.smithi043.stderr:/usr/bin/ceph:
2023-08-30T14:11:55.388+0000 7f4f88df7700 1 --2- >> [v2:172.21.15.43:3300/0,v1:172.21.15.43:6789/0] conn(0x7f4f840fbe70 0x7f4f8410df50 unknown :-1 s=HELLO_CONNECTING pgs=0 cs=0 l=1 rev1=1 rx=0 tx=0).handle_hello peer v2:172.21.15.43:3300/0 says I am v2:172.21.15.43:37368/0 (socket says 172.21.15.43:37368)
2023-08-30T14:11:55.395 INFO:teuthology.orchestra.run.smithi043.stderr:/usr/bin/ceph:
2023-08-30T14:11:55.388+0000 7f4f88df7700 1 -- 172.21.15.43:0/2207214278 learned_addr learned my addr 172.21.15.43:0/2207214278 (peer_addr_for_me v2:172.21.15.43:0/0)
2023-08-30T14:11:55.395 INFO:teuthology.orchestra.run.smithi043.stderr:/usr/bin/ceph:
2023-08-30T14:11:55.389+0000 7f4f88df7700 1 -- 172.21.15.43:0/2207214278 --> [v2:172.21.15.43:3300/0,v1:172.21.15.43:6789/0] -- mon_subscribe({config=0+,monmap=0+}) v3 -- 0x7f4f78009370 con 0x7f4f840fbe70
2023-08-30T14:11:55.395 INFO:teuthology.orchestra.run.smithi043.stderr:/usr/bin/ceph:
2023-08-30T14:11:55.389+0000 7f4f88df7700 1 --2- 172.21.15.43:0/2207214278 >> [v2:172.21.15.43:3300/0,v1:172.21.15.43:6789/0] conn(0x7f4f840fbe70 0x7f4f8410df50 secure :-1 s=READY pgs=75 cs=0 l=1 rev1=1 rx=0x7f4f780118b0 tx=0x7f4f780090f0).ready entity=mon.0 client_cookie=0 server_cookie=0 in_seq=0 out_seq=0
2023-08-30T14:11:55.396 INFO:teuthology.orchestra.run.smithi043.stderr:/usr/bin/ceph:
2023-08-30T14:11:55.389+0000 7f4f817fa700 1 -- 172.21.15.43:0/2207214278 <== mon.0 v2:172.21.15.43:3300/0 1 ==== mon_map magic: 0 v1 ==== 229+0+0 (secure 0 0 0) 0x7f4f7800be40 con 0x7f4f840fbe70
2023-08-30T14:11:55.396 INFO:teuthology.orchestra.run.smithi043.stderr:/usr/bin/ceph:
2023-08-30T14:11:55.389+0000 7f4f817fa700 1 -- 172.21.15.43:0/2207214278 <== mon.0 v2:172.21.15.43:3300/0 2 ==== config(25 keys) v1 ==== 1046+0+0 (secure 0 0 0) 0x7f4f7800bad0 con 0x7f4f840fbe70
2023-08-30T14:11:55.396 INFO:teuthology.orchestra.run.smithi043.stderr:/usr/bin/ceph:
2023-08-30T14:11:55.389+0000 7f4f8b05b700 1 -- 172.21.15.43:0/2207214278 --> [v2:172.21.15.43:3300/0,v1:172.21.15.43:6789/0] -- mon_subscribe({mgrmap=0+}) v3 -- 0x7f4f8410e640 con 0x7f4f840fbe70
2023-08-30T14:11:55.396 INFO:teuthology.orchestra.run.smithi043.stderr:/usr/bin/ceph:
2023-08-30T14:11:55.389+0000 7f4f817fa700 1 -- 172.21.15.43:0/2207214278 <== mon.0 v2:172.21.15.43:3300/0 3 ==== mon_map magic: 0 v1 ==== 229+0+0 (secure 0 0 0) 0x7f4f7801aaa0 con 0x7f4f840fbe70
2023-08-30T14:11:55.398 INFO:teuthology.orchestra.run.smithi043.stderr:/usr/bin/ceph:
2023-08-30T14:11:55.389+0000 7f4f8b05b700 1 -- 172.21.15.43:0/2207214278 --> [v2:172.21.15.43:3300/0,v1:172.21.15.43:6789/0] -- mon_subscribe({osdmap=0}) v3 -- 0x7f4f8410ea50 con 0x7f4f840fbe70
2023-08-30T14:11:55.398 INFO:teuthology.orchestra.run.smithi043.stderr:/usr/bin/ceph:
2023-08-30T14:11:55.390+0000 7f4f8b05b700 1 -- 172.21.15.43:0/2207214278 --> [v2:172.21.15.43:3300/0,v1:172.21.15.43:6789/0] -- mon_command({"prefix": "get_command_descriptions"} v 0) v1 -- 0x7f4f84046c20 con 0x7f4f840fbe70
2023-08-30T14:11:55.398 INFO:teuthology.orchestra.run.smithi043.stderr:/usr/bin/ceph:
2023-08-30T14:11:55.391+0000 7f4f817fa700 1 -- 172.21.15.43:0/2207214278 <== mon.0 v2:172.21.15.43:3300/0 4 ==== mgrmap(e 11) v1 ==== 38452+0+0 (secure 0 0 0) 0x7f4f7801ad10 con 0x7f4f840fbe70
2023-08-30T14:11:55.399 INFO:teuthology.orchestra.run.smithi043.stderr:/usr/bin/ceph:
2023-08-30T14:11:55.391+0000 7f4f817fa700 1 --2- 172.21.15.43:0/2207214278 >> [v2:172.21.15.43:6800/2748537595,v1:172.21.15.43:6801/2748537595] conn(0x7f4f740323f0 0x7f4f740348b0 unknown :-1 s=NONE pgs=0 cs=0 l=1 rev1=0 rx=0 tx=0).connect
2023-08-30T14:11:55.399 INFO:teuthology.orchestra.run.smithi043.stderr:/usr/bin/ceph:
2023-08-30T14:11:55.391+0000 7f4f817fa700 1 -- 172.21.15.43:0/2207214278 <== mon.0 v2:172.21.15.43:3300/0 5 ==== osd_map(3..3 src has 1..3) v4 ==== 1065+0+0 (secure 0 0 0) 0x7f4f78044a80 con 0x7f4f840fbe70
2023-08-30T14:11:55.399 INFO:teuthology.orchestra.run.smithi043.stderr:/usr/bin/ceph:
2023-08-30T14:11:55.391+0000 7f4f83fff700 1 --2- 172.21.15.43:0/2207214278 >> [v2:172.21.15.43:6800/2748537595,v1:172.21.15.43:6801/2748537595] conn(0x7f4f740323f0 0x7f4f740348b0 unknown :-1 s=BANNER_CONNECTING pgs=0 cs=0 l=1 rev1=0 rx=0 tx=0)._handle_peer_banner_payload supported=1 required=0
2023-08-30T14:11:55.400 INFO:teuthology.orchestra.run.smithi043.stderr:/usr/bin/ceph:
2023-08-30T14:11:55.392+0000 7f4f83fff700 1 --2- 172.21.15.43:0/2207214278 >> [v2:172.21.15.43:6800/2748537595,v1:172.21.15.43:6801/2748537595] conn(0x7f4f740323f0 0x7f4f740348b0 secure :-1 s=READY pgs=6 cs=0 l=1 rev1=1 rx=0x7f4f70009780 tx=0x7f4f70006cc0).ready entity=mgr.14158 client_cookie=0 server_cookie=0 in_seq=0 out_seq=0
2023-08-30T14:11:55.400 INFO:teuthology.orchestra.run.smithi043.stderr:/usr/bin/ceph:
2023-08-30T14:11:55.396+0000 7f4f817fa700 1 -- 172.21.15.43:0/2207214278 <== mon.0 v2:172.21.15.43:3300/0 6 ==== mon_command_ack([{"prefix": "get_command_descriptions"}]=0 v0) v1 ==== 72+0+163129 (secure 0 0 0) 0x7f4f7802c3f0 con 0x7f4f840fbe70
2023-08-30T14:11:55.610 INFO:teuthology.orchestra.run.smithi043.stderr:/usr/bin/ceph:
2023-08-30T14:11:55.607+0000 7f4f8b05b700 1 -- 172.21.15.43:0/2207214278 --> [v2:172.21.15.43:6800/2748537595,v1:172.21.15.43:6801/2748537595] -- mgr_command(tid 0: {"prefix": "dashboard create-self-signed-cert", "target": ["mon-mgr", ""]}) v1 -- 0x7f4f8410f390 con 0x7f4f740323f0
2023-08-30T14:11:55.655 INFO:teuthology.orchestra.run.smithi043.stderr:/usr/bin/ceph:
2023-08-30T14:11:55.652+0000 7f4f817fa700 1 -- 172.21.15.43:0/2207214278 <== mgr.14158 v2:172.21.15.43:6800/2748537595 1 ==== mgr_command_reply(tid 0: 0 ) v1 ==== 8+0+32 (secure 0 0 0) 0x7f4f8410f390 con 0x7f4f740323f0
2023-08-30T14:11:55.655 INFO:teuthology.orchestra.run.smithi043.stderr:/usr/bin/ceph: Self-signed certificate created
2023-08-30T14:11:55.657 INFO:teuthology.orchestra.run.smithi043.stderr:/usr/bin/ceph:
2023-08-30T14:11:55.655+0000 7f4f8b05b700 1 -- 172.21.15.43:0/2207214278 >> [v2:172.21.15.43:6800/2748537595,v1:172.21.15.43:6801/2748537595] conn(0x7f4f740323f0 msgr2=0x7f4f740348b0 secure :-1 s=STATE_CONNECTION_ESTABLISHED l=1).mark_down
2023-08-30T14:11:55.658 INFO:teuthology.orchestra.run.smithi043.stderr:/usr/bin/ceph:
2023-08-30T14:11:55.655+0000 7f4f8b05b700 1 --2- 172.21.15.43:0/2207214278 >> [v2:172.21.15.43:6800/2748537595,v1:172.21.15.43:6801/2748537595] conn(0x7f4f740323f0 0x7f4f740348b0 secure :-1 s=READY pgs=6 cs=0 l=1 rev1=1 rx=0x7f4f70009780 tx=0x7f4f70006cc0).stop
2023-08-30T14:11:55.658 INFO:teuthology.orchestra.run.smithi043.stderr:/usr/bin/ceph:
2023-08-30T14:11:55.655+0000 7f4f8b05b700 1 -- 172.21.15.43:0/2207214278 >> [v2:172.21.15.43:3300/0,v1:172.21.15.43:6789/0] conn(0x7f4f840fbe70 msgr2=0x7f4f8410df50 secure :-1 s=STATE_CONNECTION_ESTABLISHED l=1).mark_down
2023-08-30T14:11:55.658 INFO:teuthology.orchestra.run.smithi043.stderr:/usr/bin/ceph:
2023-08-30T14:11:55.655+0000 7f4f8b05b700 1 --2- 172.21.15.43:0/2207214278 >> [v2:172.21.15.43:3300/0,v1:172.21.15.43:6789/0] conn(0x7f4f840fbe70 0x7f4f8410df50 secure :-1 s=READY pgs=75 cs=0 l=1 rev1=1 rx=0x7f4f780118b0 tx=0x7f4f780090f0).stop
2023-08-30T14:11:55.658 INFO:teuthology.orchestra.run.smithi043.stderr:/usr/bin/ceph:
2023-08-30T14:11:55.655+0000 7f4f8b05b700 1 -- 172.21.15.43:0/2207214278 shutdown_connections
2023-08-30T14:11:55.659 INFO:teuthology.orchestra.run.smithi043.stderr:/usr/bin/ceph:
2023-08-30T14:11:55.655+0000 7f4f8b05b700 1 --2- 172.21.15.43:0/2207214278 >> [v2:172.21.15.43:6800/2748537595,v1:172.21.15.43:6801/2748537595] conn(0x7f4f740323f0 0x7f4f740348b0 unknown :-1 s=CLOSED pgs=6 cs=0 l=1 rev1=1 rx=0 tx=0).stop
2023-08-30T14:11:55.659 INFO:teuthology.orchestra.run.smithi043.stderr:/usr/bin/ceph:
2023-08-30T14:11:55.655+0000 7f4f8b05b700 1 --2- 172.21.15.43:0/2207214278 >> [v2:172.21.15.43:3300/0,v1:172.21.15.43:6789/0] conn(0x7f4f840fbe70 0x7f4f8410df50 unknown :-1 s=CLOSED pgs=75 cs=0 l=1 rev1=1 rx=0 tx=0).stop
2023-08-30T14:11:55.660 INFO:teuthology.orchestra.run.smithi043.stderr:/usr/bin/ceph:
2023-08-30T14:11:55.655+0000 7f4f8b05b700 1 -- 172.21.15.43:0/2207214278 >> 172.21.15.43:0/2207214278 conn(0x7f4f840f75f0 msgr2=0x7f4f84071830 unknown :-1 s=STATE_NONE l=0).mark_down
2023-08-30T14:11:55.660 INFO:teuthology.orchestra.run.smithi043.stderr:/usr/bin/ceph:
2023-08-30T14:11:55.655+0000 7f4f8b05b700 1 -- 172.21.15.43:0/2207214278 shutdown_connections
2023-08-30T14:11:55.660 INFO:teuthology.orchestra.run.smithi043.stderr:/usr/bin/ceph:
2023-08-30T14:11:55.655+0000 7f4f8b05b700 1 -- 172.21.15.43:0/2207214278 wait complete.
2023-08-30T14:11:56.162 INFO:teuthology.orchestra.run.smithi043.stderr:Creating initial admin user...
2023-08-30T14:11:56.320 INFO:journalctl@ceph.mon.smithi043.smithi043.stdout:Aug 30 14:11:56 smithi043 ceph-f569f67a-473e-11ee-9ab2-7b867c8bd7da-mon-smithi043[106877]: audit
2023-08-30T14:11:54.527312+0000 mgr.smithi043.qnfmvz (mgr.14158) 1 : audit [DBG] from='client.14162 -' entity='client.admin' cmd=[{"prefix": "get_command_descriptions"}]: dispatch
2023-08-30T14:11:56.320 INFO:journalctl@ceph.mon.smithi043.smithi043.stdout:Aug 30 14:11:56 smithi043 ceph-f569f67a-473e-11ee-9ab2-7b867c8bd7da-mon-smithi043[106877]: audit
2023-08-30T14:11:54.535064+0000 mgr.smithi043.qnfmvz (mgr.14158) 2 : audit [DBG] from='client.14162 -' entity='client.admin' cmd=[{"prefix": "mgr_status"}]: dispatch
2023-08-30T14:11:56.320 INFO:journalctl@ceph.mon.smithi043.smithi043.stdout:Aug 30 14:11:56 smithi043 ceph-f569f67a-473e-11ee-9ab2-7b867c8bd7da-mon-smithi043[106877]: audit
2023-08-30T14:11:55.017458+0000 mon.smithi043 (mon.0) 87 : audit [INF] from='mgr.14158 172.21.15.43:0/582253184' entity='mgr.smithi043.qnfmvz'
2023-08-30T14:11:56.320 INFO:journalctl@ceph.mon.smithi043.smithi043.stdout:Aug 30 14:11:56 smithi043 ceph-f569f67a-473e-11ee-9ab2-7b867c8bd7da-mon-smithi043[106877]: audit
2023-08-30T14:11:55.651163+0000 mon.smithi043 (mon.0) 88 : audit [INF] from='mgr.14158 172.21.15.43:0/582253184' entity='mgr.smithi043.qnfmvz'
2023-08-30T14:11:56.320 INFO:journalctl@ceph.mon.smithi043.smithi043.stdout:Aug 30 14:11:56 smithi043 ceph-f569f67a-473e-11ee-9ab2-7b867c8bd7da-mon-smithi043[106877]: audit
2023-08-30T14:11:55.653214+0000 mon.smithi043 (mon.0) 89 : audit [INF] from='mgr.14158 172.21.15.43:0/582253184' entity='mgr.smithi043.qnfmvz'
2023-08-30T14:11:56.715 INFO:teuthology.orchestra.run.smithi043.stderr:/usr/bin/ceph:
2023-08-30T14:11:56.712+0000 7f4265391700 1 Processor -- start
2023-08-30T14:11:56.716 INFO:teuthology.orchestra.run.smithi043.stderr:/usr/bin/ceph:
2023-08-30T14:11:56.712+0000 7f4265391700 1 -- start start
2023-08-30T14:11:56.716 INFO:teuthology.orchestra.run.smithi043.stderr:/usr/bin/ceph:
2023-08-30T14:11:56.713+0000 7f4265391700 1 --2- >> [v2:172.21.15.43:3300/0,v1:172.21.15.43:6789/0] conn(0x7f4260071c20 0x7f42600ffb70 unknown :-1 s=NONE pgs=0 cs=0 l=0 rev1=0 rx=0 tx=0).connect
2023-08-30T14:11:56.716 INFO:teuthology.orchestra.run.smithi043.stderr:/usr/bin/ceph:
2023-08-30T14:11:56.713+0000 7f4265391700 1 -- --> [v2:172.21.15.43:3300/0,v1:172.21.15.43:6789/0] -- mon_getmap magic: 0 v1 -- 0x7f4260100060 con 0x7f4260071c20
2023-08-30T14:11:56.718 INFO:teuthology.orchestra.run.smithi043.stderr:/usr/bin/ceph:
2023-08-30T14:11:56.713+0000 7f425effd700 1 --2- >> [v2:172.21.15.43:3300/0,v1:172.21.15.43:6789/0] conn(0x7f4260071c20 0x7f42600ffb70 unknown :-1 s=BANNER_CONNECTING pgs=0 cs=0 l=0 rev1=0 rx=0 tx=0)._handle_peer_banner_payload supported=1 required=0
2023-08-30T14:11:56.718 INFO:teuthology.orchestra.run.smithi043.stderr:/usr/bin/ceph:
2023-08-30T14:11:56.713+0000 7f425effd700 1 --2- >> [v2:172.21.15.43:3300/0,v1:172.21.15.43:6789/0] conn(0x7f4260071c20 0x7f42600ffb70 unknown :-1 s=HELLO_CONNECTING pgs=0 cs=0 l=0 rev1=1 rx=0 tx=0).handle_hello peer v2:172.21.15.43:3300/0 says I am v2:172.21.15.43:37382/0 (socket says 172.21.15.43:37382)
2023-08-30T14:11:56.718 INFO:teuthology.orchestra.run.smithi043.stderr:/usr/bin/ceph:
2023-08-30T14:11:56.713+0000 7f425effd700 1 -- 172.21.15.43:0/1327091545 learned_addr learned my addr 172.21.15.43:0/1327091545 (peer_addr_for_me v2:172.21.15.43:0/0)
2023-08-30T14:11:56.718 INFO:teuthology.orchestra.run.smithi043.stderr:/usr/bin/ceph:
2023-08-30T14:11:56.713+0000 7f425effd700 1 -- 172.21.15.43:0/1327091545 --> [v2:172.21.15.43:3300/0,v1:172.21.15.43:6789/0] -- mon_subscribe({config=0+,monmap=0+}) v3 -- 0x7f42601001a0 con 0x7f4260071c20
2023-08-30T14:11:56.718 INFO:teuthology.orchestra.run.smithi043.stderr:/usr/bin/ceph:
2023-08-30T14:11:56.714+0000 7f425effd700 1 --2- 172.21.15.43:0/1327091545 >> [v2:172.21.15.43:3300/0,v1:172.21.15.43:6789/0] conn(0x7f4260071c20 0x7f42600ffb70 secure :-1 s=READY pgs=76 cs=0 l=1 rev1=1 rx=0x7f4250009730 tx=0x7f42500090f0).ready entity=mon.0 client_cookie=b2ee28cc17baf3b2 server_cookie=0 in_seq=0 out_seq=0
2023-08-30T14:11:56.719 INFO:teuthology.orchestra.run.smithi043.stderr:/usr/bin/ceph:
2023-08-30T14:11:56.714+0000 7f425dffb700 1 -- 172.21.15.43:0/1327091545 <== mon.0 v2:172.21.15.43:3300/0 1 ==== mon_map magic: 0 v1 ==== 229+0+0 (secure 0 0 0) 0x7f425000b770 con 0x7f4260071c20
2023-08-30T14:11:56.719 INFO:teuthology.orchestra.run.smithi043.stderr:/usr/bin/ceph:
2023-08-30T14:11:56.714+0000 7f425dffb700 1 -- 172.21.15.43:0/1327091545 <== mon.0 v2:172.21.15.43:3300/0 2 ==== config(25 keys) v1 ==== 1046+0+0 (secure 0 0 0) 0x7f425000bd60 con 0x7f4260071c20
2023-08-30T14:11:56.719 INFO:teuthology.orchestra.run.smithi043.stderr:/usr/bin/ceph:
2023-08-30T14:11:56.714+0000 7f425dffb700 1 -- 172.21.15.43:0/1327091545 <== mon.0 v2:172.21.15.43:3300/0 3 ==== mon_map magic: 0 v1 ==== 229+0+0 (secure 0 0 0) 0x7f4250011d90 con 0x7f4260071c20
2023-08-30T14:11:56.719 INFO:teuthology.orchestra.run.smithi043.stderr:/usr/bin/ceph:
2023-08-30T14:11:56.715+0000 7f4265391700 1 -- 172.21.15.43:0/1327091545 >> [v2:172.21.15.43:3300/0,v1:172.21.15.43:6789/0] conn(0x7f4260071c20 msgr2=0x7f42600ffb70 secure :-1 s=STATE_CONNECTION_ESTABLISHED l=1).mark_down
2023-08-30T14:11:56.719 INFO:teuthology.orchestra.run.smithi043.stderr:/usr/bin/ceph:
2023-08-30T14:11:56.715+0000 7f4265391700 1 --2- 172.21.15.43:0/1327091545 >> [v2:172.21.15.43:3300/0,v1:172.21.15.43:6789/0] conn(0x7f4260071c20 0x7f42600ffb70 secure :-1 s=READY pgs=76 cs=0 l=1 rev1=1 rx=0x7f4250009730 tx=0x7f42500090f0).stop
2023-08-30T14:11:56.720 INFO:teuthology.orchestra.run.smithi043.stderr:/usr/bin/ceph:
2023-08-30T14:11:56.715+0000 7f4265391700 1 -- 172.21.15.43:0/1327091545 shutdown_connections
2023-08-30T14:11:56.720 INFO:teuthology.orchestra.run.smithi043.stderr:/usr/bin/ceph:
2023-08-30T14:11:56.715+0000 7f4265391700 1 --2- 172.21.15.43:0/1327091545 >> [v2:172.21.15.43:3300/0,v1:172.21.15.43:6789/0] conn(0x7f4260071c20 0x7f42600ffb70 unknown :-1 s=CLOSED pgs=76 cs=0 l=1 rev1=1 rx=0 tx=0).stop
2023-08-30T14:11:56.720 INFO:teuthology.orchestra.run.smithi043.stderr:/usr/bin/ceph:
2023-08-30T14:11:56.715+0000 7f4265391700 1 -- 172.21.15.43:0/1327091545 >> 172.21.15.43:0/1327091545 conn(0x7f42600f75f0 msgr2=0x7f42600f9a10 unknown :-1 s=STATE_NONE l=0).mark_down
2023-08-30T14:11:56.720 INFO:teuthology.orchestra.run.smithi043.stderr:/usr/bin/ceph:
2023-08-30T14:11:56.715+0000 7f4265391700 1 -- 172.21.15.43:0/1327091545 shutdown_connections
2023-08-30T14:11:56.720 INFO:teuthology.orchestra.run.smithi043.stderr:/usr/bin/ceph:
2023-08-30T14:11:56.715+0000 7f4265391700 1 -- 172.21.15.43:0/1327091545 wait complete.
2023-08-30T14:11:56.722 INFO:teuthology.orchestra.run.smithi043.stderr:/usr/bin/ceph:
2023-08-30T14:11:56.716+0000 7f4265391700 1 Processor -- start
2023-08-30T14:11:56.722 INFO:teuthology.orchestra.run.smithi043.stderr:/usr/bin/ceph:
2023-08-30T14:11:56.716+0000 7f4265391700 1 -- start start
2023-08-30T14:11:56.723 INFO:teuthology.orchestra.run.smithi043.stderr:/usr/bin/ceph:
2023-08-30T14:11:56.717+0000 7f4265391700 1 --2- >> [v2:172.21.15.43:3300/0,v1:172.21.15.43:6789/0] conn(0x7f4260071c20 0x7f426010dfd0 unknown :-1 s=NONE pgs=0 cs=0 l=1 rev1=0 rx=0 tx=0).connect
2023-08-30T14:11:56.723 INFO:teuthology.orchestra.run.smithi043.stderr:/usr/bin/ceph:
2023-08-30T14:11:56.717+0000 7f4265391700 1 -- --> [v2:172.21.15.43:3300/0,v1:172.21.15.43:6789/0] -- mon_getmap magic: 0 v1 -- 0x7f426010e4c0 con 0x7f4260071c20
2023-08-30T14:11:56.723 INFO:teuthology.orchestra.run.smithi043.stderr:/usr/bin/ceph:
2023-08-30T14:11:56.717+0000 7f425effd700 1 --2- >> [v2:172.21.15.43:3300/0,v1:172.21.15.43:6789/0] conn(0x7f4260071c20 0x7f426010dfd0 unknown :-1 s=BANNER_CONNECTING pgs=0 cs=0 l=1 rev1=0 rx=0 tx=0)._handle_peer_banner_payload supported=1 required=0
2023-08-30T14:11:56.723 INFO:teuthology.orchestra.run.smithi043.stderr:/usr/bin/ceph:
2023-08-30T14:11:56.717+0000 7f425effd700 1 --2- >> [v2:172.21.15.43:3300/0,v1:172.21.15.43:6789/0] conn(0x7f4260071c20 0x7f426010dfd0 unknown :-1 s=HELLO_CONNECTING pgs=0 cs=0 l=1 rev1=1 rx=0 tx=0).handle_hello peer v2:172.21.15.43:3300/0 says I am v2:172.21.15.43:37390/0 (socket says 172.21.15.43:37390)
2023-08-30T14:11:56.724 INFO:teuthology.orchestra.run.smithi043.stderr:/usr/bin/ceph:
2023-08-30T14:11:56.717+0000 7f425effd700 1 -- 172.21.15.43:0/1200145438 learned_addr learned my addr 172.21.15.43:0/1200145438 (peer_addr_for_me v2:172.21.15.43:0/0)
2023-08-30T14:11:56.724 INFO:teuthology.orchestra.run.smithi043.stderr:/usr/bin/ceph:
2023-08-30T14:11:56.717+0000 7f425effd700 1 -- 172.21.15.43:0/1200145438 --> [v2:172.21.15.43:3300/0,v1:172.21.15.43:6789/0] -- mon_subscribe({config=0+,monmap=0+}) v3 -- 0x7f4250009370 con 0x7f4260071c20
2023-08-30T14:11:56.724 INFO:teuthology.orchestra.run.smithi043.stderr:/usr/bin/ceph:
2023-08-30T14:11:56.718+0000 7f425effd700 1 --2- 172.21.15.43:0/1200145438 >> [v2:172.21.15.43:3300/0,v1:172.21.15.43:6789/0] conn(0x7f4260071c20 0x7f426010dfd0 secure :-1 s=READY pgs=77 cs=0 l=1 rev1=1 rx=0x7f4250009f00 tx=0x7f42500090f0).ready entity=mon.0 client_cookie=0 server_cookie=0 in_seq=0 out_seq=0
2023-08-30T14:11:56.725 INFO:teuthology.orchestra.run.smithi043.stderr:/usr/bin/ceph:
2023-08-30T14:11:56.718+0000 7f42477fe700 1 -- 172.21.15.43:0/1200145438 <== mon.0 v2:172.21.15.43:3300/0 1 ==== mon_map magic: 0 v1 ==== 229+0+0 (secure 0 0 0) 0x7f4250011bb0 con 0x7f4260071c20
2023-08-30T14:11:56.725 INFO:teuthology.orchestra.run.smithi043.stderr:/usr/bin/ceph:
2023-08-30T14:11:56.718+0000 7f42477fe700 1 -- 172.21.15.43:0/1200145438 <== mon.0 v2:172.21.15.43:3300/0 2 ==== config(25 keys) v1 ==== 1046+0+0 (secure 0 0 0) 0x7f425000bbc0 con 0x7f4260071c20
2023-08-30T14:11:56.725 INFO:teuthology.orchestra.run.smithi043.stderr:/usr/bin/ceph:
2023-08-30T14:11:56.718+0000 7f4265391700 1 -- 172.21.15.43:0/1200145438 --> [v2:172.21.15.43:3300/0,v1:172.21.15.43:6789/0] -- mon_subscribe({mgrmap=0+}) v3 -- 0x7f426010e6c0 con 0x7f4260071c20
2023-08-30T14:11:56.726 INFO:teuthology.orchestra.run.smithi043.stderr:/usr/bin/ceph:
2023-08-30T14:11:56.718+0000 7f42477fe700 1 -- 172.21.15.43:0/1200145438 <== mon.0 v2:172.21.15.43:3300/0 3 ==== mon_map magic: 0 v1 ==== 229+0+0 (secure 0 0 0) 0x7f425001ab20 con 0x7f4260071c20
2023-08-30T14:11:56.726 INFO:teuthology.orchestra.run.smithi043.stderr:/usr/bin/ceph:
2023-08-30T14:11:56.718+0000 7f4265391700 1 -- 172.21.15.43:0/1200145438 --> [v2:172.21.15.43:3300/0,v1:172.21.15.43:6789/0] -- mon_subscribe({osdmap=0}) v3 -- 0x7f426010ead0 con 0x7f4260071c20
2023-08-30T14:11:56.726 INFO:teuthology.orchestra.run.smithi043.stderr:/usr/bin/ceph:
2023-08-30T14:11:56.719+0000 7f42477fe700 1 -- 172.21.15.43:0/1200145438 <== mon.0 v2:172.21.15.43:3300/0 4 ==== mgrmap(e 12) v1 ==== 38558+0+0 (secure 0 0 0) 0x7f42500108b0 con 0x7f4260071c20
2023-08-30T14:11:56.727 INFO:teuthology.orchestra.run.smithi043.stderr:/usr/bin/ceph:
2023-08-30T14:11:56.720+0000 7f4265391700 1 -- 172.21.15.43:0/1200145438 --> [v2:172.21.15.43:3300/0,v1:172.21.15.43:6789/0] -- mon_command({"prefix": "get_command_descriptions"} v 0) v1 -- 0x7f4260046c20 con 0x7f4260071c20
2023-08-30T14:11:56.727 INFO:teuthology.orchestra.run.smithi043.stderr:/usr/bin/ceph:
2023-08-30T14:11:56.720+0000 7f42477fe700 1 --2- 172.21.15.43:0/1200145438 >> [v2:172.21.15.43:6800/2748537595,v1:172.21.15.43:6801/2748537595] conn(0x7f4248032490 0x7f4248034950 unknown :-1 s=NONE pgs=0 cs=0 l=1 rev1=0 rx=0 tx=0).connect
2023-08-30T14:11:56.727 INFO:teuthology.orchestra.run.smithi043.stderr:/usr/bin/ceph:
2023-08-30T14:11:56.720+0000 7f42477fe700 1 -- 172.21.15.43:0/1200145438 <== mon.0 v2:172.21.15.43:3300/0 5 ==== osd_map(3..3 src has 1..3) v4 ==== 1065+0+0 (secure 0 0 0) 0x7f4250044e10 con 0x7f4260071c20
2023-08-30T14:11:56.728 INFO:teuthology.orchestra.run.smithi043.stderr:/usr/bin/ceph:
2023-08-30T14:11:56.720+0000 7f425e7fc700 1 --2- 172.21.15.43:0/1200145438 >> [v2:172.21.15.43:6800/2748537595,v1:172.21.15.43:6801/2748537595] conn(0x7f4248032490 0x7f4248034950 unknown :-1 s=BANNER_CONNECTING pgs=0 cs=0 l=1 rev1=0 rx=0 tx=0)._handle_peer_banner_payload supported=1 required=0
2023-08-30T14:11:56.729 INFO:teuthology.orchestra.run.smithi043.stderr:/usr/bin/ceph:
2023-08-30T14:11:56.721+0000 7f425e7fc700 1 --2- 172.21.15.43:0/1200145438 >> [v2:172.21.15.43:6800/2748537595,v1:172.21.15.43:6801/2748537595] conn(0x7f4248032490 0x7f4248034950 secure :-1 s=READY pgs=7 cs=0 l=1 rev1=1 rx=0x7f4254009780 tx=0x7f4254006cc0).ready entity=mgr.14158 client_cookie=0 server_cookie=0 in_seq=0 out_seq=0
2023-08-30T14:11:56.729 INFO:teuthology.orchestra.run.smithi043.stderr:/usr/bin/ceph:
2023-08-30T14:11:56.725+0000 7f42477fe700 1 -- 172.21.15.43:0/1200145438 <== mon.0 v2:172.21.15.43:3300/0 6 ==== mon_command_ack([{"prefix": "get_command_descriptions"}]=0 v0) v1 ==== 72+0+163129 (secure 0 0 0) 0x7f4250018500 con 0x7f4260071c20
2023-08-30T14:11:56.924 INFO:teuthology.orchestra.run.smithi043.stderr:/usr/bin/ceph:
2023-08-30T14:11:56.922+0000 7f4265391700 1 -- 172.21.15.43:0/1200145438 --> [v2:172.21.15.43:6800/2748537595,v1:172.21.15.43:6801/2748537595] -- mgr_command(tid 0: {"prefix": "dashboard ac-user-create", "username": "admin", "rolename": "administrator", "force_password": true, "pwd_update_required": true, "target": ["mon-mgr", ""]}) v1 -- 0x7f4260108190 con 0x7f4248032490
2023-08-30T14:11:57.171 INFO:teuthology.orchestra.run.smithi043.stderr:/usr/bin/ceph:
2023-08-30T14:11:57.169+0000 7f42477fe700 1 -- 172.21.15.43:0/1200145438 <== mgr.14158 v2:172.21.15.43:6800/2748537595 1 ==== mgr_command_reply(tid 0: 0 ) v1 ==== 8+0+252 (secure 0 0 0) 0x7f4260108190 con 0x7f4248032490
2023-08-30T14:11:57.171 INFO:teuthology.orchestra.run.smithi043.stderr:/usr/bin/ceph: {"username": "admin", "password": "$2b$12$T8Dtr8q9gicOEoyZRZtv5u1ydEoCkBSCbHi5AhiI0AxzxqZmCmNlW", "roles": ["administrator"], "name": null, "email": null, "lastUpdate": 1693404717, "enabled": true, "pwdExpirationDate": null, "pwdUpdateRequired": true}
2023-08-30T14:11:57.174 INFO:teuthology.orchestra.run.smithi043.stderr:/usr/bin/ceph:
2023-08-30T14:11:57.171+0000 7f4265391700 1 -- 172.21.15.43:0/1200145438 >> [v2:172.21.15.43:6800/2748537595,v1:172.21.15.43:6801/2748537595] conn(0x7f4248032490 msgr2=0x7f4248034950 secure :-1 s=STATE_CONNECTION_ESTABLISHED l=1).mark_down
2023-08-30T14:11:57.174 INFO:teuthology.orchestra.run.smithi043.stderr:/usr/bin/ceph:
2023-08-30T14:11:57.171+0000 7f4265391700 1 --2- 172.21.15.43:0/1200145438 >> [v2:172.21.15.43:6800/2748537595,v1:172.21.15.43:6801/2748537595] conn(0x7f4248032490 0x7f4248034950 secure :-1 s=READY pgs=7 cs=0 l=1 rev1=1 rx=0x7f4254009780 tx=0x7f4254006cc0).stop
2023-08-30T14:11:57.175 INFO:teuthology.orchestra.run.smithi043.stderr:/usr/bin/ceph:
2023-08-30T14:11:57.171+0000 7f4265391700 1 -- 172.21.15.43:0/1200145438 >> [v2:172.21.15.43:3300/0,v1:172.21.15.43:6789/0] conn(0x7f4260071c20 msgr2=0x7f426010dfd0 secure :-1 s=STATE_CONNECTION_ESTABLISHED l=1).mark_down
2023-08-30T14:11:57.175 INFO:teuthology.orchestra.run.smithi043.stderr:/usr/bin/ceph:
2023-08-30T14:11:57.171+0000 7f4265391700 1 --2- 172.21.15.43:0/1200145438 >> [v2:172.21.15.43:3300/0,v1:172.21.15.43:6789/0] conn(0x7f4260071c20 0x7f426010dfd0 secure :-1 s=READY pgs=77 cs=0 l=1 rev1=1 rx=0x7f4250009f00 tx=0x7f42500090f0).stop
2023-08-30T14:11:57.175 INFO:teuthology.orchestra.run.smithi043.stderr:/usr/bin/ceph:
2023-08-30T14:11:57.171+0000 7f4265391700 1 -- 172.21.15.43:0/1200145438 shutdown_connections
2023-08-30T14:11:57.175 INFO:teuthology.orchestra.run.smithi043.stderr:/usr/bin/ceph:
2023-08-30T14:11:57.171+0000 7f4265391700 1 --2- 172.21.15.43:0/1200145438 >> [v2:172.21.15.43:6800/2748537595,v1:172.21.15.43:6801/2748537595] conn(0x7f4248032490 0x7f4248034950 unknown :-1 s=CLOSED pgs=7 cs=0 l=1 rev1=1 rx=0 tx=0).stop
2023-08-30T14:11:57.175 INFO:teuthology.orchestra.run.smithi043.stderr:/usr/bin/ceph:
2023-08-30T14:11:57.171+0000 7f4265391700 1 --2- 172.21.15.43:0/1200145438 >> [v2:172.21.15.43:3300/0,v1:172.21.15.43:6789/0] conn(0x7f4260071c20 0x7f426010dfd0 unknown :-1 s=CLOSED pgs=77 cs=0 l=1 rev1=1 rx=0 tx=0).stop
2023-08-30T14:11:57.176 INFO:teuthology.orchestra.run.smithi043.stderr:/usr/bin/ceph:
2023-08-30T14:11:57.171+0000 7f4265391700 1 -- 172.21.15.43:0/1200145438 >> 172.21.15.43:0/1200145438 conn(0x7f42600f75f0 msgr2=0x7f42600f90c0 unknown :-1 s=STATE_NONE l=0).mark_down
2023-08-30T14:11:57.176 INFO:teuthology.orchestra.run.smithi043.stderr:/usr/bin/ceph:
2023-08-30T14:11:57.171+0000 7f4265391700 1 -- 172.21.15.43:0/1200145438 shutdown_connections
2023-08-30T14:11:57.176 INFO:teuthology.orchestra.run.smithi043.stderr:/usr/bin/ceph:
2023-08-30T14:11:57.171+0000 7f4265391700 1 -- 172.21.15.43:0/1200145438 wait complete.
2023-08-30T14:11:57.513 INFO:teuthology.orchestra.run.smithi043.stderr:Fetching dashboard port number...
2023-08-30T14:11:57.519 INFO:journalctl@ceph.mon.smithi043.smithi043.stdout:Aug 30 14:11:57 smithi043 ceph-f569f67a-473e-11ee-9ab2-7b867c8bd7da-mon-smithi043[106877]: audit
2023-08-30T14:11:55.609555+0000 mgr.smithi043.qnfmvz (mgr.14158) 3 : audit [DBG] from='client.14168 -' entity='client.admin' cmd=[{"prefix": "dashboard create-self-signed-cert", "target": ["mon-mgr", ""]}]: dispatch
2023-08-30T14:11:57.519 INFO:journalctl@ceph.mon.smithi043.smithi043.stdout:Aug 30 14:11:57 smithi043 ceph-f569f67a-473e-11ee-9ab2-7b867c8bd7da-mon-smithi043[106877]: cluster
2023-08-30T14:11:56.365496+0000 mon.smithi043 (mon.0) 90 : cluster [DBG] mgrmap e12: smithi043.qnfmvz(active, since 2s)
2023-08-30T14:11:57.519 INFO:journalctl@ceph.mon.smithi043.smithi043.stdout:Aug 30 14:11:57 smithi043 ceph-f569f67a-473e-11ee-9ab2-7b867c8bd7da-mon-smithi043[106877]: audit
2023-08-30T14:11:57.169701+0000 mon.smithi043 (mon.0) 91 : audit [INF] from='mgr.14158 172.21.15.43:0/582253184' entity='mgr.smithi043.qnfmvz'
2023-08-30T14:11:57.940 INFO:teuthology.orchestra.run.smithi043.stderr:/usr/bin/ceph:
2023-08-30T14:11:57.935+0000 7f54c3029700 1 Processor -- start
2023-08-30T14:11:57.940 INFO:teuthology.orchestra.run.smithi043.stderr:/usr/bin/ceph:
2023-08-30T14:11:57.936+0000 7f54c3029700 1 -- start start
2023-08-30T14:11:57.940 INFO:teuthology.orchestra.run.smithi043.stderr:/usr/bin/ceph:
2023-08-30T14:11:57.936+0000 7f54c3029700 1 --2- >> [v2:172.21.15.43:3300/0,v1:172.21.15.43:6789/0] conn(0x7f54bc071c00 0x7f54bc0ffb90 unknown :-1 s=NONE pgs=0 cs=0 l=0 rev1=0 rx=0 tx=0).connect
