2023-08-31T04:48:55.545 INFO:journalctl@ceph.mon.smithi002.smithi002.stdout:Aug 31 04:48:55 smithi002 ceph-845dcdf0-47b9-11ee-9ab3-7b867c8bd7da-mon-smithi002[106852]: audit
2023-08-31T04:48:53.980393+0000 mgr.smithi002.lpuxwa (mgr.14118) 6 : audit [DBG] from='client.14132 -' entity='client.admin' cmd=[{"prefix": "cephadm generate-key", "target": ["mon-mgr", ""]}]: dispatch
2023-08-31T04:48:55.545 INFO:journalctl@ceph.mon.smithi002.smithi002.stdout:Aug 31 04:48:55 smithi002 ceph-845dcdf0-47b9-11ee-9ab3-7b867c8bd7da-mon-smithi002[106852]: cephadm
2023-08-31T04:48:53.980606+0000 mgr.smithi002.lpuxwa (mgr.14118) 7 : cephadm [INF] Generating ssh key...
2023-08-31T04:48:55.545 INFO:journalctl@ceph.mon.smithi002.smithi002.stdout:Aug 31 04:48:55 smithi002 ceph-845dcdf0-47b9-11ee-9ab3-7b867c8bd7da-mon-smithi002[106852]: audit
2023-08-31T04:48:54.470248+0000 mon.smithi002 (mon.0) 52 : audit [INF] from='mgr.14118 172.21.15.2:0/2474998600' entity='mgr.smithi002.lpuxwa'
2023-08-31T04:48:55.545 INFO:journalctl@ceph.mon.smithi002.smithi002.stdout:Aug 31 04:48:55 smithi002 ceph-845dcdf0-47b9-11ee-9ab3-7b867c8bd7da-mon-smithi002[106852]: audit
2023-08-31T04:48:54.472180+0000 mon.smithi002 (mon.0) 53 : audit [INF] from='mgr.14118 172.21.15.2:0/2474998600' entity='mgr.smithi002.lpuxwa'
2023-08-31T04:48:55.673 INFO:teuthology.orchestra.run.smithi002.stderr:Wrote public SSH key to /home/ubuntu/cephtest/ceph.pub
2023-08-31T04:48:55.673 INFO:teuthology.orchestra.run.smithi002.stderr:Adding key to root@localhost authorized_keys...
2023-08-31T04:48:55.674 INFO:teuthology.orchestra.run.smithi002.stderr:Adding host smithi002...
2023-08-31T04:48:56.048 INFO:teuthology.orchestra.run.smithi002.stderr:/usr/bin/ceph:
2023-08-31T04:48:56.045+0000 7f92d90a8700 1 Processor -- start
2023-08-31T04:48:56.049 INFO:teuthology.orchestra.run.smithi002.stderr:/usr/bin/ceph:
2023-08-31T04:48:56.045+0000 7f92d90a8700 1 -- start start
2023-08-31T04:48:56.049 INFO:teuthology.orchestra.run.smithi002.stderr:/usr/bin/ceph:
2023-08-31T04:48:56.046+0000 7f92d90a8700 1 --2- >> [v2:172.21.15.2:3300/0,v1:172.21.15.2:6789/0] conn(0x7f92d4071c60 0x7f92d40ffb30 unknown :-1 s=NONE pgs=0 cs=0 l=0 rev1=0 rx=0 tx=0).connect
2023-08-31T04:48:56.049 INFO:teuthology.orchestra.run.smithi002.stderr:/usr/bin/ceph:
2023-08-31T04:48:56.046+0000 7f92d90a8700 1 -- --> [v2:172.21.15.2:3300/0,v1:172.21.15.2:6789/0] -- mon_getmap magic: 0 v1 -- 0x7f92d4100020 con 0x7f92d4071c60
2023-08-31T04:48:56.051 INFO:teuthology.orchestra.run.smithi002.stderr:/usr/bin/ceph:
2023-08-31T04:48:56.046+0000 7f92d2d9d700 1 --2- >> [v2:172.21.15.2:3300/0,v1:172.21.15.2:6789/0] conn(0x7f92d4071c60 0x7f92d40ffb30 unknown :-1 s=BANNER_CONNECTING pgs=0 cs=0 l=0 rev1=0 rx=0 tx=0)._handle_peer_banner_payload supported=1 required=0
2023-08-31T04:48:56.051 INFO:teuthology.orchestra.run.smithi002.stderr:/usr/bin/ceph:
2023-08-31T04:48:56.046+0000 7f92d2d9d700 1 --2- >> [v2:172.21.15.2:3300/0,v1:172.21.15.2:6789/0] conn(0x7f92d4071c60 0x7f92d40ffb30 unknown :-1 s=HELLO_CONNECTING pgs=0 cs=0 l=0 rev1=1 rx=0 tx=0).handle_hello peer v2:172.21.15.2:3300/0 says I am v2:172.21.15.2:39344/0 (socket says 172.21.15.2:39344)
2023-08-31T04:48:56.051 INFO:teuthology.orchestra.run.smithi002.stderr:/usr/bin/ceph:
2023-08-31T04:48:56.046+0000 7f92d2d9d700 1 -- 172.21.15.2:0/3860573620 learned_addr learned my addr 172.21.15.2:0/3860573620 (peer_addr_for_me v2:172.21.15.2:0/0)
2023-08-31T04:48:56.051 INFO:teuthology.orchestra.run.smithi002.stderr:/usr/bin/ceph:
2023-08-31T04:48:56.047+0000 7f92d2d9d700 1 -- 172.21.15.2:0/3860573620 --> [v2:172.21.15.2:3300/0,v1:172.21.15.2:6789/0] -- mon_subscribe({config=0+,monmap=0+}) v3 -- 0x7f92d4100160 con 0x7f92d4071c60
2023-08-31T04:48:56.052 INFO:teuthology.orchestra.run.smithi002.stderr:/usr/bin/ceph:
2023-08-31T04:48:56.047+0000 7f92d2d9d700 1 --2- 172.21.15.2:0/3860573620 >> [v2:172.21.15.2:3300/0,v1:172.21.15.2:6789/0] conn(0x7f92d4071c60 0x7f92d40ffb30 secure :-1 s=READY pgs=41 cs=0 l=1 rev1=1 rx=0x7f92c4009730 tx=0x7f92c40090f0).ready entity=mon.0 client_cookie=32344d4746aaa3f7 server_cookie=0 in_seq=0 out_seq=0
2023-08-31T04:48:56.052 INFO:teuthology.orchestra.run.smithi002.stderr:/usr/bin/ceph:
2023-08-31T04:48:56.047+0000 7f92d1d9b700 1 -- 172.21.15.2:0/3860573620 <== mon.0 v2:172.21.15.2:3300/0 1 ==== mon_map magic: 0 v1 ==== 229+0+0 (secure 0 0 0) 0x7f92c400b6e0 con 0x7f92d4071c60
2023-08-31T04:48:56.052 INFO:teuthology.orchestra.run.smithi002.stderr:/usr/bin/ceph:
2023-08-31T04:48:56.047+0000 7f92d1d9b700 1 -- 172.21.15.2:0/3860573620 <== mon.0 v2:172.21.15.2:3300/0 2 ==== config(25 keys) v1 ==== 982+0+0 (secure 0 0 0) 0x7f92c400bc90 con 0x7f92d4071c60
2023-08-31T04:48:56.052 INFO:teuthology.orchestra.run.smithi002.stderr:/usr/bin/ceph:
2023-08-31T04:48:56.047+0000 7f92d1d9b700 1 -- 172.21.15.2:0/3860573620 <== mon.0 v2:172.21.15.2:3300/0 3 ==== mon_map magic: 0 v1 ==== 229+0+0 (secure 0 0 0) 0x7f92c4011c70 con 0x7f92d4071c60
2023-08-31T04:48:56.053 INFO:teuthology.orchestra.run.smithi002.stderr:/usr/bin/ceph:
2023-08-31T04:48:56.048+0000 7f92d90a8700 1 -- 172.21.15.2:0/3860573620 >> [v2:172.21.15.2:3300/0,v1:172.21.15.2:6789/0] conn(0x7f92d4071c60 msgr2=0x7f92d40ffb30 secure :-1 s=STATE_CONNECTION_ESTABLISHED l=1).mark_down
2023-08-31T04:48:56.053 INFO:teuthology.orchestra.run.smithi002.stderr:/usr/bin/ceph:
2023-08-31T04:48:56.048+0000 7f92d90a8700 1 --2- 172.21.15.2:0/3860573620 >> [v2:172.21.15.2:3300/0,v1:172.21.15.2:6789/0] conn(0x7f92d4071c60 0x7f92d40ffb30 secure :-1 s=READY pgs=41 cs=0 l=1 rev1=1 rx=0x7f92c4009730 tx=0x7f92c40090f0).stop
2023-08-31T04:48:56.053 INFO:teuthology.orchestra.run.smithi002.stderr:/usr/bin/ceph:
2023-08-31T04:48:56.048+0000 7f92d90a8700 1 -- 172.21.15.2:0/3860573620 shutdown_connections
2023-08-31T04:48:56.053 INFO:teuthology.orchestra.run.smithi002.stderr:/usr/bin/ceph:
2023-08-31T04:48:56.048+0000 7f92d90a8700 1 --2- 172.21.15.2:0/3860573620 >> [v2:172.21.15.2:3300/0,v1:172.21.15.2:6789/0] conn(0x7f92d4071c60 0x7f92d40ffb30 unknown :-1 s=CLOSED pgs=41 cs=0 l=1 rev1=1 rx=0 tx=0).stop
2023-08-31T04:48:56.053 INFO:teuthology.orchestra.run.smithi002.stderr:/usr/bin/ceph:
2023-08-31T04:48:56.048+0000 7f92d90a8700 1 -- 172.21.15.2:0/3860573620 >> 172.21.15.2:0/3860573620 conn(0x7f92d40f75f0 msgr2=0x7f92d40f9a10 unknown :-1 s=STATE_NONE l=0).mark_down
2023-08-31T04:48:56.053 INFO:teuthology.orchestra.run.smithi002.stderr:/usr/bin/ceph:
2023-08-31T04:48:56.048+0000 7f92d90a8700 1 -- 172.21.15.2:0/3860573620 shutdown_connections
2023-08-31T04:48:56.054 INFO:teuthology.orchestra.run.smithi002.stderr:/usr/bin/ceph:
2023-08-31T04:48:56.048+0000 7f92d90a8700 1 -- 172.21.15.2:0/3860573620 wait complete.
2023-08-31T04:48:56.054 INFO:teuthology.orchestra.run.smithi002.stderr:/usr/bin/ceph:
2023-08-31T04:48:56.049+0000 7f92d90a8700 1 Processor -- start
2023-08-31T04:48:56.054 INFO:teuthology.orchestra.run.smithi002.stderr:/usr/bin/ceph:
2023-08-31T04:48:56.049+0000 7f92d90a8700 1 -- start start
2023-08-31T04:48:56.056 INFO:teuthology.orchestra.run.smithi002.stderr:/usr/bin/ceph:
2023-08-31T04:48:56.049+0000 7f92d90a8700 1 --2- >> [v2:172.21.15.2:3300/0,v1:172.21.15.2:6789/0] conn(0x7f92d4071c60 0x7f92d40fd5b0 unknown :-1 s=NONE pgs=0 cs=0 l=1 rev1=0 rx=0 tx=0).connect
2023-08-31T04:48:56.056 INFO:teuthology.orchestra.run.smithi002.stderr:/usr/bin/ceph:
2023-08-31T04:48:56.049+0000 7f92d90a8700 1 -- --> [v2:172.21.15.2:3300/0,v1:172.21.15.2:6789/0] -- mon_getmap magic: 0 v1 -- 0x7f92d40fba30 con 0x7f92d4071c60
2023-08-31T04:48:56.057 INFO:teuthology.orchestra.run.smithi002.stderr:/usr/bin/ceph:
2023-08-31T04:48:56.050+0000 7f92d2d9d700 1 --2- >> [v2:172.21.15.2:3300/0,v1:172.21.15.2:6789/0] conn(0x7f92d4071c60 0x7f92d40fd5b0 unknown :-1 s=BANNER_CONNECTING pgs=0 cs=0 l=1 rev1=0 rx=0 tx=0)._handle_peer_banner_payload supported=1 required=0
2023-08-31T04:48:56.057 INFO:teuthology.orchestra.run.smithi002.stderr:/usr/bin/ceph:
2023-08-31T04:48:56.050+0000 7f92d2d9d700 1 --2- >> [v2:172.21.15.2:3300/0,v1:172.21.15.2:6789/0] conn(0x7f92d4071c60 0x7f92d40fd5b0 unknown :-1 s=HELLO_CONNECTING pgs=0 cs=0 l=1 rev1=1 rx=0 tx=0).handle_hello peer v2:172.21.15.2:3300/0 says I am v2:172.21.15.2:39346/0 (socket says 172.21.15.2:39346)
2023-08-31T04:48:56.057 INFO:teuthology.orchestra.run.smithi002.stderr:/usr/bin/ceph:
2023-08-31T04:48:56.050+0000 7f92d2d9d700 1 -- 172.21.15.2:0/3620844760 learned_addr learned my addr 172.21.15.2:0/3620844760 (peer_addr_for_me v2:172.21.15.2:0/0)
2023-08-31T04:48:56.057 INFO:teuthology.orchestra.run.smithi002.stderr:/usr/bin/ceph:
2023-08-31T04:48:56.050+0000 7f92d2d9d700 1 -- 172.21.15.2:0/3620844760 --> [v2:172.21.15.2:3300/0,v1:172.21.15.2:6789/0] -- mon_subscribe({config=0+,monmap=0+}) v3 -- 0x7f92c4009370 con 0x7f92d4071c60
2023-08-31T04:48:56.057 INFO:teuthology.orchestra.run.smithi002.stderr:/usr/bin/ceph:
2023-08-31T04:48:56.050+0000 7f92d2d9d700 1 --2- 172.21.15.2:0/3620844760 >> [v2:172.21.15.2:3300/0,v1:172.21.15.2:6789/0] conn(0x7f92d4071c60 0x7f92d40fd5b0 secure :-1 s=READY pgs=42 cs=0 l=1 rev1=1 rx=0x7f92c400c010 tx=0x7f92c40090f0).ready entity=mon.0 client_cookie=0 server_cookie=0 in_seq=0 out_seq=0
2023-08-31T04:48:56.058 INFO:teuthology.orchestra.run.smithi002.stderr:/usr/bin/ceph:
2023-08-31T04:48:56.050+0000 7f92bb7fe700 1 -- 172.21.15.2:0/3620844760 <== mon.0 v2:172.21.15.2:3300/0 1 ==== mon_map magic: 0 v1 ==== 229+0+0 (secure 0 0 0) 0x7f92c401a610 con 0x7f92d4071c60
2023-08-31T04:48:56.058 INFO:teuthology.orchestra.run.smithi002.stderr:/usr/bin/ceph:
2023-08-31T04:48:56.050+0000 7f92bb7fe700 1 -- 172.21.15.2:0/3620844760 <== mon.0 v2:172.21.15.2:3300/0 2 ==== config(25 keys) v1 ==== 982+0+0 (secure 0 0 0) 0x7f92c401abc0 con 0x7f92d4071c60
2023-08-31T04:48:56.058 INFO:teuthology.orchestra.run.smithi002.stderr:/usr/bin/ceph:
2023-08-31T04:48:56.050+0000 7f92d90a8700 1 -- 172.21.15.2:0/3620844760 --> [v2:172.21.15.2:3300/0,v1:172.21.15.2:6789/0] -- mon_subscribe({mgrmap=0+}) v3 -- 0x7f92d40fbbd0 con 0x7f92d4071c60
2023-08-31T04:48:56.059 INFO:teuthology.orchestra.run.smithi002.stderr:/usr/bin/ceph:
2023-08-31T04:48:56.050+0000 7f92bb7fe700 1 -- 172.21.15.2:0/3620844760 <== mon.0 v2:172.21.15.2:3300/0 3 ==== mon_map magic: 0 v1 ==== 229+0+0 (secure 0 0 0) 0x7f92c4022a20 con 0x7f92d4071c60
2023-08-31T04:48:56.059 INFO:teuthology.orchestra.run.smithi002.stderr:/usr/bin/ceph:
2023-08-31T04:48:56.051+0000 7f92d90a8700 1 -- 172.21.15.2:0/3620844760 --> [v2:172.21.15.2:3300/0,v1:172.21.15.2:6789/0] -- mon_subscribe({osdmap=0}) v3 -- 0x7f92d40fbfe0 con 0x7f92d4071c60
2023-08-31T04:48:56.059 INFO:teuthology.orchestra.run.smithi002.stderr:/usr/bin/ceph:
2023-08-31T04:48:56.052+0000 7f92bb7fe700 1 -- 172.21.15.2:0/3620844760 <== mon.0 v2:172.21.15.2:3300/0 4 ==== mgrmap(e 8) v1 ==== 38545+0+0 (secure 0 0 0) 0x7f92c4022c90 con 0x7f92d4071c60
2023-08-31T04:48:56.059 INFO:teuthology.orchestra.run.smithi002.stderr:/usr/bin/ceph:
2023-08-31T04:48:56.052+0000 7f92d90a8700 1 -- 172.21.15.2:0/3620844760 --> [v2:172.21.15.2:3300/0,v1:172.21.15.2:6789/0] -- mon_command({"prefix": "get_command_descriptions"} v 0) v1 -- 0x7f92d4046c20 con 0x7f92d4071c60
2023-08-31T04:48:56.060 INFO:teuthology.orchestra.run.smithi002.stderr:/usr/bin/ceph:
2023-08-31T04:48:56.052+0000 7f92bb7fe700 1 --2- 172.21.15.2:0/3620844760 >> [v2:172.21.15.2:6800/3415207131,v1:172.21.15.2:6801/3415207131] conn(0x7f92bc0324c0 0x7f92bc034980 unknown :-1 s=NONE pgs=0 cs=0 l=1 rev1=0 rx=0 tx=0).connect
2023-08-31T04:48:56.060 INFO:teuthology.orchestra.run.smithi002.stderr:/usr/bin/ceph:
2023-08-31T04:48:56.052+0000 7f92bb7fe700 1 -- 172.21.15.2:0/3620844760 <== mon.0 v2:172.21.15.2:3300/0 5 ==== osd_map(2..2 src has 1..2) v4 ==== 893+0+0 (secure 0 0 0) 0x7f92c4044a30 con 0x7f92d4071c60
2023-08-31T04:48:56.060 INFO:teuthology.orchestra.run.smithi002.stderr:/usr/bin/ceph:
2023-08-31T04:48:56.053+0000 7f92d259c700 1 --2- 172.21.15.2:0/3620844760 >> [v2:172.21.15.2:6800/3415207131,v1:172.21.15.2:6801/3415207131] conn(0x7f92bc0324c0 0x7f92bc034980 unknown :-1 s=BANNER_CONNECTING pgs=0 cs=0 l=1 rev1=0 rx=0 tx=0)._handle_peer_banner_payload supported=1 required=0
2023-08-31T04:48:56.060 INFO:teuthology.orchestra.run.smithi002.stderr:/usr/bin/ceph:
2023-08-31T04:48:56.053+0000 7f92d259c700 1 --2- 172.21.15.2:0/3620844760 >> [v2:172.21.15.2:6800/3415207131,v1:172.21.15.2:6801/3415207131] conn(0x7f92bc0324c0 0x7f92bc034980 secure :-1 s=READY pgs=10 cs=0 l=1 rev1=1 rx=0x7f92c8009780 tx=0x7f92c8006cc0).ready entity=mgr.14118 client_cookie=0 server_cookie=0 in_seq=0 out_seq=0
2023-08-31T04:48:56.061 INFO:teuthology.orchestra.run.smithi002.stderr:/usr/bin/ceph:
2023-08-31T04:48:56.057+0000 7f92bb7fe700 1 -- 172.21.15.2:0/3620844760 <== mon.0 v2:172.21.15.2:3300/0 6 ==== mon_command_ack([{"prefix": "get_command_descriptions"}]=0 v0) v1 ==== 72+0+163129 (secure 0 0 0) 0x7f92c401a770 con 0x7f92d4071c60
2023-08-31T04:48:56.246 INFO:teuthology.orchestra.run.smithi002.stderr:/usr/bin/ceph:
2023-08-31T04:48:56.243+0000 7f92d90a8700 1 -- 172.21.15.2:0/3620844760 --> [v2:172.21.15.2:6800/3415207131,v1:172.21.15.2:6801/3415207131] -- mgr_command(tid 0: {"prefix": "orch host add", "hostname": "smithi002", "addr": "172.21.15.2", "target": ["mon-mgr", ""]}) v1 -- 0x7f92d40fc220 con 0x7f92bc0324c0
2023-08-31T04:48:56.547 INFO:journalctl@ceph.mon.smithi002.smithi002.stdout:Aug 31 04:48:56 smithi002 ceph-845dcdf0-47b9-11ee-9ab3-7b867c8bd7da-mon-smithi002[106852]: audit
2023-08-31T04:48:55.359476+0000 mgr.smithi002.lpuxwa (mgr.14118) 8 : audit [DBG] from='client.14134 -' entity='client.admin' cmd=[{"prefix": "cephadm get-pub-key", "target": ["mon-mgr", ""]}]: dispatch
2023-08-31T04:48:56.547 INFO:journalctl@ceph.mon.smithi002.smithi002.stdout:Aug 31 04:48:56 smithi002 ceph-845dcdf0-47b9-11ee-9ab3-7b867c8bd7da-mon-smithi002[106852]: audit
2023-08-31T04:48:56.245148+0000 mgr.smithi002.lpuxwa (mgr.14118) 9 : audit [DBG] from='client.14136 -' entity='client.admin' cmd=[{"prefix": "orch host add", "hostname": "smithi002", "addr": "172.21.15.2", "target": ["mon-mgr", ""]}]: dispatch
2023-08-31T04:48:57.314 INFO:teuthology.orchestra.run.smithi002.stderr:/usr/bin/ceph: Added host 'smithi002' with addr '172.21.15.2'
2023-08-31T04:48:57.315 INFO:teuthology.orchestra.run.smithi002.stderr:/usr/bin/ceph:
2023-08-31T04:48:57.311+0000 7f92bb7fe700 1 -- 172.21.15.2:0/3620844760 <== mgr.14118 v2:172.21.15.2:6800/3415207131 1 ==== mgr_command_reply(tid 0: 0 ) v1 ==== 8+0+47 (secure 0 0 0) 0x7f92d40fc220 con 0x7f92bc0324c0
2023-08-31T04:48:57.316 INFO:teuthology.orchestra.run.smithi002.stderr:/usr/bin/ceph:
2023-08-31T04:48:57.313+0000 7f92d90a8700 1 -- 172.21.15.2:0/3620844760 >> [v2:172.21.15.2:6800/3415207131,v1:172.21.15.2:6801/3415207131] conn(0x7f92bc0324c0 msgr2=0x7f92bc034980 secure :-1 s=STATE_CONNECTION_ESTABLISHED l=1).mark_down
2023-08-31T04:48:57.316 INFO:teuthology.orchestra.run.smithi002.stderr:/usr/bin/ceph:
2023-08-31T04:48:57.313+0000 7f92d90a8700 1 --2- 172.21.15.2:0/3620844760 >> [v2:172.21.15.2:6800/3415207131,v1:172.21.15.2:6801/3415207131] conn(0x7f92bc0324c0 0x7f92bc034980 secure :-1 s=READY pgs=10 cs=0 l=1 rev1=1 rx=0x7f92c8009780 tx=0x7f92c8006cc0).stop
2023-08-31T04:48:57.316 INFO:teuthology.orchestra.run.smithi002.stderr:/usr/bin/ceph:
2023-08-31T04:48:57.314+0000 7f92d90a8700 1 -- 172.21.15.2:0/3620844760 >> [v2:172.21.15.2:3300/0,v1:172.21.15.2:6789/0] conn(0x7f92d4071c60 msgr2=0x7f92d40fd5b0 secure :-1 s=STATE_CONNECTION_ESTABLISHED l=1).mark_down
2023-08-31T04:48:57.317 INFO:teuthology.orchestra.run.smithi002.stderr:/usr/bin/ceph:
2023-08-31T04:48:57.314+0000 7f92d90a8700 1 --2- 172.21.15.2:0/3620844760 >> [v2:172.21.15.2:3300/0,v1:172.21.15.2:6789/0] conn(0x7f92d4071c60 0x7f92d40fd5b0 secure :-1 s=READY pgs=42 cs=0 l=1 rev1=1 rx=0x7f92c400c010 tx=0x7f92c40090f0).stop
2023-08-31T04:48:57.317 INFO:teuthology.orchestra.run.smithi002.stderr:/usr/bin/ceph:
2023-08-31T04:48:57.314+0000 7f92d90a8700 1 -- 172.21.15.2:0/3620844760 shutdown_connections
2023-08-31T04:48:57.317 INFO:teuthology.orchestra.run.smithi002.stderr:/usr/bin/ceph:
2023-08-31T04:48:57.314+0000 7f92d90a8700 1 --2- 172.21.15.2:0/3620844760 >> [v2:172.21.15.2:6800/3415207131,v1:172.21.15.2:6801/3415207131] conn(0x7f92bc0324c0 0x7f92bc034980 unknown :-1 s=CLOSED pgs=10 cs=0 l=1 rev1=1 rx=0 tx=0).stop
2023-08-31T04:48:57.318 INFO:teuthology.orchestra.run.smithi002.stderr:/usr/bin/ceph:
2023-08-31T04:48:57.314+0000 7f92d90a8700 1 --2- 172.21.15.2:0/3620844760 >> [v2:172.21.15.2:3300/0,v1:172.21.15.2:6789/0] conn(0x7f92d4071c60 0x7f92d40fd5b0 unknown :-1 s=CLOSED pgs=42 cs=0 l=1 rev1=1 rx=0 tx=0).stop
2023-08-31T04:48:57.318 INFO:teuthology.orchestra.run.smithi002.stderr:/usr/bin/ceph:
2023-08-31T04:48:57.314+0000 7f92d90a8700 1 -- 172.21.15.2:0/3620844760 >> 172.21.15.2:0/3620844760 conn(0x7f92d40f75f0 msgr2=0x7f92d40f90b0 unknown :-1 s=STATE_NONE l=0).mark_down
2023-08-31T04:48:57.318 INFO:teuthology.orchestra.run.smithi002.stderr:/usr/bin/ceph:
2023-08-31T04:48:57.314+0000 7f92d90a8700 1 -- 172.21.15.2:0/3620844760 shutdown_connections
2023-08-31T04:48:57.318 INFO:teuthology.orchestra.run.smithi002.stderr:/usr/bin/ceph:
2023-08-31T04:48:57.314+0000 7f92d90a8700 1 -- 172.21.15.2:0/3620844760 wait complete.
2023-08-31T04:48:57.640 INFO:teuthology.orchestra.run.smithi002.stderr:Deploying mon service with default placement...
2023-08-31T04:48:58.034 INFO:teuthology.orchestra.run.smithi002.stderr:/usr/bin/ceph:
2023-08-31T04:48:58.030+0000 7fe8a0337700 1 Processor -- start
2023-08-31T04:48:58.034 INFO:teuthology.orchestra.run.smithi002.stderr:/usr/bin/ceph:
2023-08-31T04:48:58.030+0000 7fe8a0337700 1 -- start start
2023-08-31T04:48:58.035 INFO:teuthology.orchestra.run.smithi002.stderr:/usr/bin/ceph:
2023-08-31T04:48:58.031+0000 7fe8a0337700 1 --2- >> [v2:172.21.15.2:3300/0,v1:172.21.15.2:6789/0] conn(0x7fe898071c00 0x7fe8980ffb90 unknown :-1 s=NONE pgs=0 cs=0 l=0 rev1=0 rx=0 tx=0).connect
2023-08-31T04:48:58.035 INFO:teuthology.orchestra.run.smithi002.stderr:/usr/bin/ceph:
2023-08-31T04:48:58.031+0000 7fe8a0337700 1 -- --> [v2:172.21.15.2:3300/0,v1:172.21.15.2:6789/0] -- mon_getmap magic: 0 v1 -- 0x7fe898100080 con 0x7fe898071c00
2023-08-31T04:48:58.035 INFO:teuthology.orchestra.run.smithi002.stderr:/usr/bin/ceph:
2023-08-31T04:48:58.031+0000 7fe89e0d3700 1 --2- >> [v2:172.21.15.2:3300/0,v1:172.21.15.2:6789/0] conn(0x7fe898071c00 0x7fe8980ffb90 unknown :-1 s=BANNER_CONNECTING pgs=0 cs=0 l=0 rev1=0 rx=0 tx=0)._handle_peer_banner_payload supported=1 required=0
2023-08-31T04:48:58.035 INFO:teuthology.orchestra.run.smithi002.stderr:/usr/bin/ceph:
2023-08-31T04:48:58.032+0000 7fe89e0d3700 1 --2- >> [v2:172.21.15.2:3300/0,v1:172.21.15.2:6789/0] conn(0x7fe898071c00 0x7fe8980ffb90 unknown :-1 s=HELLO_CONNECTING pgs=0 cs=0 l=0 rev1=1 rx=0 tx=0).handle_hello peer v2:172.21.15.2:3300/0 says I am v2:172.21.15.2:39358/0 (socket says 172.21.15.2:39358)
2023-08-31T04:48:58.035 INFO:teuthology.orchestra.run.smithi002.stderr:/usr/bin/ceph:
2023-08-31T04:48:58.032+0000 7fe89e0d3700 1 -- 172.21.15.2:0/945277250 learned_addr learned my addr 172.21.15.2:0/945277250 (peer_addr_for_me v2:172.21.15.2:0/0)
2023-08-31T04:48:58.037 INFO:teuthology.orchestra.run.smithi002.stderr:/usr/bin/ceph:
2023-08-31T04:48:58.032+0000 7fe89e0d3700 1 -- 172.21.15.2:0/945277250 --> [v2:172.21.15.2:3300/0,v1:172.21.15.2:6789/0] -- mon_subscribe({config=0+,monmap=0+}) v3 -- 0x7fe8981001c0 con 0x7fe898071c00
2023-08-31T04:48:58.037 INFO:teuthology.orchestra.run.smithi002.stderr:/usr/bin/ceph:
2023-08-31T04:48:58.032+0000 7fe89e0d3700 1 --2- 172.21.15.2:0/945277250 >> [v2:172.21.15.2:3300/0,v1:172.21.15.2:6789/0] conn(0x7fe898071c00 0x7fe8980ffb90 secure :-1 s=READY pgs=43 cs=0 l=1 rev1=1 rx=0x7fe894009730 tx=0x7fe8940090f0).ready entity=mon.0 client_cookie=d466e6408d94fa81 server_cookie=0 in_seq=0 out_seq=0
2023-08-31T04:48:58.038 INFO:teuthology.orchestra.run.smithi002.stderr:/usr/bin/ceph:
2023-08-31T04:48:58.032+0000 7fe89d0d1700 1 -- 172.21.15.2:0/945277250 <== mon.0 v2:172.21.15.2:3300/0 1 ==== mon_map magic: 0 v1 ==== 229+0+0 (secure 0 0 0) 0x7fe89400b6e0 con 0x7fe898071c00
2023-08-31T04:48:58.038 INFO:teuthology.orchestra.run.smithi002.stderr:/usr/bin/ceph:
2023-08-31T04:48:58.033+0000 7fe89d0d1700 1 -- 172.21.15.2:0/945277250 <== mon.0 v2:172.21.15.2:3300/0 2 ==== config(25 keys) v1 ==== 982+0+0 (secure 0 0 0) 0x7fe89400bc90 con 0x7fe898071c00
2023-08-31T04:48:58.038 INFO:teuthology.orchestra.run.smithi002.stderr:/usr/bin/ceph:
2023-08-31T04:48:58.033+0000 7fe89d0d1700 1 -- 172.21.15.2:0/945277250 <== mon.0 v2:172.21.15.2:3300/0 3 ==== mon_map magic: 0 v1 ==== 229+0+0 (secure 0 0 0) 0x7fe894011c70 con 0x7fe898071c00
2023-08-31T04:48:58.038 INFO:teuthology.orchestra.run.smithi002.stderr:/usr/bin/ceph:
2023-08-31T04:48:58.033+0000 7fe8a0337700 1 -- 172.21.15.2:0/945277250 >> [v2:172.21.15.2:3300/0,v1:172.21.15.2:6789/0] conn(0x7fe898071c00 msgr2=0x7fe8980ffb90 secure :-1 s=STATE_CONNECTION_ESTABLISHED l=1).mark_down
2023-08-31T04:48:58.039 INFO:teuthology.orchestra.run.smithi002.stderr:/usr/bin/ceph:
2023-08-31T04:48:58.033+0000 7fe8a0337700 1 --2- 172.21.15.2:0/945277250 >> [v2:172.21.15.2:3300/0,v1:172.21.15.2:6789/0] conn(0x7fe898071c00 0x7fe8980ffb90 secure :-1 s=READY pgs=43 cs=0 l=1 rev1=1 rx=0x7fe894009730 tx=0x7fe8940090f0).stop
2023-08-31T04:48:58.040 INFO:teuthology.orchestra.run.smithi002.stderr:/usr/bin/ceph:
2023-08-31T04:48:58.033+0000 7fe8a0337700 1 -- 172.21.15.2:0/945277250 shutdown_connections
2023-08-31T04:48:58.040 INFO:teuthology.orchestra.run.smithi002.stderr:/usr/bin/ceph:
2023-08-31T04:48:58.033+0000 7fe8a0337700 1 --2- 172.21.15.2:0/945277250 >> [v2:172.21.15.2:3300/0,v1:172.21.15.2:6789/0] conn(0x7fe898071c00 0x7fe8980ffb90 unknown :-1 s=CLOSED pgs=43 cs=0 l=1 rev1=1 rx=0 tx=0).stop
2023-08-31T04:48:58.040 INFO:teuthology.orchestra.run.smithi002.stderr:/usr/bin/ceph:
2023-08-31T04:48:58.033+0000 7fe8a0337700 1 -- 172.21.15.2:0/945277250 >> 172.21.15.2:0/945277250 conn(0x7fe8980f75f0 msgr2=0x7fe8980f9a10 unknown :-1 s=STATE_NONE l=0).mark_down
2023-08-31T04:48:58.040 INFO:teuthology.orchestra.run.smithi002.stderr:/usr/bin/ceph:
2023-08-31T04:48:58.033+0000 7fe8a0337700 1 -- 172.21.15.2:0/945277250 shutdown_connections
2023-08-31T04:48:58.041 INFO:teuthology.orchestra.run.smithi002.stderr:/usr/bin/ceph:
2023-08-31T04:48:58.034+0000 7fe8a0337700 1 -- 172.21.15.2:0/945277250 wait complete.
2023-08-31T04:48:58.041 INFO:teuthology.orchestra.run.smithi002.stderr:/usr/bin/ceph:
2023-08-31T04:48:58.035+0000 7fe8a0337700 1 Processor -- start
2023-08-31T04:48:58.041 INFO:teuthology.orchestra.run.smithi002.stderr:/usr/bin/ceph:
2023-08-31T04:48:58.035+0000 7fe8a0337700 1 -- start start
2023-08-31T04:48:58.041 INFO:teuthology.orchestra.run.smithi002.stderr:/usr/bin/ceph:
2023-08-31T04:48:58.035+0000 7fe8a0337700 1 --2- >> [v2:172.21.15.2:3300/0,v1:172.21.15.2:6789/0] conn(0x7fe898071c00 0x7fe89810bda0 unknown :-1 s=NONE pgs=0 cs=0 l=1 rev1=0 rx=0 tx=0).connect
2023-08-31T04:48:58.042 INFO:teuthology.orchestra.run.smithi002.stderr:/usr/bin/ceph:
2023-08-31T04:48:58.035+0000 7fe8a0337700 1 -- --> [v2:172.21.15.2:3300/0,v1:172.21.15.2:6789/0] -- mon_getmap magic: 0 v1 -- 0x7fe89810c290 con 0x7fe898071c00
2023-08-31T04:48:58.044 INFO:teuthology.orchestra.run.smithi002.stderr:/usr/bin/ceph:
2023-08-31T04:48:58.036+0000 7fe89e0d3700 1 --2- >> [v2:172.21.15.2:3300/0,v1:172.21.15.2:6789/0] conn(0x7fe898071c00 0x7fe89810bda0 unknown :-1 s=BANNER_CONNECTING pgs=0 cs=0 l=1 rev1=0 rx=0 tx=0)._handle_peer_banner_payload supported=1 required=0
2023-08-31T04:48:58.044 INFO:teuthology.orchestra.run.smithi002.stderr:/usr/bin/ceph:
2023-08-31T04:48:58.036+0000 7fe89e0d3700 1 --2- >> [v2:172.21.15.2:3300/0,v1:172.21.15.2:6789/0] conn(0x7fe898071c00 0x7fe89810bda0 unknown :-1 s=HELLO_CONNECTING pgs=0 cs=0 l=1 rev1=1 rx=0 tx=0).handle_hello peer v2:172.21.15.2:3300/0 says I am v2:172.21.15.2:39372/0 (socket says 172.21.15.2:39372)
2023-08-31T04:48:58.044 INFO:teuthology.orchestra.run.smithi002.stderr:/usr/bin/ceph:
2023-08-31T04:48:58.036+0000 7fe89e0d3700 1 -- 172.21.15.2:0/535662040 learned_addr learned my addr 172.21.15.2:0/535662040 (peer_addr_for_me v2:172.21.15.2:0/0)
2023-08-31T04:48:58.044 INFO:teuthology.orchestra.run.smithi002.stderr:/usr/bin/ceph:
2023-08-31T04:48:58.036+0000 7fe89e0d3700 1 -- 172.21.15.2:0/535662040 --> [v2:172.21.15.2:3300/0,v1:172.21.15.2:6789/0] -- mon_subscribe({config=0+,monmap=0+}) v3 -- 0x7fe894009370 con 0x7fe898071c00
2023-08-31T04:48:58.044 INFO:teuthology.orchestra.run.smithi002.stderr:/usr/bin/ceph:
2023-08-31T04:48:58.036+0000 7fe89e0d3700 1 --2- 172.21.15.2:0/535662040 >> [v2:172.21.15.2:3300/0,v1:172.21.15.2:6789/0] conn(0x7fe898071c00 0x7fe89810bda0 secure :-1 s=READY pgs=44 cs=0 l=1 rev1=1 rx=0x7fe894009330 tx=0x7fe8940090f0).ready entity=mon.0 client_cookie=0 server_cookie=0 in_seq=0 out_seq=0
2023-08-31T04:48:58.045 INFO:teuthology.orchestra.run.smithi002.stderr:/usr/bin/ceph:
2023-08-31T04:48:58.036+0000 7fe88effd700 1 -- 172.21.15.2:0/535662040 <== mon.0 v2:172.21.15.2:3300/0 1 ==== mon_map magic: 0 v1 ==== 229+0+0 (secure 0 0 0) 0x7fe89401a610 con 0x7fe898071c00
2023-08-31T04:48:58.045 INFO:teuthology.orchestra.run.smithi002.stderr:/usr/bin/ceph:
2023-08-31T04:48:58.036+0000 7fe88effd700 1 -- 172.21.15.2:0/535662040 <== mon.0 v2:172.21.15.2:3300/0 2 ==== config(25 keys) v1 ==== 982+0+0 (secure 0 0 0) 0x7fe89401abc0 con 0x7fe898071c00
2023-08-31T04:48:58.045 INFO:teuthology.orchestra.run.smithi002.stderr:/usr/bin/ceph:
2023-08-31T04:48:58.036+0000 7fe8a0337700 1 -- 172.21.15.2:0/535662040 --> [v2:172.21.15.2:3300/0,v1:172.21.15.2:6789/0] -- mon_subscribe({mgrmap=0+}) v3 -- 0x7fe89810c490 con 0x7fe898071c00
2023-08-31T04:48:58.045 INFO:teuthology.orchestra.run.smithi002.stderr:/usr/bin/ceph:
2023-08-31T04:48:58.036+0000 7fe88effd700 1 -- 172.21.15.2:0/535662040 <== mon.0 v2:172.21.15.2:3300/0 3 ==== mon_map magic: 0 v1 ==== 229+0+0 (secure 0 0 0) 0x7fe894022a30 con 0x7fe898071c00
2023-08-31T04:48:58.045 INFO:teuthology.orchestra.run.smithi002.stderr:/usr/bin/ceph:
2023-08-31T04:48:58.037+0000 7fe8a0337700 1 -- 172.21.15.2:0/535662040 --> [v2:172.21.15.2:3300/0,v1:172.21.15.2:6789/0] -- mon_subscribe({osdmap=0}) v3 -- 0x7fe89810c8a0 con 0x7fe898071c00
2023-08-31T04:48:58.046 INFO:teuthology.orchestra.run.smithi002.stderr:/usr/bin/ceph:
2023-08-31T04:48:58.037+0000 7fe88effd700 1 -- 172.21.15.2:0/535662040 <== mon.0 v2:172.21.15.2:3300/0 4 ==== mgrmap(e 8) v1 ==== 38545+0+0 (secure 0 0 0) 0x7fe894022cb0 con 0x7fe898071c00
2023-08-31T04:48:58.046 INFO:teuthology.orchestra.run.smithi002.stderr:/usr/bin/ceph:
2023-08-31T04:48:58.038+0000 7fe88effd700 1 --2- 172.21.15.2:0/535662040 >> [v2:172.21.15.2:6800/3415207131,v1:172.21.15.2:6801/3415207131] conn(0x7fe884032440 0x7fe884034900 unknown :-1 s=NONE pgs=0 cs=0 l=1 rev1=0 rx=0 tx=0).connect
2023-08-31T04:48:58.046 INFO:teuthology.orchestra.run.smithi002.stderr:/usr/bin/ceph:
2023-08-31T04:48:58.038+0000 7fe8a0337700 1 -- 172.21.15.2:0/535662040 --> [v2:172.21.15.2:3300/0,v1:172.21.15.2:6789/0] -- mon_command({"prefix": "get_command_descriptions"} v 0) v1 -- 0x7fe898046c20 con 0x7fe898071c00
2023-08-31T04:48:58.046 INFO:teuthology.orchestra.run.smithi002.stderr:/usr/bin/ceph:
2023-08-31T04:48:58.038+0000 7fe88effd700 1 -- 172.21.15.2:0/535662040 <== mon.0 v2:172.21.15.2:3300/0 5 ==== osd_map(2..2 src has 1..2) v4 ==== 893+0+0 (secure 0 0 0) 0x7fe8940449f0 con 0x7fe898071c00
2023-08-31T04:48:58.046 INFO:teuthology.orchestra.run.smithi002.stderr:/usr/bin/ceph:
2023-08-31T04:48:58.038+0000 7fe89d8d2700 1 --2- 172.21.15.2:0/535662040 >> [v2:172.21.15.2:6800/3415207131,v1:172.21.15.2:6801/3415207131] conn(0x7fe884032440 0x7fe884034900 unknown :-1 s=BANNER_CONNECTING pgs=0 cs=0 l=1 rev1=0 rx=0 tx=0)._handle_peer_banner_payload supported=1 required=0
2023-08-31T04:48:58.047 INFO:teuthology.orchestra.run.smithi002.stderr:/usr/bin/ceph:
2023-08-31T04:48:58.039+0000 7fe89d8d2700 1 --2- 172.21.15.2:0/535662040 >> [v2:172.21.15.2:6800/3415207131,v1:172.21.15.2:6801/3415207131] conn(0x7fe884032440 0x7fe884034900 secure :-1 s=READY pgs=11 cs=0 l=1 rev1=1 rx=0x7fe888009780 tx=0x7fe888006cc0).ready entity=mgr.14118 client_cookie=0 server_cookie=0 in_seq=0 out_seq=0
2023-08-31T04:48:58.047 INFO:teuthology.orchestra.run.smithi002.stderr:/usr/bin/ceph:
2023-08-31T04:48:58.043+0000 7fe88effd700 1 -- 172.21.15.2:0/535662040 <== mon.0 v2:172.21.15.2:3300/0 6 ==== mon_command_ack([{"prefix": "get_command_descriptions"}]=0 v0) v1 ==== 72+0+163129 (secure 0 0 0) 0x7fe89401a770 con 0x7fe898071c00
2023-08-31T04:48:58.241 INFO:teuthology.orchestra.run.smithi002.stderr:/usr/bin/ceph:
2023-08-31T04:48:58.239+0000 7fe8a0337700 1 -- 172.21.15.2:0/535662040 --> [v2:172.21.15.2:6800/3415207131,v1:172.21.15.2:6801/3415207131] -- mgr_command(tid 0: {"prefix": "orch apply", "service_type": "mon", "target": ["mon-mgr", ""]}) v1 -- 0x7fe898105cb0 con 0x7fe884032440
2023-08-31T04:48:58.248 INFO:teuthology.orchestra.run.smithi002.stderr:/usr/bin/ceph:
2023-08-31T04:48:58.246+0000 7fe88effd700 1 -- 172.21.15.2:0/535662040 <== mgr.14118 v2:172.21.15.2:6800/3415207131 1 ==== mgr_command_reply(tid 0: 0 ) v1 ==== 8+0+24 (secure 0 0 0) 0x7fe898105cb0 con 0x7fe884032440
2023-08-31T04:48:58.249 INFO:teuthology.orchestra.run.smithi002.stderr:/usr/bin/ceph: Scheduled mon update...
2023-08-31T04:48:58.252 INFO:teuthology.orchestra.run.smithi002.stderr:/usr/bin/ceph:
2023-08-31T04:48:58.248+0000 7fe8a0337700 1 -- 172.21.15.2:0/535662040 >> [v2:172.21.15.2:6800/3415207131,v1:172.21.15.2:6801/3415207131] conn(0x7fe884032440 msgr2=0x7fe884034900 secure :-1 s=STATE_CONNECTION_ESTABLISHED l=1).mark_down
2023-08-31T04:48:58.252 INFO:teuthology.orchestra.run.smithi002.stderr:/usr/bin/ceph:
2023-08-31T04:48:58.248+0000 7fe8a0337700 1 --2- 172.21.15.2:0/535662040 >> [v2:172.21.15.2:6800/3415207131,v1:172.21.15.2:6801/3415207131] conn(0x7fe884032440 0x7fe884034900 secure :-1 s=READY pgs=11 cs=0 l=1 rev1=1 rx=0x7fe888009780 tx=0x7fe888006cc0).stop
2023-08-31T04:48:58.252 INFO:teuthology.orchestra.run.smithi002.stderr:/usr/bin/ceph:
2023-08-31T04:48:58.248+0000 7fe8a0337700 1 -- 172.21.15.2:0/535662040 >> [v2:172.21.15.2:3300/0,v1:172.21.15.2:6789/0] conn(0x7fe898071c00 msgr2=0x7fe89810bda0 secure :-1 s=STATE_CONNECTION_ESTABLISHED l=1).mark_down
2023-08-31T04:48:58.252 INFO:teuthology.orchestra.run.smithi002.stderr:/usr/bin/ceph:
2023-08-31T04:48:58.248+0000 7fe8a0337700 1 --2- 172.21.15.2:0/535662040 >> [v2:172.21.15.2:3300/0,v1:172.21.15.2:6789/0] conn(0x7fe898071c00 0x7fe89810bda0 secure :-1 s=READY pgs=44 cs=0 l=1 rev1=1 rx=0x7fe894009330 tx=0x7fe8940090f0).stop
2023-08-31T04:48:58.252 INFO:teuthology.orchestra.run.smithi002.stderr:/usr/bin/ceph:
2023-08-31T04:48:58.248+0000 7fe8a0337700 1 -- 172.21.15.2:0/535662040 shutdown_connections
2023-08-31T04:48:58.253 INFO:teuthology.orchestra.run.smithi002.stderr:/usr/bin/ceph:
2023-08-31T04:48:58.248+0000 7fe8a0337700 1 --2- 172.21.15.2:0/535662040 >> [v2:172.21.15.2:6800/3415207131,v1:172.21.15.2:6801/3415207131] conn(0x7fe884032440 0x7fe884034900 unknown :-1 s=CLOSED pgs=11 cs=0 l=1 rev1=1 rx=0 tx=0).stop
2023-08-31T04:48:58.253 INFO:teuthology.orchestra.run.smithi002.stderr:/usr/bin/ceph:
2023-08-31T04:48:58.248+0000 7fe8a0337700 1 --2- 172.21.15.2:0/535662040 >> [v2:172.21.15.2:3300/0,v1:172.21.15.2:6789/0] conn(0x7fe898071c00 0x7fe89810bda0 unknown :-1 s=CLOSED pgs=44 cs=0 l=1 rev1=1 rx=0 tx=0).stop
2023-08-31T04:48:58.253 INFO:teuthology.orchestra.run.smithi002.stderr:/usr/bin/ceph:
2023-08-31T04:48:58.248+0000 7fe8a0337700 1 -- 172.21.15.2:0/535662040 >> 172.21.15.2:0/535662040 conn(0x7fe8980f75f0 msgr2=0x7fe8980f90f0 unknown :-1 s=STATE_NONE l=0).mark_down
2023-08-31T04:48:58.253 INFO:teuthology.orchestra.run.smithi002.stderr:/usr/bin/ceph:
2023-08-31T04:48:58.249+0000 7fe8a0337700 1 -- 172.21.15.2:0/535662040 shutdown_connections
2023-08-31T04:48:58.254 INFO:teuthology.orchestra.run.smithi002.stderr:/usr/bin/ceph:
2023-08-31T04:48:58.249+0000 7fe8a0337700 1 -- 172.21.15.2:0/535662040 wait complete.
2023-08-31T04:48:58.549 INFO:journalctl@ceph.mon.smithi002.smithi002.stdout:Aug 31 04:48:58 smithi002 ceph-845dcdf0-47b9-11ee-9ab3-7b867c8bd7da-mon-smithi002[106852]: audit
2023-08-31T04:48:57.311392+0000 mon.smithi002 (mon.0) 54 : audit [INF] from='mgr.14118 172.21.15.2:0/2474998600' entity='mgr.smithi002.lpuxwa'
2023-08-31T04:48:58.549 INFO:journalctl@ceph.mon.smithi002.smithi002.stdout:Aug 31 04:48:58 smithi002 ceph-845dcdf0-47b9-11ee-9ab3-7b867c8bd7da-mon-smithi002[106852]: cephadm
2023-08-31T04:48:57.311764+0000 mgr.smithi002.lpuxwa (mgr.14118) 10 : cephadm [INF] Added host smithi002
2023-08-31T04:48:58.550 INFO:journalctl@ceph.mon.smithi002.smithi002.stdout:Aug 31 04:48:58 smithi002 ceph-845dcdf0-47b9-11ee-9ab3-7b867c8bd7da-mon-smithi002[106852]: audit
2023-08-31T04:48:57.332004+0000 mon.smithi002 (mon.0) 55 : audit [DBG] from='mgr.14118 172.21.15.2:0/2474998600' entity='mgr.smithi002.lpuxwa' cmd=[{"prefix": "config dump", "format": "json"}]: dispatch
2023-08-31T04:48:58.550 INFO:journalctl@ceph.mon.smithi002.smithi002.stdout:Aug 31 04:48:58 smithi002 ceph-845dcdf0-47b9-11ee-9ab3-7b867c8bd7da-mon-smithi002[106852]: audit
2023-08-31T04:48:58.246651+0000 mon.smithi002 (mon.0) 56 : audit [INF] from='mgr.14118 172.21.15.2:0/2474998600' entity='mgr.smithi002.lpuxwa'
2023-08-31T04:48:58.697 INFO:teuthology.orchestra.run.smithi002.stderr:Deploying mgr service with default placement...
2023-08-31T04:48:59.157 INFO:teuthology.orchestra.run.smithi002.stderr:/usr/bin/ceph:
2023-08-31T04:48:59.153+0000 7f74e170a700 1 Processor -- start
2023-08-31T04:48:59.157 INFO:teuthology.orchestra.run.smithi002.stderr:/usr/bin/ceph:
2023-08-31T04:48:59.153+0000 7f74e170a700 1 -- start start
2023-08-31T04:48:59.157 INFO:teuthology.orchestra.run.smithi002.stderr:/usr/bin/ceph:
2023-08-31T04:48:59.154+0000 7f74e170a700 1 --2- >> [v2:172.21.15.2:3300/0,v1:172.21.15.2:6789/0] conn(0x7f74dc071be0 0x7f74dc0ffbb0 unknown :-1 s=NONE pgs=0 cs=0 l=0 rev1=0 rx=0 tx=0).connect
2023-08-31T04:48:59.158 INFO:teuthology.orchestra.run.smithi002.stderr:/usr/bin/ceph:
2023-08-31T04:48:59.154+0000 7f74e170a700 1 -- --> [v2:172.21.15.2:3300/0,v1:172.21.15.2:6789/0] -- mon_getmap magic: 0 v1 -- 0x7f74dc1000a0 con 0x7f74dc071be0
2023-08-31T04:48:59.158 INFO:teuthology.orchestra.run.smithi002.stderr:/usr/bin/ceph:
2023-08-31T04:48:59.154+0000 7f74daffd700 1 --2- >> [v2:172.21.15.2:3300/0,v1:172.21.15.2:6789/0] conn(0x7f74dc071be0 0x7f74dc0ffbb0 unknown :-1 s=BANNER_CONNECTING pgs=0 cs=0 l=0 rev1=0 rx=0 tx=0)._handle_peer_banner_payload supported=1 required=0
2023-08-31T04:48:59.158 INFO:teuthology.orchestra.run.smithi002.stderr:/usr/bin/ceph:
2023-08-31T04:48:59.154+0000 7f74daffd700 1 --2- >> [v2:172.21.15.2:3300/0,v1:172.21.15.2:6789/0] conn(0x7f74dc071be0 0x7f74dc0ffbb0 unknown :-1 s=HELLO_CONNECTING pgs=0 cs=0 l=0 rev1=1 rx=0 tx=0).handle_hello peer v2:172.21.15.2:3300/0 says I am v2:172.21.15.2:39382/0 (socket says 172.21.15.2:39382)
2023-08-31T04:48:59.158 INFO:teuthology.orchestra.run.smithi002.stderr:/usr/bin/ceph:
2023-08-31T04:48:59.154+0000 7f74daffd700 1 -- 172.21.15.2:0/440789516 learned_addr learned my addr 172.21.15.2:0/440789516 (peer_addr_for_me v2:172.21.15.2:0/0)
2023-08-31T04:48:59.159 INFO:teuthology.orchestra.run.smithi002.stderr:/usr/bin/ceph:
2023-08-31T04:48:59.154+0000 7f74daffd700 1 -- 172.21.15.2:0/440789516 --> [v2:172.21.15.2:3300/0,v1:172.21.15.2:6789/0] -- mon_subscribe({config=0+,monmap=0+}) v3 -- 0x7f74dc1001e0 con 0x7f74dc071be0
2023-08-31T04:48:59.159 INFO:teuthology.orchestra.run.smithi002.stderr:/usr/bin/ceph:
2023-08-31T04:48:59.155+0000 7f74daffd700 1 --2- 172.21.15.2:0/440789516 >> [v2:172.21.15.2:3300/0,v1:172.21.15.2:6789/0] conn(0x7f74dc071be0 0x7f74dc0ffbb0 secure :-1 s=READY pgs=45 cs=0 l=1 rev1=1 rx=0x7f74cc009730 tx=0x7f74cc0090f0).ready entity=mon.0 client_cookie=441567cc224eb167 server_cookie=0 in_seq=0 out_seq=0
2023-08-31T04:48:59.162 INFO:teuthology.orchestra.run.smithi002.stderr:/usr/bin/ceph:
2023-08-31T04:48:59.155+0000 7f74d9ffb700 1 -- 172.21.15.2:0/440789516 <== mon.0 v2:172.21.15.2:3300/0 1 ==== mon_map magic: 0 v1 ==== 229+0+0 (secure 0 0 0) 0x7f74cc00b6e0 con 0x7f74dc071be0
2023-08-31T04:48:59.162 INFO:teuthology.orchestra.run.smithi002.stderr:/usr/bin/ceph:
2023-08-31T04:48:59.155+0000 7f74d9ffb700 1 -- 172.21.15.2:0/440789516 <== mon.0 v2:172.21.15.2:3300/0 2 ==== config(25 keys) v1 ==== 982+0+0 (secure 0 0 0) 0x7f74cc00bc90 con 0x7f74dc071be0
2023-08-31T04:48:59.162 INFO:teuthology.orchestra.run.smithi002.stderr:/usr/bin/ceph:
2023-08-31T04:48:59.155+0000 7f74d9ffb700 1 -- 172.21.15.2:0/440789516 <== mon.0 v2:172.21.15.2:3300/0 3 ==== mon_map magic: 0 v1 ==== 229+0+0 (secure 0 0 0) 0x7f74cc011c70 con 0x7f74dc071be0
2023-08-31T04:48:59.162 INFO:teuthology.orchestra.run.smithi002.stderr:/usr/bin/ceph:
2023-08-31T04:48:59.156+0000 7f74e170a700 1 -- 172.21.15.2:0/440789516 >> [v2:172.21.15.2:3300/0,v1:172.21.15.2:6789/0] conn(0x7f74dc071be0 msgr2=0x7f74dc0ffbb0 secure :-1 s=STATE_CONNECTION_ESTABLISHED l=1).mark_down
2023-08-31T04:48:59.163 INFO:teuthology.orchestra.run.smithi002.stderr:/usr/bin/ceph:
2023-08-31T04:48:59.156+0000 7f74e170a700 1 --2- 172.21.15.2:0/440789516 >> [v2:172.21.15.2:3300/0,v1:172.21.15.2:6789/0] conn(0x7f74dc071be0 0x7f74dc0ffbb0 secure :-1 s=READY pgs=45 cs=0 l=1 rev1=1 rx=0x7f74cc009730 tx=0x7f74cc0090f0).stop
2023-08-31T04:48:59.163 INFO:teuthology.orchestra.run.smithi002.stderr:/usr/bin/ceph:
2023-08-31T04:48:59.156+0000 7f74e170a700 1 -- 172.21.15.2:0/440789516 shutdown_connections
2023-08-31T04:48:59.163 INFO:teuthology.orchestra.run.smithi002.stderr:/usr/bin/ceph:
2023-08-31T04:48:59.156+0000 7f74e170a700 1 --2- 172.21.15.2:0/440789516 >> [v2:172.21.15.2:3300/0,v1:172.21.15.2:6789/0] conn(0x7f74dc071be0 0x7f74dc0ffbb0 unknown :-1 s=CLOSED pgs=45 cs=0 l=1 rev1=1 rx=0 tx=0).stop
2023-08-31T04:48:59.163 INFO:teuthology.orchestra.run.smithi002.stderr:/usr/bin/ceph:
2023-08-31T04:48:59.156+0000 7f74e170a700 1 -- 172.21.15.2:0/440789516 >> 172.21.15.2:0/440789516 conn(0x7f74dc0f75f0 msgr2=0x7f74dc0f9a10 unknown :-1 s=STATE_NONE l=0).mark_down
2023-08-31T04:48:59.163 INFO:teuthology.orchestra.run.smithi002.stderr:/usr/bin/ceph:
2023-08-31T04:48:59.156+0000 7f74e170a700 1 -- 172.21.15.2:0/440789516 shutdown_connections
2023-08-31T04:48:59.163 INFO:teuthology.orchestra.run.smithi002.stderr:/usr/bin/ceph:
2023-08-31T04:48:59.156+0000 7f74e170a700 1 -- 172.21.15.2:0/440789516 wait complete.
2023-08-31T04:48:59.164 INFO:teuthology.orchestra.run.smithi002.stderr:/usr/bin/ceph:
2023-08-31T04:48:59.157+0000 7f74e170a700 1 Processor -- start
2023-08-31T04:48:59.164 INFO:teuthology.orchestra.run.smithi002.stderr:/usr/bin/ceph:
2023-08-31T04:48:59.157+0000 7f74e170a700 1 -- start start
2023-08-31T04:48:59.164 INFO:teuthology.orchestra.run.smithi002.stderr:/usr/bin/ceph:
2023-08-31T04:48:59.157+0000 7f74e170a700 1 --2- >> [v2:172.21.15.2:3300/0,v1:172.21.15.2:6789/0] conn(0x7f74dc071be0 0x7f74dc10bd90 unknown :-1 s=NONE pgs=0 cs=0 l=1 rev1=0 rx=0 tx=0).connect
2023-08-31T04:48:59.164 INFO:teuthology.orchestra.run.smithi002.stderr:/usr/bin/ceph:
2023-08-31T04:48:59.157+0000 7f74e170a700 1 -- --> [v2:172.21.15.2:3300/0,v1:172.21.15.2:6789/0] -- mon_getmap magic: 0 v1 -- 0x7f74dc10c280 con 0x7f74dc071be0
2023-08-31T04:48:59.165 INFO:teuthology.orchestra.run.smithi002.stderr:/usr/bin/ceph:
2023-08-31T04:48:59.157+0000 7f74daffd700 1 --2- >> [v2:172.21.15.2:3300/0,v1:172.21.15.2:6789/0] conn(0x7f74dc071be0 0x7f74dc10bd90 unknown :-1 s=BANNER_CONNECTING pgs=0 cs=0 l=1 rev1=0 rx=0 tx=0)._handle_peer_banner_payload supported=1 required=0
2023-08-31T04:48:59.165 INFO:teuthology.orchestra.run.smithi002.stderr:/usr/bin/ceph:
2023-08-31T04:48:59.157+0000 7f74daffd700 1 --2- >> [v2:172.21.15.2:3300/0,v1:172.21.15.2:6789/0] conn(0x7f74dc071be0 0x7f74dc10bd90 unknown :-1 s=HELLO_CONNECTING pgs=0 cs=0 l=1 rev1=1 rx=0 tx=0).handle_hello peer v2:172.21.15.2:3300/0 says I am v2:172.21.15.2:39384/0 (socket says 172.21.15.2:39384)
2023-08-31T04:48:59.165 INFO:teuthology.orchestra.run.smithi002.stderr:/usr/bin/ceph:
2023-08-31T04:48:59.157+0000 7f74daffd700 1 -- 172.21.15.2:0/3552008161 learned_addr learned my addr 172.21.15.2:0/3552008161 (peer_addr_for_me v2:172.21.15.2:0/0)
2023-08-31T04:48:59.165 INFO:teuthology.orchestra.run.smithi002.stderr:/usr/bin/ceph:
2023-08-31T04:48:59.158+0000 7f74daffd700 1 -- 172.21.15.2:0/3552008161 --> [v2:172.21.15.2:3300/0,v1:172.21.15.2:6789/0] -- mon_subscribe({config=0+,monmap=0+}) v3 -- 0x7f74cc009370 con 0x7f74dc071be0
2023-08-31T04:48:59.165 INFO:teuthology.orchestra.run.smithi002.stderr:/usr/bin/ceph:
2023-08-31T04:48:59.158+0000 7f74daffd700 1 --2- 172.21.15.2:0/3552008161 >> [v2:172.21.15.2:3300/0,v1:172.21.15.2:6789/0] conn(0x7f74dc071be0 0x7f74dc10bd90 secure :-1 s=READY pgs=46 cs=0 l=1 rev1=1 rx=0x7f74cc00c010 tx=0x7f74cc0090f0).ready entity=mon.0 client_cookie=0 server_cookie=0 in_seq=0 out_seq=0
2023-08-31T04:48:59.165 INFO:teuthology.orchestra.run.smithi002.stderr:/usr/bin/ceph:
2023-08-31T04:48:59.158+0000 7f74c37fe700 1 -- 172.21.15.2:0/3552008161 <== mon.0 v2:172.21.15.2:3300/0 1 ==== mon_map magic: 0 v1 ==== 229+0+0 (secure 0 0 0) 0x7f74cc01a610 con 0x7f74dc071be0
2023-08-31T04:48:59.166 INFO:teuthology.orchestra.run.smithi002.stderr:/usr/bin/ceph:
2023-08-31T04:48:59.158+0000 7f74e170a700 1 -- 172.21.15.2:0/3552008161 --> [v2:172.21.15.2:3300/0,v1:172.21.15.2:6789/0] -- mon_subscribe({mgrmap=0+}) v3 -- 0x7f74dc10c480 con 0x7f74dc071be0
2023-08-31T04:48:59.166 INFO:teuthology.orchestra.run.smithi002.stderr:/usr/bin/ceph:
2023-08-31T04:48:59.158+0000 7f74c37fe700 1 -- 172.21.15.2:0/3552008161 <== mon.0 v2:172.21.15.2:3300/0 2 ==== config(25 keys) v1 ==== 982+0+0 (secure 0 0 0) 0x7f74cc01abc0 con 0x7f74dc071be0
2023-08-31T04:48:59.166 INFO:teuthology.orchestra.run.smithi002.stderr:/usr/bin/ceph:
2023-08-31T04:48:59.158+0000 7f74c37fe700 1 -- 172.21.15.2:0/3552008161 <== mon.0 v2:172.21.15.2:3300/0 3 ==== mon_map magic: 0 v1 ==== 229+0+0 (secure 0 0 0) 0x7f74cc022a20 con 0x7f74dc071be0
2023-08-31T04:48:59.166 INFO:teuthology.orchestra.run.smithi002.stderr:/usr/bin/ceph:
2023-08-31T04:48:59.158+0000 7f74e170a700 1 -- 172.21.15.2:0/3552008161 --> [v2:172.21.15.2:3300/0,v1:172.21.15.2:6789/0] -- mon_subscribe({osdmap=0}) v3 -- 0x7f74dc10c890 con 0x7f74dc071be0
2023-08-31T04:48:59.167 INFO:teuthology.orchestra.run.smithi002.stderr:/usr/bin/ceph:
2023-08-31T04:48:59.159+0000 7f74c37fe700 1 -- 172.21.15.2:0/3552008161 <== mon.0 v2:172.21.15.2:3300/0 4 ==== mgrmap(e 8) v1 ==== 38545+0+0 (secure 0 0 0) 0x7f74cc022ce0 con 0x7f74dc071be0
2023-08-31T04:48:59.167 INFO:teuthology.orchestra.run.smithi002.stderr:/usr/bin/ceph:
2023-08-31T04:48:59.159+0000 7f74e170a700 1 -- 172.21.15.2:0/3552008161 --> [v2:172.21.15.2:3300/0,v1:172.21.15.2:6789/0] -- mon_command({"prefix": "get_command_descriptions"} v 0) v1 -- 0x7f74dc046c20 con 0x7f74dc071be0
2023-08-31T04:48:59.168 INFO:teuthology.orchestra.run.smithi002.stderr:/usr/bin/ceph:
2023-08-31T04:48:59.160+0000 7f74c37fe700 1 --2- 172.21.15.2:0/3552008161 >> [v2:172.21.15.2:6800/3415207131,v1:172.21.15.2:6801/3415207131] conn(0x7f74c4032470 0x7f74c4034930 unknown :-1 s=NONE pgs=0 cs=0 l=1 rev1=0 rx=0 tx=0).connect
2023-08-31T04:48:59.168 INFO:teuthology.orchestra.run.smithi002.stderr:/usr/bin/ceph:
2023-08-31T04:48:59.160+0000 7f74c37fe700 1 -- 172.21.15.2:0/3552008161 <== mon.0 v2:172.21.15.2:3300/0 5 ==== osd_map(2..2 src has 1..2) v4 ==== 893+0+0 (secure 0 0 0) 0x7f74cc044a60 con 0x7f74dc071be0
2023-08-31T04:48:59.168 INFO:teuthology.orchestra.run.smithi002.stderr:/usr/bin/ceph:
2023-08-31T04:48:59.160+0000 7f74da7fc700 1 --2- 172.21.15.2:0/3552008161 >> [v2:172.21.15.2:6800/3415207131,v1:172.21.15.2:6801/3415207131] conn(0x7f74c4032470 0x7f74c4034930 unknown :-1 s=BANNER_CONNECTING pgs=0 cs=0 l=1 rev1=0 rx=0 tx=0)._handle_peer_banner_payload supported=1 required=0
2023-08-31T04:48:59.168 INFO:teuthology.orchestra.run.smithi002.stderr:/usr/bin/ceph:
2023-08-31T04:48:59.161+0000 7f74da7fc700 1 --2- 172.21.15.2:0/3552008161 >> [v2:172.21.15.2:6800/3415207131,v1:172.21.15.2:6801/3415207131] conn(0x7f74c4032470 0x7f74c4034930 secure :-1 s=READY pgs=12 cs=0 l=1 rev1=1 rx=0x7f74d0009780 tx=0x7f74d0006cc0).ready entity=mgr.14118 client_cookie=0 server_cookie=0 in_seq=0 out_seq=0
2023-08-31T04:48:59.168 INFO:teuthology.orchestra.run.smithi002.stderr:/usr/bin/ceph:
2023-08-31T04:48:59.164+0000 7f74c37fe700 1 -- 172.21.15.2:0/3552008161 <== mon.0 v2:172.21.15.2:3300/0 6 ==== mon_command_ack([{"prefix": "get_command_descriptions"}]=0 v0) v1 ==== 72+0+163129 (secure 0 0 0) 0x7f74cc01a770 con 0x7f74dc071be0
2023-08-31T04:48:59.221 INFO:teuthology.orchestra.run.smithi002.stderr:/usr/bin/ceph:
2023-08-31T04:48:59.219+0000 7f74c37fe700 1 -- 172.21.15.2:0/3552008161 <== mon.0 v2:172.21.15.2:3300/0 7 ==== config(25 keys) v1 ==== 1046+0+0 (secure 0 0 0) 0x7f74cc044480 con 0x7f74dc071be0
2023-08-31T04:48:59.366 INFO:teuthology.orchestra.run.smithi002.stderr:/usr/bin/ceph:
2023-08-31T04:48:59.364+0000 7f74e170a700 1 -- 172.21.15.2:0/3552008161 --> [v2:172.21.15.2:6800/3415207131,v1:172.21.15.2:6801/3415207131] -- mgr_command(tid 0: {"prefix": "orch apply", "service_type": "mgr", "target": ["mon-mgr", ""]}) v1 -- 0x7f74dc10d090 con 0x7f74c4032470
2023-08-31T04:48:59.371 INFO:teuthology.orchestra.run.smithi002.stderr:/usr/bin/ceph:
2023-08-31T04:48:59.369+0000 7f74c37fe700 1 -- 172.21.15.2:0/3552008161 <== mgr.14118 v2:172.21.15.2:6800/3415207131 1 ==== mgr_command_reply(tid 0: 0 ) v1 ==== 8+0+24 (secure 0 0 0) 0x7f74dc10d090 con 0x7f74c4032470
2023-08-31T04:48:59.371 INFO:teuthology.orchestra.run.smithi002.stderr:/usr/bin/ceph: Scheduled mgr update...
2023-08-31T04:48:59.374 INFO:teuthology.orchestra.run.smithi002.stderr:/usr/bin/ceph:
2023-08-31T04:48:59.371+0000 7f74e170a700 1 -- 172.21.15.2:0/3552008161 >> [v2:172.21.15.2:6800/3415207131,v1:172.21.15.2:6801/3415207131] conn(0x7f74c4032470 msgr2=0x7f74c4034930 secure :-1 s=STATE_CONNECTION_ESTABLISHED l=1).mark_down
2023-08-31T04:48:59.374 INFO:teuthology.orchestra.run.smithi002.stderr:/usr/bin/ceph:
2023-08-31T04:48:59.371+0000 7f74e170a700 1 --2- 172.21.15.2:0/3552008161 >> [v2:172.21.15.2:6800/3415207131,v1:172.21.15.2:6801/3415207131] conn(0x7f74c4032470 0x7f74c4034930 secure :-1 s=READY pgs=12 cs=0 l=1 rev1=1 rx=0x7f74d0009780 tx=0x7f74d0006cc0).stop
2023-08-31T04:48:59.374 INFO:teuthology.orchestra.run.smithi002.stderr:/usr/bin/ceph:
2023-08-31T04:48:59.371+0000 7f74e170a700 1 -- 172.21.15.2:0/3552008161 >> [v2:172.21.15.2:3300/0,v1:172.21.15.2:6789/0] conn(0x7f74dc071be0 msgr2=0x7f74dc10bd90 secure :-1 s=STATE_CONNECTION_ESTABLISHED l=1).mark_down
2023-08-31T04:48:59.375 INFO:teuthology.orchestra.run.smithi002.stderr:/usr/bin/ceph:
2023-08-31T04:48:59.371+0000 7f74e170a700 1 --2- 172.21.15.2:0/3552008161 >> [v2:172.21.15.2:3300/0,v1:172.21.15.2:6789/0] conn(0x7f74dc071be0 0x7f74dc10bd90 secure :-1 s=READY pgs=46 cs=0 l=1 rev1=1 rx=0x7f74cc00c010 tx=0x7f74cc0090f0).stop
2023-08-31T04:48:59.375 INFO:teuthology.orchestra.run.smithi002.stderr:/usr/bin/ceph:
2023-08-31T04:48:59.371+0000 7f74e170a700 1 -- 172.21.15.2:0/3552008161 shutdown_connections
2023-08-31T04:48:59.375 INFO:teuthology.orchestra.run.smithi002.stderr:/usr/bin/ceph:
2023-08-31T04:48:59.371+0000 7f74e170a700 1 --2- 172.21.15.2:0/3552008161 >> [v2:172.21.15.2:6800/3415207131,v1:172.21.15.2:6801/3415207131] conn(0x7f74c4032470 0x7f74c4034930 unknown :-1 s=CLOSED pgs=12 cs=0 l=1 rev1=1 rx=0 tx=0).stop
2023-08-31T04:48:59.375 INFO:teuthology.orchestra.run.smithi002.stderr:/usr/bin/ceph:
2023-08-31T04:48:59.371+0000 7f74e170a700 1 --2- 172.21.15.2:0/3552008161 >> [v2:172.21.15.2:3300/0,v1:172.21.15.2:6789/0] conn(0x7f74dc071be0 0x7f74dc10bd90 unknown :-1 s=CLOSED pgs=46 cs=0 l=1 rev1=1 rx=0 tx=0).stop
2023-08-31T04:48:59.376 INFO:teuthology.orchestra.run.smithi002.stderr:/usr/bin/ceph:
2023-08-31T04:48:59.371+0000 7f74e170a700 1 -- 172.21.15.2:0/3552008161 >> 172.21.15.2:0/3552008161 conn(0x7f74dc0f75f0 msgr2=0x7f74dc0f9140 unknown :-1 s=STATE_NONE l=0).mark_down
2023-08-31T04:48:59.376 INFO:teuthology.orchestra.run.smithi002.stderr:/usr/bin/ceph:
2023-08-31T04:48:59.371+0000 7f74e170a700 1 -- 172.21.15.2:0/3552008161 shutdown_connections
2023-08-31T04:48:59.376 INFO:teuthology.orchestra.run.smithi002.stderr:/usr/bin/ceph:
2023-08-31T04:48:59.371+0000 7f74e170a700 1 -- 172.21.15.2:0/3552008161 wait complete.
2023-08-31T04:48:59.570 INFO:journalctl@ceph.mon.smithi002.smithi002.stdout:Aug 31 04:48:59 smithi002 ceph-845dcdf0-47b9-11ee-9ab3-7b867c8bd7da-mon-smithi002[106852]: audit
2023-08-31T04:48:58.240707+0000 mgr.smithi002.lpuxwa (mgr.14118) 11 : audit [DBG] from='client.14138 -' entity='client.admin' cmd=[{"prefix": "orch apply", "service_type": "mon", "target": ["mon-mgr", ""]}]: dispatch
2023-08-31T04:48:59.571 INFO:journalctl@ceph.mon.smithi002.smithi002.stdout:Aug 31 04:48:59 smithi002 ceph-845dcdf0-47b9-11ee-9ab3-7b867c8bd7da-mon-smithi002[106852]: cephadm
2023-08-31T04:48:58.242941+0000 mgr.smithi002.lpuxwa (mgr.14118) 12 : cephadm [INF] Saving service mon spec with placement count:5
2023-08-31T04:48:59.571 INFO:journalctl@ceph.mon.smithi002.smithi002.stdout:Aug 31 04:48:59 smithi002 ceph-845dcdf0-47b9-11ee-9ab3-7b867c8bd7da-mon-smithi002[106852]: audit
2023-08-31T04:48:59.220065+0000 mon.smithi002 (mon.0) 57 : audit [INF] from='mgr.14118 172.21.15.2:0/2474998600' entity='mgr.smithi002.lpuxwa'
2023-08-31T04:48:59.706 INFO:teuthology.orchestra.run.smithi002.stderr:Deploying crash service with default placement...
2023-08-31T04:49:00.113 INFO:teuthology.orchestra.run.smithi002.stderr:/usr/bin/ceph:
2023-08-31T04:49:00.110+0000 7fc47531c700 1 Processor -- start
2023-08-31T04:49:00.114 INFO:teuthology.orchestra.run.smithi002.stderr:/usr/bin/ceph:
2023-08-31T04:49:00.110+0000 7fc47531c700 1 -- start start
2023-08-31T04:49:00.114 INFO:teuthology.orchestra.run.smithi002.stderr:/usr/bin/ceph:
