2023-08-31T04:48:40.183+0000 7f1468ff9700 1 --2- 172.21.15.2:0/1970362205 >> [v2:172.21.15.2:6800/92509228,v1:172.21.15.2:6801/92509228] conn(0x7f1454032470 0x7f1454034930 unknown :-1 s=NONE pgs=0 cs=0 l=1 rev1=0 rx=0 tx=0).connect
2023-08-31T04:48:41.334 INFO:teuthology.orchestra.run.smithi002.stderr:/usr/bin/ceph:
2023-08-31T04:48:40.183+0000 7f1468ff9700 1 -- 172.21.15.2:0/1970362205 <== mon.0 v2:172.21.15.2:3300/0 5 ==== osd_map(1..1 src has 1..1) v4 ==== 721+0+0 (secure 0 0 0) 0x7f145c0444f0 con 0x7f146c071be0
2023-08-31T04:48:41.335 INFO:teuthology.orchestra.run.smithi002.stderr:/usr/bin/ceph:
2023-08-31T04:48:40.183+0000 7f146b7fe700 1 --2- 172.21.15.2:0/1970362205 >> [v2:172.21.15.2:6800/92509228,v1:172.21.15.2:6801/92509228] conn(0x7f1454032470 0x7f1454034930 unknown :-1 s=BANNER_CONNECTING pgs=0 cs=0 l=1 rev1=0 rx=0 tx=0)._handle_peer_banner_payload supported=1 required=0
2023-08-31T04:48:41.335 INFO:teuthology.orchestra.run.smithi002.stderr:/usr/bin/ceph:
2023-08-31T04:48:40.183+0000 7f146b7fe700 1 --2- 172.21.15.2:0/1970362205 >> [v2:172.21.15.2:6800/92509228,v1:172.21.15.2:6801/92509228] conn(0x7f1454032470 0x7f1454034930 secure :-1 s=READY pgs=5 cs=0 l=1 rev1=1 rx=0x7f1460009780 tx=0x7f1460006cc0).ready entity=mgr.14100 client_cookie=0 server_cookie=0 in_seq=0 out_seq=0
2023-08-31T04:48:41.335 INFO:teuthology.orchestra.run.smithi002.stderr:/usr/bin/ceph:
2023-08-31T04:48:40.188+0000 7f1468ff9700 1 -- 172.21.15.2:0/1970362205 <== mon.0 v2:172.21.15.2:3300/0 6 ==== mon_command_ack([{"prefix": "get_command_descriptions"}]=0 v0) v1 ==== 72+0+163129 (secure 0 0 0) 0x7f145c0223b0 con 0x7f146c071be0
2023-08-31T04:48:41.335 INFO:teuthology.orchestra.run.smithi002.stderr:/usr/bin/ceph:
2023-08-31T04:48:40.439+0000 7f1472a56700 1 -- 172.21.15.2:0/1970362205 --> [v2:172.21.15.2:3300/0,v1:172.21.15.2:6789/0] -- mon_command({"prefix": "status", "format": "json-pretty"} v 0) v1 -- 0x7f146c1030a0 con 0x7f146c071be0
2023-08-31T04:48:41.335 INFO:teuthology.orchestra.run.smithi002.stderr:/usr/bin/ceph:
2023-08-31T04:48:40.439+0000 7f1468ff9700 1 -- 172.21.15.2:0/1970362205 <== mon.0 v2:172.21.15.2:3300/0 7 ==== mon_command_ack([{"prefix": "status", "format": "json-pretty"}]=0 v0) v1 ==== 79+0+1249 (secure 0 0 0) 0x7f145c01e070 con 0x7f146c071be0
2023-08-31T04:48:41.336 INFO:teuthology.orchestra.run.smithi002.stderr:/usr/bin/ceph:
2023-08-31T04:48:40.441+0000 7f1472a56700 1 -- 172.21.15.2:0/1970362205 >> [v2:172.21.15.2:6800/92509228,v1:172.21.15.2:6801/92509228] conn(0x7f1454032470 msgr2=0x7f1454034930 secure :-1 s=STATE_CONNECTION_ESTABLISHED l=1).mark_down
2023-08-31T04:48:41.336 INFO:teuthology.orchestra.run.smithi002.stderr:/usr/bin/ceph:
2023-08-31T04:48:40.441+0000 7f1472a56700 1 --2- 172.21.15.2:0/1970362205 >> [v2:172.21.15.2:6800/92509228,v1:172.21.15.2:6801/92509228] conn(0x7f1454032470 0x7f1454034930 secure :-1 s=READY pgs=5 cs=0 l=1 rev1=1 rx=0x7f1460009780 tx=0x7f1460006cc0).stop
2023-08-31T04:48:41.336 INFO:teuthology.orchestra.run.smithi002.stderr:/usr/bin/ceph:
2023-08-31T04:48:40.441+0000 7f1472a56700 1 -- 172.21.15.2:0/1970362205 >> [v2:172.21.15.2:3300/0,v1:172.21.15.2:6789/0] conn(0x7f146c071be0 msgr2=0x7f146c10df70 secure :-1 s=STATE_CONNECTION_ESTABLISHED l=1).mark_down
2023-08-31T04:48:41.336 INFO:teuthology.orchestra.run.smithi002.stderr:/usr/bin/ceph:
2023-08-31T04:48:40.441+0000 7f1472a56700 1 --2- 172.21.15.2:0/1970362205 >> [v2:172.21.15.2:3300/0,v1:172.21.15.2:6789/0] conn(0x7f146c071be0 0x7f146c10df70 secure :-1 s=READY pgs=17 cs=0 l=1 rev1=1 rx=0x7f145c000c00 tx=0x7f145c0090f0).stop
2023-08-31T04:48:41.336 INFO:teuthology.orchestra.run.smithi002.stderr:/usr/bin/ceph:
2023-08-31T04:48:40.441+0000 7f1472a56700 1 -- 172.21.15.2:0/1970362205 shutdown_connections
2023-08-31T04:48:41.337 INFO:teuthology.orchestra.run.smithi002.stderr:/usr/bin/ceph:
2023-08-31T04:48:40.441+0000 7f1472a56700 1 --2- 172.21.15.2:0/1970362205 >> [v2:172.21.15.2:6800/92509228,v1:172.21.15.2:6801/92509228] conn(0x7f1454032470 0x7f1454034930 unknown :-1 s=CLOSED pgs=5 cs=0 l=1 rev1=1 rx=0 tx=0).stop
2023-08-31T04:48:41.337 INFO:teuthology.orchestra.run.smithi002.stderr:/usr/bin/ceph:
2023-08-31T04:48:40.441+0000 7f1472a56700 1 --2- 172.21.15.2:0/1970362205 >> [v2:172.21.15.2:3300/0,v1:172.21.15.2:6789/0] conn(0x7f146c071be0 0x7f146c10df70 unknown :-1 s=CLOSED pgs=17 cs=0 l=1 rev1=1 rx=0 tx=0).stop
2023-08-31T04:48:41.337 INFO:teuthology.orchestra.run.smithi002.stderr:/usr/bin/ceph:
2023-08-31T04:48:40.441+0000 7f1472a56700 1 -- 172.21.15.2:0/1970362205 >> 172.21.15.2:0/1970362205 conn(0x7f146c0f75f0 msgr2=0x7f146c0f90f0 unknown :-1 s=STATE_NONE l=0).mark_down
2023-08-31T04:48:41.337 INFO:teuthology.orchestra.run.smithi002.stderr:/usr/bin/ceph:
2023-08-31T04:48:40.442+0000 7f1472a56700 1 -- 172.21.15.2:0/1970362205 shutdown_connections
2023-08-31T04:48:41.338 INFO:teuthology.orchestra.run.smithi002.stderr:/usr/bin/ceph:
2023-08-31T04:48:40.442+0000 7f1472a56700 1 -- 172.21.15.2:0/1970362205 wait complete.
2023-08-31T04:48:41.339 INFO:teuthology.orchestra.run.smithi002.stderr:/usr/bin/ceph:
2023-08-31T04:48:41.339 INFO:teuthology.orchestra.run.smithi002.stderr:/usr/bin/ceph: {
2023-08-31T04:48:41.339 INFO:teuthology.orchestra.run.smithi002.stderr:/usr/bin/ceph: "fsid": "845dcdf0-47b9-11ee-9ab3-7b867c8bd7da",
2023-08-31T04:48:41.339 INFO:teuthology.orchestra.run.smithi002.stderr:/usr/bin/ceph: "health": {
2023-08-31T04:48:41.340 INFO:teuthology.orchestra.run.smithi002.stderr:/usr/bin/ceph: "status": "HEALTH_OK",
2023-08-31T04:48:41.340 INFO:teuthology.orchestra.run.smithi002.stderr:/usr/bin/ceph: "checks": {},
2023-08-31T04:48:41.340 INFO:teuthology.orchestra.run.smithi002.stderr:/usr/bin/ceph: "mutes": []
2023-08-31T04:48:41.340 INFO:teuthology.orchestra.run.smithi002.stderr:/usr/bin/ceph: },
2023-08-31T04:48:41.341 INFO:teuthology.orchestra.run.smithi002.stderr:/usr/bin/ceph: "election_epoch": 5,
2023-08-31T04:48:41.341 INFO:teuthology.orchestra.run.smithi002.stderr:/usr/bin/ceph: "quorum": [
2023-08-31T04:48:41.341 INFO:teuthology.orchestra.run.smithi002.stderr:/usr/bin/ceph: 0
2023-08-31T04:48:41.341 INFO:teuthology.orchestra.run.smithi002.stderr:/usr/bin/ceph: ],
2023-08-31T04:48:41.341 INFO:teuthology.orchestra.run.smithi002.stderr:/usr/bin/ceph: "quorum_names": [
2023-08-31T04:48:41.342 INFO:teuthology.orchestra.run.smithi002.stderr:/usr/bin/ceph: "smithi002"
2023-08-31T04:48:41.342 INFO:teuthology.orchestra.run.smithi002.stderr:/usr/bin/ceph: ],
2023-08-31T04:48:41.342 INFO:teuthology.orchestra.run.smithi002.stderr:/usr/bin/ceph: "quorum_age": 16,
2023-08-31T04:48:41.342 INFO:teuthology.orchestra.run.smithi002.stderr:/usr/bin/ceph: "monmap": {
2023-08-31T04:48:41.342 INFO:teuthology.orchestra.run.smithi002.stderr:/usr/bin/ceph: "epoch": 1,
2023-08-31T04:48:41.343 INFO:teuthology.orchestra.run.smithi002.stderr:/usr/bin/ceph: "min_mon_release_name": "pacific",
2023-08-31T04:48:41.343 INFO:teuthology.orchestra.run.smithi002.stderr:/usr/bin/ceph: "num_mons": 1
2023-08-31T04:48:41.343 INFO:teuthology.orchestra.run.smithi002.stderr:/usr/bin/ceph: },
2023-08-31T04:48:41.343 INFO:teuthology.orchestra.run.smithi002.stderr:/usr/bin/ceph: "osdmap": {
2023-08-31T04:48:41.343 INFO:teuthology.orchestra.run.smithi002.stderr:/usr/bin/ceph: "epoch": 1,
2023-08-31T04:48:41.343 INFO:teuthology.orchestra.run.smithi002.stderr:/usr/bin/ceph: "num_osds": 0,
2023-08-31T04:48:41.344 INFO:teuthology.orchestra.run.smithi002.stderr:/usr/bin/ceph: "num_up_osds": 0,
2023-08-31T04:48:41.344 INFO:teuthology.orchestra.run.smithi002.stderr:/usr/bin/ceph: "osd_up_since": 0,
2023-08-31T04:48:41.344 INFO:teuthology.orchestra.run.smithi002.stderr:/usr/bin/ceph: "num_in_osds": 0,
2023-08-31T04:48:41.344 INFO:teuthology.orchestra.run.smithi002.stderr:/usr/bin/ceph: "osd_in_since": 0,
2023-08-31T04:48:41.345 INFO:teuthology.orchestra.run.smithi002.stderr:/usr/bin/ceph: "num_remapped_pgs": 0
2023-08-31T04:48:41.345 INFO:teuthology.orchestra.run.smithi002.stderr:/usr/bin/ceph: },
2023-08-31T04:48:41.345 INFO:teuthology.orchestra.run.smithi002.stderr:/usr/bin/ceph: "pgmap": {
2023-08-31T04:48:41.345 INFO:teuthology.orchestra.run.smithi002.stderr:/usr/bin/ceph: "pgs_by_state": [],
2023-08-31T04:48:41.345 INFO:teuthology.orchestra.run.smithi002.stderr:/usr/bin/ceph: "num_pgs": 0,
2023-08-31T04:48:41.345 INFO:teuthology.orchestra.run.smithi002.stderr:/usr/bin/ceph: "num_pools": 0,
2023-08-31T04:48:41.346 INFO:teuthology.orchestra.run.smithi002.stderr:/usr/bin/ceph: "num_objects": 0,
2023-08-31T04:48:41.346 INFO:teuthology.orchestra.run.smithi002.stderr:/usr/bin/ceph: "data_bytes": 0,
2023-08-31T04:48:41.346 INFO:teuthology.orchestra.run.smithi002.stderr:/usr/bin/ceph: "bytes_used": 0,
2023-08-31T04:48:41.346 INFO:teuthology.orchestra.run.smithi002.stderr:/usr/bin/ceph: "bytes_avail": 0,
2023-08-31T04:48:41.347 INFO:teuthology.orchestra.run.smithi002.stderr:/usr/bin/ceph: "bytes_total": 0
2023-08-31T04:48:41.347 INFO:teuthology.orchestra.run.smithi002.stderr:/usr/bin/ceph: },
2023-08-31T04:48:41.347 INFO:teuthology.orchestra.run.smithi002.stderr:/usr/bin/ceph: "fsmap": {
2023-08-31T04:48:41.347 INFO:teuthology.orchestra.run.smithi002.stderr:/usr/bin/ceph: "epoch": 1,
2023-08-31T04:48:41.347 INFO:teuthology.orchestra.run.smithi002.stderr:/usr/bin/ceph: "by_rank": [],
2023-08-31T04:48:41.347 INFO:teuthology.orchestra.run.smithi002.stderr:/usr/bin/ceph: "up:standby": 0
2023-08-31T04:48:41.348 INFO:teuthology.orchestra.run.smithi002.stderr:/usr/bin/ceph: },
2023-08-31T04:48:41.348 INFO:teuthology.orchestra.run.smithi002.stderr:/usr/bin/ceph: "mgrmap": {
2023-08-31T04:48:41.348 INFO:teuthology.orchestra.run.smithi002.stderr:/usr/bin/ceph: "available": true,
2023-08-31T04:48:41.348 INFO:teuthology.orchestra.run.smithi002.stderr:/usr/bin/ceph: "num_standbys": 0,
2023-08-31T04:48:41.349 INFO:teuthology.orchestra.run.smithi002.stderr:/usr/bin/ceph: "modules": [
2023-08-31T04:48:41.349 INFO:teuthology.orchestra.run.smithi002.stderr:/usr/bin/ceph: "iostat",
2023-08-31T04:48:41.349 INFO:teuthology.orchestra.run.smithi002.stderr:/usr/bin/ceph: "nfs",
2023-08-31T04:48:41.349 INFO:teuthology.orchestra.run.smithi002.stderr:/usr/bin/ceph: "restful"
2023-08-31T04:48:41.349 INFO:teuthology.orchestra.run.smithi002.stderr:/usr/bin/ceph: ],
2023-08-31T04:48:41.350 INFO:teuthology.orchestra.run.smithi002.stderr:/usr/bin/ceph: "services": {}
2023-08-31T04:48:41.350 INFO:teuthology.orchestra.run.smithi002.stderr:/usr/bin/ceph: },
2023-08-31T04:48:41.350 INFO:teuthology.orchestra.run.smithi002.stderr:/usr/bin/ceph: "servicemap": {
2023-08-31T04:48:41.350 INFO:teuthology.orchestra.run.smithi002.stderr:/usr/bin/ceph: "epoch": 1,
2023-08-31T04:48:41.351 INFO:teuthology.orchestra.run.smithi002.stderr:/usr/bin/ceph: "modified": "2023-08-31T04:48:19.863202+0000",
2023-08-31T04:48:41.351 INFO:teuthology.orchestra.run.smithi002.stderr:/usr/bin/ceph: "services": {}
2023-08-31T04:48:41.351 INFO:teuthology.orchestra.run.smithi002.stderr:/usr/bin/ceph: },
2023-08-31T04:48:41.351 INFO:teuthology.orchestra.run.smithi002.stderr:/usr/bin/ceph: "progress_events": {}
2023-08-31T04:48:41.351 INFO:teuthology.orchestra.run.smithi002.stderr:/usr/bin/ceph: }
2023-08-31T04:48:41.629 INFO:teuthology.orchestra.run.smithi002.stderr:mgr is available
2023-08-31T04:48:41.998 INFO:teuthology.orchestra.run.smithi002.stderr:/usr/bin/ceph:
2023-08-31T04:48:41.994+0000 7f539719b700 1 Processor -- start
2023-08-31T04:48:41.998 INFO:teuthology.orchestra.run.smithi002.stderr:/usr/bin/ceph:
2023-08-31T04:48:41.994+0000 7f539719b700 1 -- start start
2023-08-31T04:48:41.998 INFO:teuthology.orchestra.run.smithi002.stderr:/usr/bin/ceph:
2023-08-31T04:48:41.995+0000 7f539719b700 1 --2- >> [v2:172.21.15.2:3300/0,v1:172.21.15.2:6789/0] conn(0x7f5390071bc0 0x7f5390101fd0 unknown :-1 s=NONE pgs=0 cs=0 l=0 rev1=0 rx=0 tx=0).connect
2023-08-31T04:48:41.999 INFO:teuthology.orchestra.run.smithi002.stderr:/usr/bin/ceph:
2023-08-31T04:48:41.995+0000 7f539719b700 1 -- --> [v2:172.21.15.2:3300/0,v1:172.21.15.2:6789/0] -- mon_getmap magic: 0 v1 -- 0x7f53900fd9c0 con 0x7f5390071bc0
2023-08-31T04:48:41.999 INFO:teuthology.orchestra.run.smithi002.stderr:/usr/bin/ceph:
2023-08-31T04:48:41.995+0000 7f5394f37700 1 --2- >> [v2:172.21.15.2:3300/0,v1:172.21.15.2:6789/0] conn(0x7f5390071bc0 0x7f5390101fd0 unknown :-1 s=BANNER_CONNECTING pgs=0 cs=0 l=0 rev1=0 rx=0 tx=0)._handle_peer_banner_payload supported=1 required=0
2023-08-31T04:48:41.999 INFO:teuthology.orchestra.run.smithi002.stderr:/usr/bin/ceph:
2023-08-31T04:48:41.995+0000 7f5394f37700 1 --2- >> [v2:172.21.15.2:3300/0,v1:172.21.15.2:6789/0] conn(0x7f5390071bc0 0x7f5390101fd0 unknown :-1 s=HELLO_CONNECTING pgs=0 cs=0 l=0 rev1=1 rx=0 tx=0).handle_hello peer v2:172.21.15.2:3300/0 says I am v2:172.21.15.2:35650/0 (socket says 172.21.15.2:35650)
2023-08-31T04:48:41.999 INFO:teuthology.orchestra.run.smithi002.stderr:/usr/bin/ceph:
2023-08-31T04:48:41.995+0000 7f5394f37700 1 -- 172.21.15.2:0/2438592310 learned_addr learned my addr 172.21.15.2:0/2438592310 (peer_addr_for_me v2:172.21.15.2:0/0)
2023-08-31T04:48:41.999 INFO:teuthology.orchestra.run.smithi002.stderr:/usr/bin/ceph:
2023-08-31T04:48:41.996+0000 7f5394f37700 1 -- 172.21.15.2:0/2438592310 --> [v2:172.21.15.2:3300/0,v1:172.21.15.2:6789/0] -- mon_subscribe({config=0+,monmap=0+}) v3 -- 0x7f53901024c0 con 0x7f5390071bc0
2023-08-31T04:48:42.000 INFO:teuthology.orchestra.run.smithi002.stderr:/usr/bin/ceph:
2023-08-31T04:48:41.996+0000 7f5394f37700 1 --2- 172.21.15.2:0/2438592310 >> [v2:172.21.15.2:3300/0,v1:172.21.15.2:6789/0] conn(0x7f5390071bc0 0x7f5390101fd0 secure :-1 s=READY pgs=18 cs=0 l=1 rev1=1 rx=0x7f5384009730 tx=0x7f53840090f0).ready entity=mon.0 client_cookie=5bcecebbdd935b1d server_cookie=0 in_seq=0 out_seq=0
2023-08-31T04:48:42.002 INFO:teuthology.orchestra.run.smithi002.stderr:/usr/bin/ceph:
2023-08-31T04:48:41.996+0000 7f538f7fe700 1 -- 172.21.15.2:0/2438592310 <== mon.0 v2:172.21.15.2:3300/0 1 ==== mon_map magic: 0 v1 ==== 229+0+0 (secure 0 0 0) 0x7f538400b6e0 con 0x7f5390071bc0
2023-08-31T04:48:42.002 INFO:teuthology.orchestra.run.smithi002.stderr:/usr/bin/ceph:
2023-08-31T04:48:41.996+0000 7f538f7fe700 1 -- 172.21.15.2:0/2438592310 <== mon.0 v2:172.21.15.2:3300/0 2 ==== config(25 keys) v1 ==== 982+0+0 (secure 0 0 0) 0x7f538400bc90 con 0x7f5390071bc0
2023-08-31T04:48:42.002 INFO:teuthology.orchestra.run.smithi002.stderr:/usr/bin/ceph:
2023-08-31T04:48:41.996+0000 7f538f7fe700 1 -- 172.21.15.2:0/2438592310 <== mon.0 v2:172.21.15.2:3300/0 3 ==== mon_map magic: 0 v1 ==== 229+0+0 (secure 0 0 0) 0x7f5384011c70 con 0x7f5390071bc0
2023-08-31T04:48:42.003 INFO:teuthology.orchestra.run.smithi002.stderr:/usr/bin/ceph:
2023-08-31T04:48:41.997+0000 7f539719b700 1 -- 172.21.15.2:0/2438592310 >> [v2:172.21.15.2:3300/0,v1:172.21.15.2:6789/0] conn(0x7f5390071bc0 msgr2=0x7f5390101fd0 secure :-1 s=STATE_CONNECTION_ESTABLISHED l=1).mark_down
2023-08-31T04:48:42.003 INFO:teuthology.orchestra.run.smithi002.stderr:/usr/bin/ceph:
2023-08-31T04:48:41.997+0000 7f539719b700 1 --2- 172.21.15.2:0/2438592310 >> [v2:172.21.15.2:3300/0,v1:172.21.15.2:6789/0] conn(0x7f5390071bc0 0x7f5390101fd0 secure :-1 s=READY pgs=18 cs=0 l=1 rev1=1 rx=0x7f5384009730 tx=0x7f53840090f0).stop
2023-08-31T04:48:42.003 INFO:teuthology.orchestra.run.smithi002.stderr:/usr/bin/ceph:
2023-08-31T04:48:41.997+0000 7f539719b700 1 -- 172.21.15.2:0/2438592310 shutdown_connections
2023-08-31T04:48:42.003 INFO:teuthology.orchestra.run.smithi002.stderr:/usr/bin/ceph:
2023-08-31T04:48:41.997+0000 7f539719b700 1 --2- 172.21.15.2:0/2438592310 >> [v2:172.21.15.2:3300/0,v1:172.21.15.2:6789/0] conn(0x7f5390071bc0 0x7f5390101fd0 unknown :-1 s=CLOSED pgs=18 cs=0 l=1 rev1=1 rx=0 tx=0).stop
2023-08-31T04:48:42.003 INFO:teuthology.orchestra.run.smithi002.stderr:/usr/bin/ceph:
2023-08-31T04:48:41.997+0000 7f539719b700 1 -- 172.21.15.2:0/2438592310 >> 172.21.15.2:0/2438592310 conn(0x7f53900f75f0 msgr2=0x7f53900f9a10 unknown :-1 s=STATE_NONE l=0).mark_down
2023-08-31T04:48:42.004 INFO:teuthology.orchestra.run.smithi002.stderr:/usr/bin/ceph:
2023-08-31T04:48:41.997+0000 7f539719b700 1 -- 172.21.15.2:0/2438592310 shutdown_connections
2023-08-31T04:48:42.004 INFO:teuthology.orchestra.run.smithi002.stderr:/usr/bin/ceph:
2023-08-31T04:48:41.997+0000 7f539719b700 1 -- 172.21.15.2:0/2438592310 wait complete.
2023-08-31T04:48:42.004 INFO:teuthology.orchestra.run.smithi002.stderr:/usr/bin/ceph:
2023-08-31T04:48:41.998+0000 7f539719b700 1 Processor -- start
2023-08-31T04:48:42.004 INFO:teuthology.orchestra.run.smithi002.stderr:/usr/bin/ceph:
2023-08-31T04:48:41.998+0000 7f539719b700 1 -- start start
2023-08-31T04:48:42.004 INFO:teuthology.orchestra.run.smithi002.stderr:/usr/bin/ceph:
2023-08-31T04:48:41.999+0000 7f539719b700 1 --2- >> [v2:172.21.15.2:3300/0,v1:172.21.15.2:6789/0] conn(0x7f5390071bc0 0x7f539010df40 unknown :-1 s=NONE pgs=0 cs=0 l=1 rev1=0 rx=0 tx=0).connect
2023-08-31T04:48:42.005 INFO:teuthology.orchestra.run.smithi002.stderr:/usr/bin/ceph:
2023-08-31T04:48:41.999+0000 7f539719b700 1 -- --> [v2:172.21.15.2:3300/0,v1:172.21.15.2:6789/0] -- mon_getmap magic: 0 v1 -- 0x7f539010e430 con 0x7f5390071bc0
2023-08-31T04:48:42.005 INFO:teuthology.orchestra.run.smithi002.stderr:/usr/bin/ceph:
2023-08-31T04:48:41.999+0000 7f5394f37700 1 --2- >> [v2:172.21.15.2:3300/0,v1:172.21.15.2:6789/0] conn(0x7f5390071bc0 0x7f539010df40 unknown :-1 s=BANNER_CONNECTING pgs=0 cs=0 l=1 rev1=0 rx=0 tx=0)._handle_peer_banner_payload supported=1 required=0
2023-08-31T04:48:42.005 INFO:teuthology.orchestra.run.smithi002.stderr:/usr/bin/ceph:
2023-08-31T04:48:41.999+0000 7f5394f37700 1 --2- >> [v2:172.21.15.2:3300/0,v1:172.21.15.2:6789/0] conn(0x7f5390071bc0 0x7f539010df40 unknown :-1 s=HELLO_CONNECTING pgs=0 cs=0 l=1 rev1=1 rx=0 tx=0).handle_hello peer v2:172.21.15.2:3300/0 says I am v2:172.21.15.2:35654/0 (socket says 172.21.15.2:35654)
2023-08-31T04:48:42.005 INFO:teuthology.orchestra.run.smithi002.stderr:/usr/bin/ceph:
2023-08-31T04:48:41.999+0000 7f5394f37700 1 -- 172.21.15.2:0/2217527019 learned_addr learned my addr 172.21.15.2:0/2217527019 (peer_addr_for_me v2:172.21.15.2:0/0)
2023-08-31T04:48:42.005 INFO:teuthology.orchestra.run.smithi002.stderr:/usr/bin/ceph:
2023-08-31T04:48:41.999+0000 7f5394f37700 1 -- 172.21.15.2:0/2217527019 --> [v2:172.21.15.2:3300/0,v1:172.21.15.2:6789/0] -- mon_subscribe({config=0+,monmap=0+}) v3 -- 0x7f5384009370 con 0x7f5390071bc0
2023-08-31T04:48:42.006 INFO:teuthology.orchestra.run.smithi002.stderr:/usr/bin/ceph:
2023-08-31T04:48:42.000+0000 7f5394f37700 1 --2- 172.21.15.2:0/2217527019 >> [v2:172.21.15.2:3300/0,v1:172.21.15.2:6789/0] conn(0x7f5390071bc0 0x7f539010df40 secure :-1 s=READY pgs=19 cs=0 l=1 rev1=1 rx=0x7f538400c010 tx=0x7f53840090f0).ready entity=mon.0 client_cookie=0 server_cookie=0 in_seq=0 out_seq=0
2023-08-31T04:48:42.007 INFO:teuthology.orchestra.run.smithi002.stderr:/usr/bin/ceph:
2023-08-31T04:48:42.000+0000 7f538d7fa700 1 -- 172.21.15.2:0/2217527019 <== mon.0 v2:172.21.15.2:3300/0 1 ==== mon_map magic: 0 v1 ==== 229+0+0 (secure 0 0 0) 0x7f538401a610 con 0x7f5390071bc0
2023-08-31T04:48:42.007 INFO:teuthology.orchestra.run.smithi002.stderr:/usr/bin/ceph:
2023-08-31T04:48:42.000+0000 7f539719b700 1 -- 172.21.15.2:0/2217527019 --> [v2:172.21.15.2:3300/0,v1:172.21.15.2:6789/0] -- mon_subscribe({mgrmap=0+}) v3 -- 0x7f539010e630 con 0x7f5390071bc0
2023-08-31T04:48:42.008 INFO:teuthology.orchestra.run.smithi002.stderr:/usr/bin/ceph:
2023-08-31T04:48:42.000+0000 7f538d7fa700 1 -- 172.21.15.2:0/2217527019 <== mon.0 v2:172.21.15.2:3300/0 2 ==== config(25 keys) v1 ==== 982+0+0 (secure 0 0 0) 0x7f538401abc0 con 0x7f5390071bc0
2023-08-31T04:48:42.008 INFO:teuthology.orchestra.run.smithi002.stderr:/usr/bin/ceph:
2023-08-31T04:48:42.000+0000 7f538d7fa700 1 -- 172.21.15.2:0/2217527019 <== mon.0 v2:172.21.15.2:3300/0 3 ==== mon_map magic: 0 v1 ==== 229+0+0 (secure 0 0 0) 0x7f5384022a20 con 0x7f5390071bc0
2023-08-31T04:48:42.008 INFO:teuthology.orchestra.run.smithi002.stderr:/usr/bin/ceph:
2023-08-31T04:48:42.000+0000 7f539719b700 1 -- 172.21.15.2:0/2217527019 --> [v2:172.21.15.2:3300/0,v1:172.21.15.2:6789/0] -- mon_subscribe({osdmap=0}) v3 -- 0x7f539010ea40 con 0x7f5390071bc0
2023-08-31T04:48:42.008 INFO:teuthology.orchestra.run.smithi002.stderr:/usr/bin/ceph:
2023-08-31T04:48:42.001+0000 7f538d7fa700 1 -- 172.21.15.2:0/2217527019 <== mon.0 v2:172.21.15.2:3300/0 4 ==== mgrmap(e 4) v1 ==== 38534+0+0 (secure 0 0 0) 0x7f5384022ce0 con 0x7f5390071bc0
2023-08-31T04:48:42.008 INFO:teuthology.orchestra.run.smithi002.stderr:/usr/bin/ceph:
2023-08-31T04:48:42.001+0000 7f539719b700 1 -- 172.21.15.2:0/2217527019 --> [v2:172.21.15.2:3300/0,v1:172.21.15.2:6789/0] -- mon_command({"prefix": "get_command_descriptions"} v 0) v1 -- 0x7f5390046c20 con 0x7f5390071bc0
2023-08-31T04:48:42.009 INFO:teuthology.orchestra.run.smithi002.stderr:/usr/bin/ceph:
2023-08-31T04:48:42.002+0000 7f538d7fa700 1 --2- 172.21.15.2:0/2217527019 >> [v2:172.21.15.2:6800/92509228,v1:172.21.15.2:6801/92509228] conn(0x7f5380032470 0x7f5380034930 unknown :-1 s=NONE pgs=0 cs=0 l=1 rev1=0 rx=0 tx=0).connect
2023-08-31T04:48:42.009 INFO:teuthology.orchestra.run.smithi002.stderr:/usr/bin/ceph:
2023-08-31T04:48:42.002+0000 7f538d7fa700 1 -- 172.21.15.2:0/2217527019 <== mon.0 v2:172.21.15.2:3300/0 5 ==== osd_map(1..1 src has 1..1) v4 ==== 721+0+0 (secure 0 0 0) 0x7f5384044630 con 0x7f5390071bc0
2023-08-31T04:48:42.009 INFO:teuthology.orchestra.run.smithi002.stderr:/usr/bin/ceph:
2023-08-31T04:48:42.002+0000 7f538ffff700 1 --2- 172.21.15.2:0/2217527019 >> [v2:172.21.15.2:6800/92509228,v1:172.21.15.2:6801/92509228] conn(0x7f5380032470 0x7f5380034930 unknown :-1 s=BANNER_CONNECTING pgs=0 cs=0 l=1 rev1=0 rx=0 tx=0)._handle_peer_banner_payload supported=1 required=0
2023-08-31T04:48:42.009 INFO:teuthology.orchestra.run.smithi002.stderr:/usr/bin/ceph:
2023-08-31T04:48:42.002+0000 7f538ffff700 1 --2- 172.21.15.2:0/2217527019 >> [v2:172.21.15.2:6800/92509228,v1:172.21.15.2:6801/92509228] conn(0x7f5380032470 0x7f5380034930 secure :-1 s=READY pgs=6 cs=0 l=1 rev1=1 rx=0x7f537c009780 tx=0x7f537c006cc0).ready entity=mgr.14100 client_cookie=0 server_cookie=0 in_seq=0 out_seq=0
2023-08-31T04:48:42.010 INFO:teuthology.orchestra.run.smithi002.stderr:/usr/bin/ceph:
2023-08-31T04:48:42.007+0000 7f538d7fa700 1 -- 172.21.15.2:0/2217527019 <== mon.0 v2:172.21.15.2:3300/0 6 ==== mon_command_ack([{"prefix": "get_command_descriptions"}]=0 v0) v1 ==== 72+0+163129 (secure 0 0 0) 0x7f53840223b0 con 0x7f5390071bc0
2023-08-31T04:48:42.191 INFO:teuthology.orchestra.run.smithi002.stderr:/usr/bin/ceph:
2023-08-31T04:48:42.188+0000 7f539719b700 1 -- 172.21.15.2:0/2217527019 --> [v2:172.21.15.2:3300/0,v1:172.21.15.2:6789/0] -- mon_command({"prefix": "config assimilate-conf"} v 0) v1 -- 0x7f5390103060 con 0x7f5390071bc0
2023-08-31T04:48:42.193 INFO:teuthology.orchestra.run.smithi002.stderr:/usr/bin/ceph:
2023-08-31T04:48:42.189+0000 7f538d7fa700 1 -- 172.21.15.2:0/2217527019 <== mon.0 v2:172.21.15.2:3300/0 7 ==== mon_command_ack([{"prefix": "config assimilate-conf"}]=0 v3) v1 ==== 70+0+398 (secure 0 0 0) 0x7f538401e070 con 0x7f5390071bc0
2023-08-31T04:48:42.193 INFO:teuthology.orchestra.run.smithi002.stderr:/usr/bin/ceph:
2023-08-31T04:48:42.193 INFO:teuthology.orchestra.run.smithi002.stderr:/usr/bin/ceph: [global]
2023-08-31T04:48:42.194 INFO:teuthology.orchestra.run.smithi002.stderr:/usr/bin/ceph: fsid = 845dcdf0-47b9-11ee-9ab3-7b867c8bd7da
2023-08-31T04:48:42.194 INFO:teuthology.orchestra.run.smithi002.stderr:/usr/bin/ceph: log_to_journald = false
2023-08-31T04:48:42.194 INFO:teuthology.orchestra.run.smithi002.stderr:/usr/bin/ceph: mon_osd_allow_pg_remap = true
2023-08-31T04:48:42.194 INFO:teuthology.orchestra.run.smithi002.stderr:/usr/bin/ceph: mon_osd_allow_primary_affinity = true
2023-08-31T04:48:42.195 INFO:teuthology.orchestra.run.smithi002.stderr:/usr/bin/ceph: mon_warn_on_no_sortbitwise = false
2023-08-31T04:48:42.195 INFO:teuthology.orchestra.run.smithi002.stderr:/usr/bin/ceph: osd_crush_chooseleaf_type = 0
2023-08-31T04:48:42.195 INFO:teuthology.orchestra.run.smithi002.stderr:/usr/bin/ceph:
2023-08-31T04:48:42.195 INFO:teuthology.orchestra.run.smithi002.stderr:/usr/bin/ceph: [mgr]
2023-08-31T04:48:42.195 INFO:teuthology.orchestra.run.smithi002.stderr:/usr/bin/ceph: mgr/telemetry/nag = false
2023-08-31T04:48:42.196 INFO:teuthology.orchestra.run.smithi002.stderr:/usr/bin/ceph:
2023-08-31T04:48:42.196 INFO:teuthology.orchestra.run.smithi002.stderr:/usr/bin/ceph: [osd]
2023-08-31T04:48:42.196 INFO:teuthology.orchestra.run.smithi002.stderr:/usr/bin/ceph: mon_osd_backfillfull_ratio = 0.85
2023-08-31T04:48:42.196 INFO:teuthology.orchestra.run.smithi002.stderr:/usr/bin/ceph: mon_osd_full_ratio = 0.9
2023-08-31T04:48:42.196 INFO:teuthology.orchestra.run.smithi002.stderr:/usr/bin/ceph: mon_osd_nearfull_ratio = 0.8
2023-08-31T04:48:42.197 INFO:teuthology.orchestra.run.smithi002.stderr:/usr/bin/ceph: osd_map_max_advance = 10
2023-08-31T04:48:42.197 INFO:teuthology.orchestra.run.smithi002.stderr:/usr/bin/ceph: osd_sloppy_crc = true
2023-08-31T04:48:42.198 INFO:teuthology.orchestra.run.smithi002.stderr:/usr/bin/ceph:
2023-08-31T04:48:42.191+0000 7f539719b700 1 -- 172.21.15.2:0/2217527019 >> [v2:172.21.15.2:6800/92509228,v1:172.21.15.2:6801/92509228] conn(0x7f5380032470 msgr2=0x7f5380034930 secure :-1 s=STATE_CONNECTION_ESTABLISHED l=1).mark_down
2023-08-31T04:48:42.198 INFO:teuthology.orchestra.run.smithi002.stderr:/usr/bin/ceph:
2023-08-31T04:48:42.191+0000 7f539719b700 1 --2- 172.21.15.2:0/2217527019 >> [v2:172.21.15.2:6800/92509228,v1:172.21.15.2:6801/92509228] conn(0x7f5380032470 0x7f5380034930 secure :-1 s=READY pgs=6 cs=0 l=1 rev1=1 rx=0x7f537c009780 tx=0x7f537c006cc0).stop
2023-08-31T04:48:42.199 INFO:teuthology.orchestra.run.smithi002.stderr:/usr/bin/ceph:
2023-08-31T04:48:42.191+0000 7f539719b700 1 -- 172.21.15.2:0/2217527019 >> [v2:172.21.15.2:3300/0,v1:172.21.15.2:6789/0] conn(0x7f5390071bc0 msgr2=0x7f539010df40 secure :-1 s=STATE_CONNECTION_ESTABLISHED l=1).mark_down
2023-08-31T04:48:42.199 INFO:teuthology.orchestra.run.smithi002.stderr:/usr/bin/ceph:
2023-08-31T04:48:42.191+0000 7f539719b700 1 --2- 172.21.15.2:0/2217527019 >> [v2:172.21.15.2:3300/0,v1:172.21.15.2:6789/0] conn(0x7f5390071bc0 0x7f539010df40 secure :-1 s=READY pgs=19 cs=0 l=1 rev1=1 rx=0x7f538400c010 tx=0x7f53840090f0).stop
2023-08-31T04:48:42.199 INFO:teuthology.orchestra.run.smithi002.stderr:/usr/bin/ceph:
2023-08-31T04:48:42.191+0000 7f539719b700 1 -- 172.21.15.2:0/2217527019 shutdown_connections
2023-08-31T04:48:42.199 INFO:teuthology.orchestra.run.smithi002.stderr:/usr/bin/ceph:
2023-08-31T04:48:42.191+0000 7f539719b700 1 --2- 172.21.15.2:0/2217527019 >> [v2:172.21.15.2:6800/92509228,v1:172.21.15.2:6801/92509228] conn(0x7f5380032470 0x7f5380034930 unknown :-1 s=CLOSED pgs=6 cs=0 l=1 rev1=1 rx=0 tx=0).stop
2023-08-31T04:48:42.199 INFO:teuthology.orchestra.run.smithi002.stderr:/usr/bin/ceph:
2023-08-31T04:48:42.191+0000 7f539719b700 1 --2- 172.21.15.2:0/2217527019 >> [v2:172.21.15.2:3300/0,v1:172.21.15.2:6789/0] conn(0x7f5390071bc0 0x7f539010df40 unknown :-1 s=CLOSED pgs=19 cs=0 l=1 rev1=1 rx=0 tx=0).stop
2023-08-31T04:48:42.200 INFO:teuthology.orchestra.run.smithi002.stderr:/usr/bin/ceph:
2023-08-31T04:48:42.191+0000 7f539719b700 1 -- 172.21.15.2:0/2217527019 >> 172.21.15.2:0/2217527019 conn(0x7f53900f75f0 msgr2=0x7f53900f9160 unknown :-1 s=STATE_NONE l=0).mark_down
2023-08-31T04:48:42.200 INFO:teuthology.orchestra.run.smithi002.stderr:/usr/bin/ceph:
2023-08-31T04:48:42.192+0000 7f539719b700 1 -- 172.21.15.2:0/2217527019 shutdown_connections
2023-08-31T04:48:42.200 INFO:teuthology.orchestra.run.smithi002.stderr:/usr/bin/ceph:
2023-08-31T04:48:42.192+0000 7f539719b700 1 -- 172.21.15.2:0/2217527019 wait complete.
2023-08-31T04:48:42.496 INFO:teuthology.orchestra.run.smithi002.stderr:Enabling cephadm module...
2023-08-31T04:48:42.497 INFO:journalctl@ceph.mon.smithi002.smithi002.stdout:Aug 31 04:48:42 smithi002 ceph-845dcdf0-47b9-11ee-9ab3-7b867c8bd7da-mon-smithi002[106852]: audit
2023-08-31T04:48:42.189883+0000 mon.smithi002 (mon.0) 26 : audit [INF] from='client.? 172.21.15.2:0/2217527019' entity='client.admin' cmd=[{"prefix": "config assimilate-conf"}]: dispatch
2023-08-31T04:48:42.883 INFO:teuthology.orchestra.run.smithi002.stderr:/usr/bin/ceph:
2023-08-31T04:48:42.879+0000 7f12b8627700 1 Processor -- start
2023-08-31T04:48:42.883 INFO:teuthology.orchestra.run.smithi002.stderr:/usr/bin/ceph:
2023-08-31T04:48:42.879+0000 7f12b8627700 1 -- start start
2023-08-31T04:48:42.883 INFO:teuthology.orchestra.run.smithi002.stderr:/usr/bin/ceph:
2023-08-31T04:48:42.880+0000 7f12b8627700 1 --2- >> [v2:172.21.15.2:3300/0,v1:172.21.15.2:6789/0] conn(0x7f12b0071c60 0x7f12b0101f30 unknown :-1 s=NONE pgs=0 cs=0 l=0 rev1=0 rx=0 tx=0).connect
2023-08-31T04:48:42.883 INFO:teuthology.orchestra.run.smithi002.stderr:/usr/bin/ceph:
2023-08-31T04:48:42.880+0000 7f12b8627700 1 -- --> [v2:172.21.15.2:3300/0,v1:172.21.15.2:6789/0] -- mon_getmap magic: 0 v1 -- 0x7f12b00fd920 con 0x7f12b0071c60
2023-08-31T04:48:42.884 INFO:teuthology.orchestra.run.smithi002.stderr:/usr/bin/ceph:
2023-08-31T04:48:42.880+0000 7f12b63c3700 1 --2- >> [v2:172.21.15.2:3300/0,v1:172.21.15.2:6789/0] conn(0x7f12b0071c60 0x7f12b0101f30 unknown :-1 s=BANNER_CONNECTING pgs=0 cs=0 l=0 rev1=0 rx=0 tx=0)._handle_peer_banner_payload supported=1 required=0
2023-08-31T04:48:42.884 INFO:teuthology.orchestra.run.smithi002.stderr:/usr/bin/ceph:
2023-08-31T04:48:42.880+0000 7f12b63c3700 1 --2- >> [v2:172.21.15.2:3300/0,v1:172.21.15.2:6789/0] conn(0x7f12b0071c60 0x7f12b0101f30 unknown :-1 s=HELLO_CONNECTING pgs=0 cs=0 l=0 rev1=1 rx=0 tx=0).handle_hello peer v2:172.21.15.2:3300/0 says I am v2:172.21.15.2:45130/0 (socket says 172.21.15.2:45130)
2023-08-31T04:48:42.884 INFO:teuthology.orchestra.run.smithi002.stderr:/usr/bin/ceph:
2023-08-31T04:48:42.880+0000 7f12b63c3700 1 -- 172.21.15.2:0/1043424164 learned_addr learned my addr 172.21.15.2:0/1043424164 (peer_addr_for_me v2:172.21.15.2:0/0)
2023-08-31T04:48:42.886 INFO:teuthology.orchestra.run.smithi002.stderr:/usr/bin/ceph:
2023-08-31T04:48:42.880+0000 7f12b63c3700 1 -- 172.21.15.2:0/1043424164 --> [v2:172.21.15.2:3300/0,v1:172.21.15.2:6789/0] -- mon_subscribe({config=0+,monmap=0+}) v3 -- 0x7f12b0102420 con 0x7f12b0071c60
2023-08-31T04:48:42.887 INFO:teuthology.orchestra.run.smithi002.stderr:/usr/bin/ceph:
2023-08-31T04:48:42.881+0000 7f12b63c3700 1 --2- 172.21.15.2:0/1043424164 >> [v2:172.21.15.2:3300/0,v1:172.21.15.2:6789/0] conn(0x7f12b0071c60 0x7f12b0101f30 secure :-1 s=READY pgs=20 cs=0 l=1 rev1=1 rx=0x7f12ac009730 tx=0x7f12ac0090f0).ready entity=mon.0 client_cookie=3f7011412f3a45ce server_cookie=0 in_seq=0 out_seq=0
2023-08-31T04:48:42.887 INFO:teuthology.orchestra.run.smithi002.stderr:/usr/bin/ceph:
2023-08-31T04:48:42.881+0000 7f12b53c1700 1 -- 172.21.15.2:0/1043424164 <== mon.0 v2:172.21.15.2:3300/0 1 ==== mon_map magic: 0 v1 ==== 229+0+0 (secure 0 0 0) 0x7f12ac00b6e0 con 0x7f12b0071c60
2023-08-31T04:48:42.887 INFO:teuthology.orchestra.run.smithi002.stderr:/usr/bin/ceph:
2023-08-31T04:48:42.881+0000 7f12b53c1700 1 -- 172.21.15.2:0/1043424164 <== mon.0 v2:172.21.15.2:3300/0 2 ==== config(25 keys) v1 ==== 982+0+0 (secure 0 0 0) 0x7f12ac00bc90 con 0x7f12b0071c60
2023-08-31T04:48:42.887 INFO:teuthology.orchestra.run.smithi002.stderr:/usr/bin/ceph:
2023-08-31T04:48:42.881+0000 7f12b53c1700 1 -- 172.21.15.2:0/1043424164 <== mon.0 v2:172.21.15.2:3300/0 3 ==== mon_map magic: 0 v1 ==== 229+0+0 (secure 0 0 0) 0x7f12ac011c70 con 0x7f12b0071c60
2023-08-31T04:48:42.887 INFO:teuthology.orchestra.run.smithi002.stderr:/usr/bin/ceph:
2023-08-31T04:48:42.881+0000 7f12b8627700 1 -- 172.21.15.2:0/1043424164 >> [v2:172.21.15.2:3300/0,v1:172.21.15.2:6789/0] conn(0x7f12b0071c60 msgr2=0x7f12b0101f30 secure :-1 s=STATE_CONNECTION_ESTABLISHED l=1).mark_down
2023-08-31T04:48:42.888 INFO:teuthology.orchestra.run.smithi002.stderr:/usr/bin/ceph:
2023-08-31T04:48:42.881+0000 7f12b8627700 1 --2- 172.21.15.2:0/1043424164 >> [v2:172.21.15.2:3300/0,v1:172.21.15.2:6789/0] conn(0x7f12b0071c60 0x7f12b0101f30 secure :-1 s=READY pgs=20 cs=0 l=1 rev1=1 rx=0x7f12ac009730 tx=0x7f12ac0090f0).stop
2023-08-31T04:48:42.888 INFO:teuthology.orchestra.run.smithi002.stderr:/usr/bin/ceph:
2023-08-31T04:48:42.882+0000 7f12b8627700 1 -- 172.21.15.2:0/1043424164 shutdown_connections
2023-08-31T04:48:42.888 INFO:teuthology.orchestra.run.smithi002.stderr:/usr/bin/ceph:
2023-08-31T04:48:42.882+0000 7f12b8627700 1 --2- 172.21.15.2:0/1043424164 >> [v2:172.21.15.2:3300/0,v1:172.21.15.2:6789/0] conn(0x7f12b0071c60 0x7f12b0101f30 unknown :-1 s=CLOSED pgs=20 cs=0 l=1 rev1=1 rx=0 tx=0).stop
2023-08-31T04:48:42.888 INFO:teuthology.orchestra.run.smithi002.stderr:/usr/bin/ceph:
2023-08-31T04:48:42.882+0000 7f12b8627700 1 -- 172.21.15.2:0/1043424164 >> 172.21.15.2:0/1043424164 conn(0x7f12b00f75f0 msgr2=0x7f12b00f9a10 unknown :-1 s=STATE_NONE l=0).mark_down
2023-08-31T04:48:42.888 INFO:teuthology.orchestra.run.smithi002.stderr:/usr/bin/ceph:
2023-08-31T04:48:42.882+0000 7f12b8627700 1 -- 172.21.15.2:0/1043424164 shutdown_connections
2023-08-31T04:48:42.889 INFO:teuthology.orchestra.run.smithi002.stderr:/usr/bin/ceph:
2023-08-31T04:48:42.882+0000 7f12b8627700 1 -- 172.21.15.2:0/1043424164 wait complete.
2023-08-31T04:48:42.889 INFO:teuthology.orchestra.run.smithi002.stderr:/usr/bin/ceph:
2023-08-31T04:48:42.883+0000 7f12b8627700 1 Processor -- start
2023-08-31T04:48:42.889 INFO:teuthology.orchestra.run.smithi002.stderr:/usr/bin/ceph:
2023-08-31T04:48:42.883+0000 7f12b8627700 1 -- start start
2023-08-31T04:48:42.889 INFO:teuthology.orchestra.run.smithi002.stderr:/usr/bin/ceph:
2023-08-31T04:48:42.884+0000 7f12b8627700 1 --2- >> [v2:172.21.15.2:3300/0,v1:172.21.15.2:6789/0] conn(0x7f12b0071c60 0x7f12b010df50 unknown :-1 s=NONE pgs=0 cs=0 l=1 rev1=0 rx=0 tx=0).connect
2023-08-31T04:48:42.889 INFO:teuthology.orchestra.run.smithi002.stderr:/usr/bin/ceph:
2023-08-31T04:48:42.884+0000 7f12b8627700 1 -- --> [v2:172.21.15.2:3300/0,v1:172.21.15.2:6789/0] -- mon_getmap magic: 0 v1 -- 0x7f12b010e440 con 0x7f12b0071c60
2023-08-31T04:48:42.890 INFO:teuthology.orchestra.run.smithi002.stderr:/usr/bin/ceph:
2023-08-31T04:48:42.884+0000 7f12b63c3700 1 --2- >> [v2:172.21.15.2:3300/0,v1:172.21.15.2:6789/0] conn(0x7f12b0071c60 0x7f12b010df50 unknown :-1 s=BANNER_CONNECTING pgs=0 cs=0 l=1 rev1=0 rx=0 tx=0)._handle_peer_banner_payload supported=1 required=0
2023-08-31T04:48:42.890 INFO:teuthology.orchestra.run.smithi002.stderr:/usr/bin/ceph:
2023-08-31T04:48:42.884+0000 7f12b63c3700 1 --2- >> [v2:172.21.15.2:3300/0,v1:172.21.15.2:6789/0] conn(0x7f12b0071c60 0x7f12b010df50 unknown :-1 s=HELLO_CONNECTING pgs=0 cs=0 l=1 rev1=1 rx=0 tx=0).handle_hello peer v2:172.21.15.2:3300/0 says I am v2:172.21.15.2:45144/0 (socket says 172.21.15.2:45144)
2023-08-31T04:48:42.890 INFO:teuthology.orchestra.run.smithi002.stderr:/usr/bin/ceph:
2023-08-31T04:48:42.884+0000 7f12b63c3700 1 -- 172.21.15.2:0/2917329107 learned_addr learned my addr 172.21.15.2:0/2917329107 (peer_addr_for_me v2:172.21.15.2:0/0)
2023-08-31T04:48:42.890 INFO:teuthology.orchestra.run.smithi002.stderr:/usr/bin/ceph:
2023-08-31T04:48:42.884+0000 7f12b63c3700 1 -- 172.21.15.2:0/2917329107 --> [v2:172.21.15.2:3300/0,v1:172.21.15.2:6789/0] -- mon_subscribe({config=0+,monmap=0+}) v3 -- 0x7f12ac009370 con 0x7f12b0071c60
2023-08-31T04:48:42.891 INFO:teuthology.orchestra.run.smithi002.stderr:/usr/bin/ceph:
2023-08-31T04:48:42.884+0000 7f12b63c3700 1 --2- 172.21.15.2:0/2917329107 >> [v2:172.21.15.2:3300/0,v1:172.21.15.2:6789/0] conn(0x7f12b0071c60 0x7f12b010df50 secure :-1 s=READY pgs=21 cs=0 l=1 rev1=1 rx=0x7f12ac000c00 tx=0x7f12ac0090f0).ready entity=mon.0 client_cookie=0 server_cookie=0 in_seq=0 out_seq=0
2023-08-31T04:48:42.892 INFO:teuthology.orchestra.run.smithi002.stderr:/usr/bin/ceph:
2023-08-31T04:48:42.885+0000 7f12a6ffd700 1 -- 172.21.15.2:0/2917329107 <== mon.0 v2:172.21.15.2:3300/0 1 ==== mon_map magic: 0 v1 ==== 229+0+0 (secure 0 0 0) 0x7f12ac01a610 con 0x7f12b0071c60
2023-08-31T04:48:42.892 INFO:teuthology.orchestra.run.smithi002.stderr:/usr/bin/ceph:
2023-08-31T04:48:42.885+0000 7f12a6ffd700 1 -- 172.21.15.2:0/2917329107 <== mon.0 v2:172.21.15.2:3300/0 2 ==== config(25 keys) v1 ==== 982+0+0 (secure 0 0 0) 0x7f12ac01abc0 con 0x7f12b0071c60
2023-08-31T04:48:42.892 INFO:teuthology.orchestra.run.smithi002.stderr:/usr/bin/ceph:
2023-08-31T04:48:42.885+0000 7f12b8627700 1 -- 172.21.15.2:0/2917329107 --> [v2:172.21.15.2:3300/0,v1:172.21.15.2:6789/0] -- mon_subscribe({mgrmap=0+}) v3 -- 0x7f12b010e640 con 0x7f12b0071c60
2023-08-31T04:48:42.893 INFO:teuthology.orchestra.run.smithi002.stderr:/usr/bin/ceph:
2023-08-31T04:48:42.885+0000 7f12a6ffd700 1 -- 172.21.15.2:0/2917329107 <== mon.0 v2:172.21.15.2:3300/0 3 ==== mon_map magic: 0 v1 ==== 229+0+0 (secure 0 0 0) 0x7f12ac022a20 con 0x7f12b0071c60
2023-08-31T04:48:42.893 INFO:teuthology.orchestra.run.smithi002.stderr:/usr/bin/ceph:
2023-08-31T04:48:42.885+0000 7f12b8627700 1 -- 172.21.15.2:0/2917329107 --> [v2:172.21.15.2:3300/0,v1:172.21.15.2:6789/0] -- mon_subscribe({osdmap=0}) v3 -- 0x7f12b010ea50 con 0x7f12b0071c60
2023-08-31T04:48:42.893 INFO:teuthology.orchestra.run.smithi002.stderr:/usr/bin/ceph:
2023-08-31T04:48:42.886+0000 7f12a6ffd700 1 -- 172.21.15.2:0/2917329107 <== mon.0 v2:172.21.15.2:3300/0 4 ==== mgrmap(e 4) v1 ==== 38534+0+0 (secure 0 0 0) 0x7f12ac022c90 con 0x7f12b0071c60
2023-08-31T04:48:42.893 INFO:teuthology.orchestra.run.smithi002.stderr:/usr/bin/ceph:
2023-08-31T04:48:42.886+0000 7f12b8627700 1 -- 172.21.15.2:0/2917329107 --> [v2:172.21.15.2:3300/0,v1:172.21.15.2:6789/0] -- mon_command({"prefix": "get_command_descriptions"} v 0) v1 -- 0x7f12b0046c20 con 0x7f12b0071c60
2023-08-31T04:48:42.893 INFO:teuthology.orchestra.run.smithi002.stderr:/usr/bin/ceph:
2023-08-31T04:48:42.886+0000 7f12a6ffd700 1 --2- 172.21.15.2:0/2917329107 >> [v2:172.21.15.2:6800/92509228,v1:172.21.15.2:6801/92509228] conn(0x7f129c032470 0x7f129c034930 unknown :-1 s=NONE pgs=0 cs=0 l=1 rev1=0 rx=0 tx=0).connect
2023-08-31T04:48:42.894 INFO:teuthology.orchestra.run.smithi002.stderr:/usr/bin/ceph:
2023-08-31T04:48:42.886+0000 7f12a6ffd700 1 -- 172.21.15.2:0/2917329107 <== mon.0 v2:172.21.15.2:3300/0 5 ==== osd_map(1..1 src has 1..1) v4 ==== 721+0+0 (secure 0 0 0) 0x7f12ac044520 con 0x7f12b0071c60
2023-08-31T04:48:42.894 INFO:teuthology.orchestra.run.smithi002.stderr:/usr/bin/ceph:
2023-08-31T04:48:42.886+0000 7f12b5bc2700 1 --2- 172.21.15.2:0/2917329107 >> [v2:172.21.15.2:6800/92509228,v1:172.21.15.2:6801/92509228] conn(0x7f129c032470 0x7f129c034930 unknown :-1 s=BANNER_CONNECTING pgs=0 cs=0 l=1 rev1=0 rx=0 tx=0)._handle_peer_banner_payload supported=1 required=0
2023-08-31T04:48:42.894 INFO:teuthology.orchestra.run.smithi002.stderr:/usr/bin/ceph:
2023-08-31T04:48:42.887+0000 7f12b5bc2700 1 --2- 172.21.15.2:0/2917329107 >> [v2:172.21.15.2:6800/92509228,v1:172.21.15.2:6801/92509228] conn(0x7f129c032470 0x7f129c034930 secure :-1 s=READY pgs=7 cs=0 l=1 rev1=1 rx=0x7f12a0009780 tx=0x7f12a0006cc0).ready entity=mgr.14100 client_cookie=0 server_cookie=0 in_seq=0 out_seq=0
2023-08-31T04:48:42.895 INFO:teuthology.orchestra.run.smithi002.stderr:/usr/bin/ceph:
2023-08-31T04:48:42.891+0000 7f12a6ffd700 1 -- 172.21.15.2:0/2917329107 <== mon.0 v2:172.21.15.2:3300/0 6 ==== mon_command_ack([{"prefix": "get_command_descriptions"}]=0 v0) v1 ==== 72+0+163129 (secure 0 0 0) 0x7f12ac0223b0 con 0x7f12b0071c60
2023-08-31T04:48:43.120 INFO:teuthology.orchestra.run.smithi002.stderr:/usr/bin/ceph:
2023-08-31T04:48:43.117+0000 7f12b8627700 1 -- 172.21.15.2:0/2917329107 --> [v2:172.21.15.2:3300/0,v1:172.21.15.2:6789/0] -- mon_command({"prefix": "mgr module enable", "module": "cephadm"} v 0) v1 -- 0x7f12b0103020 con 0x7f12b0071c60
2023-08-31T04:48:43.247 INFO:teuthology.orchestra.run.smithi002.stderr:/usr/bin/ceph:
2023-08-31T04:48:43.245+0000 7f12a6ffd700 1 -- 172.21.15.2:0/2917329107 <== mon.0 v2:172.21.15.2:3300/0 7 ==== mgrmap(e 5) v1 ==== 38545+0+0 (secure 0 0 0) 0x7f12ac02b350 con 0x7f12b0071c60
2023-08-31T04:48:43.248 INFO:teuthology.orchestra.run.smithi002.stderr:/usr/bin/ceph:
2023-08-31T04:48:43.246+0000 7f12a6ffd700 1 -- 172.21.15.2:0/2917329107 <== mon.0 v2:172.21.15.2:3300/0 8 ==== mon_command_ack([{"prefix": "mgr module enable", "module": "cephadm"}]=0 v5) v1 ==== 86+0+0 (secure 0 0 0) 0x7f12ac018530 con 0x7f12b0071c60
2023-08-31T04:48:43.250 INFO:teuthology.orchestra.run.smithi002.stderr:/usr/bin/ceph:
2023-08-31T04:48:43.248+0000 7f12b8627700 1 -- 172.21.15.2:0/2917329107 >> [v2:172.21.15.2:6800/92509228,v1:172.21.15.2:6801/92509228] conn(0x7f129c032470 msgr2=0x7f129c034930 secure :-1 s=STATE_CONNECTION_ESTABLISHED l=1).mark_down
2023-08-31T04:48:43.251 INFO:teuthology.orchestra.run.smithi002.stderr:/usr/bin/ceph:
2023-08-31T04:48:43.248+0000 7f12b8627700 1 --2- 172.21.15.2:0/2917329107 >> [v2:172.21.15.2:6800/92509228,v1:172.21.15.2:6801/92509228] conn(0x7f129c032470 0x7f129c034930 secure :-1 s=READY pgs=7 cs=0 l=1 rev1=1 rx=0x7f12a0009780 tx=0x7f12a0006cc0).stop
2023-08-31T04:48:43.251 INFO:teuthology.orchestra.run.smithi002.stderr:/usr/bin/ceph:
2023-08-31T04:48:43.248+0000 7f12b8627700 1 -- 172.21.15.2:0/2917329107 >> [v2:172.21.15.2:3300/0,v1:172.21.15.2:6789/0] conn(0x7f12b0071c60 msgr2=0x7f12b010df50 secure :-1 s=STATE_CONNECTION_ESTABLISHED l=1).mark_down
2023-08-31T04:48:43.251 INFO:teuthology.orchestra.run.smithi002.stderr:/usr/bin/ceph:
2023-08-31T04:48:43.248+0000 7f12b8627700 1 --2- 172.21.15.2:0/2917329107 >> [v2:172.21.15.2:3300/0,v1:172.21.15.2:6789/0] conn(0x7f12b0071c60 0x7f12b010df50 secure :-1 s=READY pgs=21 cs=0 l=1 rev1=1 rx=0x7f12ac000c00 tx=0x7f12ac0090f0).stop
2023-08-31T04:48:43.252 INFO:teuthology.orchestra.run.smithi002.stderr:/usr/bin/ceph:
2023-08-31T04:48:43.248+0000 7f12b8627700 1 -- 172.21.15.2:0/2917329107 shutdown_connections
2023-08-31T04:48:43.252 INFO:teuthology.orchestra.run.smithi002.stderr:/usr/bin/ceph:
2023-08-31T04:48:43.248+0000 7f12b8627700 1 --2- 172.21.15.2:0/2917329107 >> [v2:172.21.15.2:6800/92509228,v1:172.21.15.2:6801/92509228] conn(0x7f129c032470 0x7f129c034930 unknown :-1 s=CLOSED pgs=7 cs=0 l=1 rev1=1 rx=0 tx=0).stop
2023-08-31T04:48:43.252 INFO:teuthology.orchestra.run.smithi002.stderr:/usr/bin/ceph:
2023-08-31T04:48:43.248+0000 7f12b8627700 1 --2- 172.21.15.2:0/2917329107 >> [v2:172.21.15.2:3300/0,v1:172.21.15.2:6789/0] conn(0x7f12b0071c60 0x7f12b010df50 unknown :-1 s=CLOSED pgs=21 cs=0 l=1 rev1=1 rx=0 tx=0).stop
2023-08-31T04:48:43.253 INFO:teuthology.orchestra.run.smithi002.stderr:/usr/bin/ceph:
2023-08-31T04:48:43.248+0000 7f12b8627700 1 -- 172.21.15.2:0/2917329107 >> 172.21.15.2:0/2917329107 conn(0x7f12b00f75f0 msgr2=0x7f12b00f90c0 unknown :-1 s=STATE_NONE l=0).mark_down
2023-08-31T04:48:43.253 INFO:teuthology.orchestra.run.smithi002.stderr:/usr/bin/ceph:
2023-08-31T04:48:43.248+0000 7f12b8627700 1 -- 172.21.15.2:0/2917329107 shutdown_connections
2023-08-31T04:48:43.253 INFO:teuthology.orchestra.run.smithi002.stderr:/usr/bin/ceph:
2023-08-31T04:48:43.248+0000 7f12b8627700 1 -- 172.21.15.2:0/2917329107 wait complete.
2023-08-31T04:48:43.495 INFO:journalctl@ceph.mon.smithi002.smithi002.stdout:Aug 31 04:48:43 smithi002 ceph-845dcdf0-47b9-11ee-9ab3-7b867c8bd7da-mon-smithi002[106852]: audit
2023-08-31T04:48:43.118762+0000 mon.smithi002 (mon.0) 27 : audit [INF] from='client.? 172.21.15.2:0/2917329107' entity='client.admin' cmd=[{"prefix": "mgr module enable", "module": "cephadm"}]: dispatch
2023-08-31T04:48:44.057 INFO:teuthology.orchestra.run.smithi002.stderr:/usr/bin/ceph:
2023-08-31T04:48:44.054+0000 7f5f0e088700 1 Processor -- start
2023-08-31T04:48:44.057 INFO:teuthology.orchestra.run.smithi002.stderr:/usr/bin/ceph:
2023-08-31T04:48:44.054+0000 7f5f0e088700 1 -- start start
2023-08-31T04:48:44.058 INFO:teuthology.orchestra.run.smithi002.stderr:/usr/bin/ceph:
2023-08-31T04:48:44.054+0000 7f5f0e088700 1 --2- >> [v2:172.21.15.2:3300/0,v1:172.21.15.2:6789/0] conn(0x7f5f08071be0 0x7f5f08101fb0 unknown :-1 s=NONE pgs=0 cs=0 l=0 rev1=0 rx=0 tx=0).connect
2023-08-31T04:48:44.058 INFO:teuthology.orchestra.run.smithi002.stderr:/usr/bin/ceph:
2023-08-31T04:48:44.054+0000 7f5f0e088700 1 -- --> [v2:172.21.15.2:3300/0,v1:172.21.15.2:6789/0] -- mon_getmap magic: 0 v1 -- 0x7f5f080fd9a0 con 0x7f5f08071be0
2023-08-31T04:48:44.058 INFO:teuthology.orchestra.run.smithi002.stderr:/usr/bin/ceph:
2023-08-31T04:48:44.055+0000 7f5f077fe700 1 --2- >> [v2:172.21.15.2:3300/0,v1:172.21.15.2:6789/0] conn(0x7f5f08071be0 0x7f5f08101fb0 unknown :-1 s=BANNER_CONNECTING pgs=0 cs=0 l=0 rev1=0 rx=0 tx=0)._handle_peer_banner_payload supported=1 required=0
2023-08-31T04:48:44.059 INFO:teuthology.orchestra.run.smithi002.stderr:/usr/bin/ceph:
2023-08-31T04:48:44.055+0000 7f5f077fe700 1 --2- >> [v2:172.21.15.2:3300/0,v1:172.21.15.2:6789/0] conn(0x7f5f08071be0 0x7f5f08101fb0 unknown :-1 s=HELLO_CONNECTING pgs=0 cs=0 l=0 rev1=1 rx=0 tx=0).handle_hello peer v2:172.21.15.2:3300/0 says I am v2:172.21.15.2:45170/0 (socket says 172.21.15.2:45170)
2023-08-31T04:48:44.059 INFO:teuthology.orchestra.run.smithi002.stderr:/usr/bin/ceph:
2023-08-31T04:48:44.055+0000 7f5f077fe700 1 -- 172.21.15.2:0/1326764753 learned_addr learned my addr 172.21.15.2:0/1326764753 (peer_addr_for_me v2:172.21.15.2:0/0)
2023-08-31T04:48:44.061 INFO:teuthology.orchestra.run.smithi002.stderr:/usr/bin/ceph:
2023-08-31T04:48:44.055+0000 7f5f077fe700 1 -- 172.21.15.2:0/1326764753 --> [v2:172.21.15.2:3300/0,v1:172.21.15.2:6789/0] -- mon_subscribe({config=0+,monmap=0+}) v3 -- 0x7f5f081024a0 con 0x7f5f08071be0
2023-08-31T04:48:44.062 INFO:teuthology.orchestra.run.smithi002.stderr:/usr/bin/ceph:
2023-08-31T04:48:44.056+0000 7f5f077fe700 1 --2- 172.21.15.2:0/1326764753 >> [v2:172.21.15.2:3300/0,v1:172.21.15.2:6789/0] conn(0x7f5f08071be0 0x7f5f08101fb0 secure :-1 s=READY pgs=24 cs=0 l=1 rev1=1 rx=0x7f5ef8009730 tx=0x7f5ef80090f0).ready entity=mon.0 client_cookie=47670e06dff8b137 server_cookie=0 in_seq=0 out_seq=0
2023-08-31T04:48:44.062 INFO:teuthology.orchestra.run.smithi002.stderr:/usr/bin/ceph:
2023-08-31T04:48:44.056+0000 7f5f067fc700 1 -- 172.21.15.2:0/1326764753 <== mon.0 v2:172.21.15.2:3300/0 1 ==== mon_map magic: 0 v1 ==== 229+0+0 (secure 0 0 0) 0x7f5ef800b6e0 con 0x7f5f08071be0
2023-08-31T04:48:44.062 INFO:teuthology.orchestra.run.smithi002.stderr:/usr/bin/ceph:
2023-08-31T04:48:44.056+0000 7f5f067fc700 1 -- 172.21.15.2:0/1326764753 <== mon.0 v2:172.21.15.2:3300/0 2 ==== config(25 keys) v1 ==== 982+0+0 (secure 0 0 0) 0x7f5ef800bc90 con 0x7f5f08071be0
2023-08-31T04:48:44.062 INFO:teuthology.orchestra.run.smithi002.stderr:/usr/bin/ceph:
2023-08-31T04:48:44.056+0000 7f5f067fc700 1 -- 172.21.15.2:0/1326764753 <== mon.0 v2:172.21.15.2:3300/0 3 ==== mon_map magic: 0 v1 ==== 229+0+0 (secure 0 0 0) 0x7f5ef8011c70 con 0x7f5f08071be0
2023-08-31T04:48:44.063 INFO:teuthology.orchestra.run.smithi002.stderr:/usr/bin/ceph:
2023-08-31T04:48:44.056+0000 7f5f0e088700 1 -- 172.21.15.2:0/1326764753 >> [v2:172.21.15.2:3300/0,v1:172.21.15.2:6789/0] conn(0x7f5f08071be0 msgr2=0x7f5f08101fb0 secure :-1 s=STATE_CONNECTION_ESTABLISHED l=1).mark_down
2023-08-31T04:48:44.063 INFO:teuthology.orchestra.run.smithi002.stderr:/usr/bin/ceph:
2023-08-31T04:48:44.056+0000 7f5f0e088700 1 --2- 172.21.15.2:0/1326764753 >> [v2:172.21.15.2:3300/0,v1:172.21.15.2:6789/0] conn(0x7f5f08071be0 0x7f5f08101fb0 secure :-1 s=READY pgs=24 cs=0 l=1 rev1=1 rx=0x7f5ef8009730 tx=0x7f5ef80090f0).stop
2023-08-31T04:48:44.063 INFO:teuthology.orchestra.run.smithi002.stderr:/usr/bin/ceph:
2023-08-31T04:48:44.057+0000 7f5f0e088700 1 -- 172.21.15.2:0/1326764753 shutdown_connections
2023-08-31T04:48:44.063 INFO:teuthology.orchestra.run.smithi002.stderr:/usr/bin/ceph:
2023-08-31T04:48:44.057+0000 7f5f0e088700 1 --2- 172.21.15.2:0/1326764753 >> [v2:172.21.15.2:3300/0,v1:172.21.15.2:6789/0] conn(0x7f5f08071be0 0x7f5f08101fb0 unknown :-1 s=CLOSED pgs=24 cs=0 l=1 rev1=1 rx=0 tx=0).stop
2023-08-31T04:48:44.063 INFO:teuthology.orchestra.run.smithi002.stderr:/usr/bin/ceph:
2023-08-31T04:48:44.057+0000 7f5f0e088700 1 -- 172.21.15.2:0/1326764753 >> 172.21.15.2:0/1326764753 conn(0x7f5f080f75f0 msgr2=0x7f5f080f9a10 unknown :-1 s=STATE_NONE l=0).mark_down
2023-08-31T04:48:44.064 INFO:teuthology.orchestra.run.smithi002.stderr:/usr/bin/ceph:
2023-08-31T04:48:44.057+0000 7f5f0e088700 1 -- 172.21.15.2:0/1326764753 shutdown_connections
2023-08-31T04:48:44.064 INFO:teuthology.orchestra.run.smithi002.stderr:/usr/bin/ceph:
2023-08-31T04:48:44.057+0000 7f5f0e088700 1 -- 172.21.15.2:0/1326764753 wait complete.
2023-08-31T04:48:44.064 INFO:teuthology.orchestra.run.smithi002.stderr:/usr/bin/ceph:
2023-08-31T04:48:44.057+0000 7f5f0e088700 1 Processor -- start
2023-08-31T04:48:44.064 INFO:teuthology.orchestra.run.smithi002.stderr:/usr/bin/ceph:
2023-08-31T04:48:44.058+0000 7f5f0e088700 1 -- start start
2023-08-31T04:48:44.064 INFO:teuthology.orchestra.run.smithi002.stderr:/usr/bin/ceph:
2023-08-31T04:48:44.058+0000 7f5f0e088700 1 --2- >> [v2:172.21.15.2:3300/0,v1:172.21.15.2:6789/0] conn(0x7f5f08071be0 0x7f5f0810df70 unknown :-1 s=NONE pgs=0 cs=0 l=1 rev1=0 rx=0 tx=0).connect
2023-08-31T04:48:44.065 INFO:teuthology.orchestra.run.smithi002.stderr:/usr/bin/ceph:
2023-08-31T04:48:44.058+0000 7f5f0e088700 1 -- --> [v2:172.21.15.2:3300/0,v1:172.21.15.2:6789/0] -- mon_getmap magic: 0 v1 -- 0x7f5f0810e460 con 0x7f5f08071be0
2023-08-31T04:48:44.065 INFO:teuthology.orchestra.run.smithi002.stderr:/usr/bin/ceph:
2023-08-31T04:48:44.058+0000 7f5f077fe700 1 --2- >> [v2:172.21.15.2:3300/0,v1:172.21.15.2:6789/0] conn(0x7f5f08071be0 0x7f5f0810df70 unknown :-1 s=BANNER_CONNECTING pgs=0 cs=0 l=1 rev1=0 rx=0 tx=0)._handle_peer_banner_payload supported=1 required=0
2023-08-31T04:48:44.065 INFO:teuthology.orchestra.run.smithi002.stderr:/usr/bin/ceph:
