2023-08-31T04:49:06.130+0000 7fdc72273700 1 --2- >> [v2:172.21.15.2:3300/0,v1:172.21.15.2:6789/0] conn(0x7fdc6c071bc0 0x7fdc6c10df90 unknown :-1 s=NONE pgs=0 cs=0 l=1 rev1=0 rx=0 tx=0).connect
2023-08-31T04:49:06.137 INFO:teuthology.orchestra.run.smithi002.stderr:/usr/bin/ceph:
2023-08-31T04:49:06.130+0000 7fdc72273700 1 -- --> [v2:172.21.15.2:3300/0,v1:172.21.15.2:6789/0] -- mon_getmap magic: 0 v1 -- 0x7fdc6c10e480 con 0x7fdc6c071bc0
2023-08-31T04:49:06.137 INFO:teuthology.orchestra.run.smithi002.stderr:/usr/bin/ceph:
2023-08-31T04:49:06.130+0000 7fdc6bfff700 1 --2- >> [v2:172.21.15.2:3300/0,v1:172.21.15.2:6789/0] conn(0x7fdc6c071bc0 0x7fdc6c10df90 unknown :-1 s=BANNER_CONNECTING pgs=0 cs=0 l=1 rev1=0 rx=0 tx=0)._handle_peer_banner_payload supported=1 required=0
2023-08-31T04:49:06.138 INFO:teuthology.orchestra.run.smithi002.stderr:/usr/bin/ceph:
2023-08-31T04:49:06.130+0000 7fdc6bfff700 1 --2- >> [v2:172.21.15.2:3300/0,v1:172.21.15.2:6789/0] conn(0x7fdc6c071bc0 0x7fdc6c10df90 unknown :-1 s=HELLO_CONNECTING pgs=0 cs=0 l=1 rev1=1 rx=0 tx=0).handle_hello peer v2:172.21.15.2:3300/0 says I am v2:172.21.15.2:35924/0 (socket says 172.21.15.2:35924)
2023-08-31T04:49:06.138 INFO:teuthology.orchestra.run.smithi002.stderr:/usr/bin/ceph:
2023-08-31T04:49:06.130+0000 7fdc6bfff700 1 -- 172.21.15.2:0/954130933 learned_addr learned my addr 172.21.15.2:0/954130933 (peer_addr_for_me v2:172.21.15.2:0/0)
2023-08-31T04:49:06.138 INFO:teuthology.orchestra.run.smithi002.stderr:/usr/bin/ceph:
2023-08-31T04:49:06.131+0000 7fdc6bfff700 1 -- 172.21.15.2:0/954130933 --> [v2:172.21.15.2:3300/0,v1:172.21.15.2:6789/0] -- mon_subscribe({config=0+,monmap=0+}) v3 -- 0x7fdc5c009370 con 0x7fdc6c071bc0
2023-08-31T04:49:06.138 INFO:teuthology.orchestra.run.smithi002.stderr:/usr/bin/ceph:
2023-08-31T04:49:06.131+0000 7fdc6bfff700 1 --2- 172.21.15.2:0/954130933 >> [v2:172.21.15.2:3300/0,v1:172.21.15.2:6789/0] conn(0x7fdc6c071bc0 0x7fdc6c10df90 secure :-1 s=READY pgs=60 cs=0 l=1 rev1=1 rx=0x7fdc5c0118b0 tx=0x7fdc5c0090f0).ready entity=mon.0 client_cookie=0 server_cookie=0 in_seq=0 out_seq=0
2023-08-31T04:49:06.140 INFO:teuthology.orchestra.run.smithi002.stderr:/usr/bin/ceph:
2023-08-31T04:49:06.131+0000 7fdc68ff9700 1 -- 172.21.15.2:0/954130933 <== mon.0 v2:172.21.15.2:3300/0 1 ==== mon_map magic: 0 v1 ==== 229+0+0 (secure 0 0 0) 0x7fdc5c00be40 con 0x7fdc6c071bc0
2023-08-31T04:49:06.140 INFO:teuthology.orchestra.run.smithi002.stderr:/usr/bin/ceph:
2023-08-31T04:49:06.131+0000 7fdc68ff9700 1 -- 172.21.15.2:0/954130933 <== mon.0 v2:172.21.15.2:3300/0 2 ==== config(25 keys) v1 ==== 1046+0+0 (secure 0 0 0) 0x7fdc5c01aad0 con 0x7fdc6c071bc0
2023-08-31T04:49:06.140 INFO:teuthology.orchestra.run.smithi002.stderr:/usr/bin/ceph:
2023-08-31T04:49:06.131+0000 7fdc68ff9700 1 -- 172.21.15.2:0/954130933 <== mon.0 v2:172.21.15.2:3300/0 3 ==== mon_map magic: 0 v1 ==== 229+0+0 (secure 0 0 0) 0x7fdc5c023a80 con 0x7fdc6c071bc0
2023-08-31T04:49:06.140 INFO:teuthology.orchestra.run.smithi002.stderr:/usr/bin/ceph:
2023-08-31T04:49:06.131+0000 7fdc72273700 1 -- 172.21.15.2:0/954130933 --> [v2:172.21.15.2:3300/0,v1:172.21.15.2:6789/0] -- mon_subscribe({mgrmap=0+}) v3 -- 0x7fdc6c10e680 con 0x7fdc6c071bc0
2023-08-31T04:49:06.141 INFO:teuthology.orchestra.run.smithi002.stderr:/usr/bin/ceph:
2023-08-31T04:49:06.131+0000 7fdc72273700 1 -- 172.21.15.2:0/954130933 --> [v2:172.21.15.2:3300/0,v1:172.21.15.2:6789/0] -- mon_subscribe({osdmap=0}) v3 -- 0x7fdc6c10ea90 con 0x7fdc6c071bc0
2023-08-31T04:49:06.141 INFO:teuthology.orchestra.run.smithi002.stderr:/usr/bin/ceph:
2023-08-31T04:49:06.132+0000 7fdc72273700 1 -- 172.21.15.2:0/954130933 --> [v2:172.21.15.2:3300/0,v1:172.21.15.2:6789/0] -- mon_command({"prefix": "get_command_descriptions"} v 0) v1 -- 0x7fdc6c046c20 con 0x7fdc6c071bc0
2023-08-31T04:49:06.141 INFO:teuthology.orchestra.run.smithi002.stderr:/usr/bin/ceph:
2023-08-31T04:49:06.133+0000 7fdc68ff9700 1 -- 172.21.15.2:0/954130933 <== mon.0 v2:172.21.15.2:3300/0 4 ==== mgrmap(e 8) v1 ==== 38545+0+0 (secure 0 0 0) 0x7fdc5c01ac40 con 0x7fdc6c071bc0
2023-08-31T04:49:06.141 INFO:teuthology.orchestra.run.smithi002.stderr:/usr/bin/ceph:
2023-08-31T04:49:06.133+0000 7fdc68ff9700 1 --2- 172.21.15.2:0/954130933 >> [v2:172.21.15.2:6800/3415207131,v1:172.21.15.2:6801/3415207131] conn(0x7fdc54032470 0x7fdc54034930 unknown :-1 s=NONE pgs=0 cs=0 l=1 rev1=0 rx=0 tx=0).connect
2023-08-31T04:49:06.141 INFO:teuthology.orchestra.run.smithi002.stderr:/usr/bin/ceph:
2023-08-31T04:49:06.133+0000 7fdc68ff9700 1 -- 172.21.15.2:0/954130933 <== mon.0 v2:172.21.15.2:3300/0 5 ==== osd_map(2..2 src has 1..2) v4 ==== 893+0+0 (secure 0 0 0) 0x7fdc5c044610 con 0x7fdc6c071bc0
2023-08-31T04:49:06.142 INFO:teuthology.orchestra.run.smithi002.stderr:/usr/bin/ceph:
2023-08-31T04:49:06.133+0000 7fdc6b7fe700 1 --2- 172.21.15.2:0/954130933 >> [v2:172.21.15.2:6800/3415207131,v1:172.21.15.2:6801/3415207131] conn(0x7fdc54032470 0x7fdc54034930 unknown :-1 s=BANNER_CONNECTING pgs=0 cs=0 l=1 rev1=0 rx=0 tx=0)._handle_peer_banner_payload supported=1 required=0
2023-08-31T04:49:06.142 INFO:teuthology.orchestra.run.smithi002.stderr:/usr/bin/ceph:
2023-08-31T04:49:06.134+0000 7fdc6b7fe700 1 --2- 172.21.15.2:0/954130933 >> [v2:172.21.15.2:6800/3415207131,v1:172.21.15.2:6801/3415207131] conn(0x7fdc54032470 0x7fdc54034930 secure :-1 s=READY pgs=19 cs=0 l=1 rev1=1 rx=0x7fdc60009780 tx=0x7fdc60006cc0).ready entity=mgr.14118 client_cookie=0 server_cookie=0 in_seq=0 out_seq=0
2023-08-31T04:49:06.142 INFO:teuthology.orchestra.run.smithi002.stderr:/usr/bin/ceph:
2023-08-31T04:49:06.138+0000 7fdc68ff9700 1 -- 172.21.15.2:0/954130933 <== mon.0 v2:172.21.15.2:3300/0 6 ==== mon_command_ack([{"prefix": "get_command_descriptions"}]=0 v0) v1 ==== 72+0+163129 (secure 0 0 0) 0x7fdc5c019980 con 0x7fdc6c071bc0
2023-08-31T04:49:06.322 INFO:teuthology.orchestra.run.smithi002.stderr:/usr/bin/ceph:
2023-08-31T04:49:06.318+0000 7fdc72273700 1 -- 172.21.15.2:0/954130933 --> [v2:172.21.15.2:3300/0,v1:172.21.15.2:6789/0] -- mon_command([{prefix=config set, name=mgr/dashboard/ssl_server_port}] v 0) v1 -- 0x7fdc6c103060 con 0x7fdc6c071bc0
2023-08-31T04:49:06.325 INFO:teuthology.orchestra.run.smithi002.stderr:/usr/bin/ceph:
2023-08-31T04:49:06.322+0000 7fdc68ff9700 1 -- 172.21.15.2:0/954130933 <== mon.0 v2:172.21.15.2:3300/0 7 ==== mon_command_ack([{prefix=config set, name=mgr/dashboard/ssl_server_port}]=0 v8)=0 v8) v1 ==== 130+0+0 (secure 0 0 0) 0x7fdc5c01e020 con 0x7fdc6c071bc0
2023-08-31T04:49:06.328 INFO:teuthology.orchestra.run.smithi002.stderr:/usr/bin/ceph:
2023-08-31T04:49:06.324+0000 7fdc72273700 1 -- 172.21.15.2:0/954130933 >> [v2:172.21.15.2:6800/3415207131,v1:172.21.15.2:6801/3415207131] conn(0x7fdc54032470 msgr2=0x7fdc54034930 secure :-1 s=STATE_CONNECTION_ESTABLISHED l=1).mark_down
2023-08-31T04:49:06.329 INFO:teuthology.orchestra.run.smithi002.stderr:/usr/bin/ceph:
2023-08-31T04:49:06.324+0000 7fdc72273700 1 --2- 172.21.15.2:0/954130933 >> [v2:172.21.15.2:6800/3415207131,v1:172.21.15.2:6801/3415207131] conn(0x7fdc54032470 0x7fdc54034930 secure :-1 s=READY pgs=19 cs=0 l=1 rev1=1 rx=0x7fdc60009780 tx=0x7fdc60006cc0).stop
2023-08-31T04:49:06.329 INFO:teuthology.orchestra.run.smithi002.stderr:/usr/bin/ceph:
2023-08-31T04:49:06.324+0000 7fdc72273700 1 -- 172.21.15.2:0/954130933 >> [v2:172.21.15.2:3300/0,v1:172.21.15.2:6789/0] conn(0x7fdc6c071bc0 msgr2=0x7fdc6c10df90 secure :-1 s=STATE_CONNECTION_ESTABLISHED l=1).mark_down
2023-08-31T04:49:06.329 INFO:teuthology.orchestra.run.smithi002.stderr:/usr/bin/ceph:
2023-08-31T04:49:06.324+0000 7fdc72273700 1 --2- 172.21.15.2:0/954130933 >> [v2:172.21.15.2:3300/0,v1:172.21.15.2:6789/0] conn(0x7fdc6c071bc0 0x7fdc6c10df90 secure :-1 s=READY pgs=60 cs=0 l=1 rev1=1 rx=0x7fdc5c0118b0 tx=0x7fdc5c0090f0).stop
2023-08-31T04:49:06.329 INFO:teuthology.orchestra.run.smithi002.stderr:/usr/bin/ceph:
2023-08-31T04:49:06.324+0000 7fdc72273700 1 -- 172.21.15.2:0/954130933 shutdown_connections
2023-08-31T04:49:06.329 INFO:teuthology.orchestra.run.smithi002.stderr:/usr/bin/ceph:
2023-08-31T04:49:06.324+0000 7fdc72273700 1 --2- 172.21.15.2:0/954130933 >> [v2:172.21.15.2:6800/3415207131,v1:172.21.15.2:6801/3415207131] conn(0x7fdc54032470 0x7fdc54034930 unknown :-1 s=CLOSED pgs=19 cs=0 l=1 rev1=1 rx=0 tx=0).stop
2023-08-31T04:49:06.330 INFO:teuthology.orchestra.run.smithi002.stderr:/usr/bin/ceph:
2023-08-31T04:49:06.324+0000 7fdc72273700 1 --2- 172.21.15.2:0/954130933 >> [v2:172.21.15.2:3300/0,v1:172.21.15.2:6789/0] conn(0x7fdc6c071bc0 0x7fdc6c10df90 unknown :-1 s=CLOSED pgs=60 cs=0 l=1 rev1=1 rx=0 tx=0).stop
2023-08-31T04:49:06.330 INFO:teuthology.orchestra.run.smithi002.stderr:/usr/bin/ceph:
2023-08-31T04:49:06.324+0000 7fdc72273700 1 -- 172.21.15.2:0/954130933 >> 172.21.15.2:0/954130933 conn(0x7fdc6c0f75f0 msgr2=0x7fdc6c0f9100 unknown :-1 s=STATE_NONE l=0).mark_down
2023-08-31T04:49:06.330 INFO:teuthology.orchestra.run.smithi002.stderr:/usr/bin/ceph:
2023-08-31T04:49:06.324+0000 7fdc72273700 1 -- 172.21.15.2:0/954130933 shutdown_connections
2023-08-31T04:49:06.330 INFO:teuthology.orchestra.run.smithi002.stderr:/usr/bin/ceph:
2023-08-31T04:49:06.325+0000 7fdc72273700 1 -- 172.21.15.2:0/954130933 wait complete.
2023-08-31T04:49:06.502 INFO:journalctl@ceph.mon.smithi002.smithi002.stdout:Aug 31 04:49:06 smithi002 ceph-845dcdf0-47b9-11ee-9ab3-7b867c8bd7da-mon-smithi002[106852]: audit
2023-08-31T04:49:04.531692+0000 mgr.smithi002.lpuxwa (mgr.14118) 23 : audit [DBG] from='client.14150 -' entity='client.admin' cmd=[{"prefix": "orch apply", "service_type": "alertmanager", "target": ["mon-mgr", ""]}]: dispatch
2023-08-31T04:49:06.502 INFO:journalctl@ceph.mon.smithi002.smithi002.stdout:Aug 31 04:49:06 smithi002 ceph-845dcdf0-47b9-11ee-9ab3-7b867c8bd7da-mon-smithi002[106852]: cephadm
2023-08-31T04:49:04.532557+0000 mgr.smithi002.lpuxwa (mgr.14118) 24 : cephadm [INF] Saving service alertmanager spec with placement count:1
2023-08-31T04:49:06.502 INFO:journalctl@ceph.mon.smithi002.smithi002.stdout:Aug 31 04:49:06 smithi002 ceph-845dcdf0-47b9-11ee-9ab3-7b867c8bd7da-mon-smithi002[106852]: audit
2023-08-31T04:49:05.416147+0000 mon.smithi002 (mon.0) 66 : audit [INF] from='client.? 172.21.15.2:0/4036579749' entity='client.admin'
2023-08-31T04:49:06.634 INFO:teuthology.orchestra.run.smithi002.stderr:Enabling the dashboard module...
2023-08-31T04:49:06.996 INFO:teuthology.orchestra.run.smithi002.stderr:/usr/bin/ceph:
2023-08-31T04:49:06.991+0000 7f148e058700 1 Processor -- start
2023-08-31T04:49:06.996 INFO:teuthology.orchestra.run.smithi002.stderr:/usr/bin/ceph:
2023-08-31T04:49:06.991+0000 7f148e058700 1 -- start start
2023-08-31T04:49:06.996 INFO:teuthology.orchestra.run.smithi002.stderr:/usr/bin/ceph:
2023-08-31T04:49:06.992+0000 7f148e058700 1 --2- >> [v2:172.21.15.2:3300/0,v1:172.21.15.2:6789/0] conn(0x7f1488071c60 0x7f14880ffb30 unknown :-1 s=NONE pgs=0 cs=0 l=0 rev1=0 rx=0 tx=0).connect
2023-08-31T04:49:06.996 INFO:teuthology.orchestra.run.smithi002.stderr:/usr/bin/ceph:
2023-08-31T04:49:06.992+0000 7f148e058700 1 -- --> [v2:172.21.15.2:3300/0,v1:172.21.15.2:6789/0] -- mon_getmap magic: 0 v1 -- 0x7f1488100020 con 0x7f1488071c60
2023-08-31T04:49:06.997 INFO:teuthology.orchestra.run.smithi002.stderr:/usr/bin/ceph:
2023-08-31T04:49:06.992+0000 7f14877fe700 1 --2- >> [v2:172.21.15.2:3300/0,v1:172.21.15.2:6789/0] conn(0x7f1488071c60 0x7f14880ffb30 unknown :-1 s=BANNER_CONNECTING pgs=0 cs=0 l=0 rev1=0 rx=0 tx=0)._handle_peer_banner_payload supported=1 required=0
2023-08-31T04:49:06.997 INFO:teuthology.orchestra.run.smithi002.stderr:/usr/bin/ceph:
2023-08-31T04:49:06.992+0000 7f14877fe700 1 --2- >> [v2:172.21.15.2:3300/0,v1:172.21.15.2:6789/0] conn(0x7f1488071c60 0x7f14880ffb30 unknown :-1 s=HELLO_CONNECTING pgs=0 cs=0 l=0 rev1=1 rx=0 tx=0).handle_hello peer v2:172.21.15.2:3300/0 says I am v2:172.21.15.2:35926/0 (socket says 172.21.15.2:35926)
2023-08-31T04:49:06.997 INFO:teuthology.orchestra.run.smithi002.stderr:/usr/bin/ceph:
2023-08-31T04:49:06.992+0000 7f14877fe700 1 -- 172.21.15.2:0/3853028361 learned_addr learned my addr 172.21.15.2:0/3853028361 (peer_addr_for_me v2:172.21.15.2:0/0)
2023-08-31T04:49:06.997 INFO:teuthology.orchestra.run.smithi002.stderr:/usr/bin/ceph:
2023-08-31T04:49:06.992+0000 7f14877fe700 1 -- 172.21.15.2:0/3853028361 --> [v2:172.21.15.2:3300/0,v1:172.21.15.2:6789/0] -- mon_subscribe({config=0+,monmap=0+}) v3 -- 0x7f1488100160 con 0x7f1488071c60
2023-08-31T04:49:06.997 INFO:teuthology.orchestra.run.smithi002.stderr:/usr/bin/ceph:
2023-08-31T04:49:06.993+0000 7f14877fe700 1 --2- 172.21.15.2:0/3853028361 >> [v2:172.21.15.2:3300/0,v1:172.21.15.2:6789/0] conn(0x7f1488071c60 0x7f14880ffb30 secure :-1 s=READY pgs=61 cs=0 l=1 rev1=1 rx=0x7f1478009730 tx=0x7f14780090f0).ready entity=mon.0 client_cookie=880e34bd991a8e61 server_cookie=0 in_seq=0 out_seq=0
2023-08-31T04:49:07.000 INFO:teuthology.orchestra.run.smithi002.stderr:/usr/bin/ceph:
2023-08-31T04:49:06.993+0000 7f14867fc700 1 -- 172.21.15.2:0/3853028361 <== mon.0 v2:172.21.15.2:3300/0 1 ==== mon_map magic: 0 v1 ==== 229+0+0 (secure 0 0 0) 0x7f147800b6e0 con 0x7f1488071c60
2023-08-31T04:49:07.000 INFO:teuthology.orchestra.run.smithi002.stderr:/usr/bin/ceph:
2023-08-31T04:49:06.993+0000 7f14867fc700 1 -- 172.21.15.2:0/3853028361 <== mon.0 v2:172.21.15.2:3300/0 2 ==== config(25 keys) v1 ==== 1046+0+0 (secure 0 0 0) 0x7f147800bcd0 con 0x7f1488071c60
2023-08-31T04:49:07.000 INFO:teuthology.orchestra.run.smithi002.stderr:/usr/bin/ceph:
2023-08-31T04:49:06.993+0000 7f14867fc700 1 -- 172.21.15.2:0/3853028361 <== mon.0 v2:172.21.15.2:3300/0 3 ==== mon_map magic: 0 v1 ==== 229+0+0 (secure 0 0 0) 0x7f1478011cb0 con 0x7f1488071c60
2023-08-31T04:49:07.001 INFO:teuthology.orchestra.run.smithi002.stderr:/usr/bin/ceph:
2023-08-31T04:49:06.993+0000 7f148e058700 1 -- 172.21.15.2:0/3853028361 >> [v2:172.21.15.2:3300/0,v1:172.21.15.2:6789/0] conn(0x7f1488071c60 msgr2=0x7f14880ffb30 secure :-1 s=STATE_CONNECTION_ESTABLISHED l=1).mark_down
2023-08-31T04:49:07.001 INFO:teuthology.orchestra.run.smithi002.stderr:/usr/bin/ceph:
2023-08-31T04:49:06.993+0000 7f148e058700 1 --2- 172.21.15.2:0/3853028361 >> [v2:172.21.15.2:3300/0,v1:172.21.15.2:6789/0] conn(0x7f1488071c60 0x7f14880ffb30 secure :-1 s=READY pgs=61 cs=0 l=1 rev1=1 rx=0x7f1478009730 tx=0x7f14780090f0).stop
2023-08-31T04:49:07.001 INFO:teuthology.orchestra.run.smithi002.stderr:/usr/bin/ceph:
2023-08-31T04:49:06.994+0000 7f148e058700 1 -- 172.21.15.2:0/3853028361 shutdown_connections
2023-08-31T04:49:07.001 INFO:teuthology.orchestra.run.smithi002.stderr:/usr/bin/ceph:
2023-08-31T04:49:06.994+0000 7f148e058700 1 --2- 172.21.15.2:0/3853028361 >> [v2:172.21.15.2:3300/0,v1:172.21.15.2:6789/0] conn(0x7f1488071c60 0x7f14880ffb30 unknown :-1 s=CLOSED pgs=61 cs=0 l=1 rev1=1 rx=0 tx=0).stop
2023-08-31T04:49:07.001 INFO:teuthology.orchestra.run.smithi002.stderr:/usr/bin/ceph:
2023-08-31T04:49:06.994+0000 7f148e058700 1 -- 172.21.15.2:0/3853028361 >> 172.21.15.2:0/3853028361 conn(0x7f14880f75f0 msgr2=0x7f14880f9a10 unknown :-1 s=STATE_NONE l=0).mark_down
2023-08-31T04:49:07.002 INFO:teuthology.orchestra.run.smithi002.stderr:/usr/bin/ceph:
2023-08-31T04:49:06.994+0000 7f148e058700 1 -- 172.21.15.2:0/3853028361 shutdown_connections
2023-08-31T04:49:07.002 INFO:teuthology.orchestra.run.smithi002.stderr:/usr/bin/ceph:
2023-08-31T04:49:06.994+0000 7f148e058700 1 -- 172.21.15.2:0/3853028361 wait complete.
2023-08-31T04:49:07.002 INFO:teuthology.orchestra.run.smithi002.stderr:/usr/bin/ceph:
2023-08-31T04:49:06.995+0000 7f148e058700 1 Processor -- start
2023-08-31T04:49:07.002 INFO:teuthology.orchestra.run.smithi002.stderr:/usr/bin/ceph:
2023-08-31T04:49:06.995+0000 7f148e058700 1 -- start start
2023-08-31T04:49:07.002 INFO:teuthology.orchestra.run.smithi002.stderr:/usr/bin/ceph:
2023-08-31T04:49:06.995+0000 7f148e058700 1 --2- >> [v2:172.21.15.2:3300/0,v1:172.21.15.2:6789/0] conn(0x7f1488071c60 0x7f148810df70 unknown :-1 s=NONE pgs=0 cs=0 l=1 rev1=0 rx=0 tx=0).connect
2023-08-31T04:49:07.003 INFO:teuthology.orchestra.run.smithi002.stderr:/usr/bin/ceph:
2023-08-31T04:49:06.995+0000 7f148e058700 1 -- --> [v2:172.21.15.2:3300/0,v1:172.21.15.2:6789/0] -- mon_getmap magic: 0 v1 -- 0x7f148810e460 con 0x7f1488071c60
2023-08-31T04:49:07.003 INFO:teuthology.orchestra.run.smithi002.stderr:/usr/bin/ceph:
2023-08-31T04:49:06.995+0000 7f14877fe700 1 --2- >> [v2:172.21.15.2:3300/0,v1:172.21.15.2:6789/0] conn(0x7f1488071c60 0x7f148810df70 unknown :-1 s=BANNER_CONNECTING pgs=0 cs=0 l=1 rev1=0 rx=0 tx=0)._handle_peer_banner_payload supported=1 required=0
2023-08-31T04:49:07.003 INFO:teuthology.orchestra.run.smithi002.stderr:/usr/bin/ceph:
2023-08-31T04:49:06.995+0000 7f14877fe700 1 --2- >> [v2:172.21.15.2:3300/0,v1:172.21.15.2:6789/0] conn(0x7f1488071c60 0x7f148810df70 unknown :-1 s=HELLO_CONNECTING pgs=0 cs=0 l=1 rev1=1 rx=0 tx=0).handle_hello peer v2:172.21.15.2:3300/0 says I am v2:172.21.15.2:35928/0 (socket says 172.21.15.2:35928)
2023-08-31T04:49:07.003 INFO:teuthology.orchestra.run.smithi002.stderr:/usr/bin/ceph:
2023-08-31T04:49:06.995+0000 7f14877fe700 1 -- 172.21.15.2:0/4022644545 learned_addr learned my addr 172.21.15.2:0/4022644545 (peer_addr_for_me v2:172.21.15.2:0/0)
2023-08-31T04:49:07.003 INFO:teuthology.orchestra.run.smithi002.stderr:/usr/bin/ceph:
2023-08-31T04:49:06.996+0000 7f14877fe700 1 -- 172.21.15.2:0/4022644545 --> [v2:172.21.15.2:3300/0,v1:172.21.15.2:6789/0] -- mon_subscribe({config=0+,monmap=0+}) v3 -- 0x7f1478009370 con 0x7f1488071c60
2023-08-31T04:49:07.004 INFO:teuthology.orchestra.run.smithi002.stderr:/usr/bin/ceph:
2023-08-31T04:49:06.996+0000 7f14877fe700 1 --2- 172.21.15.2:0/4022644545 >> [v2:172.21.15.2:3300/0,v1:172.21.15.2:6789/0] conn(0x7f1488071c60 0x7f148810df70 secure :-1 s=READY pgs=62 cs=0 l=1 rev1=1 rx=0x7f14780118b0 tx=0x7f14780090f0).ready entity=mon.0 client_cookie=0 server_cookie=0 in_seq=0 out_seq=0
2023-08-31T04:49:07.004 INFO:teuthology.orchestra.run.smithi002.stderr:/usr/bin/ceph:
2023-08-31T04:49:06.996+0000 7f146ffff700 1 -- 172.21.15.2:0/4022644545 <== mon.0 v2:172.21.15.2:3300/0 1 ==== mon_map magic: 0 v1 ==== 229+0+0 (secure 0 0 0) 0x7f147800bad0 con 0x7f1488071c60
2023-08-31T04:49:07.004 INFO:teuthology.orchestra.run.smithi002.stderr:/usr/bin/ceph:
2023-08-31T04:49:06.996+0000 7f146ffff700 1 -- 172.21.15.2:0/4022644545 <== mon.0 v2:172.21.15.2:3300/0 2 ==== config(25 keys) v1 ==== 1046+0+0 (secure 0 0 0) 0x7f1478011ad0 con 0x7f1488071c60
2023-08-31T04:49:07.004 INFO:teuthology.orchestra.run.smithi002.stderr:/usr/bin/ceph:
2023-08-31T04:49:06.996+0000 7f146ffff700 1 -- 172.21.15.2:0/4022644545 <== mon.0 v2:172.21.15.2:3300/0 3 ==== mon_map magic: 0 v1 ==== 229+0+0 (secure 0 0 0) 0x7f147801aa50 con 0x7f1488071c60
2023-08-31T04:49:07.004 INFO:teuthology.orchestra.run.smithi002.stderr:/usr/bin/ceph:
2023-08-31T04:49:06.996+0000 7f148e058700 1 -- 172.21.15.2:0/4022644545 --> [v2:172.21.15.2:3300/0,v1:172.21.15.2:6789/0] -- mon_subscribe({mgrmap=0+}) v3 -- 0x7f148810e660 con 0x7f1488071c60
2023-08-31T04:49:07.005 INFO:teuthology.orchestra.run.smithi002.stderr:/usr/bin/ceph:
2023-08-31T04:49:06.997+0000 7f148e058700 1 -- 172.21.15.2:0/4022644545 --> [v2:172.21.15.2:3300/0,v1:172.21.15.2:6789/0] -- mon_subscribe({osdmap=0}) v3 -- 0x7f148810ea70 con 0x7f1488071c60
2023-08-31T04:49:07.006 INFO:teuthology.orchestra.run.smithi002.stderr:/usr/bin/ceph:
2023-08-31T04:49:06.998+0000 7f148e058700 1 -- 172.21.15.2:0/4022644545 --> [v2:172.21.15.2:3300/0,v1:172.21.15.2:6789/0] -- mon_command({"prefix": "get_command_descriptions"} v 0) v1 -- 0x7f1488046c20 con 0x7f1488071c60
2023-08-31T04:49:07.006 INFO:teuthology.orchestra.run.smithi002.stderr:/usr/bin/ceph:
2023-08-31T04:49:06.998+0000 7f146ffff700 1 -- 172.21.15.2:0/4022644545 <== mon.0 v2:172.21.15.2:3300/0 4 ==== mgrmap(e 8) v1 ==== 38545+0+0 (secure 0 0 0) 0x7f147801acc0 con 0x7f1488071c60
2023-08-31T04:49:07.006 INFO:teuthology.orchestra.run.smithi002.stderr:/usr/bin/ceph:
2023-08-31T04:49:06.998+0000 7f146ffff700 1 --2- 172.21.15.2:0/4022644545 >> [v2:172.21.15.2:6800/3415207131,v1:172.21.15.2:6801/3415207131] conn(0x7f14700324c0 0x7f1470034980 unknown :-1 s=NONE pgs=0 cs=0 l=1 rev1=0 rx=0 tx=0).connect
2023-08-31T04:49:07.006 INFO:teuthology.orchestra.run.smithi002.stderr:/usr/bin/ceph:
2023-08-31T04:49:06.998+0000 7f146ffff700 1 -- 172.21.15.2:0/4022644545 <== mon.0 v2:172.21.15.2:3300/0 5 ==== osd_map(2..2 src has 1..2) v4 ==== 893+0+0 (secure 0 0 0) 0x7f1478044870 con 0x7f1488071c60
2023-08-31T04:49:07.006 INFO:teuthology.orchestra.run.smithi002.stderr:/usr/bin/ceph:
2023-08-31T04:49:06.998+0000 7f1486ffd700 1 --2- 172.21.15.2:0/4022644545 >> [v2:172.21.15.2:6800/3415207131,v1:172.21.15.2:6801/3415207131] conn(0x7f14700324c0 0x7f1470034980 unknown :-1 s=BANNER_CONNECTING pgs=0 cs=0 l=1 rev1=0 rx=0 tx=0)._handle_peer_banner_payload supported=1 required=0
2023-08-31T04:49:07.007 INFO:teuthology.orchestra.run.smithi002.stderr:/usr/bin/ceph:
2023-08-31T04:49:06.999+0000 7f1486ffd700 1 --2- 172.21.15.2:0/4022644545 >> [v2:172.21.15.2:6800/3415207131,v1:172.21.15.2:6801/3415207131] conn(0x7f14700324c0 0x7f1470034980 secure :-1 s=READY pgs=20 cs=0 l=1 rev1=1 rx=0x7f147c009780 tx=0x7f147c006cc0).ready entity=mgr.14118 client_cookie=0 server_cookie=0 in_seq=0 out_seq=0
2023-08-31T04:49:07.007 INFO:teuthology.orchestra.run.smithi002.stderr:/usr/bin/ceph:
2023-08-31T04:49:07.003+0000 7f146ffff700 1 -- 172.21.15.2:0/4022644545 <== mon.0 v2:172.21.15.2:3300/0 6 ==== mon_command_ack([{"prefix": "get_command_descriptions"}]=0 v0) v1 ==== 72+0+163129 (secure 0 0 0) 0x7f1478018500 con 0x7f1488071c60
2023-08-31T04:49:07.236 INFO:teuthology.orchestra.run.smithi002.stderr:/usr/bin/ceph:
2023-08-31T04:49:07.233+0000 7f148e058700 1 -- 172.21.15.2:0/4022644545 --> [v2:172.21.15.2:3300/0,v1:172.21.15.2:6789/0] -- mon_command({"prefix": "mgr module enable", "module": "dashboard"} v 0) v1 -- 0x7f1488100e20 con 0x7f1488071c60
2023-08-31T04:49:07.327 INFO:teuthology.orchestra.run.smithi002.stderr:/usr/bin/ceph:
2023-08-31T04:49:07.324+0000 7f146ffff700 1 -- 172.21.15.2:0/4022644545 <== mon.0 v2:172.21.15.2:3300/0 7 ==== mgrmap(e 9) v1 ==== 38558+0+0 (secure 0 0 0) 0x7f147802c3f0 con 0x7f1488071c60
2023-08-31T04:49:07.329 INFO:teuthology.orchestra.run.smithi002.stderr:/usr/bin/ceph:
2023-08-31T04:49:07.326+0000 7f146ffff700 1 -- 172.21.15.2:0/4022644545 <== mon.0 v2:172.21.15.2:3300/0 8 ==== mon_command_ack([{"prefix": "mgr module enable", "module": "dashboard"}]=0 v9) v1 ==== 88+0+0 (secure 0 0 0) 0x7f1478019800 con 0x7f1488071c60
2023-08-31T04:49:07.332 INFO:teuthology.orchestra.run.smithi002.stderr:/usr/bin/ceph:
2023-08-31T04:49:07.328+0000 7f148e058700 1 -- 172.21.15.2:0/4022644545 >> [v2:172.21.15.2:6800/3415207131,v1:172.21.15.2:6801/3415207131] conn(0x7f14700324c0 msgr2=0x7f1470034980 secure :-1 s=STATE_CONNECTION_ESTABLISHED l=1).mark_down
2023-08-31T04:49:07.332 INFO:teuthology.orchestra.run.smithi002.stderr:/usr/bin/ceph:
2023-08-31T04:49:07.328+0000 7f148e058700 1 --2- 172.21.15.2:0/4022644545 >> [v2:172.21.15.2:6800/3415207131,v1:172.21.15.2:6801/3415207131] conn(0x7f14700324c0 0x7f1470034980 secure :-1 s=READY pgs=20 cs=0 l=1 rev1=1 rx=0x7f147c009780 tx=0x7f147c006cc0).stop
2023-08-31T04:49:07.332 INFO:teuthology.orchestra.run.smithi002.stderr:/usr/bin/ceph:
2023-08-31T04:49:07.328+0000 7f148e058700 1 -- 172.21.15.2:0/4022644545 >> [v2:172.21.15.2:3300/0,v1:172.21.15.2:6789/0] conn(0x7f1488071c60 msgr2=0x7f148810df70 secure :-1 s=STATE_CONNECTION_ESTABLISHED l=1).mark_down
2023-08-31T04:49:07.332 INFO:teuthology.orchestra.run.smithi002.stderr:/usr/bin/ceph:
2023-08-31T04:49:07.328+0000 7f148e058700 1 --2- 172.21.15.2:0/4022644545 >> [v2:172.21.15.2:3300/0,v1:172.21.15.2:6789/0] conn(0x7f1488071c60 0x7f148810df70 secure :-1 s=READY pgs=62 cs=0 l=1 rev1=1 rx=0x7f14780118b0 tx=0x7f14780090f0).stop
2023-08-31T04:49:07.333 INFO:teuthology.orchestra.run.smithi002.stderr:/usr/bin/ceph:
2023-08-31T04:49:07.328+0000 7f148e058700 1 -- 172.21.15.2:0/4022644545 shutdown_connections
2023-08-31T04:49:07.333 INFO:teuthology.orchestra.run.smithi002.stderr:/usr/bin/ceph:
2023-08-31T04:49:07.328+0000 7f148e058700 1 --2- 172.21.15.2:0/4022644545 >> [v2:172.21.15.2:6800/3415207131,v1:172.21.15.2:6801/3415207131] conn(0x7f14700324c0 0x7f1470034980 unknown :-1 s=CLOSED pgs=20 cs=0 l=1 rev1=1 rx=0 tx=0).stop
2023-08-31T04:49:07.333 INFO:teuthology.orchestra.run.smithi002.stderr:/usr/bin/ceph:
2023-08-31T04:49:07.328+0000 7f148e058700 1 --2- 172.21.15.2:0/4022644545 >> [v2:172.21.15.2:3300/0,v1:172.21.15.2:6789/0] conn(0x7f1488071c60 0x7f148810df70 unknown :-1 s=CLOSED pgs=62 cs=0 l=1 rev1=1 rx=0 tx=0).stop
2023-08-31T04:49:07.333 INFO:teuthology.orchestra.run.smithi002.stderr:/usr/bin/ceph:
2023-08-31T04:49:07.328+0000 7f148e058700 1 -- 172.21.15.2:0/4022644545 >> 172.21.15.2:0/4022644545 conn(0x7f14880f75f0 msgr2=0x7f14880f9120 unknown :-1 s=STATE_NONE l=0).mark_down
2023-08-31T04:49:07.333 INFO:teuthology.orchestra.run.smithi002.stderr:/usr/bin/ceph:
2023-08-31T04:49:07.328+0000 7f148e058700 1 -- 172.21.15.2:0/4022644545 shutdown_connections
2023-08-31T04:49:07.334 INFO:teuthology.orchestra.run.smithi002.stderr:/usr/bin/ceph:
2023-08-31T04:49:07.328+0000 7f148e058700 1 -- 172.21.15.2:0/4022644545 wait complete.
2023-08-31T04:49:07.588 INFO:journalctl@ceph.mon.smithi002.smithi002.stdout:Aug 31 04:49:07 smithi002 ceph-845dcdf0-47b9-11ee-9ab3-7b867c8bd7da-mon-smithi002[106852]: audit
2023-08-31T04:49:06.323794+0000 mon.smithi002 (mon.0) 67 : audit [INF] from='client.? 172.21.15.2:0/954130933' entity='client.admin'
2023-08-31T04:49:07.588 INFO:journalctl@ceph.mon.smithi002.smithi002.stdout:Aug 31 04:49:07 smithi002 ceph-845dcdf0-47b9-11ee-9ab3-7b867c8bd7da-mon-smithi002[106852]: audit
2023-08-31T04:49:07.235129+0000 mon.smithi002 (mon.0) 68 : audit [INF] from='client.? 172.21.15.2:0/4022644545' entity='client.admin' cmd=[{"prefix": "mgr module enable", "module": "dashboard"}]: dispatch
2023-08-31T04:49:08.073 INFO:teuthology.orchestra.run.smithi002.stderr:/usr/bin/ceph:
2023-08-31T04:49:08.069+0000 7f91cef90700 1 Processor -- start
2023-08-31T04:49:08.073 INFO:teuthology.orchestra.run.smithi002.stderr:/usr/bin/ceph:
2023-08-31T04:49:08.069+0000 7f91cef90700 1 -- start start
2023-08-31T04:49:08.074 INFO:teuthology.orchestra.run.smithi002.stderr:/usr/bin/ceph:
2023-08-31T04:49:08.069+0000 7f91cef90700 1 --2- >> [v2:172.21.15.2:3300/0,v1:172.21.15.2:6789/0] conn(0x7f91c8071be0 0x7f91c80ffbb0 unknown :-1 s=NONE pgs=0 cs=0 l=0 rev1=0 rx=0 tx=0).connect
2023-08-31T04:49:08.075 INFO:teuthology.orchestra.run.smithi002.stderr:/usr/bin/ceph:
2023-08-31T04:49:08.070+0000 7f91cef90700 1 -- --> [v2:172.21.15.2:3300/0,v1:172.21.15.2:6789/0] -- mon_getmap magic: 0 v1 -- 0x7f91c81000a0 con 0x7f91c8071be0
2023-08-31T04:49:08.076 INFO:teuthology.orchestra.run.smithi002.stderr:/usr/bin/ceph:
2023-08-31T04:49:08.070+0000 7f91ccd2c700 1 --2- >> [v2:172.21.15.2:3300/0,v1:172.21.15.2:6789/0] conn(0x7f91c8071be0 0x7f91c80ffbb0 unknown :-1 s=BANNER_CONNECTING pgs=0 cs=0 l=0 rev1=0 rx=0 tx=0)._handle_peer_banner_payload supported=1 required=0
2023-08-31T04:49:08.076 INFO:teuthology.orchestra.run.smithi002.stderr:/usr/bin/ceph:
2023-08-31T04:49:08.070+0000 7f91ccd2c700 1 --2- >> [v2:172.21.15.2:3300/0,v1:172.21.15.2:6789/0] conn(0x7f91c8071be0 0x7f91c80ffbb0 unknown :-1 s=HELLO_CONNECTING pgs=0 cs=0 l=0 rev1=1 rx=0 tx=0).handle_hello peer v2:172.21.15.2:3300/0 says I am v2:172.21.15.2:35952/0 (socket says 172.21.15.2:35952)
2023-08-31T04:49:08.076 INFO:teuthology.orchestra.run.smithi002.stderr:/usr/bin/ceph:
2023-08-31T04:49:08.070+0000 7f91ccd2c700 1 -- 172.21.15.2:0/2812606754 learned_addr learned my addr 172.21.15.2:0/2812606754 (peer_addr_for_me v2:172.21.15.2:0/0)
2023-08-31T04:49:08.076 INFO:teuthology.orchestra.run.smithi002.stderr:/usr/bin/ceph:
2023-08-31T04:49:08.070+0000 7f91ccd2c700 1 -- 172.21.15.2:0/2812606754 --> [v2:172.21.15.2:3300/0,v1:172.21.15.2:6789/0] -- mon_subscribe({config=0+,monmap=0+}) v3 -- 0x7f91c81001e0 con 0x7f91c8071be0
2023-08-31T04:49:08.077 INFO:teuthology.orchestra.run.smithi002.stderr:/usr/bin/ceph:
2023-08-31T04:49:08.071+0000 7f91ccd2c700 1 --2- 172.21.15.2:0/2812606754 >> [v2:172.21.15.2:3300/0,v1:172.21.15.2:6789/0] conn(0x7f91c8071be0 0x7f91c80ffbb0 secure :-1 s=READY pgs=65 cs=0 l=1 rev1=1 rx=0x7f91bc009730 tx=0x7f91bc0090f0).ready entity=mon.0 client_cookie=af00249228c408e6 server_cookie=0 in_seq=0 out_seq=0
2023-08-31T04:49:08.077 INFO:teuthology.orchestra.run.smithi002.stderr:/usr/bin/ceph:
2023-08-31T04:49:08.071+0000 7f91c77fe700 1 -- 172.21.15.2:0/2812606754 <== mon.0 v2:172.21.15.2:3300/0 1 ==== mon_map magic: 0 v1 ==== 229+0+0 (secure 0 0 0) 0x7f91bc00b6e0 con 0x7f91c8071be0
2023-08-31T04:49:08.077 INFO:teuthology.orchestra.run.smithi002.stderr:/usr/bin/ceph:
2023-08-31T04:49:08.071+0000 7f91c77fe700 1 -- 172.21.15.2:0/2812606754 <== mon.0 v2:172.21.15.2:3300/0 2 ==== config(25 keys) v1 ==== 1046+0+0 (secure 0 0 0) 0x7f91bc00bcd0 con 0x7f91c8071be0
2023-08-31T04:49:08.077 INFO:teuthology.orchestra.run.smithi002.stderr:/usr/bin/ceph:
2023-08-31T04:49:08.071+0000 7f91c77fe700 1 -- 172.21.15.2:0/2812606754 <== mon.0 v2:172.21.15.2:3300/0 3 ==== mon_map magic: 0 v1 ==== 229+0+0 (secure 0 0 0) 0x7f91bc011cb0 con 0x7f91c8071be0
2023-08-31T04:49:08.077 INFO:teuthology.orchestra.run.smithi002.stderr:/usr/bin/ceph:
2023-08-31T04:49:08.072+0000 7f91cef90700 1 -- 172.21.15.2:0/2812606754 >> [v2:172.21.15.2:3300/0,v1:172.21.15.2:6789/0] conn(0x7f91c8071be0 msgr2=0x7f91c80ffbb0 secure :-1 s=STATE_CONNECTION_ESTABLISHED l=1).mark_down
2023-08-31T04:49:08.078 INFO:teuthology.orchestra.run.smithi002.stderr:/usr/bin/ceph:
2023-08-31T04:49:08.072+0000 7f91cef90700 1 --2- 172.21.15.2:0/2812606754 >> [v2:172.21.15.2:3300/0,v1:172.21.15.2:6789/0] conn(0x7f91c8071be0 0x7f91c80ffbb0 secure :-1 s=READY pgs=65 cs=0 l=1 rev1=1 rx=0x7f91bc009730 tx=0x7f91bc0090f0).stop
2023-08-31T04:49:08.078 INFO:teuthology.orchestra.run.smithi002.stderr:/usr/bin/ceph:
2023-08-31T04:49:08.072+0000 7f91cef90700 1 -- 172.21.15.2:0/2812606754 shutdown_connections
2023-08-31T04:49:08.078 INFO:teuthology.orchestra.run.smithi002.stderr:/usr/bin/ceph:
2023-08-31T04:49:08.072+0000 7f91cef90700 1 --2- 172.21.15.2:0/2812606754 >> [v2:172.21.15.2:3300/0,v1:172.21.15.2:6789/0] conn(0x7f91c8071be0 0x7f91c80ffbb0 unknown :-1 s=CLOSED pgs=65 cs=0 l=1 rev1=1 rx=0 tx=0).stop
2023-08-31T04:49:08.078 INFO:teuthology.orchestra.run.smithi002.stderr:/usr/bin/ceph:
2023-08-31T04:49:08.072+0000 7f91cef90700 1 -- 172.21.15.2:0/2812606754 >> 172.21.15.2:0/2812606754 conn(0x7f91c80f75f0 msgr2=0x7f91c80f9a10 unknown :-1 s=STATE_NONE l=0).mark_down
2023-08-31T04:49:08.078 INFO:teuthology.orchestra.run.smithi002.stderr:/usr/bin/ceph:
2023-08-31T04:49:08.072+0000 7f91cef90700 1 -- 172.21.15.2:0/2812606754 shutdown_connections
2023-08-31T04:49:08.080 INFO:teuthology.orchestra.run.smithi002.stderr:/usr/bin/ceph:
2023-08-31T04:49:08.072+0000 7f91cef90700 1 -- 172.21.15.2:0/2812606754 wait complete.
2023-08-31T04:49:08.081 INFO:teuthology.orchestra.run.smithi002.stderr:/usr/bin/ceph:
2023-08-31T04:49:08.073+0000 7f91cef90700 1 Processor -- start
2023-08-31T04:49:08.081 INFO:teuthology.orchestra.run.smithi002.stderr:/usr/bin/ceph:
2023-08-31T04:49:08.073+0000 7f91cef90700 1 -- start start
2023-08-31T04:49:08.081 INFO:teuthology.orchestra.run.smithi002.stderr:/usr/bin/ceph:
2023-08-31T04:49:08.073+0000 7f91cef90700 1 --2- >> [v2:172.21.15.2:3300/0,v1:172.21.15.2:6789/0] conn(0x7f91c8071be0 0x7f91c810df90 unknown :-1 s=NONE pgs=0 cs=0 l=1 rev1=0 rx=0 tx=0).connect
2023-08-31T04:49:08.081 INFO:teuthology.orchestra.run.smithi002.stderr:/usr/bin/ceph:
2023-08-31T04:49:08.073+0000 7f91cef90700 1 -- --> [v2:172.21.15.2:3300/0,v1:172.21.15.2:6789/0] -- mon_getmap magic: 0 v1 -- 0x7f91c810e480 con 0x7f91c8071be0
2023-08-31T04:49:08.082 INFO:teuthology.orchestra.run.smithi002.stderr:/usr/bin/ceph:
2023-08-31T04:49:08.074+0000 7f91ccd2c700 1 --2- >> [v2:172.21.15.2:3300/0,v1:172.21.15.2:6789/0] conn(0x7f91c8071be0 0x7f91c810df90 unknown :-1 s=BANNER_CONNECTING pgs=0 cs=0 l=1 rev1=0 rx=0 tx=0)._handle_peer_banner_payload supported=1 required=0
2023-08-31T04:49:08.082 INFO:teuthology.orchestra.run.smithi002.stderr:/usr/bin/ceph:
2023-08-31T04:49:08.074+0000 7f91ccd2c700 1 --2- >> [v2:172.21.15.2:3300/0,v1:172.21.15.2:6789/0] conn(0x7f91c8071be0 0x7f91c810df90 unknown :-1 s=HELLO_CONNECTING pgs=0 cs=0 l=1 rev1=1 rx=0 tx=0).handle_hello peer v2:172.21.15.2:3300/0 says I am v2:172.21.15.2:35962/0 (socket says 172.21.15.2:35962)
2023-08-31T04:49:08.082 INFO:teuthology.orchestra.run.smithi002.stderr:/usr/bin/ceph:
2023-08-31T04:49:08.074+0000 7f91ccd2c700 1 -- 172.21.15.2:0/2689590172 learned_addr learned my addr 172.21.15.2:0/2689590172 (peer_addr_for_me v2:172.21.15.2:0/0)
2023-08-31T04:49:08.082 INFO:teuthology.orchestra.run.smithi002.stderr:/usr/bin/ceph:
2023-08-31T04:49:08.074+0000 7f91ccd2c700 1 -- 172.21.15.2:0/2689590172 --> [v2:172.21.15.2:3300/0,v1:172.21.15.2:6789/0] -- mon_subscribe({config=0+,monmap=0+}) v3 -- 0x7f91bc009370 con 0x7f91c8071be0
2023-08-31T04:49:08.082 INFO:teuthology.orchestra.run.smithi002.stderr:/usr/bin/ceph:
2023-08-31T04:49:08.074+0000 7f91ccd2c700 1 --2- 172.21.15.2:0/2689590172 >> [v2:172.21.15.2:3300/0,v1:172.21.15.2:6789/0] conn(0x7f91c8071be0 0x7f91c810df90 secure :-1 s=READY pgs=66 cs=0 l=1 rev1=1 rx=0x7f91bc0118b0 tx=0x7f91bc0090f0).ready entity=mon.0 client_cookie=0 server_cookie=0 in_seq=0 out_seq=0
2023-08-31T04:49:08.082 INFO:teuthology.orchestra.run.smithi002.stderr:/usr/bin/ceph:
2023-08-31T04:49:08.074+0000 7f91c57fa700 1 -- 172.21.15.2:0/2689590172 <== mon.0 v2:172.21.15.2:3300/0 1 ==== mon_map magic: 0 v1 ==== 229+0+0 (secure 0 0 0) 0x7f91bc00bad0 con 0x7f91c8071be0
2023-08-31T04:49:08.083 INFO:teuthology.orchestra.run.smithi002.stderr:/usr/bin/ceph:
2023-08-31T04:49:08.074+0000 7f91c57fa700 1 -- 172.21.15.2:0/2689590172 <== mon.0 v2:172.21.15.2:3300/0 2 ==== config(25 keys) v1 ==== 1046+0+0 (secure 0 0 0) 0x7f91bc011ad0 con 0x7f91c8071be0
2023-08-31T04:49:08.083 INFO:teuthology.orchestra.run.smithi002.stderr:/usr/bin/ceph:
2023-08-31T04:49:08.074+0000 7f91cef90700 1 -- 172.21.15.2:0/2689590172 --> [v2:172.21.15.2:3300/0,v1:172.21.15.2:6789/0] -- mon_subscribe({mgrmap=0+}) v3 -- 0x7f91c810e680 con 0x7f91c8071be0
2023-08-31T04:49:08.083 INFO:teuthology.orchestra.run.smithi002.stderr:/usr/bin/ceph:
2023-08-31T04:49:08.074+0000 7f91c57fa700 1 -- 172.21.15.2:0/2689590172 <== mon.0 v2:172.21.15.2:3300/0 3 ==== mon_map magic: 0 v1 ==== 229+0+0 (secure 0 0 0) 0x7f91bc01aa50 con 0x7f91c8071be0
2023-08-31T04:49:08.083 INFO:teuthology.orchestra.run.smithi002.stderr:/usr/bin/ceph:
2023-08-31T04:49:08.075+0000 7f91cef90700 1 -- 172.21.15.2:0/2689590172 --> [v2:172.21.15.2:3300/0,v1:172.21.15.2:6789/0] -- mon_subscribe({osdmap=0}) v3 -- 0x7f91c810ea90 con 0x7f91c8071be0
2023-08-31T04:49:08.084 INFO:teuthology.orchestra.run.smithi002.stderr:/usr/bin/ceph:
2023-08-31T04:49:08.076+0000 7f91c57fa700 1 -- 172.21.15.2:0/2689590172 <== mon.0 v2:172.21.15.2:3300/0 4 ==== mgrmap(e 9) v1 ==== 38558+0+0 (secure 0 0 0) 0x7f91bc01acc0 con 0x7f91c8071be0
2023-08-31T04:49:08.084 INFO:teuthology.orchestra.run.smithi002.stderr:/usr/bin/ceph:
2023-08-31T04:49:08.076+0000 7f91cef90700 1 -- 172.21.15.2:0/2689590172 --> [v2:172.21.15.2:3300/0,v1:172.21.15.2:6789/0] -- mon_command({"prefix": "get_command_descriptions"} v 0) v1 -- 0x7f91c8046c20 con 0x7f91c8071be0
2023-08-31T04:49:08.084 INFO:teuthology.orchestra.run.smithi002.stderr:/usr/bin/ceph:
2023-08-31T04:49:08.076+0000 7f91c57fa700 1 --2- 172.21.15.2:0/2689590172 >> [v2:172.21.15.2:6800/3415207131,v1:172.21.15.2:6801/3415207131] conn(0x7f91b8032510 0x7f91b80349d0 unknown :-1 s=NONE pgs=0 cs=0 l=1 rev1=0 rx=0 tx=0).connect
2023-08-31T04:49:08.084 INFO:teuthology.orchestra.run.smithi002.stderr:/usr/bin/ceph:
2023-08-31T04:49:08.076+0000 7f91c57fa700 1 -- 172.21.15.2:0/2689590172 <== mon.0 v2:172.21.15.2:3300/0 5 ==== osd_map(2..2 src has 1..2) v4 ==== 893+0+0 (secure 0 0 0) 0x7f91bc0448e0 con 0x7f91c8071be0
2023-08-31T04:49:08.084 INFO:teuthology.orchestra.run.smithi002.stderr:/usr/bin/ceph:
2023-08-31T04:49:08.076+0000 7f91c7fff700 1 -- 172.21.15.2:0/2689590172 >> [v2:172.21.15.2:6800/3415207131,v1:172.21.15.2:6801/3415207131] conn(0x7f91b8032510 msgr2=0x7f91b80349d0 unknown :-1 s=STATE_CONNECTING_RE l=1).process reconnect failed to v2:172.21.15.2:6800/3415207131
2023-08-31T04:49:08.085 INFO:teuthology.orchestra.run.smithi002.stderr:/usr/bin/ceph:
2023-08-31T04:49:08.076+0000 7f91c7fff700 1 --2- 172.21.15.2:0/2689590172 >> [v2:172.21.15.2:6800/3415207131,v1:172.21.15.2:6801/3415207131] conn(0x7f91b8032510 0x7f91b80349d0 unknown :-1 s=START_CONNECT pgs=0 cs=0 l=1 rev1=0 rx=0 tx=0)._fault waiting 0.200000
2023-08-31T04:49:08.085 INFO:teuthology.orchestra.run.smithi002.stderr:/usr/bin/ceph:
2023-08-31T04:49:08.081+0000 7f91c57fa700 1 -- 172.21.15.2:0/2689590172 <== mon.0 v2:172.21.15.2:3300/0 6 ==== mon_command_ack([{"prefix": "get_command_descriptions"}]=0 v0) v1 ==== 72+0+163129 (secure 0 0 0) 0x7f91bc018500 con 0x7f91c8071be0
2023-08-31T04:49:08.280 INFO:teuthology.orchestra.run.smithi002.stderr:/usr/bin/ceph:
2023-08-31T04:49:08.277+0000 7f91c7fff700 1 -- 172.21.15.2:0/2689590172 >> [v2:172.21.15.2:6800/3415207131,v1:172.21.15.2:6801/3415207131] conn(0x7f91b8032510 msgr2=0x7f91b80349d0 unknown :-1 s=STATE_CONNECTING_RE l=1).process reconnect failed to v2:172.21.15.2:6800/3415207131
2023-08-31T04:49:08.281 INFO:teuthology.orchestra.run.smithi002.stderr:/usr/bin/ceph:
2023-08-31T04:49:08.277+0000 7f91c7fff700 1 --2- 172.21.15.2:0/2689590172 >> [v2:172.21.15.2:6800/3415207131,v1:172.21.15.2:6801/3415207131] conn(0x7f91b8032510 0x7f91b80349d0 unknown :-1 s=START_CONNECT pgs=0 cs=0 l=1 rev1=0 rx=0 tx=0)._fault waiting 0.400000
2023-08-31T04:49:08.312 INFO:teuthology.orchestra.run.smithi002.stderr:/usr/bin/ceph:
2023-08-31T04:49:08.308+0000 7f91cef90700 1 -- 172.21.15.2:0/2689590172 --> [v2:172.21.15.2:3300/0,v1:172.21.15.2:6789/0] -- mon_command({"prefix": "mgr stat"} v 0) v1 -- 0x7f91c810fba0 con 0x7f91c8071be0
2023-08-31T04:49:08.312 INFO:teuthology.orchestra.run.smithi002.stderr:/usr/bin/ceph:
2023-08-31T04:49:08.308+0000 7f91c57fa700 1 -- 172.21.15.2:0/2689590172 <== mon.0 v2:172.21.15.2:3300/0 7 ==== mon_command_ack([{"prefix": "mgr stat"}]=0 v9) v1 ==== 56+0+103 (secure 0 0 0) 0x7f91bc01e020 con 0x7f91c8071be0
2023-08-31T04:49:08.312 INFO:teuthology.orchestra.run.smithi002.stderr:/usr/bin/ceph: {
2023-08-31T04:49:08.312 INFO:teuthology.orchestra.run.smithi002.stderr:/usr/bin/ceph: "epoch": 9,
2023-08-31T04:49:08.313 INFO:teuthology.orchestra.run.smithi002.stderr:/usr/bin/ceph: "available": true,
2023-08-31T04:49:08.313 INFO:teuthology.orchestra.run.smithi002.stderr:/usr/bin/ceph: "active_name": "smithi002.lpuxwa",
2023-08-31T04:49:08.313 INFO:teuthology.orchestra.run.smithi002.stderr:/usr/bin/ceph: "num_standby": 0
2023-08-31T04:49:08.313 INFO:teuthology.orchestra.run.smithi002.stderr:/usr/bin/ceph: }
2023-08-31T04:49:08.314 INFO:teuthology.orchestra.run.smithi002.stderr:/usr/bin/ceph:
2023-08-31T04:49:08.310+0000 7f91cef90700 1 -- 172.21.15.2:0/2689590172 >> [v2:172.21.15.2:6800/3415207131,v1:172.21.15.2:6801/3415207131] conn(0x7f91b8032510 msgr2=0x7f91b80349d0 unknown :-1 s=STATE_CONNECTING l=1).mark_down
2023-08-31T04:49:08.315 INFO:teuthology.orchestra.run.smithi002.stderr:/usr/bin/ceph:
2023-08-31T04:49:08.310+0000 7f91cef90700 1 --2- 172.21.15.2:0/2689590172 >> [v2:172.21.15.2:6800/3415207131,v1:172.21.15.2:6801/3415207131] conn(0x7f91b8032510 0x7f91b80349d0 unknown :-1 s=START_CONNECT pgs=0 cs=0 l=1 rev1=0 rx=0 tx=0).stop
2023-08-31T04:49:08.315 INFO:teuthology.orchestra.run.smithi002.stderr:/usr/bin/ceph:
2023-08-31T04:49:08.310+0000 7f91cef90700 1 -- 172.21.15.2:0/2689590172 >> [v2:172.21.15.2:3300/0,v1:172.21.15.2:6789/0] conn(0x7f91c8071be0 msgr2=0x7f91c810df90 secure :-1 s=STATE_CONNECTION_ESTABLISHED l=1).mark_down
2023-08-31T04:49:08.315 INFO:teuthology.orchestra.run.smithi002.stderr:/usr/bin/ceph:
2023-08-31T04:49:08.310+0000 7f91cef90700 1 --2- 172.21.15.2:0/2689590172 >> [v2:172.21.15.2:3300/0,v1:172.21.15.2:6789/0] conn(0x7f91c8071be0 0x7f91c810df90 secure :-1 s=READY pgs=66 cs=0 l=1 rev1=1 rx=0x7f91bc0118b0 tx=0x7f91bc0090f0).stop
2023-08-31T04:49:08.315 INFO:teuthology.orchestra.run.smithi002.stderr:/usr/bin/ceph:
2023-08-31T04:49:08.310+0000 7f91cef90700 1 -- 172.21.15.2:0/2689590172 shutdown_connections
2023-08-31T04:49:08.316 INFO:teuthology.orchestra.run.smithi002.stderr:/usr/bin/ceph:
2023-08-31T04:49:08.310+0000 7f91cef90700 1 --2- 172.21.15.2:0/2689590172 >> [v2:172.21.15.2:6800/3415207131,v1:172.21.15.2:6801/3415207131] conn(0x7f91b8032510 0x7f91b80349d0 unknown :-1 s=CLOSED pgs=0 cs=0 l=1 rev1=0 rx=0 tx=0).stop
2023-08-31T04:49:08.316 INFO:teuthology.orchestra.run.smithi002.stderr:/usr/bin/ceph:
2023-08-31T04:49:08.310+0000 7f91cef90700 1 --2- 172.21.15.2:0/2689590172 >> [v2:172.21.15.2:3300/0,v1:172.21.15.2:6789/0] conn(0x7f91c8071be0 0x7f91c810df90 unknown :-1 s=CLOSED pgs=66 cs=0 l=1 rev1=1 rx=0 tx=0).stop
2023-08-31T04:49:08.316 INFO:teuthology.orchestra.run.smithi002.stderr:/usr/bin/ceph:
2023-08-31T04:49:08.310+0000 7f91cef90700 1 -- 172.21.15.2:0/2689590172 >> 172.21.15.2:0/2689590172 conn(0x7f91c80f75f0 msgr2=0x7f91c80f90a0 unknown :-1 s=STATE_NONE l=0).mark_down
2023-08-31T04:49:08.316 INFO:teuthology.orchestra.run.smithi002.stderr:/usr/bin/ceph:
2023-08-31T04:49:08.310+0000 7f91cef90700 1 -- 172.21.15.2:0/2689590172 shutdown_connections
2023-08-31T04:49:08.316 INFO:teuthology.orchestra.run.smithi002.stderr:/usr/bin/ceph:
2023-08-31T04:49:08.311+0000 7f91cef90700 1 -- 172.21.15.2:0/2689590172 wait complete.
2023-08-31T04:49:08.502 INFO:journalctl@ceph.mon.smithi002.smithi002.stdout:Aug 31 04:49:08 smithi002 ceph-845dcdf0-47b9-11ee-9ab3-7b867c8bd7da-mon-smithi002[106852]: audit
2023-08-31T04:49:07.327309+0000 mon.smithi002 (mon.0) 69 : audit [INF] from='client.? 172.21.15.2:0/4022644545' entity='client.admin' cmd='[{"prefix": "mgr module enable", "module": "dashboard"}]': finished
2023-08-31T04:49:08.502 INFO:journalctl@ceph.mon.smithi002.smithi002.stdout:Aug 31 04:49:08 smithi002 ceph-845dcdf0-47b9-11ee-9ab3-7b867c8bd7da-mon-smithi002[106852]: cluster
2023-08-31T04:49:07.327389+0000 mon.smithi002 (mon.0) 70 : cluster [DBG] mgrmap e9: smithi002.lpuxwa(active, since 17s)
2023-08-31T04:49:08.502 INFO:journalctl@ceph.mon.smithi002.smithi002.stdout:Aug 31 04:49:08 smithi002 ceph-845dcdf0-47b9-11ee-9ab3-7b867c8bd7da-mon-smithi002[106852]: audit
2023-08-31T04:49:08.310129+0000 mon.smithi002 (mon.0) 71 : audit [DBG] from='client.? 172.21.15.2:0/2689590172' entity='client.admin' cmd=[{"prefix": "mgr stat"}]: dispatch
2023-08-31T04:49:08.626 INFO:teuthology.orchestra.run.smithi002.stderr:Waiting for the mgr to restart...
2023-08-31T04:49:08.626 INFO:teuthology.orchestra.run.smithi002.stderr:Waiting for mgr epoch 9...
2023-08-31T04:49:09.016 INFO:teuthology.orchestra.run.smithi002.stderr:/usr/bin/ceph:
2023-08-31T04:49:09.012+0000 7fb0bbe5b700 1 Processor -- start
2023-08-31T04:49:09.016 INFO:teuthology.orchestra.run.smithi002.stderr:/usr/bin/ceph:
2023-08-31T04:49:09.012+0000 7fb0bbe5b700 1 -- start start
2023-08-31T04:49:09.017 INFO:teuthology.orchestra.run.smithi002.stderr:/usr/bin/ceph:
2023-08-31T04:49:09.013+0000 7fb0bbe5b700 1 --2- >> [v2:172.21.15.2:3300/0,v1:172.21.15.2:6789/0] conn(0x7fb0b4071c60 0x7fb0b40ffb30 unknown :-1 s=NONE pgs=0 cs=0 l=0 rev1=0 rx=0 tx=0).connect
2023-08-31T04:49:09.017 INFO:teuthology.orchestra.run.smithi002.stderr:/usr/bin/ceph:
2023-08-31T04:49:09.013+0000 7fb0bbe5b700 1 -- --> [v2:172.21.15.2:3300/0,v1:172.21.15.2:6789/0] -- mon_getmap magic: 0 v1 -- 0x7fb0b4100020 con 0x7fb0b4071c60
2023-08-31T04:49:09.017 INFO:teuthology.orchestra.run.smithi002.stderr:/usr/bin/ceph:
2023-08-31T04:49:09.013+0000 7fb0b9bf7700 1 --2- >> [v2:172.21.15.2:3300/0,v1:172.21.15.2:6789/0] conn(0x7fb0b4071c60 0x7fb0b40ffb30 unknown :-1 s=BANNER_CONNECTING pgs=0 cs=0 l=0 rev1=0 rx=0 tx=0)._handle_peer_banner_payload supported=1 required=0
2023-08-31T04:49:09.019 INFO:teuthology.orchestra.run.smithi002.stderr:/usr/bin/ceph:
2023-08-31T04:49:09.013+0000 7fb0b9bf7700 1 --2- >> [v2:172.21.15.2:3300/0,v1:172.21.15.2:6789/0] conn(0x7fb0b4071c60 0x7fb0b40ffb30 unknown :-1 s=HELLO_CONNECTING pgs=0 cs=0 l=0 rev1=1 rx=0 tx=0).handle_hello peer v2:172.21.15.2:3300/0 says I am v2:172.21.15.2:35976/0 (socket says 172.21.15.2:35976)
2023-08-31T04:49:09.019 INFO:teuthology.orchestra.run.smithi002.stderr:/usr/bin/ceph:
2023-08-31T04:49:09.013+0000 7fb0b9bf7700 1 -- 172.21.15.2:0/1376192525 learned_addr learned my addr 172.21.15.2:0/1376192525 (peer_addr_for_me v2:172.21.15.2:0/0)
2023-08-31T04:49:09.019 INFO:teuthology.orchestra.run.smithi002.stderr:/usr/bin/ceph:
2023-08-31T04:49:09.014+0000 7fb0b9bf7700 1 -- 172.21.15.2:0/1376192525 --> [v2:172.21.15.2:3300/0,v1:172.21.15.2:6789/0] -- mon_subscribe({config=0+,monmap=0+}) v3 -- 0x7fb0b4100160 con 0x7fb0b4071c60
2023-08-31T04:49:09.020 INFO:teuthology.orchestra.run.smithi002.stderr:/usr/bin/ceph:
2023-08-31T04:49:09.014+0000 7fb0b9bf7700 1 --2- 172.21.15.2:0/1376192525 >> [v2:172.21.15.2:3300/0,v1:172.21.15.2:6789/0] conn(0x7fb0b4071c60 0x7fb0b40ffb30 secure :-1 s=READY pgs=67 cs=0 l=1 rev1=1 rx=0x7fb0b0009730 tx=0x7fb0b00090f0).ready entity=mon.0 client_cookie=2a378d31a14fd369 server_cookie=0 in_seq=0 out_seq=0
2023-08-31T04:49:09.020 INFO:teuthology.orchestra.run.smithi002.stderr:/usr/bin/ceph:
2023-08-31T04:49:09.014+0000 7fb0b8bf5700 1 -- 172.21.15.2:0/1376192525 <== mon.0 v2:172.21.15.2:3300/0 1 ==== mon_map magic: 0 v1 ==== 229+0+0 (secure 0 0 0) 0x7fb0b000b6e0 con 0x7fb0b4071c60
2023-08-31T04:49:09.020 INFO:teuthology.orchestra.run.smithi002.stderr:/usr/bin/ceph:
2023-08-31T04:49:09.014+0000 7fb0b8bf5700 1 -- 172.21.15.2:0/1376192525 <== mon.0 v2:172.21.15.2:3300/0 2 ==== config(25 keys) v1 ==== 1046+0+0 (secure 0 0 0) 0x7fb0b000bcd0 con 0x7fb0b4071c60
2023-08-31T04:49:09.020 INFO:teuthology.orchestra.run.smithi002.stderr:/usr/bin/ceph:
2023-08-31T04:49:09.014+0000 7fb0b8bf5700 1 -- 172.21.15.2:0/1376192525 <== mon.0 v2:172.21.15.2:3300/0 3 ==== mon_map magic: 0 v1 ==== 229+0+0 (secure 0 0 0) 0x7fb0b0011cb0 con 0x7fb0b4071c60
2023-08-31T04:49:09.020 INFO:teuthology.orchestra.run.smithi002.stderr:/usr/bin/ceph:
2023-08-31T04:49:09.015+0000 7fb0bbe5b700 1 -- 172.21.15.2:0/1376192525 >> [v2:172.21.15.2:3300/0,v1:172.21.15.2:6789/0] conn(0x7fb0b4071c60 msgr2=0x7fb0b40ffb30 secure :-1 s=STATE_CONNECTION_ESTABLISHED l=1).mark_down
2023-08-31T04:49:09.021 INFO:teuthology.orchestra.run.smithi002.stderr:/usr/bin/ceph:
2023-08-31T04:49:09.015+0000 7fb0bbe5b700 1 --2- 172.21.15.2:0/1376192525 >> [v2:172.21.15.2:3300/0,v1:172.21.15.2:6789/0] conn(0x7fb0b4071c60 0x7fb0b40ffb30 secure :-1 s=READY pgs=67 cs=0 l=1 rev1=1 rx=0x7fb0b0009730 tx=0x7fb0b00090f0).stop
2023-08-31T04:49:09.021 INFO:teuthology.orchestra.run.smithi002.stderr:/usr/bin/ceph:
2023-08-31T04:49:09.015+0000 7fb0bbe5b700 1 -- 172.21.15.2:0/1376192525 shutdown_connections
2023-08-31T04:49:09.021 INFO:teuthology.orchestra.run.smithi002.stderr:/usr/bin/ceph:
2023-08-31T04:49:09.015+0000 7fb0bbe5b700 1 --2- 172.21.15.2:0/1376192525 >> [v2:172.21.15.2:3300/0,v1:172.21.15.2:6789/0] conn(0x7fb0b4071c60 0x7fb0b40ffb30 unknown :-1 s=CLOSED pgs=67 cs=0 l=1 rev1=1 rx=0 tx=0).stop
2023-08-31T04:49:09.021 INFO:teuthology.orchestra.run.smithi002.stderr:/usr/bin/ceph:
2023-08-31T04:49:09.015+0000 7fb0bbe5b700 1 -- 172.21.15.2:0/1376192525 >> 172.21.15.2:0/1376192525 conn(0x7fb0b40f75f0 msgr2=0x7fb0b40f9a10 unknown :-1 s=STATE_NONE l=0).mark_down
2023-08-31T04:49:09.021 INFO:teuthology.orchestra.run.smithi002.stderr:/usr/bin/ceph:
2023-08-31T04:49:09.015+0000 7fb0bbe5b700 1 -- 172.21.15.2:0/1376192525 shutdown_connections
2023-08-31T04:49:09.022 INFO:teuthology.orchestra.run.smithi002.stderr:/usr/bin/ceph:
2023-08-31T04:49:09.015+0000 7fb0bbe5b700 1 -- 172.21.15.2:0/1376192525 wait complete.
2023-08-31T04:49:09.024 INFO:teuthology.orchestra.run.smithi002.stderr:/usr/bin/ceph:
2023-08-31T04:49:09.016+0000 7fb0bbe5b700 1 Processor -- start
2023-08-31T04:49:09.024 INFO:teuthology.orchestra.run.smithi002.stderr:/usr/bin/ceph:
2023-08-31T04:49:09.017+0000 7fb0bbe5b700 1 -- start start
2023-08-31T04:49:09.024 INFO:teuthology.orchestra.run.smithi002.stderr:/usr/bin/ceph:
2023-08-31T04:49:09.017+0000 7fb0bbe5b700 1 --2- >> [v2:172.21.15.2:3300/0,v1:172.21.15.2:6789/0] conn(0x7fb0b4071c60 0x7fb0b410dfd0 unknown :-1 s=NONE pgs=0 cs=0 l=1 rev1=0 rx=0 tx=0).connect
2023-08-31T04:49:09.024 INFO:teuthology.orchestra.run.smithi002.stderr:/usr/bin/ceph:
2023-08-31T04:49:09.017+0000 7fb0bbe5b700 1 -- --> [v2:172.21.15.2:3300/0,v1:172.21.15.2:6789/0] -- mon_getmap magic: 0 v1 -- 0x7fb0b410e4c0 con 0x7fb0b4071c60
2023-08-31T04:49:09.025 INFO:teuthology.orchestra.run.smithi002.stderr:/usr/bin/ceph:
2023-08-31T04:49:09.017+0000 7fb0b9bf7700 1 --2- >> [v2:172.21.15.2:3300/0,v1:172.21.15.2:6789/0] conn(0x7fb0b4071c60 0x7fb0b410dfd0 unknown :-1 s=BANNER_CONNECTING pgs=0 cs=0 l=1 rev1=0 rx=0 tx=0)._handle_peer_banner_payload supported=1 required=0
2023-08-31T04:49:09.025 INFO:teuthology.orchestra.run.smithi002.stderr:/usr/bin/ceph:
2023-08-31T04:49:09.017+0000 7fb0b9bf7700 1 --2- >> [v2:172.21.15.2:3300/0,v1:172.21.15.2:6789/0] conn(0x7fb0b4071c60 0x7fb0b410dfd0 unknown :-1 s=HELLO_CONNECTING pgs=0 cs=0 l=1 rev1=1 rx=0 tx=0).handle_hello peer v2:172.21.15.2:3300/0 says I am v2:172.21.15.2:35986/0 (socket says 172.21.15.2:35986)
2023-08-31T04:49:09.025 INFO:teuthology.orchestra.run.smithi002.stderr:/usr/bin/ceph:
2023-08-31T04:49:09.017+0000 7fb0b9bf7700 1 -- 172.21.15.2:0/1024338345 learned_addr learned my addr 172.21.15.2:0/1024338345 (peer_addr_for_me v2:172.21.15.2:0/0)
2023-08-31T04:49:09.025 INFO:teuthology.orchestra.run.smithi002.stderr:/usr/bin/ceph:
