2023-09-20T21:39:27.634+0000 7fa4a22a7700 1 --2- 172.21.15.22:0/3660090095 >> [v2:172.21.15.22:3300/0,v1:172.21.15.22:6789/0] conn(0x7fa49c07be60 0x7fa49c07a2c0 secure :-1 s=READY pgs=20 cs=0 l=1 rev1=1 crypto rx=0x7fa4980098a0 tx=0x7fa498009bb0 comp rx=0 tx=0).ready entity=mon.0 client_cookie=a337b435af542c93 server_cookie=0 in_seq=0 out_seq=0
2023-09-20T21:39:28.322 INFO:teuthology.orchestra.run.smithi022.stdout:/usr/bin/ceph: stderr
2023-09-20T21:39:27.634+0000 7fa4a12a5700 1 -- 172.21.15.22:0/3660090095 <== mon.0 v2:172.21.15.22:3300/0 1 ==== mon_map magic: 0 v1 ==== 205+0+0 (secure 0 0 0) 0x7fa498004160 con 0x7fa49c07be60
2023-09-20T21:39:28.322 INFO:teuthology.orchestra.run.smithi022.stdout:/usr/bin/ceph: stderr
2023-09-20T21:39:27.634+0000 7fa4a12a5700 1 -- 172.21.15.22:0/3660090095 <== mon.0 v2:172.21.15.22:3300/0 2 ==== config(26 keys) v1 ==== 1074+0+0 (secure 0 0 0) 0x7fa4980042c0 con 0x7fa49c07be60
2023-09-20T21:39:28.322 INFO:teuthology.orchestra.run.smithi022.stdout:/usr/bin/ceph: stderr
2023-09-20T21:39:27.634+0000 7fa4a12a5700 1 -- 172.21.15.22:0/3660090095 <== mon.0 v2:172.21.15.22:3300/0 3 ==== mon_map magic: 0 v1 ==== 205+0+0 (secure 0 0 0) 0x7fa498011a00 con 0x7fa49c07be60
2023-09-20T21:39:28.322 INFO:teuthology.orchestra.run.smithi022.stdout:/usr/bin/ceph: stderr
2023-09-20T21:39:27.635+0000 7fa4a450b700 1 -- 172.21.15.22:0/3660090095 >> [v2:172.21.15.22:3300/0,v1:172.21.15.22:6789/0] conn(0x7fa49c07be60 msgr2=0x7fa49c07a2c0 secure :-1 s=STATE_CONNECTION_ESTABLISHED l=1).mark_down
2023-09-20T21:39:28.323 INFO:teuthology.orchestra.run.smithi022.stdout:/usr/bin/ceph: stderr
2023-09-20T21:39:27.635+0000 7fa4a450b700 1 --2- 172.21.15.22:0/3660090095 >> [v2:172.21.15.22:3300/0,v1:172.21.15.22:6789/0] conn(0x7fa49c07be60 0x7fa49c07a2c0 secure :-1 s=READY pgs=20 cs=0 l=1 rev1=1 crypto rx=0x7fa4980098a0 tx=0x7fa498009bb0 comp rx=0 tx=0).stop
2023-09-20T21:39:28.323 INFO:teuthology.orchestra.run.smithi022.stdout:/usr/bin/ceph: stderr
2023-09-20T21:39:27.635+0000 7fa4a450b700 1 -- 172.21.15.22:0/3660090095 shutdown_connections
2023-09-20T21:39:28.323 INFO:teuthology.orchestra.run.smithi022.stdout:/usr/bin/ceph: stderr
2023-09-20T21:39:27.635+0000 7fa4a450b700 1 --2- 172.21.15.22:0/3660090095 >> [v2:172.21.15.22:3300/0,v1:172.21.15.22:6789/0] conn(0x7fa49c07be60 0x7fa49c07a2c0 unknown :-1 s=CLOSED pgs=20 cs=0 l=1 rev1=1 crypto rx=0 tx=0 comp rx=0 tx=0).stop
2023-09-20T21:39:28.323 INFO:teuthology.orchestra.run.smithi022.stdout:/usr/bin/ceph: stderr
2023-09-20T21:39:27.635+0000 7fa4a450b700 1 -- 172.21.15.22:0/3660090095 >> 172.21.15.22:0/3660090095 conn(0x7fa49c101b30 msgr2=0x7fa49c103f90 unknown :-1 s=STATE_NONE l=0).mark_down
2023-09-20T21:39:28.324 INFO:teuthology.orchestra.run.smithi022.stdout:/usr/bin/ceph: stderr
2023-09-20T21:39:27.635+0000 7fa4a450b700 1 -- 172.21.15.22:0/3660090095 shutdown_connections
2023-09-20T21:39:28.324 INFO:teuthology.orchestra.run.smithi022.stdout:/usr/bin/ceph: stderr
2023-09-20T21:39:27.635+0000 7fa4a450b700 1 -- 172.21.15.22:0/3660090095 wait complete.
2023-09-20T21:39:28.324 INFO:teuthology.orchestra.run.smithi022.stdout:/usr/bin/ceph: stderr
2023-09-20T21:39:27.636+0000 7fa4a450b700 1 Processor -- start
2023-09-20T21:39:28.324 INFO:teuthology.orchestra.run.smithi022.stdout:/usr/bin/ceph: stderr
2023-09-20T21:39:27.636+0000 7fa4a450b700 1 -- start start
2023-09-20T21:39:28.324 INFO:teuthology.orchestra.run.smithi022.stdout:/usr/bin/ceph: stderr
2023-09-20T21:39:27.636+0000 7fa4a450b700 1 --2- >> [v2:172.21.15.22:3300/0,v1:172.21.15.22:6789/0] conn(0x7fa49c07be60 0x7fa49c19c4f0 unknown :-1 s=NONE pgs=0 cs=0 l=1 rev1=0 crypto rx=0 tx=0 comp rx=0 tx=0).connect
2023-09-20T21:39:28.325 INFO:teuthology.orchestra.run.smithi022.stdout:/usr/bin/ceph: stderr
2023-09-20T21:39:27.636+0000 7fa4a450b700 1 -- --> [v2:172.21.15.22:3300/0,v1:172.21.15.22:6789/0] -- mon_getmap magic: 0 v1 -- 0x7fa49c19ca30 con 0x7fa49c07be60
2023-09-20T21:39:28.325 INFO:teuthology.orchestra.run.smithi022.stdout:/usr/bin/ceph: stderr
2023-09-20T21:39:27.637+0000 7fa4a22a7700 1 --2- >> [v2:172.21.15.22:3300/0,v1:172.21.15.22:6789/0] conn(0x7fa49c07be60 0x7fa49c19c4f0 unknown :-1 s=BANNER_CONNECTING pgs=0 cs=0 l=1 rev1=0 crypto rx=0 tx=0 comp rx=0 tx=0)._handle_peer_banner_payload supported=3 required=0
2023-09-20T21:39:28.325 INFO:teuthology.orchestra.run.smithi022.stdout:/usr/bin/ceph: stderr
2023-09-20T21:39:27.637+0000 7fa4a22a7700 1 --2- >> [v2:172.21.15.22:3300/0,v1:172.21.15.22:6789/0] conn(0x7fa49c07be60 0x7fa49c19c4f0 unknown :-1 s=HELLO_CONNECTING pgs=0 cs=0 l=1 rev1=1 crypto rx=0 tx=0 comp rx=0 tx=0).handle_hello peer v2:172.21.15.22:3300/0 says I am v2:172.21.15.22:60638/0 (socket says 172.21.15.22:60638)
2023-09-20T21:39:28.325 INFO:teuthology.orchestra.run.smithi022.stdout:/usr/bin/ceph: stderr
2023-09-20T21:39:27.637+0000 7fa4a22a7700 1 -- 172.21.15.22:0/2541903885 learned_addr learned my addr 172.21.15.22:0/2541903885 (peer_addr_for_me v2:172.21.15.22:0/0)
2023-09-20T21:39:28.325 INFO:teuthology.orchestra.run.smithi022.stdout:/usr/bin/ceph: stderr
2023-09-20T21:39:27.637+0000 7fa4a22a7700 1 -- 172.21.15.22:0/2541903885 --> [v2:172.21.15.22:3300/0,v1:172.21.15.22:6789/0] -- mon_subscribe({config=0+,monmap=0+}) v3 -- 0x7fa498009550 con 0x7fa49c07be60
2023-09-20T21:39:28.326 INFO:teuthology.orchestra.run.smithi022.stdout:/usr/bin/ceph: stderr
2023-09-20T21:39:27.637+0000 7fa4a22a7700 1 --2- 172.21.15.22:0/2541903885 >> [v2:172.21.15.22:3300/0,v1:172.21.15.22:6789/0] conn(0x7fa49c07be60 0x7fa49c19c4f0 secure :-1 s=READY pgs=21 cs=0 l=1 rev1=1 crypto rx=0x7fa498009130 tx=0x7fa498011ad0 comp rx=0 tx=0).ready entity=mon.0 client_cookie=0 server_cookie=0 in_seq=0 out_seq=0
2023-09-20T21:39:28.326 INFO:teuthology.orchestra.run.smithi022.stdout:/usr/bin/ceph: stderr
2023-09-20T21:39:27.637+0000 7fa4937fe700 1 -- 172.21.15.22:0/2541903885 <== mon.0 v2:172.21.15.22:3300/0 1 ==== mon_map magic: 0 v1 ==== 205+0+0 (secure 0 0 0) 0x7fa498003b70 con 0x7fa49c07be60
2023-09-20T21:39:28.326 INFO:teuthology.orchestra.run.smithi022.stdout:/usr/bin/ceph: stderr
2023-09-20T21:39:27.637+0000 7fa4937fe700 1 -- 172.21.15.22:0/2541903885 <== mon.0 v2:172.21.15.22:3300/0 2 ==== config(26 keys) v1 ==== 1074+0+0 (secure 0 0 0) 0x7fa498003cd0 con 0x7fa49c07be60
2023-09-20T21:39:28.326 INFO:teuthology.orchestra.run.smithi022.stdout:/usr/bin/ceph: stderr
2023-09-20T21:39:27.637+0000 7fa4937fe700 1 -- 172.21.15.22:0/2541903885 <== mon.0 v2:172.21.15.22:3300/0 3 ==== mon_map magic: 0 v1 ==== 205+0+0 (secure 0 0 0) 0x7fa4980197d0 con 0x7fa49c07be60
2023-09-20T21:39:28.326 INFO:teuthology.orchestra.run.smithi022.stdout:/usr/bin/ceph: stderr
2023-09-20T21:39:27.637+0000 7fa4a450b700 1 -- 172.21.15.22:0/2541903885 --> [v2:172.21.15.22:3300/0,v1:172.21.15.22:6789/0] -- mon_subscribe({mgrmap=0+}) v3 -- 0x7fa49c19cc30 con 0x7fa49c07be60
2023-09-20T21:39:28.327 INFO:teuthology.orchestra.run.smithi022.stdout:/usr/bin/ceph: stderr
2023-09-20T21:39:27.638+0000 7fa4a450b700 1 -- 172.21.15.22:0/2541903885 --> [v2:172.21.15.22:3300/0,v1:172.21.15.22:6789/0] -- mon_subscribe({osdmap=0}) v3 -- 0x7fa49c19d050 con 0x7fa49c07be60
2023-09-20T21:39:28.327 INFO:teuthology.orchestra.run.smithi022.stdout:/usr/bin/ceph: stderr
2023-09-20T21:39:27.639+0000 7fa4a450b700 1 -- 172.21.15.22:0/2541903885 --> [v2:172.21.15.22:3300/0,v1:172.21.15.22:6789/0] -- mon_command({"prefix": "get_command_descriptions"} v 0) v1 -- 0x7fa49c196580 con 0x7fa49c07be60
2023-09-20T21:39:28.327 INFO:teuthology.orchestra.run.smithi022.stdout:/usr/bin/ceph: stderr
2023-09-20T21:39:27.639+0000 7fa4937fe700 1 -- 172.21.15.22:0/2541903885 <== mon.0 v2:172.21.15.22:3300/0 4 ==== mgrmap(e 4) v1 ==== 45607+0+0 (secure 0 0 0) 0x7fa49801abb0 con 0x7fa49c07be60
2023-09-20T21:39:28.327 INFO:teuthology.orchestra.run.smithi022.stdout:/usr/bin/ceph: stderr
2023-09-20T21:39:27.640+0000 7fa4937fe700 1 --2- 172.21.15.22:0/2541903885 >> [v2:172.21.15.22:6800/1128310681,v1:172.21.15.22:6801/1128310681] conn(0x7fa4880387a0 0x7fa48803ac60 unknown :-1 s=NONE pgs=0 cs=0 l=1 rev1=0 crypto rx=0 tx=0 comp rx=0 tx=0).connect
2023-09-20T21:39:28.327 INFO:teuthology.orchestra.run.smithi022.stdout:/usr/bin/ceph: stderr
2023-09-20T21:39:27.640+0000 7fa4937fe700 1 -- 172.21.15.22:0/2541903885 <== mon.0 v2:172.21.15.22:3300/0 5 ==== osd_map(1..1 src has 1..1) v4 ==== 725+0+0 (secure 0 0 0) 0x7fa49804cf20 con 0x7fa49c07be60
2023-09-20T21:39:28.328 INFO:teuthology.orchestra.run.smithi022.stdout:/usr/bin/ceph: stderr
2023-09-20T21:39:27.640+0000 7fa4a1aa6700 1 --2- 172.21.15.22:0/2541903885 >> [v2:172.21.15.22:6800/1128310681,v1:172.21.15.22:6801/1128310681] conn(0x7fa4880387a0 0x7fa48803ac60 unknown :-1 s=BANNER_CONNECTING pgs=0 cs=0 l=1 rev1=0 crypto rx=0 tx=0 comp rx=0 tx=0)._handle_peer_banner_payload supported=3 required=0
2023-09-20T21:39:28.328 INFO:teuthology.orchestra.run.smithi022.stdout:/usr/bin/ceph: stderr
2023-09-20T21:39:27.640+0000 7fa4a1aa6700 1 --2- 172.21.15.22:0/2541903885 >> [v2:172.21.15.22:6800/1128310681,v1:172.21.15.22:6801/1128310681] conn(0x7fa4880387a0 0x7fa48803ac60 secure :-1 s=READY pgs=6 cs=0 l=1 rev1=1 crypto rx=0x7fa48c006fd0 tx=0x7fa48c006e40 comp rx=0 tx=0).ready entity=mgr.14100 client_cookie=0 server_cookie=0 in_seq=0 out_seq=0
2023-09-20T21:39:28.328 INFO:teuthology.orchestra.run.smithi022.stdout:/usr/bin/ceph: stderr
2023-09-20T21:39:27.645+0000 7fa4937fe700 1 -- 172.21.15.22:0/2541903885 <== mon.0 v2:172.21.15.22:3300/0 6 ==== mon_command_ack([{"prefix": "get_command_descriptions"}]=0 v0) v1 ==== 72+0+179712 (secure 0 0 0) 0x7fa498023370 con 0x7fa49c07be60
2023-09-20T21:39:28.328 INFO:teuthology.orchestra.run.smithi022.stdout:/usr/bin/ceph: stderr
2023-09-20T21:39:27.940+0000 7fa4a450b700 1 -- 172.21.15.22:0/2541903885 --> [v2:172.21.15.22:3300/0,v1:172.21.15.22:6789/0] -- mon_command({"prefix": "status", "format": "json-pretty"} v 0) v1 -- 0x7fa49c10ca20 con 0x7fa49c07be60
2023-09-20T21:39:28.328 INFO:teuthology.orchestra.run.smithi022.stdout:/usr/bin/ceph: stderr
2023-09-20T21:39:27.941+0000 7fa4937fe700 1 -- 172.21.15.22:0/2541903885 <== mon.0 v2:172.21.15.22:3300/0 7 ==== mon_command_ack([{"prefix": "status", "format": "json-pretty"}]=0 v0) v1 ==== 79+0+1238 (secure 0 0 0) 0x7fa49802a030 con 0x7fa49c07be60
2023-09-20T21:39:28.328 INFO:teuthology.orchestra.run.smithi022.stdout:/usr/bin/ceph: stderr
2023-09-20T21:39:27.943+0000 7fa4a450b700 1 -- 172.21.15.22:0/2541903885 >> [v2:172.21.15.22:6800/1128310681,v1:172.21.15.22:6801/1128310681] conn(0x7fa4880387a0 msgr2=0x7fa48803ac60 secure :-1 s=STATE_CONNECTION_ESTABLISHED l=1).mark_down
2023-09-20T21:39:28.329 INFO:teuthology.orchestra.run.smithi022.stdout:/usr/bin/ceph: stderr
2023-09-20T21:39:27.943+0000 7fa4a450b700 1 --2- 172.21.15.22:0/2541903885 >> [v2:172.21.15.22:6800/1128310681,v1:172.21.15.22:6801/1128310681] conn(0x7fa4880387a0 0x7fa48803ac60 secure :-1 s=READY pgs=6 cs=0 l=1 rev1=1 crypto rx=0x7fa48c006fd0 tx=0x7fa48c006e40 comp rx=0 tx=0).stop
2023-09-20T21:39:28.329 INFO:teuthology.orchestra.run.smithi022.stdout:/usr/bin/ceph: stderr
2023-09-20T21:39:27.943+0000 7fa4a450b700 1 -- 172.21.15.22:0/2541903885 >> [v2:172.21.15.22:3300/0,v1:172.21.15.22:6789/0] conn(0x7fa49c07be60 msgr2=0x7fa49c19c4f0 secure :-1 s=STATE_CONNECTION_ESTABLISHED l=1).mark_down
2023-09-20T21:39:28.329 INFO:teuthology.orchestra.run.smithi022.stdout:/usr/bin/ceph: stderr
2023-09-20T21:39:27.943+0000 7fa4a450b700 1 --2- 172.21.15.22:0/2541903885 >> [v2:172.21.15.22:3300/0,v1:172.21.15.22:6789/0] conn(0x7fa49c07be60 0x7fa49c19c4f0 secure :-1 s=READY pgs=21 cs=0 l=1 rev1=1 crypto rx=0x7fa498009130 tx=0x7fa498011ad0 comp rx=0 tx=0).stop
2023-09-20T21:39:28.329 INFO:teuthology.orchestra.run.smithi022.stdout:/usr/bin/ceph: stderr
2023-09-20T21:39:27.943+0000 7fa4a450b700 1 -- 172.21.15.22:0/2541903885 shutdown_connections
2023-09-20T21:39:28.329 INFO:teuthology.orchestra.run.smithi022.stdout:/usr/bin/ceph: stderr
2023-09-20T21:39:27.943+0000 7fa4a450b700 1 --2- 172.21.15.22:0/2541903885 >> [v2:172.21.15.22:6800/1128310681,v1:172.21.15.22:6801/1128310681] conn(0x7fa4880387a0 0x7fa48803ac60 unknown :-1 s=CLOSED pgs=6 cs=0 l=1 rev1=1 crypto rx=0 tx=0 comp rx=0 tx=0).stop
2023-09-20T21:39:28.330 INFO:teuthology.orchestra.run.smithi022.stdout:/usr/bin/ceph: stderr
2023-09-20T21:39:27.943+0000 7fa4a450b700 1 --2- 172.21.15.22:0/2541903885 >> [v2:172.21.15.22:3300/0,v1:172.21.15.22:6789/0] conn(0x7fa49c07be60 0x7fa49c19c4f0 unknown :-1 s=CLOSED pgs=21 cs=0 l=1 rev1=1 crypto rx=0 tx=0 comp rx=0 tx=0).stop
2023-09-20T21:39:28.330 INFO:teuthology.orchestra.run.smithi022.stdout:/usr/bin/ceph: stderr
2023-09-20T21:39:27.943+0000 7fa4a450b700 1 -- 172.21.15.22:0/2541903885 >> 172.21.15.22:0/2541903885 conn(0x7fa49c101b30 msgr2=0x7fa49c103f50 unknown :-1 s=STATE_NONE l=0).mark_down
2023-09-20T21:39:28.330 INFO:teuthology.orchestra.run.smithi022.stdout:/usr/bin/ceph: stderr
2023-09-20T21:39:27.943+0000 7fa4a450b700 1 -- 172.21.15.22:0/2541903885 shutdown_connections
2023-09-20T21:39:28.330 INFO:teuthology.orchestra.run.smithi022.stdout:/usr/bin/ceph: stderr
2023-09-20T21:39:27.943+0000 7fa4a450b700 1 -- 172.21.15.22:0/2541903885 wait complete.
2023-09-20T21:39:28.330 INFO:teuthology.orchestra.run.smithi022.stdout:mgr is available
2023-09-20T21:39:28.635 INFO:journalctl@ceph.mon.a.smithi022.stdout:Sep 20 21:39:28 smithi022 ceph-mon[97651]: from='client.? 172.21.15.22:0/2541903885' entity='client.admin' cmd=[{"prefix": "status", "format": "json-pretty"}]: dispatch
2023-09-20T21:39:29.490 INFO:teuthology.orchestra.run.smithi022.stdout:/usr/bin/ceph: stdout
2023-09-20T21:39:29.490 INFO:teuthology.orchestra.run.smithi022.stdout:/usr/bin/ceph: stdout [global]
2023-09-20T21:39:29.491 INFO:teuthology.orchestra.run.smithi022.stdout:/usr/bin/ceph: stdout fsid = f59fb6f0-57fd-11ee-9ab8-7b867c8bd7da
2023-09-20T21:39:29.491 INFO:teuthology.orchestra.run.smithi022.stdout:/usr/bin/ceph: stdout mon_osd_allow_pg_remap = true
2023-09-20T21:39:29.491 INFO:teuthology.orchestra.run.smithi022.stdout:/usr/bin/ceph: stdout mon_osd_allow_primary_affinity = true
2023-09-20T21:39:29.491 INFO:teuthology.orchestra.run.smithi022.stdout:/usr/bin/ceph: stdout mon_warn_on_no_sortbitwise = false
2023-09-20T21:39:29.492 INFO:teuthology.orchestra.run.smithi022.stdout:/usr/bin/ceph: stdout osd_crush_chooseleaf_type = 0
2023-09-20T21:39:29.492 INFO:teuthology.orchestra.run.smithi022.stdout:/usr/bin/ceph: stdout
2023-09-20T21:39:29.492 INFO:teuthology.orchestra.run.smithi022.stdout:/usr/bin/ceph: stdout [mgr]
2023-09-20T21:39:29.492 INFO:teuthology.orchestra.run.smithi022.stdout:/usr/bin/ceph: stdout mgr/telemetry/nag = false
2023-09-20T21:39:29.492 INFO:teuthology.orchestra.run.smithi022.stdout:/usr/bin/ceph: stdout
2023-09-20T21:39:29.493 INFO:teuthology.orchestra.run.smithi022.stdout:/usr/bin/ceph: stdout [osd]
2023-09-20T21:39:29.493 INFO:teuthology.orchestra.run.smithi022.stdout:/usr/bin/ceph: stdout mon_osd_backfillfull_ratio = 0.85
2023-09-20T21:39:29.493 INFO:teuthology.orchestra.run.smithi022.stdout:/usr/bin/ceph: stdout mon_osd_full_ratio = 0.9
2023-09-20T21:39:29.493 INFO:teuthology.orchestra.run.smithi022.stdout:/usr/bin/ceph: stdout mon_osd_nearfull_ratio = 0.8
2023-09-20T21:39:29.493 INFO:teuthology.orchestra.run.smithi022.stdout:/usr/bin/ceph: stdout osd_map_max_advance = 10
2023-09-20T21:39:29.494 INFO:teuthology.orchestra.run.smithi022.stdout:/usr/bin/ceph: stdout osd_sloppy_crc = true
2023-09-20T21:39:29.494 INFO:teuthology.orchestra.run.smithi022.stdout:/usr/bin/ceph: stderr
2023-09-20T21:39:28.833+0000 7f2a45577700 1 Processor -- start
2023-09-20T21:39:29.494 INFO:teuthology.orchestra.run.smithi022.stdout:/usr/bin/ceph: stderr
2023-09-20T21:39:28.833+0000 7f2a45577700 1 -- start start
2023-09-20T21:39:29.494 INFO:teuthology.orchestra.run.smithi022.stdout:/usr/bin/ceph: stderr
2023-09-20T21:39:28.834+0000 7f2a45577700 1 --2- >> [v2:172.21.15.22:3300/0,v1:172.21.15.22:6789/0] conn(0x7f2a4007be60 0x7f2a4007a2c0 unknown :-1 s=NONE pgs=0 cs=0 l=0 rev1=0 crypto rx=0 tx=0 comp rx=0 tx=0).connect
2023-09-20T21:39:29.494 INFO:teuthology.orchestra.run.smithi022.stdout:/usr/bin/ceph: stderr
2023-09-20T21:39:28.834+0000 7f2a45577700 1 -- --> [v2:172.21.15.22:3300/0,v1:172.21.15.22:6789/0] -- mon_getmap magic: 0 v1 -- 0x7f2a4007a890 con 0x7f2a4007be60
2023-09-20T21:39:29.495 INFO:teuthology.orchestra.run.smithi022.stdout:/usr/bin/ceph: stderr
2023-09-20T21:39:28.834+0000 7f2a3effd700 1 --2- >> [v2:172.21.15.22:3300/0,v1:172.21.15.22:6789/0] conn(0x7f2a4007be60 0x7f2a4007a2c0 unknown :-1 s=BANNER_CONNECTING pgs=0 cs=0 l=0 rev1=0 crypto rx=0 tx=0 comp rx=0 tx=0)._handle_peer_banner_payload supported=3 required=0
2023-09-20T21:39:29.495 INFO:teuthology.orchestra.run.smithi022.stdout:/usr/bin/ceph: stderr
2023-09-20T21:39:28.834+0000 7f2a3effd700 1 --2- >> [v2:172.21.15.22:3300/0,v1:172.21.15.22:6789/0] conn(0x7f2a4007be60 0x7f2a4007a2c0 unknown :-1 s=HELLO_CONNECTING pgs=0 cs=0 l=0 rev1=1 crypto rx=0 tx=0 comp rx=0 tx=0).handle_hello peer v2:172.21.15.22:3300/0 says I am v2:172.21.15.22:60640/0 (socket says 172.21.15.22:60640)
2023-09-20T21:39:29.495 INFO:teuthology.orchestra.run.smithi022.stdout:/usr/bin/ceph: stderr
2023-09-20T21:39:28.834+0000 7f2a3effd700 1 -- 172.21.15.22:0/4043604495 learned_addr learned my addr 172.21.15.22:0/4043604495 (peer_addr_for_me v2:172.21.15.22:0/0)
2023-09-20T21:39:29.495 INFO:teuthology.orchestra.run.smithi022.stdout:/usr/bin/ceph: stderr
2023-09-20T21:39:28.835+0000 7f2a3effd700 1 -- 172.21.15.22:0/4043604495 --> [v2:172.21.15.22:3300/0,v1:172.21.15.22:6789/0] -- mon_subscribe({config=0+,monmap=0+}) v3 -- 0x7f2a4007a9d0 con 0x7f2a4007be60
2023-09-20T21:39:29.495 INFO:teuthology.orchestra.run.smithi022.stdout:/usr/bin/ceph: stderr
2023-09-20T21:39:28.835+0000 7f2a3effd700 1 --2- 172.21.15.22:0/4043604495 >> [v2:172.21.15.22:3300/0,v1:172.21.15.22:6789/0] conn(0x7f2a4007be60 0x7f2a4007a2c0 secure :-1 s=READY pgs=22 cs=0 l=1 rev1=1 crypto rx=0x7f2a300098a0 tx=0x7f2a30009bb0 comp rx=0 tx=0).ready entity=mon.0 client_cookie=53cf2c2a3d7de05a server_cookie=0 in_seq=0 out_seq=0
2023-09-20T21:39:29.495 INFO:teuthology.orchestra.run.smithi022.stdout:/usr/bin/ceph: stderr
2023-09-20T21:39:28.835+0000 7f2a3dffb700 1 -- 172.21.15.22:0/4043604495 <== mon.0 v2:172.21.15.22:3300/0 1 ==== mon_map magic: 0 v1 ==== 205+0+0 (secure 0 0 0) 0x7f2a30004160 con 0x7f2a4007be60
2023-09-20T21:39:29.496 INFO:teuthology.orchestra.run.smithi022.stdout:/usr/bin/ceph: stderr
2023-09-20T21:39:28.835+0000 7f2a3dffb700 1 -- 172.21.15.22:0/4043604495 <== mon.0 v2:172.21.15.22:3300/0 2 ==== config(26 keys) v1 ==== 1074+0+0 (secure 0 0 0) 0x7f2a300042c0 con 0x7f2a4007be60
2023-09-20T21:39:29.496 INFO:teuthology.orchestra.run.smithi022.stdout:/usr/bin/ceph: stderr
2023-09-20T21:39:28.835+0000 7f2a3dffb700 1 -- 172.21.15.22:0/4043604495 <== mon.0 v2:172.21.15.22:3300/0 3 ==== mon_map magic: 0 v1 ==== 205+0+0 (secure 0 0 0) 0x7f2a30011a00 con 0x7f2a4007be60
2023-09-20T21:39:29.496 INFO:teuthology.orchestra.run.smithi022.stdout:/usr/bin/ceph: stderr
2023-09-20T21:39:28.835+0000 7f2a45577700 1 -- 172.21.15.22:0/4043604495 >> [v2:172.21.15.22:3300/0,v1:172.21.15.22:6789/0] conn(0x7f2a4007be60 msgr2=0x7f2a4007a2c0 secure :-1 s=STATE_CONNECTION_ESTABLISHED l=1).mark_down
2023-09-20T21:39:29.496 INFO:teuthology.orchestra.run.smithi022.stdout:/usr/bin/ceph: stderr
2023-09-20T21:39:28.835+0000 7f2a45577700 1 --2- 172.21.15.22:0/4043604495 >> [v2:172.21.15.22:3300/0,v1:172.21.15.22:6789/0] conn(0x7f2a4007be60 0x7f2a4007a2c0 secure :-1 s=READY pgs=22 cs=0 l=1 rev1=1 crypto rx=0x7f2a300098a0 tx=0x7f2a30009bb0 comp rx=0 tx=0).stop
2023-09-20T21:39:29.496 INFO:teuthology.orchestra.run.smithi022.stdout:/usr/bin/ceph: stderr
2023-09-20T21:39:28.836+0000 7f2a45577700 1 -- 172.21.15.22:0/4043604495 shutdown_connections
2023-09-20T21:39:29.497 INFO:teuthology.orchestra.run.smithi022.stdout:/usr/bin/ceph: stderr
2023-09-20T21:39:28.836+0000 7f2a45577700 1 --2- 172.21.15.22:0/4043604495 >> [v2:172.21.15.22:3300/0,v1:172.21.15.22:6789/0] conn(0x7f2a4007be60 0x7f2a4007a2c0 unknown :-1 s=CLOSED pgs=22 cs=0 l=1 rev1=1 crypto rx=0 tx=0 comp rx=0 tx=0).stop
2023-09-20T21:39:29.497 INFO:teuthology.orchestra.run.smithi022.stdout:/usr/bin/ceph: stderr
2023-09-20T21:39:28.836+0000 7f2a45577700 1 -- 172.21.15.22:0/4043604495 >> 172.21.15.22:0/4043604495 conn(0x7f2a40101b30 msgr2=0x7f2a40103f90 unknown :-1 s=STATE_NONE l=0).mark_down
2023-09-20T21:39:29.497 INFO:teuthology.orchestra.run.smithi022.stdout:/usr/bin/ceph: stderr
2023-09-20T21:39:28.836+0000 7f2a45577700 1 -- 172.21.15.22:0/4043604495 shutdown_connections
2023-09-20T21:39:29.497 INFO:teuthology.orchestra.run.smithi022.stdout:/usr/bin/ceph: stderr
2023-09-20T21:39:28.836+0000 7f2a45577700 1 -- 172.21.15.22:0/4043604495 wait complete.
2023-09-20T21:39:29.497 INFO:teuthology.orchestra.run.smithi022.stdout:/usr/bin/ceph: stderr
2023-09-20T21:39:28.837+0000 7f2a45577700 1 Processor -- start
2023-09-20T21:39:29.498 INFO:teuthology.orchestra.run.smithi022.stdout:/usr/bin/ceph: stderr
2023-09-20T21:39:28.837+0000 7f2a45577700 1 -- start start
2023-09-20T21:39:29.498 INFO:teuthology.orchestra.run.smithi022.stdout:/usr/bin/ceph: stderr
2023-09-20T21:39:28.837+0000 7f2a45577700 1 --2- >> [v2:172.21.15.22:3300/0,v1:172.21.15.22:6789/0] conn(0x7f2a4007be60 0x7f2a4019c4f0 unknown :-1 s=NONE pgs=0 cs=0 l=1 rev1=0 crypto rx=0 tx=0 comp rx=0 tx=0).connect
2023-09-20T21:39:29.498 INFO:teuthology.orchestra.run.smithi022.stdout:/usr/bin/ceph: stderr
2023-09-20T21:39:28.837+0000 7f2a45577700 1 -- --> [v2:172.21.15.22:3300/0,v1:172.21.15.22:6789/0] -- mon_getmap magic: 0 v1 -- 0x7f2a4019ca30 con 0x7f2a4007be60
2023-09-20T21:39:29.498 INFO:teuthology.orchestra.run.smithi022.stdout:/usr/bin/ceph: stderr
2023-09-20T21:39:28.837+0000 7f2a3effd700 1 --2- >> [v2:172.21.15.22:3300/0,v1:172.21.15.22:6789/0] conn(0x7f2a4007be60 0x7f2a4019c4f0 unknown :-1 s=BANNER_CONNECTING pgs=0 cs=0 l=1 rev1=0 crypto rx=0 tx=0 comp rx=0 tx=0)._handle_peer_banner_payload supported=3 required=0
2023-09-20T21:39:29.498 INFO:teuthology.orchestra.run.smithi022.stdout:/usr/bin/ceph: stderr
2023-09-20T21:39:28.838+0000 7f2a3effd700 1 --2- >> [v2:172.21.15.22:3300/0,v1:172.21.15.22:6789/0] conn(0x7f2a4007be60 0x7f2a4019c4f0 unknown :-1 s=HELLO_CONNECTING pgs=0 cs=0 l=1 rev1=1 crypto rx=0 tx=0 comp rx=0 tx=0).handle_hello peer v2:172.21.15.22:3300/0 says I am v2:172.21.15.22:60652/0 (socket says 172.21.15.22:60652)
2023-09-20T21:39:29.499 INFO:teuthology.orchestra.run.smithi022.stdout:/usr/bin/ceph: stderr
2023-09-20T21:39:28.838+0000 7f2a3effd700 1 -- 172.21.15.22:0/539744968 learned_addr learned my addr 172.21.15.22:0/539744968 (peer_addr_for_me v2:172.21.15.22:0/0)
2023-09-20T21:39:29.499 INFO:teuthology.orchestra.run.smithi022.stdout:/usr/bin/ceph: stderr
2023-09-20T21:39:28.838+0000 7f2a3effd700 1 -- 172.21.15.22:0/539744968 --> [v2:172.21.15.22:3300/0,v1:172.21.15.22:6789/0] -- mon_subscribe({config=0+,monmap=0+}) v3 -- 0x7f2a30009550 con 0x7f2a4007be60
2023-09-20T21:39:29.499 INFO:teuthology.orchestra.run.smithi022.stdout:/usr/bin/ceph: stderr
2023-09-20T21:39:28.838+0000 7f2a3effd700 1 --2- 172.21.15.22:0/539744968 >> [v2:172.21.15.22:3300/0,v1:172.21.15.22:6789/0] conn(0x7f2a4007be60 0x7f2a4019c4f0 secure :-1 s=READY pgs=23 cs=0 l=1 rev1=1 crypto rx=0x7f2a30009fb0 tx=0x7f2a30011ad0 comp rx=0 tx=0).ready entity=mon.0 client_cookie=0 server_cookie=0 in_seq=0 out_seq=0
2023-09-20T21:39:29.501 INFO:teuthology.orchestra.run.smithi022.stdout:/usr/bin/ceph: stderr
2023-09-20T21:39:28.838+0000 7f2a27fff700 1 -- 172.21.15.22:0/539744968 <== mon.0 v2:172.21.15.22:3300/0 1 ==== mon_map magic: 0 v1 ==== 205+0+0 (secure 0 0 0) 0x7f2a30003a40 con 0x7f2a4007be60
2023-09-20T21:39:29.501 INFO:teuthology.orchestra.run.smithi022.stdout:/usr/bin/ceph: stderr
2023-09-20T21:39:28.838+0000 7f2a27fff700 1 -- 172.21.15.22:0/539744968 <== mon.0 v2:172.21.15.22:3300/0 2 ==== config(26 keys) v1 ==== 1074+0+0 (secure 0 0 0) 0x7f2a30003ba0 con 0x7f2a4007be60
2023-09-20T21:39:29.501 INFO:teuthology.orchestra.run.smithi022.stdout:/usr/bin/ceph: stderr
2023-09-20T21:39:28.838+0000 7f2a45577700 1 -- 172.21.15.22:0/539744968 --> [v2:172.21.15.22:3300/0,v1:172.21.15.22:6789/0] -- mon_subscribe({mgrmap=0+}) v3 -- 0x7f2a4019cc30 con 0x7f2a4007be60
2023-09-20T21:39:29.501 INFO:teuthology.orchestra.run.smithi022.stdout:/usr/bin/ceph: stderr
2023-09-20T21:39:28.838+0000 7f2a27fff700 1 -- 172.21.15.22:0/539744968 <== mon.0 v2:172.21.15.22:3300/0 3 ==== mon_map magic: 0 v1 ==== 205+0+0 (secure 0 0 0) 0x7f2a3001a750 con 0x7f2a4007be60
2023-09-20T21:39:29.501 INFO:teuthology.orchestra.run.smithi022.stdout:/usr/bin/ceph: stderr
2023-09-20T21:39:28.839+0000 7f2a45577700 1 -- 172.21.15.22:0/539744968 --> [v2:172.21.15.22:3300/0,v1:172.21.15.22:6789/0] -- mon_subscribe({osdmap=0}) v3 -- 0x7f2a4019d050 con 0x7f2a4007be60
2023-09-20T21:39:29.502 INFO:teuthology.orchestra.run.smithi022.stdout:/usr/bin/ceph: stderr
2023-09-20T21:39:28.839+0000 7f2a45577700 1 -- 172.21.15.22:0/539744968 --> [v2:172.21.15.22:3300/0,v1:172.21.15.22:6789/0] -- mon_command({"prefix": "get_command_descriptions"} v 0) v1 -- 0x7f2a40196580 con 0x7f2a4007be60
2023-09-20T21:39:29.502 INFO:teuthology.orchestra.run.smithi022.stdout:/usr/bin/ceph: stderr
2023-09-20T21:39:28.840+0000 7f2a27fff700 1 -- 172.21.15.22:0/539744968 <== mon.0 v2:172.21.15.22:3300/0 4 ==== mgrmap(e 4) v1 ==== 45607+0+0 (secure 0 0 0) 0x7f2a30024b60 con 0x7f2a4007be60
2023-09-20T21:39:29.502 INFO:teuthology.orchestra.run.smithi022.stdout:/usr/bin/ceph: stderr
2023-09-20T21:39:28.841+0000 7f2a27fff700 1 --2- 172.21.15.22:0/539744968 >> [v2:172.21.15.22:6800/1128310681,v1:172.21.15.22:6801/1128310681] conn(0x7f2a280387a0 0x7f2a2803ac60 unknown :-1 s=NONE pgs=0 cs=0 l=1 rev1=0 crypto rx=0 tx=0 comp rx=0 tx=0).connect
2023-09-20T21:39:29.502 INFO:teuthology.orchestra.run.smithi022.stdout:/usr/bin/ceph: stderr
2023-09-20T21:39:28.841+0000 7f2a27fff700 1 -- 172.21.15.22:0/539744968 <== mon.0 v2:172.21.15.22:3300/0 5 ==== osd_map(1..1 src has 1..1) v4 ==== 725+0+0 (secure 0 0 0) 0x7f2a3004c420 con 0x7f2a4007be60
2023-09-20T21:39:29.502 INFO:teuthology.orchestra.run.smithi022.stdout:/usr/bin/ceph: stderr
2023-09-20T21:39:28.841+0000 7f2a3e7fc700 1 --2- 172.21.15.22:0/539744968 >> [v2:172.21.15.22:6800/1128310681,v1:172.21.15.22:6801/1128310681] conn(0x7f2a280387a0 0x7f2a2803ac60 unknown :-1 s=BANNER_CONNECTING pgs=0 cs=0 l=1 rev1=0 crypto rx=0 tx=0 comp rx=0 tx=0)._handle_peer_banner_payload supported=3 required=0
2023-09-20T21:39:29.503 INFO:teuthology.orchestra.run.smithi022.stdout:/usr/bin/ceph: stderr
2023-09-20T21:39:28.841+0000 7f2a3e7fc700 1 --2- 172.21.15.22:0/539744968 >> [v2:172.21.15.22:6800/1128310681,v1:172.21.15.22:6801/1128310681] conn(0x7f2a280387a0 0x7f2a2803ac60 secure :-1 s=READY pgs=7 cs=0 l=1 rev1=1 crypto rx=0x7f2a34006fd0 tx=0x7f2a34006e40 comp rx=0 tx=0).ready entity=mgr.14100 client_cookie=0 server_cookie=0 in_seq=0 out_seq=0
2023-09-20T21:39:29.503 INFO:teuthology.orchestra.run.smithi022.stdout:/usr/bin/ceph: stderr
2023-09-20T21:39:28.845+0000 7f2a27fff700 1 -- 172.21.15.22:0/539744968 <== mon.0 v2:172.21.15.22:3300/0 6 ==== mon_command_ack([{"prefix": "get_command_descriptions"}]=0 v0) v1 ==== 72+0+179712 (secure 0 0 0) 0x7f2a30024430 con 0x7f2a4007be60
2023-09-20T21:39:29.503 INFO:teuthology.orchestra.run.smithi022.stdout:/usr/bin/ceph: stderr
2023-09-20T21:39:29.054+0000 7f2a45577700 1 -- 172.21.15.22:0/539744968 --> [v2:172.21.15.22:3300/0,v1:172.21.15.22:6789/0] -- mon_command({"prefix": "config assimilate-conf"} v 0) v1 -- 0x7f2a40062410 con 0x7f2a4007be60
2023-09-20T21:39:29.503 INFO:teuthology.orchestra.run.smithi022.stdout:/usr/bin/ceph: stderr
2023-09-20T21:39:29.055+0000 7f2a27fff700 1 -- 172.21.15.22:0/539744968 <== mon.0 v2:172.21.15.22:3300/0 7 ==== mon_command_ack([{"prefix": "config assimilate-conf"}]=0 v3) v1 ==== 70+0+373 (secure 0 0 0) 0x7f2a30018350 con 0x7f2a4007be60
2023-09-20T21:39:29.503 INFO:teuthology.orchestra.run.smithi022.stdout:/usr/bin/ceph: stderr
2023-09-20T21:39:29.057+0000 7f2a45577700 1 -- 172.21.15.22:0/539744968 >> [v2:172.21.15.22:6800/1128310681,v1:172.21.15.22:6801/1128310681] conn(0x7f2a280387a0 msgr2=0x7f2a2803ac60 secure :-1 s=STATE_CONNECTION_ESTABLISHED l=1).mark_down
2023-09-20T21:39:29.504 INFO:teuthology.orchestra.run.smithi022.stdout:/usr/bin/ceph: stderr
2023-09-20T21:39:29.057+0000 7f2a45577700 1 --2- 172.21.15.22:0/539744968 >> [v2:172.21.15.22:6800/1128310681,v1:172.21.15.22:6801/1128310681] conn(0x7f2a280387a0 0x7f2a2803ac60 secure :-1 s=READY pgs=7 cs=0 l=1 rev1=1 crypto rx=0x7f2a34006fd0 tx=0x7f2a34006e40 comp rx=0 tx=0).stop
2023-09-20T21:39:29.504 INFO:teuthology.orchestra.run.smithi022.stdout:/usr/bin/ceph: stderr
2023-09-20T21:39:29.057+0000 7f2a45577700 1 -- 172.21.15.22:0/539744968 >> [v2:172.21.15.22:3300/0,v1:172.21.15.22:6789/0] conn(0x7f2a4007be60 msgr2=0x7f2a4019c4f0 secure :-1 s=STATE_CONNECTION_ESTABLISHED l=1).mark_down
2023-09-20T21:39:29.504 INFO:teuthology.orchestra.run.smithi022.stdout:/usr/bin/ceph: stderr
2023-09-20T21:39:29.057+0000 7f2a45577700 1 --2- 172.21.15.22:0/539744968 >> [v2:172.21.15.22:3300/0,v1:172.21.15.22:6789/0] conn(0x7f2a4007be60 0x7f2a4019c4f0 secure :-1 s=READY pgs=23 cs=0 l=1 rev1=1 crypto rx=0x7f2a30009fb0 tx=0x7f2a30011ad0 comp rx=0 tx=0).stop
2023-09-20T21:39:29.504 INFO:teuthology.orchestra.run.smithi022.stdout:/usr/bin/ceph: stderr
2023-09-20T21:39:29.057+0000 7f2a45577700 1 -- 172.21.15.22:0/539744968 shutdown_connections
2023-09-20T21:39:29.505 INFO:teuthology.orchestra.run.smithi022.stdout:/usr/bin/ceph: stderr
2023-09-20T21:39:29.057+0000 7f2a45577700 1 --2- 172.21.15.22:0/539744968 >> [v2:172.21.15.22:6800/1128310681,v1:172.21.15.22:6801/1128310681] conn(0x7f2a280387a0 0x7f2a2803ac60 unknown :-1 s=CLOSED pgs=7 cs=0 l=1 rev1=1 crypto rx=0 tx=0 comp rx=0 tx=0).stop
2023-09-20T21:39:29.505 INFO:teuthology.orchestra.run.smithi022.stdout:/usr/bin/ceph: stderr
2023-09-20T21:39:29.057+0000 7f2a45577700 1 --2- 172.21.15.22:0/539744968 >> [v2:172.21.15.22:3300/0,v1:172.21.15.22:6789/0] conn(0x7f2a4007be60 0x7f2a4019c4f0 unknown :-1 s=CLOSED pgs=23 cs=0 l=1 rev1=1 crypto rx=0 tx=0 comp rx=0 tx=0).stop
2023-09-20T21:39:29.505 INFO:teuthology.orchestra.run.smithi022.stdout:/usr/bin/ceph: stderr
2023-09-20T21:39:29.057+0000 7f2a45577700 1 -- 172.21.15.22:0/539744968 >> 172.21.15.22:0/539744968 conn(0x7f2a40101b30 msgr2=0x7f2a40103f50 unknown :-1 s=STATE_NONE l=0).mark_down
2023-09-20T21:39:29.505 INFO:teuthology.orchestra.run.smithi022.stdout:/usr/bin/ceph: stderr
2023-09-20T21:39:29.057+0000 7f2a45577700 1 -- 172.21.15.22:0/539744968 shutdown_connections
2023-09-20T21:39:29.505 INFO:teuthology.orchestra.run.smithi022.stdout:/usr/bin/ceph: stderr
2023-09-20T21:39:29.057+0000 7f2a45577700 1 -- 172.21.15.22:0/539744968 wait complete.
2023-09-20T21:39:29.506 INFO:teuthology.orchestra.run.smithi022.stdout:Enabling cephadm module...
2023-09-20T21:39:29.748 INFO:journalctl@ceph.mon.a.smithi022.stdout:Sep 20 21:39:29 smithi022 ceph-mon[97651]: from='client.? 172.21.15.22:0/539744968' entity='client.admin' cmd=[{"prefix": "config assimilate-conf"}]: dispatch
2023-09-20T21:39:30.712 INFO:journalctl@ceph.mon.a.smithi022.stdout:Sep 20 21:39:30 smithi022 ceph-mon[97651]: from='client.? 172.21.15.22:0/373891549' entity='client.admin' cmd=[{"prefix": "mgr module enable", "module": "cephadm"}]: dispatch
2023-09-20T21:39:30.712 INFO:journalctl@ceph.mgr.x.smithi022.stdout:Sep 20 21:39:30 smithi022 ceph-f59fb6f0-57fd-11ee-9ab8-7b867c8bd7da-mgr-x[97899]: ignoring --setuser ceph since I am not root
2023-09-20T21:39:30.712 INFO:journalctl@ceph.mgr.x.smithi022.stdout:Sep 20 21:39:30 smithi022 ceph-f59fb6f0-57fd-11ee-9ab8-7b867c8bd7da-mgr-x[97899]: ignoring --setgroup ceph since I am not root
2023-09-20T21:39:30.713 INFO:journalctl@ceph.mgr.x.smithi022.stdout:Sep 20 21:39:30 smithi022 ceph-f59fb6f0-57fd-11ee-9ab8-7b867c8bd7da-mgr-x[97899]:
2023-09-20T21:39:30.711+0000 7f1ebf702200 -1 mgr[py] Module devicehealth has missing NOTIFY_TYPES member
2023-09-20T21:39:30.976 INFO:teuthology.orchestra.run.smithi022.stdout:/usr/bin/ceph: stderr
2023-09-20T21:39:30.019+0000 7fb678167700 1 Processor -- start
2023-09-20T21:39:30.976 INFO:teuthology.orchestra.run.smithi022.stdout:/usr/bin/ceph: stderr
2023-09-20T21:39:30.019+0000 7fb678167700 1 -- start start
2023-09-20T21:39:30.977 INFO:teuthology.orchestra.run.smithi022.stdout:/usr/bin/ceph: stderr
2023-09-20T21:39:30.019+0000 7fb678167700 1 --2- >> [v2:172.21.15.22:3300/0,v1:172.21.15.22:6789/0] conn(0x7fb67007be80 0x7fb67007a2e0 unknown :-1 s=NONE pgs=0 cs=0 l=0 rev1=0 crypto rx=0 tx=0 comp rx=0 tx=0).connect
2023-09-20T21:39:30.977 INFO:teuthology.orchestra.run.smithi022.stdout:/usr/bin/ceph: stderr
2023-09-20T21:39:30.019+0000 7fb678167700 1 -- --> [v2:172.21.15.22:3300/0,v1:172.21.15.22:6789/0] -- mon_getmap magic: 0 v1 -- 0x7fb67007a8b0 con 0x7fb67007be80
2023-09-20T21:39:30.977 INFO:teuthology.orchestra.run.smithi022.stdout:/usr/bin/ceph: stderr
2023-09-20T21:39:30.019+0000 7fb675f03700 1 --2- >> [v2:172.21.15.22:3300/0,v1:172.21.15.22:6789/0] conn(0x7fb67007be80 0x7fb67007a2e0 unknown :-1 s=BANNER_CONNECTING pgs=0 cs=0 l=0 rev1=0 crypto rx=0 tx=0 comp rx=0 tx=0)._handle_peer_banner_payload supported=3 required=0
2023-09-20T21:39:30.977 INFO:teuthology.orchestra.run.smithi022.stdout:/usr/bin/ceph: stderr
2023-09-20T21:39:30.020+0000 7fb675f03700 1 --2- >> [v2:172.21.15.22:3300/0,v1:172.21.15.22:6789/0] conn(0x7fb67007be80 0x7fb67007a2e0 unknown :-1 s=HELLO_CONNECTING pgs=0 cs=0 l=0 rev1=1 crypto rx=0 tx=0 comp rx=0 tx=0).handle_hello peer v2:172.21.15.22:3300/0 says I am v2:172.21.15.22:60660/0 (socket says 172.21.15.22:60660)
2023-09-20T21:39:30.978 INFO:teuthology.orchestra.run.smithi022.stdout:/usr/bin/ceph: stderr
2023-09-20T21:39:30.020+0000 7fb675f03700 1 -- 172.21.15.22:0/2973358552 learned_addr learned my addr 172.21.15.22:0/2973358552 (peer_addr_for_me v2:172.21.15.22:0/0)
2023-09-20T21:39:30.978 INFO:teuthology.orchestra.run.smithi022.stdout:/usr/bin/ceph: stderr
2023-09-20T21:39:30.020+0000 7fb675f03700 1 -- 172.21.15.22:0/2973358552 --> [v2:172.21.15.22:3300/0,v1:172.21.15.22:6789/0] -- mon_subscribe({config=0+,monmap=0+}) v3 -- 0x7fb67007a9f0 con 0x7fb67007be80
2023-09-20T21:39:30.978 INFO:teuthology.orchestra.run.smithi022.stdout:/usr/bin/ceph: stderr
2023-09-20T21:39:30.020+0000 7fb675f03700 1 --2- 172.21.15.22:0/2973358552 >> [v2:172.21.15.22:3300/0,v1:172.21.15.22:6789/0] conn(0x7fb67007be80 0x7fb67007a2e0 secure :-1 s=READY pgs=24 cs=0 l=1 rev1=1 crypto rx=0x7fb66c0098a0 tx=0x7fb66c009bb0 comp rx=0 tx=0).ready entity=mon.0 client_cookie=bea3e3e779022828 server_cookie=0 in_seq=0 out_seq=0
2023-09-20T21:39:30.978 INFO:teuthology.orchestra.run.smithi022.stdout:/usr/bin/ceph: stderr
2023-09-20T21:39:30.020+0000 7fb674f01700 1 -- 172.21.15.22:0/2973358552 <== mon.0 v2:172.21.15.22:3300/0 1 ==== mon_map magic: 0 v1 ==== 205+0+0 (secure 0 0 0) 0x7fb66c004160 con 0x7fb67007be80
2023-09-20T21:39:30.978 INFO:teuthology.orchestra.run.smithi022.stdout:/usr/bin/ceph: stderr
2023-09-20T21:39:30.020+0000 7fb674f01700 1 -- 172.21.15.22:0/2973358552 <== mon.0 v2:172.21.15.22:3300/0 2 ==== config(26 keys) v1 ==== 1074+0+0 (secure 0 0 0) 0x7fb66c0042c0 con 0x7fb67007be80
2023-09-20T21:39:30.979 INFO:teuthology.orchestra.run.smithi022.stdout:/usr/bin/ceph: stderr
2023-09-20T21:39:30.020+0000 7fb674f01700 1 -- 172.21.15.22:0/2973358552 <== mon.0 v2:172.21.15.22:3300/0 3 ==== mon_map magic: 0 v1 ==== 205+0+0 (secure 0 0 0) 0x7fb66c011a00 con 0x7fb67007be80
2023-09-20T21:39:30.979 INFO:teuthology.orchestra.run.smithi022.stdout:/usr/bin/ceph: stderr
2023-09-20T21:39:30.021+0000 7fb678167700 1 -- 172.21.15.22:0/2973358552 >> [v2:172.21.15.22:3300/0,v1:172.21.15.22:6789/0] conn(0x7fb67007be80 msgr2=0x7fb67007a2e0 secure :-1 s=STATE_CONNECTION_ESTABLISHED l=1).mark_down
2023-09-20T21:39:30.979 INFO:teuthology.orchestra.run.smithi022.stdout:/usr/bin/ceph: stderr
2023-09-20T21:39:30.021+0000 7fb678167700 1 --2- 172.21.15.22:0/2973358552 >> [v2:172.21.15.22:3300/0,v1:172.21.15.22:6789/0] conn(0x7fb67007be80 0x7fb67007a2e0 secure :-1 s=READY pgs=24 cs=0 l=1 rev1=1 crypto rx=0x7fb66c0098a0 tx=0x7fb66c009bb0 comp rx=0 tx=0).stop
2023-09-20T21:39:30.979 INFO:teuthology.orchestra.run.smithi022.stdout:/usr/bin/ceph: stderr
2023-09-20T21:39:30.021+0000 7fb678167700 1 -- 172.21.15.22:0/2973358552 shutdown_connections
2023-09-20T21:39:30.980 INFO:teuthology.orchestra.run.smithi022.stdout:/usr/bin/ceph: stderr
2023-09-20T21:39:30.021+0000 7fb678167700 1 --2- 172.21.15.22:0/2973358552 >> [v2:172.21.15.22:3300/0,v1:172.21.15.22:6789/0] conn(0x7fb67007be80 0x7fb67007a2e0 unknown :-1 s=CLOSED pgs=24 cs=0 l=1 rev1=1 crypto rx=0 tx=0 comp rx=0 tx=0).stop
2023-09-20T21:39:30.980 INFO:teuthology.orchestra.run.smithi022.stdout:/usr/bin/ceph: stderr
2023-09-20T21:39:30.021+0000 7fb678167700 1 -- 172.21.15.22:0/2973358552 >> 172.21.15.22:0/2973358552 conn(0x7fb670101b30 msgr2=0x7fb670103f90 unknown :-1 s=STATE_NONE l=0).mark_down
2023-09-20T21:39:30.980 INFO:teuthology.orchestra.run.smithi022.stdout:/usr/bin/ceph: stderr
2023-09-20T21:39:30.021+0000 7fb678167700 1 -- 172.21.15.22:0/2973358552 shutdown_connections
2023-09-20T21:39:30.980 INFO:teuthology.orchestra.run.smithi022.stdout:/usr/bin/ceph: stderr
2023-09-20T21:39:30.021+0000 7fb678167700 1 -- 172.21.15.22:0/2973358552 wait complete.
2023-09-20T21:39:30.980 INFO:teuthology.orchestra.run.smithi022.stdout:/usr/bin/ceph: stderr
2023-09-20T21:39:30.022+0000 7fb678167700 1 Processor -- start
2023-09-20T21:39:30.981 INFO:teuthology.orchestra.run.smithi022.stdout:/usr/bin/ceph: stderr
2023-09-20T21:39:30.022+0000 7fb678167700 1 -- start start
2023-09-20T21:39:30.981 INFO:teuthology.orchestra.run.smithi022.stdout:/usr/bin/ceph: stderr
2023-09-20T21:39:30.023+0000 7fb678167700 1 --2- >> [v2:172.21.15.22:3300/0,v1:172.21.15.22:6789/0] conn(0x7fb67007be80 0x7fb67019c500 unknown :-1 s=NONE pgs=0 cs=0 l=1 rev1=0 crypto rx=0 tx=0 comp rx=0 tx=0).connect
2023-09-20T21:39:30.981 INFO:teuthology.orchestra.run.smithi022.stdout:/usr/bin/ceph: stderr
2023-09-20T21:39:30.023+0000 7fb678167700 1 -- --> [v2:172.21.15.22:3300/0,v1:172.21.15.22:6789/0] -- mon_getmap magic: 0 v1 -- 0x7fb67019ca40 con 0x7fb67007be80
2023-09-20T21:39:30.981 INFO:teuthology.orchestra.run.smithi022.stdout:/usr/bin/ceph: stderr
2023-09-20T21:39:30.023+0000 7fb675f03700 1 --2- >> [v2:172.21.15.22:3300/0,v1:172.21.15.22:6789/0] conn(0x7fb67007be80 0x7fb67019c500 unknown :-1 s=BANNER_CONNECTING pgs=0 cs=0 l=1 rev1=0 crypto rx=0 tx=0 comp rx=0 tx=0)._handle_peer_banner_payload supported=3 required=0
2023-09-20T21:39:30.981 INFO:teuthology.orchestra.run.smithi022.stdout:/usr/bin/ceph: stderr
2023-09-20T21:39:30.023+0000 7fb675f03700 1 --2- >> [v2:172.21.15.22:3300/0,v1:172.21.15.22:6789/0] conn(0x7fb67007be80 0x7fb67019c500 unknown :-1 s=HELLO_CONNECTING pgs=0 cs=0 l=1 rev1=1 crypto rx=0 tx=0 comp rx=0 tx=0).handle_hello peer v2:172.21.15.22:3300/0 says I am v2:172.21.15.22:60672/0 (socket says 172.21.15.22:60672)
2023-09-20T21:39:30.982 INFO:teuthology.orchestra.run.smithi022.stdout:/usr/bin/ceph: stderr
2023-09-20T21:39:30.023+0000 7fb675f03700 1 -- 172.21.15.22:0/373891549 learned_addr learned my addr 172.21.15.22:0/373891549 (peer_addr_for_me v2:172.21.15.22:0/0)
2023-09-20T21:39:30.982 INFO:teuthology.orchestra.run.smithi022.stdout:/usr/bin/ceph: stderr
2023-09-20T21:39:30.023+0000 7fb675f03700 1 -- 172.21.15.22:0/373891549 --> [v2:172.21.15.22:3300/0,v1:172.21.15.22:6789/0] -- mon_subscribe({config=0+,monmap=0+}) v3 -- 0x7fb66c009550 con 0x7fb67007be80
2023-09-20T21:39:30.982 INFO:teuthology.orchestra.run.smithi022.stdout:/usr/bin/ceph: stderr
2023-09-20T21:39:30.024+0000 7fb675f03700 1 --2- 172.21.15.22:0/373891549 >> [v2:172.21.15.22:3300/0,v1:172.21.15.22:6789/0] conn(0x7fb67007be80 0x7fb67019c500 secure :-1 s=READY pgs=25 cs=0 l=1 rev1=1 crypto rx=0x7fb66c009130 tx=0x7fb66c011ad0 comp rx=0 tx=0).ready entity=mon.0 client_cookie=0 server_cookie=0 in_seq=0 out_seq=0
2023-09-20T21:39:30.982 INFO:teuthology.orchestra.run.smithi022.stdout:/usr/bin/ceph: stderr
2023-09-20T21:39:30.024+0000 7fb666ffd700 1 -- 172.21.15.22:0/373891549 <== mon.0 v2:172.21.15.22:3300/0 1 ==== mon_map magic: 0 v1 ==== 205+0+0 (secure 0 0 0) 0x7fb66c003ab0 con 0x7fb67007be80
2023-09-20T21:39:30.982 INFO:teuthology.orchestra.run.smithi022.stdout:/usr/bin/ceph: stderr
2023-09-20T21:39:30.024+0000 7fb666ffd700 1 -- 172.21.15.22:0/373891549 <== mon.0 v2:172.21.15.22:3300/0 2 ==== config(26 keys) v1 ==== 1074+0+0 (secure 0 0 0) 0x7fb66c003c10 con 0x7fb67007be80
2023-09-20T21:39:30.983 INFO:teuthology.orchestra.run.smithi022.stdout:/usr/bin/ceph: stderr
2023-09-20T21:39:30.024+0000 7fb666ffd700 1 -- 172.21.15.22:0/373891549 <== mon.0 v2:172.21.15.22:3300/0 3 ==== mon_map magic: 0 v1 ==== 205+0+0 (secure 0 0 0) 0x7fb66c0247d0 con 0x7fb67007be80
2023-09-20T21:39:30.983 INFO:teuthology.orchestra.run.smithi022.stdout:/usr/bin/ceph: stderr
2023-09-20T21:39:30.024+0000 7fb678167700 1 -- 172.21.15.22:0/373891549 --> [v2:172.21.15.22:3300/0,v1:172.21.15.22:6789/0] -- mon_subscribe({mgrmap=0+}) v3 -- 0x7fb67019cc40 con 0x7fb67007be80
2023-09-20T21:39:30.983 INFO:teuthology.orchestra.run.smithi022.stdout:/usr/bin/ceph: stderr
2023-09-20T21:39:30.024+0000 7fb678167700 1 -- 172.21.15.22:0/373891549 --> [v2:172.21.15.22:3300/0,v1:172.21.15.22:6789/0] -- mon_subscribe({osdmap=0}) v3 -- 0x7fb67019d060 con 0x7fb67007be80
2023-09-20T21:39:30.983 INFO:teuthology.orchestra.run.smithi022.stdout:/usr/bin/ceph: stderr
2023-09-20T21:39:30.025+0000 7fb666ffd700 1 -- 172.21.15.22:0/373891549 <== mon.0 v2:172.21.15.22:3300/0 4 ==== mgrmap(e 4) v1 ==== 45607+0+0 (secure 0 0 0) 0x7fb66c01abb0 con 0x7fb67007be80
2023-09-20T21:39:30.983 INFO:teuthology.orchestra.run.smithi022.stdout:/usr/bin/ceph: stderr
2023-09-20T21:39:30.025+0000 7fb678167700 1 -- 172.21.15.22:0/373891549 --> [v2:172.21.15.22:3300/0,v1:172.21.15.22:6789/0] -- mon_command({"prefix": "get_command_descriptions"} v 0) v1 -- 0x7fb670196590 con 0x7fb67007be80
2023-09-20T21:39:30.984 INFO:teuthology.orchestra.run.smithi022.stdout:/usr/bin/ceph: stderr
2023-09-20T21:39:30.025+0000 7fb666ffd700 1 --2- 172.21.15.22:0/373891549 >> [v2:172.21.15.22:6800/1128310681,v1:172.21.15.22:6801/1128310681] conn(0x7fb65c0387a0 0x7fb65c03ac60 unknown :-1 s=NONE pgs=0 cs=0 l=1 rev1=0 crypto rx=0 tx=0 comp rx=0 tx=0).connect
2023-09-20T21:39:30.984 INFO:teuthology.orchestra.run.smithi022.stdout:/usr/bin/ceph: stderr
2023-09-20T21:39:30.026+0000 7fb666ffd700 1 -- 172.21.15.22:0/373891549 <== mon.0 v2:172.21.15.22:3300/0 5 ==== osd_map(1..1 src has 1..1) v4 ==== 725+0+0 (secure 0 0 0) 0x7fb66c04c4f0 con 0x7fb67007be80
2023-09-20T21:39:30.984 INFO:teuthology.orchestra.run.smithi022.stdout:/usr/bin/ceph: stderr
2023-09-20T21:39:30.026+0000 7fb675702700 1 --2- 172.21.15.22:0/373891549 >> [v2:172.21.15.22:6800/1128310681,v1:172.21.15.22:6801/1128310681] conn(0x7fb65c0387a0 0x7fb65c03ac60 unknown :-1 s=BANNER_CONNECTING pgs=0 cs=0 l=1 rev1=0 crypto rx=0 tx=0 comp rx=0 tx=0)._handle_peer_banner_payload supported=3 required=0
2023-09-20T21:39:30.984 INFO:teuthology.orchestra.run.smithi022.stdout:/usr/bin/ceph: stderr
2023-09-20T21:39:30.026+0000 7fb675702700 1 --2- 172.21.15.22:0/373891549 >> [v2:172.21.15.22:6800/1128310681,v1:172.21.15.22:6801/1128310681] conn(0x7fb65c0387a0 0x7fb65c03ac60 secure :-1 s=READY pgs=8 cs=0 l=1 rev1=1 crypto rx=0x7fb660006fd0 tx=0x7fb660006e40 comp rx=0 tx=0).ready entity=mgr.14100 client_cookie=0 server_cookie=0 in_seq=0 out_seq=0
2023-09-20T21:39:30.985 INFO:teuthology.orchestra.run.smithi022.stdout:/usr/bin/ceph: stderr
2023-09-20T21:39:30.030+0000 7fb666ffd700 1 -- 172.21.15.22:0/373891549 <== mon.0 v2:172.21.15.22:3300/0 6 ==== mon_command_ack([{"prefix": "get_command_descriptions"}]=0 v0) v1 ==== 72+0+179712 (secure 0 0 0) 0x7fb66c018710 con 0x7fb67007be80
2023-09-20T21:39:30.985 INFO:teuthology.orchestra.run.smithi022.stdout:/usr/bin/ceph: stderr
2023-09-20T21:39:30.294+0000 7fb678167700 1 -- 172.21.15.22:0/373891549 --> [v2:172.21.15.22:3300/0,v1:172.21.15.22:6789/0] -- mon_command({"prefix": "mgr module enable", "module": "cephadm"} v 0) v1 -- 0x7fb670062410 con 0x7fb67007be80
2023-09-20T21:39:30.985 INFO:teuthology.orchestra.run.smithi022.stdout:/usr/bin/ceph: stderr
2023-09-20T21:39:30.442+0000 7fb666ffd700 1 -- 172.21.15.22:0/373891549 <== mon.0 v2:172.21.15.22:3300/0 7 ==== mgrmap(e 5) v1 ==== 45618+0+0 (secure 0 0 0) 0x7fb66c02d770 con 0x7fb67007be80
2023-09-20T21:39:30.985 INFO:teuthology.orchestra.run.smithi022.stdout:/usr/bin/ceph: stderr
2023-09-20T21:39:30.444+0000 7fb666ffd700 1 -- 172.21.15.22:0/373891549 <== mon.0 v2:172.21.15.22:3300/0 8 ==== mon_command_ack([{"prefix": "mgr module enable", "module": "cephadm"}]=0 v5) v1 ==== 86+0+0 (secure 0 0 0) 0x7fb66c02ad60 con 0x7fb67007be80
2023-09-20T21:39:30.985 INFO:teuthology.orchestra.run.smithi022.stdout:/usr/bin/ceph: stderr
2023-09-20T21:39:30.446+0000 7fb678167700 1 -- 172.21.15.22:0/373891549 >> [v2:172.21.15.22:6800/1128310681,v1:172.21.15.22:6801/1128310681] conn(0x7fb65c0387a0 msgr2=0x7fb65c03ac60 secure :-1 s=STATE_CONNECTION_ESTABLISHED l=1).mark_down
2023-09-20T21:39:30.986 INFO:teuthology.orchestra.run.smithi022.stdout:/usr/bin/ceph: stderr
2023-09-20T21:39:30.446+0000 7fb678167700 1 --2- 172.21.15.22:0/373891549 >> [v2:172.21.15.22:6800/1128310681,v1:172.21.15.22:6801/1128310681] conn(0x7fb65c0387a0 0x7fb65c03ac60 secure :-1 s=READY pgs=8 cs=0 l=1 rev1=1 crypto rx=0x7fb660006fd0 tx=0x7fb660006e40 comp rx=0 tx=0).stop
2023-09-20T21:39:30.986 INFO:teuthology.orchestra.run.smithi022.stdout:/usr/bin/ceph: stderr
2023-09-20T21:39:30.446+0000 7fb678167700 1 -- 172.21.15.22:0/373891549 >> [v2:172.21.15.22:3300/0,v1:172.21.15.22:6789/0] conn(0x7fb67007be80 msgr2=0x7fb67019c500 secure :-1 s=STATE_CONNECTION_ESTABLISHED l=1).mark_down
2023-09-20T21:39:30.986 INFO:teuthology.orchestra.run.smithi022.stdout:/usr/bin/ceph: stderr
2023-09-20T21:39:30.446+0000 7fb678167700 1 --2- 172.21.15.22:0/373891549 >> [v2:172.21.15.22:3300/0,v1:172.21.15.22:6789/0] conn(0x7fb67007be80 0x7fb67019c500 secure :-1 s=READY pgs=25 cs=0 l=1 rev1=1 crypto rx=0x7fb66c009130 tx=0x7fb66c011ad0 comp rx=0 tx=0).stop
2023-09-20T21:39:30.986 INFO:teuthology.orchestra.run.smithi022.stdout:/usr/bin/ceph: stderr
2023-09-20T21:39:30.447+0000 7fb678167700 1 -- 172.21.15.22:0/373891549 shutdown_connections
2023-09-20T21:39:30.986 INFO:teuthology.orchestra.run.smithi022.stdout:/usr/bin/ceph: stderr
2023-09-20T21:39:30.447+0000 7fb678167700 1 --2- 172.21.15.22:0/373891549 >> [v2:172.21.15.22:6800/1128310681,v1:172.21.15.22:6801/1128310681] conn(0x7fb65c0387a0 0x7fb65c03ac60 unknown :-1 s=CLOSED pgs=8 cs=0 l=1 rev1=1 crypto rx=0 tx=0 comp rx=0 tx=0).stop
2023-09-20T21:39:30.987 INFO:teuthology.orchestra.run.smithi022.stdout:/usr/bin/ceph: stderr
2023-09-20T21:39:30.447+0000 7fb678167700 1 --2- 172.21.15.22:0/373891549 >> [v2:172.21.15.22:3300/0,v1:172.21.15.22:6789/0] conn(0x7fb67007be80 0x7fb67019c500 unknown :-1 s=CLOSED pgs=25 cs=0 l=1 rev1=1 crypto rx=0 tx=0 comp rx=0 tx=0).stop
2023-09-20T21:39:30.987 INFO:teuthology.orchestra.run.smithi022.stdout:/usr/bin/ceph: stderr
2023-09-20T21:39:30.447+0000 7fb678167700 1 -- 172.21.15.22:0/373891549 >> 172.21.15.22:0/373891549 conn(0x7fb670101b30 msgr2=0x7fb670103f40 unknown :-1 s=STATE_NONE l=0).mark_down
2023-09-20T21:39:30.987 INFO:teuthology.orchestra.run.smithi022.stdout:/usr/bin/ceph: stderr
2023-09-20T21:39:30.447+0000 7fb678167700 1 -- 172.21.15.22:0/373891549 shutdown_connections
2023-09-20T21:39:30.987 INFO:teuthology.orchestra.run.smithi022.stdout:/usr/bin/ceph: stderr
2023-09-20T21:39:30.447+0000 7fb678167700 1 -- 172.21.15.22:0/373891549 wait complete.
2023-09-20T21:39:30.997 INFO:journalctl@ceph.mgr.x.smithi022.stdout:Sep 20 21:39:30 smithi022 ceph-f59fb6f0-57fd-11ee-9ab8-7b867c8bd7da-mgr-x[97899]:
2023-09-20T21:39:30.821+0000 7f1ebf702200 -1 mgr[py] Module osd_support has missing NOTIFY_TYPES member
2023-09-20T21:39:30.997 INFO:journalctl@ceph.mgr.x.smithi022.stdout:Sep 20 21:39:30 smithi022 ceph-f59fb6f0-57fd-11ee-9ab8-7b867c8bd7da-mgr-x[97899]:
2023-09-20T21:39:30.942+0000 7f1ebf702200 -1 mgr[py] Module snap_schedule has missing NOTIFY_TYPES member
2023-09-20T21:39:31.442 INFO:journalctl@ceph.mgr.x.smithi022.stdout:Sep 20 21:39:31 smithi022 ceph-f59fb6f0-57fd-11ee-9ab8-7b867c8bd7da-mgr-x[97899]:
2023-09-20T21:39:31.077+0000 7f1ebf702200 -1 mgr[py] Module zabbix has missing NOTIFY_TYPES member
2023-09-20T21:39:31.443 INFO:journalctl@ceph.mgr.x.smithi022.stdout:Sep 20 21:39:31 smithi022 ceph-f59fb6f0-57fd-11ee-9ab8-7b867c8bd7da-mgr-x[97899]:
2023-09-20T21:39:31.322+0000 7f1ebf702200 -1 mgr[py] Module crash has missing NOTIFY_TYPES member
2023-09-20T21:39:31.747 INFO:journalctl@ceph.mon.a.smithi022.stdout:Sep 20 21:39:31 smithi022 ceph-mon[97651]: from='client.? 172.21.15.22:0/373891549' entity='client.admin' cmd='[{"prefix": "mgr module enable", "module": "cephadm"}]': finished
2023-09-20T21:39:31.748 INFO:journalctl@ceph.mon.a.smithi022.stdout:Sep 20 21:39:31 smithi022 ceph-mon[97651]: mgrmap e5: x(active, since 6s)
2023-09-20T21:39:32.102 INFO:journalctl@ceph.mgr.x.smithi022.stdout:Sep 20 21:39:31 smithi022 ceph-f59fb6f0-57fd-11ee-9ab8-7b867c8bd7da-mgr-x[97899]:
2023-09-20T21:39:31.805+0000 7f1ebf702200 -1 mgr[py] Module prometheus has missing NOTIFY_TYPES member
2023-09-20T21:39:32.103 INFO:journalctl@ceph.mgr.x.smithi022.stdout:Sep 20 21:39:31 smithi022 ceph-f59fb6f0-57fd-11ee-9ab8-7b867c8bd7da-mgr-x[97899]:
2023-09-20T21:39:31.980+0000 7f1ebf702200 -1 mgr[py] Module status has missing NOTIFY_TYPES member
2023-09-20T21:39:32.256 INFO:teuthology.orchestra.run.smithi022.stdout:/usr/bin/ceph: stdout {
2023-09-20T21:39:32.256 INFO:teuthology.orchestra.run.smithi022.stdout:/usr/bin/ceph: stdout "epoch": 5,
2023-09-20T21:39:32.256 INFO:teuthology.orchestra.run.smithi022.stdout:/usr/bin/ceph: stdout "available": true,
