2023-09-23T09:21:30.012+0000 7fc8fdcc0700 1 --2- >> [v2:172.21.15.45:3300/0,v1:172.21.15.45:6789/0] conn(0x7fc8f81070c0 0x7fc8f8106a20 unknown :-1 s=BANNER_CONNECTING pgs=0 cs=0 l=1 rev1=0 crypto rx=0 tx=0 comp rx=0 tx=0)._handle_peer_banner_payload supported=3 required=0
2023-09-23T09:21:30.786 INFO:teuthology.orchestra.run.smithi045.stdout:/usr/bin/ceph: stderr
2023-09-23T09:21:30.012+0000 7fc8fdcc0700 1 --2- >> [v2:172.21.15.45:3300/0,v1:172.21.15.45:6789/0] conn(0x7fc8f81070c0 0x7fc8f8106a20 unknown :-1 s=HELLO_CONNECTING pgs=0 cs=0 l=1 rev1=1 crypto rx=0 tx=0 comp rx=0 tx=0).handle_hello peer v2:172.21.15.45:3300/0 says I am v2:172.21.15.45:57610/0 (socket says 172.21.15.45:57610)
2023-09-23T09:21:30.786 INFO:teuthology.orchestra.run.smithi045.stdout:/usr/bin/ceph: stderr
2023-09-23T09:21:30.012+0000 7fc8fdcc0700 1 -- 172.21.15.45:0/3760714018 learned_addr learned my addr 172.21.15.45:0/3760714018 (peer_addr_for_me v2:172.21.15.45:0/0)
2023-09-23T09:21:30.786 INFO:teuthology.orchestra.run.smithi045.stdout:/usr/bin/ceph: stderr
2023-09-23T09:21:30.012+0000 7fc8fdcc0700 1 -- 172.21.15.45:0/3760714018 --> [v2:172.21.15.45:3300/0,v1:172.21.15.45:6789/0] -- mon_subscribe({config=0+,monmap=0+}) v3 -- 0x7fc8f4009550 con 0x7fc8f81070c0
2023-09-23T09:21:30.786 INFO:teuthology.orchestra.run.smithi045.stdout:/usr/bin/ceph: stderr
2023-09-23T09:21:30.012+0000 7fc8fdcc0700 1 --2- 172.21.15.45:0/3760714018 >> [v2:172.21.15.45:3300/0,v1:172.21.15.45:6789/0] conn(0x7fc8f81070c0 0x7fc8f8106a20 secure :-1 s=READY pgs=38 cs=0 l=1 rev1=1 crypto rx=0x7fc8f4006af0 tx=0x7fc8f4011ad0 comp rx=0 tx=0).ready entity=mon.0 client_cookie=0 server_cookie=0 in_seq=0 out_seq=0
2023-09-23T09:21:30.786 INFO:teuthology.orchestra.run.smithi045.stdout:/usr/bin/ceph: stderr
2023-09-23T09:21:30.012+0000 7fc8eeffd700 1 -- 172.21.15.45:0/3760714018 <== mon.0 v2:172.21.15.45:3300/0 1 ==== mon_map magic: 0 v1 ==== 205+0+0 (secure 0 0 0) 0x7fc8f4003a40 con 0x7fc8f81070c0
2023-09-23T09:21:30.786 INFO:teuthology.orchestra.run.smithi045.stdout:/usr/bin/ceph: stderr
2023-09-23T09:21:30.012+0000 7fc8fff24700 1 -- 172.21.15.45:0/3760714018 --> [v2:172.21.15.45:3300/0,v1:172.21.15.45:6789/0] -- mon_subscribe({mgrmap=0+}) v3 -- 0x7fc8f8105070 con 0x7fc8f81070c0
2023-09-23T09:21:30.786 INFO:teuthology.orchestra.run.smithi045.stdout:/usr/bin/ceph: stderr
2023-09-23T09:21:30.012+0000 7fc8eeffd700 1 -- 172.21.15.45:0/3760714018 <== mon.0 v2:172.21.15.45:3300/0 2 ==== config(26 keys) v1 ==== 1074+0+0 (secure 0 0 0) 0x7fc8f4003ba0 con 0x7fc8f81070c0
2023-09-23T09:21:30.787 INFO:teuthology.orchestra.run.smithi045.stdout:/usr/bin/ceph: stderr
2023-09-23T09:21:30.012+0000 7fc8eeffd700 1 -- 172.21.15.45:0/3760714018 <== mon.0 v2:172.21.15.45:3300/0 3 ==== mon_map magic: 0 v1 ==== 205+0+0 (secure 0 0 0) 0x7fc8f401a6e0 con 0x7fc8f81070c0
2023-09-23T09:21:30.787 INFO:teuthology.orchestra.run.smithi045.stdout:/usr/bin/ceph: stderr
2023-09-23T09:21:30.012+0000 7fc8fff24700 1 -- 172.21.15.45:0/3760714018 --> [v2:172.21.15.45:3300/0,v1:172.21.15.45:6789/0] -- mon_subscribe({osdmap=0}) v3 -- 0x7fc8f8105490 con 0x7fc8f81070c0
2023-09-23T09:21:30.787 INFO:teuthology.orchestra.run.smithi045.stdout:/usr/bin/ceph: stderr
2023-09-23T09:21:30.013+0000 7fc8eeffd700 1 -- 172.21.15.45:0/3760714018 <== mon.0 v2:172.21.15.45:3300/0 4 ==== mgrmap(e 7) v1 ==== 45536+0+0 (secure 0 0 0) 0x7fc8f401a920 con 0x7fc8f81070c0
2023-09-23T09:21:30.787 INFO:teuthology.orchestra.run.smithi045.stdout:/usr/bin/ceph: stderr
2023-09-23T09:21:30.013+0000 7fc8eeffd700 1 --2- 172.21.15.45:0/3760714018 >> [v2:172.21.15.45:6800/1791488577,v1:172.21.15.45:6801/1791488577] conn(0x7fc8e4038860 0x7fc8e403ad20 unknown :-1 s=NONE pgs=0 cs=0 l=1 rev1=0 crypto rx=0 tx=0 comp rx=0 tx=0).connect
2023-09-23T09:21:30.787 INFO:teuthology.orchestra.run.smithi045.stdout:/usr/bin/ceph: stderr
2023-09-23T09:21:30.013+0000 7fc8eeffd700 1 -- 172.21.15.45:0/3760714018 <== mon.0 v2:172.21.15.45:3300/0 5 ==== osd_map(2..2 src has 1..2) v4 ==== 940+0+0 (secure 0 0 0) 0x7fc8f404c740 con 0x7fc8f81070c0
2023-09-23T09:21:30.787 INFO:teuthology.orchestra.run.smithi045.stdout:/usr/bin/ceph: stderr
2023-09-23T09:21:30.013+0000 7fc8fd4bf700 1 --2- 172.21.15.45:0/3760714018 >> [v2:172.21.15.45:6800/1791488577,v1:172.21.15.45:6801/1791488577] conn(0x7fc8e4038860 0x7fc8e403ad20 unknown :-1 s=BANNER_CONNECTING pgs=0 cs=0 l=1 rev1=0 crypto rx=0 tx=0 comp rx=0 tx=0)._handle_peer_banner_payload supported=3 required=0
2023-09-23T09:21:30.787 INFO:teuthology.orchestra.run.smithi045.stdout:/usr/bin/ceph: stderr
2023-09-23T09:21:30.014+0000 7fc8fff24700 1 -- 172.21.15.45:0/3760714018 --> [v2:172.21.15.45:3300/0,v1:172.21.15.45:6789/0] -- mon_command({"prefix": "get_command_descriptions"} v 0) v1 -- 0x7fc8f810a7f0 con 0x7fc8f81070c0
2023-09-23T09:21:30.787 INFO:teuthology.orchestra.run.smithi045.stdout:/usr/bin/ceph: stderr
2023-09-23T09:21:30.014+0000 7fc8fd4bf700 1 --2- 172.21.15.45:0/3760714018 >> [v2:172.21.15.45:6800/1791488577,v1:172.21.15.45:6801/1791488577] conn(0x7fc8e4038860 0x7fc8e403ad20 secure :-1 s=READY pgs=7 cs=0 l=1 rev1=1 crypto rx=0x7fc8e8006fd0 tx=0x7fc8e8006e40 comp rx=0 tx=0).ready entity=mgr.14120 client_cookie=0 server_cookie=0 in_seq=0 out_seq=0
2023-09-23T09:21:30.787 INFO:teuthology.orchestra.run.smithi045.stdout:/usr/bin/ceph: stderr
2023-09-23T09:21:30.019+0000 7fc8eeffd700 1 -- 172.21.15.45:0/3760714018 <== mon.0 v2:172.21.15.45:3300/0 6 ==== mon_command_ack([{"prefix": "get_command_descriptions"}]=0 v0) v1 ==== 72+0+179873 (secure 0 0 0) 0x7fc8f401abd0 con 0x7fc8f81070c0
2023-09-23T09:21:30.787 INFO:teuthology.orchestra.run.smithi045.stdout:/usr/bin/ceph: stderr
2023-09-23T09:21:30.416+0000 7fc8fff24700 1 -- 172.21.15.45:0/3760714018 --> [v2:172.21.15.45:6800/1791488577,v1:172.21.15.45:6801/1791488577] -- mgr_command(tid 0: {"prefix": "orch set backend", "module_name": "cephadm", "target": ["mon-mgr", ""]}) v1 -- 0x7fc8f8105b40 con 0x7fc8e4038860
2023-09-23T09:21:30.787 INFO:teuthology.orchestra.run.smithi045.stdout:/usr/bin/ceph: stderr
2023-09-23T09:21:30.422+0000 7fc8eeffd700 1 -- 172.21.15.45:0/3760714018 <== mgr.14120 v2:172.21.15.45:6800/1791488577 1 ==== mgr_command_reply(tid 0: 0 ) v1 ==== 8+0+0 (secure 0 0 0) 0x7fc8f8105b40 con 0x7fc8e4038860
2023-09-23T09:21:30.787 INFO:teuthology.orchestra.run.smithi045.stdout:/usr/bin/ceph: stderr
2023-09-23T09:21:30.424+0000 7fc8fff24700 1 -- 172.21.15.45:0/3760714018 >> [v2:172.21.15.45:6800/1791488577,v1:172.21.15.45:6801/1791488577] conn(0x7fc8e4038860 msgr2=0x7fc8e403ad20 secure :-1 s=STATE_CONNECTION_ESTABLISHED l=1).mark_down
2023-09-23T09:21:30.788 INFO:teuthology.orchestra.run.smithi045.stdout:/usr/bin/ceph: stderr
2023-09-23T09:21:30.424+0000 7fc8fff24700 1 --2- 172.21.15.45:0/3760714018 >> [v2:172.21.15.45:6800/1791488577,v1:172.21.15.45:6801/1791488577] conn(0x7fc8e4038860 0x7fc8e403ad20 secure :-1 s=READY pgs=7 cs=0 l=1 rev1=1 crypto rx=0x7fc8e8006fd0 tx=0x7fc8e8006e40 comp rx=0 tx=0).stop
2023-09-23T09:21:30.788 INFO:teuthology.orchestra.run.smithi045.stdout:/usr/bin/ceph: stderr
2023-09-23T09:21:30.424+0000 7fc8fff24700 1 -- 172.21.15.45:0/3760714018 >> [v2:172.21.15.45:3300/0,v1:172.21.15.45:6789/0] conn(0x7fc8f81070c0 msgr2=0x7fc8f8106a20 secure :-1 s=STATE_CONNECTION_ESTABLISHED l=1).mark_down
2023-09-23T09:21:30.788 INFO:teuthology.orchestra.run.smithi045.stdout:/usr/bin/ceph: stderr
2023-09-23T09:21:30.424+0000 7fc8fff24700 1 --2- 172.21.15.45:0/3760714018 >> [v2:172.21.15.45:3300/0,v1:172.21.15.45:6789/0] conn(0x7fc8f81070c0 0x7fc8f8106a20 secure :-1 s=READY pgs=38 cs=0 l=1 rev1=1 crypto rx=0x7fc8f4006af0 tx=0x7fc8f4011ad0 comp rx=0 tx=0).stop
2023-09-23T09:21:30.788 INFO:teuthology.orchestra.run.smithi045.stdout:/usr/bin/ceph: stderr
2023-09-23T09:21:30.425+0000 7fc8fff24700 1 -- 172.21.15.45:0/3760714018 shutdown_connections
2023-09-23T09:21:30.788 INFO:teuthology.orchestra.run.smithi045.stdout:/usr/bin/ceph: stderr
2023-09-23T09:21:30.425+0000 7fc8fff24700 1 --2- 172.21.15.45:0/3760714018 >> [v2:172.21.15.45:6800/1791488577,v1:172.21.15.45:6801/1791488577] conn(0x7fc8e4038860 0x7fc8e403ad20 unknown :-1 s=CLOSED pgs=7 cs=0 l=1 rev1=1 crypto rx=0 tx=0 comp rx=0 tx=0).stop
2023-09-23T09:21:30.788 INFO:teuthology.orchestra.run.smithi045.stdout:/usr/bin/ceph: stderr
2023-09-23T09:21:30.425+0000 7fc8fff24700 1 --2- 172.21.15.45:0/3760714018 >> [v2:172.21.15.45:3300/0,v1:172.21.15.45:6789/0] conn(0x7fc8f81070c0 0x7fc8f8106a20 unknown :-1 s=CLOSED pgs=38 cs=0 l=1 rev1=1 crypto rx=0 tx=0 comp rx=0 tx=0).stop
2023-09-23T09:21:30.788 INFO:teuthology.orchestra.run.smithi045.stdout:/usr/bin/ceph: stderr
2023-09-23T09:21:30.425+0000 7fc8fff24700 1 -- 172.21.15.45:0/3760714018 >> 172.21.15.45:0/3760714018 conn(0x7fc8f8100b10 msgr2=0x7fc8f81017a0 unknown :-1 s=STATE_NONE l=0).mark_down
2023-09-23T09:21:30.788 INFO:teuthology.orchestra.run.smithi045.stdout:/usr/bin/ceph: stderr
2023-09-23T09:21:30.425+0000 7fc8fff24700 1 -- 172.21.15.45:0/3760714018 shutdown_connections
2023-09-23T09:21:30.788 INFO:teuthology.orchestra.run.smithi045.stdout:/usr/bin/ceph: stderr
2023-09-23T09:21:30.425+0000 7fc8fff24700 1 -- 172.21.15.45:0/3760714018 wait complete.
2023-09-23T09:21:31.580 INFO:journalctl@ceph.mon.a.smithi045.stdout:Sep 23 09:21:31 smithi045 ceph-mon[98627]: [23/Sep/2023:09:21:30] ENGINE Serving on https://172.21.15.45:7150
2023-09-23T09:21:31.580 INFO:journalctl@ceph.mon.a.smithi045.stdout:Sep 23 09:21:31 smithi045 ceph-mon[98627]: [23/Sep/2023:09:21:30] ENGINE Serving on http://172.21.15.45:8765
2023-09-23T09:21:31.580 INFO:journalctl@ceph.mon.a.smithi045.stdout:Sep 23 09:21:31 smithi045 ceph-mon[98627]: [23/Sep/2023:09:21:30] ENGINE Bus STARTED
2023-09-23T09:21:31.580 INFO:journalctl@ceph.mon.a.smithi045.stdout:Sep 23 09:21:31 smithi045 ceph-mon[98627]: from='mgr.14120 172.21.15.45:0/572690185' entity='mgr.x' cmd=[{"prefix": "config dump", "format": "json"}]: dispatch
2023-09-23T09:21:31.580 INFO:journalctl@ceph.mon.a.smithi045.stdout:Sep 23 09:21:31 smithi045 ceph-mon[98627]: from='client.14132 -' entity='client.admin' cmd=[{"prefix": "orch set backend", "module_name": "cephadm", "target": ["mon-mgr", ""]}]: dispatch
2023-09-23T09:21:31.580 INFO:journalctl@ceph.mon.a.smithi045.stdout:Sep 23 09:21:31 smithi045 ceph-mon[98627]: from='mgr.14120 172.21.15.45:0/572690185' entity='mgr.x'
2023-09-23T09:21:31.581 INFO:journalctl@ceph.mon.a.smithi045.stdout:Sep 23 09:21:31 smithi045 ceph-mon[98627]: from='mgr.14120 172.21.15.45:0/572690185' entity='mgr.x' cmd=[{"prefix": "config dump", "format": "json"}]: dispatch
2023-09-23T09:21:31.581 INFO:journalctl@ceph.mon.a.smithi045.stdout:Sep 23 09:21:31 smithi045 ceph-mon[98627]: mgrmap e8: x(active, since 2s)
2023-09-23T09:21:32.232 INFO:teuthology.orchestra.run.smithi045.stdout:/usr/bin/ceph: stdout value unchanged
2023-09-23T09:21:32.232 INFO:teuthology.orchestra.run.smithi045.stdout:/usr/bin/ceph: stderr
2023-09-23T09:21:31.257+0000 7f82e89a7700 1 Processor -- start
2023-09-23T09:21:32.232 INFO:teuthology.orchestra.run.smithi045.stdout:/usr/bin/ceph: stderr
2023-09-23T09:21:31.257+0000 7f82e89a7700 1 -- start start
2023-09-23T09:21:32.232 INFO:teuthology.orchestra.run.smithi045.stdout:/usr/bin/ceph: stderr
2023-09-23T09:21:31.257+0000 7f82e89a7700 1 --2- >> [v2:172.21.15.45:3300/0,v1:172.21.15.45:6789/0] conn(0x7f82e4107180 0x7f82e4109570 unknown :-1 s=NONE pgs=0 cs=0 l=0 rev1=0 crypto rx=0 tx=0 comp rx=0 tx=0).connect
2023-09-23T09:21:32.232 INFO:teuthology.orchestra.run.smithi045.stdout:/usr/bin/ceph: stderr
2023-09-23T09:21:31.257+0000 7f82e89a7700 1 -- --> [v2:172.21.15.45:3300/0,v1:172.21.15.45:6789/0] -- mon_getmap magic: 0 v1 -- 0x7f82e4079df0 con 0x7f82e4107180
2023-09-23T09:21:32.232 INFO:teuthology.orchestra.run.smithi045.stdout:/usr/bin/ceph: stderr
2023-09-23T09:21:31.257+0000 7f82e259c700 1 --2- >> [v2:172.21.15.45:3300/0,v1:172.21.15.45:6789/0] conn(0x7f82e4107180 0x7f82e4109570 unknown :-1 s=BANNER_CONNECTING pgs=0 cs=0 l=0 rev1=0 crypto rx=0 tx=0 comp rx=0 tx=0)._handle_peer_banner_payload supported=3 required=0
2023-09-23T09:21:32.232 INFO:teuthology.orchestra.run.smithi045.stdout:/usr/bin/ceph: stderr
2023-09-23T09:21:31.257+0000 7f82e259c700 1 --2- >> [v2:172.21.15.45:3300/0,v1:172.21.15.45:6789/0] conn(0x7f82e4107180 0x7f82e4109570 unknown :-1 s=HELLO_CONNECTING pgs=0 cs=0 l=0 rev1=1 crypto rx=0 tx=0 comp rx=0 tx=0).handle_hello peer v2:172.21.15.45:3300/0 says I am v2:172.21.15.45:57622/0 (socket says 172.21.15.45:57622)
2023-09-23T09:21:32.232 INFO:teuthology.orchestra.run.smithi045.stdout:/usr/bin/ceph: stderr
2023-09-23T09:21:31.257+0000 7f82e259c700 1 -- 172.21.15.45:0/3572194187 learned_addr learned my addr 172.21.15.45:0/3572194187 (peer_addr_for_me v2:172.21.15.45:0/0)
2023-09-23T09:21:32.232 INFO:teuthology.orchestra.run.smithi045.stdout:/usr/bin/ceph: stderr
2023-09-23T09:21:31.258+0000 7f82e259c700 1 -- 172.21.15.45:0/3572194187 --> [v2:172.21.15.45:3300/0,v1:172.21.15.45:6789/0] -- mon_subscribe({config=0+,monmap=0+}) v3 -- 0x7f82e4079f30 con 0x7f82e4107180
2023-09-23T09:21:32.233 INFO:teuthology.orchestra.run.smithi045.stdout:/usr/bin/ceph: stderr
2023-09-23T09:21:31.258+0000 7f82e259c700 1 --2- 172.21.15.45:0/3572194187 >> [v2:172.21.15.45:3300/0,v1:172.21.15.45:6789/0] conn(0x7f82e4107180 0x7f82e4109570 secure :-1 s=READY pgs=39 cs=0 l=1 rev1=1 crypto rx=0x7f82d40098a0 tx=0x7f82d4009bb0 comp rx=0 tx=0).ready entity=mon.0 client_cookie=b5112d2f2118e381 server_cookie=0 in_seq=0 out_seq=0
2023-09-23T09:21:32.233 INFO:teuthology.orchestra.run.smithi045.stdout:/usr/bin/ceph: stderr
2023-09-23T09:21:31.258+0000 7f82e159a700 1 -- 172.21.15.45:0/3572194187 <== mon.0 v2:172.21.15.45:3300/0 1 ==== mon_map magic: 0 v1 ==== 205+0+0 (secure 0 0 0) 0x7f82d4004160 con 0x7f82e4107180
2023-09-23T09:21:32.233 INFO:teuthology.orchestra.run.smithi045.stdout:/usr/bin/ceph: stderr
2023-09-23T09:21:31.258+0000 7f82e159a700 1 -- 172.21.15.45:0/3572194187 <== mon.0 v2:172.21.15.45:3300/0 2 ==== config(26 keys) v1 ==== 1074+0+0 (secure 0 0 0) 0x7f82d40042c0 con 0x7f82e4107180
2023-09-23T09:21:32.233 INFO:teuthology.orchestra.run.smithi045.stdout:/usr/bin/ceph: stderr
2023-09-23T09:21:31.258+0000 7f82e159a700 1 -- 172.21.15.45:0/3572194187 <== mon.0 v2:172.21.15.45:3300/0 3 ==== mon_map magic: 0 v1 ==== 205+0+0 (secure 0 0 0) 0x7f82d4011a00 con 0x7f82e4107180
2023-09-23T09:21:32.233 INFO:teuthology.orchestra.run.smithi045.stdout:/usr/bin/ceph: stderr
2023-09-23T09:21:31.259+0000 7f82e89a7700 1 -- 172.21.15.45:0/3572194187 >> [v2:172.21.15.45:3300/0,v1:172.21.15.45:6789/0] conn(0x7f82e4107180 msgr2=0x7f82e4109570 secure :-1 s=STATE_CONNECTION_ESTABLISHED l=1).mark_down
2023-09-23T09:21:32.233 INFO:teuthology.orchestra.run.smithi045.stdout:/usr/bin/ceph: stderr
2023-09-23T09:21:31.259+0000 7f82e89a7700 1 --2- 172.21.15.45:0/3572194187 >> [v2:172.21.15.45:3300/0,v1:172.21.15.45:6789/0] conn(0x7f82e4107180 0x7f82e4109570 secure :-1 s=READY pgs=39 cs=0 l=1 rev1=1 crypto rx=0x7f82d40098a0 tx=0x7f82d4009bb0 comp rx=0 tx=0).stop
2023-09-23T09:21:32.233 INFO:teuthology.orchestra.run.smithi045.stdout:/usr/bin/ceph: stderr
2023-09-23T09:21:31.259+0000 7f82e89a7700 1 -- 172.21.15.45:0/3572194187 shutdown_connections
2023-09-23T09:21:32.233 INFO:teuthology.orchestra.run.smithi045.stdout:/usr/bin/ceph: stderr
2023-09-23T09:21:31.259+0000 7f82e89a7700 1 --2- 172.21.15.45:0/3572194187 >> [v2:172.21.15.45:3300/0,v1:172.21.15.45:6789/0] conn(0x7f82e4107180 0x7f82e4109570 unknown :-1 s=CLOSED pgs=39 cs=0 l=1 rev1=1 crypto rx=0 tx=0 comp rx=0 tx=0).stop
2023-09-23T09:21:32.233 INFO:teuthology.orchestra.run.smithi045.stdout:/usr/bin/ceph: stderr
2023-09-23T09:21:31.259+0000 7f82e89a7700 1 -- 172.21.15.45:0/3572194187 >> 172.21.15.45:0/3572194187 conn(0x7f82e4100b10 msgr2=0x7f82e4102f30 unknown :-1 s=STATE_NONE l=0).mark_down
2023-09-23T09:21:32.233 INFO:teuthology.orchestra.run.smithi045.stdout:/usr/bin/ceph: stderr
2023-09-23T09:21:31.259+0000 7f82e89a7700 1 -- 172.21.15.45:0/3572194187 shutdown_connections
2023-09-23T09:21:32.233 INFO:teuthology.orchestra.run.smithi045.stdout:/usr/bin/ceph: stderr
2023-09-23T09:21:31.259+0000 7f82e89a7700 1 -- 172.21.15.45:0/3572194187 wait complete.
2023-09-23T09:21:32.234 INFO:teuthology.orchestra.run.smithi045.stdout:/usr/bin/ceph: stderr
2023-09-23T09:21:31.259+0000 7f82e89a7700 1 Processor -- start
2023-09-23T09:21:32.234 INFO:teuthology.orchestra.run.smithi045.stdout:/usr/bin/ceph: stderr
2023-09-23T09:21:31.260+0000 7f82e89a7700 1 -- start start
2023-09-23T09:21:32.234 INFO:teuthology.orchestra.run.smithi045.stdout:/usr/bin/ceph: stderr
2023-09-23T09:21:31.260+0000 7f82e89a7700 1 --2- >> [v2:172.21.15.45:3300/0,v1:172.21.15.45:6789/0] conn(0x7f82e4107180 0x7f82e4106ae0 unknown :-1 s=NONE pgs=0 cs=0 l=1 rev1=0 crypto rx=0 tx=0 comp rx=0 tx=0).connect
2023-09-23T09:21:32.234 INFO:teuthology.orchestra.run.smithi045.stdout:/usr/bin/ceph: stderr
2023-09-23T09:21:31.260+0000 7f82e89a7700 1 -- --> [v2:172.21.15.45:3300/0,v1:172.21.15.45:6789/0] -- mon_getmap magic: 0 v1 -- 0x7f82e4107020 con 0x7f82e4107180
2023-09-23T09:21:32.234 INFO:teuthology.orchestra.run.smithi045.stdout:/usr/bin/ceph: stderr
2023-09-23T09:21:31.260+0000 7f82e259c700 1 --2- >> [v2:172.21.15.45:3300/0,v1:172.21.15.45:6789/0] conn(0x7f82e4107180 0x7f82e4106ae0 unknown :-1 s=BANNER_CONNECTING pgs=0 cs=0 l=1 rev1=0 crypto rx=0 tx=0 comp rx=0 tx=0)._handle_peer_banner_payload supported=3 required=0
2023-09-23T09:21:32.234 INFO:teuthology.orchestra.run.smithi045.stdout:/usr/bin/ceph: stderr
2023-09-23T09:21:31.260+0000 7f82e259c700 1 --2- >> [v2:172.21.15.45:3300/0,v1:172.21.15.45:6789/0] conn(0x7f82e4107180 0x7f82e4106ae0 unknown :-1 s=HELLO_CONNECTING pgs=0 cs=0 l=1 rev1=1 crypto rx=0 tx=0 comp rx=0 tx=0).handle_hello peer v2:172.21.15.45:3300/0 says I am v2:172.21.15.45:57624/0 (socket says 172.21.15.45:57624)
2023-09-23T09:21:32.234 INFO:teuthology.orchestra.run.smithi045.stdout:/usr/bin/ceph: stderr
2023-09-23T09:21:31.260+0000 7f82e259c700 1 -- 172.21.15.45:0/2742937802 learned_addr learned my addr 172.21.15.45:0/2742937802 (peer_addr_for_me v2:172.21.15.45:0/0)
2023-09-23T09:21:32.234 INFO:teuthology.orchestra.run.smithi045.stdout:/usr/bin/ceph: stderr
2023-09-23T09:21:31.260+0000 7f82e259c700 1 -- 172.21.15.45:0/2742937802 --> [v2:172.21.15.45:3300/0,v1:172.21.15.45:6789/0] -- mon_subscribe({config=0+,monmap=0+}) v3 -- 0x7f82d4009550 con 0x7f82e4107180
2023-09-23T09:21:32.234 INFO:teuthology.orchestra.run.smithi045.stdout:/usr/bin/ceph: stderr
2023-09-23T09:21:31.260+0000 7f82e259c700 1 --2- 172.21.15.45:0/2742937802 >> [v2:172.21.15.45:3300/0,v1:172.21.15.45:6789/0] conn(0x7f82e4107180 0x7f82e4106ae0 secure :-1 s=READY pgs=40 cs=0 l=1 rev1=1 crypto rx=0x7f82d4006af0 tx=0x7f82d4011ad0 comp rx=0 tx=0).ready entity=mon.0 client_cookie=0 server_cookie=0 in_seq=0 out_seq=0
2023-09-23T09:21:32.234 INFO:teuthology.orchestra.run.smithi045.stdout:/usr/bin/ceph: stderr
2023-09-23T09:21:31.260+0000 7f82d37fe700 1 -- 172.21.15.45:0/2742937802 <== mon.0 v2:172.21.15.45:3300/0 1 ==== mon_map magic: 0 v1 ==== 205+0+0 (secure 0 0 0) 0x7f82d4003a40 con 0x7f82e4107180
2023-09-23T09:21:32.234 INFO:teuthology.orchestra.run.smithi045.stdout:/usr/bin/ceph: stderr
2023-09-23T09:21:31.260+0000 7f82e89a7700 1 -- 172.21.15.45:0/2742937802 --> [v2:172.21.15.45:3300/0,v1:172.21.15.45:6789/0] -- mon_subscribe({mgrmap=0+}) v3 -- 0x7f82e4105130 con 0x7f82e4107180
2023-09-23T09:21:32.234 INFO:teuthology.orchestra.run.smithi045.stdout:/usr/bin/ceph: stderr
2023-09-23T09:21:31.260+0000 7f82d37fe700 1 -- 172.21.15.45:0/2742937802 <== mon.0 v2:172.21.15.45:3300/0 2 ==== config(26 keys) v1 ==== 1074+0+0 (secure 0 0 0) 0x7f82d4003ba0 con 0x7f82e4107180
2023-09-23T09:21:32.235 INFO:teuthology.orchestra.run.smithi045.stdout:/usr/bin/ceph: stderr
2023-09-23T09:21:31.260+0000 7f82d37fe700 1 -- 172.21.15.45:0/2742937802 <== mon.0 v2:172.21.15.45:3300/0 3 ==== mon_map magic: 0 v1 ==== 205+0+0 (secure 0 0 0) 0x7f82d401a6e0 con 0x7f82e4107180
2023-09-23T09:21:32.235 INFO:teuthology.orchestra.run.smithi045.stdout:/usr/bin/ceph: stderr
2023-09-23T09:21:31.261+0000 7f82e89a7700 1 -- 172.21.15.45:0/2742937802 --> [v2:172.21.15.45:3300/0,v1:172.21.15.45:6789/0] -- mon_subscribe({osdmap=0}) v3 -- 0x7f82e4105550 con 0x7f82e4107180
2023-09-23T09:21:32.235 INFO:teuthology.orchestra.run.smithi045.stdout:/usr/bin/ceph: stderr
2023-09-23T09:21:31.261+0000 7f82d37fe700 1 -- 172.21.15.45:0/2742937802 <== mon.0 v2:172.21.15.45:3300/0 4 ==== mgrmap(e 8) v1 ==== 45642+0+0 (secure 0 0 0) 0x7f82d401a950 con 0x7f82e4107180
2023-09-23T09:21:32.235 INFO:teuthology.orchestra.run.smithi045.stdout:/usr/bin/ceph: stderr
2023-09-23T09:21:31.261+0000 7f82d37fe700 1 --2- 172.21.15.45:0/2742937802 >> [v2:172.21.15.45:6800/1791488577,v1:172.21.15.45:6801/1791488577] conn(0x7f82cc038990 0x7f82cc03ae50 unknown :-1 s=NONE pgs=0 cs=0 l=1 rev1=0 crypto rx=0 tx=0 comp rx=0 tx=0).connect
2023-09-23T09:21:32.235 INFO:teuthology.orchestra.run.smithi045.stdout:/usr/bin/ceph: stderr
2023-09-23T09:21:31.262+0000 7f82d37fe700 1 -- 172.21.15.45:0/2742937802 <== mon.0 v2:172.21.15.45:3300/0 5 ==== osd_map(2..2 src has 1..2) v4 ==== 940+0+0 (secure 0 0 0) 0x7f82d404c9d0 con 0x7f82e4107180
2023-09-23T09:21:32.235 INFO:teuthology.orchestra.run.smithi045.stdout:/usr/bin/ceph: stderr
2023-09-23T09:21:31.262+0000 7f82e1d9b700 1 --2- 172.21.15.45:0/2742937802 >> [v2:172.21.15.45:6800/1791488577,v1:172.21.15.45:6801/1791488577] conn(0x7f82cc038990 0x7f82cc03ae50 unknown :-1 s=BANNER_CONNECTING pgs=0 cs=0 l=1 rev1=0 crypto rx=0 tx=0 comp rx=0 tx=0)._handle_peer_banner_payload supported=3 required=0
2023-09-23T09:21:32.235 INFO:teuthology.orchestra.run.smithi045.stdout:/usr/bin/ceph: stderr
2023-09-23T09:21:31.262+0000 7f82e89a7700 1 -- 172.21.15.45:0/2742937802 --> [v2:172.21.15.45:3300/0,v1:172.21.15.45:6789/0] -- mon_command({"prefix": "get_command_descriptions"} v 0) v1 -- 0x7f82e410a7e0 con 0x7f82e4107180
2023-09-23T09:21:32.235 INFO:teuthology.orchestra.run.smithi045.stdout:/usr/bin/ceph: stderr
2023-09-23T09:21:31.262+0000 7f82e1d9b700 1 --2- 172.21.15.45:0/2742937802 >> [v2:172.21.15.45:6800/1791488577,v1:172.21.15.45:6801/1791488577] conn(0x7f82cc038990 0x7f82cc03ae50 secure :-1 s=READY pgs=8 cs=0 l=1 rev1=1 crypto rx=0x7f82d8006fd0 tx=0x7f82d8006e40 comp rx=0 tx=0).ready entity=mgr.14120 client_cookie=0 server_cookie=0 in_seq=0 out_seq=0
2023-09-23T09:21:32.235 INFO:teuthology.orchestra.run.smithi045.stdout:/usr/bin/ceph: stderr
2023-09-23T09:21:31.267+0000 7f82d37fe700 1 -- 172.21.15.45:0/2742937802 <== mon.0 v2:172.21.15.45:3300/0 6 ==== mon_command_ack([{"prefix": "get_command_descriptions"}]=0 v0) v1 ==== 72+0+179873 (secure 0 0 0) 0x7f82d401ac00 con 0x7f82e4107180
2023-09-23T09:21:32.235 INFO:teuthology.orchestra.run.smithi045.stdout:/usr/bin/ceph: stderr
2023-09-23T09:21:31.633+0000 7f82e89a7700 1 -- 172.21.15.45:0/2742937802 --> [v2:172.21.15.45:6800/1791488577,v1:172.21.15.45:6801/1791488577] -- mgr_command(tid 0: {"prefix": "cephadm set-user", "user": "root", "target": ["mon-mgr", ""]}) v1 -- 0x7f82e4105c60 con 0x7f82cc038990
2023-09-23T09:21:32.235 INFO:teuthology.orchestra.run.smithi045.stdout:/usr/bin/ceph: stderr
2023-09-23T09:21:31.633+0000 7f82d37fe700 1 -- 172.21.15.45:0/2742937802 <== mgr.14120 v2:172.21.15.45:6800/1791488577 1 ==== mgr_command_reply(tid 0: 0 ) v1 ==== 8+0+16 (secure 0 0 0) 0x7f82e4105c60 con 0x7f82cc038990
2023-09-23T09:21:32.236 INFO:teuthology.orchestra.run.smithi045.stdout:/usr/bin/ceph: stderr
2023-09-23T09:21:31.635+0000 7f82e89a7700 1 -- 172.21.15.45:0/2742937802 >> [v2:172.21.15.45:6800/1791488577,v1:172.21.15.45:6801/1791488577] conn(0x7f82cc038990 msgr2=0x7f82cc03ae50 secure :-1 s=STATE_CONNECTION_ESTABLISHED l=1).mark_down
2023-09-23T09:21:32.236 INFO:teuthology.orchestra.run.smithi045.stdout:/usr/bin/ceph: stderr
2023-09-23T09:21:31.635+0000 7f82e89a7700 1 --2- 172.21.15.45:0/2742937802 >> [v2:172.21.15.45:6800/1791488577,v1:172.21.15.45:6801/1791488577] conn(0x7f82cc038990 0x7f82cc03ae50 secure :-1 s=READY pgs=8 cs=0 l=1 rev1=1 crypto rx=0x7f82d8006fd0 tx=0x7f82d8006e40 comp rx=0 tx=0).stop
2023-09-23T09:21:32.236 INFO:teuthology.orchestra.run.smithi045.stdout:/usr/bin/ceph: stderr
2023-09-23T09:21:31.635+0000 7f82e89a7700 1 -- 172.21.15.45:0/2742937802 >> [v2:172.21.15.45:3300/0,v1:172.21.15.45:6789/0] conn(0x7f82e4107180 msgr2=0x7f82e4106ae0 secure :-1 s=STATE_CONNECTION_ESTABLISHED l=1).mark_down
2023-09-23T09:21:32.236 INFO:teuthology.orchestra.run.smithi045.stdout:/usr/bin/ceph: stderr
2023-09-23T09:21:31.635+0000 7f82e89a7700 1 --2- 172.21.15.45:0/2742937802 >> [v2:172.21.15.45:3300/0,v1:172.21.15.45:6789/0] conn(0x7f82e4107180 0x7f82e4106ae0 secure :-1 s=READY pgs=40 cs=0 l=1 rev1=1 crypto rx=0x7f82d4006af0 tx=0x7f82d4011ad0 comp rx=0 tx=0).stop
2023-09-23T09:21:32.236 INFO:teuthology.orchestra.run.smithi045.stdout:/usr/bin/ceph: stderr
2023-09-23T09:21:31.636+0000 7f82e89a7700 1 -- 172.21.15.45:0/2742937802 shutdown_connections
2023-09-23T09:21:32.236 INFO:teuthology.orchestra.run.smithi045.stdout:/usr/bin/ceph: stderr
2023-09-23T09:21:31.636+0000 7f82e89a7700 1 --2- 172.21.15.45:0/2742937802 >> [v2:172.21.15.45:6800/1791488577,v1:172.21.15.45:6801/1791488577] conn(0x7f82cc038990 0x7f82cc03ae50 unknown :-1 s=CLOSED pgs=8 cs=0 l=1 rev1=1 crypto rx=0 tx=0 comp rx=0 tx=0).stop
2023-09-23T09:21:32.236 INFO:teuthology.orchestra.run.smithi045.stdout:/usr/bin/ceph: stderr
2023-09-23T09:21:31.636+0000 7f82e89a7700 1 --2- 172.21.15.45:0/2742937802 >> [v2:172.21.15.45:3300/0,v1:172.21.15.45:6789/0] conn(0x7f82e4107180 0x7f82e4106ae0 unknown :-1 s=CLOSED pgs=40 cs=0 l=1 rev1=1 crypto rx=0 tx=0 comp rx=0 tx=0).stop
2023-09-23T09:21:32.236 INFO:teuthology.orchestra.run.smithi045.stdout:/usr/bin/ceph: stderr
2023-09-23T09:21:31.636+0000 7f82e89a7700 1 -- 172.21.15.45:0/2742937802 >> 172.21.15.45:0/2742937802 conn(0x7f82e4100b10 msgr2=0x7f82e4101760 unknown :-1 s=STATE_NONE l=0).mark_down
2023-09-23T09:21:32.236 INFO:teuthology.orchestra.run.smithi045.stdout:/usr/bin/ceph: stderr
2023-09-23T09:21:31.636+0000 7f82e89a7700 1 -- 172.21.15.45:0/2742937802 shutdown_connections
2023-09-23T09:21:32.236 INFO:teuthology.orchestra.run.smithi045.stdout:/usr/bin/ceph: stderr
2023-09-23T09:21:31.636+0000 7f82e89a7700 1 -- 172.21.15.45:0/2742937802 wait complete.
2023-09-23T09:21:32.236 INFO:teuthology.orchestra.run.smithi045.stdout:Generating ssh key...
2023-09-23T09:21:32.478 INFO:journalctl@ceph.mon.a.smithi045.stdout:Sep 23 09:21:32 smithi045 ceph-mon[98627]: from='client.14134 -' entity='client.admin' cmd=[{"prefix": "cephadm set-user", "user": "root", "target": ["mon-mgr", ""]}]: dispatch
2023-09-23T09:21:33.794 INFO:journalctl@ceph.mgr.x.smithi045.stdout:Sep 23 09:21:33 smithi045 ceph-654e5bfa-59f2-11ee-8db4-212e2dc638e7-mgr-x[98868]: Generating public/private rsa key pair.
2023-09-23T09:21:33.794 INFO:journalctl@ceph.mgr.x.smithi045.stdout:Sep 23 09:21:33 smithi045 ceph-654e5bfa-59f2-11ee-8db4-212e2dc638e7-mgr-x[98868]: Your identification has been saved in /tmp/tmpmljzvijk/key.
2023-09-23T09:21:33.794 INFO:journalctl@ceph.mgr.x.smithi045.stdout:Sep 23 09:21:33 smithi045 ceph-654e5bfa-59f2-11ee-8db4-212e2dc638e7-mgr-x[98868]: Your public key has been saved in /tmp/tmpmljzvijk/key.pub.
2023-09-23T09:21:33.794 INFO:journalctl@ceph.mgr.x.smithi045.stdout:Sep 23 09:21:33 smithi045 ceph-654e5bfa-59f2-11ee-8db4-212e2dc638e7-mgr-x[98868]: The key fingerprint is:
2023-09-23T09:21:33.794 INFO:journalctl@ceph.mgr.x.smithi045.stdout:Sep 23 09:21:33 smithi045 ceph-654e5bfa-59f2-11ee-8db4-212e2dc638e7-mgr-x[98868]: SHA256:RaO1KTcVTyY7n1n1mYZAPFPnAHwIosWAidT8DHcU8B4 ceph-654e5bfa-59f2-11ee-8db4-212e2dc638e7
2023-09-23T09:21:33.794 INFO:journalctl@ceph.mgr.x.smithi045.stdout:Sep 23 09:21:33 smithi045 ceph-654e5bfa-59f2-11ee-8db4-212e2dc638e7-mgr-x[98868]: The key's randomart image is:
2023-09-23T09:21:33.795 INFO:journalctl@ceph.mgr.x.smithi045.stdout:Sep 23 09:21:33 smithi045 ceph-654e5bfa-59f2-11ee-8db4-212e2dc638e7-mgr-x[98868]: +---[RSA 3072]----+
2023-09-23T09:21:33.795 INFO:journalctl@ceph.mgr.x.smithi045.stdout:Sep 23 09:21:33 smithi045 ceph-654e5bfa-59f2-11ee-8db4-212e2dc638e7-mgr-x[98868]: |..+ oo==..O+B+o..|
2023-09-23T09:21:33.795 INFO:journalctl@ceph.mgr.x.smithi045.stdout:Sep 23 09:21:33 smithi045 ceph-654e5bfa-59f2-11ee-8db4-212e2dc638e7-mgr-x[98868]: | . * .+o.+ @.B= =|
2023-09-23T09:21:33.795 INFO:journalctl@ceph.mgr.x.smithi045.stdout:Sep 23 09:21:33 smithi045 ceph-654e5bfa-59f2-11ee-8db4-212e2dc638e7-mgr-x[98868]: | =..Eo * *..=o|
2023-09-23T09:21:33.795 INFO:journalctl@ceph.mgr.x.smithi045.stdout:Sep 23 09:21:33 smithi045 ceph-654e5bfa-59f2-11ee-8db4-212e2dc638e7-mgr-x[98868]: | o. .+ . o.+ |
2023-09-23T09:21:33.795 INFO:journalctl@ceph.mgr.x.smithi045.stdout:Sep 23 09:21:33 smithi045 ceph-654e5bfa-59f2-11ee-8db4-212e2dc638e7-mgr-x[98868]: | .S + |
2023-09-23T09:21:33.795 INFO:journalctl@ceph.mgr.x.smithi045.stdout:Sep 23 09:21:33 smithi045 ceph-654e5bfa-59f2-11ee-8db4-212e2dc638e7-mgr-x[98868]: | |
2023-09-23T09:21:33.795 INFO:journalctl@ceph.mgr.x.smithi045.stdout:Sep 23 09:21:33 smithi045 ceph-654e5bfa-59f2-11ee-8db4-212e2dc638e7-mgr-x[98868]: | |
2023-09-23T09:21:33.796 INFO:journalctl@ceph.mgr.x.smithi045.stdout:Sep 23 09:21:33 smithi045 ceph-654e5bfa-59f2-11ee-8db4-212e2dc638e7-mgr-x[98868]: | |
2023-09-23T09:21:33.796 INFO:journalctl@ceph.mgr.x.smithi045.stdout:Sep 23 09:21:33 smithi045 ceph-654e5bfa-59f2-11ee-8db4-212e2dc638e7-mgr-x[98868]: | |
2023-09-23T09:21:33.796 INFO:journalctl@ceph.mgr.x.smithi045.stdout:Sep 23 09:21:33 smithi045 ceph-654e5bfa-59f2-11ee-8db4-212e2dc638e7-mgr-x[98868]: +----[SHA256]-----+
2023-09-23T09:21:33.880 INFO:teuthology.orchestra.run.smithi045.stdout:/usr/bin/ceph: stderr
2023-09-23T09:21:32.721+0000 7ff665212700 1 Processor -- start
2023-09-23T09:21:33.880 INFO:teuthology.orchestra.run.smithi045.stdout:/usr/bin/ceph: stderr
2023-09-23T09:21:32.722+0000 7ff665212700 1 -- start start
2023-09-23T09:21:33.880 INFO:teuthology.orchestra.run.smithi045.stdout:/usr/bin/ceph: stderr
2023-09-23T09:21:32.722+0000 7ff665212700 1 --2- >> [v2:172.21.15.45:3300/0,v1:172.21.15.45:6789/0] conn(0x7ff660106660 0x7ff660106a80 unknown :-1 s=NONE pgs=0 cs=0 l=0 rev1=0 crypto rx=0 tx=0 comp rx=0 tx=0).connect
2023-09-23T09:21:33.880 INFO:teuthology.orchestra.run.smithi045.stdout:/usr/bin/ceph: stderr
2023-09-23T09:21:32.722+0000 7ff665212700 1 -- --> [v2:172.21.15.45:3300/0,v1:172.21.15.45:6789/0] -- mon_getmap magic: 0 v1 -- 0x7ff660107050 con 0x7ff660106660
2023-09-23T09:21:33.880 INFO:teuthology.orchestra.run.smithi045.stdout:/usr/bin/ceph: stderr
2023-09-23T09:21:32.722+0000 7ff65ed9d700 1 --2- >> [v2:172.21.15.45:3300/0,v1:172.21.15.45:6789/0] conn(0x7ff660106660 0x7ff660106a80 unknown :-1 s=BANNER_CONNECTING pgs=0 cs=0 l=0 rev1=0 crypto rx=0 tx=0 comp rx=0 tx=0)._handle_peer_banner_payload supported=3 required=0
2023-09-23T09:21:33.880 INFO:teuthology.orchestra.run.smithi045.stdout:/usr/bin/ceph: stderr
2023-09-23T09:21:32.722+0000 7ff65ed9d700 1 --2- >> [v2:172.21.15.45:3300/0,v1:172.21.15.45:6789/0] conn(0x7ff660106660 0x7ff660106a80 unknown :-1 s=HELLO_CONNECTING pgs=0 cs=0 l=0 rev1=1 crypto rx=0 tx=0 comp rx=0 tx=0).handle_hello peer v2:172.21.15.45:3300/0 says I am v2:172.21.15.45:57628/0 (socket says 172.21.15.45:57628)
2023-09-23T09:21:33.880 INFO:teuthology.orchestra.run.smithi045.stdout:/usr/bin/ceph: stderr
2023-09-23T09:21:32.722+0000 7ff65ed9d700 1 -- 172.21.15.45:0/3033254707 learned_addr learned my addr 172.21.15.45:0/3033254707 (peer_addr_for_me v2:172.21.15.45:0/0)
2023-09-23T09:21:33.880 INFO:teuthology.orchestra.run.smithi045.stdout:/usr/bin/ceph: stderr
2023-09-23T09:21:32.722+0000 7ff65ed9d700 1 -- 172.21.15.45:0/3033254707 --> [v2:172.21.15.45:3300/0,v1:172.21.15.45:6789/0] -- mon_subscribe({config=0+,monmap=0+}) v3 -- 0x7ff660107860 con 0x7ff660106660
2023-09-23T09:21:33.880 INFO:teuthology.orchestra.run.smithi045.stdout:/usr/bin/ceph: stderr
2023-09-23T09:21:32.722+0000 7ff65ed9d700 1 --2- 172.21.15.45:0/3033254707 >> [v2:172.21.15.45:3300/0,v1:172.21.15.45:6789/0] conn(0x7ff660106660 0x7ff660106a80 secure :-1 s=READY pgs=41 cs=0 l=1 rev1=1 crypto rx=0x7ff6500098a0 tx=0x7ff650009bb0 comp rx=0 tx=0).ready entity=mon.0 client_cookie=b14adcd60ea81ae8 server_cookie=0 in_seq=0 out_seq=0
2023-09-23T09:21:33.880 INFO:teuthology.orchestra.run.smithi045.stdout:/usr/bin/ceph: stderr
2023-09-23T09:21:32.722+0000 7ff65dd9b700 1 -- 172.21.15.45:0/3033254707 <== mon.0 v2:172.21.15.45:3300/0 1 ==== mon_map magic: 0 v1 ==== 205+0+0 (secure 0 0 0) 0x7ff650004160 con 0x7ff660106660
2023-09-23T09:21:33.881 INFO:teuthology.orchestra.run.smithi045.stdout:/usr/bin/ceph: stderr
2023-09-23T09:21:32.723+0000 7ff65dd9b700 1 -- 172.21.15.45:0/3033254707 <== mon.0 v2:172.21.15.45:3300/0 2 ==== config(26 keys) v1 ==== 1074+0+0 (secure 0 0 0) 0x7ff6500042c0 con 0x7ff660106660
2023-09-23T09:21:33.881 INFO:teuthology.orchestra.run.smithi045.stdout:/usr/bin/ceph: stderr
2023-09-23T09:21:32.723+0000 7ff65dd9b700 1 -- 172.21.15.45:0/3033254707 <== mon.0 v2:172.21.15.45:3300/0 3 ==== mon_map magic: 0 v1 ==== 205+0+0 (secure 0 0 0) 0x7ff650011a00 con 0x7ff660106660
2023-09-23T09:21:33.881 INFO:teuthology.orchestra.run.smithi045.stdout:/usr/bin/ceph: stderr
2023-09-23T09:21:32.723+0000 7ff665212700 1 -- 172.21.15.45:0/3033254707 >> [v2:172.21.15.45:3300/0,v1:172.21.15.45:6789/0] conn(0x7ff660106660 msgr2=0x7ff660106a80 secure :-1 s=STATE_CONNECTION_ESTABLISHED l=1).mark_down
2023-09-23T09:21:33.881 INFO:teuthology.orchestra.run.smithi045.stdout:/usr/bin/ceph: stderr
2023-09-23T09:21:32.723+0000 7ff665212700 1 --2- 172.21.15.45:0/3033254707 >> [v2:172.21.15.45:3300/0,v1:172.21.15.45:6789/0] conn(0x7ff660106660 0x7ff660106a80 secure :-1 s=READY pgs=41 cs=0 l=1 rev1=1 crypto rx=0x7ff6500098a0 tx=0x7ff650009bb0 comp rx=0 tx=0).stop
2023-09-23T09:21:33.881 INFO:teuthology.orchestra.run.smithi045.stdout:/usr/bin/ceph: stderr
2023-09-23T09:21:32.723+0000 7ff665212700 1 -- 172.21.15.45:0/3033254707 shutdown_connections
2023-09-23T09:21:33.881 INFO:teuthology.orchestra.run.smithi045.stdout:/usr/bin/ceph: stderr
2023-09-23T09:21:32.723+0000 7ff665212700 1 --2- 172.21.15.45:0/3033254707 >> [v2:172.21.15.45:3300/0,v1:172.21.15.45:6789/0] conn(0x7ff660106660 0x7ff660106a80 unknown :-1 s=CLOSED pgs=41 cs=0 l=1 rev1=1 crypto rx=0 tx=0 comp rx=0 tx=0).stop
2023-09-23T09:21:33.881 INFO:teuthology.orchestra.run.smithi045.stdout:/usr/bin/ceph: stderr
2023-09-23T09:21:32.723+0000 7ff665212700 1 -- 172.21.15.45:0/3033254707 >> 172.21.15.45:0/3033254707 conn(0x7ff660101c40 msgr2=0x7ff660104060 unknown :-1 s=STATE_NONE l=0).mark_down
2023-09-23T09:21:33.881 INFO:teuthology.orchestra.run.smithi045.stdout:/usr/bin/ceph: stderr
2023-09-23T09:21:32.723+0000 7ff665212700 1 -- 172.21.15.45:0/3033254707 shutdown_connections
2023-09-23T09:21:33.881 INFO:teuthology.orchestra.run.smithi045.stdout:/usr/bin/ceph: stderr
2023-09-23T09:21:32.723+0000 7ff665212700 1 -- 172.21.15.45:0/3033254707 wait complete.
2023-09-23T09:21:33.881 INFO:teuthology.orchestra.run.smithi045.stdout:/usr/bin/ceph: stderr
2023-09-23T09:21:32.724+0000 7ff665212700 1 Processor -- start
2023-09-23T09:21:33.881 INFO:teuthology.orchestra.run.smithi045.stdout:/usr/bin/ceph: stderr
2023-09-23T09:21:32.724+0000 7ff665212700 1 -- start start
2023-09-23T09:21:33.882 INFO:teuthology.orchestra.run.smithi045.stdout:/usr/bin/ceph: stderr
2023-09-23T09:21:32.724+0000 7ff665212700 1 --2- >> [v2:172.21.15.45:3300/0,v1:172.21.15.45:6789/0] conn(0x7ff660106660 0x7ff66007bc50 unknown :-1 s=NONE pgs=0 cs=0 l=1 rev1=0 crypto rx=0 tx=0 comp rx=0 tx=0).connect
2023-09-23T09:21:33.882 INFO:teuthology.orchestra.run.smithi045.stdout:/usr/bin/ceph: stderr
2023-09-23T09:21:32.724+0000 7ff665212700 1 -- --> [v2:172.21.15.45:3300/0,v1:172.21.15.45:6789/0] -- mon_getmap magic: 0 v1 -- 0x7ff66007c190 con 0x7ff660106660
2023-09-23T09:21:33.882 INFO:teuthology.orchestra.run.smithi045.stdout:/usr/bin/ceph: stderr
2023-09-23T09:21:32.724+0000 7ff65ed9d700 1 --2- >> [v2:172.21.15.45:3300/0,v1:172.21.15.45:6789/0] conn(0x7ff660106660 0x7ff66007bc50 unknown :-1 s=BANNER_CONNECTING pgs=0 cs=0 l=1 rev1=0 crypto rx=0 tx=0 comp rx=0 tx=0)._handle_peer_banner_payload supported=3 required=0
2023-09-23T09:21:33.882 INFO:teuthology.orchestra.run.smithi045.stdout:/usr/bin/ceph: stderr
2023-09-23T09:21:32.724+0000 7ff65ed9d700 1 --2- >> [v2:172.21.15.45:3300/0,v1:172.21.15.45:6789/0] conn(0x7ff660106660 0x7ff66007bc50 unknown :-1 s=HELLO_CONNECTING pgs=0 cs=0 l=1 rev1=1 crypto rx=0 tx=0 comp rx=0 tx=0).handle_hello peer v2:172.21.15.45:3300/0 says I am v2:172.21.15.45:57630/0 (socket says 172.21.15.45:57630)
2023-09-23T09:21:33.882 INFO:teuthology.orchestra.run.smithi045.stdout:/usr/bin/ceph: stderr
2023-09-23T09:21:32.724+0000 7ff65ed9d700 1 -- 172.21.15.45:0/1344932258 learned_addr learned my addr 172.21.15.45:0/1344932258 (peer_addr_for_me v2:172.21.15.45:0/0)
2023-09-23T09:21:33.882 INFO:teuthology.orchestra.run.smithi045.stdout:/usr/bin/ceph: stderr
2023-09-23T09:21:32.725+0000 7ff65ed9d700 1 -- 172.21.15.45:0/1344932258 --> [v2:172.21.15.45:3300/0,v1:172.21.15.45:6789/0] -- mon_subscribe({config=0+,monmap=0+}) v3 -- 0x7ff650009550 con 0x7ff660106660
2023-09-23T09:21:33.882 INFO:teuthology.orchestra.run.smithi045.stdout:/usr/bin/ceph: stderr
2023-09-23T09:21:32.725+0000 7ff65ed9d700 1 --2- 172.21.15.45:0/1344932258 >> [v2:172.21.15.45:3300/0,v1:172.21.15.45:6789/0] conn(0x7ff660106660 0x7ff66007bc50 secure :-1 s=READY pgs=42 cs=0 l=1 rev1=1 crypto rx=0x7ff650009fb0 tx=0x7ff650011ad0 comp rx=0 tx=0).ready entity=mon.0 client_cookie=0 server_cookie=0 in_seq=0 out_seq=0
2023-09-23T09:21:33.882 INFO:teuthology.orchestra.run.smithi045.stdout:/usr/bin/ceph: stderr
2023-09-23T09:21:32.725+0000 7ff657fff700 1 -- 172.21.15.45:0/1344932258 <== mon.0 v2:172.21.15.45:3300/0 1 ==== mon_map magic: 0 v1 ==== 205+0+0 (secure 0 0 0) 0x7ff650003930 con 0x7ff660106660
2023-09-23T09:21:33.882 INFO:teuthology.orchestra.run.smithi045.stdout:/usr/bin/ceph: stderr
2023-09-23T09:21:32.725+0000 7ff657fff700 1 -- 172.21.15.45:0/1344932258 <== mon.0 v2:172.21.15.45:3300/0 2 ==== config(26 keys) v1 ==== 1074+0+0 (secure 0 0 0) 0x7ff650003a90 con 0x7ff660106660
2023-09-23T09:21:33.882 INFO:teuthology.orchestra.run.smithi045.stdout:/usr/bin/ceph: stderr
2023-09-23T09:21:32.725+0000 7ff665212700 1 -- 172.21.15.45:0/1344932258 --> [v2:172.21.15.45:3300/0,v1:172.21.15.45:6789/0] -- mon_subscribe({mgrmap=0+}) v3 -- 0x7ff66007a2a0 con 0x7ff660106660
2023-09-23T09:21:33.883 INFO:teuthology.orchestra.run.smithi045.stdout:/usr/bin/ceph: stderr
2023-09-23T09:21:32.725+0000 7ff657fff700 1 -- 172.21.15.45:0/1344932258 <== mon.0 v2:172.21.15.45:3300/0 3 ==== mon_map magic: 0 v1 ==== 205+0+0 (secure 0 0 0) 0x7ff6500195e0 con 0x7ff660106660
2023-09-23T09:21:33.883 INFO:teuthology.orchestra.run.smithi045.stdout:/usr/bin/ceph: stderr
2023-09-23T09:21:32.725+0000 7ff665212700 1 -- 172.21.15.45:0/1344932258 --> [v2:172.21.15.45:3300/0,v1:172.21.15.45:6789/0] -- mon_subscribe({osdmap=0}) v3 -- 0x7ff66007a6c0 con 0x7ff660106660
2023-09-23T09:21:33.883 INFO:teuthology.orchestra.run.smithi045.stdout:/usr/bin/ceph: stderr
2023-09-23T09:21:32.726+0000 7ff657fff700 1 -- 172.21.15.45:0/1344932258 <== mon.0 v2:172.21.15.45:3300/0 4 ==== mgrmap(e 8) v1 ==== 45642+0+0 (secure 0 0 0) 0x7ff650019850 con 0x7ff660106660
2023-09-23T09:21:33.883 INFO:teuthology.orchestra.run.smithi045.stdout:/usr/bin/ceph: stderr
2023-09-23T09:21:32.726+0000 7ff665212700 1 -- 172.21.15.45:0/1344932258 --> [v2:172.21.15.45:3300/0,v1:172.21.15.45:6789/0] -- mon_command({"prefix": "get_command_descriptions"} v 0) v1 -- 0x7ff660062450 con 0x7ff660106660
2023-09-23T09:21:33.883 INFO:teuthology.orchestra.run.smithi045.stdout:/usr/bin/ceph: stderr
2023-09-23T09:21:32.726+0000 7ff657fff700 1 --2- 172.21.15.45:0/1344932258 >> [v2:172.21.15.45:6800/1791488577,v1:172.21.15.45:6801/1791488577] conn(0x7ff64c038940 0x7ff64c03ae00 unknown :-1 s=NONE pgs=0 cs=0 l=1 rev1=0 crypto rx=0 tx=0 comp rx=0 tx=0).connect
2023-09-23T09:21:33.883 INFO:teuthology.orchestra.run.smithi045.stdout:/usr/bin/ceph: stderr
2023-09-23T09:21:32.726+0000 7ff657fff700 1 -- 172.21.15.45:0/1344932258 <== mon.0 v2:172.21.15.45:3300/0 5 ==== osd_map(2..2 src has 1..2) v4 ==== 940+0+0 (secure 0 0 0) 0x7ff65004c990 con 0x7ff660106660
2023-09-23T09:21:33.883 INFO:teuthology.orchestra.run.smithi045.stdout:/usr/bin/ceph: stderr
2023-09-23T09:21:32.726+0000 7ff65e59c700 1 --2- 172.21.15.45:0/1344932258 >> [v2:172.21.15.45:6800/1791488577,v1:172.21.15.45:6801/1791488577] conn(0x7ff64c038940 0x7ff64c03ae00 unknown :-1 s=BANNER_CONNECTING pgs=0 cs=0 l=1 rev1=0 crypto rx=0 tx=0 comp rx=0 tx=0)._handle_peer_banner_payload supported=3 required=0
2023-09-23T09:21:33.883 INFO:teuthology.orchestra.run.smithi045.stdout:/usr/bin/ceph: stderr
2023-09-23T09:21:32.727+0000 7ff65e59c700 1 --2- 172.21.15.45:0/1344932258 >> [v2:172.21.15.45:6800/1791488577,v1:172.21.15.45:6801/1791488577] conn(0x7ff64c038940 0x7ff64c03ae00 secure :-1 s=READY pgs=9 cs=0 l=1 rev1=1 crypto rx=0x7ff648006fd0 tx=0x7ff648006e40 comp rx=0 tx=0).ready entity=mgr.14120 client_cookie=0 server_cookie=0 in_seq=0 out_seq=0
2023-09-23T09:21:33.883 INFO:teuthology.orchestra.run.smithi045.stdout:/usr/bin/ceph: stderr
2023-09-23T09:21:32.731+0000 7ff657fff700 1 -- 172.21.15.45:0/1344932258 <== mon.0 v2:172.21.15.45:3300/0 6 ==== mon_command_ack([{"prefix": "get_command_descriptions"}]=0 v0) v1 ==== 72+0+179873 (secure 0 0 0) 0x7ff65002b340 con 0x7ff660106660
2023-09-23T09:21:33.883 INFO:teuthology.orchestra.run.smithi045.stdout:/usr/bin/ceph: stderr
2023-09-23T09:21:33.094+0000 7ff665212700 1 -- 172.21.15.45:0/1344932258 --> [v2:172.21.15.45:6800/1791488577,v1:172.21.15.45:6801/1791488577] -- mgr_command(tid 0: {"prefix": "cephadm generate-key", "target": ["mon-mgr", ""]}) v1 -- 0x7ff66010aa60 con 0x7ff64c038940
2023-09-23T09:21:33.883 INFO:teuthology.orchestra.run.smithi045.stdout:/usr/bin/ceph: stderr
2023-09-23T09:21:33.507+0000 7ff657fff700 1 -- 172.21.15.45:0/1344932258 <== mgr.14120 v2:172.21.15.45:6800/1791488577 1 ==== mgr_command_reply(tid 0: 0 ) v1 ==== 8+0+0 (secure 0 0 0) 0x7ff66010aa60 con 0x7ff64c038940
2023-09-23T09:21:33.884 INFO:teuthology.orchestra.run.smithi045.stdout:/usr/bin/ceph: stderr
2023-09-23T09:21:33.509+0000 7ff665212700 1 -- 172.21.15.45:0/1344932258 >> [v2:172.21.15.45:6800/1791488577,v1:172.21.15.45:6801/1791488577] conn(0x7ff64c038940 msgr2=0x7ff64c03ae00 secure :-1 s=STATE_CONNECTION_ESTABLISHED l=1).mark_down
2023-09-23T09:21:33.884 INFO:teuthology.orchestra.run.smithi045.stdout:/usr/bin/ceph: stderr
2023-09-23T09:21:33.509+0000 7ff665212700 1 --2- 172.21.15.45:0/1344932258 >> [v2:172.21.15.45:6800/1791488577,v1:172.21.15.45:6801/1791488577] conn(0x7ff64c038940 0x7ff64c03ae00 secure :-1 s=READY pgs=9 cs=0 l=1 rev1=1 crypto rx=0x7ff648006fd0 tx=0x7ff648006e40 comp rx=0 tx=0).stop
2023-09-23T09:21:33.884 INFO:teuthology.orchestra.run.smithi045.stdout:/usr/bin/ceph: stderr
2023-09-23T09:21:33.509+0000 7ff665212700 1 -- 172.21.15.45:0/1344932258 >> [v2:172.21.15.45:3300/0,v1:172.21.15.45:6789/0] conn(0x7ff660106660 msgr2=0x7ff66007bc50 secure :-1 s=STATE_CONNECTION_ESTABLISHED l=1).mark_down
2023-09-23T09:21:33.884 INFO:teuthology.orchestra.run.smithi045.stdout:/usr/bin/ceph: stderr
2023-09-23T09:21:33.509+0000 7ff665212700 1 --2- 172.21.15.45:0/1344932258 >> [v2:172.21.15.45:3300/0,v1:172.21.15.45:6789/0] conn(0x7ff660106660 0x7ff66007bc50 secure :-1 s=READY pgs=42 cs=0 l=1 rev1=1 crypto rx=0x7ff650009fb0 tx=0x7ff650011ad0 comp rx=0 tx=0).stop
2023-09-23T09:21:33.884 INFO:teuthology.orchestra.run.smithi045.stdout:/usr/bin/ceph: stderr
2023-09-23T09:21:33.510+0000 7ff665212700 1 -- 172.21.15.45:0/1344932258 shutdown_connections
2023-09-23T09:21:33.884 INFO:teuthology.orchestra.run.smithi045.stdout:/usr/bin/ceph: stderr
2023-09-23T09:21:33.510+0000 7ff665212700 1 --2- 172.21.15.45:0/1344932258 >> [v2:172.21.15.45:6800/1791488577,v1:172.21.15.45:6801/1791488577] conn(0x7ff64c038940 0x7ff64c03ae00 unknown :-1 s=CLOSED pgs=9 cs=0 l=1 rev1=1 crypto rx=0 tx=0 comp rx=0 tx=0).stop
2023-09-23T09:21:33.884 INFO:teuthology.orchestra.run.smithi045.stdout:/usr/bin/ceph: stderr
2023-09-23T09:21:33.510+0000 7ff665212700 1 --2- 172.21.15.45:0/1344932258 >> [v2:172.21.15.45:3300/0,v1:172.21.15.45:6789/0] conn(0x7ff660106660 0x7ff66007bc50 unknown :-1 s=CLOSED pgs=42 cs=0 l=1 rev1=1 crypto rx=0 tx=0 comp rx=0 tx=0).stop
2023-09-23T09:21:33.884 INFO:teuthology.orchestra.run.smithi045.stdout:/usr/bin/ceph: stderr
2023-09-23T09:21:33.510+0000 7ff665212700 1 -- 172.21.15.45:0/1344932258 >> 172.21.15.45:0/1344932258 conn(0x7ff660101c40 msgr2=0x7ff6601028e0 unknown :-1 s=STATE_NONE l=0).mark_down
2023-09-23T09:21:33.884 INFO:teuthology.orchestra.run.smithi045.stdout:/usr/bin/ceph: stderr
2023-09-23T09:21:33.510+0000 7ff665212700 1 -- 172.21.15.45:0/1344932258 shutdown_connections
2023-09-23T09:21:33.884 INFO:teuthology.orchestra.run.smithi045.stdout:/usr/bin/ceph: stderr
2023-09-23T09:21:33.510+0000 7ff665212700 1 -- 172.21.15.45:0/1344932258 wait complete.
2023-09-23T09:21:34.830 INFO:journalctl@ceph.mon.a.smithi045.stdout:Sep 23 09:21:34 smithi045 ceph-mon[98627]: from='client.14136 -' entity='client.admin' cmd=[{"prefix": "cephadm generate-key", "target": ["mon-mgr", ""]}]: dispatch
2023-09-23T09:21:34.830 INFO:journalctl@ceph.mon.a.smithi045.stdout:Sep 23 09:21:34 smithi045 ceph-mon[98627]: Generating ssh key...
2023-09-23T09:21:34.830 INFO:journalctl@ceph.mon.a.smithi045.stdout:Sep 23 09:21:34 smithi045 ceph-mon[98627]: from='mgr.14120 172.21.15.45:0/572690185' entity='mgr.x'
2023-09-23T09:21:34.830 INFO:journalctl@ceph.mon.a.smithi045.stdout:Sep 23 09:21:34 smithi045 ceph-mon[98627]: from='mgr.14120 172.21.15.45:0/572690185' entity='mgr.x'
2023-09-23T09:21:35.121 INFO:teuthology.orchestra.run.smithi045.stdout:/usr/bin/ceph: stdout ssh-rsa AAAAB3NzaC1yc2EAAAADAQABAAABgQDRVSoM1blfbQpO8vxOEuCdWE2czWM3sWTCA2cEeLIQjYadsFldfh2vsamfH5n+nmRfhllcptjPQjOrHZnIrWFmaHkadm066NhgGX0AbRh+tYwilLrJrSZtjufsK8WIbdSd8Gv3Lk5WRCvDHrACJp3zrxheyMYtfhMg1q/o/Cekrsy4rmq+o/Xgs1TgP0B5sEQCHxYjtQeCdu2VoaZmWY6uNY2XMw48obrYJVYxfk103uTvuqHcEjdl9ynZGzZWBpOQzzcSwfx4TmVRwoMIW1FapwbDEq3/CqG2egy8QrsrEi+ZLwUcT6h3bg/LuW57sPlAr2tGtGtHazecKzMKYMHkts7m1nXTZCsWM+mUuB/xnoseI+6HapbxpY0iw8v/KCCY1CBKut+fmdAR88u09dAN+Bjw1X7HdTosGhHkm0jKtQxqknQGhI1XFejR9UFiVjzMb+vmeA+Y9uTPQ/BkOZO/NvD/QnbmOgNbRYDJvXPfiM2/6t5cs871wpm89aLmiQs= ceph-654e5bfa-59f2-11ee-8db4-212e2dc638e7
2023-09-23T09:21:35.126 INFO:teuthology.orchestra.run.smithi045.stdout:/usr/bin/ceph: stderr
2023-09-23T09:21:34.335+0000 7f9e295ea700 1 Processor -- start
2023-09-23T09:21:35.126 INFO:teuthology.orchestra.run.smithi045.stdout:/usr/bin/ceph: stderr
2023-09-23T09:21:34.336+0000 7f9e295ea700 1 -- start start
2023-09-23T09:21:35.126 INFO:teuthology.orchestra.run.smithi045.stdout:/usr/bin/ceph: stderr
2023-09-23T09:21:34.336+0000 7f9e295ea700 1 --2- >> [v2:172.21.15.45:3300/0,v1:172.21.15.45:6789/0] conn(0x7f9e24105a60 0x7f9e24105e80 unknown :-1 s=NONE pgs=0 cs=0 l=0 rev1=0 crypto rx=0 tx=0 comp rx=0 tx=0).connect
2023-09-23T09:21:35.127 INFO:teuthology.orchestra.run.smithi045.stdout:/usr/bin/ceph: stderr
2023-09-23T09:21:34.336+0000 7f9e295ea700 1 -- --> [v2:172.21.15.45:3300/0,v1:172.21.15.45:6789/0] -- mon_getmap magic: 0 v1 -- 0x7f9e24106450 con 0x7f9e24105a60
2023-09-23T09:21:35.127 INFO:teuthology.orchestra.run.smithi045.stdout:/usr/bin/ceph: stderr
2023-09-23T09:21:34.336+0000 7f9e22ffd700 1 --2- >> [v2:172.21.15.45:3300/0,v1:172.21.15.45:6789/0] conn(0x7f9e24105a60 0x7f9e24105e80 unknown :-1 s=BANNER_CONNECTING pgs=0 cs=0 l=0 rev1=0 crypto rx=0 tx=0 comp rx=0 tx=0)._handle_peer_banner_payload supported=3 required=0
2023-09-23T09:21:35.127 INFO:teuthology.orchestra.run.smithi045.stdout:/usr/bin/ceph: stderr
2023-09-23T09:21:34.336+0000 7f9e22ffd700 1 --2- >> [v2:172.21.15.45:3300/0,v1:172.21.15.45:6789/0] conn(0x7f9e24105a60 0x7f9e24105e80 unknown :-1 s=HELLO_CONNECTING pgs=0 cs=0 l=0 rev1=1 crypto rx=0 tx=0 comp rx=0 tx=0).handle_hello peer v2:172.21.15.45:3300/0 says I am v2:172.21.15.45:57634/0 (socket says 172.21.15.45:57634)
2023-09-23T09:21:35.127 INFO:teuthology.orchestra.run.smithi045.stdout:/usr/bin/ceph: stderr
2023-09-23T09:21:34.336+0000 7f9e22ffd700 1 -- 172.21.15.45:0/3240815634 learned_addr learned my addr 172.21.15.45:0/3240815634 (peer_addr_for_me v2:172.21.15.45:0/0)
2023-09-23T09:21:35.127 INFO:teuthology.orchestra.run.smithi045.stdout:/usr/bin/ceph: stderr
2023-09-23T09:21:34.336+0000 7f9e22ffd700 1 -- 172.21.15.45:0/3240815634 --> [v2:172.21.15.45:3300/0,v1:172.21.15.45:6789/0] -- mon_subscribe({config=0+,monmap=0+}) v3 -- 0x7f9e24106780 con 0x7f9e24105a60
2023-09-23T09:21:35.127 INFO:teuthology.orchestra.run.smithi045.stdout:/usr/bin/ceph: stderr
2023-09-23T09:21:34.336+0000 7f9e22ffd700 1 --2- 172.21.15.45:0/3240815634 >> [v2:172.21.15.45:3300/0,v1:172.21.15.45:6789/0] conn(0x7f9e24105a60 0x7f9e24105e80 secure :-1 s=READY pgs=43 cs=0 l=1 rev1=1 crypto rx=0x7f9e140098a0 tx=0x7f9e14009bb0 comp rx=0 tx=0).ready entity=mon.0 client_cookie=339743f0d17eaee2 server_cookie=0 in_seq=0 out_seq=0
2023-09-23T09:21:35.127 INFO:teuthology.orchestra.run.smithi045.stdout:/usr/bin/ceph: stderr
2023-09-23T09:21:34.337+0000 7f9e21ffb700 1 -- 172.21.15.45:0/3240815634 <== mon.0 v2:172.21.15.45:3300/0 1 ==== mon_map magic: 0 v1 ==== 205+0+0 (secure 0 0 0) 0x7f9e14004160 con 0x7f9e24105a60
2023-09-23T09:21:35.127 INFO:teuthology.orchestra.run.smithi045.stdout:/usr/bin/ceph: stderr
2023-09-23T09:21:34.337+0000 7f9e21ffb700 1 -- 172.21.15.45:0/3240815634 <== mon.0 v2:172.21.15.45:3300/0 2 ==== config(26 keys) v1 ==== 1074+0+0 (secure 0 0 0) 0x7f9e140042c0 con 0x7f9e24105a60
2023-09-23T09:21:35.127 INFO:teuthology.orchestra.run.smithi045.stdout:/usr/bin/ceph: stderr
