2023-10-05T15:08:11.455+0000 7f2f3495a700 1 -- 172.21.15.60:0/1215077401 <== mon.0 v2:172.21.15.60:3300/0 3 ==== mon_map magic: 0 v1 ==== 205+0+0 (secure 0 0 0) 0x7f2f200195e0 con 0x7f2f30106800
2023-10-05T15:08:12.401 INFO:teuthology.orchestra.run.smithi060.stdout:/usr/bin/ceph: stderr
2023-10-05T15:08:11.455+0000 7f2f3595c700 1 -- 172.21.15.60:0/1215077401 --> [v2:172.21.15.60:3300/0,v1:172.21.15.60:6789/0] -- mon_subscribe({osdmap=0}) v3 -- 0x7f2f3019b010 con 0x7f2f30106800
2023-10-05T15:08:12.401 INFO:teuthology.orchestra.run.smithi060.stdout:/usr/bin/ceph: stderr
2023-10-05T15:08:11.456+0000 7f2f3495a700 1 -- 172.21.15.60:0/1215077401 <== mon.0 v2:172.21.15.60:3300/0 4 ==== mgrmap(e 5) v1 ==== 45579+0+0 (secure 0 0 0) 0x7f2f200198a0 con 0x7f2f30106800
2023-10-05T15:08:12.401 INFO:teuthology.orchestra.run.smithi060.stdout:/usr/bin/ceph: stderr
2023-10-05T15:08:11.456+0000 7f2f3495a700 1 --2- 172.21.15.60:0/1215077401 >> [v2:172.21.15.60:6800/4045235795,v1:172.21.15.60:6801/4045235795] conn(0x7f2f180387d0 0x7f2f1803ac90 unknown :-1 s=NONE pgs=0 cs=0 l=1 rev1=0 crypto rx=0 tx=0 comp rx=0 tx=0).connect
2023-10-05T15:08:12.401 INFO:teuthology.orchestra.run.smithi060.stdout:/usr/bin/ceph: stderr
2023-10-05T15:08:11.457+0000 7f2f3495a700 1 -- 172.21.15.60:0/1215077401 <== mon.0 v2:172.21.15.60:3300/0 5 ==== osd_map(1..1 src has 1..1) v4 ==== 725+0+0 (secure 0 0 0) 0x7f2f2004c600 con 0x7f2f30106800
2023-10-05T15:08:12.401 INFO:teuthology.orchestra.run.smithi060.stdout:/usr/bin/ceph: stderr
2023-10-05T15:08:11.457+0000 7f2f2e7fc700 1 -- 172.21.15.60:0/1215077401 >> [v2:172.21.15.60:6800/4045235795,v1:172.21.15.60:6801/4045235795] conn(0x7f2f180387d0 msgr2=0x7f2f1803ac90 unknown :-1 s=STATE_CONNECTING_RE l=1).process reconnect failed to v2:172.21.15.60:6800/4045235795
2023-10-05T15:08:12.401 INFO:teuthology.orchestra.run.smithi060.stdout:/usr/bin/ceph: stderr
2023-10-05T15:08:11.457+0000 7f2f2e7fc700 1 --2- 172.21.15.60:0/1215077401 >> [v2:172.21.15.60:6800/4045235795,v1:172.21.15.60:6801/4045235795] conn(0x7f2f180387d0 0x7f2f1803ac90 unknown :-1 s=START_CONNECT pgs=0 cs=0 l=1 rev1=0 crypto rx=0 tx=0 comp rx=0 tx=0)._fault waiting 0.200000
2023-10-05T15:08:12.402 INFO:teuthology.orchestra.run.smithi060.stdout:/usr/bin/ceph: stderr
2023-10-05T15:08:11.457+0000 7f2f3595c700 1 -- 172.21.15.60:0/1215077401 --> [v2:172.21.15.60:3300/0,v1:172.21.15.60:6789/0] -- mon_command({"prefix": "get_command_descriptions"} v 0) v1 -- 0x7f2f300624e0 con 0x7f2f30106800
2023-10-05T15:08:12.402 INFO:teuthology.orchestra.run.smithi060.stdout:/usr/bin/ceph: stderr
2023-10-05T15:08:11.462+0000 7f2f3495a700 1 -- 172.21.15.60:0/1215077401 <== mon.0 v2:172.21.15.60:3300/0 6 ==== mon_command_ack([{"prefix": "get_command_descriptions"}]=0 v0) v1 ==== 72+0+180459 (secure 0 0 0) 0x7f2f20019ba0 con 0x7f2f30106800
2023-10-05T15:08:12.402 INFO:teuthology.orchestra.run.smithi060.stdout:/usr/bin/ceph: stderr
2023-10-05T15:08:11.658+0000 7f2f2e7fc700 1 -- 172.21.15.60:0/1215077401 >> [v2:172.21.15.60:6800/4045235795,v1:172.21.15.60:6801/4045235795] conn(0x7f2f180387d0 msgr2=0x7f2f1803ac90 unknown :-1 s=STATE_CONNECTING_RE l=1).process reconnect failed to v2:172.21.15.60:6800/4045235795
2023-10-05T15:08:12.402 INFO:teuthology.orchestra.run.smithi060.stdout:/usr/bin/ceph: stderr
2023-10-05T15:08:11.658+0000 7f2f2e7fc700 1 --2- 172.21.15.60:0/1215077401 >> [v2:172.21.15.60:6800/4045235795,v1:172.21.15.60:6801/4045235795] conn(0x7f2f180387d0 0x7f2f1803ac90 unknown :-1 s=START_CONNECT pgs=0 cs=0 l=1 rev1=0 crypto rx=0 tx=0 comp rx=0 tx=0)._fault waiting 0.400000
2023-10-05T15:08:12.402 INFO:teuthology.orchestra.run.smithi060.stdout:/usr/bin/ceph: stderr
2023-10-05T15:08:11.939+0000 7f2f3595c700 1 -- 172.21.15.60:0/1215077401 --> [v2:172.21.15.60:3300/0,v1:172.21.15.60:6789/0] -- mon_command({"prefix": "mgr stat"} v 0) v1 -- 0x7f2f3010ac30 con 0x7f2f30106800
2023-10-05T15:08:12.402 INFO:teuthology.orchestra.run.smithi060.stdout:/usr/bin/ceph: stderr
2023-10-05T15:08:11.939+0000 7f2f3495a700 1 -- 172.21.15.60:0/1215077401 <== mon.0 v2:172.21.15.60:3300/0 7 ==== mon_command_ack([{"prefix": "mgr stat"}]=0 v5) v1 ==== 56+0+88 (secure 0 0 0) 0x7f2f200172b0 con 0x7f2f30106800
2023-10-05T15:08:12.402 INFO:teuthology.orchestra.run.smithi060.stdout:/usr/bin/ceph: stderr
2023-10-05T15:08:11.941+0000 7f2f3595c700 1 -- 172.21.15.60:0/1215077401 >> [v2:172.21.15.60:6800/4045235795,v1:172.21.15.60:6801/4045235795] conn(0x7f2f180387d0 msgr2=0x7f2f1803ac90 unknown :-1 s=STATE_CONNECTING l=1).mark_down
2023-10-05T15:08:12.402 INFO:teuthology.orchestra.run.smithi060.stdout:/usr/bin/ceph: stderr
2023-10-05T15:08:11.941+0000 7f2f3595c700 1 --2- 172.21.15.60:0/1215077401 >> [v2:172.21.15.60:6800/4045235795,v1:172.21.15.60:6801/4045235795] conn(0x7f2f180387d0 0x7f2f1803ac90 unknown :-1 s=START_CONNECT pgs=0 cs=0 l=1 rev1=0 crypto rx=0 tx=0 comp rx=0 tx=0).stop
2023-10-05T15:08:12.402 INFO:teuthology.orchestra.run.smithi060.stdout:/usr/bin/ceph: stderr
2023-10-05T15:08:11.941+0000 7f2f3595c700 1 -- 172.21.15.60:0/1215077401 >> [v2:172.21.15.60:3300/0,v1:172.21.15.60:6789/0] conn(0x7f2f30106800 msgr2=0x7f2f3019a4b0 secure :-1 s=STATE_CONNECTION_ESTABLISHED l=1).mark_down
2023-10-05T15:08:12.403 INFO:teuthology.orchestra.run.smithi060.stdout:/usr/bin/ceph: stderr
2023-10-05T15:08:11.941+0000 7f2f3595c700 1 --2- 172.21.15.60:0/1215077401 >> [v2:172.21.15.60:3300/0,v1:172.21.15.60:6789/0] conn(0x7f2f30106800 0x7f2f3019a4b0 secure :-1 s=READY pgs=27 cs=0 l=1 rev1=1 crypto rx=0x7f2f20009fb0 tx=0x7f2f20011ad0 comp rx=0 tx=0).stop
2023-10-05T15:08:12.403 INFO:teuthology.orchestra.run.smithi060.stdout:/usr/bin/ceph: stderr
2023-10-05T15:08:11.941+0000 7f2f3595c700 1 -- 172.21.15.60:0/1215077401 shutdown_connections
2023-10-05T15:08:12.403 INFO:teuthology.orchestra.run.smithi060.stdout:/usr/bin/ceph: stderr
2023-10-05T15:08:11.941+0000 7f2f3595c700 1 --2- 172.21.15.60:0/1215077401 >> [v2:172.21.15.60:6800/4045235795,v1:172.21.15.60:6801/4045235795] conn(0x7f2f180387d0 0x7f2f1803ac90 unknown :-1 s=CLOSED pgs=0 cs=0 l=1 rev1=0 crypto rx=0 tx=0 comp rx=0 tx=0).stop
2023-10-05T15:08:12.403 INFO:teuthology.orchestra.run.smithi060.stdout:/usr/bin/ceph: stderr
2023-10-05T15:08:11.941+0000 7f2f3595c700 1 --2- 172.21.15.60:0/1215077401 >> [v2:172.21.15.60:3300/0,v1:172.21.15.60:6789/0] conn(0x7f2f30106800 0x7f2f3019a4b0 unknown :-1 s=CLOSED pgs=27 cs=0 l=1 rev1=1 crypto rx=0 tx=0 comp rx=0 tx=0).stop
2023-10-05T15:08:12.403 INFO:teuthology.orchestra.run.smithi060.stdout:/usr/bin/ceph: stderr
2023-10-05T15:08:11.941+0000 7f2f3595c700 1 -- 172.21.15.60:0/1215077401 >> 172.21.15.60:0/1215077401 conn(0x7f2f30101da0 msgr2=0x7f2f30103410 unknown :-1 s=STATE_NONE l=0).mark_down
2023-10-05T15:08:12.403 INFO:teuthology.orchestra.run.smithi060.stdout:/usr/bin/ceph: stderr
2023-10-05T15:08:11.942+0000 7f2f3595c700 1 -- 172.21.15.60:0/1215077401 shutdown_connections
2023-10-05T15:08:12.403 INFO:teuthology.orchestra.run.smithi060.stdout:/usr/bin/ceph: stderr
2023-10-05T15:08:11.942+0000 7f2f3595c700 1 -- 172.21.15.60:0/1215077401 wait complete.
2023-10-05T15:08:12.403 INFO:teuthology.orchestra.run.smithi060.stdout:Waiting for the mgr to restart...
2023-10-05T15:08:12.403 INFO:teuthology.orchestra.run.smithi060.stdout:Waiting for mgr epoch 5...
2023-10-05T15:08:12.403 INFO:journalctl@ceph.mgr.x.smithi060.stdout:Oct 05 15:08:11 smithi060 ceph-d07a9b62-6390-11ee-8db5-212e2dc638e7-mgr-x[99484]:
2023-10-05T15:08:11.924+0000 7f465f20a200 -1 mgr[py] Module status has missing NOTIFY_TYPES member
2023-10-05T15:08:12.404 INFO:journalctl@ceph.mgr.x.smithi060.stdout:Oct 05 15:08:12 smithi060 ceph-d07a9b62-6390-11ee-8db5-212e2dc638e7-mgr-x[99484]:
2023-10-05T15:08:12.045+0000 7f465f20a200 -1 mgr[py] Module selftest has missing NOTIFY_TYPES member
2023-10-05T15:08:12.404 INFO:journalctl@ceph.mgr.x.smithi060.stdout:Oct 05 15:08:12 smithi060 ceph-d07a9b62-6390-11ee-8db5-212e2dc638e7-mgr-x[99484]:
2023-10-05T15:08:12.162+0000 7f465f20a200 -1 mgr[py] Module alerts has missing NOTIFY_TYPES member
2023-10-05T15:08:12.657 INFO:journalctl@ceph.mon.a.smithi060.stdout:Oct 05 15:08:12 smithi060 ceph-mon[99238]: from='client.? 172.21.15.60:0/1215077401' entity='client.admin' cmd=[{"prefix": "mgr stat"}]: dispatch
2023-10-05T15:08:12.914 INFO:journalctl@ceph.mgr.x.smithi060.stdout:Oct 05 15:08:12 smithi060 ceph-d07a9b62-6390-11ee-8db5-212e2dc638e7-mgr-x[99484]:
2023-10-05T15:08:12.691+0000 7f465f20a200 -1 mgr[py] Module progress has missing NOTIFY_TYPES member
2023-10-05T15:08:13.914 INFO:journalctl@ceph.mgr.x.smithi060.stdout:Oct 05 15:08:13 smithi060 ceph-d07a9b62-6390-11ee-8db5-212e2dc638e7-mgr-x[99484]:
2023-10-05T15:08:13.479+0000 7f465f20a200 -1 mgr[py] Module rook has missing NOTIFY_TYPES member
2023-10-05T15:08:13.915 INFO:journalctl@ceph.mgr.x.smithi060.stdout:Oct 05 15:08:13 smithi060 ceph-d07a9b62-6390-11ee-8db5-212e2dc638e7-mgr-x[99484]:
2023-10-05T15:08:13.578+0000 7f465f20a200 -1 mgr[py] Module iostat has missing NOTIFY_TYPES member
2023-10-05T15:08:14.885 INFO:journalctl@ceph.mgr.x.smithi060.stdout:Oct 05 15:08:14 smithi060 ceph-d07a9b62-6390-11ee-8db5-212e2dc638e7-mgr-x[99484]:
2023-10-05T15:08:14.552+0000 7f465f20a200 -1 mgr[py] Module test_orchestrator has missing NOTIFY_TYPES member
2023-10-05T15:08:14.886 INFO:journalctl@ceph.mgr.x.smithi060.stdout:Oct 05 15:08:14 smithi060 ceph-d07a9b62-6390-11ee-8db5-212e2dc638e7-mgr-x[99484]:
2023-10-05T15:08:14.663+0000 7f465f20a200 -1 mgr[py] Module osd_perf_query has missing NOTIFY_TYPES member
2023-10-05T15:08:15.164 INFO:journalctl@ceph.mgr.x.smithi060.stdout:Oct 05 15:08:14 smithi060 ceph-d07a9b62-6390-11ee-8db5-212e2dc638e7-mgr-x[99484]:
2023-10-05T15:08:14.884+0000 7f465f20a200 -1 mgr[py] Module orchestrator has missing NOTIFY_TYPES member
2023-10-05T15:08:15.489 INFO:journalctl@ceph.mgr.x.smithi060.stdout:Oct 05 15:08:15 smithi060 ceph-d07a9b62-6390-11ee-8db5-212e2dc638e7-mgr-x[99484]:
2023-10-05T15:08:15.234+0000 7f465f20a200 -1 mgr[py] Module rgw has missing NOTIFY_TYPES member
2023-10-05T15:08:15.914 INFO:journalctl@ceph.mgr.x.smithi060.stdout:Oct 05 15:08:15 smithi060 ceph-d07a9b62-6390-11ee-8db5-212e2dc638e7-mgr-x[99484]:
2023-10-05T15:08:15.487+0000 7f465f20a200 -1 mgr[py] Module influx has missing NOTIFY_TYPES member
2023-10-05T15:08:15.914 INFO:journalctl@ceph.mgr.x.smithi060.stdout:Oct 05 15:08:15 smithi060 ceph-d07a9b62-6390-11ee-8db5-212e2dc638e7-mgr-x[99484]:
2023-10-05T15:08:15.671+0000 7f465f20a200 -1 mgr[py] Module telemetry has missing NOTIFY_TYPES member
2023-10-05T15:08:16.414 INFO:journalctl@ceph.mgr.x.smithi060.stdout:Oct 05 15:08:16 smithi060 ceph-d07a9b62-6390-11ee-8db5-212e2dc638e7-mgr-x[99484]:
2023-10-05T15:08:16.001+0000 7f465f20a200 -1 mgr[py] Module telegraf has missing NOTIFY_TYPES member
2023-10-05T15:08:17.164 INFO:journalctl@ceph.mgr.x.smithi060.stdout:Oct 05 15:08:16 smithi060 ceph-d07a9b62-6390-11ee-8db5-212e2dc638e7-mgr-x[99484]:
2023-10-05T15:08:16.826+0000 7f465f20a200 -1 mgr[py] Module balancer has missing NOTIFY_TYPES member
2023-10-05T15:08:17.164 INFO:journalctl@ceph.mgr.x.smithi060.stdout:Oct 05 15:08:16 smithi060 ceph-d07a9b62-6390-11ee-8db5-212e2dc638e7-mgr-x[99484]:
2023-10-05T15:08:16.985+0000 7f465f20a200 -1 mgr[py] Module diskprediction_local has missing NOTIFY_TYPES member
2023-10-05T15:08:17.643 INFO:journalctl@ceph.mgr.x.smithi060.stdout:Oct 05 15:08:17 smithi060 ceph-d07a9b62-6390-11ee-8db5-212e2dc638e7-mgr-x[99484]:
2023-10-05T15:08:17.232+0000 7f465f20a200 -1 mgr[py] Module nfs has missing NOTIFY_TYPES member
2023-10-05T15:08:17.644 INFO:journalctl@ceph.mgr.x.smithi060.stdout:Oct 05 15:08:17 smithi060 ceph-d07a9b62-6390-11ee-8db5-212e2dc638e7-mgr-x[99484]:
2023-10-05T15:08:17.370+0000 7f465f20a200 -1 mgr[py] Module rbd_support has missing NOTIFY_TYPES member
2023-10-05T15:08:17.914 INFO:journalctl@ceph.mgr.x.smithi060.stdout:Oct 05 15:08:17 smithi060 ceph-d07a9b62-6390-11ee-8db5-212e2dc638e7-mgr-x[99484]:
2023-10-05T15:08:17.641+0000 7f465f20a200 -1 mgr[py] Module volumes has missing NOTIFY_TYPES member
2023-10-05T15:08:19.165 INFO:journalctl@ceph.mgr.x.smithi060.stdout:Oct 05 15:08:18 smithi060 ceph-d07a9b62-6390-11ee-8db5-212e2dc638e7-mgr-x[99484]:
2023-10-05T15:08:18.702+0000 7f465f20a200 -1 mgr[py] Module pg_autoscaler has missing NOTIFY_TYPES member
2023-10-05T15:08:19.165 INFO:journalctl@ceph.mon.a.smithi060.stdout:Oct 05 15:08:18 smithi060 ceph-mon[99238]: Active manager daemon x restarted
2023-10-05T15:08:19.165 INFO:journalctl@ceph.mon.a.smithi060.stdout:Oct 05 15:08:18 smithi060 ceph-mon[99238]: Activating manager daemon x
2023-10-05T15:08:19.165 INFO:journalctl@ceph.mon.a.smithi060.stdout:Oct 05 15:08:18 smithi060 ceph-mon[99238]: osdmap e2: 0 total, 0 up, 0 in
2023-10-05T15:08:19.166 INFO:journalctl@ceph.mon.a.smithi060.stdout:Oct 05 15:08:18 smithi060 ceph-mon[99238]: mgrmap e6: x(active, starting, since 0.00343047s)
2023-10-05T15:08:19.166 INFO:journalctl@ceph.mon.a.smithi060.stdout:Oct 05 15:08:18 smithi060 ceph-mon[99238]: from='mgr.14120 172.21.15.60:0/145393081' entity='mgr.x' cmd=[{"prefix": "mon metadata", "id": "a"}]: dispatch
2023-10-05T15:08:19.166 INFO:journalctl@ceph.mon.a.smithi060.stdout:Oct 05 15:08:18 smithi060 ceph-mon[99238]: from='mgr.14120 172.21.15.60:0/145393081' entity='mgr.x' cmd=[{"prefix": "mgr metadata", "who": "x", "id": "x"}]: dispatch
2023-10-05T15:08:19.166 INFO:journalctl@ceph.mon.a.smithi060.stdout:Oct 05 15:08:18 smithi060 ceph-mon[99238]: from='mgr.14120 172.21.15.60:0/145393081' entity='mgr.x' cmd=[{"prefix": "mds metadata"}]: dispatch
2023-10-05T15:08:19.166 INFO:journalctl@ceph.mon.a.smithi060.stdout:Oct 05 15:08:18 smithi060 ceph-mon[99238]: from='mgr.14120 172.21.15.60:0/145393081' entity='mgr.x' cmd=[{"prefix": "osd metadata"}]: dispatch
2023-10-05T15:08:19.166 INFO:journalctl@ceph.mon.a.smithi060.stdout:Oct 05 15:08:18 smithi060 ceph-mon[99238]: from='mgr.14120 172.21.15.60:0/145393081' entity='mgr.x' cmd=[{"prefix": "mon metadata"}]: dispatch
2023-10-05T15:08:19.166 INFO:journalctl@ceph.mon.a.smithi060.stdout:Oct 05 15:08:18 smithi060 ceph-mon[99238]: Manager daemon x is now available
2023-10-05T15:08:19.166 INFO:journalctl@ceph.mon.a.smithi060.stdout:Oct 05 15:08:18 smithi060 ceph-mon[99238]: from='mgr.14120 172.21.15.60:0/145393081' entity='mgr.x'
2023-10-05T15:08:19.166 INFO:journalctl@ceph.mon.a.smithi060.stdout:Oct 05 15:08:18 smithi060 ceph-mon[99238]: from='mgr.14120 172.21.15.60:0/145393081' entity='mgr.x'
2023-10-05T15:08:19.166 INFO:journalctl@ceph.mon.a.smithi060.stdout:Oct 05 15:08:18 smithi060 ceph-mon[99238]: from='mgr.14120 172.21.15.60:0/145393081' entity='mgr.x' cmd=[{"prefix": "config dump", "format": "json"}]: dispatch
2023-10-05T15:08:19.167 INFO:journalctl@ceph.mon.a.smithi060.stdout:Oct 05 15:08:18 smithi060 ceph-mon[99238]: from='mgr.14120 172.21.15.60:0/145393081' entity='mgr.x' cmd=[{"prefix": "config dump", "format": "json"}]: dispatch
2023-10-05T15:08:20.077 INFO:journalctl@ceph.mon.a.smithi060.stdout:Oct 05 15:08:19 smithi060 ceph-mon[99238]: Found migration_current of "None". Setting to last migration.
2023-10-05T15:08:20.077 INFO:journalctl@ceph.mon.a.smithi060.stdout:Oct 05 15:08:19 smithi060 ceph-mon[99238]: from='mgr.14120 172.21.15.60:0/145393081' entity='mgr.x' cmd=[{"prefix": "config dump", "format": "json"}]: dispatch
2023-10-05T15:08:20.077 INFO:journalctl@ceph.mon.a.smithi060.stdout:Oct 05 15:08:19 smithi060 ceph-mon[99238]: from='mgr.14120 172.21.15.60:0/145393081' entity='mgr.x' cmd=[{"prefix":"config rm","who":"mgr","name":"mgr/rbd_support/x/mirror_snapshot_schedule"}]: dispatch
2023-10-05T15:08:20.077 INFO:journalctl@ceph.mon.a.smithi060.stdout:Oct 05 15:08:19 smithi060 ceph-mon[99238]: from='mgr.14120 172.21.15.60:0/145393081' entity='mgr.x' cmd=[{"prefix":"config rm","who":"mgr","name":"mgr/rbd_support/x/trash_purge_schedule"}]: dispatch
2023-10-05T15:08:20.077 INFO:journalctl@ceph.mon.a.smithi060.stdout:Oct 05 15:08:19 smithi060 ceph-mon[99238]: mgrmap e7: x(active, since 1.00554s)
2023-10-05T15:08:20.167 INFO:teuthology.orchestra.run.smithi060.stdout:/usr/bin/ceph: stdout {
2023-10-05T15:08:20.168 INFO:teuthology.orchestra.run.smithi060.stdout:/usr/bin/ceph: stdout "mgrmap_epoch": 7,
2023-10-05T15:08:20.168 INFO:teuthology.orchestra.run.smithi060.stdout:/usr/bin/ceph: stdout "initialized": true
2023-10-05T15:08:20.168 INFO:teuthology.orchestra.run.smithi060.stdout:/usr/bin/ceph: stdout }
2023-10-05T15:08:20.168 INFO:teuthology.orchestra.run.smithi060.stdout:/usr/bin/ceph: stderr
2023-10-05T15:08:12.883+0000 7f20515e1700 1 Processor -- start
2023-10-05T15:08:20.168 INFO:teuthology.orchestra.run.smithi060.stdout:/usr/bin/ceph: stderr
2023-10-05T15:08:12.883+0000 7f20515e1700 1 -- start start
2023-10-05T15:08:20.168 INFO:teuthology.orchestra.run.smithi060.stdout:/usr/bin/ceph: stderr
2023-10-05T15:08:12.883+0000 7f20515e1700 1 --2- >> [v2:172.21.15.60:3300/0,v1:172.21.15.60:6789/0] conn(0x7f204c107250 0x7f204c109640 unknown :-1 s=NONE pgs=0 cs=0 l=0 rev1=0 crypto rx=0 tx=0 comp rx=0 tx=0).connect
2023-10-05T15:08:20.168 INFO:teuthology.orchestra.run.smithi060.stdout:/usr/bin/ceph: stderr
2023-10-05T15:08:12.883+0000 7f20515e1700 1 -- --> [v2:172.21.15.60:3300/0,v1:172.21.15.60:6789/0] -- mon_getmap magic: 0 v1 -- 0x7f204c079eb0 con 0x7f204c107250
2023-10-05T15:08:20.168 INFO:teuthology.orchestra.run.smithi060.stdout:/usr/bin/ceph: stderr
2023-10-05T15:08:12.883+0000 7f204affd700 1 --2- >> [v2:172.21.15.60:3300/0,v1:172.21.15.60:6789/0] conn(0x7f204c107250 0x7f204c109640 unknown :-1 s=BANNER_CONNECTING pgs=0 cs=0 l=0 rev1=0 crypto rx=0 tx=0 comp rx=0 tx=0)._handle_peer_banner_payload supported=3 required=0
2023-10-05T15:08:20.168 INFO:teuthology.orchestra.run.smithi060.stdout:/usr/bin/ceph: stderr
2023-10-05T15:08:12.883+0000 7f204affd700 1 --2- >> [v2:172.21.15.60:3300/0,v1:172.21.15.60:6789/0] conn(0x7f204c107250 0x7f204c109640 unknown :-1 s=HELLO_CONNECTING pgs=0 cs=0 l=0 rev1=1 crypto rx=0 tx=0 comp rx=0 tx=0).handle_hello peer v2:172.21.15.60:3300/0 says I am v2:172.21.15.60:34604/0 (socket says 172.21.15.60:34604)
2023-10-05T15:08:20.168 INFO:teuthology.orchestra.run.smithi060.stdout:/usr/bin/ceph: stderr
2023-10-05T15:08:12.883+0000 7f204affd700 1 -- 172.21.15.60:0/679155202 learned_addr learned my addr 172.21.15.60:0/679155202 (peer_addr_for_me v2:172.21.15.60:0/0)
2023-10-05T15:08:20.169 INFO:teuthology.orchestra.run.smithi060.stdout:/usr/bin/ceph: stderr
2023-10-05T15:08:12.884+0000 7f204affd700 1 -- 172.21.15.60:0/679155202 --> [v2:172.21.15.60:3300/0,v1:172.21.15.60:6789/0] -- mon_subscribe({config=0+,monmap=0+}) v3 -- 0x7f204c109b80 con 0x7f204c107250
2023-10-05T15:08:20.169 INFO:teuthology.orchestra.run.smithi060.stdout:/usr/bin/ceph: stderr
2023-10-05T15:08:12.884+0000 7f204affd700 1 --2- 172.21.15.60:0/679155202 >> [v2:172.21.15.60:3300/0,v1:172.21.15.60:6789/0] conn(0x7f204c107250 0x7f204c109640 secure :-1 s=READY pgs=28 cs=0 l=1 rev1=1 crypto rx=0x7f203c0098a0 tx=0x7f203c009bb0 comp rx=0 tx=0).ready entity=mon.0 client_cookie=c7abc6ab9e548d60 server_cookie=0 in_seq=0 out_seq=0
2023-10-05T15:08:20.169 INFO:teuthology.orchestra.run.smithi060.stdout:/usr/bin/ceph: stderr
2023-10-05T15:08:12.884+0000 7f2049ffb700 1 -- 172.21.15.60:0/679155202 <== mon.0 v2:172.21.15.60:3300/0 1 ==== mon_map magic: 0 v1 ==== 205+0+0 (secure 0 0 0) 0x7f203c004160 con 0x7f204c107250
2023-10-05T15:08:20.169 INFO:teuthology.orchestra.run.smithi060.stdout:/usr/bin/ceph: stderr
2023-10-05T15:08:12.884+0000 7f2049ffb700 1 -- 172.21.15.60:0/679155202 <== mon.0 v2:172.21.15.60:3300/0 2 ==== config(26 keys) v1 ==== 1074+0+0 (secure 0 0 0) 0x7f203c0042c0 con 0x7f204c107250
2023-10-05T15:08:20.169 INFO:teuthology.orchestra.run.smithi060.stdout:/usr/bin/ceph: stderr
2023-10-05T15:08:12.884+0000 7f2049ffb700 1 -- 172.21.15.60:0/679155202 <== mon.0 v2:172.21.15.60:3300/0 3 ==== mon_map magic: 0 v1 ==== 205+0+0 (secure 0 0 0) 0x7f203c011a00 con 0x7f204c107250
2023-10-05T15:08:20.169 INFO:teuthology.orchestra.run.smithi060.stdout:/usr/bin/ceph: stderr
2023-10-05T15:08:12.885+0000 7f20515e1700 1 -- 172.21.15.60:0/679155202 >> [v2:172.21.15.60:3300/0,v1:172.21.15.60:6789/0] conn(0x7f204c107250 msgr2=0x7f204c109640 secure :-1 s=STATE_CONNECTION_ESTABLISHED l=1).mark_down
2023-10-05T15:08:20.169 INFO:teuthology.orchestra.run.smithi060.stdout:/usr/bin/ceph: stderr
2023-10-05T15:08:12.885+0000 7f20515e1700 1 --2- 172.21.15.60:0/679155202 >> [v2:172.21.15.60:3300/0,v1:172.21.15.60:6789/0] conn(0x7f204c107250 0x7f204c109640 secure :-1 s=READY pgs=28 cs=0 l=1 rev1=1 crypto rx=0x7f203c0098a0 tx=0x7f203c009bb0 comp rx=0 tx=0).stop
2023-10-05T15:08:20.169 INFO:teuthology.orchestra.run.smithi060.stdout:/usr/bin/ceph: stderr
2023-10-05T15:08:12.885+0000 7f20515e1700 1 -- 172.21.15.60:0/679155202 shutdown_connections
2023-10-05T15:08:20.169 INFO:teuthology.orchestra.run.smithi060.stdout:/usr/bin/ceph: stderr
2023-10-05T15:08:12.885+0000 7f20515e1700 1 --2- 172.21.15.60:0/679155202 >> [v2:172.21.15.60:3300/0,v1:172.21.15.60:6789/0] conn(0x7f204c107250 0x7f204c109640 unknown :-1 s=CLOSED pgs=28 cs=0 l=1 rev1=1 crypto rx=0 tx=0 comp rx=0 tx=0).stop
2023-10-05T15:08:20.170 INFO:teuthology.orchestra.run.smithi060.stdout:/usr/bin/ceph: stderr
2023-10-05T15:08:12.885+0000 7f20515e1700 1 -- 172.21.15.60:0/679155202 >> 172.21.15.60:0/679155202 conn(0x7f204c100ca0 msgr2=0x7f204c1030c0 unknown :-1 s=STATE_NONE l=0).mark_down
2023-10-05T15:08:20.170 INFO:teuthology.orchestra.run.smithi060.stdout:/usr/bin/ceph: stderr
2023-10-05T15:08:12.885+0000 7f20515e1700 1 -- 172.21.15.60:0/679155202 shutdown_connections
2023-10-05T15:08:20.170 INFO:teuthology.orchestra.run.smithi060.stdout:/usr/bin/ceph: stderr
2023-10-05T15:08:12.885+0000 7f20515e1700 1 -- 172.21.15.60:0/679155202 wait complete.
2023-10-05T15:08:20.170 INFO:teuthology.orchestra.run.smithi060.stdout:/usr/bin/ceph: stderr
2023-10-05T15:08:12.885+0000 7f20515e1700 1 Processor -- start
2023-10-05T15:08:20.170 INFO:teuthology.orchestra.run.smithi060.stdout:/usr/bin/ceph: stderr
2023-10-05T15:08:12.886+0000 7f20515e1700 1 -- start start
2023-10-05T15:08:20.170 INFO:teuthology.orchestra.run.smithi060.stdout:/usr/bin/ceph: stderr
2023-10-05T15:08:12.886+0000 7f20515e1700 1 --2- >> [v2:172.21.15.60:3300/0,v1:172.21.15.60:6789/0] conn(0x7f204c107250 0x7f204c19a440 unknown :-1 s=NONE pgs=0 cs=0 l=1 rev1=0 crypto rx=0 tx=0 comp rx=0 tx=0).connect
2023-10-05T15:08:20.171 INFO:teuthology.orchestra.run.smithi060.stdout:/usr/bin/ceph: stderr
2023-10-05T15:08:12.886+0000 7f20515e1700 1 -- --> [v2:172.21.15.60:3300/0,v1:172.21.15.60:6789/0] -- mon_getmap magic: 0 v1 -- 0x7f204c19a980 con 0x7f204c107250
2023-10-05T15:08:20.171 INFO:teuthology.orchestra.run.smithi060.stdout:/usr/bin/ceph: stderr
2023-10-05T15:08:12.886+0000 7f204affd700 1 --2- >> [v2:172.21.15.60:3300/0,v1:172.21.15.60:6789/0] conn(0x7f204c107250 0x7f204c19a440 unknown :-1 s=BANNER_CONNECTING pgs=0 cs=0 l=1 rev1=0 crypto rx=0 tx=0 comp rx=0 tx=0)._handle_peer_banner_payload supported=3 required=0
2023-10-05T15:08:20.171 INFO:teuthology.orchestra.run.smithi060.stdout:/usr/bin/ceph: stderr
2023-10-05T15:08:12.886+0000 7f204affd700 1 --2- >> [v2:172.21.15.60:3300/0,v1:172.21.15.60:6789/0] conn(0x7f204c107250 0x7f204c19a440 unknown :-1 s=HELLO_CONNECTING pgs=0 cs=0 l=1 rev1=1 crypto rx=0 tx=0 comp rx=0 tx=0).handle_hello peer v2:172.21.15.60:3300/0 says I am v2:172.21.15.60:34606/0 (socket says 172.21.15.60:34606)
2023-10-05T15:08:20.171 INFO:teuthology.orchestra.run.smithi060.stdout:/usr/bin/ceph: stderr
2023-10-05T15:08:12.886+0000 7f204affd700 1 -- 172.21.15.60:0/965543584 learned_addr learned my addr 172.21.15.60:0/965543584 (peer_addr_for_me v2:172.21.15.60:0/0)
2023-10-05T15:08:20.171 INFO:teuthology.orchestra.run.smithi060.stdout:/usr/bin/ceph: stderr
2023-10-05T15:08:12.886+0000 7f204affd700 1 -- 172.21.15.60:0/965543584 --> [v2:172.21.15.60:3300/0,v1:172.21.15.60:6789/0] -- mon_subscribe({config=0+,monmap=0+}) v3 -- 0x7f203c009550 con 0x7f204c107250
2023-10-05T15:08:20.171 INFO:teuthology.orchestra.run.smithi060.stdout:/usr/bin/ceph: stderr
2023-10-05T15:08:12.886+0000 7f204affd700 1 --2- 172.21.15.60:0/965543584 >> [v2:172.21.15.60:3300/0,v1:172.21.15.60:6789/0] conn(0x7f204c107250 0x7f204c19a440 secure :-1 s=READY pgs=29 cs=0 l=1 rev1=1 crypto rx=0x7f203c006af0 tx=0x7f203c011ad0 comp rx=0 tx=0).ready entity=mon.0 client_cookie=0 server_cookie=0 in_seq=0 out_seq=0
2023-10-05T15:08:20.171 INFO:teuthology.orchestra.run.smithi060.stdout:/usr/bin/ceph: stderr
2023-10-05T15:08:12.886+0000 7f2033fff700 1 -- 172.21.15.60:0/965543584 <== mon.0 v2:172.21.15.60:3300/0 1 ==== mon_map magic: 0 v1 ==== 205+0+0 (secure 0 0 0) 0x7f203c003a40 con 0x7f204c107250
2023-10-05T15:08:20.171 INFO:teuthology.orchestra.run.smithi060.stdout:/usr/bin/ceph: stderr
2023-10-05T15:08:12.887+0000 7f20515e1700 1 -- 172.21.15.60:0/965543584 --> [v2:172.21.15.60:3300/0,v1:172.21.15.60:6789/0] -- mon_subscribe({mgrmap=0+}) v3 -- 0x7f204c19ab80 con 0x7f204c107250
2023-10-05T15:08:20.171 INFO:teuthology.orchestra.run.smithi060.stdout:/usr/bin/ceph: stderr
2023-10-05T15:08:12.887+0000 7f2033fff700 1 -- 172.21.15.60:0/965543584 <== mon.0 v2:172.21.15.60:3300/0 2 ==== config(26 keys) v1 ==== 1074+0+0 (secure 0 0 0) 0x7f203c003ba0 con 0x7f204c107250
2023-10-05T15:08:20.171 INFO:teuthology.orchestra.run.smithi060.stdout:/usr/bin/ceph: stderr
2023-10-05T15:08:12.887+0000 7f2033fff700 1 -- 172.21.15.60:0/965543584 <== mon.0 v2:172.21.15.60:3300/0 3 ==== mon_map magic: 0 v1 ==== 205+0+0 (secure 0 0 0) 0x7f203c01a6e0 con 0x7f204c107250
2023-10-05T15:08:20.171 INFO:teuthology.orchestra.run.smithi060.stdout:/usr/bin/ceph: stderr
2023-10-05T15:08:12.887+0000 7f20515e1700 1 -- 172.21.15.60:0/965543584 --> [v2:172.21.15.60:3300/0,v1:172.21.15.60:6789/0] -- mon_subscribe({osdmap=0}) v3 -- 0x7f204c19afa0 con 0x7f204c107250
2023-10-05T15:08:20.172 INFO:teuthology.orchestra.run.smithi060.stdout:/usr/bin/ceph: stderr
2023-10-05T15:08:12.887+0000 7f2033fff700 1 -- 172.21.15.60:0/965543584 <== mon.0 v2:172.21.15.60:3300/0 4 ==== mgrmap(e 5) v1 ==== 45579+0+0 (secure 0 0 0) 0x7f203c01a950 con 0x7f204c107250
2023-10-05T15:08:20.172 INFO:teuthology.orchestra.run.smithi060.stdout:/usr/bin/ceph: stderr
2023-10-05T15:08:12.888+0000 7f2033fff700 1 --2- 172.21.15.60:0/965543584 >> [v2:172.21.15.60:6800/4045235795,v1:172.21.15.60:6801/4045235795] conn(0x7f2034038820 0x7f203403ace0 unknown :-1 s=NONE pgs=0 cs=0 l=1 rev1=0 crypto rx=0 tx=0 comp rx=0 tx=0).connect
2023-10-05T15:08:20.172 INFO:teuthology.orchestra.run.smithi060.stdout:/usr/bin/ceph: stderr
2023-10-05T15:08:12.888+0000 7f2033fff700 1 -- 172.21.15.60:0/965543584 --> [v2:172.21.15.60:6800/4045235795,v1:172.21.15.60:6801/4045235795] -- command(tid 0: {"prefix": "get_command_descriptions"}) v1 -- 0x7f203403b3f0 con 0x7f2034038820
2023-10-05T15:08:20.172 INFO:teuthology.orchestra.run.smithi060.stdout:/usr/bin/ceph: stderr
2023-10-05T15:08:12.888+0000 7f2033fff700 1 -- 172.21.15.60:0/965543584 <== mon.0 v2:172.21.15.60:3300/0 5 ==== osd_map(1..1 src has 1..1) v4 ==== 725+0+0 (secure 0 0 0) 0x7f203c04c850 con 0x7f204c107250
2023-10-05T15:08:20.172 INFO:teuthology.orchestra.run.smithi060.stdout:/usr/bin/ceph: stderr
2023-10-05T15:08:12.888+0000 7f204a7fc700 1 -- 172.21.15.60:0/965543584 >> [v2:172.21.15.60:6800/4045235795,v1:172.21.15.60:6801/4045235795] conn(0x7f2034038820 msgr2=0x7f203403ace0 unknown :-1 s=STATE_CONNECTING_RE l=1).process reconnect failed to v2:172.21.15.60:6800/4045235795
2023-10-05T15:08:20.172 INFO:teuthology.orchestra.run.smithi060.stdout:/usr/bin/ceph: stderr
2023-10-05T15:08:12.888+0000 7f204a7fc700 1 --2- 172.21.15.60:0/965543584 >> [v2:172.21.15.60:6800/4045235795,v1:172.21.15.60:6801/4045235795] conn(0x7f2034038820 0x7f203403ace0 unknown :-1 s=START_CONNECT pgs=0 cs=0 l=1 rev1=0 crypto rx=0 tx=0 comp rx=0 tx=0)._fault waiting 0.200000
2023-10-05T15:08:20.172 INFO:teuthology.orchestra.run.smithi060.stdout:/usr/bin/ceph: stderr
2023-10-05T15:08:13.089+0000 7f204a7fc700 1 -- 172.21.15.60:0/965543584 >> [v2:172.21.15.60:6800/4045235795,v1:172.21.15.60:6801/4045235795] conn(0x7f2034038820 msgr2=0x7f203403ace0 unknown :-1 s=STATE_CONNECTING_RE l=1).process reconnect failed to v2:172.21.15.60:6800/4045235795
2023-10-05T15:08:20.172 INFO:teuthology.orchestra.run.smithi060.stdout:/usr/bin/ceph: stderr
2023-10-05T15:08:13.089+0000 7f204a7fc700 1 --2- 172.21.15.60:0/965543584 >> [v2:172.21.15.60:6800/4045235795,v1:172.21.15.60:6801/4045235795] conn(0x7f2034038820 0x7f203403ace0 unknown :-1 s=START_CONNECT pgs=0 cs=0 l=1 rev1=0 crypto rx=0 tx=0 comp rx=0 tx=0)._fault waiting 0.400000
2023-10-05T15:08:20.172 INFO:teuthology.orchestra.run.smithi060.stdout:/usr/bin/ceph: stderr
2023-10-05T15:08:13.490+0000 7f204a7fc700 1 -- 172.21.15.60:0/965543584 >> [v2:172.21.15.60:6800/4045235795,v1:172.21.15.60:6801/4045235795] conn(0x7f2034038820 msgr2=0x7f203403ace0 unknown :-1 s=STATE_CONNECTING_RE l=1).process reconnect failed to v2:172.21.15.60:6800/4045235795
2023-10-05T15:08:20.172 INFO:teuthology.orchestra.run.smithi060.stdout:/usr/bin/ceph: stderr
2023-10-05T15:08:13.490+0000 7f204a7fc700 1 --2- 172.21.15.60:0/965543584 >> [v2:172.21.15.60:6800/4045235795,v1:172.21.15.60:6801/4045235795] conn(0x7f2034038820 0x7f203403ace0 unknown :-1 s=START_CONNECT pgs=0 cs=0 l=1 rev1=0 crypto rx=0 tx=0 comp rx=0 tx=0)._fault waiting 0.800000
2023-10-05T15:08:20.172 INFO:teuthology.orchestra.run.smithi060.stdout:/usr/bin/ceph: stderr
2023-10-05T15:08:14.291+0000 7f204a7fc700 1 -- 172.21.15.60:0/965543584 >> [v2:172.21.15.60:6800/4045235795,v1:172.21.15.60:6801/4045235795] conn(0x7f2034038820 msgr2=0x7f203403ace0 unknown :-1 s=STATE_CONNECTING_RE l=1).process reconnect failed to v2:172.21.15.60:6800/4045235795
2023-10-05T15:08:20.173 INFO:teuthology.orchestra.run.smithi060.stdout:/usr/bin/ceph: stderr
2023-10-05T15:08:14.291+0000 7f204a7fc700 1 --2- 172.21.15.60:0/965543584 >> [v2:172.21.15.60:6800/4045235795,v1:172.21.15.60:6801/4045235795] conn(0x7f2034038820 0x7f203403ace0 unknown :-1 s=START_CONNECT pgs=0 cs=0 l=1 rev1=0 crypto rx=0 tx=0 comp rx=0 tx=0)._fault waiting 1.600000
2023-10-05T15:08:20.173 INFO:teuthology.orchestra.run.smithi060.stdout:/usr/bin/ceph: stderr
2023-10-05T15:08:15.892+0000 7f204a7fc700 1 -- 172.21.15.60:0/965543584 >> [v2:172.21.15.60:6800/4045235795,v1:172.21.15.60:6801/4045235795] conn(0x7f2034038820 msgr2=0x7f203403ace0 unknown :-1 s=STATE_CONNECTING_RE l=1).process reconnect failed to v2:172.21.15.60:6800/4045235795
2023-10-05T15:08:20.173 INFO:teuthology.orchestra.run.smithi060.stdout:/usr/bin/ceph: stderr
2023-10-05T15:08:15.892+0000 7f204a7fc700 1 --2- 172.21.15.60:0/965543584 >> [v2:172.21.15.60:6800/4045235795,v1:172.21.15.60:6801/4045235795] conn(0x7f2034038820 0x7f203403ace0 unknown :-1 s=START_CONNECT pgs=0 cs=0 l=1 rev1=0 crypto rx=0 tx=0 comp rx=0 tx=0)._fault waiting 3.200000
2023-10-05T15:08:20.173 INFO:teuthology.orchestra.run.smithi060.stdout:/usr/bin/ceph: stderr
2023-10-05T15:08:18.718+0000 7f2033fff700 1 -- 172.21.15.60:0/965543584 <== mon.0 v2:172.21.15.60:3300/0 6 ==== mgrmap(e 6) v1 ==== 45346+0+0 (secure 0 0 0) 0x7f203c02d960 con 0x7f204c107250
2023-10-05T15:08:20.173 INFO:teuthology.orchestra.run.smithi060.stdout:/usr/bin/ceph: stderr
2023-10-05T15:08:18.718+0000 7f2033fff700 1 -- 172.21.15.60:0/965543584 >> [v2:172.21.15.60:6800/4045235795,v1:172.21.15.60:6801/4045235795] conn(0x7f2034038820 msgr2=0x7f203403ace0 unknown :-1 s=STATE_CONNECTING l=1).mark_down
2023-10-05T15:08:20.173 INFO:teuthology.orchestra.run.smithi060.stdout:/usr/bin/ceph: stderr
2023-10-05T15:08:18.718+0000 7f2033fff700 1 --2- 172.21.15.60:0/965543584 >> [v2:172.21.15.60:6800/4045235795,v1:172.21.15.60:6801/4045235795] conn(0x7f2034038820 0x7f203403ace0 unknown :-1 s=START_CONNECT pgs=0 cs=0 l=1 rev1=0 crypto rx=0 tx=0 comp rx=0 tx=0).stop
2023-10-05T15:08:20.173 INFO:teuthology.orchestra.run.smithi060.stdout:/usr/bin/ceph: stderr
2023-10-05T15:08:19.719+0000 7f2033fff700 1 -- 172.21.15.60:0/965543584 <== mon.0 v2:172.21.15.60:3300/0 7 ==== mgrmap(e 7) v1 ==== 45473+0+0 (secure 0 0 0) 0x7f203c04dd70 con 0x7f204c107250
2023-10-05T15:08:20.173 INFO:teuthology.orchestra.run.smithi060.stdout:/usr/bin/ceph: stderr
2023-10-05T15:08:19.719+0000 7f2033fff700 1 --2- 172.21.15.60:0/965543584 >> [v2:172.21.15.60:6800/2843655042,v1:172.21.15.60:6801/2843655042] conn(0x7f203403bff0 0x7f203403e3e0 unknown :-1 s=NONE pgs=0 cs=0 l=1 rev1=0 crypto rx=0 tx=0 comp rx=0 tx=0).connect
2023-10-05T15:08:20.173 INFO:teuthology.orchestra.run.smithi060.stdout:/usr/bin/ceph: stderr
2023-10-05T15:08:19.719+0000 7f2033fff700 1 -- 172.21.15.60:0/965543584 --> [v2:172.21.15.60:6800/2843655042,v1:172.21.15.60:6801/2843655042] -- command(tid 0: {"prefix": "get_command_descriptions"}) v1 -- 0x7f203403b3f0 con 0x7f203403bff0
2023-10-05T15:08:20.173 INFO:teuthology.orchestra.run.smithi060.stdout:/usr/bin/ceph: stderr
2023-10-05T15:08:19.720+0000 7f204a7fc700 1 --2- 172.21.15.60:0/965543584 >> [v2:172.21.15.60:6800/2843655042,v1:172.21.15.60:6801/2843655042] conn(0x7f203403bff0 0x7f203403e3e0 unknown :-1 s=BANNER_CONNECTING pgs=0 cs=0 l=1 rev1=0 crypto rx=0 tx=0 comp rx=0 tx=0)._handle_peer_banner_payload supported=3 required=0
2023-10-05T15:08:20.173 INFO:teuthology.orchestra.run.smithi060.stdout:/usr/bin/ceph: stderr
2023-10-05T15:08:19.720+0000 7f204a7fc700 1 --2- 172.21.15.60:0/965543584 >> [v2:172.21.15.60:6800/2843655042,v1:172.21.15.60:6801/2843655042] conn(0x7f203403bff0 0x7f203403e3e0 secure :-1 s=READY pgs=2 cs=0 l=1 rev1=1 crypto rx=0x7f2040003a10 tx=0x7f2040009290 comp rx=0 tx=0).ready entity=mgr.14120 client_cookie=0 server_cookie=0 in_seq=0 out_seq=0
2023-10-05T15:08:20.173 INFO:teuthology.orchestra.run.smithi060.stdout:/usr/bin/ceph: stderr
2023-10-05T15:08:19.721+0000 7f2033fff700 1 -- 172.21.15.60:0/965543584 <== mgr.14120 v2:172.21.15.60:6800/2843655042 1 ==== command_reply(tid 0: 0 ) v1 ==== 8+0+6910 (secure 0 0 0) 0x7f203403b3f0 con 0x7f203403bff0
2023-10-05T15:08:20.174 INFO:teuthology.orchestra.run.smithi060.stdout:/usr/bin/ceph: stderr
2023-10-05T15:08:19.732+0000 7f20515e1700 1 -- 172.21.15.60:0/965543584 --> [v2:172.21.15.60:6800/2843655042,v1:172.21.15.60:6801/2843655042] -- command(tid 1: {"prefix": "mgr_status"}) v1 -- 0x7f204c19b780 con 0x7f203403bff0
2023-10-05T15:08:20.174 INFO:teuthology.orchestra.run.smithi060.stdout:/usr/bin/ceph: stderr
2023-10-05T15:08:19.732+0000 7f2033fff700 1 -- 172.21.15.60:0/965543584 <== mgr.14120 v2:172.21.15.60:6800/2843655042 2 ==== command_reply(tid 1: 0 ) v1 ==== 8+0+51 (secure 0 0 0) 0x7f204c19b780 con 0x7f203403bff0
2023-10-05T15:08:20.174 INFO:teuthology.orchestra.run.smithi060.stdout:/usr/bin/ceph: stderr
2023-10-05T15:08:19.732+0000 7f20515e1700 1 -- 172.21.15.60:0/965543584 >> [v2:172.21.15.60:6800/2843655042,v1:172.21.15.60:6801/2843655042] conn(0x7f203403bff0 msgr2=0x7f203403e3e0 secure :-1 s=STATE_CONNECTION_ESTABLISHED l=1).mark_down
2023-10-05T15:08:20.174 INFO:teuthology.orchestra.run.smithi060.stdout:/usr/bin/ceph: stderr
2023-10-05T15:08:19.732+0000 7f20515e1700 1 --2- 172.21.15.60:0/965543584 >> [v2:172.21.15.60:6800/2843655042,v1:172.21.15.60:6801/2843655042] conn(0x7f203403bff0 0x7f203403e3e0 secure :-1 s=READY pgs=2 cs=0 l=1 rev1=1 crypto rx=0x7f2040003a10 tx=0x7f2040009290 comp rx=0 tx=0).stop
2023-10-05T15:08:20.174 INFO:teuthology.orchestra.run.smithi060.stdout:/usr/bin/ceph: stderr
2023-10-05T15:08:19.732+0000 7f20515e1700 1 -- 172.21.15.60:0/965543584 >> [v2:172.21.15.60:3300/0,v1:172.21.15.60:6789/0] conn(0x7f204c107250 msgr2=0x7f204c19a440 secure :-1 s=STATE_CONNECTION_ESTABLISHED l=1).mark_down
2023-10-05T15:08:20.174 INFO:teuthology.orchestra.run.smithi060.stdout:/usr/bin/ceph: stderr
2023-10-05T15:08:19.732+0000 7f20515e1700 1 --2- 172.21.15.60:0/965543584 >> [v2:172.21.15.60:3300/0,v1:172.21.15.60:6789/0] conn(0x7f204c107250 0x7f204c19a440 secure :-1 s=READY pgs=29 cs=0 l=1 rev1=1 crypto rx=0x7f203c006af0 tx=0x7f203c011ad0 comp rx=0 tx=0).stop
2023-10-05T15:08:20.174 INFO:teuthology.orchestra.run.smithi060.stdout:/usr/bin/ceph: stderr
2023-10-05T15:08:19.732+0000 7f20515e1700 1 -- 172.21.15.60:0/965543584 shutdown_connections
2023-10-05T15:08:20.174 INFO:teuthology.orchestra.run.smithi060.stdout:/usr/bin/ceph: stderr
2023-10-05T15:08:19.732+0000 7f20515e1700 1 --2- 172.21.15.60:0/965543584 >> [v2:172.21.15.60:6800/2843655042,v1:172.21.15.60:6801/2843655042] conn(0x7f203403bff0 0x7f203403e3e0 unknown :-1 s=CLOSED pgs=2 cs=0 l=1 rev1=1 crypto rx=0 tx=0 comp rx=0 tx=0).stop
2023-10-05T15:08:20.174 INFO:teuthology.orchestra.run.smithi060.stdout:/usr/bin/ceph: stderr
2023-10-05T15:08:19.732+0000 7f20515e1700 1 --2- 172.21.15.60:0/965543584 >> [v2:172.21.15.60:3300/0,v1:172.21.15.60:6789/0] conn(0x7f204c107250 0x7f204c19a440 unknown :-1 s=CLOSED pgs=29 cs=0 l=1 rev1=1 crypto rx=0 tx=0 comp rx=0 tx=0).stop
2023-10-05T15:08:20.174 INFO:teuthology.orchestra.run.smithi060.stdout:/usr/bin/ceph: stderr
2023-10-05T15:08:19.732+0000 7f20515e1700 1 --2- 172.21.15.60:0/965543584 >> [v2:172.21.15.60:6800/4045235795,v1:172.21.15.60:6801/4045235795] conn(0x7f2034038820 0x7f203403ace0 unknown :-1 s=CLOSED pgs=0 cs=0 l=1 rev1=0 crypto rx=0 tx=0 comp rx=0 tx=0).stop
2023-10-05T15:08:20.174 INFO:teuthology.orchestra.run.smithi060.stdout:/usr/bin/ceph: stderr
2023-10-05T15:08:19.732+0000 7f20515e1700 1 -- 172.21.15.60:0/965543584 >> 172.21.15.60:0/965543584 conn(0x7f204c100ca0 msgr2=0x7f204c101a30 unknown :-1 s=STATE_NONE l=0).mark_down
2023-10-05T15:08:20.175 INFO:teuthology.orchestra.run.smithi060.stdout:/usr/bin/ceph: stderr
2023-10-05T15:08:19.733+0000 7f20515e1700 1 -- 172.21.15.60:0/965543584 shutdown_connections
2023-10-05T15:08:20.175 INFO:teuthology.orchestra.run.smithi060.stdout:/usr/bin/ceph: stderr
2023-10-05T15:08:19.733+0000 7f20515e1700 1 -- 172.21.15.60:0/965543584 wait complete.
2023-10-05T15:08:20.175 INFO:teuthology.orchestra.run.smithi060.stdout:mgr epoch 5 is available
2023-10-05T15:08:20.175 INFO:teuthology.orchestra.run.smithi060.stdout:Setting orchestrator backend to cephadm...
2023-10-05T15:08:21.106 INFO:journalctl@ceph.mon.a.smithi060.stdout:Oct 05 15:08:20 smithi060 ceph-mon[99238]: from='client.14124 -' entity='client.admin' cmd=[{"prefix": "get_command_descriptions"}]: dispatch
2023-10-05T15:08:21.106 INFO:journalctl@ceph.mon.a.smithi060.stdout:Oct 05 15:08:20 smithi060 ceph-mon[99238]: from='client.14124 -' entity='client.admin' cmd=[{"prefix": "mgr_status"}]: dispatch
2023-10-05T15:08:21.106 INFO:journalctl@ceph.mon.a.smithi060.stdout:Oct 05 15:08:20 smithi060 ceph-mon[99238]: from='mgr.14120 172.21.15.60:0/145393081' entity='mgr.x'
2023-10-05T15:08:21.106 INFO:journalctl@ceph.mon.a.smithi060.stdout:Oct 05 15:08:20 smithi060 ceph-mon[99238]: from='mgr.14120 172.21.15.60:0/145393081' entity='mgr.x'
2023-10-05T15:08:21.511 INFO:teuthology.orchestra.run.smithi060.stdout:/usr/bin/ceph: stderr
2023-10-05T15:08:20.666+0000 7f5930df3700 1 Processor -- start
2023-10-05T15:08:21.511 INFO:teuthology.orchestra.run.smithi060.stdout:/usr/bin/ceph: stderr
2023-10-05T15:08:20.666+0000 7f5930df3700 1 -- start start
2023-10-05T15:08:21.512 INFO:teuthology.orchestra.run.smithi060.stdout:/usr/bin/ceph: stderr
2023-10-05T15:08:20.667+0000 7f5930df3700 1 --2- >> [v2:172.21.15.60:3300/0,v1:172.21.15.60:6789/0] conn(0x7f592c07bec0 0x7f592c07a320 unknown :-1 s=NONE pgs=0 cs=0 l=0 rev1=0 crypto rx=0 tx=0 comp rx=0 tx=0).connect
2023-10-05T15:08:21.512 INFO:teuthology.orchestra.run.smithi060.stdout:/usr/bin/ceph: stderr
2023-10-05T15:08:20.667+0000 7f5930df3700 1 -- --> [v2:172.21.15.60:3300/0,v1:172.21.15.60:6789/0] -- mon_getmap magic: 0 v1 -- 0x7f592c07a8f0 con 0x7f592c07bec0
2023-10-05T15:08:21.512 INFO:teuthology.orchestra.run.smithi060.stdout:/usr/bin/ceph: stderr
2023-10-05T15:08:20.667+0000 7f592a59c700 1 --2- >> [v2:172.21.15.60:3300/0,v1:172.21.15.60:6789/0] conn(0x7f592c07bec0 0x7f592c07a320 unknown :-1 s=BANNER_CONNECTING pgs=0 cs=0 l=0 rev1=0 crypto rx=0 tx=0 comp rx=0 tx=0)._handle_peer_banner_payload supported=3 required=0
2023-10-05T15:08:21.512 INFO:teuthology.orchestra.run.smithi060.stdout:/usr/bin/ceph: stderr
2023-10-05T15:08:20.667+0000 7f592a59c700 1 --2- >> [v2:172.21.15.60:3300/0,v1:172.21.15.60:6789/0] conn(0x7f592c07bec0 0x7f592c07a320 unknown :-1 s=HELLO_CONNECTING pgs=0 cs=0 l=0 rev1=1 crypto rx=0 tx=0 comp rx=0 tx=0).handle_hello peer v2:172.21.15.60:3300/0 says I am v2:172.21.15.60:34650/0 (socket says 172.21.15.60:34650)
2023-10-05T15:08:21.512 INFO:teuthology.orchestra.run.smithi060.stdout:/usr/bin/ceph: stderr
2023-10-05T15:08:20.667+0000 7f592a59c700 1 -- 172.21.15.60:0/2072036959 learned_addr learned my addr 172.21.15.60:0/2072036959 (peer_addr_for_me v2:172.21.15.60:0/0)
2023-10-05T15:08:21.512 INFO:teuthology.orchestra.run.smithi060.stdout:/usr/bin/ceph: stderr
2023-10-05T15:08:20.667+0000 7f592a59c700 1 -- 172.21.15.60:0/2072036959 --> [v2:172.21.15.60:3300/0,v1:172.21.15.60:6789/0] -- mon_subscribe({config=0+,monmap=0+}) v3 -- 0x7f592c07aa30 con 0x7f592c07bec0
2023-10-05T15:08:21.512 INFO:teuthology.orchestra.run.smithi060.stdout:/usr/bin/ceph: stderr
2023-10-05T15:08:20.667+0000 7f592a59c700 1 --2- 172.21.15.60:0/2072036959 >> [v2:172.21.15.60:3300/0,v1:172.21.15.60:6789/0] conn(0x7f592c07bec0 0x7f592c07a320 secure :-1 s=READY pgs=37 cs=0 l=1 rev1=1 crypto rx=0x7f591c0098a0 tx=0x7f591c009bb0 comp rx=0 tx=0).ready entity=mon.0 client_cookie=35d16011b2b2464 server_cookie=0 in_seq=0 out_seq=0
2023-10-05T15:08:21.512 INFO:teuthology.orchestra.run.smithi060.stdout:/usr/bin/ceph: stderr
2023-10-05T15:08:20.668+0000 7f592959a700 1 -- 172.21.15.60:0/2072036959 <== mon.0 v2:172.21.15.60:3300/0 1 ==== mon_map magic: 0 v1 ==== 205+0+0 (secure 0 0 0) 0x7f591c004160 con 0x7f592c07bec0
2023-10-05T15:08:21.512 INFO:teuthology.orchestra.run.smithi060.stdout:/usr/bin/ceph: stderr
2023-10-05T15:08:20.668+0000 7f592959a700 1 -- 172.21.15.60:0/2072036959 <== mon.0 v2:172.21.15.60:3300/0 2 ==== config(26 keys) v1 ==== 1074+0+0 (secure 0 0 0) 0x7f591c0042c0 con 0x7f592c07bec0
2023-10-05T15:08:21.512 INFO:teuthology.orchestra.run.smithi060.stdout:/usr/bin/ceph: stderr
2023-10-05T15:08:20.668+0000 7f592959a700 1 -- 172.21.15.60:0/2072036959 <== mon.0 v2:172.21.15.60:3300/0 3 ==== mon_map magic: 0 v1 ==== 205+0+0 (secure 0 0 0) 0x7f591c011a00 con 0x7f592c07bec0
2023-10-05T15:08:21.512 INFO:teuthology.orchestra.run.smithi060.stdout:/usr/bin/ceph: stderr
2023-10-05T15:08:20.668+0000 7f5930df3700 1 -- 172.21.15.60:0/2072036959 >> [v2:172.21.15.60:3300/0,v1:172.21.15.60:6789/0] conn(0x7f592c07bec0 msgr2=0x7f592c07a320 secure :-1 s=STATE_CONNECTION_ESTABLISHED l=1).mark_down
2023-10-05T15:08:21.513 INFO:teuthology.orchestra.run.smithi060.stdout:/usr/bin/ceph: stderr
2023-10-05T15:08:20.668+0000 7f5930df3700 1 --2- 172.21.15.60:0/2072036959 >> [v2:172.21.15.60:3300/0,v1:172.21.15.60:6789/0] conn(0x7f592c07bec0 0x7f592c07a320 secure :-1 s=READY pgs=37 cs=0 l=1 rev1=1 crypto rx=0x7f591c0098a0 tx=0x7f591c009bb0 comp rx=0 tx=0).stop
2023-10-05T15:08:21.513 INFO:teuthology.orchestra.run.smithi060.stdout:/usr/bin/ceph: stderr
2023-10-05T15:08:20.668+0000 7f5930df3700 1 -- 172.21.15.60:0/2072036959 shutdown_connections
2023-10-05T15:08:21.513 INFO:teuthology.orchestra.run.smithi060.stdout:/usr/bin/ceph: stderr
2023-10-05T15:08:20.668+0000 7f5930df3700 1 --2- 172.21.15.60:0/2072036959 >> [v2:172.21.15.60:3300/0,v1:172.21.15.60:6789/0] conn(0x7f592c07bec0 0x7f592c07a320 unknown :-1 s=CLOSED pgs=37 cs=0 l=1 rev1=1 crypto rx=0 tx=0 comp rx=0 tx=0).stop
2023-10-05T15:08:21.513 INFO:teuthology.orchestra.run.smithi060.stdout:/usr/bin/ceph: stderr
2023-10-05T15:08:20.668+0000 7f5930df3700 1 -- 172.21.15.60:0/2072036959 >> 172.21.15.60:0/2072036959 conn(0x7f592c101da0 msgr2=0x7f592c1041e0 unknown :-1 s=STATE_NONE l=0).mark_down
2023-10-05T15:08:21.513 INFO:teuthology.orchestra.run.smithi060.stdout:/usr/bin/ceph: stderr
2023-10-05T15:08:20.668+0000 7f5930df3700 1 -- 172.21.15.60:0/2072036959 shutdown_connections
2023-10-05T15:08:21.513 INFO:teuthology.orchestra.run.smithi060.stdout:/usr/bin/ceph: stderr
2023-10-05T15:08:20.668+0000 7f5930df3700 1 -- 172.21.15.60:0/2072036959 wait complete.
2023-10-05T15:08:21.513 INFO:teuthology.orchestra.run.smithi060.stdout:/usr/bin/ceph: stderr
2023-10-05T15:08:20.669+0000 7f5930df3700 1 Processor -- start
2023-10-05T15:08:21.513 INFO:teuthology.orchestra.run.smithi060.stdout:/usr/bin/ceph: stderr
2023-10-05T15:08:20.669+0000 7f5930df3700 1 -- start start
2023-10-05T15:08:21.513 INFO:teuthology.orchestra.run.smithi060.stdout:/usr/bin/ceph: stderr
2023-10-05T15:08:20.669+0000 7f5930df3700 1 --2- >> [v2:172.21.15.60:3300/0,v1:172.21.15.60:6789/0] conn(0x7f592c07bec0 0x7f592c19c670 unknown :-1 s=NONE pgs=0 cs=0 l=1 rev1=0 crypto rx=0 tx=0 comp rx=0 tx=0).connect
2023-10-05T15:08:21.513 INFO:teuthology.orchestra.run.smithi060.stdout:/usr/bin/ceph: stderr
2023-10-05T15:08:20.669+0000 7f5930df3700 1 -- --> [v2:172.21.15.60:3300/0,v1:172.21.15.60:6789/0] -- mon_getmap magic: 0 v1 -- 0x7f592c19cbb0 con 0x7f592c07bec0
2023-10-05T15:08:21.513 INFO:teuthology.orchestra.run.smithi060.stdout:/usr/bin/ceph: stderr
2023-10-05T15:08:20.670+0000 7f592a59c700 1 --2- >> [v2:172.21.15.60:3300/0,v1:172.21.15.60:6789/0] conn(0x7f592c07bec0 0x7f592c19c670 unknown :-1 s=BANNER_CONNECTING pgs=0 cs=0 l=1 rev1=0 crypto rx=0 tx=0 comp rx=0 tx=0)._handle_peer_banner_payload supported=3 required=0
2023-10-05T15:08:21.513 INFO:teuthology.orchestra.run.smithi060.stdout:/usr/bin/ceph: stderr
2023-10-05T15:08:20.670+0000 7f592a59c700 1 --2- >> [v2:172.21.15.60:3300/0,v1:172.21.15.60:6789/0] conn(0x7f592c07bec0 0x7f592c19c670 unknown :-1 s=HELLO_CONNECTING pgs=0 cs=0 l=1 rev1=1 crypto rx=0 tx=0 comp rx=0 tx=0).handle_hello peer v2:172.21.15.60:3300/0 says I am v2:172.21.15.60:34652/0 (socket says 172.21.15.60:34652)
2023-10-05T15:08:21.514 INFO:teuthology.orchestra.run.smithi060.stdout:/usr/bin/ceph: stderr
2023-10-05T15:08:20.670+0000 7f592a59c700 1 -- 172.21.15.60:0/1441245053 learned_addr learned my addr 172.21.15.60:0/1441245053 (peer_addr_for_me v2:172.21.15.60:0/0)
2023-10-05T15:08:21.514 INFO:teuthology.orchestra.run.smithi060.stdout:/usr/bin/ceph: stderr
2023-10-05T15:08:20.670+0000 7f592a59c700 1 -- 172.21.15.60:0/1441245053 --> [v2:172.21.15.60:3300/0,v1:172.21.15.60:6789/0] -- mon_subscribe({config=0+,monmap=0+}) v3 -- 0x7f591c009550 con 0x7f592c07bec0
2023-10-05T15:08:21.514 INFO:teuthology.orchestra.run.smithi060.stdout:/usr/bin/ceph: stderr
2023-10-05T15:08:20.670+0000 7f592a59c700 1 --2- 172.21.15.60:0/1441245053 >> [v2:172.21.15.60:3300/0,v1:172.21.15.60:6789/0] conn(0x7f592c07bec0 0x7f592c19c670 secure :-1 s=READY pgs=38 cs=0 l=1 rev1=1 crypto rx=0x7f591c006af0 tx=0x7f591c011ad0 comp rx=0 tx=0).ready entity=mon.0 client_cookie=0 server_cookie=0 in_seq=0 out_seq=0
2023-10-05T15:08:21.514 INFO:teuthology.orchestra.run.smithi060.stdout:/usr/bin/ceph: stderr
2023-10-05T15:08:20.670+0000 7f591b7fe700 1 -- 172.21.15.60:0/1441245053 <== mon.0 v2:172.21.15.60:3300/0 1 ==== mon_map magic: 0 v1 ==== 205+0+0 (secure 0 0 0) 0x7f591c003a40 con 0x7f592c07bec0
2023-10-05T15:08:21.514 INFO:teuthology.orchestra.run.smithi060.stdout:/usr/bin/ceph: stderr
2023-10-05T15:08:20.670+0000 7f591b7fe700 1 -- 172.21.15.60:0/1441245053 <== mon.0 v2:172.21.15.60:3300/0 2 ==== config(26 keys) v1 ==== 1074+0+0 (secure 0 0 0) 0x7f591c003ba0 con 0x7f592c07bec0
2023-10-05T15:08:21.514 INFO:teuthology.orchestra.run.smithi060.stdout:/usr/bin/ceph: stderr
2023-10-05T15:08:20.670+0000 7f5930df3700 1 -- 172.21.15.60:0/1441245053 --> [v2:172.21.15.60:3300/0,v1:172.21.15.60:6789/0] -- mon_subscribe({mgrmap=0+}) v3 -- 0x7f592c19cdb0 con 0x7f592c07bec0
2023-10-05T15:08:21.514 INFO:teuthology.orchestra.run.smithi060.stdout:/usr/bin/ceph: stderr
2023-10-05T15:08:20.670+0000 7f591b7fe700 1 -- 172.21.15.60:0/1441245053 <== mon.0 v2:172.21.15.60:3300/0 3 ==== mon_map magic: 0 v1 ==== 205+0+0 (secure 0 0 0) 0x7f591c01a700 con 0x7f592c07bec0
2023-10-05T15:08:21.514 INFO:teuthology.orchestra.run.smithi060.stdout:/usr/bin/ceph: stderr
2023-10-05T15:08:20.670+0000 7f5930df3700 1 -- 172.21.15.60:0/1441245053 --> [v2:172.21.15.60:3300/0,v1:172.21.15.60:6789/0] -- mon_subscribe({osdmap=0}) v3 -- 0x7f592c19d1d0 con 0x7f592c07bec0
2023-10-05T15:08:21.514 INFO:teuthology.orchestra.run.smithi060.stdout:/usr/bin/ceph: stderr
2023-10-05T15:08:20.671+0000 7f591b7fe700 1 -- 172.21.15.60:0/1441245053 <== mon.0 v2:172.21.15.60:3300/0 4 ==== mgrmap(e 7) v1 ==== 45473+0+0 (secure 0 0 0) 0x7f591c01a930 con 0x7f592c07bec0
2023-10-05T15:08:21.514 INFO:teuthology.orchestra.run.smithi060.stdout:/usr/bin/ceph: stderr
2023-10-05T15:08:20.671+0000 7f591b7fe700 1 --2- 172.21.15.60:0/1441245053 >> [v2:172.21.15.60:6800/2843655042,v1:172.21.15.60:6801/2843655042] conn(0x7f5914038740 0x7f591403ac00 unknown :-1 s=NONE pgs=0 cs=0 l=1 rev1=0 crypto rx=0 tx=0 comp rx=0 tx=0).connect
2023-10-05T15:08:21.514 INFO:teuthology.orchestra.run.smithi060.stdout:/usr/bin/ceph: stderr
2023-10-05T15:08:20.671+0000 7f591b7fe700 1 -- 172.21.15.60:0/1441245053 <== mon.0 v2:172.21.15.60:3300/0 5 ==== osd_map(2..2 src has 1..2) v4 ==== 940+0+0 (secure 0 0 0) 0x7f591c04c620 con 0x7f592c07bec0
2023-10-05T15:08:21.515 INFO:teuthology.orchestra.run.smithi060.stdout:/usr/bin/ceph: stderr
2023-10-05T15:08:20.672+0000 7f5930df3700 1 -- 172.21.15.60:0/1441245053 --> [v2:172.21.15.60:3300/0,v1:172.21.15.60:6789/0] -- mon_command({"prefix": "get_command_descriptions"} v 0) v1 -- 0x7f592c0624e0 con 0x7f592c07bec0
2023-10-05T15:08:21.515 INFO:teuthology.orchestra.run.smithi060.stdout:/usr/bin/ceph: stderr
2023-10-05T15:08:20.672+0000 7f5929d9b700 1 --2- 172.21.15.60:0/1441245053 >> [v2:172.21.15.60:6800/2843655042,v1:172.21.15.60:6801/2843655042] conn(0x7f5914038740 0x7f591403ac00 unknown :-1 s=BANNER_CONNECTING pgs=0 cs=0 l=1 rev1=0 crypto rx=0 tx=0 comp rx=0 tx=0)._handle_peer_banner_payload supported=3 required=0
2023-10-05T15:08:21.515 INFO:teuthology.orchestra.run.smithi060.stdout:/usr/bin/ceph: stderr
