2023-10-05T15:08:31.745+0000 7fc2f6ffd700 1 --2- 172.21.15.60:0/2925848002 >> [v2:172.21.15.60:3300/0,v1:172.21.15.60:6789/0] conn(0x7fc2f81056e0 0x7fc2f819a460 secure :-1 s=READY pgs=50 cs=0 l=1 rev1=1 crypto rx=0x7fc2e8000c00 tx=0x7fc2e8011a30 comp rx=0 tx=0).ready entity=mon.0 client_cookie=0 server_cookie=0 in_seq=0 out_seq=0
2023-10-05T15:08:32.596 INFO:teuthology.orchestra.run.smithi060.stdout:/usr/bin/ceph: stderr
2023-10-05T15:08:31.745+0000 7fc2dffff700 1 -- 172.21.15.60:0/2925848002 <== mon.0 v2:172.21.15.60:3300/0 1 ==== mon_map magic: 0 v1 ==== 205+0+0 (secure 0 0 0) 0x7fc2e80039f0 con 0x7fc2f81056e0
2023-10-05T15:08:32.596 INFO:teuthology.orchestra.run.smithi060.stdout:/usr/bin/ceph: stderr
2023-10-05T15:08:31.745+0000 7fc2dffff700 1 -- 172.21.15.60:0/2925848002 <== mon.0 v2:172.21.15.60:3300/0 2 ==== config(26 keys) v1 ==== 1105+0+0 (secure 0 0 0) 0x7fc2e8003b50 con 0x7fc2f81056e0
2023-10-05T15:08:32.596 INFO:teuthology.orchestra.run.smithi060.stdout:/usr/bin/ceph: stderr
2023-10-05T15:08:31.745+0000 7fc2dffff700 1 -- 172.21.15.60:0/2925848002 <== mon.0 v2:172.21.15.60:3300/0 3 ==== mon_map magic: 0 v1 ==== 205+0+0 (secure 0 0 0) 0x7fc2e801a780 con 0x7fc2f81056e0
2023-10-05T15:08:32.596 INFO:teuthology.orchestra.run.smithi060.stdout:/usr/bin/ceph: stderr
2023-10-05T15:08:31.745+0000 7fc2fd349700 1 -- 172.21.15.60:0/2925848002 --> [v2:172.21.15.60:3300/0,v1:172.21.15.60:6789/0] -- mon_subscribe({mgrmap=0+}) v3 -- 0x7fc2f819aba0 con 0x7fc2f81056e0
2023-10-05T15:08:32.596 INFO:teuthology.orchestra.run.smithi060.stdout:/usr/bin/ceph: stderr
2023-10-05T15:08:31.745+0000 7fc2fd349700 1 -- 172.21.15.60:0/2925848002 --> [v2:172.21.15.60:3300/0,v1:172.21.15.60:6789/0] -- mon_subscribe({osdmap=0}) v3 -- 0x7fc2f819afc0 con 0x7fc2f81056e0
2023-10-05T15:08:32.596 INFO:teuthology.orchestra.run.smithi060.stdout:/usr/bin/ceph: stderr
2023-10-05T15:08:31.746+0000 7fc2dffff700 1 -- 172.21.15.60:0/2925848002 <== mon.0 v2:172.21.15.60:3300/0 4 ==== mgrmap(e 8) v1 ==== 45579+0+0 (secure 0 0 0) 0x7fc2e801a9f0 con 0x7fc2f81056e0
2023-10-05T15:08:32.596 INFO:teuthology.orchestra.run.smithi060.stdout:/usr/bin/ceph: stderr
2023-10-05T15:08:31.746+0000 7fc2dffff700 1 --2- 172.21.15.60:0/2925848002 >> [v2:172.21.15.60:6800/2843655042,v1:172.21.15.60:6801/2843655042] conn(0x7fc2e0038870 0x7fc2e003ad30 unknown :-1 s=NONE pgs=0 cs=0 l=1 rev1=0 crypto rx=0 tx=0 comp rx=0 tx=0).connect
2023-10-05T15:08:32.596 INFO:teuthology.orchestra.run.smithi060.stdout:/usr/bin/ceph: stderr
2023-10-05T15:08:31.746+0000 7fc2dffff700 1 -- 172.21.15.60:0/2925848002 <== mon.0 v2:172.21.15.60:3300/0 5 ==== osd_map(2..2 src has 1..2) v4 ==== 940+0+0 (secure 0 0 0) 0x7fc2e804c860 con 0x7fc2f81056e0
2023-10-05T15:08:32.596 INFO:teuthology.orchestra.run.smithi060.stdout:/usr/bin/ceph: stderr
2023-10-05T15:08:31.746+0000 7fc2f67fc700 1 --2- 172.21.15.60:0/2925848002 >> [v2:172.21.15.60:6800/2843655042,v1:172.21.15.60:6801/2843655042] conn(0x7fc2e0038870 0x7fc2e003ad30 unknown :-1 s=BANNER_CONNECTING pgs=0 cs=0 l=1 rev1=0 crypto rx=0 tx=0 comp rx=0 tx=0)._handle_peer_banner_payload supported=3 required=0
2023-10-05T15:08:32.597 INFO:teuthology.orchestra.run.smithi060.stdout:/usr/bin/ceph: stderr
2023-10-05T15:08:31.746+0000 7fc2fd349700 1 -- 172.21.15.60:0/2925848002 --> [v2:172.21.15.60:3300/0,v1:172.21.15.60:6789/0] -- mon_command({"prefix": "get_command_descriptions"} v 0) v1 -- 0x7fc2f80624e0 con 0x7fc2f81056e0
2023-10-05T15:08:32.597 INFO:teuthology.orchestra.run.smithi060.stdout:/usr/bin/ceph: stderr
2023-10-05T15:08:31.747+0000 7fc2f67fc700 1 --2- 172.21.15.60:0/2925848002 >> [v2:172.21.15.60:6800/2843655042,v1:172.21.15.60:6801/2843655042] conn(0x7fc2e0038870 0x7fc2e003ad30 secure :-1 s=READY pgs=13 cs=0 l=1 rev1=1 crypto rx=0x7fc2ec006fd0 tx=0x7fc2ec006e40 comp rx=0 tx=0).ready entity=mgr.14120 client_cookie=0 server_cookie=0 in_seq=0 out_seq=0
2023-10-05T15:08:32.597 INFO:teuthology.orchestra.run.smithi060.stdout:/usr/bin/ceph: stderr
2023-10-05T15:08:31.751+0000 7fc2dffff700 1 -- 172.21.15.60:0/2925848002 <== mon.0 v2:172.21.15.60:3300/0 6 ==== mon_command_ack([{"prefix": "get_command_descriptions"}]=0 v0) v1 ==== 72+0+180459 (secure 0 0 0) 0x7fc2e801aca0 con 0x7fc2f81056e0
2023-10-05T15:08:32.597 INFO:teuthology.orchestra.run.smithi060.stdout:/usr/bin/ceph: stderr
2023-10-05T15:08:32.142+0000 7fc2fd349700 1 -- 172.21.15.60:0/2925848002 --> [v2:172.21.15.60:6800/2843655042,v1:172.21.15.60:6801/2843655042] -- mgr_command(tid 0: {"prefix": "orch apply", "service_type": "mgr", "unmanaged": true, "target": ["mon-mgr", ""]}) v1 -- 0x7fc2f8102e10 con 0x7fc2e0038870
2023-10-05T15:08:32.597 INFO:teuthology.orchestra.run.smithi060.stdout:/usr/bin/ceph: stderr
2023-10-05T15:08:32.147+0000 7fc2dffff700 1 -- 172.21.15.60:0/2925848002 <== mgr.14120 v2:172.21.15.60:6800/2843655042 1 ==== mgr_command_reply(tid 0: 0 ) v1 ==== 8+0+24 (secure 0 0 0) 0x7fc2f8102e10 con 0x7fc2e0038870
2023-10-05T15:08:32.597 INFO:teuthology.orchestra.run.smithi060.stdout:/usr/bin/ceph: stderr
2023-10-05T15:08:32.149+0000 7fc2fd349700 1 -- 172.21.15.60:0/2925848002 >> [v2:172.21.15.60:6800/2843655042,v1:172.21.15.60:6801/2843655042] conn(0x7fc2e0038870 msgr2=0x7fc2e003ad30 secure :-1 s=STATE_CONNECTION_ESTABLISHED l=1).mark_down
2023-10-05T15:08:32.597 INFO:teuthology.orchestra.run.smithi060.stdout:/usr/bin/ceph: stderr
2023-10-05T15:08:32.149+0000 7fc2fd349700 1 --2- 172.21.15.60:0/2925848002 >> [v2:172.21.15.60:6800/2843655042,v1:172.21.15.60:6801/2843655042] conn(0x7fc2e0038870 0x7fc2e003ad30 secure :-1 s=READY pgs=13 cs=0 l=1 rev1=1 crypto rx=0x7fc2ec006fd0 tx=0x7fc2ec006e40 comp rx=0 tx=0).stop
2023-10-05T15:08:32.597 INFO:teuthology.orchestra.run.smithi060.stdout:/usr/bin/ceph: stderr
2023-10-05T15:08:32.149+0000 7fc2fd349700 1 -- 172.21.15.60:0/2925848002 >> [v2:172.21.15.60:3300/0,v1:172.21.15.60:6789/0] conn(0x7fc2f81056e0 msgr2=0x7fc2f819a460 secure :-1 s=STATE_CONNECTION_ESTABLISHED l=1).mark_down
2023-10-05T15:08:32.597 INFO:teuthology.orchestra.run.smithi060.stdout:/usr/bin/ceph: stderr
2023-10-05T15:08:32.149+0000 7fc2fd349700 1 --2- 172.21.15.60:0/2925848002 >> [v2:172.21.15.60:3300/0,v1:172.21.15.60:6789/0] conn(0x7fc2f81056e0 0x7fc2f819a460 secure :-1 s=READY pgs=50 cs=0 l=1 rev1=1 crypto rx=0x7fc2e8000c00 tx=0x7fc2e8011a30 comp rx=0 tx=0).stop
2023-10-05T15:08:32.597 INFO:teuthology.orchestra.run.smithi060.stdout:/usr/bin/ceph: stderr
2023-10-05T15:08:32.149+0000 7fc2fd349700 1 -- 172.21.15.60:0/2925848002 shutdown_connections
2023-10-05T15:08:32.597 INFO:teuthology.orchestra.run.smithi060.stdout:/usr/bin/ceph: stderr
2023-10-05T15:08:32.149+0000 7fc2fd349700 1 --2- 172.21.15.60:0/2925848002 >> [v2:172.21.15.60:6800/2843655042,v1:172.21.15.60:6801/2843655042] conn(0x7fc2e0038870 0x7fc2e003ad30 unknown :-1 s=CLOSED pgs=13 cs=0 l=1 rev1=1 crypto rx=0 tx=0 comp rx=0 tx=0).stop
2023-10-05T15:08:32.597 INFO:teuthology.orchestra.run.smithi060.stdout:/usr/bin/ceph: stderr
2023-10-05T15:08:32.149+0000 7fc2fd349700 1 --2- 172.21.15.60:0/2925848002 >> [v2:172.21.15.60:3300/0,v1:172.21.15.60:6789/0] conn(0x7fc2f81056e0 0x7fc2f819a460 unknown :-1 s=CLOSED pgs=50 cs=0 l=1 rev1=1 crypto rx=0 tx=0 comp rx=0 tx=0).stop
2023-10-05T15:08:32.598 INFO:teuthology.orchestra.run.smithi060.stdout:/usr/bin/ceph: stderr
2023-10-05T15:08:32.149+0000 7fc2fd349700 1 -- 172.21.15.60:0/2925848002 >> 172.21.15.60:0/2925848002 conn(0x7fc2f8100ca0 msgr2=0x7fc2f8079920 unknown :-1 s=STATE_NONE l=0).mark_down
2023-10-05T15:08:32.598 INFO:teuthology.orchestra.run.smithi060.stdout:/usr/bin/ceph: stderr
2023-10-05T15:08:32.149+0000 7fc2fd349700 1 -- 172.21.15.60:0/2925848002 shutdown_connections
2023-10-05T15:08:32.598 INFO:teuthology.orchestra.run.smithi060.stdout:/usr/bin/ceph: stderr
2023-10-05T15:08:32.149+0000 7fc2fd349700 1 -- 172.21.15.60:0/2925848002 wait complete.
2023-10-05T15:08:33.664 INFO:journalctl@ceph.mon.a.smithi060.stdout:Oct 05 15:08:33 smithi060 ceph-mon[99238]: from='client.14144 -' entity='client.admin' cmd=[{"prefix": "orch apply", "service_type": "mgr", "unmanaged": true, "target": ["mon-mgr", ""]}]: dispatch
2023-10-05T15:08:33.664 INFO:journalctl@ceph.mon.a.smithi060.stdout:Oct 05 15:08:33 smithi060 ceph-mon[99238]: Saving service mgr spec with placement count:2
2023-10-05T15:08:33.947 INFO:teuthology.orchestra.run.smithi060.stdout:/usr/bin/ceph: stderr
2023-10-05T15:08:33.127+0000 7f1c058d9700 1 Processor -- start
2023-10-05T15:08:33.947 INFO:teuthology.orchestra.run.smithi060.stdout:/usr/bin/ceph: stderr
2023-10-05T15:08:33.128+0000 7f1c058d9700 1 -- start start
2023-10-05T15:08:33.948 INFO:teuthology.orchestra.run.smithi060.stdout:/usr/bin/ceph: stderr
2023-10-05T15:08:33.128+0000 7f1c058d9700 1 --2- >> [v2:172.21.15.60:3300/0,v1:172.21.15.60:6789/0] conn(0x7f1c00107270 0x7f1c00109660 unknown :-1 s=NONE pgs=0 cs=0 l=0 rev1=0 crypto rx=0 tx=0 comp rx=0 tx=0).connect
2023-10-05T15:08:33.948 INFO:teuthology.orchestra.run.smithi060.stdout:/usr/bin/ceph: stderr
2023-10-05T15:08:33.128+0000 7f1c058d9700 1 -- --> [v2:172.21.15.60:3300/0,v1:172.21.15.60:6789/0] -- mon_getmap magic: 0 v1 -- 0x7f1c00079e70 con 0x7f1c00107270
2023-10-05T15:08:33.948 INFO:teuthology.orchestra.run.smithi060.stdout:/usr/bin/ceph: stderr
2023-10-05T15:08:33.128+0000 7f1bfeffd700 1 --2- >> [v2:172.21.15.60:3300/0,v1:172.21.15.60:6789/0] conn(0x7f1c00107270 0x7f1c00109660 unknown :-1 s=BANNER_CONNECTING pgs=0 cs=0 l=0 rev1=0 crypto rx=0 tx=0 comp rx=0 tx=0)._handle_peer_banner_payload supported=3 required=0
2023-10-05T15:08:33.948 INFO:teuthology.orchestra.run.smithi060.stdout:/usr/bin/ceph: stderr
2023-10-05T15:08:33.128+0000 7f1bfeffd700 1 --2- >> [v2:172.21.15.60:3300/0,v1:172.21.15.60:6789/0] conn(0x7f1c00107270 0x7f1c00109660 unknown :-1 s=HELLO_CONNECTING pgs=0 cs=0 l=0 rev1=1 crypto rx=0 tx=0 comp rx=0 tx=0).handle_hello peer v2:172.21.15.60:3300/0 says I am v2:172.21.15.60:34730/0 (socket says 172.21.15.60:34730)
2023-10-05T15:08:33.949 INFO:teuthology.orchestra.run.smithi060.stdout:/usr/bin/ceph: stderr
2023-10-05T15:08:33.128+0000 7f1bfeffd700 1 -- 172.21.15.60:0/725927395 learned_addr learned my addr 172.21.15.60:0/725927395 (peer_addr_for_me v2:172.21.15.60:0/0)
2023-10-05T15:08:33.949 INFO:teuthology.orchestra.run.smithi060.stdout:/usr/bin/ceph: stderr
2023-10-05T15:08:33.128+0000 7f1bfeffd700 1 -- 172.21.15.60:0/725927395 --> [v2:172.21.15.60:3300/0,v1:172.21.15.60:6789/0] -- mon_subscribe({config=0+,monmap=0+}) v3 -- 0x7f1c00109ba0 con 0x7f1c00107270
2023-10-05T15:08:33.949 INFO:teuthology.orchestra.run.smithi060.stdout:/usr/bin/ceph: stderr
2023-10-05T15:08:33.128+0000 7f1bfeffd700 1 --2- 172.21.15.60:0/725927395 >> [v2:172.21.15.60:3300/0,v1:172.21.15.60:6789/0] conn(0x7f1c00107270 0x7f1c00109660 secure :-1 s=READY pgs=51 cs=0 l=1 rev1=1 crypto rx=0x7f1bf00098a0 tx=0x7f1bf0009bb0 comp rx=0 tx=0).ready entity=mon.0 client_cookie=96fabb04722fc336 server_cookie=0 in_seq=0 out_seq=0
2023-10-05T15:08:33.949 INFO:teuthology.orchestra.run.smithi060.stdout:/usr/bin/ceph: stderr
2023-10-05T15:08:33.129+0000 7f1bfdffb700 1 -- 172.21.15.60:0/725927395 <== mon.0 v2:172.21.15.60:3300/0 1 ==== mon_map magic: 0 v1 ==== 205+0+0 (secure 0 0 0) 0x7f1bf0004160 con 0x7f1c00107270
2023-10-05T15:08:33.950 INFO:teuthology.orchestra.run.smithi060.stdout:/usr/bin/ceph: stderr
2023-10-05T15:08:33.129+0000 7f1bfdffb700 1 -- 172.21.15.60:0/725927395 <== mon.0 v2:172.21.15.60:3300/0 2 ==== config(26 keys) v1 ==== 1105+0+0 (secure 0 0 0) 0x7f1bf00042c0 con 0x7f1c00107270
2023-10-05T15:08:33.950 INFO:teuthology.orchestra.run.smithi060.stdout:/usr/bin/ceph: stderr
2023-10-05T15:08:33.129+0000 7f1bfdffb700 1 -- 172.21.15.60:0/725927395 <== mon.0 v2:172.21.15.60:3300/0 3 ==== mon_map magic: 0 v1 ==== 205+0+0 (secure 0 0 0) 0x7f1bf00119b0 con 0x7f1c00107270
2023-10-05T15:08:33.950 INFO:teuthology.orchestra.run.smithi060.stdout:/usr/bin/ceph: stderr
2023-10-05T15:08:33.129+0000 7f1c058d9700 1 -- 172.21.15.60:0/725927395 >> [v2:172.21.15.60:3300/0,v1:172.21.15.60:6789/0] conn(0x7f1c00107270 msgr2=0x7f1c00109660 secure :-1 s=STATE_CONNECTION_ESTABLISHED l=1).mark_down
2023-10-05T15:08:33.950 INFO:teuthology.orchestra.run.smithi060.stdout:/usr/bin/ceph: stderr
2023-10-05T15:08:33.129+0000 7f1c058d9700 1 --2- 172.21.15.60:0/725927395 >> [v2:172.21.15.60:3300/0,v1:172.21.15.60:6789/0] conn(0x7f1c00107270 0x7f1c00109660 secure :-1 s=READY pgs=51 cs=0 l=1 rev1=1 crypto rx=0x7f1bf00098a0 tx=0x7f1bf0009bb0 comp rx=0 tx=0).stop
2023-10-05T15:08:33.950 INFO:teuthology.orchestra.run.smithi060.stdout:/usr/bin/ceph: stderr
2023-10-05T15:08:33.129+0000 7f1c058d9700 1 -- 172.21.15.60:0/725927395 shutdown_connections
2023-10-05T15:08:33.950 INFO:teuthology.orchestra.run.smithi060.stdout:/usr/bin/ceph: stderr
2023-10-05T15:08:33.129+0000 7f1c058d9700 1 --2- 172.21.15.60:0/725927395 >> [v2:172.21.15.60:3300/0,v1:172.21.15.60:6789/0] conn(0x7f1c00107270 0x7f1c00109660 unknown :-1 s=CLOSED pgs=51 cs=0 l=1 rev1=1 crypto rx=0 tx=0 comp rx=0 tx=0).stop
2023-10-05T15:08:33.950 INFO:teuthology.orchestra.run.smithi060.stdout:/usr/bin/ceph: stderr
2023-10-05T15:08:33.129+0000 7f1c058d9700 1 -- 172.21.15.60:0/725927395 >> 172.21.15.60:0/725927395 conn(0x7f1c00100c60 msgr2=0x7f1c001030a0 unknown :-1 s=STATE_NONE l=0).mark_down
2023-10-05T15:08:33.950 INFO:teuthology.orchestra.run.smithi060.stdout:/usr/bin/ceph: stderr
2023-10-05T15:08:33.130+0000 7f1c058d9700 1 -- 172.21.15.60:0/725927395 shutdown_connections
2023-10-05T15:08:33.950 INFO:teuthology.orchestra.run.smithi060.stdout:/usr/bin/ceph: stderr
2023-10-05T15:08:33.130+0000 7f1c058d9700 1 -- 172.21.15.60:0/725927395 wait complete.
2023-10-05T15:08:33.951 INFO:teuthology.orchestra.run.smithi060.stdout:/usr/bin/ceph: stderr
2023-10-05T15:08:33.130+0000 7f1c058d9700 1 Processor -- start
2023-10-05T15:08:33.951 INFO:teuthology.orchestra.run.smithi060.stdout:/usr/bin/ceph: stderr
2023-10-05T15:08:33.130+0000 7f1c058d9700 1 -- start start
2023-10-05T15:08:33.951 INFO:teuthology.orchestra.run.smithi060.stdout:/usr/bin/ceph: stderr
2023-10-05T15:08:33.131+0000 7f1c058d9700 1 --2- >> [v2:172.21.15.60:3300/0,v1:172.21.15.60:6789/0] conn(0x7f1c00107270 0x7f1c0019a4d0 unknown :-1 s=NONE pgs=0 cs=0 l=1 rev1=0 crypto rx=0 tx=0 comp rx=0 tx=0).connect
2023-10-05T15:08:33.951 INFO:teuthology.orchestra.run.smithi060.stdout:/usr/bin/ceph: stderr
2023-10-05T15:08:33.131+0000 7f1c058d9700 1 -- --> [v2:172.21.15.60:3300/0,v1:172.21.15.60:6789/0] -- mon_getmap magic: 0 v1 -- 0x7f1c0019aa10 con 0x7f1c00107270
2023-10-05T15:08:33.951 INFO:teuthology.orchestra.run.smithi060.stdout:/usr/bin/ceph: stderr
2023-10-05T15:08:33.131+0000 7f1bfeffd700 1 --2- >> [v2:172.21.15.60:3300/0,v1:172.21.15.60:6789/0] conn(0x7f1c00107270 0x7f1c0019a4d0 unknown :-1 s=BANNER_CONNECTING pgs=0 cs=0 l=1 rev1=0 crypto rx=0 tx=0 comp rx=0 tx=0)._handle_peer_banner_payload supported=3 required=0
2023-10-05T15:08:33.951 INFO:teuthology.orchestra.run.smithi060.stdout:/usr/bin/ceph: stderr
2023-10-05T15:08:33.131+0000 7f1bfeffd700 1 --2- >> [v2:172.21.15.60:3300/0,v1:172.21.15.60:6789/0] conn(0x7f1c00107270 0x7f1c0019a4d0 unknown :-1 s=HELLO_CONNECTING pgs=0 cs=0 l=1 rev1=1 crypto rx=0 tx=0 comp rx=0 tx=0).handle_hello peer v2:172.21.15.60:3300/0 says I am v2:172.21.15.60:34732/0 (socket says 172.21.15.60:34732)
2023-10-05T15:08:33.951 INFO:teuthology.orchestra.run.smithi060.stdout:/usr/bin/ceph: stderr
2023-10-05T15:08:33.131+0000 7f1bfeffd700 1 -- 172.21.15.60:0/834787571 learned_addr learned my addr 172.21.15.60:0/834787571 (peer_addr_for_me v2:172.21.15.60:0/0)
2023-10-05T15:08:33.951 INFO:teuthology.orchestra.run.smithi060.stdout:/usr/bin/ceph: stderr
2023-10-05T15:08:33.131+0000 7f1bfeffd700 1 -- 172.21.15.60:0/834787571 --> [v2:172.21.15.60:3300/0,v1:172.21.15.60:6789/0] -- mon_subscribe({config=0+,monmap=0+}) v3 -- 0x7f1bf0009550 con 0x7f1c00107270
2023-10-05T15:08:33.951 INFO:teuthology.orchestra.run.smithi060.stdout:/usr/bin/ceph: stderr
2023-10-05T15:08:33.131+0000 7f1bfeffd700 1 --2- 172.21.15.60:0/834787571 >> [v2:172.21.15.60:3300/0,v1:172.21.15.60:6789/0] conn(0x7f1c00107270 0x7f1c0019a4d0 secure :-1 s=READY pgs=52 cs=0 l=1 rev1=1 crypto rx=0x7f1bf0003f00 tx=0x7f1bf0011a30 comp rx=0 tx=0).ready entity=mon.0 client_cookie=0 server_cookie=0 in_seq=0 out_seq=0
2023-10-05T15:08:33.951 INFO:teuthology.orchestra.run.smithi060.stdout:/usr/bin/ceph: stderr
2023-10-05T15:08:33.131+0000 7f1c048d7700 1 -- 172.21.15.60:0/834787571 <== mon.0 v2:172.21.15.60:3300/0 1 ==== mon_map magic: 0 v1 ==== 205+0+0 (secure 0 0 0) 0x7f1bf0003b20 con 0x7f1c00107270
2023-10-05T15:08:33.952 INFO:teuthology.orchestra.run.smithi060.stdout:/usr/bin/ceph: stderr
2023-10-05T15:08:33.131+0000 7f1c048d7700 1 -- 172.21.15.60:0/834787571 <== mon.0 v2:172.21.15.60:3300/0 2 ==== config(26 keys) v1 ==== 1105+0+0 (secure 0 0 0) 0x7f1bf0003c80 con 0x7f1c00107270
2023-10-05T15:08:33.952 INFO:teuthology.orchestra.run.smithi060.stdout:/usr/bin/ceph: stderr
2023-10-05T15:08:33.131+0000 7f1c058d9700 1 -- 172.21.15.60:0/834787571 --> [v2:172.21.15.60:3300/0,v1:172.21.15.60:6789/0] -- mon_subscribe({mgrmap=0+}) v3 -- 0x7f1c0019ac10 con 0x7f1c00107270
2023-10-05T15:08:33.952 INFO:teuthology.orchestra.run.smithi060.stdout:/usr/bin/ceph: stderr
2023-10-05T15:08:33.131+0000 7f1c048d7700 1 -- 172.21.15.60:0/834787571 <== mon.0 v2:172.21.15.60:3300/0 3 ==== mon_map magic: 0 v1 ==== 205+0+0 (secure 0 0 0) 0x7f1bf0019770 con 0x7f1c00107270
2023-10-05T15:08:33.952 INFO:teuthology.orchestra.run.smithi060.stdout:/usr/bin/ceph: stderr
2023-10-05T15:08:33.131+0000 7f1c058d9700 1 -- 172.21.15.60:0/834787571 --> [v2:172.21.15.60:3300/0,v1:172.21.15.60:6789/0] -- mon_subscribe({osdmap=0}) v3 -- 0x7f1c0019b030 con 0x7f1c00107270
2023-10-05T15:08:33.952 INFO:teuthology.orchestra.run.smithi060.stdout:/usr/bin/ceph: stderr
2023-10-05T15:08:33.133+0000 7f1c058d9700 1 -- 172.21.15.60:0/834787571 --> [v2:172.21.15.60:3300/0,v1:172.21.15.60:6789/0] -- mon_command({"prefix": "get_command_descriptions"} v 0) v1 -- 0x7f1c000624e0 con 0x7f1c00107270
2023-10-05T15:08:33.952 INFO:teuthology.orchestra.run.smithi060.stdout:/usr/bin/ceph: stderr
2023-10-05T15:08:33.133+0000 7f1c048d7700 1 -- 172.21.15.60:0/834787571 <== mon.0 v2:172.21.15.60:3300/0 4 ==== mgrmap(e 8) v1 ==== 45579+0+0 (secure 0 0 0) 0x7f1bf001ab60 con 0x7f1c00107270
2023-10-05T15:08:33.952 INFO:teuthology.orchestra.run.smithi060.stdout:/usr/bin/ceph: stderr
2023-10-05T15:08:33.134+0000 7f1c048d7700 1 --2- 172.21.15.60:0/834787571 >> [v2:172.21.15.60:6800/2843655042,v1:172.21.15.60:6801/2843655042] conn(0x7f1be8038870 0x7f1be803ad30 unknown :-1 s=NONE pgs=0 cs=0 l=1 rev1=0 crypto rx=0 tx=0 comp rx=0 tx=0).connect
2023-10-05T15:08:33.952 INFO:teuthology.orchestra.run.smithi060.stdout:/usr/bin/ceph: stderr
2023-10-05T15:08:33.134+0000 7f1c048d7700 1 -- 172.21.15.60:0/834787571 <== mon.0 v2:172.21.15.60:3300/0 5 ==== osd_map(2..2 src has 1..2) v4 ==== 940+0+0 (secure 0 0 0) 0x7f1bf004ccb0 con 0x7f1c00107270
2023-10-05T15:08:33.952 INFO:teuthology.orchestra.run.smithi060.stdout:/usr/bin/ceph: stderr
2023-10-05T15:08:33.134+0000 7f1bfe7fc700 1 --2- 172.21.15.60:0/834787571 >> [v2:172.21.15.60:6800/2843655042,v1:172.21.15.60:6801/2843655042] conn(0x7f1be8038870 0x7f1be803ad30 unknown :-1 s=BANNER_CONNECTING pgs=0 cs=0 l=1 rev1=0 crypto rx=0 tx=0 comp rx=0 tx=0)._handle_peer_banner_payload supported=3 required=0
2023-10-05T15:08:33.953 INFO:teuthology.orchestra.run.smithi060.stdout:/usr/bin/ceph: stderr
2023-10-05T15:08:33.134+0000 7f1bfe7fc700 1 --2- 172.21.15.60:0/834787571 >> [v2:172.21.15.60:6800/2843655042,v1:172.21.15.60:6801/2843655042] conn(0x7f1be8038870 0x7f1be803ad30 secure :-1 s=READY pgs=14 cs=0 l=1 rev1=1 crypto rx=0x7f1bf4006fd0 tx=0x7f1bf4006e40 comp rx=0 tx=0).ready entity=mgr.14120 client_cookie=0 server_cookie=0 in_seq=0 out_seq=0
2023-10-05T15:08:33.953 INFO:teuthology.orchestra.run.smithi060.stdout:/usr/bin/ceph: stderr
2023-10-05T15:08:33.138+0000 7f1c048d7700 1 -- 172.21.15.60:0/834787571 <== mon.0 v2:172.21.15.60:3300/0 6 ==== mon_command_ack([{"prefix": "get_command_descriptions"}]=0 v0) v1 ==== 72+0+180459 (secure 0 0 0) 0x7f1bf001a430 con 0x7f1c00107270
2023-10-05T15:08:33.953 INFO:teuthology.orchestra.run.smithi060.stdout:/usr/bin/ceph: stderr
2023-10-05T15:08:33.506+0000 7f1c058d9700 1 -- 172.21.15.60:0/834787571 --> [v2:172.21.15.60:3300/0,v1:172.21.15.60:6789/0] -- mon_command([{prefix=config set, name=mgr/cephadm/container_init}] v 0) v1 -- 0x7f1c0010a980 con 0x7f1c00107270
2023-10-05T15:08:33.953 INFO:teuthology.orchestra.run.smithi060.stdout:/usr/bin/ceph: stderr
2023-10-05T15:08:33.509+0000 7f1c048d7700 1 -- 172.21.15.60:0/834787571 <== mon.0 v2:172.21.15.60:3300/0 7 ==== mon_command_ack([{prefix=config set, name=mgr/cephadm/container_init}]=0 v7)=0 v7) v1 ==== 142+0+0 (secure 0 0 0) 0x7f1bf002a030 con 0x7f1c00107270
2023-10-05T15:08:33.953 INFO:teuthology.orchestra.run.smithi060.stdout:/usr/bin/ceph: stderr
2023-10-05T15:08:33.511+0000 7f1c058d9700 1 -- 172.21.15.60:0/834787571 >> [v2:172.21.15.60:6800/2843655042,v1:172.21.15.60:6801/2843655042] conn(0x7f1be8038870 msgr2=0x7f1be803ad30 secure :-1 s=STATE_CONNECTION_ESTABLISHED l=1).mark_down
2023-10-05T15:08:33.953 INFO:teuthology.orchestra.run.smithi060.stdout:/usr/bin/ceph: stderr
2023-10-05T15:08:33.511+0000 7f1c058d9700 1 --2- 172.21.15.60:0/834787571 >> [v2:172.21.15.60:6800/2843655042,v1:172.21.15.60:6801/2843655042] conn(0x7f1be8038870 0x7f1be803ad30 secure :-1 s=READY pgs=14 cs=0 l=1 rev1=1 crypto rx=0x7f1bf4006fd0 tx=0x7f1bf4006e40 comp rx=0 tx=0).stop
2023-10-05T15:08:33.953 INFO:teuthology.orchestra.run.smithi060.stdout:/usr/bin/ceph: stderr
2023-10-05T15:08:33.511+0000 7f1c058d9700 1 -- 172.21.15.60:0/834787571 >> [v2:172.21.15.60:3300/0,v1:172.21.15.60:6789/0] conn(0x7f1c00107270 msgr2=0x7f1c0019a4d0 secure :-1 s=STATE_CONNECTION_ESTABLISHED l=1).mark_down
2023-10-05T15:08:33.953 INFO:teuthology.orchestra.run.smithi060.stdout:/usr/bin/ceph: stderr
2023-10-05T15:08:33.511+0000 7f1c058d9700 1 --2- 172.21.15.60:0/834787571 >> [v2:172.21.15.60:3300/0,v1:172.21.15.60:6789/0] conn(0x7f1c00107270 0x7f1c0019a4d0 secure :-1 s=READY pgs=52 cs=0 l=1 rev1=1 crypto rx=0x7f1bf0003f00 tx=0x7f1bf0011a30 comp rx=0 tx=0).stop
2023-10-05T15:08:33.953 INFO:teuthology.orchestra.run.smithi060.stdout:/usr/bin/ceph: stderr
2023-10-05T15:08:33.511+0000 7f1c058d9700 1 -- 172.21.15.60:0/834787571 shutdown_connections
2023-10-05T15:08:33.953 INFO:teuthology.orchestra.run.smithi060.stdout:/usr/bin/ceph: stderr
2023-10-05T15:08:33.511+0000 7f1c058d9700 1 --2- 172.21.15.60:0/834787571 >> [v2:172.21.15.60:6800/2843655042,v1:172.21.15.60:6801/2843655042] conn(0x7f1be8038870 0x7f1be803ad30 unknown :-1 s=CLOSED pgs=14 cs=0 l=1 rev1=1 crypto rx=0 tx=0 comp rx=0 tx=0).stop
2023-10-05T15:08:33.954 INFO:teuthology.orchestra.run.smithi060.stdout:/usr/bin/ceph: stderr
2023-10-05T15:08:33.511+0000 7f1c058d9700 1 --2- 172.21.15.60:0/834787571 >> [v2:172.21.15.60:3300/0,v1:172.21.15.60:6789/0] conn(0x7f1c00107270 0x7f1c0019a4d0 unknown :-1 s=CLOSED pgs=52 cs=0 l=1 rev1=1 crypto rx=0 tx=0 comp rx=0 tx=0).stop
2023-10-05T15:08:33.954 INFO:teuthology.orchestra.run.smithi060.stdout:/usr/bin/ceph: stderr
2023-10-05T15:08:33.511+0000 7f1c058d9700 1 -- 172.21.15.60:0/834787571 >> 172.21.15.60:0/834787571 conn(0x7f1c00100c60 msgr2=0x7f1c00102350 unknown :-1 s=STATE_NONE l=0).mark_down
2023-10-05T15:08:33.954 INFO:teuthology.orchestra.run.smithi060.stdout:/usr/bin/ceph: stderr
2023-10-05T15:08:33.512+0000 7f1c058d9700 1 -- 172.21.15.60:0/834787571 shutdown_connections
2023-10-05T15:08:33.954 INFO:teuthology.orchestra.run.smithi060.stdout:/usr/bin/ceph: stderr
2023-10-05T15:08:33.512+0000 7f1c058d9700 1 -- 172.21.15.60:0/834787571 wait complete.
2023-10-05T15:08:34.914 INFO:journalctl@ceph.mon.a.smithi060.stdout:Oct 05 15:08:34 smithi060 ceph-mon[99238]: from='client.? 172.21.15.60:0/834787571' entity='client.admin'
2023-10-05T15:08:34.915 INFO:journalctl@ceph.mon.a.smithi060.stdout:Oct 05 15:08:34 smithi060 ceph-mon[99238]: from='mgr.14120 172.21.15.60:0/145393081' entity='mgr.x'
2023-10-05T15:08:35.291 INFO:teuthology.orchestra.run.smithi060.stdout:/usr/bin/ceph: stderr
2023-10-05T15:08:34.504+0000 7fc48e7fb700 1 Processor -- start
2023-10-05T15:08:35.291 INFO:teuthology.orchestra.run.smithi060.stdout:/usr/bin/ceph: stderr
2023-10-05T15:08:34.504+0000 7fc48e7fb700 1 -- start start
2023-10-05T15:08:35.291 INFO:teuthology.orchestra.run.smithi060.stdout:/usr/bin/ceph: stderr
2023-10-05T15:08:34.504+0000 7fc48e7fb700 1 --2- >> [v2:172.21.15.60:3300/0,v1:172.21.15.60:6789/0] conn(0x7fc488107310 0x7fc488109700 unknown :-1 s=NONE pgs=0 cs=0 l=0 rev1=0 crypto rx=0 tx=0 comp rx=0 tx=0).connect
2023-10-05T15:08:35.291 INFO:teuthology.orchestra.run.smithi060.stdout:/usr/bin/ceph: stderr
2023-10-05T15:08:34.504+0000 7fc48e7fb700 1 -- --> [v2:172.21.15.60:3300/0,v1:172.21.15.60:6789/0] -- mon_getmap magic: 0 v1 -- 0x7fc488079df0 con 0x7fc488107310
2023-10-05T15:08:35.291 INFO:teuthology.orchestra.run.smithi060.stdout:/usr/bin/ceph: stderr
2023-10-05T15:08:34.505+0000 7fc487fff700 1 --2- >> [v2:172.21.15.60:3300/0,v1:172.21.15.60:6789/0] conn(0x7fc488107310 0x7fc488109700 unknown :-1 s=BANNER_CONNECTING pgs=0 cs=0 l=0 rev1=0 crypto rx=0 tx=0 comp rx=0 tx=0)._handle_peer_banner_payload supported=3 required=0
2023-10-05T15:08:35.291 INFO:teuthology.orchestra.run.smithi060.stdout:/usr/bin/ceph: stderr
2023-10-05T15:08:34.505+0000 7fc487fff700 1 --2- >> [v2:172.21.15.60:3300/0,v1:172.21.15.60:6789/0] conn(0x7fc488107310 0x7fc488109700 unknown :-1 s=HELLO_CONNECTING pgs=0 cs=0 l=0 rev1=1 crypto rx=0 tx=0 comp rx=0 tx=0).handle_hello peer v2:172.21.15.60:3300/0 says I am v2:172.21.15.60:34736/0 (socket says 172.21.15.60:34736)
2023-10-05T15:08:35.291 INFO:teuthology.orchestra.run.smithi060.stdout:/usr/bin/ceph: stderr
2023-10-05T15:08:34.505+0000 7fc487fff700 1 -- 172.21.15.60:0/4180207084 learned_addr learned my addr 172.21.15.60:0/4180207084 (peer_addr_for_me v2:172.21.15.60:0/0)
2023-10-05T15:08:35.291 INFO:teuthology.orchestra.run.smithi060.stdout:/usr/bin/ceph: stderr
2023-10-05T15:08:34.505+0000 7fc487fff700 1 -- 172.21.15.60:0/4180207084 --> [v2:172.21.15.60:3300/0,v1:172.21.15.60:6789/0] -- mon_subscribe({config=0+,monmap=0+}) v3 -- 0x7fc488079f30 con 0x7fc488107310
2023-10-05T15:08:35.291 INFO:teuthology.orchestra.run.smithi060.stdout:/usr/bin/ceph: stderr
2023-10-05T15:08:34.505+0000 7fc487fff700 1 --2- 172.21.15.60:0/4180207084 >> [v2:172.21.15.60:3300/0,v1:172.21.15.60:6789/0] conn(0x7fc488107310 0x7fc488109700 secure :-1 s=READY pgs=53 cs=0 l=1 rev1=1 crypto rx=0x7fc4780098a0 tx=0x7fc478009bb0 comp rx=0 tx=0).ready entity=mon.0 client_cookie=23f39bd00d27224d server_cookie=0 in_seq=0 out_seq=0
2023-10-05T15:08:35.291 INFO:teuthology.orchestra.run.smithi060.stdout:/usr/bin/ceph: stderr
2023-10-05T15:08:34.506+0000 7fc486ffd700 1 -- 172.21.15.60:0/4180207084 <== mon.0 v2:172.21.15.60:3300/0 1 ==== mon_map magic: 0 v1 ==== 205+0+0 (secure 0 0 0) 0x7fc478004160 con 0x7fc488107310
2023-10-05T15:08:35.292 INFO:teuthology.orchestra.run.smithi060.stdout:/usr/bin/ceph: stderr
2023-10-05T15:08:34.506+0000 7fc486ffd700 1 -- 172.21.15.60:0/4180207084 <== mon.0 v2:172.21.15.60:3300/0 2 ==== config(26 keys) v1 ==== 1105+0+0 (secure 0 0 0) 0x7fc4780042c0 con 0x7fc488107310
2023-10-05T15:08:35.292 INFO:teuthology.orchestra.run.smithi060.stdout:/usr/bin/ceph: stderr
2023-10-05T15:08:34.506+0000 7fc486ffd700 1 -- 172.21.15.60:0/4180207084 <== mon.0 v2:172.21.15.60:3300/0 3 ==== mon_map magic: 0 v1 ==== 205+0+0 (secure 0 0 0) 0x7fc4780119b0 con 0x7fc488107310
2023-10-05T15:08:35.292 INFO:teuthology.orchestra.run.smithi060.stdout:/usr/bin/ceph: stderr
2023-10-05T15:08:34.506+0000 7fc48e7fb700 1 -- 172.21.15.60:0/4180207084 >> [v2:172.21.15.60:3300/0,v1:172.21.15.60:6789/0] conn(0x7fc488107310 msgr2=0x7fc488109700 secure :-1 s=STATE_CONNECTION_ESTABLISHED l=1).mark_down
2023-10-05T15:08:35.292 INFO:teuthology.orchestra.run.smithi060.stdout:/usr/bin/ceph: stderr
2023-10-05T15:08:34.506+0000 7fc48e7fb700 1 --2- 172.21.15.60:0/4180207084 >> [v2:172.21.15.60:3300/0,v1:172.21.15.60:6789/0] conn(0x7fc488107310 0x7fc488109700 secure :-1 s=READY pgs=53 cs=0 l=1 rev1=1 crypto rx=0x7fc4780098a0 tx=0x7fc478009bb0 comp rx=0 tx=0).stop
2023-10-05T15:08:35.292 INFO:teuthology.orchestra.run.smithi060.stdout:/usr/bin/ceph: stderr
2023-10-05T15:08:34.507+0000 7fc48e7fb700 1 -- 172.21.15.60:0/4180207084 shutdown_connections
2023-10-05T15:08:35.292 INFO:teuthology.orchestra.run.smithi060.stdout:/usr/bin/ceph: stderr
2023-10-05T15:08:34.507+0000 7fc48e7fb700 1 --2- 172.21.15.60:0/4180207084 >> [v2:172.21.15.60:3300/0,v1:172.21.15.60:6789/0] conn(0x7fc488107310 0x7fc488109700 unknown :-1 s=CLOSED pgs=53 cs=0 l=1 rev1=1 crypto rx=0 tx=0 comp rx=0 tx=0).stop
2023-10-05T15:08:35.292 INFO:teuthology.orchestra.run.smithi060.stdout:/usr/bin/ceph: stderr
2023-10-05T15:08:34.507+0000 7fc48e7fb700 1 -- 172.21.15.60:0/4180207084 >> 172.21.15.60:0/4180207084 conn(0x7fc488100ca0 msgr2=0x7fc4881030c0 unknown :-1 s=STATE_NONE l=0).mark_down
2023-10-05T15:08:35.292 INFO:teuthology.orchestra.run.smithi060.stdout:/usr/bin/ceph: stderr
2023-10-05T15:08:34.507+0000 7fc48e7fb700 1 -- 172.21.15.60:0/4180207084 shutdown_connections
2023-10-05T15:08:35.292 INFO:teuthology.orchestra.run.smithi060.stdout:/usr/bin/ceph: stderr
2023-10-05T15:08:34.507+0000 7fc48e7fb700 1 -- 172.21.15.60:0/4180207084 wait complete.
2023-10-05T15:08:35.292 INFO:teuthology.orchestra.run.smithi060.stdout:/usr/bin/ceph: stderr
2023-10-05T15:08:34.507+0000 7fc48e7fb700 1 Processor -- start
2023-10-05T15:08:35.292 INFO:teuthology.orchestra.run.smithi060.stdout:/usr/bin/ceph: stderr
2023-10-05T15:08:34.508+0000 7fc48e7fb700 1 -- start start
2023-10-05T15:08:35.292 INFO:teuthology.orchestra.run.smithi060.stdout:/usr/bin/ceph: stderr
2023-10-05T15:08:34.508+0000 7fc48e7fb700 1 --2- >> [v2:172.21.15.60:3300/0,v1:172.21.15.60:6789/0] conn(0x7fc488107310 0x7fc488106c70 unknown :-1 s=NONE pgs=0 cs=0 l=1 rev1=0 crypto rx=0 tx=0 comp rx=0 tx=0).connect
2023-10-05T15:08:35.293 INFO:teuthology.orchestra.run.smithi060.stdout:/usr/bin/ceph: stderr
2023-10-05T15:08:34.508+0000 7fc48e7fb700 1 -- --> [v2:172.21.15.60:3300/0,v1:172.21.15.60:6789/0] -- mon_getmap magic: 0 v1 -- 0x7fc4881071b0 con 0x7fc488107310
2023-10-05T15:08:35.293 INFO:teuthology.orchestra.run.smithi060.stdout:/usr/bin/ceph: stderr
2023-10-05T15:08:34.508+0000 7fc487fff700 1 --2- >> [v2:172.21.15.60:3300/0,v1:172.21.15.60:6789/0] conn(0x7fc488107310 0x7fc488106c70 unknown :-1 s=BANNER_CONNECTING pgs=0 cs=0 l=1 rev1=0 crypto rx=0 tx=0 comp rx=0 tx=0)._handle_peer_banner_payload supported=3 required=0
2023-10-05T15:08:35.293 INFO:teuthology.orchestra.run.smithi060.stdout:/usr/bin/ceph: stderr
2023-10-05T15:08:34.508+0000 7fc487fff700 1 --2- >> [v2:172.21.15.60:3300/0,v1:172.21.15.60:6789/0] conn(0x7fc488107310 0x7fc488106c70 unknown :-1 s=HELLO_CONNECTING pgs=0 cs=0 l=1 rev1=1 crypto rx=0 tx=0 comp rx=0 tx=0).handle_hello peer v2:172.21.15.60:3300/0 says I am v2:172.21.15.60:34738/0 (socket says 172.21.15.60:34738)
2023-10-05T15:08:35.293 INFO:teuthology.orchestra.run.smithi060.stdout:/usr/bin/ceph: stderr
2023-10-05T15:08:34.508+0000 7fc487fff700 1 -- 172.21.15.60:0/3179384897 learned_addr learned my addr 172.21.15.60:0/3179384897 (peer_addr_for_me v2:172.21.15.60:0/0)
2023-10-05T15:08:35.293 INFO:teuthology.orchestra.run.smithi060.stdout:/usr/bin/ceph: stderr
2023-10-05T15:08:34.509+0000 7fc487fff700 1 -- 172.21.15.60:0/3179384897 --> [v2:172.21.15.60:3300/0,v1:172.21.15.60:6789/0] -- mon_subscribe({config=0+,monmap=0+}) v3 -- 0x7fc478009550 con 0x7fc488107310
2023-10-05T15:08:35.293 INFO:teuthology.orchestra.run.smithi060.stdout:/usr/bin/ceph: stderr
2023-10-05T15:08:34.509+0000 7fc487fff700 1 --2- 172.21.15.60:0/3179384897 >> [v2:172.21.15.60:3300/0,v1:172.21.15.60:6789/0] conn(0x7fc488107310 0x7fc488106c70 secure :-1 s=READY pgs=54 cs=0 l=1 rev1=1 crypto rx=0x7fc478011980 tx=0x7fc478011a60 comp rx=0 tx=0).ready entity=mon.0 client_cookie=0 server_cookie=0 in_seq=0 out_seq=0
2023-10-05T15:08:35.293 INFO:teuthology.orchestra.run.smithi060.stdout:/usr/bin/ceph: stderr
2023-10-05T15:08:34.511+0000 7fc4857fa700 1 -- 172.21.15.60:0/3179384897 <== mon.0 v2:172.21.15.60:3300/0 1 ==== mon_map magic: 0 v1 ==== 205+0+0 (secure 0 0 0) 0x7fc478003a60 con 0x7fc488107310
2023-10-05T15:08:35.293 INFO:teuthology.orchestra.run.smithi060.stdout:/usr/bin/ceph: stderr
2023-10-05T15:08:34.511+0000 7fc4857fa700 1 -- 172.21.15.60:0/3179384897 <== mon.0 v2:172.21.15.60:3300/0 2 ==== config(26 keys) v1 ==== 1105+0+0 (secure 0 0 0) 0x7fc478003bc0 con 0x7fc488107310
2023-10-05T15:08:35.293 INFO:teuthology.orchestra.run.smithi060.stdout:/usr/bin/ceph: stderr
2023-10-05T15:08:34.511+0000 7fc48e7fb700 1 -- 172.21.15.60:0/3179384897 --> [v2:172.21.15.60:3300/0,v1:172.21.15.60:6789/0] -- mon_subscribe({mgrmap=0+}) v3 -- 0x7fc4881052c0 con 0x7fc488107310
2023-10-05T15:08:35.293 INFO:teuthology.orchestra.run.smithi060.stdout:/usr/bin/ceph: stderr
2023-10-05T15:08:34.511+0000 7fc4857fa700 1 -- 172.21.15.60:0/3179384897 <== mon.0 v2:172.21.15.60:3300/0 3 ==== mon_map magic: 0 v1 ==== 205+0+0 (secure 0 0 0) 0x7fc47801a670 con 0x7fc488107310
2023-10-05T15:08:35.293 INFO:teuthology.orchestra.run.smithi060.stdout:/usr/bin/ceph: stderr
2023-10-05T15:08:34.511+0000 7fc48e7fb700 1 -- 172.21.15.60:0/3179384897 --> [v2:172.21.15.60:3300/0,v1:172.21.15.60:6789/0] -- mon_subscribe({osdmap=0}) v3 -- 0x7fc4881056e0 con 0x7fc488107310
2023-10-05T15:08:35.293 INFO:teuthology.orchestra.run.smithi060.stdout:/usr/bin/ceph: stderr
2023-10-05T15:08:34.512+0000 7fc48e7fb700 1 -- 172.21.15.60:0/3179384897 --> [v2:172.21.15.60:3300/0,v1:172.21.15.60:6789/0] -- mon_command({"prefix": "get_command_descriptions"} v 0) v1 -- 0x7fc48810a9b0 con 0x7fc488107310
2023-10-05T15:08:35.294 INFO:teuthology.orchestra.run.smithi060.stdout:/usr/bin/ceph: stderr
2023-10-05T15:08:34.512+0000 7fc4857fa700 1 -- 172.21.15.60:0/3179384897 <== mon.0 v2:172.21.15.60:3300/0 4 ==== mgrmap(e 8) v1 ==== 45579+0+0 (secure 0 0 0) 0x7fc47801a8e0 con 0x7fc488107310
2023-10-05T15:08:35.294 INFO:teuthology.orchestra.run.smithi060.stdout:/usr/bin/ceph: stderr
2023-10-05T15:08:34.513+0000 7fc4857fa700 1 --2- 172.21.15.60:0/3179384897 >> [v2:172.21.15.60:6800/2843655042,v1:172.21.15.60:6801/2843655042] conn(0x7fc470038870 0x7fc47003ad30 unknown :-1 s=NONE pgs=0 cs=0 l=1 rev1=0 crypto rx=0 tx=0 comp rx=0 tx=0).connect
2023-10-05T15:08:35.294 INFO:teuthology.orchestra.run.smithi060.stdout:/usr/bin/ceph: stderr
2023-10-05T15:08:34.513+0000 7fc4857fa700 1 -- 172.21.15.60:0/3179384897 <== mon.0 v2:172.21.15.60:3300/0 5 ==== osd_map(2..2 src has 1..2) v4 ==== 940+0+0 (secure 0 0 0) 0x7fc47804c8f0 con 0x7fc488107310
2023-10-05T15:08:35.294 INFO:teuthology.orchestra.run.smithi060.stdout:/usr/bin/ceph: stderr
2023-10-05T15:08:34.513+0000 7fc4877fe700 1 --2- 172.21.15.60:0/3179384897 >> [v2:172.21.15.60:6800/2843655042,v1:172.21.15.60:6801/2843655042] conn(0x7fc470038870 0x7fc47003ad30 unknown :-1 s=BANNER_CONNECTING pgs=0 cs=0 l=1 rev1=0 crypto rx=0 tx=0 comp rx=0 tx=0)._handle_peer_banner_payload supported=3 required=0
2023-10-05T15:08:35.294 INFO:teuthology.orchestra.run.smithi060.stdout:/usr/bin/ceph: stderr
2023-10-05T15:08:34.513+0000 7fc4877fe700 1 --2- 172.21.15.60:0/3179384897 >> [v2:172.21.15.60:6800/2843655042,v1:172.21.15.60:6801/2843655042] conn(0x7fc470038870 0x7fc47003ad30 secure :-1 s=READY pgs=15 cs=0 l=1 rev1=1 crypto rx=0x7fc47c006fd0 tx=0x7fc47c006e40 comp rx=0 tx=0).ready entity=mgr.14120 client_cookie=0 server_cookie=0 in_seq=0 out_seq=0
2023-10-05T15:08:35.294 INFO:teuthology.orchestra.run.smithi060.stdout:/usr/bin/ceph: stderr
2023-10-05T15:08:34.522+0000 7fc4857fa700 1 -- 172.21.15.60:0/3179384897 <== mon.0 v2:172.21.15.60:3300/0 6 ==== mon_command_ack([{"prefix": "get_command_descriptions"}]=0 v0) v1 ==== 72+0+180459 (secure 0 0 0) 0x7fc47801ab90 con 0x7fc488107310
2023-10-05T15:08:35.294 INFO:teuthology.orchestra.run.smithi060.stdout:/usr/bin/ceph: stderr
2023-10-05T15:08:34.886+0000 7fc48e7fb700 1 -- 172.21.15.60:0/3179384897 --> [v2:172.21.15.60:3300/0,v1:172.21.15.60:6789/0] -- mon_command([{prefix=config set, name=mgr/dashboard/ssl_server_port}] v 0) v1 -- 0x7fc48810ac20 con 0x7fc488107310
2023-10-05T15:08:35.294 INFO:teuthology.orchestra.run.smithi060.stdout:/usr/bin/ceph: stderr
2023-10-05T15:08:34.888+0000 7fc4857fa700 1 -- 172.21.15.60:0/3179384897 <== mon.0 v2:172.21.15.60:3300/0 7 ==== mon_command_ack([{prefix=config set, name=mgr/dashboard/ssl_server_port}]=0 v8)=0 v8) v1 ==== 130+0+0 (secure 0 0 0) 0x7fc478018350 con 0x7fc488107310
2023-10-05T15:08:35.294 INFO:teuthology.orchestra.run.smithi060.stdout:/usr/bin/ceph: stderr
2023-10-05T15:08:34.891+0000 7fc48e7fb700 1 -- 172.21.15.60:0/3179384897 >> [v2:172.21.15.60:6800/2843655042,v1:172.21.15.60:6801/2843655042] conn(0x7fc470038870 msgr2=0x7fc47003ad30 secure :-1 s=STATE_CONNECTION_ESTABLISHED l=1).mark_down
2023-10-05T15:08:35.294 INFO:teuthology.orchestra.run.smithi060.stdout:/usr/bin/ceph: stderr
2023-10-05T15:08:34.891+0000 7fc48e7fb700 1 --2- 172.21.15.60:0/3179384897 >> [v2:172.21.15.60:6800/2843655042,v1:172.21.15.60:6801/2843655042] conn(0x7fc470038870 0x7fc47003ad30 secure :-1 s=READY pgs=15 cs=0 l=1 rev1=1 crypto rx=0x7fc47c006fd0 tx=0x7fc47c006e40 comp rx=0 tx=0).stop
2023-10-05T15:08:35.294 INFO:teuthology.orchestra.run.smithi060.stdout:/usr/bin/ceph: stderr
2023-10-05T15:08:34.891+0000 7fc48e7fb700 1 -- 172.21.15.60:0/3179384897 >> [v2:172.21.15.60:3300/0,v1:172.21.15.60:6789/0] conn(0x7fc488107310 msgr2=0x7fc488106c70 secure :-1 s=STATE_CONNECTION_ESTABLISHED l=1).mark_down
2023-10-05T15:08:35.294 INFO:teuthology.orchestra.run.smithi060.stdout:/usr/bin/ceph: stderr
2023-10-05T15:08:34.891+0000 7fc48e7fb700 1 --2- 172.21.15.60:0/3179384897 >> [v2:172.21.15.60:3300/0,v1:172.21.15.60:6789/0] conn(0x7fc488107310 0x7fc488106c70 secure :-1 s=READY pgs=54 cs=0 l=1 rev1=1 crypto rx=0x7fc478011980 tx=0x7fc478011a60 comp rx=0 tx=0).stop
2023-10-05T15:08:35.295 INFO:teuthology.orchestra.run.smithi060.stdout:/usr/bin/ceph: stderr
2023-10-05T15:08:34.891+0000 7fc48e7fb700 1 -- 172.21.15.60:0/3179384897 shutdown_connections
2023-10-05T15:08:35.295 INFO:teuthology.orchestra.run.smithi060.stdout:/usr/bin/ceph: stderr
2023-10-05T15:08:34.891+0000 7fc48e7fb700 1 --2- 172.21.15.60:0/3179384897 >> [v2:172.21.15.60:6800/2843655042,v1:172.21.15.60:6801/2843655042] conn(0x7fc470038870 0x7fc47003ad30 unknown :-1 s=CLOSED pgs=15 cs=0 l=1 rev1=1 crypto rx=0 tx=0 comp rx=0 tx=0).stop
2023-10-05T15:08:35.295 INFO:teuthology.orchestra.run.smithi060.stdout:/usr/bin/ceph: stderr
2023-10-05T15:08:34.891+0000 7fc48e7fb700 1 --2- 172.21.15.60:0/3179384897 >> [v2:172.21.15.60:3300/0,v1:172.21.15.60:6789/0] conn(0x7fc488107310 0x7fc488106c70 unknown :-1 s=CLOSED pgs=54 cs=0 l=1 rev1=1 crypto rx=0 tx=0 comp rx=0 tx=0).stop
2023-10-05T15:08:35.295 INFO:teuthology.orchestra.run.smithi060.stdout:/usr/bin/ceph: stderr
2023-10-05T15:08:34.891+0000 7fc48e7fb700 1 -- 172.21.15.60:0/3179384897 >> 172.21.15.60:0/3179384897 conn(0x7fc488100ca0 msgr2=0x7fc4881019f0 unknown :-1 s=STATE_NONE l=0).mark_down
2023-10-05T15:08:35.295 INFO:teuthology.orchestra.run.smithi060.stdout:/usr/bin/ceph: stderr
2023-10-05T15:08:34.891+0000 7fc48e7fb700 1 -- 172.21.15.60:0/3179384897 shutdown_connections
2023-10-05T15:08:35.295 INFO:teuthology.orchestra.run.smithi060.stdout:/usr/bin/ceph: stderr
2023-10-05T15:08:34.891+0000 7fc48e7fb700 1 -- 172.21.15.60:0/3179384897 wait complete.
2023-10-05T15:08:35.295 INFO:teuthology.orchestra.run.smithi060.stdout:Enabling the dashboard module...
2023-10-05T15:08:36.164 INFO:journalctl@ceph.mon.a.smithi060.stdout:Oct 05 15:08:35 smithi060 ceph-mon[99238]: from='client.? 172.21.15.60:0/3179384897' entity='client.admin'
2023-10-05T15:08:36.165 INFO:journalctl@ceph.mon.a.smithi060.stdout:Oct 05 15:08:35 smithi060 ceph-mon[99238]: from='mgr.14120 172.21.15.60:0/145393081' entity='mgr.x'
2023-10-05T15:08:37.164 INFO:journalctl@ceph.mon.a.smithi060.stdout:Oct 05 15:08:36 smithi060 ceph-mon[99238]: from='client.? 172.21.15.60:0/2674408299' entity='client.admin' cmd=[{"prefix": "mgr module enable", "module": "dashboard"}]: dispatch
2023-10-05T15:08:37.165 INFO:journalctl@ceph.mgr.x.smithi060.stdout:Oct 05 15:08:36 smithi060 ceph-d07a9b62-6390-11ee-8db5-212e2dc638e7-mgr-x[99484]: ignoring --setuser ceph since I am not root
2023-10-05T15:08:37.165 INFO:journalctl@ceph.mgr.x.smithi060.stdout:Oct 05 15:08:36 smithi060 ceph-d07a9b62-6390-11ee-8db5-212e2dc638e7-mgr-x[99484]: ignoring --setgroup ceph since I am not root
2023-10-05T15:08:37.165 INFO:journalctl@ceph.mgr.x.smithi060.stdout:Oct 05 15:08:37 smithi060 ceph-d07a9b62-6390-11ee-8db5-212e2dc638e7-mgr-x[99484]:
2023-10-05T15:08:37.101+0000 7fcee9139200 -1 mgr[py] Module devicehealth has missing NOTIFY_TYPES member
2023-10-05T15:08:37.340 INFO:teuthology.orchestra.run.smithi060.stdout:/usr/bin/ceph: stderr
2023-10-05T15:08:35.827+0000 7f72febe0700 1 Processor -- start
2023-10-05T15:08:37.341 INFO:teuthology.orchestra.run.smithi060.stdout:/usr/bin/ceph: stderr
2023-10-05T15:08:35.827+0000 7f72febe0700 1 -- start start
2023-10-05T15:08:37.341 INFO:teuthology.orchestra.run.smithi060.stdout:/usr/bin/ceph: stderr
2023-10-05T15:08:35.827+0000 7f72febe0700 1 --2- >> [v2:172.21.15.60:3300/0,v1:172.21.15.60:6789/0] conn(0x7f72f8104ad0 0x7f72f8104ef0 unknown :-1 s=NONE pgs=0 cs=0 l=0 rev1=0 crypto rx=0 tx=0 comp rx=0 tx=0).connect
2023-10-05T15:08:37.341 INFO:teuthology.orchestra.run.smithi060.stdout:/usr/bin/ceph: stderr
2023-10-05T15:08:35.827+0000 7f72febe0700 1 -- --> [v2:172.21.15.60:3300/0,v1:172.21.15.60:6789/0] -- mon_getmap magic: 0 v1 -- 0x7f72f81054c0 con 0x7f72f8104ad0
2023-10-05T15:08:37.341 INFO:teuthology.orchestra.run.smithi060.stdout:/usr/bin/ceph: stderr
2023-10-05T15:08:35.827+0000 7f72fc97c700 1 --2- >> [v2:172.21.15.60:3300/0,v1:172.21.15.60:6789/0] conn(0x7f72f8104ad0 0x7f72f8104ef0 unknown :-1 s=BANNER_CONNECTING pgs=0 cs=0 l=0 rev1=0 crypto rx=0 tx=0 comp rx=0 tx=0)._handle_peer_banner_payload supported=3 required=0
2023-10-05T15:08:37.341 INFO:teuthology.orchestra.run.smithi060.stdout:/usr/bin/ceph: stderr
2023-10-05T15:08:35.827+0000 7f72fc97c700 1 --2- >> [v2:172.21.15.60:3300/0,v1:172.21.15.60:6789/0] conn(0x7f72f8104ad0 0x7f72f8104ef0 unknown :-1 s=HELLO_CONNECTING pgs=0 cs=0 l=0 rev1=1 crypto rx=0 tx=0 comp rx=0 tx=0).handle_hello peer v2:172.21.15.60:3300/0 says I am v2:172.21.15.60:34742/0 (socket says 172.21.15.60:34742)
2023-10-05T15:08:37.341 INFO:teuthology.orchestra.run.smithi060.stdout:/usr/bin/ceph: stderr
2023-10-05T15:08:35.827+0000 7f72fc97c700 1 -- 172.21.15.60:0/1647790606 learned_addr learned my addr 172.21.15.60:0/1647790606 (peer_addr_for_me v2:172.21.15.60:0/0)
2023-10-05T15:08:37.341 INFO:teuthology.orchestra.run.smithi060.stdout:/usr/bin/ceph: stderr
2023-10-05T15:08:35.828+0000 7f72fc97c700 1 -- 172.21.15.60:0/1647790606 --> [v2:172.21.15.60:3300/0,v1:172.21.15.60:6789/0] -- mon_subscribe({config=0+,monmap=0+}) v3 -- 0x7f72f8107a60 con 0x7f72f8104ad0
2023-10-05T15:08:37.341 INFO:teuthology.orchestra.run.smithi060.stdout:/usr/bin/ceph: stderr
2023-10-05T15:08:35.828+0000 7f72fc97c700 1 --2- 172.21.15.60:0/1647790606 >> [v2:172.21.15.60:3300/0,v1:172.21.15.60:6789/0] conn(0x7f72f8104ad0 0x7f72f8104ef0 secure :-1 s=READY pgs=55 cs=0 l=1 rev1=1 crypto rx=0x7f72ec0098a0 tx=0x7f72ec009bb0 comp rx=0 tx=0).ready entity=mon.0 client_cookie=49a52c3d4f6352c5 server_cookie=0 in_seq=0 out_seq=0
2023-10-05T15:08:37.341 INFO:teuthology.orchestra.run.smithi060.stdout:/usr/bin/ceph: stderr
2023-10-05T15:08:35.828+0000 7f72f77fe700 1 -- 172.21.15.60:0/1647790606 <== mon.0 v2:172.21.15.60:3300/0 1 ==== mon_map magic: 0 v1 ==== 205+0+0 (secure 0 0 0) 0x7f72ec004160 con 0x7f72f8104ad0
2023-10-05T15:08:37.341 INFO:teuthology.orchestra.run.smithi060.stdout:/usr/bin/ceph: stderr
2023-10-05T15:08:35.828+0000 7f72f77fe700 1 -- 172.21.15.60:0/1647790606 <== mon.0 v2:172.21.15.60:3300/0 2 ==== config(26 keys) v1 ==== 1105+0+0 (secure 0 0 0) 0x7f72ec0042c0 con 0x7f72f8104ad0
2023-10-05T15:08:37.342 INFO:teuthology.orchestra.run.smithi060.stdout:/usr/bin/ceph: stderr
2023-10-05T15:08:35.828+0000 7f72f77fe700 1 -- 172.21.15.60:0/1647790606 <== mon.0 v2:172.21.15.60:3300/0 3 ==== mon_map magic: 0 v1 ==== 205+0+0 (secure 0 0 0) 0x7f72ec0119b0 con 0x7f72f8104ad0
2023-10-05T15:08:37.342 INFO:teuthology.orchestra.run.smithi060.stdout:/usr/bin/ceph: stderr
2023-10-05T15:08:35.829+0000 7f72febe0700 1 -- 172.21.15.60:0/1647790606 >> [v2:172.21.15.60:3300/0,v1:172.21.15.60:6789/0] conn(0x7f72f8104ad0 msgr2=0x7f72f8104ef0 secure :-1 s=STATE_CONNECTION_ESTABLISHED l=1).mark_down
2023-10-05T15:08:37.342 INFO:teuthology.orchestra.run.smithi060.stdout:/usr/bin/ceph: stderr
2023-10-05T15:08:35.829+0000 7f72febe0700 1 --2- 172.21.15.60:0/1647790606 >> [v2:172.21.15.60:3300/0,v1:172.21.15.60:6789/0] conn(0x7f72f8104ad0 0x7f72f8104ef0 secure :-1 s=READY pgs=55 cs=0 l=1 rev1=1 crypto rx=0x7f72ec0098a0 tx=0x7f72ec009bb0 comp rx=0 tx=0).stop
2023-10-05T15:08:37.342 INFO:teuthology.orchestra.run.smithi060.stdout:/usr/bin/ceph: stderr
2023-10-05T15:08:35.829+0000 7f72febe0700 1 -- 172.21.15.60:0/1647790606 shutdown_connections
2023-10-05T15:08:37.342 INFO:teuthology.orchestra.run.smithi060.stdout:/usr/bin/ceph: stderr
2023-10-05T15:08:35.829+0000 7f72febe0700 1 --2- 172.21.15.60:0/1647790606 >> [v2:172.21.15.60:3300/0,v1:172.21.15.60:6789/0] conn(0x7f72f8104ad0 0x7f72f8104ef0 unknown :-1 s=CLOSED pgs=55 cs=0 l=1 rev1=1 crypto rx=0 tx=0 comp rx=0 tx=0).stop
2023-10-05T15:08:37.342 INFO:teuthology.orchestra.run.smithi060.stdout:/usr/bin/ceph: stderr
2023-10-05T15:08:35.829+0000 7f72febe0700 1 -- 172.21.15.60:0/1647790606 >> 172.21.15.60:0/1647790606 conn(0x7f72f8100420 msgr2=0x7f72f8102840 unknown :-1 s=STATE_NONE l=0).mark_down
2023-10-05T15:08:37.342 INFO:teuthology.orchestra.run.smithi060.stdout:/usr/bin/ceph: stderr
2023-10-05T15:08:35.829+0000 7f72febe0700 1 -- 172.21.15.60:0/1647790606 shutdown_connections
2023-10-05T15:08:37.342 INFO:teuthology.orchestra.run.smithi060.stdout:/usr/bin/ceph: stderr
2023-10-05T15:08:35.829+0000 7f72febe0700 1 -- 172.21.15.60:0/1647790606 wait complete.
2023-10-05T15:08:37.342 INFO:teuthology.orchestra.run.smithi060.stdout:/usr/bin/ceph: stderr
2023-10-05T15:08:35.829+0000 7f72febe0700 1 Processor -- start
2023-10-05T15:08:37.342 INFO:teuthology.orchestra.run.smithi060.stdout:/usr/bin/ceph: stderr
2023-10-05T15:08:35.831+0000 7f72febe0700 1 -- start start
2023-10-05T15:08:37.342 INFO:teuthology.orchestra.run.smithi060.stdout:/usr/bin/ceph: stderr
2023-10-05T15:08:35.832+0000 7f72febe0700 1 --2- >> [v2:172.21.15.60:3300/0,v1:172.21.15.60:6789/0] conn(0x7f72f8104ad0 0x7f72f81073c0 unknown :-1 s=NONE pgs=0 cs=0 l=1 rev1=0 crypto rx=0 tx=0 comp rx=0 tx=0).connect
2023-10-05T15:08:37.343 INFO:teuthology.orchestra.run.smithi060.stdout:/usr/bin/ceph: stderr
2023-10-05T15:08:35.832+0000 7f72febe0700 1 -- --> [v2:172.21.15.60:3300/0,v1:172.21.15.60:6789/0] -- mon_getmap magic: 0 v1 -- 0x7f72f8107900 con 0x7f72f8104ad0
2023-10-05T15:08:37.343 INFO:teuthology.orchestra.run.smithi060.stdout:/usr/bin/ceph: stderr
2023-10-05T15:08:35.832+0000 7f72fc97c700 1 --2- >> [v2:172.21.15.60:3300/0,v1:172.21.15.60:6789/0] conn(0x7f72f8104ad0 0x7f72f81073c0 unknown :-1 s=BANNER_CONNECTING pgs=0 cs=0 l=1 rev1=0 crypto rx=0 tx=0 comp rx=0 tx=0)._handle_peer_banner_payload supported=3 required=0
2023-10-05T15:08:37.343 INFO:teuthology.orchestra.run.smithi060.stdout:/usr/bin/ceph: stderr
2023-10-05T15:08:35.832+0000 7f72fc97c700 1 --2- >> [v2:172.21.15.60:3300/0,v1:172.21.15.60:6789/0] conn(0x7f72f8104ad0 0x7f72f81073c0 unknown :-1 s=HELLO_CONNECTING pgs=0 cs=0 l=1 rev1=1 crypto rx=0 tx=0 comp rx=0 tx=0).handle_hello peer v2:172.21.15.60:3300/0 says I am v2:172.21.15.60:34744/0 (socket says 172.21.15.60:34744)
2023-10-05T15:08:37.343 INFO:teuthology.orchestra.run.smithi060.stdout:/usr/bin/ceph: stderr
2023-10-05T15:08:35.832+0000 7f72fc97c700 1 -- 172.21.15.60:0/2674408299 learned_addr learned my addr 172.21.15.60:0/2674408299 (peer_addr_for_me v2:172.21.15.60:0/0)
2023-10-05T15:08:37.343 INFO:teuthology.orchestra.run.smithi060.stdout:/usr/bin/ceph: stderr
2023-10-05T15:08:35.832+0000 7f72fc97c700 1 -- 172.21.15.60:0/2674408299 --> [v2:172.21.15.60:3300/0,v1:172.21.15.60:6789/0] -- mon_subscribe({config=0+,monmap=0+}) v3 -- 0x7f72ec009550 con 0x7f72f8104ad0
2023-10-05T15:08:37.343 INFO:teuthology.orchestra.run.smithi060.stdout:/usr/bin/ceph: stderr
2023-10-05T15:08:35.832+0000 7f72fc97c700 1 --2- 172.21.15.60:0/2674408299 >> [v2:172.21.15.60:3300/0,v1:172.21.15.60:6789/0] conn(0x7f72f8104ad0 0x7f72f81073c0 secure :-1 s=READY pgs=56 cs=0 l=1 rev1=1 crypto rx=0x7f72ec003e60 tx=0x7f72ec011a30 comp rx=0 tx=0).ready entity=mon.0 client_cookie=0 server_cookie=0 in_seq=0 out_seq=0
2023-10-05T15:08:37.343 INFO:teuthology.orchestra.run.smithi060.stdout:/usr/bin/ceph: stderr
2023-10-05T15:08:35.832+0000 7f72f5ffb700 1 -- 172.21.15.60:0/2674408299 <== mon.0 v2:172.21.15.60:3300/0 1 ==== mon_map magic: 0 v1 ==== 205+0+0 (secure 0 0 0) 0x7f72ec003a60 con 0x7f72f8104ad0
2023-10-05T15:08:37.343 INFO:teuthology.orchestra.run.smithi060.stdout:/usr/bin/ceph: stderr
2023-10-05T15:08:35.832+0000 7f72febe0700 1 -- 172.21.15.60:0/2674408299 --> [v2:172.21.15.60:3300/0,v1:172.21.15.60:6789/0] -- mon_subscribe({mgrmap=0+}) v3 -- 0x7f72f8105a10 con 0x7f72f8104ad0
2023-10-05T15:08:37.343 INFO:teuthology.orchestra.run.smithi060.stdout:/usr/bin/ceph: stderr
2023-10-05T15:08:35.833+0000 7f72f5ffb700 1 -- 172.21.15.60:0/2674408299 <== mon.0 v2:172.21.15.60:3300/0 2 ==== config(26 keys) v1 ==== 1105+0+0 (secure 0 0 0) 0x7f72ec003bc0 con 0x7f72f8104ad0
2023-10-05T15:08:37.343 INFO:teuthology.orchestra.run.smithi060.stdout:/usr/bin/ceph: stderr
