2023-10-05T15:09:36.636+0000 7fe3d17fa700 1 --2- 172.21.15.5:0/4030566001 >> [v2:172.21.15.5:6800/1799763735,v1:172.21.15.5:6801/1799763735] conn(0x7fe3c0038740 0x7fe3c003ac00 unknown :-1 s=NONE pgs=0 cs=0 l=1 rev1=0 crypto rx=0 tx=0 comp rx=0 tx=0).connect
2023-10-05T15:09:40.086 INFO:teuthology.orchestra.run.smithi005.stdout:/usr/bin/ceph: stderr
2023-10-05T15:09:36.636+0000 7fe3d17fa700 1 -- 172.21.15.5:0/4030566001 <== mon.0 v2:172.21.15.5:3300/0 5 ==== osd_map(1..1 src has 1..1) v4 ==== 725+0+0 (secure 0 0 0) 0x7fe3bc04c6d0 con 0x7fe3d4105600
2023-10-05T15:09:40.086 INFO:teuthology.orchestra.run.smithi005.stdout:/usr/bin/ceph: stderr
2023-10-05T15:09:36.636+0000 7fe3da403700 1 -- 172.21.15.5:0/4030566001 --> [v2:172.21.15.5:3300/0,v1:172.21.15.5:6789/0] -- mon_command({"prefix": "get_command_descriptions"} v 0) v1 -- 0x7fe3d40624e0 con 0x7fe3d4105600
2023-10-05T15:09:40.086 INFO:teuthology.orchestra.run.smithi005.stdout:/usr/bin/ceph: stderr
2023-10-05T15:09:36.637+0000 7fe3d37fe700 1 --2- 172.21.15.5:0/4030566001 >> [v2:172.21.15.5:6800/1799763735,v1:172.21.15.5:6801/1799763735] conn(0x7fe3c0038740 0x7fe3c003ac00 unknown :-1 s=BANNER_CONNECTING pgs=0 cs=0 l=1 rev1=0 crypto rx=0 tx=0 comp rx=0 tx=0)._handle_peer_banner_payload supported=3 required=0
2023-10-05T15:09:40.086 INFO:teuthology.orchestra.run.smithi005.stdout:/usr/bin/ceph: stderr
2023-10-05T15:09:36.637+0000 7fe3d37fe700 1 --2- 172.21.15.5:0/4030566001 >> [v2:172.21.15.5:6800/1799763735,v1:172.21.15.5:6801/1799763735] conn(0x7fe3c0038740 0x7fe3c003ac00 secure :-1 s=READY pgs=6 cs=0 l=1 rev1=1 crypto rx=0x7fe3c4006fd0 tx=0x7fe3c4006e40 comp rx=0 tx=0).ready entity=mgr.14100 client_cookie=0 server_cookie=0 in_seq=0 out_seq=0
2023-10-05T15:09:40.086 INFO:teuthology.orchestra.run.smithi005.stdout:/usr/bin/ceph: stderr
2023-10-05T15:09:36.642+0000 7fe3d17fa700 1 -- 172.21.15.5:0/4030566001 <== mon.0 v2:172.21.15.5:3300/0 6 ==== mon_command_ack([{"prefix": "get_command_descriptions"}]=0 v0) v1 ==== 72+0+180459 (secure 0 0 0) 0x7fe3bc01abe0 con 0x7fe3d4105600
2023-10-05T15:09:40.086 INFO:teuthology.orchestra.run.smithi005.stdout:/usr/bin/ceph: stderr
2023-10-05T15:09:36.963+0000 7fe3d17fa700 1 -- 172.21.15.5:0/4030566001 <== mon.0 v2:172.21.15.5:3300/0 7 ==== mgrmap(e 4) v1 ==== 45568+0+0 (secure 0 0 0) 0x7fe3bc02d910 con 0x7fe3d4105600
2023-10-05T15:09:40.087 INFO:teuthology.orchestra.run.smithi005.stdout:/usr/bin/ceph: stderr
2023-10-05T15:09:37.169+0000 7fe3da403700 1 -- 172.21.15.5:0/4030566001 --> [v2:172.21.15.5:3300/0,v1:172.21.15.5:6789/0] -- mon_command({"prefix": "status", "format": "json-pretty"} v 0) v1 -- 0x7fe3d4109a00 con 0x7fe3d4105600
2023-10-05T15:09:40.087 INFO:teuthology.orchestra.run.smithi005.stdout:/usr/bin/ceph: stderr
2023-10-05T15:09:37.169+0000 7fe3d17fa700 1 -- 172.21.15.5:0/4030566001 <== mon.0 v2:172.21.15.5:3300/0 8 ==== mon_command_ack([{"prefix": "status", "format": "json-pretty"}]=0 v0) v1 ==== 79+0+1238 (secure 0 0 0) 0x7fe3bc01abe0 con 0x7fe3d4105600
2023-10-05T15:09:40.087 INFO:teuthology.orchestra.run.smithi005.stdout:/usr/bin/ceph: stderr
2023-10-05T15:09:37.171+0000 7fe3da403700 1 -- 172.21.15.5:0/4030566001 >> [v2:172.21.15.5:6800/1799763735,v1:172.21.15.5:6801/1799763735] conn(0x7fe3c0038740 msgr2=0x7fe3c003ac00 secure :-1 s=STATE_CONNECTION_ESTABLISHED l=1).mark_down
2023-10-05T15:09:40.087 INFO:teuthology.orchestra.run.smithi005.stdout:/usr/bin/ceph: stderr
2023-10-05T15:09:37.171+0000 7fe3da403700 1 --2- 172.21.15.5:0/4030566001 >> [v2:172.21.15.5:6800/1799763735,v1:172.21.15.5:6801/1799763735] conn(0x7fe3c0038740 0x7fe3c003ac00 secure :-1 s=READY pgs=6 cs=0 l=1 rev1=1 crypto rx=0x7fe3c4006fd0 tx=0x7fe3c4006e40 comp rx=0 tx=0).stop
2023-10-05T15:09:40.087 INFO:teuthology.orchestra.run.smithi005.stdout:/usr/bin/ceph: stderr
2023-10-05T15:09:37.172+0000 7fe3da403700 1 -- 172.21.15.5:0/4030566001 >> [v2:172.21.15.5:3300/0,v1:172.21.15.5:6789/0] conn(0x7fe3d4105600 msgr2=0x7fe3d419a400 secure :-1 s=STATE_CONNECTION_ESTABLISHED l=1).mark_down
2023-10-05T15:09:40.087 INFO:teuthology.orchestra.run.smithi005.stdout:/usr/bin/ceph: stderr
2023-10-05T15:09:37.172+0000 7fe3da403700 1 --2- 172.21.15.5:0/4030566001 >> [v2:172.21.15.5:3300/0,v1:172.21.15.5:6789/0] conn(0x7fe3d4105600 0x7fe3d419a400 secure :-1 s=READY pgs=19 cs=0 l=1 rev1=1 crypto rx=0x7fe3bc006af0 tx=0x7fe3bc011ad0 comp rx=0 tx=0).stop
2023-10-05T15:09:40.087 INFO:teuthology.orchestra.run.smithi005.stdout:/usr/bin/ceph: stderr
2023-10-05T15:09:37.172+0000 7fe3da403700 1 -- 172.21.15.5:0/4030566001 shutdown_connections
2023-10-05T15:09:40.087 INFO:teuthology.orchestra.run.smithi005.stdout:/usr/bin/ceph: stderr
2023-10-05T15:09:37.172+0000 7fe3da403700 1 --2- 172.21.15.5:0/4030566001 >> [v2:172.21.15.5:6800/1799763735,v1:172.21.15.5:6801/1799763735] conn(0x7fe3c0038740 0x7fe3c003ac00 unknown :-1 s=CLOSED pgs=6 cs=0 l=1 rev1=1 crypto rx=0 tx=0 comp rx=0 tx=0).stop
2023-10-05T15:09:40.087 INFO:teuthology.orchestra.run.smithi005.stdout:/usr/bin/ceph: stderr
2023-10-05T15:09:37.172+0000 7fe3da403700 1 --2- 172.21.15.5:0/4030566001 >> [v2:172.21.15.5:3300/0,v1:172.21.15.5:6789/0] conn(0x7fe3d4105600 0x7fe3d419a400 unknown :-1 s=CLOSED pgs=19 cs=0 l=1 rev1=1 crypto rx=0 tx=0 comp rx=0 tx=0).stop
2023-10-05T15:09:40.087 INFO:teuthology.orchestra.run.smithi005.stdout:/usr/bin/ceph: stderr
2023-10-05T15:09:37.172+0000 7fe3da403700 1 -- 172.21.15.5:0/4030566001 >> 172.21.15.5:0/4030566001 conn(0x7fe3d4100be0 msgr2=0x7fe3d4079900 unknown :-1 s=STATE_NONE l=0).mark_down
2023-10-05T15:09:40.087 INFO:teuthology.orchestra.run.smithi005.stdout:/usr/bin/ceph: stderr
2023-10-05T15:09:37.172+0000 7fe3da403700 1 -- 172.21.15.5:0/4030566001 shutdown_connections
2023-10-05T15:09:40.087 INFO:teuthology.orchestra.run.smithi005.stdout:/usr/bin/ceph: stderr
2023-10-05T15:09:37.172+0000 7fe3da403700 1 -- 172.21.15.5:0/4030566001 wait complete.
2023-10-05T15:09:40.088 INFO:teuthology.orchestra.run.smithi005.stdout:mgr is available
2023-10-05T15:09:42.591 INFO:journalctl@ceph.mon.a.smithi005.stdout:Oct 05 15:09:42 smithi005 ceph-mon[99207]: from='client.? 172.21.15.5:0/3144164013' entity='client.admin' cmd=[{"prefix": "config assimilate-conf"}]: dispatch
2023-10-05T15:09:42.831 INFO:teuthology.orchestra.run.smithi005.stdout:/usr/bin/ceph: stdout
2023-10-05T15:09:42.831 INFO:teuthology.orchestra.run.smithi005.stdout:/usr/bin/ceph: stdout [global]
2023-10-05T15:09:42.831 INFO:teuthology.orchestra.run.smithi005.stdout:/usr/bin/ceph: stdout fsid = 0c868be8-6391-11ee-8db5-212e2dc638e7
2023-10-05T15:09:42.831 INFO:teuthology.orchestra.run.smithi005.stdout:/usr/bin/ceph: stdout mon_osd_allow_pg_remap = true
2023-10-05T15:09:42.832 INFO:teuthology.orchestra.run.smithi005.stdout:/usr/bin/ceph: stdout mon_osd_allow_primary_affinity = true
2023-10-05T15:09:42.832 INFO:teuthology.orchestra.run.smithi005.stdout:/usr/bin/ceph: stdout mon_warn_on_no_sortbitwise = false
2023-10-05T15:09:42.832 INFO:teuthology.orchestra.run.smithi005.stdout:/usr/bin/ceph: stdout osd_crush_chooseleaf_type = 0
2023-10-05T15:09:42.832 INFO:teuthology.orchestra.run.smithi005.stdout:/usr/bin/ceph: stdout
2023-10-05T15:09:42.832 INFO:teuthology.orchestra.run.smithi005.stdout:/usr/bin/ceph: stdout [mgr]
2023-10-05T15:09:42.832 INFO:teuthology.orchestra.run.smithi005.stdout:/usr/bin/ceph: stdout mgr/telemetry/nag = false
2023-10-05T15:09:42.832 INFO:teuthology.orchestra.run.smithi005.stdout:/usr/bin/ceph: stdout
2023-10-05T15:09:42.832 INFO:teuthology.orchestra.run.smithi005.stdout:/usr/bin/ceph: stdout [osd]
2023-10-05T15:09:42.832 INFO:teuthology.orchestra.run.smithi005.stdout:/usr/bin/ceph: stdout mon_osd_backfillfull_ratio = 0.85
2023-10-05T15:09:42.832 INFO:teuthology.orchestra.run.smithi005.stdout:/usr/bin/ceph: stdout mon_osd_full_ratio = 0.9
2023-10-05T15:09:42.832 INFO:teuthology.orchestra.run.smithi005.stdout:/usr/bin/ceph: stdout mon_osd_nearfull_ratio = 0.8
2023-10-05T15:09:42.832 INFO:teuthology.orchestra.run.smithi005.stdout:/usr/bin/ceph: stdout osd_map_max_advance = 10
2023-10-05T15:09:42.832 INFO:teuthology.orchestra.run.smithi005.stdout:/usr/bin/ceph: stdout osd_sloppy_crc = true
2023-10-05T15:09:42.833 INFO:teuthology.orchestra.run.smithi005.stdout:/usr/bin/ceph: stderr
2023-10-05T15:09:41.903+0000 7fa0e120b700 1 Processor -- start
2023-10-05T15:09:42.833 INFO:teuthology.orchestra.run.smithi005.stdout:/usr/bin/ceph: stderr
2023-10-05T15:09:41.903+0000 7fa0e120b700 1 -- start start
2023-10-05T15:09:42.833 INFO:teuthology.orchestra.run.smithi005.stdout:/usr/bin/ceph: stderr
2023-10-05T15:09:41.903+0000 7fa0e120b700 1 --2- >> [v2:172.21.15.5:3300/0,v1:172.21.15.5:6789/0] conn(0x7fa0dc1049e0 0x7fa0dc104e00 unknown :-1 s=NONE pgs=0 cs=0 l=0 rev1=0 crypto rx=0 tx=0 comp rx=0 tx=0).connect
2023-10-05T15:09:42.833 INFO:teuthology.orchestra.run.smithi005.stdout:/usr/bin/ceph: stderr
2023-10-05T15:09:41.903+0000 7fa0e120b700 1 -- --> [v2:172.21.15.5:3300/0,v1:172.21.15.5:6789/0] -- mon_getmap magic: 0 v1 -- 0x7fa0dc1053d0 con 0x7fa0dc1049e0
2023-10-05T15:09:42.833 INFO:teuthology.orchestra.run.smithi005.stdout:/usr/bin/ceph: stderr
2023-10-05T15:09:41.903+0000 7fa0dad9d700 1 --2- >> [v2:172.21.15.5:3300/0,v1:172.21.15.5:6789/0] conn(0x7fa0dc1049e0 0x7fa0dc104e00 unknown :-1 s=BANNER_CONNECTING pgs=0 cs=0 l=0 rev1=0 crypto rx=0 tx=0 comp rx=0 tx=0)._handle_peer_banner_payload supported=3 required=0
2023-10-05T15:09:42.833 INFO:teuthology.orchestra.run.smithi005.stdout:/usr/bin/ceph: stderr
2023-10-05T15:09:41.903+0000 7fa0dad9d700 1 --2- >> [v2:172.21.15.5:3300/0,v1:172.21.15.5:6789/0] conn(0x7fa0dc1049e0 0x7fa0dc104e00 unknown :-1 s=HELLO_CONNECTING pgs=0 cs=0 l=0 rev1=1 crypto rx=0 tx=0 comp rx=0 tx=0).handle_hello peer v2:172.21.15.5:3300/0 says I am v2:172.21.15.5:36620/0 (socket says 172.21.15.5:36620)
2023-10-05T15:09:42.833 INFO:teuthology.orchestra.run.smithi005.stdout:/usr/bin/ceph: stderr
2023-10-05T15:09:41.903+0000 7fa0dad9d700 1 -- 172.21.15.5:0/3397967876 learned_addr learned my addr 172.21.15.5:0/3397967876 (peer_addr_for_me v2:172.21.15.5:0/0)
2023-10-05T15:09:42.833 INFO:teuthology.orchestra.run.smithi005.stdout:/usr/bin/ceph: stderr
2023-10-05T15:09:41.904+0000 7fa0dad9d700 1 -- 172.21.15.5:0/3397967876 --> [v2:172.21.15.5:3300/0,v1:172.21.15.5:6789/0] -- mon_subscribe({config=0+,monmap=0+}) v3 -- 0x7fa0dc105510 con 0x7fa0dc1049e0
2023-10-05T15:09:42.833 INFO:teuthology.orchestra.run.smithi005.stdout:/usr/bin/ceph: stderr
2023-10-05T15:09:41.904+0000 7fa0dad9d700 1 --2- 172.21.15.5:0/3397967876 >> [v2:172.21.15.5:3300/0,v1:172.21.15.5:6789/0] conn(0x7fa0dc1049e0 0x7fa0dc104e00 secure :-1 s=READY pgs=20 cs=0 l=1 rev1=1 crypto rx=0x7fa0d00098a0 tx=0x7fa0d0009bb0 comp rx=0 tx=0).ready entity=mon.0 client_cookie=b8003a78cdff9be8 server_cookie=0 in_seq=0 out_seq=0
2023-10-05T15:09:42.833 INFO:teuthology.orchestra.run.smithi005.stdout:/usr/bin/ceph: stderr
2023-10-05T15:09:41.904+0000 7fa0d9d9b700 1 -- 172.21.15.5:0/3397967876 <== mon.0 v2:172.21.15.5:3300/0 1 ==== mon_map magic: 0 v1 ==== 205+0+0 (secure 0 0 0) 0x7fa0d0004160 con 0x7fa0dc1049e0
2023-10-05T15:09:42.833 INFO:teuthology.orchestra.run.smithi005.stdout:/usr/bin/ceph: stderr
2023-10-05T15:09:41.904+0000 7fa0d9d9b700 1 -- 172.21.15.5:0/3397967876 <== mon.0 v2:172.21.15.5:3300/0 2 ==== config(26 keys) v1 ==== 1074+0+0 (secure 0 0 0) 0x7fa0d00042c0 con 0x7fa0dc1049e0
2023-10-05T15:09:42.833 INFO:teuthology.orchestra.run.smithi005.stdout:/usr/bin/ceph: stderr
2023-10-05T15:09:41.904+0000 7fa0d9d9b700 1 -- 172.21.15.5:0/3397967876 <== mon.0 v2:172.21.15.5:3300/0 3 ==== mon_map magic: 0 v1 ==== 205+0+0 (secure 0 0 0) 0x7fa0d0011a00 con 0x7fa0dc1049e0
2023-10-05T15:09:42.834 INFO:teuthology.orchestra.run.smithi005.stdout:/usr/bin/ceph: stderr
2023-10-05T15:09:41.905+0000 7fa0e120b700 1 -- 172.21.15.5:0/3397967876 >> [v2:172.21.15.5:3300/0,v1:172.21.15.5:6789/0] conn(0x7fa0dc1049e0 msgr2=0x7fa0dc104e00 secure :-1 s=STATE_CONNECTION_ESTABLISHED l=1).mark_down
2023-10-05T15:09:42.834 INFO:teuthology.orchestra.run.smithi005.stdout:/usr/bin/ceph: stderr
2023-10-05T15:09:41.905+0000 7fa0e120b700 1 --2- 172.21.15.5:0/3397967876 >> [v2:172.21.15.5:3300/0,v1:172.21.15.5:6789/0] conn(0x7fa0dc1049e0 0x7fa0dc104e00 secure :-1 s=READY pgs=20 cs=0 l=1 rev1=1 crypto rx=0x7fa0d00098a0 tx=0x7fa0d0009bb0 comp rx=0 tx=0).stop
2023-10-05T15:09:42.834 INFO:teuthology.orchestra.run.smithi005.stdout:/usr/bin/ceph: stderr
2023-10-05T15:09:41.905+0000 7fa0e120b700 1 -- 172.21.15.5:0/3397967876 shutdown_connections
2023-10-05T15:09:42.834 INFO:teuthology.orchestra.run.smithi005.stdout:/usr/bin/ceph: stderr
2023-10-05T15:09:41.905+0000 7fa0e120b700 1 --2- 172.21.15.5:0/3397967876 >> [v2:172.21.15.5:3300/0,v1:172.21.15.5:6789/0] conn(0x7fa0dc1049e0 0x7fa0dc104e00 unknown :-1 s=CLOSED pgs=20 cs=0 l=1 rev1=1 crypto rx=0 tx=0 comp rx=0 tx=0).stop
2023-10-05T15:09:42.834 INFO:teuthology.orchestra.run.smithi005.stdout:/usr/bin/ceph: stderr
2023-10-05T15:09:41.905+0000 7fa0e120b700 1 -- 172.21.15.5:0/3397967876 >> 172.21.15.5:0/3397967876 conn(0x7fa0dc100320 msgr2=0x7fa0dc102760 unknown :-1 s=STATE_NONE l=0).mark_down
2023-10-05T15:09:42.834 INFO:teuthology.orchestra.run.smithi005.stdout:/usr/bin/ceph: stderr
2023-10-05T15:09:41.905+0000 7fa0e120b700 1 -- 172.21.15.5:0/3397967876 shutdown_connections
2023-10-05T15:09:42.834 INFO:teuthology.orchestra.run.smithi005.stdout:/usr/bin/ceph: stderr
2023-10-05T15:09:41.905+0000 7fa0e120b700 1 -- 172.21.15.5:0/3397967876 wait complete.
2023-10-05T15:09:42.834 INFO:teuthology.orchestra.run.smithi005.stdout:/usr/bin/ceph: stderr
2023-10-05T15:09:41.906+0000 7fa0e120b700 1 Processor -- start
2023-10-05T15:09:42.834 INFO:teuthology.orchestra.run.smithi005.stdout:/usr/bin/ceph: stderr
2023-10-05T15:09:41.906+0000 7fa0e120b700 1 -- start start
2023-10-05T15:09:42.834 INFO:teuthology.orchestra.run.smithi005.stdout:/usr/bin/ceph: stderr
2023-10-05T15:09:41.906+0000 7fa0e120b700 1 --2- >> [v2:172.21.15.5:3300/0,v1:172.21.15.5:6789/0] conn(0x7fa0dc1049e0 0x7fa0dc19a3a0 unknown :-1 s=NONE pgs=0 cs=0 l=1 rev1=0 crypto rx=0 tx=0 comp rx=0 tx=0).connect
2023-10-05T15:09:42.834 INFO:teuthology.orchestra.run.smithi005.stdout:/usr/bin/ceph: stderr
2023-10-05T15:09:41.906+0000 7fa0e120b700 1 -- --> [v2:172.21.15.5:3300/0,v1:172.21.15.5:6789/0] -- mon_getmap magic: 0 v1 -- 0x7fa0dc19a8e0 con 0x7fa0dc1049e0
2023-10-05T15:09:42.835 INFO:teuthology.orchestra.run.smithi005.stdout:/usr/bin/ceph: stderr
2023-10-05T15:09:41.906+0000 7fa0dad9d700 1 --2- >> [v2:172.21.15.5:3300/0,v1:172.21.15.5:6789/0] conn(0x7fa0dc1049e0 0x7fa0dc19a3a0 unknown :-1 s=BANNER_CONNECTING pgs=0 cs=0 l=1 rev1=0 crypto rx=0 tx=0 comp rx=0 tx=0)._handle_peer_banner_payload supported=3 required=0
2023-10-05T15:09:42.835 INFO:teuthology.orchestra.run.smithi005.stdout:/usr/bin/ceph: stderr
2023-10-05T15:09:41.906+0000 7fa0dad9d700 1 --2- >> [v2:172.21.15.5:3300/0,v1:172.21.15.5:6789/0] conn(0x7fa0dc1049e0 0x7fa0dc19a3a0 unknown :-1 s=HELLO_CONNECTING pgs=0 cs=0 l=1 rev1=1 crypto rx=0 tx=0 comp rx=0 tx=0).handle_hello peer v2:172.21.15.5:3300/0 says I am v2:172.21.15.5:36622/0 (socket says 172.21.15.5:36622)
2023-10-05T15:09:42.835 INFO:teuthology.orchestra.run.smithi005.stdout:/usr/bin/ceph: stderr
2023-10-05T15:09:41.906+0000 7fa0dad9d700 1 -- 172.21.15.5:0/3144164013 learned_addr learned my addr 172.21.15.5:0/3144164013 (peer_addr_for_me v2:172.21.15.5:0/0)
2023-10-05T15:09:42.835 INFO:teuthology.orchestra.run.smithi005.stdout:/usr/bin/ceph: stderr
2023-10-05T15:09:41.907+0000 7fa0dad9d700 1 -- 172.21.15.5:0/3144164013 --> [v2:172.21.15.5:3300/0,v1:172.21.15.5:6789/0] -- mon_subscribe({config=0+,monmap=0+}) v3 -- 0x7fa0d0009550 con 0x7fa0dc1049e0
2023-10-05T15:09:42.835 INFO:teuthology.orchestra.run.smithi005.stdout:/usr/bin/ceph: stderr
2023-10-05T15:09:41.907+0000 7fa0dad9d700 1 --2- 172.21.15.5:0/3144164013 >> [v2:172.21.15.5:3300/0,v1:172.21.15.5:6789/0] conn(0x7fa0dc1049e0 0x7fa0dc19a3a0 secure :-1 s=READY pgs=21 cs=0 l=1 rev1=1 crypto rx=0x7fa0d0009fb0 tx=0x7fa0d0011ad0 comp rx=0 tx=0).ready entity=mon.0 client_cookie=0 server_cookie=0 in_seq=0 out_seq=0
2023-10-05T15:09:42.835 INFO:teuthology.orchestra.run.smithi005.stdout:/usr/bin/ceph: stderr
2023-10-05T15:09:41.907+0000 7fa0c3fff700 1 -- 172.21.15.5:0/3144164013 <== mon.0 v2:172.21.15.5:3300/0 1 ==== mon_map magic: 0 v1 ==== 205+0+0 (secure 0 0 0) 0x7fa0d0003930 con 0x7fa0dc1049e0
2023-10-05T15:09:42.835 INFO:teuthology.orchestra.run.smithi005.stdout:/usr/bin/ceph: stderr
2023-10-05T15:09:41.907+0000 7fa0c3fff700 1 -- 172.21.15.5:0/3144164013 <== mon.0 v2:172.21.15.5:3300/0 2 ==== config(26 keys) v1 ==== 1074+0+0 (secure 0 0 0) 0x7fa0d0003a90 con 0x7fa0dc1049e0
2023-10-05T15:09:42.835 INFO:teuthology.orchestra.run.smithi005.stdout:/usr/bin/ceph: stderr
2023-10-05T15:09:41.907+0000 7fa0e120b700 1 -- 172.21.15.5:0/3144164013 --> [v2:172.21.15.5:3300/0,v1:172.21.15.5:6789/0] -- mon_subscribe({mgrmap=0+}) v3 -- 0x7fa0dc19ab40 con 0x7fa0dc1049e0
2023-10-05T15:09:42.835 INFO:teuthology.orchestra.run.smithi005.stdout:/usr/bin/ceph: stderr
2023-10-05T15:09:41.907+0000 7fa0c3fff700 1 -- 172.21.15.5:0/3144164013 <== mon.0 v2:172.21.15.5:3300/0 3 ==== mon_map magic: 0 v1 ==== 205+0+0 (secure 0 0 0) 0x7fa0d00195e0 con 0x7fa0dc1049e0
2023-10-05T15:09:42.835 INFO:teuthology.orchestra.run.smithi005.stdout:/usr/bin/ceph: stderr
2023-10-05T15:09:41.907+0000 7fa0e120b700 1 -- 172.21.15.5:0/3144164013 --> [v2:172.21.15.5:3300/0,v1:172.21.15.5:6789/0] -- mon_subscribe({osdmap=0}) v3 -- 0x7fa0dc19afc0 con 0x7fa0dc1049e0
2023-10-05T15:09:42.835 INFO:teuthology.orchestra.run.smithi005.stdout:/usr/bin/ceph: stderr
2023-10-05T15:09:41.908+0000 7fa0c3fff700 1 -- 172.21.15.5:0/3144164013 <== mon.0 v2:172.21.15.5:3300/0 4 ==== mgrmap(e 4) v1 ==== 45568+0+0 (secure 0 0 0) 0x7fa0d00198a0 con 0x7fa0dc1049e0
2023-10-05T15:09:42.835 INFO:teuthology.orchestra.run.smithi005.stdout:/usr/bin/ceph: stderr
2023-10-05T15:09:41.908+0000 7fa0c3fff700 1 --2- 172.21.15.5:0/3144164013 >> [v2:172.21.15.5:6800/1799763735,v1:172.21.15.5:6801/1799763735] conn(0x7fa0c4038780 0x7fa0c403ac40 unknown :-1 s=NONE pgs=0 cs=0 l=1 rev1=0 crypto rx=0 tx=0 comp rx=0 tx=0).connect
2023-10-05T15:09:42.836 INFO:teuthology.orchestra.run.smithi005.stdout:/usr/bin/ceph: stderr
2023-10-05T15:09:41.908+0000 7fa0c3fff700 1 -- 172.21.15.5:0/3144164013 <== mon.0 v2:172.21.15.5:3300/0 5 ==== osd_map(1..1 src has 1..1) v4 ==== 725+0+0 (secure 0 0 0) 0x7fa0d004c590 con 0x7fa0dc1049e0
2023-10-05T15:09:42.836 INFO:teuthology.orchestra.run.smithi005.stdout:/usr/bin/ceph: stderr
2023-10-05T15:09:41.908+0000 7fa0e120b700 1 -- 172.21.15.5:0/3144164013 --> [v2:172.21.15.5:3300/0,v1:172.21.15.5:6789/0] -- mon_command({"prefix": "get_command_descriptions"} v 0) v1 -- 0x7fa0dc0624e0 con 0x7fa0dc1049e0
2023-10-05T15:09:42.836 INFO:teuthology.orchestra.run.smithi005.stdout:/usr/bin/ceph: stderr
2023-10-05T15:09:41.908+0000 7fa0da59c700 1 --2- 172.21.15.5:0/3144164013 >> [v2:172.21.15.5:6800/1799763735,v1:172.21.15.5:6801/1799763735] conn(0x7fa0c4038780 0x7fa0c403ac40 unknown :-1 s=BANNER_CONNECTING pgs=0 cs=0 l=1 rev1=0 crypto rx=0 tx=0 comp rx=0 tx=0)._handle_peer_banner_payload supported=3 required=0
2023-10-05T15:09:42.836 INFO:teuthology.orchestra.run.smithi005.stdout:/usr/bin/ceph: stderr
2023-10-05T15:09:41.909+0000 7fa0da59c700 1 --2- 172.21.15.5:0/3144164013 >> [v2:172.21.15.5:6800/1799763735,v1:172.21.15.5:6801/1799763735] conn(0x7fa0c4038780 0x7fa0c403ac40 secure :-1 s=READY pgs=7 cs=0 l=1 rev1=1 crypto rx=0x7fa0cc006fd0 tx=0x7fa0cc006e40 comp rx=0 tx=0).ready entity=mgr.14100 client_cookie=0 server_cookie=0 in_seq=0 out_seq=0
2023-10-05T15:09:42.836 INFO:teuthology.orchestra.run.smithi005.stdout:/usr/bin/ceph: stderr
2023-10-05T15:09:41.913+0000 7fa0c3fff700 1 -- 172.21.15.5:0/3144164013 <== mon.0 v2:172.21.15.5:3300/0 6 ==== mon_command_ack([{"prefix": "get_command_descriptions"}]=0 v0) v1 ==== 72+0+180459 (secure 0 0 0) 0x7fa0d0019b50 con 0x7fa0dc1049e0
2023-10-05T15:09:42.836 INFO:teuthology.orchestra.run.smithi005.stdout:/usr/bin/ceph: stderr
2023-10-05T15:09:42.277+0000 7fa0e120b700 1 -- 172.21.15.5:0/3144164013 --> [v2:172.21.15.5:3300/0,v1:172.21.15.5:6789/0] -- mon_command({"prefix": "config assimilate-conf"} v 0) v1 -- 0x7fa0dc108610 con 0x7fa0dc1049e0
2023-10-05T15:09:42.836 INFO:teuthology.orchestra.run.smithi005.stdout:/usr/bin/ceph: stderr
2023-10-05T15:09:42.278+0000 7fa0c3fff700 1 -- 172.21.15.5:0/3144164013 <== mon.0 v2:172.21.15.5:3300/0 7 ==== mon_command_ack([{"prefix": "config assimilate-conf"}]=0 v3) v1 ==== 70+0+373 (secure 0 0 0) 0x7fa0d0018350 con 0x7fa0dc1049e0
2023-10-05T15:09:42.836 INFO:teuthology.orchestra.run.smithi005.stdout:/usr/bin/ceph: stderr
2023-10-05T15:09:42.280+0000 7fa0e120b700 1 -- 172.21.15.5:0/3144164013 >> [v2:172.21.15.5:6800/1799763735,v1:172.21.15.5:6801/1799763735] conn(0x7fa0c4038780 msgr2=0x7fa0c403ac40 secure :-1 s=STATE_CONNECTION_ESTABLISHED l=1).mark_down
2023-10-05T15:09:42.836 INFO:teuthology.orchestra.run.smithi005.stdout:/usr/bin/ceph: stderr
2023-10-05T15:09:42.280+0000 7fa0e120b700 1 --2- 172.21.15.5:0/3144164013 >> [v2:172.21.15.5:6800/1799763735,v1:172.21.15.5:6801/1799763735] conn(0x7fa0c4038780 0x7fa0c403ac40 secure :-1 s=READY pgs=7 cs=0 l=1 rev1=1 crypto rx=0x7fa0cc006fd0 tx=0x7fa0cc006e40 comp rx=0 tx=0).stop
2023-10-05T15:09:42.836 INFO:teuthology.orchestra.run.smithi005.stdout:/usr/bin/ceph: stderr
2023-10-05T15:09:42.280+0000 7fa0e120b700 1 -- 172.21.15.5:0/3144164013 >> [v2:172.21.15.5:3300/0,v1:172.21.15.5:6789/0] conn(0x7fa0dc1049e0 msgr2=0x7fa0dc19a3a0 secure :-1 s=STATE_CONNECTION_ESTABLISHED l=1).mark_down
2023-10-05T15:09:42.836 INFO:teuthology.orchestra.run.smithi005.stdout:/usr/bin/ceph: stderr
2023-10-05T15:09:42.280+0000 7fa0e120b700 1 --2- 172.21.15.5:0/3144164013 >> [v2:172.21.15.5:3300/0,v1:172.21.15.5:6789/0] conn(0x7fa0dc1049e0 0x7fa0dc19a3a0 secure :-1 s=READY pgs=21 cs=0 l=1 rev1=1 crypto rx=0x7fa0d0009fb0 tx=0x7fa0d0011ad0 comp rx=0 tx=0).stop
2023-10-05T15:09:42.836 INFO:teuthology.orchestra.run.smithi005.stdout:/usr/bin/ceph: stderr
2023-10-05T15:09:42.280+0000 7fa0e120b700 1 -- 172.21.15.5:0/3144164013 shutdown_connections
2023-10-05T15:09:42.837 INFO:teuthology.orchestra.run.smithi005.stdout:/usr/bin/ceph: stderr
2023-10-05T15:09:42.280+0000 7fa0e120b700 1 --2- 172.21.15.5:0/3144164013 >> [v2:172.21.15.5:6800/1799763735,v1:172.21.15.5:6801/1799763735] conn(0x7fa0c4038780 0x7fa0c403ac40 unknown :-1 s=CLOSED pgs=7 cs=0 l=1 rev1=1 crypto rx=0 tx=0 comp rx=0 tx=0).stop
2023-10-05T15:09:42.837 INFO:teuthology.orchestra.run.smithi005.stdout:/usr/bin/ceph: stderr
2023-10-05T15:09:42.280+0000 7fa0e120b700 1 --2- 172.21.15.5:0/3144164013 >> [v2:172.21.15.5:3300/0,v1:172.21.15.5:6789/0] conn(0x7fa0dc1049e0 0x7fa0dc19a3a0 unknown :-1 s=CLOSED pgs=21 cs=0 l=1 rev1=1 crypto rx=0 tx=0 comp rx=0 tx=0).stop
2023-10-05T15:09:42.837 INFO:teuthology.orchestra.run.smithi005.stdout:/usr/bin/ceph: stderr
2023-10-05T15:09:42.280+0000 7fa0e120b700 1 -- 172.21.15.5:0/3144164013 >> 172.21.15.5:0/3144164013 conn(0x7fa0dc100320 msgr2=0x7fa0dc1010e0 unknown :-1 s=STATE_NONE l=0).mark_down
2023-10-05T15:09:42.837 INFO:teuthology.orchestra.run.smithi005.stdout:/usr/bin/ceph: stderr
2023-10-05T15:09:42.281+0000 7fa0e120b700 1 -- 172.21.15.5:0/3144164013 shutdown_connections
2023-10-05T15:09:42.837 INFO:teuthology.orchestra.run.smithi005.stdout:/usr/bin/ceph: stderr
2023-10-05T15:09:42.281+0000 7fa0e120b700 1 -- 172.21.15.5:0/3144164013 wait complete.
2023-10-05T15:09:42.837 INFO:teuthology.orchestra.run.smithi005.stdout:Enabling cephadm module...
2023-10-05T15:09:44.168 INFO:journalctl@ceph.mon.a.smithi005.stdout:Oct 05 15:09:43 smithi005 ceph-mon[99207]: from='client.? 172.21.15.5:0/2469765901' entity='client.admin' cmd=[{"prefix": "mgr module enable", "module": "cephadm"}]: dispatch
2023-10-05T15:09:44.168 INFO:journalctl@ceph.mgr.x.smithi005.stdout:Oct 05 15:09:43 smithi005 ceph-0c868be8-6391-11ee-8db5-212e2dc638e7-mgr-x[99453]: ignoring --setuser ceph since I am not root
2023-10-05T15:09:44.168 INFO:journalctl@ceph.mgr.x.smithi005.stdout:Oct 05 15:09:43 smithi005 ceph-0c868be8-6391-11ee-8db5-212e2dc638e7-mgr-x[99453]: ignoring --setgroup ceph since I am not root
2023-10-05T15:09:44.169 INFO:journalctl@ceph.mgr.x.smithi005.stdout:Oct 05 15:09:44 smithi005 ceph-0c868be8-6391-11ee-8db5-212e2dc638e7-mgr-x[99453]:
2023-10-05T15:09:44.069+0000 7f8a4e438200 -1 mgr[py] Module devicehealth has missing NOTIFY_TYPES member
2023-10-05T15:09:44.169 INFO:journalctl@ceph.mgr.x.smithi005.stdout:Oct 05 15:09:44 smithi005 ceph-0c868be8-6391-11ee-8db5-212e2dc638e7-mgr-x[99453]:
2023-10-05T15:09:44.165+0000 7f8a4e438200 -1 mgr[py] Module osd_support has missing NOTIFY_TYPES member
2023-10-05T15:09:44.377 INFO:teuthology.orchestra.run.smithi005.stdout:/usr/bin/ceph: stderr
2023-10-05T15:09:43.336+0000 7ffa36b85700 1 Processor -- start
2023-10-05T15:09:44.377 INFO:teuthology.orchestra.run.smithi005.stdout:/usr/bin/ceph: stderr
2023-10-05T15:09:43.336+0000 7ffa36b85700 1 -- start start
2023-10-05T15:09:44.377 INFO:teuthology.orchestra.run.smithi005.stdout:/usr/bin/ceph: stderr
2023-10-05T15:09:43.336+0000 7ffa36b85700 1 --2- >> [v2:172.21.15.5:3300/0,v1:172.21.15.5:6789/0] conn(0x7ffa3007bee0 0x7ffa3007a340 unknown :-1 s=NONE pgs=0 cs=0 l=0 rev1=0 crypto rx=0 tx=0 comp rx=0 tx=0).connect
2023-10-05T15:09:44.377 INFO:teuthology.orchestra.run.smithi005.stdout:/usr/bin/ceph: stderr
2023-10-05T15:09:43.336+0000 7ffa36b85700 1 -- --> [v2:172.21.15.5:3300/0,v1:172.21.15.5:6789/0] -- mon_getmap magic: 0 v1 -- 0x7ffa3007a910 con 0x7ffa3007bee0
2023-10-05T15:09:44.377 INFO:teuthology.orchestra.run.smithi005.stdout:/usr/bin/ceph: stderr
2023-10-05T15:09:43.336+0000 7ffa34921700 1 --2- >> [v2:172.21.15.5:3300/0,v1:172.21.15.5:6789/0] conn(0x7ffa3007bee0 0x7ffa3007a340 unknown :-1 s=BANNER_CONNECTING pgs=0 cs=0 l=0 rev1=0 crypto rx=0 tx=0 comp rx=0 tx=0)._handle_peer_banner_payload supported=3 required=0
2023-10-05T15:09:44.377 INFO:teuthology.orchestra.run.smithi005.stdout:/usr/bin/ceph: stderr
2023-10-05T15:09:43.336+0000 7ffa34921700 1 --2- >> [v2:172.21.15.5:3300/0,v1:172.21.15.5:6789/0] conn(0x7ffa3007bee0 0x7ffa3007a340 unknown :-1 s=HELLO_CONNECTING pgs=0 cs=0 l=0 rev1=1 crypto rx=0 tx=0 comp rx=0 tx=0).handle_hello peer v2:172.21.15.5:3300/0 says I am v2:172.21.15.5:36626/0 (socket says 172.21.15.5:36626)
2023-10-05T15:09:44.378 INFO:teuthology.orchestra.run.smithi005.stdout:/usr/bin/ceph: stderr
2023-10-05T15:09:43.336+0000 7ffa34921700 1 -- 172.21.15.5:0/3010380643 learned_addr learned my addr 172.21.15.5:0/3010380643 (peer_addr_for_me v2:172.21.15.5:0/0)
2023-10-05T15:09:44.378 INFO:teuthology.orchestra.run.smithi005.stdout:/usr/bin/ceph: stderr
2023-10-05T15:09:43.337+0000 7ffa34921700 1 -- 172.21.15.5:0/3010380643 --> [v2:172.21.15.5:3300/0,v1:172.21.15.5:6789/0] -- mon_subscribe({config=0+,monmap=0+}) v3 -- 0x7ffa3007aa50 con 0x7ffa3007bee0
2023-10-05T15:09:44.378 INFO:teuthology.orchestra.run.smithi005.stdout:/usr/bin/ceph: stderr
2023-10-05T15:09:43.337+0000 7ffa34921700 1 --2- 172.21.15.5:0/3010380643 >> [v2:172.21.15.5:3300/0,v1:172.21.15.5:6789/0] conn(0x7ffa3007bee0 0x7ffa3007a340 secure :-1 s=READY pgs=22 cs=0 l=1 rev1=1 crypto rx=0x7ffa24009ab0 tx=0x7ffa24009dc0 comp rx=0 tx=0).ready entity=mon.0 client_cookie=223b79765459a7e server_cookie=0 in_seq=0 out_seq=0
2023-10-05T15:09:44.378 INFO:teuthology.orchestra.run.smithi005.stdout:/usr/bin/ceph: stderr
2023-10-05T15:09:43.337+0000 7ffa2f7fe700 1 -- 172.21.15.5:0/3010380643 <== mon.0 v2:172.21.15.5:3300/0 1 ==== mon_map magic: 0 v1 ==== 205+0+0 (secure 0 0 0) 0x7ffa24004160 con 0x7ffa3007bee0
2023-10-05T15:09:44.378 INFO:teuthology.orchestra.run.smithi005.stdout:/usr/bin/ceph: stderr
2023-10-05T15:09:43.337+0000 7ffa2f7fe700 1 -- 172.21.15.5:0/3010380643 <== mon.0 v2:172.21.15.5:3300/0 2 ==== config(26 keys) v1 ==== 1074+0+0 (secure 0 0 0) 0x7ffa2400bc80 con 0x7ffa3007bee0
2023-10-05T15:09:44.378 INFO:teuthology.orchestra.run.smithi005.stdout:/usr/bin/ceph: stderr
2023-10-05T15:09:43.337+0000 7ffa2f7fe700 1 -- 172.21.15.5:0/3010380643 <== mon.0 v2:172.21.15.5:3300/0 3 ==== mon_map magic: 0 v1 ==== 205+0+0 (secure 0 0 0) 0x7ffa24003c30 con 0x7ffa3007bee0
2023-10-05T15:09:44.378 INFO:teuthology.orchestra.run.smithi005.stdout:/usr/bin/ceph: stderr
2023-10-05T15:09:43.338+0000 7ffa36b85700 1 -- 172.21.15.5:0/3010380643 >> [v2:172.21.15.5:3300/0,v1:172.21.15.5:6789/0] conn(0x7ffa3007bee0 msgr2=0x7ffa3007a340 secure :-1 s=STATE_CONNECTION_ESTABLISHED l=1).mark_down
2023-10-05T15:09:44.378 INFO:teuthology.orchestra.run.smithi005.stdout:/usr/bin/ceph: stderr
2023-10-05T15:09:43.338+0000 7ffa36b85700 1 --2- 172.21.15.5:0/3010380643 >> [v2:172.21.15.5:3300/0,v1:172.21.15.5:6789/0] conn(0x7ffa3007bee0 0x7ffa3007a340 secure :-1 s=READY pgs=22 cs=0 l=1 rev1=1 crypto rx=0x7ffa24009ab0 tx=0x7ffa24009dc0 comp rx=0 tx=0).stop
2023-10-05T15:09:44.378 INFO:teuthology.orchestra.run.smithi005.stdout:/usr/bin/ceph: stderr
2023-10-05T15:09:43.338+0000 7ffa36b85700 1 -- 172.21.15.5:0/3010380643 shutdown_connections
2023-10-05T15:09:44.378 INFO:teuthology.orchestra.run.smithi005.stdout:/usr/bin/ceph: stderr
2023-10-05T15:09:43.338+0000 7ffa36b85700 1 --2- 172.21.15.5:0/3010380643 >> [v2:172.21.15.5:3300/0,v1:172.21.15.5:6789/0] conn(0x7ffa3007bee0 0x7ffa3007a340 unknown :-1 s=CLOSED pgs=22 cs=0 l=1 rev1=1 crypto rx=0 tx=0 comp rx=0 tx=0).stop
2023-10-05T15:09:44.378 INFO:teuthology.orchestra.run.smithi005.stdout:/usr/bin/ceph: stderr
2023-10-05T15:09:43.338+0000 7ffa36b85700 1 -- 172.21.15.5:0/3010380643 >> 172.21.15.5:0/3010380643 conn(0x7ffa30101cc0 msgr2=0x7ffa30104100 unknown :-1 s=STATE_NONE l=0).mark_down
2023-10-05T15:09:44.378 INFO:teuthology.orchestra.run.smithi005.stdout:/usr/bin/ceph: stderr
2023-10-05T15:09:43.338+0000 7ffa36b85700 1 -- 172.21.15.5:0/3010380643 shutdown_connections
2023-10-05T15:09:44.379 INFO:teuthology.orchestra.run.smithi005.stdout:/usr/bin/ceph: stderr
2023-10-05T15:09:43.338+0000 7ffa36b85700 1 -- 172.21.15.5:0/3010380643 wait complete.
2023-10-05T15:09:44.379 INFO:teuthology.orchestra.run.smithi005.stdout:/usr/bin/ceph: stderr
2023-10-05T15:09:43.338+0000 7ffa36b85700 1 Processor -- start
2023-10-05T15:09:44.379 INFO:teuthology.orchestra.run.smithi005.stdout:/usr/bin/ceph: stderr
2023-10-05T15:09:43.338+0000 7ffa36b85700 1 -- start start
2023-10-05T15:09:44.379 INFO:teuthology.orchestra.run.smithi005.stdout:/usr/bin/ceph: stderr
2023-10-05T15:09:43.339+0000 7ffa36b85700 1 --2- >> [v2:172.21.15.5:3300/0,v1:172.21.15.5:6789/0] conn(0x7ffa3007bee0 0x7ffa3019c620 unknown :-1 s=NONE pgs=0 cs=0 l=1 rev1=0 crypto rx=0 tx=0 comp rx=0 tx=0).connect
2023-10-05T15:09:44.379 INFO:teuthology.orchestra.run.smithi005.stdout:/usr/bin/ceph: stderr
2023-10-05T15:09:43.339+0000 7ffa36b85700 1 -- --> [v2:172.21.15.5:3300/0,v1:172.21.15.5:6789/0] -- mon_getmap magic: 0 v1 -- 0x7ffa3019cb60 con 0x7ffa3007bee0
2023-10-05T15:09:44.379 INFO:teuthology.orchestra.run.smithi005.stdout:/usr/bin/ceph: stderr
2023-10-05T15:09:43.339+0000 7ffa34921700 1 --2- >> [v2:172.21.15.5:3300/0,v1:172.21.15.5:6789/0] conn(0x7ffa3007bee0 0x7ffa3019c620 unknown :-1 s=BANNER_CONNECTING pgs=0 cs=0 l=1 rev1=0 crypto rx=0 tx=0 comp rx=0 tx=0)._handle_peer_banner_payload supported=3 required=0
2023-10-05T15:09:44.379 INFO:teuthology.orchestra.run.smithi005.stdout:/usr/bin/ceph: stderr
2023-10-05T15:09:43.339+0000 7ffa34921700 1 --2- >> [v2:172.21.15.5:3300/0,v1:172.21.15.5:6789/0] conn(0x7ffa3007bee0 0x7ffa3019c620 unknown :-1 s=HELLO_CONNECTING pgs=0 cs=0 l=1 rev1=1 crypto rx=0 tx=0 comp rx=0 tx=0).handle_hello peer v2:172.21.15.5:3300/0 says I am v2:172.21.15.5:36628/0 (socket says 172.21.15.5:36628)
2023-10-05T15:09:44.379 INFO:teuthology.orchestra.run.smithi005.stdout:/usr/bin/ceph: stderr
2023-10-05T15:09:43.339+0000 7ffa34921700 1 -- 172.21.15.5:0/2469765901 learned_addr learned my addr 172.21.15.5:0/2469765901 (peer_addr_for_me v2:172.21.15.5:0/0)
2023-10-05T15:09:44.379 INFO:teuthology.orchestra.run.smithi005.stdout:/usr/bin/ceph: stderr
2023-10-05T15:09:43.339+0000 7ffa34921700 1 -- 172.21.15.5:0/2469765901 --> [v2:172.21.15.5:3300/0,v1:172.21.15.5:6789/0] -- mon_subscribe({config=0+,monmap=0+}) v3 -- 0x7ffa24009550 con 0x7ffa3007bee0
2023-10-05T15:09:44.379 INFO:teuthology.orchestra.run.smithi005.stdout:/usr/bin/ceph: stderr
2023-10-05T15:09:43.339+0000 7ffa34921700 1 --2- 172.21.15.5:0/2469765901 >> [v2:172.21.15.5:3300/0,v1:172.21.15.5:6789/0] conn(0x7ffa3007bee0 0x7ffa3019c620 secure :-1 s=READY pgs=23 cs=0 l=1 rev1=1 crypto rx=0x7ffa240037e0 tx=0x7ffa24011700 comp rx=0 tx=0).ready entity=mon.0 client_cookie=0 server_cookie=0 in_seq=0 out_seq=0
2023-10-05T15:09:44.379 INFO:teuthology.orchestra.run.smithi005.stdout:/usr/bin/ceph: stderr
2023-10-05T15:09:43.339+0000 7ffa2dffb700 1 -- 172.21.15.5:0/2469765901 <== mon.0 v2:172.21.15.5:3300/0 1 ==== mon_map magic: 0 v1 ==== 205+0+0 (secure 0 0 0) 0x7ffa2400bea0 con 0x7ffa3007bee0
2023-10-05T15:09:44.379 INFO:teuthology.orchestra.run.smithi005.stdout:/usr/bin/ceph: stderr
2023-10-05T15:09:43.339+0000 7ffa2dffb700 1 -- 172.21.15.5:0/2469765901 <== mon.0 v2:172.21.15.5:3300/0 2 ==== config(26 keys) v1 ==== 1074+0+0 (secure 0 0 0) 0x7ffa2401a430 con 0x7ffa3007bee0
2023-10-05T15:09:44.380 INFO:teuthology.orchestra.run.smithi005.stdout:/usr/bin/ceph: stderr
2023-10-05T15:09:43.339+0000 7ffa36b85700 1 -- 172.21.15.5:0/2469765901 --> [v2:172.21.15.5:3300/0,v1:172.21.15.5:6789/0] -- mon_subscribe({mgrmap=0+}) v3 -- 0x7ffa3019cd60 con 0x7ffa3007bee0
2023-10-05T15:09:44.380 INFO:teuthology.orchestra.run.smithi005.stdout:/usr/bin/ceph: stderr
2023-10-05T15:09:43.339+0000 7ffa2dffb700 1 -- 172.21.15.5:0/2469765901 <== mon.0 v2:172.21.15.5:3300/0 3 ==== mon_map magic: 0 v1 ==== 205+0+0 (secure 0 0 0) 0x7ffa24003c30 con 0x7ffa3007bee0
2023-10-05T15:09:44.380 INFO:teuthology.orchestra.run.smithi005.stdout:/usr/bin/ceph: stderr
2023-10-05T15:09:43.340+0000 7ffa36b85700 1 -- 172.21.15.5:0/2469765901 --> [v2:172.21.15.5:3300/0,v1:172.21.15.5:6789/0] -- mon_subscribe({osdmap=0}) v3 -- 0x7ffa3019d180 con 0x7ffa3007bee0
2023-10-05T15:09:44.380 INFO:teuthology.orchestra.run.smithi005.stdout:/usr/bin/ceph: stderr
2023-10-05T15:09:43.341+0000 7ffa36b85700 1 -- 172.21.15.5:0/2469765901 --> [v2:172.21.15.5:3300/0,v1:172.21.15.5:6789/0] -- mon_command({"prefix": "get_command_descriptions"} v 0) v1 -- 0x7ffa300624e0 con 0x7ffa3007bee0
2023-10-05T15:09:44.380 INFO:teuthology.orchestra.run.smithi005.stdout:/usr/bin/ceph: stderr
2023-10-05T15:09:43.341+0000 7ffa2dffb700 1 -- 172.21.15.5:0/2469765901 <== mon.0 v2:172.21.15.5:3300/0 4 ==== mgrmap(e 4) v1 ==== 45568+0+0 (secure 0 0 0) 0x7ffa2401a5a0 con 0x7ffa3007bee0
2023-10-05T15:09:44.380 INFO:teuthology.orchestra.run.smithi005.stdout:/usr/bin/ceph: stderr
2023-10-05T15:09:43.341+0000 7ffa2dffb700 1 --2- 172.21.15.5:0/2469765901 >> [v2:172.21.15.5:6800/1799763735,v1:172.21.15.5:6801/1799763735] conn(0x7ffa20038800 0x7ffa2003acc0 unknown :-1 s=NONE pgs=0 cs=0 l=1 rev1=0 crypto rx=0 tx=0 comp rx=0 tx=0).connect
2023-10-05T15:09:44.380 INFO:teuthology.orchestra.run.smithi005.stdout:/usr/bin/ceph: stderr
2023-10-05T15:09:43.341+0000 7ffa2dffb700 1 -- 172.21.15.5:0/2469765901 <== mon.0 v2:172.21.15.5:3300/0 5 ==== osd_map(1..1 src has 1..1) v4 ==== 725+0+0 (secure 0 0 0) 0x7ffa2404cad0 con 0x7ffa3007bee0
2023-10-05T15:09:44.380 INFO:teuthology.orchestra.run.smithi005.stdout:/usr/bin/ceph: stderr
2023-10-05T15:09:43.341+0000 7ffa2ffff700 1 --2- 172.21.15.5:0/2469765901 >> [v2:172.21.15.5:6800/1799763735,v1:172.21.15.5:6801/1799763735] conn(0x7ffa20038800 0x7ffa2003acc0 unknown :-1 s=BANNER_CONNECTING pgs=0 cs=0 l=1 rev1=0 crypto rx=0 tx=0 comp rx=0 tx=0)._handle_peer_banner_payload supported=3 required=0
2023-10-05T15:09:44.380 INFO:teuthology.orchestra.run.smithi005.stdout:/usr/bin/ceph: stderr
2023-10-05T15:09:43.342+0000 7ffa2ffff700 1 --2- 172.21.15.5:0/2469765901 >> [v2:172.21.15.5:6800/1799763735,v1:172.21.15.5:6801/1799763735] conn(0x7ffa20038800 0x7ffa2003acc0 secure :-1 s=READY pgs=8 cs=0 l=1 rev1=1 crypto rx=0x7ffa1c006fd0 tx=0x7ffa1c006e40 comp rx=0 tx=0).ready entity=mgr.14100 client_cookie=0 server_cookie=0 in_seq=0 out_seq=0
2023-10-05T15:09:44.380 INFO:teuthology.orchestra.run.smithi005.stdout:/usr/bin/ceph: stderr
2023-10-05T15:09:43.346+0000 7ffa2dffb700 1 -- 172.21.15.5:0/2469765901 <== mon.0 v2:172.21.15.5:3300/0 6 ==== mon_command_ack([{"prefix": "get_command_descriptions"}]=0 v0) v1 ==== 72+0+180459 (secure 0 0 0) 0x7ffa2401a8f0 con 0x7ffa3007bee0
2023-10-05T15:09:44.380 INFO:teuthology.orchestra.run.smithi005.stdout:/usr/bin/ceph: stderr
2023-10-05T15:09:43.826+0000 7ffa36b85700 1 -- 172.21.15.5:0/2469765901 --> [v2:172.21.15.5:3300/0,v1:172.21.15.5:6789/0] -- mon_command({"prefix": "mgr module enable", "module": "cephadm"} v 0) v1 -- 0x7ffa3010cad0 con 0x7ffa3007bee0
2023-10-05T15:09:44.381 INFO:teuthology.orchestra.run.smithi005.stdout:/usr/bin/ceph: stderr
2023-10-05T15:09:43.877+0000 7ffa2dffb700 1 -- 172.21.15.5:0/2469765901 <== mon.0 v2:172.21.15.5:3300/0 7 ==== mon_command_ack([{"prefix": "mgr module enable", "module": "cephadm"}]=0 v5) v1 ==== 86+0+0 (secure 0 0 0) 0x7ffa240212a0 con 0x7ffa3007bee0
2023-10-05T15:09:44.381 INFO:teuthology.orchestra.run.smithi005.stdout:/usr/bin/ceph: stderr
2023-10-05T15:09:43.879+0000 7ffa2dffb700 1 -- 172.21.15.5:0/2469765901 <== mon.0 v2:172.21.15.5:3300/0 8 ==== mgrmap(e 5) v1 ==== 45579+0+0 (secure 0 0 0) 0x7ffa2404b910 con 0x7ffa3007bee0
2023-10-05T15:09:44.381 INFO:teuthology.orchestra.run.smithi005.stdout:/usr/bin/ceph: stderr
2023-10-05T15:09:43.880+0000 7ffa36b85700 1 -- 172.21.15.5:0/2469765901 >> [v2:172.21.15.5:6800/1799763735,v1:172.21.15.5:6801/1799763735] conn(0x7ffa20038800 msgr2=0x7ffa2003acc0 secure :-1 s=STATE_CONNECTION_ESTABLISHED l=1).mark_down
2023-10-05T15:09:44.381 INFO:teuthology.orchestra.run.smithi005.stdout:/usr/bin/ceph: stderr
2023-10-05T15:09:43.880+0000 7ffa36b85700 1 --2- 172.21.15.5:0/2469765901 >> [v2:172.21.15.5:6800/1799763735,v1:172.21.15.5:6801/1799763735] conn(0x7ffa20038800 0x7ffa2003acc0 secure :-1 s=READY pgs=8 cs=0 l=1 rev1=1 crypto rx=0x7ffa1c006fd0 tx=0x7ffa1c006e40 comp rx=0 tx=0).stop
2023-10-05T15:09:44.381 INFO:teuthology.orchestra.run.smithi005.stdout:/usr/bin/ceph: stderr
2023-10-05T15:09:43.880+0000 7ffa36b85700 1 -- 172.21.15.5:0/2469765901 >> [v2:172.21.15.5:3300/0,v1:172.21.15.5:6789/0] conn(0x7ffa3007bee0 msgr2=0x7ffa3019c620 secure :-1 s=STATE_CONNECTION_ESTABLISHED l=1).mark_down
2023-10-05T15:09:44.381 INFO:teuthology.orchestra.run.smithi005.stdout:/usr/bin/ceph: stderr
2023-10-05T15:09:43.880+0000 7ffa36b85700 1 --2- 172.21.15.5:0/2469765901 >> [v2:172.21.15.5:3300/0,v1:172.21.15.5:6789/0] conn(0x7ffa3007bee0 0x7ffa3019c620 secure :-1 s=READY pgs=23 cs=0 l=1 rev1=1 crypto rx=0x7ffa240037e0 tx=0x7ffa24011700 comp rx=0 tx=0).stop
2023-10-05T15:09:44.381 INFO:teuthology.orchestra.run.smithi005.stdout:/usr/bin/ceph: stderr
2023-10-05T15:09:43.880+0000 7ffa36b85700 1 -- 172.21.15.5:0/2469765901 shutdown_connections
2023-10-05T15:09:44.381 INFO:teuthology.orchestra.run.smithi005.stdout:/usr/bin/ceph: stderr
2023-10-05T15:09:43.880+0000 7ffa36b85700 1 --2- 172.21.15.5:0/2469765901 >> [v2:172.21.15.5:6800/1799763735,v1:172.21.15.5:6801/1799763735] conn(0x7ffa20038800 0x7ffa2003acc0 unknown :-1 s=CLOSED pgs=8 cs=0 l=1 rev1=1 crypto rx=0 tx=0 comp rx=0 tx=0).stop
2023-10-05T15:09:44.381 INFO:teuthology.orchestra.run.smithi005.stdout:/usr/bin/ceph: stderr
2023-10-05T15:09:43.880+0000 7ffa36b85700 1 --2- 172.21.15.5:0/2469765901 >> [v2:172.21.15.5:3300/0,v1:172.21.15.5:6789/0] conn(0x7ffa3007bee0 0x7ffa3019c620 unknown :-1 s=CLOSED pgs=23 cs=0 l=1 rev1=1 crypto rx=0 tx=0 comp rx=0 tx=0).stop
2023-10-05T15:09:44.381 INFO:teuthology.orchestra.run.smithi005.stdout:/usr/bin/ceph: stderr
2023-10-05T15:09:43.880+0000 7ffa36b85700 1 -- 172.21.15.5:0/2469765901 >> 172.21.15.5:0/2469765901 conn(0x7ffa30101cc0 msgr2=0x7ffa30103380 unknown :-1 s=STATE_NONE l=0).mark_down
2023-10-05T15:09:44.381 INFO:teuthology.orchestra.run.smithi005.stdout:/usr/bin/ceph: stderr
2023-10-05T15:09:43.880+0000 7ffa36b85700 1 -- 172.21.15.5:0/2469765901 shutdown_connections
2023-10-05T15:09:44.381 INFO:teuthology.orchestra.run.smithi005.stdout:/usr/bin/ceph: stderr
2023-10-05T15:09:43.880+0000 7ffa36b85700 1 -- 172.21.15.5:0/2469765901 wait complete.
2023-10-05T15:09:44.426 INFO:journalctl@ceph.mgr.x.smithi005.stdout:Oct 05 15:09:44 smithi005 ceph-0c868be8-6391-11ee-8db5-212e2dc638e7-mgr-x[99453]:
2023-10-05T15:09:44.275+0000 7f8a4e438200 -1 mgr[py] Module snap_schedule has missing NOTIFY_TYPES member
2023-10-05T15:09:44.426 INFO:journalctl@ceph.mgr.x.smithi005.stdout:Oct 05 15:09:44 smithi005 ceph-0c868be8-6391-11ee-8db5-212e2dc638e7-mgr-x[99453]:
2023-10-05T15:09:44.395+0000 7f8a4e438200 -1 mgr[py] Module zabbix has missing NOTIFY_TYPES member
2023-10-05T15:09:44.884 INFO:journalctl@ceph.mgr.x.smithi005.stdout:Oct 05 15:09:44 smithi005 ceph-0c868be8-6391-11ee-8db5-212e2dc638e7-mgr-x[99453]:
2023-10-05T15:09:44.620+0000 7f8a4e438200 -1 mgr[py] Module crash has missing NOTIFY_TYPES member
2023-10-05T15:09:45.176 INFO:journalctl@ceph.mon.a.smithi005.stdout:Oct 05 15:09:44 smithi005 ceph-mon[99207]: from='client.? 172.21.15.5:0/2469765901' entity='client.admin' cmd='[{"prefix": "mgr module enable", "module": "cephadm"}]': finished
2023-10-05T15:09:45.176 INFO:journalctl@ceph.mon.a.smithi005.stdout:Oct 05 15:09:44 smithi005 ceph-mon[99207]: mgrmap e5: x(active, since 9s)
2023-10-05T15:09:45.176 INFO:journalctl@ceph.mgr.x.smithi005.stdout:Oct 05 15:09:45 smithi005 ceph-0c868be8-6391-11ee-8db5-212e2dc638e7-mgr-x[99453]:
2023-10-05T15:09:45.102+0000 7f8a4e438200 -1 mgr[py] Module prometheus has missing NOTIFY_TYPES member
2023-10-05T15:09:45.676 INFO:journalctl@ceph.mgr.x.smithi005.stdout:Oct 05 15:09:45 smithi005 ceph-0c868be8-6391-11ee-8db5-212e2dc638e7-mgr-x[99453]:
2023-10-05T15:09:45.256+0000 7f8a4e438200 -1 mgr[py] Module status has missing NOTIFY_TYPES member
2023-10-05T15:09:45.676 INFO:journalctl@ceph.mgr.x.smithi005.stdout:Oct 05 15:09:45 smithi005 ceph-0c868be8-6391-11ee-8db5-212e2dc638e7-mgr-x[99453]:
2023-10-05T15:09:45.364+0000 7f8a4e438200 -1 mgr[py] Module selftest has missing NOTIFY_TYPES member
2023-10-05T15:09:45.676 INFO:journalctl@ceph.mgr.x.smithi005.stdout:Oct 05 15:09:45 smithi005 ceph-0c868be8-6391-11ee-8db5-212e2dc638e7-mgr-x[99453]:
2023-10-05T15:09:45.494+0000 7f8a4e438200 -1 mgr[py] Module alerts has missing NOTIFY_TYPES member
2023-10-05T15:09:45.737 INFO:teuthology.orchestra.run.smithi005.stdout:/usr/bin/ceph: stdout {
2023-10-05T15:09:45.737 INFO:teuthology.orchestra.run.smithi005.stdout:/usr/bin/ceph: stdout "epoch": 5,
2023-10-05T15:09:45.737 INFO:teuthology.orchestra.run.smithi005.stdout:/usr/bin/ceph: stdout "available": true,
2023-10-05T15:09:45.737 INFO:teuthology.orchestra.run.smithi005.stdout:/usr/bin/ceph: stdout "active_name": "x",
2023-10-05T15:09:45.737 INFO:teuthology.orchestra.run.smithi005.stdout:/usr/bin/ceph: stdout "num_standby": 0
2023-10-05T15:09:45.737 INFO:teuthology.orchestra.run.smithi005.stdout:/usr/bin/ceph: stdout }
2023-10-05T15:09:45.737 INFO:teuthology.orchestra.run.smithi005.stdout:/usr/bin/ceph: stderr
2023-10-05T15:09:44.881+0000 7f0441a29700 1 Processor -- start
2023-10-05T15:09:45.737 INFO:teuthology.orchestra.run.smithi005.stdout:/usr/bin/ceph: stderr
2023-10-05T15:09:44.881+0000 7f0441a29700 1 -- start start
2023-10-05T15:09:45.738 INFO:teuthology.orchestra.run.smithi005.stdout:/usr/bin/ceph: stderr
2023-10-05T15:09:44.881+0000 7f0441a29700 1 --2- >> [v2:172.21.15.5:3300/0,v1:172.21.15.5:6789/0] conn(0x7f043c106720 0x7f043c106b40 unknown :-1 s=NONE pgs=0 cs=0 l=0 rev1=0 crypto rx=0 tx=0 comp rx=0 tx=0).connect
2023-10-05T15:09:45.738 INFO:teuthology.orchestra.run.smithi005.stdout:/usr/bin/ceph: stderr
2023-10-05T15:09:44.881+0000 7f0441a29700 1 -- --> [v2:172.21.15.5:3300/0,v1:172.21.15.5:6789/0] -- mon_getmap magic: 0 v1 -- 0x7f043c107110 con 0x7f043c106720
2023-10-05T15:09:45.738 INFO:teuthology.orchestra.run.smithi005.stdout:/usr/bin/ceph: stderr
2023-10-05T15:09:44.881+0000 7f043affd700 1 --2- >> [v2:172.21.15.5:3300/0,v1:172.21.15.5:6789/0] conn(0x7f043c106720 0x7f043c106b40 unknown :-1 s=BANNER_CONNECTING pgs=0 cs=0 l=0 rev1=0 crypto rx=0 tx=0 comp rx=0 tx=0)._handle_peer_banner_payload supported=3 required=0
2023-10-05T15:09:45.738 INFO:teuthology.orchestra.run.smithi005.stdout:/usr/bin/ceph: stderr
2023-10-05T15:09:44.881+0000 7f043affd700 1 --2- >> [v2:172.21.15.5:3300/0,v1:172.21.15.5:6789/0] conn(0x7f043c106720 0x7f043c106b40 unknown :-1 s=HELLO_CONNECTING pgs=0 cs=0 l=0 rev1=1 crypto rx=0 tx=0 comp rx=0 tx=0).handle_hello peer v2:172.21.15.5:3300/0 says I am v2:172.21.15.5:36642/0 (socket says 172.21.15.5:36642)
2023-10-05T15:09:45.738 INFO:teuthology.orchestra.run.smithi005.stdout:/usr/bin/ceph: stderr
2023-10-05T15:09:44.881+0000 7f043affd700 1 -- 172.21.15.5:0/1301761613 learned_addr learned my addr 172.21.15.5:0/1301761613 (peer_addr_for_me v2:172.21.15.5:0/0)
2023-10-05T15:09:45.738 INFO:teuthology.orchestra.run.smithi005.stdout:/usr/bin/ceph: stderr
2023-10-05T15:09:44.882+0000 7f043affd700 1 -- 172.21.15.5:0/1301761613 --> [v2:172.21.15.5:3300/0,v1:172.21.15.5:6789/0] -- mon_subscribe({config=0+,monmap=0+}) v3 -- 0x7f043c107920 con 0x7f043c106720
2023-10-05T15:09:45.738 INFO:teuthology.orchestra.run.smithi005.stdout:/usr/bin/ceph: stderr
2023-10-05T15:09:44.882+0000 7f043affd700 1 --2- 172.21.15.5:0/1301761613 >> [v2:172.21.15.5:3300/0,v1:172.21.15.5:6789/0] conn(0x7f043c106720 0x7f043c106b40 secure :-1 s=READY pgs=26 cs=0 l=1 rev1=1 crypto rx=0x7f042c00b180 tx=0x7f042c00b490 comp rx=0 tx=0).ready entity=mon.0 client_cookie=7ad56edd396f2ac5 server_cookie=0 in_seq=0 out_seq=0
2023-10-05T15:09:45.738 INFO:teuthology.orchestra.run.smithi005.stdout:/usr/bin/ceph: stderr
2023-10-05T15:09:44.884+0000 7f0439ffb700 1 -- 172.21.15.5:0/1301761613 <== mon.0 v2:172.21.15.5:3300/0 1 ==== mon_map magic: 0 v1 ==== 205+0+0 (secure 0 0 0) 0x7f042c00e070 con 0x7f043c106720
2023-10-05T15:09:45.738 INFO:teuthology.orchestra.run.smithi005.stdout:/usr/bin/ceph: stderr
2023-10-05T15:09:44.884+0000 7f0439ffb700 1 -- 172.21.15.5:0/1301761613 <== mon.0 v2:172.21.15.5:3300/0 2 ==== config(26 keys) v1 ==== 1074+0+0 (secure 0 0 0) 0x7f042c003a20 con 0x7f043c106720
2023-10-05T15:09:45.738 INFO:teuthology.orchestra.run.smithi005.stdout:/usr/bin/ceph: stderr
2023-10-05T15:09:44.884+0000 7f0439ffb700 1 -- 172.21.15.5:0/1301761613 <== mon.0 v2:172.21.15.5:3300/0 3 ==== mon_map magic: 0 v1 ==== 205+0+0 (secure 0 0 0) 0x7f042c0046b0 con 0x7f043c106720
2023-10-05T15:09:45.739 INFO:teuthology.orchestra.run.smithi005.stdout:/usr/bin/ceph: stderr
2023-10-05T15:09:44.884+0000 7f0441a29700 1 -- 172.21.15.5:0/1301761613 >> [v2:172.21.15.5:3300/0,v1:172.21.15.5:6789/0] conn(0x7f043c106720 msgr2=0x7f043c106b40 secure :-1 s=STATE_CONNECTION_ESTABLISHED l=1).mark_down
2023-10-05T15:09:45.739 INFO:teuthology.orchestra.run.smithi005.stdout:/usr/bin/ceph: stderr
2023-10-05T15:09:44.884+0000 7f0441a29700 1 --2- 172.21.15.5:0/1301761613 >> [v2:172.21.15.5:3300/0,v1:172.21.15.5:6789/0] conn(0x7f043c106720 0x7f043c106b40 secure :-1 s=READY pgs=26 cs=0 l=1 rev1=1 crypto rx=0x7f042c00b180 tx=0x7f042c00b490 comp rx=0 tx=0).stop
2023-10-05T15:09:45.739 INFO:teuthology.orchestra.run.smithi005.stdout:/usr/bin/ceph: stderr
2023-10-05T15:09:44.884+0000 7f0441a29700 1 -- 172.21.15.5:0/1301761613 shutdown_connections
2023-10-05T15:09:45.739 INFO:teuthology.orchestra.run.smithi005.stdout:/usr/bin/ceph: stderr
2023-10-05T15:09:44.884+0000 7f0441a29700 1 --2- 172.21.15.5:0/1301761613 >> [v2:172.21.15.5:3300/0,v1:172.21.15.5:6789/0] conn(0x7f043c106720 0x7f043c106b40 unknown :-1 s=CLOSED pgs=26 cs=0 l=1 rev1=1 crypto rx=0 tx=0 comp rx=0 tx=0).stop
2023-10-05T15:09:45.739 INFO:teuthology.orchestra.run.smithi005.stdout:/usr/bin/ceph: stderr
2023-10-05T15:09:44.884+0000 7f0441a29700 1 -- 172.21.15.5:0/1301761613 >> 172.21.15.5:0/1301761613 conn(0x7f043c101cc0 msgr2=0x7f043c104100 unknown :-1 s=STATE_NONE l=0).mark_down
2023-10-05T15:09:45.739 INFO:teuthology.orchestra.run.smithi005.stdout:/usr/bin/ceph: stderr
2023-10-05T15:09:44.885+0000 7f0441a29700 1 -- 172.21.15.5:0/1301761613 shutdown_connections
2023-10-05T15:09:45.739 INFO:teuthology.orchestra.run.smithi005.stdout:/usr/bin/ceph: stderr
2023-10-05T15:09:44.885+0000 7f0441a29700 1 -- 172.21.15.5:0/1301761613 wait complete.
2023-10-05T15:09:45.739 INFO:teuthology.orchestra.run.smithi005.stdout:/usr/bin/ceph: stderr
2023-10-05T15:09:44.885+0000 7f0441a29700 1 Processor -- start
2023-10-05T15:09:45.739 INFO:teuthology.orchestra.run.smithi005.stdout:/usr/bin/ceph: stderr
2023-10-05T15:09:44.886+0000 7f0441a29700 1 -- start start
2023-10-05T15:09:45.739 INFO:teuthology.orchestra.run.smithi005.stdout:/usr/bin/ceph: stderr
2023-10-05T15:09:44.886+0000 7f0441a29700 1 --2- >> [v2:172.21.15.5:3300/0,v1:172.21.15.5:6789/0] conn(0x7f043c106720 0x7f043c19a330 unknown :-1 s=NONE pgs=0 cs=0 l=1 rev1=0 crypto rx=0 tx=0 comp rx=0 tx=0).connect
2023-10-05T15:09:45.740 INFO:teuthology.orchestra.run.smithi005.stdout:/usr/bin/ceph: stderr
2023-10-05T15:09:44.886+0000 7f0441a29700 1 -- --> [v2:172.21.15.5:3300/0,v1:172.21.15.5:6789/0] -- mon_getmap magic: 0 v1 -- 0x7f043c19a870 con 0x7f043c106720
2023-10-05T15:09:45.740 INFO:teuthology.orchestra.run.smithi005.stdout:/usr/bin/ceph: stderr
2023-10-05T15:09:44.886+0000 7f043affd700 1 --2- >> [v2:172.21.15.5:3300/0,v1:172.21.15.5:6789/0] conn(0x7f043c106720 0x7f043c19a330 unknown :-1 s=BANNER_CONNECTING pgs=0 cs=0 l=1 rev1=0 crypto rx=0 tx=0 comp rx=0 tx=0)._handle_peer_banner_payload supported=3 required=0
2023-10-05T15:09:45.740 INFO:teuthology.orchestra.run.smithi005.stdout:/usr/bin/ceph: stderr
