2023-10-05T15:14:21.391+0000 7fb164ff9700 1 -- 172.21.15.29:0/3206349202 <== mon.0 v2:172.21.15.29:3300/0 3 ==== mon_map magic: 0 v1 ==== 205+0+0 (secure 0 0 0) 0x7fb15801a670 con 0x7fb1681050a0
2023-10-05T15:14:22.244 INFO:teuthology.orchestra.run.smithi029.stdout:/usr/bin/ceph: stderr
2023-10-05T15:14:21.391+0000 7fb16ddd2700 1 -- 172.21.15.29:0/3206349202 --> [v2:172.21.15.29:3300/0,v1:172.21.15.29:6789/0] -- mon_subscribe({osdmap=0}) v3 -- 0x7fb16819d190 con 0x7fb1681050a0
2023-10-05T15:14:22.244 INFO:teuthology.orchestra.run.smithi029.stdout:/usr/bin/ceph: stderr
2023-10-05T15:14:21.392+0000 7fb164ff9700 1 -- 172.21.15.29:0/3206349202 <== mon.0 v2:172.21.15.29:3300/0 4 ==== mgrmap(e 9) v1 ==== 45592+0+0 (secure 0 0 0) 0x7fb15801a930 con 0x7fb1681050a0
2023-10-05T15:14:22.244 INFO:teuthology.orchestra.run.smithi029.stdout:/usr/bin/ceph: stderr
2023-10-05T15:14:21.393+0000 7fb164ff9700 1 --2- 172.21.15.29:0/3206349202 >> [v2:172.21.15.29:6800/1149063850,v1:172.21.15.29:6801/1149063850] conn(0x7fb154038870 0x7fb15403ad30 unknown :-1 s=NONE pgs=0 cs=0 l=1 rev1=0 crypto rx=0 tx=0 comp rx=0 tx=0).connect
2023-10-05T15:14:22.244 INFO:teuthology.orchestra.run.smithi029.stdout:/usr/bin/ceph: stderr
2023-10-05T15:14:21.393+0000 7fb164ff9700 1 -- 172.21.15.29:0/3206349202 <== mon.0 v2:172.21.15.29:3300/0 5 ==== osd_map(2..2 src has 1..2) v4 ==== 940+0+0 (secure 0 0 0) 0x7fb158024a00 con 0x7fb1681050a0
2023-10-05T15:14:22.244 INFO:teuthology.orchestra.run.smithi029.stdout:/usr/bin/ceph: stderr
2023-10-05T15:14:21.393+0000 7fb166ffd700 1 -- 172.21.15.29:0/3206349202 >> [v2:172.21.15.29:6800/1149063850,v1:172.21.15.29:6801/1149063850] conn(0x7fb154038870 msgr2=0x7fb15403ad30 unknown :-1 s=STATE_CONNECTING_RE l=1).process reconnect failed to v2:172.21.15.29:6800/1149063850
2023-10-05T15:14:22.244 INFO:teuthology.orchestra.run.smithi029.stdout:/usr/bin/ceph: stderr
2023-10-05T15:14:21.393+0000 7fb166ffd700 1 --2- 172.21.15.29:0/3206349202 >> [v2:172.21.15.29:6800/1149063850,v1:172.21.15.29:6801/1149063850] conn(0x7fb154038870 0x7fb15403ad30 unknown :-1 s=START_CONNECT pgs=0 cs=0 l=1 rev1=0 crypto rx=0 tx=0 comp rx=0 tx=0)._fault waiting 0.200000
2023-10-05T15:14:22.245 INFO:teuthology.orchestra.run.smithi029.stdout:/usr/bin/ceph: stderr
2023-10-05T15:14:21.393+0000 7fb16ddd2700 1 -- 172.21.15.29:0/3206349202 --> [v2:172.21.15.29:3300/0,v1:172.21.15.29:6789/0] -- mon_command({"prefix": "get_command_descriptions"} v 0) v1 -- 0x7fb168195f10 con 0x7fb1681050a0
2023-10-05T15:14:22.245 INFO:teuthology.orchestra.run.smithi029.stdout:/usr/bin/ceph: stderr
2023-10-05T15:14:21.402+0000 7fb164ff9700 1 -- 172.21.15.29:0/3206349202 <== mon.0 v2:172.21.15.29:3300/0 6 ==== mon_command_ack([{"prefix": "get_command_descriptions"}]=0 v0) v1 ==== 72+0+180459 (secure 0 0 0) 0x7fb158048080 con 0x7fb1681050a0
2023-10-05T15:14:22.245 INFO:teuthology.orchestra.run.smithi029.stdout:/usr/bin/ceph: stderr
2023-10-05T15:14:21.594+0000 7fb166ffd700 1 -- 172.21.15.29:0/3206349202 >> [v2:172.21.15.29:6800/1149063850,v1:172.21.15.29:6801/1149063850] conn(0x7fb154038870 msgr2=0x7fb15403ad30 unknown :-1 s=STATE_CONNECTING_RE l=1).process reconnect failed to v2:172.21.15.29:6800/1149063850
2023-10-05T15:14:22.245 INFO:teuthology.orchestra.run.smithi029.stdout:/usr/bin/ceph: stderr
2023-10-05T15:14:21.594+0000 7fb166ffd700 1 --2- 172.21.15.29:0/3206349202 >> [v2:172.21.15.29:6800/1149063850,v1:172.21.15.29:6801/1149063850] conn(0x7fb154038870 0x7fb15403ad30 unknown :-1 s=START_CONNECT pgs=0 cs=0 l=1 rev1=0 crypto rx=0 tx=0 comp rx=0 tx=0)._fault waiting 0.400000
2023-10-05T15:14:22.245 INFO:teuthology.orchestra.run.smithi029.stdout:/usr/bin/ceph: stderr
2023-10-05T15:14:21.879+0000 7fb16ddd2700 1 -- 172.21.15.29:0/3206349202 --> [v2:172.21.15.29:3300/0,v1:172.21.15.29:6789/0] -- mon_command({"prefix": "mgr stat"} v 0) v1 -- 0x7fb1681068b0 con 0x7fb1681050a0
2023-10-05T15:14:22.245 INFO:teuthology.orchestra.run.smithi029.stdout:/usr/bin/ceph: stderr
2023-10-05T15:14:21.880+0000 7fb164ff9700 1 -- 172.21.15.29:0/3206349202 <== mon.0 v2:172.21.15.29:3300/0 7 ==== mon_command_ack([{"prefix": "mgr stat"}]=0 v9) v1 ==== 56+0+88 (secure 0 0 0) 0x7fb15801ac30 con 0x7fb1681050a0
2023-10-05T15:14:22.245 INFO:teuthology.orchestra.run.smithi029.stdout:/usr/bin/ceph: stderr
2023-10-05T15:14:21.882+0000 7fb16ddd2700 1 -- 172.21.15.29:0/3206349202 >> [v2:172.21.15.29:6800/1149063850,v1:172.21.15.29:6801/1149063850] conn(0x7fb154038870 msgr2=0x7fb15403ad30 unknown :-1 s=STATE_CONNECTING l=1).mark_down
2023-10-05T15:14:22.245 INFO:teuthology.orchestra.run.smithi029.stdout:/usr/bin/ceph: stderr
2023-10-05T15:14:21.882+0000 7fb16ddd2700 1 --2- 172.21.15.29:0/3206349202 >> [v2:172.21.15.29:6800/1149063850,v1:172.21.15.29:6801/1149063850] conn(0x7fb154038870 0x7fb15403ad30 unknown :-1 s=START_CONNECT pgs=0 cs=0 l=1 rev1=0 crypto rx=0 tx=0 comp rx=0 tx=0).stop
2023-10-05T15:14:22.245 INFO:teuthology.orchestra.run.smithi029.stdout:/usr/bin/ceph: stderr
2023-10-05T15:14:21.882+0000 7fb16ddd2700 1 -- 172.21.15.29:0/3206349202 >> [v2:172.21.15.29:3300/0,v1:172.21.15.29:6789/0] conn(0x7fb1681050a0 msgr2=0x7fb16819c630 secure :-1 s=STATE_CONNECTION_ESTABLISHED l=1).mark_down
2023-10-05T15:14:22.245 INFO:teuthology.orchestra.run.smithi029.stdout:/usr/bin/ceph: stderr
2023-10-05T15:14:21.882+0000 7fb16ddd2700 1 --2- 172.21.15.29:0/3206349202 >> [v2:172.21.15.29:3300/0,v1:172.21.15.29:6789/0] conn(0x7fb1681050a0 0x7fb16819c630 secure :-1 s=READY pgs=58 cs=0 l=1 rev1=1 crypto rx=0x7fb158011980 tx=0x7fb158011a60 comp rx=0 tx=0).stop
2023-10-05T15:14:22.245 INFO:teuthology.orchestra.run.smithi029.stdout:/usr/bin/ceph: stderr
2023-10-05T15:14:21.882+0000 7fb16ddd2700 1 -- 172.21.15.29:0/3206349202 shutdown_connections
2023-10-05T15:14:22.246 INFO:teuthology.orchestra.run.smithi029.stdout:/usr/bin/ceph: stderr
2023-10-05T15:14:21.882+0000 7fb16ddd2700 1 --2- 172.21.15.29:0/3206349202 >> [v2:172.21.15.29:6800/1149063850,v1:172.21.15.29:6801/1149063850] conn(0x7fb154038870 0x7fb15403ad30 unknown :-1 s=CLOSED pgs=0 cs=0 l=1 rev1=0 crypto rx=0 tx=0 comp rx=0 tx=0).stop
2023-10-05T15:14:22.246 INFO:teuthology.orchestra.run.smithi029.stdout:/usr/bin/ceph: stderr
2023-10-05T15:14:21.882+0000 7fb16ddd2700 1 --2- 172.21.15.29:0/3206349202 >> [v2:172.21.15.29:3300/0,v1:172.21.15.29:6789/0] conn(0x7fb1681050a0 0x7fb16819c630 unknown :-1 s=CLOSED pgs=58 cs=0 l=1 rev1=1 crypto rx=0 tx=0 comp rx=0 tx=0).stop
2023-10-05T15:14:22.246 INFO:teuthology.orchestra.run.smithi029.stdout:/usr/bin/ceph: stderr
2023-10-05T15:14:21.882+0000 7fb16ddd2700 1 -- 172.21.15.29:0/3206349202 >> 172.21.15.29:0/3206349202 conn(0x7fb168100ca0 msgr2=0x7fb168190c60 unknown :-1 s=STATE_NONE l=0).mark_down
2023-10-05T15:14:22.246 INFO:teuthology.orchestra.run.smithi029.stdout:/usr/bin/ceph: stderr
2023-10-05T15:14:21.882+0000 7fb16ddd2700 1 -- 172.21.15.29:0/3206349202 shutdown_connections
2023-10-05T15:14:22.246 INFO:teuthology.orchestra.run.smithi029.stdout:/usr/bin/ceph: stderr
2023-10-05T15:14:21.882+0000 7fb16ddd2700 1 -- 172.21.15.29:0/3206349202 wait complete.
2023-10-05T15:14:22.246 INFO:teuthology.orchestra.run.smithi029.stdout:Waiting for the mgr to restart...
2023-10-05T15:14:22.246 INFO:teuthology.orchestra.run.smithi029.stdout:Waiting for mgr epoch 9...
2023-10-05T15:14:22.610 INFO:journalctl@ceph.mon.a.smithi029.stdout:Oct 05 15:14:22 smithi029 ceph-mon[99237]: from='client.? 172.21.15.29:0/3206349202' entity='client.admin' cmd=[{"prefix": "mgr stat"}]: dispatch
2023-10-05T15:14:22.611 INFO:journalctl@ceph.mgr.x.smithi029.stdout:Oct 05 15:14:22 smithi029 ceph-9dac5b3e-6391-11ee-8db5-212e2dc638e7-mgr-x[99481]:
2023-10-05T15:14:22.487+0000 7fa4de85d200 -1 mgr[py] Module progress has missing NOTIFY_TYPES member
2023-10-05T15:14:23.607 INFO:journalctl@ceph.mgr.x.smithi029.stdout:Oct 05 15:14:23 smithi029 ceph-9dac5b3e-6391-11ee-8db5-212e2dc638e7-mgr-x[99481]:
2023-10-05T15:14:23.282+0000 7fa4de85d200 -1 mgr[py] Module rook has missing NOTIFY_TYPES member
2023-10-05T15:14:23.607 INFO:journalctl@ceph.mgr.x.smithi029.stdout:Oct 05 15:14:23 smithi029 ceph-9dac5b3e-6391-11ee-8db5-212e2dc638e7-mgr-x[99481]:
2023-10-05T15:14:23.382+0000 7fa4de85d200 -1 mgr[py] Module iostat has missing NOTIFY_TYPES member
2023-10-05T15:14:24.704 INFO:journalctl@ceph.mgr.x.smithi029.stdout:Oct 05 15:14:24 smithi029 ceph-9dac5b3e-6391-11ee-8db5-212e2dc638e7-mgr-x[99481]:
2023-10-05T15:14:24.365+0000 7fa4de85d200 -1 mgr[py] Module test_orchestrator has missing NOTIFY_TYPES member
2023-10-05T15:14:24.704 INFO:journalctl@ceph.mgr.x.smithi029.stdout:Oct 05 15:14:24 smithi029 ceph-9dac5b3e-6391-11ee-8db5-212e2dc638e7-mgr-x[99481]:
2023-10-05T15:14:24.478+0000 7fa4de85d200 -1 mgr[py] Module osd_perf_query has missing NOTIFY_TYPES member
2023-10-05T15:14:24.705 INFO:journalctl@ceph.mgr.x.smithi029.stdout:Oct 05 15:14:24 smithi029 ceph-9dac5b3e-6391-11ee-8db5-212e2dc638e7-mgr-x[99481]:
2023-10-05T15:14:24.702+0000 7fa4de85d200 -1 mgr[py] Module orchestrator has missing NOTIFY_TYPES member
2023-10-05T15:14:25.314 INFO:journalctl@ceph.mgr.x.smithi029.stdout:Oct 05 15:14:25 smithi029 ceph-9dac5b3e-6391-11ee-8db5-212e2dc638e7-mgr-x[99481]:
2023-10-05T15:14:25.058+0000 7fa4de85d200 -1 mgr[py] Module rgw has missing NOTIFY_TYPES member
2023-10-05T15:14:25.607 INFO:journalctl@ceph.mgr.x.smithi029.stdout:Oct 05 15:14:25 smithi029 ceph-9dac5b3e-6391-11ee-8db5-212e2dc638e7-mgr-x[99481]:
2023-10-05T15:14:25.312+0000 7fa4de85d200 -1 mgr[py] Module influx has missing NOTIFY_TYPES member
2023-10-05T15:14:25.607 INFO:journalctl@ceph.mgr.x.smithi029.stdout:Oct 05 15:14:25 smithi029 ceph-9dac5b3e-6391-11ee-8db5-212e2dc638e7-mgr-x[99481]:
2023-10-05T15:14:25.497+0000 7fa4de85d200 -1 mgr[py] Module telemetry has missing NOTIFY_TYPES member
2023-10-05T15:14:26.107 INFO:journalctl@ceph.mgr.x.smithi029.stdout:Oct 05 15:14:25 smithi029 ceph-9dac5b3e-6391-11ee-8db5-212e2dc638e7-mgr-x[99481]:
2023-10-05T15:14:25.831+0000 7fa4de85d200 -1 mgr[py] Module telegraf has missing NOTIFY_TYPES member
2023-10-05T15:14:27.077 INFO:journalctl@ceph.mgr.x.smithi029.stdout:Oct 05 15:14:26 smithi029 ceph-9dac5b3e-6391-11ee-8db5-212e2dc638e7-mgr-x[99481]:
2023-10-05T15:14:26.664+0000 7fa4de85d200 -1 mgr[py] Module balancer has missing NOTIFY_TYPES member
2023-10-05T15:14:27.077 INFO:journalctl@ceph.mgr.x.smithi029.stdout:Oct 05 15:14:26 smithi029 ceph-9dac5b3e-6391-11ee-8db5-212e2dc638e7-mgr-x[99481]:
2023-10-05T15:14:26.824+0000 7fa4de85d200 -1 mgr[py] Module diskprediction_local has missing NOTIFY_TYPES member
2023-10-05T15:14:27.357 INFO:journalctl@ceph.mgr.x.smithi029.stdout:Oct 05 15:14:27 smithi029 ceph-9dac5b3e-6391-11ee-8db5-212e2dc638e7-mgr-x[99481]:
2023-10-05T15:14:27.075+0000 7fa4de85d200 -1 mgr[py] Module nfs has missing NOTIFY_TYPES member
2023-10-05T15:14:27.357 INFO:journalctl@ceph.mgr.x.smithi029.stdout:Oct 05 15:14:27 smithi029 ceph-9dac5b3e-6391-11ee-8db5-212e2dc638e7-mgr-x[99481]:
2023-10-05T15:14:27.213+0000 7fa4de85d200 -1 mgr[py] Module rbd_support has missing NOTIFY_TYPES member
2023-10-05T15:14:27.857 INFO:journalctl@ceph.mgr.x.smithi029.stdout:Oct 05 15:14:27 smithi029 ceph-9dac5b3e-6391-11ee-8db5-212e2dc638e7-mgr-x[99481]:
2023-10-05T15:14:27.492+0000 7fa4de85d200 -1 mgr[py] Module volumes has missing NOTIFY_TYPES member
2023-10-05T15:14:28.857 INFO:journalctl@ceph.mgr.x.smithi029.stdout:Oct 05 15:14:28 smithi029 ceph-9dac5b3e-6391-11ee-8db5-212e2dc638e7-mgr-x[99481]:
2023-10-05T15:14:28.552+0000 7fa4de85d200 -1 mgr[py] Module pg_autoscaler has missing NOTIFY_TYPES member
2023-10-05T15:14:28.857 INFO:journalctl@ceph.mon.a.smithi029.stdout:Oct 05 15:14:28 smithi029 ceph-mon[99237]: Active manager daemon x restarted
2023-10-05T15:14:28.857 INFO:journalctl@ceph.mon.a.smithi029.stdout:Oct 05 15:14:28 smithi029 ceph-mon[99237]: Activating manager daemon x
2023-10-05T15:14:28.857 INFO:journalctl@ceph.mon.a.smithi029.stdout:Oct 05 15:14:28 smithi029 ceph-mon[99237]: osdmap e3: 0 total, 0 up, 0 in
2023-10-05T15:14:28.857 INFO:journalctl@ceph.mon.a.smithi029.stdout:Oct 05 15:14:28 smithi029 ceph-mon[99237]: mgrmap e10: x(active, starting, since 0.00327148s)
2023-10-05T15:14:28.857 INFO:journalctl@ceph.mon.a.smithi029.stdout:Oct 05 15:14:28 smithi029 ceph-mon[99237]: from='mgr.14150 172.21.15.29:0/2551655341' entity='mgr.x' cmd=[{"prefix": "mon metadata", "id": "a"}]: dispatch
2023-10-05T15:14:28.858 INFO:journalctl@ceph.mon.a.smithi029.stdout:Oct 05 15:14:28 smithi029 ceph-mon[99237]: from='mgr.14150 172.21.15.29:0/2551655341' entity='mgr.x' cmd=[{"prefix": "mgr metadata", "who": "x", "id": "x"}]: dispatch
2023-10-05T15:14:28.858 INFO:journalctl@ceph.mon.a.smithi029.stdout:Oct 05 15:14:28 smithi029 ceph-mon[99237]: from='mgr.14150 172.21.15.29:0/2551655341' entity='mgr.x' cmd=[{"prefix": "mds metadata"}]: dispatch
2023-10-05T15:14:28.858 INFO:journalctl@ceph.mon.a.smithi029.stdout:Oct 05 15:14:28 smithi029 ceph-mon[99237]: from='mgr.14150 172.21.15.29:0/2551655341' entity='mgr.x' cmd=[{"prefix": "osd metadata"}]: dispatch
2023-10-05T15:14:28.858 INFO:journalctl@ceph.mon.a.smithi029.stdout:Oct 05 15:14:28 smithi029 ceph-mon[99237]: from='mgr.14150 172.21.15.29:0/2551655341' entity='mgr.x' cmd=[{"prefix": "mon metadata"}]: dispatch
2023-10-05T15:14:28.858 INFO:journalctl@ceph.mon.a.smithi029.stdout:Oct 05 15:14:28 smithi029 ceph-mon[99237]: Manager daemon x is now available
2023-10-05T15:14:28.858 INFO:journalctl@ceph.mon.a.smithi029.stdout:Oct 05 15:14:28 smithi029 ceph-mon[99237]: from='mgr.14150 172.21.15.29:0/2551655341' entity='mgr.x' cmd=[{"prefix": "config dump", "format": "json"}]: dispatch
2023-10-05T15:14:28.858 INFO:journalctl@ceph.mon.a.smithi029.stdout:Oct 05 15:14:28 smithi029 ceph-mon[99237]: from='mgr.14150 172.21.15.29:0/2551655341' entity='mgr.x' cmd=[{"prefix": "config dump", "format": "json"}]: dispatch
2023-10-05T15:14:29.885 INFO:journalctl@ceph.mon.a.smithi029.stdout:Oct 05 15:14:29 smithi029 ceph-mon[99237]: from='mgr.14150 172.21.15.29:0/2551655341' entity='mgr.x' cmd=[{"prefix":"config rm","who":"mgr","name":"mgr/rbd_support/x/mirror_snapshot_schedule"}]: dispatch
2023-10-05T15:14:29.885 INFO:journalctl@ceph.mon.a.smithi029.stdout:Oct 05 15:14:29 smithi029 ceph-mon[99237]: from='mgr.14150 172.21.15.29:0/2551655341' entity='mgr.x' cmd=[{"prefix":"config rm","who":"mgr","name":"mgr/rbd_support/x/trash_purge_schedule"}]: dispatch
2023-10-05T15:14:29.885 INFO:journalctl@ceph.mon.a.smithi029.stdout:Oct 05 15:14:29 smithi029 ceph-mon[99237]: [05/Oct/2023:15:14:29] ENGINE Bus STARTING
2023-10-05T15:14:29.885 INFO:journalctl@ceph.mon.a.smithi029.stdout:Oct 05 15:14:29 smithi029 ceph-mon[99237]: mgrmap e11: x(active, since 1.00563s)
2023-10-05T15:14:29.909 INFO:teuthology.orchestra.run.smithi029.stdout:/usr/bin/ceph: stdout {
2023-10-05T15:14:29.910 INFO:teuthology.orchestra.run.smithi029.stdout:/usr/bin/ceph: stdout "mgrmap_epoch": 11,
2023-10-05T15:14:29.910 INFO:teuthology.orchestra.run.smithi029.stdout:/usr/bin/ceph: stdout "initialized": true
2023-10-05T15:14:29.910 INFO:teuthology.orchestra.run.smithi029.stdout:/usr/bin/ceph: stdout }
2023-10-05T15:14:29.910 INFO:teuthology.orchestra.run.smithi029.stdout:/usr/bin/ceph: stderr
2023-10-05T15:14:22.716+0000 7fb132816700 1 Processor -- start
2023-10-05T15:14:29.910 INFO:teuthology.orchestra.run.smithi029.stdout:/usr/bin/ceph: stderr
2023-10-05T15:14:22.716+0000 7fb132816700 1 -- start start
2023-10-05T15:14:29.910 INFO:teuthology.orchestra.run.smithi029.stdout:/usr/bin/ceph: stderr
2023-10-05T15:14:22.716+0000 7fb132816700 1 --2- >> [v2:172.21.15.29:3300/0,v1:172.21.15.29:6789/0] conn(0x7fb12c1072f0 0x7fb12c1096e0 unknown :-1 s=NONE pgs=0 cs=0 l=0 rev1=0 crypto rx=0 tx=0 comp rx=0 tx=0).connect
2023-10-05T15:14:29.910 INFO:teuthology.orchestra.run.smithi029.stdout:/usr/bin/ceph: stderr
2023-10-05T15:14:22.716+0000 7fb132816700 1 -- --> [v2:172.21.15.29:3300/0,v1:172.21.15.29:6789/0] -- mon_getmap magic: 0 v1 -- 0x7fb12c079e10 con 0x7fb12c1072f0
2023-10-05T15:14:29.910 INFO:teuthology.orchestra.run.smithi029.stdout:/usr/bin/ceph: stderr
2023-10-05T15:14:22.717+0000 7fb12bfff700 1 --2- >> [v2:172.21.15.29:3300/0,v1:172.21.15.29:6789/0] conn(0x7fb12c1072f0 0x7fb12c1096e0 unknown :-1 s=BANNER_CONNECTING pgs=0 cs=0 l=0 rev1=0 crypto rx=0 tx=0 comp rx=0 tx=0)._handle_peer_banner_payload supported=3 required=0
2023-10-05T15:14:29.910 INFO:teuthology.orchestra.run.smithi029.stdout:/usr/bin/ceph: stderr
2023-10-05T15:14:22.717+0000 7fb12bfff700 1 --2- >> [v2:172.21.15.29:3300/0,v1:172.21.15.29:6789/0] conn(0x7fb12c1072f0 0x7fb12c1096e0 unknown :-1 s=HELLO_CONNECTING pgs=0 cs=0 l=0 rev1=1 crypto rx=0 tx=0 comp rx=0 tx=0).handle_hello peer v2:172.21.15.29:3300/0 says I am v2:172.21.15.29:43946/0 (socket says 172.21.15.29:43946)
2023-10-05T15:14:29.911 INFO:teuthology.orchestra.run.smithi029.stdout:/usr/bin/ceph: stderr
2023-10-05T15:14:22.717+0000 7fb12bfff700 1 -- 172.21.15.29:0/841393642 learned_addr learned my addr 172.21.15.29:0/841393642 (peer_addr_for_me v2:172.21.15.29:0/0)
2023-10-05T15:14:29.911 INFO:teuthology.orchestra.run.smithi029.stdout:/usr/bin/ceph: stderr
2023-10-05T15:14:22.717+0000 7fb12bfff700 1 -- 172.21.15.29:0/841393642 --> [v2:172.21.15.29:3300/0,v1:172.21.15.29:6789/0] -- mon_subscribe({config=0+,monmap=0+}) v3 -- 0x7fb12c079f50 con 0x7fb12c1072f0
2023-10-05T15:14:29.911 INFO:teuthology.orchestra.run.smithi029.stdout:/usr/bin/ceph: stderr
2023-10-05T15:14:22.717+0000 7fb12bfff700 1 --2- 172.21.15.29:0/841393642 >> [v2:172.21.15.29:3300/0,v1:172.21.15.29:6789/0] conn(0x7fb12c1072f0 0x7fb12c1096e0 secure :-1 s=READY pgs=59 cs=0 l=1 rev1=1 crypto rx=0x7fb11c0098a0 tx=0x7fb11c009bb0 comp rx=0 tx=0).ready entity=mon.0 client_cookie=fab0b626e44e6f8e server_cookie=0 in_seq=0 out_seq=0
2023-10-05T15:14:29.911 INFO:teuthology.orchestra.run.smithi029.stdout:/usr/bin/ceph: stderr
2023-10-05T15:14:22.717+0000 7fb12affd700 1 -- 172.21.15.29:0/841393642 <== mon.0 v2:172.21.15.29:3300/0 1 ==== mon_map magic: 0 v1 ==== 205+0+0 (secure 0 0 0) 0x7fb11c004160 con 0x7fb12c1072f0
2023-10-05T15:14:29.911 INFO:teuthology.orchestra.run.smithi029.stdout:/usr/bin/ceph: stderr
2023-10-05T15:14:22.717+0000 7fb12affd700 1 -- 172.21.15.29:0/841393642 <== mon.0 v2:172.21.15.29:3300/0 2 ==== config(26 keys) v1 ==== 1105+0+0 (secure 0 0 0) 0x7fb11c0042c0 con 0x7fb12c1072f0
2023-10-05T15:14:29.911 INFO:teuthology.orchestra.run.smithi029.stdout:/usr/bin/ceph: stderr
2023-10-05T15:14:22.717+0000 7fb12affd700 1 -- 172.21.15.29:0/841393642 <== mon.0 v2:172.21.15.29:3300/0 3 ==== mon_map magic: 0 v1 ==== 205+0+0 (secure 0 0 0) 0x7fb11c0119b0 con 0x7fb12c1072f0
2023-10-05T15:14:29.911 INFO:teuthology.orchestra.run.smithi029.stdout:/usr/bin/ceph: stderr
2023-10-05T15:14:22.718+0000 7fb132816700 1 -- 172.21.15.29:0/841393642 >> [v2:172.21.15.29:3300/0,v1:172.21.15.29:6789/0] conn(0x7fb12c1072f0 msgr2=0x7fb12c1096e0 secure :-1 s=STATE_CONNECTION_ESTABLISHED l=1).mark_down
2023-10-05T15:14:29.912 INFO:teuthology.orchestra.run.smithi029.stdout:/usr/bin/ceph: stderr
2023-10-05T15:14:22.718+0000 7fb132816700 1 --2- 172.21.15.29:0/841393642 >> [v2:172.21.15.29:3300/0,v1:172.21.15.29:6789/0] conn(0x7fb12c1072f0 0x7fb12c1096e0 secure :-1 s=READY pgs=59 cs=0 l=1 rev1=1 crypto rx=0x7fb11c0098a0 tx=0x7fb11c009bb0 comp rx=0 tx=0).stop
2023-10-05T15:14:29.912 INFO:teuthology.orchestra.run.smithi029.stdout:/usr/bin/ceph: stderr
2023-10-05T15:14:22.718+0000 7fb132816700 1 -- 172.21.15.29:0/841393642 shutdown_connections
2023-10-05T15:14:29.912 INFO:teuthology.orchestra.run.smithi029.stdout:/usr/bin/ceph: stderr
2023-10-05T15:14:22.718+0000 7fb132816700 1 --2- 172.21.15.29:0/841393642 >> [v2:172.21.15.29:3300/0,v1:172.21.15.29:6789/0] conn(0x7fb12c1072f0 0x7fb12c1096e0 unknown :-1 s=CLOSED pgs=59 cs=0 l=1 rev1=1 crypto rx=0 tx=0 comp rx=0 tx=0).stop
2023-10-05T15:14:29.912 INFO:teuthology.orchestra.run.smithi029.stdout:/usr/bin/ceph: stderr
2023-10-05T15:14:22.718+0000 7fb132816700 1 -- 172.21.15.29:0/841393642 >> 172.21.15.29:0/841393642 conn(0x7fb12c100ca0 msgr2=0x7fb12c1030c0 unknown :-1 s=STATE_NONE l=0).mark_down
2023-10-05T15:14:29.912 INFO:teuthology.orchestra.run.smithi029.stdout:/usr/bin/ceph: stderr
2023-10-05T15:14:22.718+0000 7fb132816700 1 -- 172.21.15.29:0/841393642 shutdown_connections
2023-10-05T15:14:29.912 INFO:teuthology.orchestra.run.smithi029.stdout:/usr/bin/ceph: stderr
2023-10-05T15:14:22.718+0000 7fb132816700 1 -- 172.21.15.29:0/841393642 wait complete.
2023-10-05T15:14:29.912 INFO:teuthology.orchestra.run.smithi029.stdout:/usr/bin/ceph: stderr
2023-10-05T15:14:22.719+0000 7fb132816700 1 Processor -- start
2023-10-05T15:14:29.912 INFO:teuthology.orchestra.run.smithi029.stdout:/usr/bin/ceph: stderr
2023-10-05T15:14:22.719+0000 7fb132816700 1 -- start start
2023-10-05T15:14:29.912 INFO:teuthology.orchestra.run.smithi029.stdout:/usr/bin/ceph: stderr
2023-10-05T15:14:22.719+0000 7fb132816700 1 --2- >> [v2:172.21.15.29:3300/0,v1:172.21.15.29:6789/0] conn(0x7fb12c1072f0 0x7fb12c106c50 unknown :-1 s=NONE pgs=0 cs=0 l=1 rev1=0 crypto rx=0 tx=0 comp rx=0 tx=0).connect
2023-10-05T15:14:29.912 INFO:teuthology.orchestra.run.smithi029.stdout:/usr/bin/ceph: stderr
2023-10-05T15:14:22.719+0000 7fb132816700 1 -- --> [v2:172.21.15.29:3300/0,v1:172.21.15.29:6789/0] -- mon_getmap magic: 0 v1 -- 0x7fb12c107190 con 0x7fb12c1072f0
2023-10-05T15:14:29.913 INFO:teuthology.orchestra.run.smithi029.stdout:/usr/bin/ceph: stderr
2023-10-05T15:14:22.719+0000 7fb12bfff700 1 --2- >> [v2:172.21.15.29:3300/0,v1:172.21.15.29:6789/0] conn(0x7fb12c1072f0 0x7fb12c106c50 unknown :-1 s=BANNER_CONNECTING pgs=0 cs=0 l=1 rev1=0 crypto rx=0 tx=0 comp rx=0 tx=0)._handle_peer_banner_payload supported=3 required=0
2023-10-05T15:14:29.913 INFO:teuthology.orchestra.run.smithi029.stdout:/usr/bin/ceph: stderr
2023-10-05T15:14:22.719+0000 7fb12bfff700 1 --2- >> [v2:172.21.15.29:3300/0,v1:172.21.15.29:6789/0] conn(0x7fb12c1072f0 0x7fb12c106c50 unknown :-1 s=HELLO_CONNECTING pgs=0 cs=0 l=1 rev1=1 crypto rx=0 tx=0 comp rx=0 tx=0).handle_hello peer v2:172.21.15.29:3300/0 says I am v2:172.21.15.29:43948/0 (socket says 172.21.15.29:43948)
2023-10-05T15:14:29.913 INFO:teuthology.orchestra.run.smithi029.stdout:/usr/bin/ceph: stderr
2023-10-05T15:14:22.719+0000 7fb12bfff700 1 -- 172.21.15.29:0/3006926407 learned_addr learned my addr 172.21.15.29:0/3006926407 (peer_addr_for_me v2:172.21.15.29:0/0)
2023-10-05T15:14:29.913 INFO:teuthology.orchestra.run.smithi029.stdout:/usr/bin/ceph: stderr
2023-10-05T15:14:22.720+0000 7fb12bfff700 1 -- 172.21.15.29:0/3006926407 --> [v2:172.21.15.29:3300/0,v1:172.21.15.29:6789/0] -- mon_subscribe({config=0+,monmap=0+}) v3 -- 0x7fb11c009550 con 0x7fb12c1072f0
2023-10-05T15:14:29.913 INFO:teuthology.orchestra.run.smithi029.stdout:/usr/bin/ceph: stderr
2023-10-05T15:14:22.720+0000 7fb12bfff700 1 --2- 172.21.15.29:0/3006926407 >> [v2:172.21.15.29:3300/0,v1:172.21.15.29:6789/0] conn(0x7fb12c1072f0 0x7fb12c106c50 secure :-1 s=READY pgs=60 cs=0 l=1 rev1=1 crypto rx=0x7fb11c003e60 tx=0x7fb11c011aa0 comp rx=0 tx=0).ready entity=mon.0 client_cookie=0 server_cookie=0 in_seq=0 out_seq=0
2023-10-05T15:14:29.913 INFO:teuthology.orchestra.run.smithi029.stdout:/usr/bin/ceph: stderr
2023-10-05T15:14:22.720+0000 7fb1297fa700 1 -- 172.21.15.29:0/3006926407 <== mon.0 v2:172.21.15.29:3300/0 1 ==== mon_map magic: 0 v1 ==== 205+0+0 (secure 0 0 0) 0x7fb11c003970 con 0x7fb12c1072f0
2023-10-05T15:14:29.913 INFO:teuthology.orchestra.run.smithi029.stdout:/usr/bin/ceph: stderr
2023-10-05T15:14:22.720+0000 7fb1297fa700 1 -- 172.21.15.29:0/3006926407 <== mon.0 v2:172.21.15.29:3300/0 2 ==== config(26 keys) v1 ==== 1105+0+0 (secure 0 0 0) 0x7fb11c003ad0 con 0x7fb12c1072f0
2023-10-05T15:14:29.913 INFO:teuthology.orchestra.run.smithi029.stdout:/usr/bin/ceph: stderr
2023-10-05T15:14:22.720+0000 7fb132816700 1 -- 172.21.15.29:0/3006926407 --> [v2:172.21.15.29:3300/0,v1:172.21.15.29:6789/0] -- mon_subscribe({mgrmap=0+}) v3 -- 0x7fb12c1052a0 con 0x7fb12c1072f0
2023-10-05T15:14:29.913 INFO:teuthology.orchestra.run.smithi029.stdout:/usr/bin/ceph: stderr
2023-10-05T15:14:22.720+0000 7fb1297fa700 1 -- 172.21.15.29:0/3006926407 <== mon.0 v2:172.21.15.29:3300/0 3 ==== mon_map magic: 0 v1 ==== 205+0+0 (secure 0 0 0) 0x7fb11c0195e0 con 0x7fb12c1072f0
2023-10-05T15:14:29.913 INFO:teuthology.orchestra.run.smithi029.stdout:/usr/bin/ceph: stderr
2023-10-05T15:14:22.720+0000 7fb132816700 1 -- 172.21.15.29:0/3006926407 --> [v2:172.21.15.29:3300/0,v1:172.21.15.29:6789/0] -- mon_subscribe({osdmap=0}) v3 -- 0x7fb12c1056c0 con 0x7fb12c1072f0
2023-10-05T15:14:29.914 INFO:teuthology.orchestra.run.smithi029.stdout:/usr/bin/ceph: stderr
2023-10-05T15:14:22.722+0000 7fb1297fa700 1 -- 172.21.15.29:0/3006926407 <== mon.0 v2:172.21.15.29:3300/0 4 ==== mgrmap(e 9) v1 ==== 45592+0+0 (secure 0 0 0) 0x7fb11c0198a0 con 0x7fb12c1072f0
2023-10-05T15:14:29.914 INFO:teuthology.orchestra.run.smithi029.stdout:/usr/bin/ceph: stderr
2023-10-05T15:14:22.722+0000 7fb1297fa700 1 --2- 172.21.15.29:0/3006926407 >> [v2:172.21.15.29:6800/1149063850,v1:172.21.15.29:6801/1149063850] conn(0x7fb114038820 0x7fb11403ace0 unknown :-1 s=NONE pgs=0 cs=0 l=1 rev1=0 crypto rx=0 tx=0 comp rx=0 tx=0).connect
2023-10-05T15:14:29.914 INFO:teuthology.orchestra.run.smithi029.stdout:/usr/bin/ceph: stderr
2023-10-05T15:14:22.722+0000 7fb1297fa700 1 -- 172.21.15.29:0/3006926407 --> [v2:172.21.15.29:6800/1149063850,v1:172.21.15.29:6801/1149063850] -- command(tid 0: {"prefix": "get_command_descriptions"}) v1 -- 0x7fb11403b3f0 con 0x7fb114038820
2023-10-05T15:14:29.914 INFO:teuthology.orchestra.run.smithi029.stdout:/usr/bin/ceph: stderr
2023-10-05T15:14:22.722+0000 7fb1297fa700 1 -- 172.21.15.29:0/3006926407 <== mon.0 v2:172.21.15.29:3300/0 5 ==== osd_map(2..2 src has 1..2) v4 ==== 940+0+0 (secure 0 0 0) 0x7fb11c04ca30 con 0x7fb12c1072f0
2023-10-05T15:14:29.914 INFO:teuthology.orchestra.run.smithi029.stdout:/usr/bin/ceph: stderr
2023-10-05T15:14:22.722+0000 7fb12b7fe700 1 -- 172.21.15.29:0/3006926407 >> [v2:172.21.15.29:6800/1149063850,v1:172.21.15.29:6801/1149063850] conn(0x7fb114038820 msgr2=0x7fb11403ace0 unknown :-1 s=STATE_CONNECTING_RE l=1).process reconnect failed to v2:172.21.15.29:6800/1149063850
2023-10-05T15:14:29.914 INFO:teuthology.orchestra.run.smithi029.stdout:/usr/bin/ceph: stderr
2023-10-05T15:14:22.722+0000 7fb12b7fe700 1 --2- 172.21.15.29:0/3006926407 >> [v2:172.21.15.29:6800/1149063850,v1:172.21.15.29:6801/1149063850] conn(0x7fb114038820 0x7fb11403ace0 unknown :-1 s=START_CONNECT pgs=0 cs=0 l=1 rev1=0 crypto rx=0 tx=0 comp rx=0 tx=0)._fault waiting 0.200000
2023-10-05T15:14:29.914 INFO:teuthology.orchestra.run.smithi029.stdout:/usr/bin/ceph: stderr
2023-10-05T15:14:22.923+0000 7fb12b7fe700 1 -- 172.21.15.29:0/3006926407 >> [v2:172.21.15.29:6800/1149063850,v1:172.21.15.29:6801/1149063850] conn(0x7fb114038820 msgr2=0x7fb11403ace0 unknown :-1 s=STATE_CONNECTING_RE l=1).process reconnect failed to v2:172.21.15.29:6800/1149063850
2023-10-05T15:14:29.914 INFO:teuthology.orchestra.run.smithi029.stdout:/usr/bin/ceph: stderr
2023-10-05T15:14:22.923+0000 7fb12b7fe700 1 --2- 172.21.15.29:0/3006926407 >> [v2:172.21.15.29:6800/1149063850,v1:172.21.15.29:6801/1149063850] conn(0x7fb114038820 0x7fb11403ace0 unknown :-1 s=START_CONNECT pgs=0 cs=0 l=1 rev1=0 crypto rx=0 tx=0 comp rx=0 tx=0)._fault waiting 0.400000
2023-10-05T15:14:29.914 INFO:teuthology.orchestra.run.smithi029.stdout:/usr/bin/ceph: stderr
2023-10-05T15:14:23.324+0000 7fb12b7fe700 1 -- 172.21.15.29:0/3006926407 >> [v2:172.21.15.29:6800/1149063850,v1:172.21.15.29:6801/1149063850] conn(0x7fb114038820 msgr2=0x7fb11403ace0 unknown :-1 s=STATE_CONNECTING_RE l=1).process reconnect failed to v2:172.21.15.29:6800/1149063850
2023-10-05T15:14:29.915 INFO:teuthology.orchestra.run.smithi029.stdout:/usr/bin/ceph: stderr
2023-10-05T15:14:23.324+0000 7fb12b7fe700 1 --2- 172.21.15.29:0/3006926407 >> [v2:172.21.15.29:6800/1149063850,v1:172.21.15.29:6801/1149063850] conn(0x7fb114038820 0x7fb11403ace0 unknown :-1 s=START_CONNECT pgs=0 cs=0 l=1 rev1=0 crypto rx=0 tx=0 comp rx=0 tx=0)._fault waiting 0.800000
2023-10-05T15:14:29.915 INFO:teuthology.orchestra.run.smithi029.stdout:/usr/bin/ceph: stderr
2023-10-05T15:14:24.125+0000 7fb12b7fe700 1 -- 172.21.15.29:0/3006926407 >> [v2:172.21.15.29:6800/1149063850,v1:172.21.15.29:6801/1149063850] conn(0x7fb114038820 msgr2=0x7fb11403ace0 unknown :-1 s=STATE_CONNECTING_RE l=1).process reconnect failed to v2:172.21.15.29:6800/1149063850
2023-10-05T15:14:29.915 INFO:teuthology.orchestra.run.smithi029.stdout:/usr/bin/ceph: stderr
2023-10-05T15:14:24.125+0000 7fb12b7fe700 1 --2- 172.21.15.29:0/3006926407 >> [v2:172.21.15.29:6800/1149063850,v1:172.21.15.29:6801/1149063850] conn(0x7fb114038820 0x7fb11403ace0 unknown :-1 s=START_CONNECT pgs=0 cs=0 l=1 rev1=0 crypto rx=0 tx=0 comp rx=0 tx=0)._fault waiting 1.600000
2023-10-05T15:14:29.915 INFO:teuthology.orchestra.run.smithi029.stdout:/usr/bin/ceph: stderr
2023-10-05T15:14:25.726+0000 7fb12b7fe700 1 -- 172.21.15.29:0/3006926407 >> [v2:172.21.15.29:6800/1149063850,v1:172.21.15.29:6801/1149063850] conn(0x7fb114038820 msgr2=0x7fb11403ace0 unknown :-1 s=STATE_CONNECTING_RE l=1).process reconnect failed to v2:172.21.15.29:6800/1149063850
2023-10-05T15:14:29.915 INFO:teuthology.orchestra.run.smithi029.stdout:/usr/bin/ceph: stderr
2023-10-05T15:14:25.726+0000 7fb12b7fe700 1 --2- 172.21.15.29:0/3006926407 >> [v2:172.21.15.29:6800/1149063850,v1:172.21.15.29:6801/1149063850] conn(0x7fb114038820 0x7fb11403ace0 unknown :-1 s=START_CONNECT pgs=0 cs=0 l=1 rev1=0 crypto rx=0 tx=0 comp rx=0 tx=0)._fault waiting 3.200000
2023-10-05T15:14:29.915 INFO:teuthology.orchestra.run.smithi029.stdout:/usr/bin/ceph: stderr
2023-10-05T15:14:28.568+0000 7fb1297fa700 1 -- 172.21.15.29:0/3006926407 <== mon.0 v2:172.21.15.29:3300/0 6 ==== mgrmap(e 10) v1 ==== 45359+0+0 (secure 0 0 0) 0x7fb11c019ba0 con 0x7fb12c1072f0
2023-10-05T15:14:29.915 INFO:teuthology.orchestra.run.smithi029.stdout:/usr/bin/ceph: stderr
2023-10-05T15:14:28.568+0000 7fb1297fa700 1 -- 172.21.15.29:0/3006926407 >> [v2:172.21.15.29:6800/1149063850,v1:172.21.15.29:6801/1149063850] conn(0x7fb114038820 msgr2=0x7fb11403ace0 unknown :-1 s=STATE_CONNECTING l=1).mark_down
2023-10-05T15:14:29.915 INFO:teuthology.orchestra.run.smithi029.stdout:/usr/bin/ceph: stderr
2023-10-05T15:14:28.568+0000 7fb1297fa700 1 --2- 172.21.15.29:0/3006926407 >> [v2:172.21.15.29:6800/1149063850,v1:172.21.15.29:6801/1149063850] conn(0x7fb114038820 0x7fb11403ace0 unknown :-1 s=START_CONNECT pgs=0 cs=0 l=1 rev1=0 crypto rx=0 tx=0 comp rx=0 tx=0).stop
2023-10-05T15:14:29.915 INFO:teuthology.orchestra.run.smithi029.stdout:/usr/bin/ceph: stderr
2023-10-05T15:14:29.569+0000 7fb1297fa700 1 -- 172.21.15.29:0/3006926407 <== mon.0 v2:172.21.15.29:3300/0 7 ==== mgrmap(e 11) v1 ==== 45486+0+0 (secure 0 0 0) 0x7fb11c04e300 con 0x7fb12c1072f0
2023-10-05T15:14:29.915 INFO:teuthology.orchestra.run.smithi029.stdout:/usr/bin/ceph: stderr
2023-10-05T15:14:29.569+0000 7fb1297fa700 1 --2- 172.21.15.29:0/3006926407 >> [v2:172.21.15.29:6800/3390071130,v1:172.21.15.29:6801/3390071130] conn(0x7fb11403c160 0x7fb11403e550 unknown :-1 s=NONE pgs=0 cs=0 l=1 rev1=0 crypto rx=0 tx=0 comp rx=0 tx=0).connect
2023-10-05T15:14:29.916 INFO:teuthology.orchestra.run.smithi029.stdout:/usr/bin/ceph: stderr
2023-10-05T15:14:29.569+0000 7fb1297fa700 1 -- 172.21.15.29:0/3006926407 --> [v2:172.21.15.29:6800/3390071130,v1:172.21.15.29:6801/3390071130] -- command(tid 0: {"prefix": "get_command_descriptions"}) v1 -- 0x7fb11403b3f0 con 0x7fb11403c160
2023-10-05T15:14:29.916 INFO:teuthology.orchestra.run.smithi029.stdout:/usr/bin/ceph: stderr
2023-10-05T15:14:29.570+0000 7fb12b7fe700 1 --2- 172.21.15.29:0/3006926407 >> [v2:172.21.15.29:6800/3390071130,v1:172.21.15.29:6801/3390071130] conn(0x7fb11403c160 0x7fb11403e550 unknown :-1 s=BANNER_CONNECTING pgs=0 cs=0 l=1 rev1=0 crypto rx=0 tx=0 comp rx=0 tx=0)._handle_peer_banner_payload supported=3 required=0
2023-10-05T15:14:29.916 INFO:teuthology.orchestra.run.smithi029.stdout:/usr/bin/ceph: stderr
2023-10-05T15:14:29.570+0000 7fb12b7fe700 1 --2- 172.21.15.29:0/3006926407 >> [v2:172.21.15.29:6800/3390071130,v1:172.21.15.29:6801/3390071130] conn(0x7fb11403c160 0x7fb11403e550 secure :-1 s=READY pgs=1 cs=0 l=1 rev1=1 crypto rx=0x7fb120003a10 tx=0x7fb1200092b0 comp rx=0 tx=0).ready entity=mgr.14150 client_cookie=0 server_cookie=0 in_seq=0 out_seq=0
2023-10-05T15:14:29.916 INFO:teuthology.orchestra.run.smithi029.stdout:/usr/bin/ceph: stderr
2023-10-05T15:14:29.571+0000 7fb1297fa700 1 -- 172.21.15.29:0/3006926407 <== mgr.14150 v2:172.21.15.29:6800/3390071130 1 ==== command_reply(tid 0: 0 ) v1 ==== 8+0+6910 (secure 0 0 0) 0x7fb11403b3f0 con 0x7fb11403c160
2023-10-05T15:14:29.916 INFO:teuthology.orchestra.run.smithi029.stdout:/usr/bin/ceph: stderr
2023-10-05T15:14:29.582+0000 7fb112ffd700 1 -- 172.21.15.29:0/3006926407 --> [v2:172.21.15.29:6800/3390071130,v1:172.21.15.29:6801/3390071130] -- command(tid 1: {"prefix": "mgr_status"}) v1 -- 0x7fb12c1067f0 con 0x7fb11403c160
2023-10-05T15:14:29.916 INFO:teuthology.orchestra.run.smithi029.stdout:/usr/bin/ceph: stderr
2023-10-05T15:14:29.582+0000 7fb1297fa700 1 -- 172.21.15.29:0/3006926407 <== mgr.14150 v2:172.21.15.29:6800/3390071130 2 ==== command_reply(tid 1: 0 ) v1 ==== 8+0+52 (secure 0 0 0) 0x7fb12c1067f0 con 0x7fb11403c160
2023-10-05T15:14:29.916 INFO:teuthology.orchestra.run.smithi029.stdout:/usr/bin/ceph: stderr
2023-10-05T15:14:29.583+0000 7fb112ffd700 1 -- 172.21.15.29:0/3006926407 >> [v2:172.21.15.29:6800/3390071130,v1:172.21.15.29:6801/3390071130] conn(0x7fb11403c160 msgr2=0x7fb11403e550 secure :-1 s=STATE_CONNECTION_ESTABLISHED l=1).mark_down
2023-10-05T15:14:29.916 INFO:teuthology.orchestra.run.smithi029.stdout:/usr/bin/ceph: stderr
2023-10-05T15:14:29.583+0000 7fb112ffd700 1 --2- 172.21.15.29:0/3006926407 >> [v2:172.21.15.29:6800/3390071130,v1:172.21.15.29:6801/3390071130] conn(0x7fb11403c160 0x7fb11403e550 secure :-1 s=READY pgs=1 cs=0 l=1 rev1=1 crypto rx=0x7fb120003a10 tx=0x7fb1200092b0 comp rx=0 tx=0).stop
2023-10-05T15:14:29.916 INFO:teuthology.orchestra.run.smithi029.stdout:/usr/bin/ceph: stderr
2023-10-05T15:14:29.583+0000 7fb112ffd700 1 -- 172.21.15.29:0/3006926407 >> [v2:172.21.15.29:3300/0,v1:172.21.15.29:6789/0] conn(0x7fb12c1072f0 msgr2=0x7fb12c106c50 secure :-1 s=STATE_CONNECTION_ESTABLISHED l=1).mark_down
2023-10-05T15:14:29.916 INFO:teuthology.orchestra.run.smithi029.stdout:/usr/bin/ceph: stderr
2023-10-05T15:14:29.583+0000 7fb112ffd700 1 --2- 172.21.15.29:0/3006926407 >> [v2:172.21.15.29:3300/0,v1:172.21.15.29:6789/0] conn(0x7fb12c1072f0 0x7fb12c106c50 secure :-1 s=READY pgs=60 cs=0 l=1 rev1=1 crypto rx=0x7fb11c003e60 tx=0x7fb11c011aa0 comp rx=0 tx=0).stop
2023-10-05T15:14:29.917 INFO:teuthology.orchestra.run.smithi029.stdout:/usr/bin/ceph: stderr
2023-10-05T15:14:29.583+0000 7fb112ffd700 1 -- 172.21.15.29:0/3006926407 shutdown_connections
2023-10-05T15:14:29.917 INFO:teuthology.orchestra.run.smithi029.stdout:/usr/bin/ceph: stderr
2023-10-05T15:14:29.583+0000 7fb112ffd700 1 --2- 172.21.15.29:0/3006926407 >> [v2:172.21.15.29:6800/3390071130,v1:172.21.15.29:6801/3390071130] conn(0x7fb11403c160 0x7fb11403e550 unknown :-1 s=CLOSED pgs=1 cs=0 l=1 rev1=1 crypto rx=0 tx=0 comp rx=0 tx=0).stop
2023-10-05T15:14:29.917 INFO:teuthology.orchestra.run.smithi029.stdout:/usr/bin/ceph: stderr
2023-10-05T15:14:29.583+0000 7fb112ffd700 1 --2- 172.21.15.29:0/3006926407 >> [v2:172.21.15.29:3300/0,v1:172.21.15.29:6789/0] conn(0x7fb12c1072f0 0x7fb12c106c50 unknown :-1 s=CLOSED pgs=60 cs=0 l=1 rev1=1 crypto rx=0 tx=0 comp rx=0 tx=0).stop
2023-10-05T15:14:29.917 INFO:teuthology.orchestra.run.smithi029.stdout:/usr/bin/ceph: stderr
2023-10-05T15:14:29.583+0000 7fb112ffd700 1 --2- 172.21.15.29:0/3006926407 >> [v2:172.21.15.29:6800/1149063850,v1:172.21.15.29:6801/1149063850] conn(0x7fb114038820 0x7fb11403ace0 unknown :-1 s=CLOSED pgs=0 cs=0 l=1 rev1=0 crypto rx=0 tx=0 comp rx=0 tx=0).stop
2023-10-05T15:14:29.917 INFO:teuthology.orchestra.run.smithi029.stdout:/usr/bin/ceph: stderr
2023-10-05T15:14:29.583+0000 7fb112ffd700 1 -- 172.21.15.29:0/3006926407 >> 172.21.15.29:0/3006926407 conn(0x7fb12c100ca0 msgr2=0x7fb12c101a40 unknown :-1 s=STATE_NONE l=0).mark_down
2023-10-05T15:14:29.917 INFO:teuthology.orchestra.run.smithi029.stdout:/usr/bin/ceph: stderr
2023-10-05T15:14:29.583+0000 7fb112ffd700 1 -- 172.21.15.29:0/3006926407 shutdown_connections
2023-10-05T15:14:29.917 INFO:teuthology.orchestra.run.smithi029.stdout:/usr/bin/ceph: stderr
2023-10-05T15:14:29.583+0000 7fb112ffd700 1 -- 172.21.15.29:0/3006926407 wait complete.
2023-10-05T15:14:29.917 INFO:teuthology.orchestra.run.smithi029.stdout:mgr epoch 9 is available
2023-10-05T15:14:29.917 INFO:teuthology.orchestra.run.smithi029.stdout:Generating a dashboard self-signed certificate...
2023-10-05T15:14:31.107 INFO:journalctl@ceph.mon.a.smithi029.stdout:Oct 05 15:14:30 smithi029 ceph-mon[99237]: [05/Oct/2023:15:14:29] ENGINE Serving on https://172.21.15.29:7150
2023-10-05T15:14:31.107 INFO:journalctl@ceph.mon.a.smithi029.stdout:Oct 05 15:14:30 smithi029 ceph-mon[99237]: [05/Oct/2023:15:14:29] ENGINE Serving on http://172.21.15.29:8765
2023-10-05T15:14:31.107 INFO:journalctl@ceph.mon.a.smithi029.stdout:Oct 05 15:14:30 smithi029 ceph-mon[99237]: [05/Oct/2023:15:14:29] ENGINE Bus STARTED
2023-10-05T15:14:31.107 INFO:journalctl@ceph.mon.a.smithi029.stdout:Oct 05 15:14:30 smithi029 ceph-mon[99237]: from='client.14154 -' entity='client.admin' cmd=[{"prefix": "get_command_descriptions"}]: dispatch
2023-10-05T15:14:31.107 INFO:journalctl@ceph.mon.a.smithi029.stdout:Oct 05 15:14:30 smithi029 ceph-mon[99237]: from='client.14154 -' entity='client.admin' cmd=[{"prefix": "mgr_status"}]: dispatch
2023-10-05T15:14:31.107 INFO:journalctl@ceph.mon.a.smithi029.stdout:Oct 05 15:14:30 smithi029 ceph-mon[99237]: from='mgr.14150 172.21.15.29:0/2551655341' entity='mgr.x'
2023-10-05T15:14:31.609 INFO:teuthology.orchestra.run.smithi029.stdout:/usr/bin/ceph: stdout Self-signed certificate created
2023-10-05T15:14:31.609 INFO:teuthology.orchestra.run.smithi029.stdout:/usr/bin/ceph: stderr
2023-10-05T15:14:30.586+0000 7fa52f0d4700 1 Processor -- start
2023-10-05T15:14:31.609 INFO:teuthology.orchestra.run.smithi029.stdout:/usr/bin/ceph: stderr
2023-10-05T15:14:30.586+0000 7fa52f0d4700 1 -- start start
2023-10-05T15:14:31.609 INFO:teuthology.orchestra.run.smithi029.stdout:/usr/bin/ceph: stderr
2023-10-05T15:14:30.586+0000 7fa52f0d4700 1 --2- >> [v2:172.21.15.29:3300/0,v1:172.21.15.29:6789/0] conn(0x7fa528107330 0x7fa528109720 unknown :-1 s=NONE pgs=0 cs=0 l=0 rev1=0 crypto rx=0 tx=0 comp rx=0 tx=0).connect
2023-10-05T15:14:31.609 INFO:teuthology.orchestra.run.smithi029.stdout:/usr/bin/ceph: stderr
2023-10-05T15:14:30.586+0000 7fa52f0d4700 1 -- --> [v2:172.21.15.29:3300/0,v1:172.21.15.29:6789/0] -- mon_getmap magic: 0 v1 -- 0x7fa528079dd0 con 0x7fa528107330
2023-10-05T15:14:31.609 INFO:teuthology.orchestra.run.smithi029.stdout:/usr/bin/ceph: stderr
2023-10-05T15:14:30.587+0000 7fa52ce70700 1 --2- >> [v2:172.21.15.29:3300/0,v1:172.21.15.29:6789/0] conn(0x7fa528107330 0x7fa528109720 unknown :-1 s=BANNER_CONNECTING pgs=0 cs=0 l=0 rev1=0 crypto rx=0 tx=0 comp rx=0 tx=0)._handle_peer_banner_payload supported=3 required=0
2023-10-05T15:14:31.609 INFO:teuthology.orchestra.run.smithi029.stdout:/usr/bin/ceph: stderr
2023-10-05T15:14:30.587+0000 7fa52ce70700 1 --2- >> [v2:172.21.15.29:3300/0,v1:172.21.15.29:6789/0] conn(0x7fa528107330 0x7fa528109720 unknown :-1 s=HELLO_CONNECTING pgs=0 cs=0 l=0 rev1=1 crypto rx=0 tx=0 comp rx=0 tx=0).handle_hello peer v2:172.21.15.29:3300/0 says I am v2:172.21.15.29:44002/0 (socket says 172.21.15.29:44002)
2023-10-05T15:14:31.609 INFO:teuthology.orchestra.run.smithi029.stdout:/usr/bin/ceph: stderr
2023-10-05T15:14:30.587+0000 7fa52ce70700 1 -- 172.21.15.29:0/4144853253 learned_addr learned my addr 172.21.15.29:0/4144853253 (peer_addr_for_me v2:172.21.15.29:0/0)
2023-10-05T15:14:31.610 INFO:teuthology.orchestra.run.smithi029.stdout:/usr/bin/ceph: stderr
2023-10-05T15:14:30.587+0000 7fa52ce70700 1 -- 172.21.15.29:0/4144853253 --> [v2:172.21.15.29:3300/0,v1:172.21.15.29:6789/0] -- mon_subscribe({config=0+,monmap=0+}) v3 -- 0x7fa528079f10 con 0x7fa528107330
2023-10-05T15:14:31.610 INFO:teuthology.orchestra.run.smithi029.stdout:/usr/bin/ceph: stderr
2023-10-05T15:14:30.587+0000 7fa52ce70700 1 --2- 172.21.15.29:0/4144853253 >> [v2:172.21.15.29:3300/0,v1:172.21.15.29:6789/0] conn(0x7fa528107330 0x7fa528109720 secure :-1 s=READY pgs=68 cs=0 l=1 rev1=1 crypto rx=0x7fa51c0098a0 tx=0x7fa51c009bb0 comp rx=0 tx=0).ready entity=mon.0 client_cookie=d0be85815567428b server_cookie=0 in_seq=0 out_seq=0
2023-10-05T15:14:31.610 INFO:teuthology.orchestra.run.smithi029.stdout:/usr/bin/ceph: stderr
2023-10-05T15:14:30.587+0000 7fa5277fe700 1 -- 172.21.15.29:0/4144853253 <== mon.0 v2:172.21.15.29:3300/0 1 ==== mon_map magic: 0 v1 ==== 205+0+0 (secure 0 0 0) 0x7fa51c004160 con 0x7fa528107330
2023-10-05T15:14:31.610 INFO:teuthology.orchestra.run.smithi029.stdout:/usr/bin/ceph: stderr
2023-10-05T15:14:30.587+0000 7fa5277fe700 1 -- 172.21.15.29:0/4144853253 <== mon.0 v2:172.21.15.29:3300/0 2 ==== config(26 keys) v1 ==== 1105+0+0 (secure 0 0 0) 0x7fa51c0042c0 con 0x7fa528107330
2023-10-05T15:14:31.610 INFO:teuthology.orchestra.run.smithi029.stdout:/usr/bin/ceph: stderr
2023-10-05T15:14:30.587+0000 7fa5277fe700 1 -- 172.21.15.29:0/4144853253 <== mon.0 v2:172.21.15.29:3300/0 3 ==== mon_map magic: 0 v1 ==== 205+0+0 (secure 0 0 0) 0x7fa51c0119b0 con 0x7fa528107330
2023-10-05T15:14:31.610 INFO:teuthology.orchestra.run.smithi029.stdout:/usr/bin/ceph: stderr
2023-10-05T15:14:30.588+0000 7fa52f0d4700 1 -- 172.21.15.29:0/4144853253 >> [v2:172.21.15.29:3300/0,v1:172.21.15.29:6789/0] conn(0x7fa528107330 msgr2=0x7fa528109720 secure :-1 s=STATE_CONNECTION_ESTABLISHED l=1).mark_down
2023-10-05T15:14:31.610 INFO:teuthology.orchestra.run.smithi029.stdout:/usr/bin/ceph: stderr
2023-10-05T15:14:30.588+0000 7fa52f0d4700 1 --2- 172.21.15.29:0/4144853253 >> [v2:172.21.15.29:3300/0,v1:172.21.15.29:6789/0] conn(0x7fa528107330 0x7fa528109720 secure :-1 s=READY pgs=68 cs=0 l=1 rev1=1 crypto rx=0x7fa51c0098a0 tx=0x7fa51c009bb0 comp rx=0 tx=0).stop
2023-10-05T15:14:31.610 INFO:teuthology.orchestra.run.smithi029.stdout:/usr/bin/ceph: stderr
2023-10-05T15:14:30.588+0000 7fa52f0d4700 1 -- 172.21.15.29:0/4144853253 shutdown_connections
2023-10-05T15:14:31.610 INFO:teuthology.orchestra.run.smithi029.stdout:/usr/bin/ceph: stderr
2023-10-05T15:14:30.588+0000 7fa52f0d4700 1 --2- 172.21.15.29:0/4144853253 >> [v2:172.21.15.29:3300/0,v1:172.21.15.29:6789/0] conn(0x7fa528107330 0x7fa528109720 unknown :-1 s=CLOSED pgs=68 cs=0 l=1 rev1=1 crypto rx=0 tx=0 comp rx=0 tx=0).stop
2023-10-05T15:14:31.610 INFO:teuthology.orchestra.run.smithi029.stdout:/usr/bin/ceph: stderr
2023-10-05T15:14:30.588+0000 7fa52f0d4700 1 -- 172.21.15.29:0/4144853253 >> 172.21.15.29:0/4144853253 conn(0x7fa528100ca0 msgr2=0x7fa5281030c0 unknown :-1 s=STATE_NONE l=0).mark_down
2023-10-05T15:14:31.610 INFO:teuthology.orchestra.run.smithi029.stdout:/usr/bin/ceph: stderr
2023-10-05T15:14:30.588+0000 7fa52f0d4700 1 -- 172.21.15.29:0/4144853253 shutdown_connections
2023-10-05T15:14:31.610 INFO:teuthology.orchestra.run.smithi029.stdout:/usr/bin/ceph: stderr
2023-10-05T15:14:30.588+0000 7fa52f0d4700 1 -- 172.21.15.29:0/4144853253 wait complete.
2023-10-05T15:14:31.611 INFO:teuthology.orchestra.run.smithi029.stdout:/usr/bin/ceph: stderr
2023-10-05T15:14:30.589+0000 7fa52f0d4700 1 Processor -- start
2023-10-05T15:14:31.611 INFO:teuthology.orchestra.run.smithi029.stdout:/usr/bin/ceph: stderr
2023-10-05T15:14:30.589+0000 7fa52f0d4700 1 -- start start
2023-10-05T15:14:31.611 INFO:teuthology.orchestra.run.smithi029.stdout:/usr/bin/ceph: stderr
2023-10-05T15:14:30.589+0000 7fa52f0d4700 1 --2- >> [v2:172.21.15.29:3300/0,v1:172.21.15.29:6789/0] conn(0x7fa528107330 0x7fa528106c90 unknown :-1 s=NONE pgs=0 cs=0 l=1 rev1=0 crypto rx=0 tx=0 comp rx=0 tx=0).connect
2023-10-05T15:14:31.611 INFO:teuthology.orchestra.run.smithi029.stdout:/usr/bin/ceph: stderr
2023-10-05T15:14:30.589+0000 7fa52f0d4700 1 -- --> [v2:172.21.15.29:3300/0,v1:172.21.15.29:6789/0] -- mon_getmap magic: 0 v1 -- 0x7fa5281071d0 con 0x7fa528107330
2023-10-05T15:14:31.611 INFO:teuthology.orchestra.run.smithi029.stdout:/usr/bin/ceph: stderr
2023-10-05T15:14:30.589+0000 7fa52ce70700 1 --2- >> [v2:172.21.15.29:3300/0,v1:172.21.15.29:6789/0] conn(0x7fa528107330 0x7fa528106c90 unknown :-1 s=BANNER_CONNECTING pgs=0 cs=0 l=1 rev1=0 crypto rx=0 tx=0 comp rx=0 tx=0)._handle_peer_banner_payload supported=3 required=0
2023-10-05T15:14:31.611 INFO:teuthology.orchestra.run.smithi029.stdout:/usr/bin/ceph: stderr
2023-10-05T15:14:30.589+0000 7fa52ce70700 1 --2- >> [v2:172.21.15.29:3300/0,v1:172.21.15.29:6789/0] conn(0x7fa528107330 0x7fa528106c90 unknown :-1 s=HELLO_CONNECTING pgs=0 cs=0 l=1 rev1=1 crypto rx=0 tx=0 comp rx=0 tx=0).handle_hello peer v2:172.21.15.29:3300/0 says I am v2:172.21.15.29:44004/0 (socket says 172.21.15.29:44004)
2023-10-05T15:14:31.611 INFO:teuthology.orchestra.run.smithi029.stdout:/usr/bin/ceph: stderr
2023-10-05T15:14:30.589+0000 7fa52ce70700 1 -- 172.21.15.29:0/3472336552 learned_addr learned my addr 172.21.15.29:0/3472336552 (peer_addr_for_me v2:172.21.15.29:0/0)
2023-10-05T15:14:31.611 INFO:teuthology.orchestra.run.smithi029.stdout:/usr/bin/ceph: stderr
2023-10-05T15:14:30.590+0000 7fa52ce70700 1 -- 172.21.15.29:0/3472336552 --> [v2:172.21.15.29:3300/0,v1:172.21.15.29:6789/0] -- mon_subscribe({config=0+,monmap=0+}) v3 -- 0x7fa51c009550 con 0x7fa528107330
2023-10-05T15:14:31.611 INFO:teuthology.orchestra.run.smithi029.stdout:/usr/bin/ceph: stderr
2023-10-05T15:14:30.590+0000 7fa52ce70700 1 --2- 172.21.15.29:0/3472336552 >> [v2:172.21.15.29:3300/0,v1:172.21.15.29:6789/0] conn(0x7fa528107330 0x7fa528106c90 secure :-1 s=READY pgs=69 cs=0 l=1 rev1=1 crypto rx=0x7fa51c011980 tx=0x7fa51c011a60 comp rx=0 tx=0).ready entity=mon.0 client_cookie=0 server_cookie=0 in_seq=0 out_seq=0
2023-10-05T15:14:31.611 INFO:teuthology.orchestra.run.smithi029.stdout:/usr/bin/ceph: stderr
2023-10-05T15:14:30.590+0000 7fa525ffb700 1 -- 172.21.15.29:0/3472336552 <== mon.0 v2:172.21.15.29:3300/0 1 ==== mon_map magic: 0 v1 ==== 205+0+0 (secure 0 0 0) 0x7fa51c003a60 con 0x7fa528107330
2023-10-05T15:14:31.611 INFO:teuthology.orchestra.run.smithi029.stdout:/usr/bin/ceph: stderr
2023-10-05T15:14:30.590+0000 7fa525ffb700 1 -- 172.21.15.29:0/3472336552 <== mon.0 v2:172.21.15.29:3300/0 2 ==== config(26 keys) v1 ==== 1105+0+0 (secure 0 0 0) 0x7fa51c003bc0 con 0x7fa528107330
2023-10-05T15:14:31.611 INFO:teuthology.orchestra.run.smithi029.stdout:/usr/bin/ceph: stderr
2023-10-05T15:14:30.590+0000 7fa52f0d4700 1 -- 172.21.15.29:0/3472336552 --> [v2:172.21.15.29:3300/0,v1:172.21.15.29:6789/0] -- mon_subscribe({mgrmap=0+}) v3 -- 0x7fa5281052e0 con 0x7fa528107330
2023-10-05T15:14:31.612 INFO:teuthology.orchestra.run.smithi029.stdout:/usr/bin/ceph: stderr
2023-10-05T15:14:30.590+0000 7fa525ffb700 1 -- 172.21.15.29:0/3472336552 <== mon.0 v2:172.21.15.29:3300/0 3 ==== mon_map magic: 0 v1 ==== 205+0+0 (secure 0 0 0) 0x7fa51c01a670 con 0x7fa528107330
2023-10-05T15:14:31.612 INFO:teuthology.orchestra.run.smithi029.stdout:/usr/bin/ceph: stderr
2023-10-05T15:14:30.590+0000 7fa52f0d4700 1 -- 172.21.15.29:0/3472336552 --> [v2:172.21.15.29:3300/0,v1:172.21.15.29:6789/0] -- mon_subscribe({osdmap=0}) v3 -- 0x7fa528105700 con 0x7fa528107330
2023-10-05T15:14:31.612 INFO:teuthology.orchestra.run.smithi029.stdout:/usr/bin/ceph: stderr
2023-10-05T15:14:30.591+0000 7fa525ffb700 1 -- 172.21.15.29:0/3472336552 <== mon.0 v2:172.21.15.29:3300/0 4 ==== mgrmap(e 11) v1 ==== 45486+0+0 (secure 0 0 0) 0x7fa51c01a930 con 0x7fa528107330
2023-10-05T15:14:31.612 INFO:teuthology.orchestra.run.smithi029.stdout:/usr/bin/ceph: stderr
2023-10-05T15:14:30.591+0000 7fa525ffb700 1 --2- 172.21.15.29:0/3472336552 >> [v2:172.21.15.29:6800/3390071130,v1:172.21.15.29:6801/3390071130] conn(0x7fa518038740 0x7fa51803ac00 unknown :-1 s=NONE pgs=0 cs=0 l=1 rev1=0 crypto rx=0 tx=0 comp rx=0 tx=0).connect
2023-10-05T15:14:31.612 INFO:teuthology.orchestra.run.smithi029.stdout:/usr/bin/ceph: stderr
2023-10-05T15:14:30.591+0000 7fa525ffb700 1 -- 172.21.15.29:0/3472336552 <== mon.0 v2:172.21.15.29:3300/0 5 ==== osd_map(3..3 src has 1..3) v4 ==== 1155+0+0 (secure 0 0 0) 0x7fa51c04d760 con 0x7fa528107330
2023-10-05T15:14:31.612 INFO:teuthology.orchestra.run.smithi029.stdout:/usr/bin/ceph: stderr
2023-10-05T15:14:30.592+0000 7fa527fff700 1 --2- 172.21.15.29:0/3472336552 >> [v2:172.21.15.29:6800/3390071130,v1:172.21.15.29:6801/3390071130] conn(0x7fa518038740 0x7fa51803ac00 unknown :-1 s=BANNER_CONNECTING pgs=0 cs=0 l=1 rev1=0 crypto rx=0 tx=0 comp rx=0 tx=0)._handle_peer_banner_payload supported=3 required=0
2023-10-05T15:14:31.612 INFO:teuthology.orchestra.run.smithi029.stdout:/usr/bin/ceph: stderr
2023-10-05T15:14:30.592+0000 7fa52f0d4700 1 -- 172.21.15.29:0/3472336552 --> [v2:172.21.15.29:3300/0,v1:172.21.15.29:6789/0] -- mon_command({"prefix": "get_command_descriptions"} v 0) v1 -- 0x7fa5280624e0 con 0x7fa528107330
2023-10-05T15:14:31.612 INFO:teuthology.orchestra.run.smithi029.stdout:/usr/bin/ceph: stderr
2023-10-05T15:14:30.592+0000 7fa527fff700 1 --2- 172.21.15.29:0/3472336552 >> [v2:172.21.15.29:6800/3390071130,v1:172.21.15.29:6801/3390071130] conn(0x7fa518038740 0x7fa51803ac00 secure :-1 s=READY pgs=7 cs=0 l=1 rev1=1 crypto rx=0x7fa514006fd0 tx=0x7fa514006e40 comp rx=0 tx=0).ready entity=mgr.14150 client_cookie=0 server_cookie=0 in_seq=0 out_seq=0
2023-10-05T15:14:31.612 INFO:teuthology.orchestra.run.smithi029.stdout:/usr/bin/ceph: stderr
2023-10-05T15:14:30.597+0000 7fa525ffb700 1 -- 172.21.15.29:0/3472336552 <== mon.0 v2:172.21.15.29:3300/0 6 ==== mon_command_ack([{"prefix": "get_command_descriptions"}]=0 v0) v1 ==== 72+0+180459 (secure 0 0 0) 0x7fa51c018db0 con 0x7fa528107330
2023-10-05T15:14:31.612 INFO:teuthology.orchestra.run.smithi029.stdout:/usr/bin/ceph: stderr
