2023-10-05T15:26:39.810+0000 7f83917fa700 1 -- 172.21.15.17:0/3500642954 <== mon.0 v2:172.21.15.17:3300/0 4 ==== mgrmap(e 8) v1 ==== 45579+0+0 (secure 0 0 0) 0x7f838401ba20 con 0x7f8394108780
2023-10-05T15:26:40.421 INFO:teuthology.orchestra.run.smithi017.stdout:/usr/bin/ceph: stderr
2023-10-05T15:26:39.810+0000 7f839a868700 1 -- 172.21.15.17:0/3500642954 --> [v2:172.21.15.17:3300/0,v1:172.21.15.17:6789/0] -- mon_command({"prefix": "get_command_descriptions"} v 0) v1 -- 0x7f83940624e0 con 0x7f8394108780
2023-10-05T15:26:40.421 INFO:teuthology.orchestra.run.smithi017.stdout:/usr/bin/ceph: stderr
2023-10-05T15:26:39.811+0000 7f83917fa700 1 --2- 172.21.15.17:0/3500642954 >> [v2:172.21.15.17:6800/2369336529,v1:172.21.15.17:6801/2369336529] conn(0x7f837c0388e0 0x7f837c03ada0 unknown :-1 s=NONE pgs=0 cs=0 l=1 rev1=0 crypto rx=0 tx=0 comp rx=0 tx=0).connect
2023-10-05T15:26:40.421 INFO:teuthology.orchestra.run.smithi017.stdout:/usr/bin/ceph: stderr
2023-10-05T15:26:39.811+0000 7f83917fa700 1 -- 172.21.15.17:0/3500642954 <== mon.0 v2:172.21.15.17:3300/0 5 ==== osd_map(2..2 src has 1..2) v4 ==== 940+0+0 (secure 0 0 0) 0x7f838404cbb0 con 0x7f8394108780
2023-10-05T15:26:40.421 INFO:teuthology.orchestra.run.smithi017.stdout:/usr/bin/ceph: stderr
2023-10-05T15:26:39.811+0000 7f83937fe700 1 --2- 172.21.15.17:0/3500642954 >> [v2:172.21.15.17:6800/2369336529,v1:172.21.15.17:6801/2369336529] conn(0x7f837c0388e0 0x7f837c03ada0 unknown :-1 s=BANNER_CONNECTING pgs=0 cs=0 l=1 rev1=0 crypto rx=0 tx=0 comp rx=0 tx=0)._handle_peer_banner_payload supported=3 required=0
2023-10-05T15:26:40.421 INFO:teuthology.orchestra.run.smithi017.stdout:/usr/bin/ceph: stderr
2023-10-05T15:26:39.811+0000 7f83937fe700 1 --2- 172.21.15.17:0/3500642954 >> [v2:172.21.15.17:6800/2369336529,v1:172.21.15.17:6801/2369336529] conn(0x7f837c0388e0 0x7f837c03ada0 secure :-1 s=READY pgs=7 cs=0 l=1 rev1=1 crypto rx=0x7f8388006fd0 tx=0x7f8388006e40 comp rx=0 tx=0).ready entity=mgr.14118 client_cookie=0 server_cookie=0 in_seq=0 out_seq=0
2023-10-05T15:26:40.421 INFO:teuthology.orchestra.run.smithi017.stdout:/usr/bin/ceph: stderr
2023-10-05T15:26:39.816+0000 7f83917fa700 1 -- 172.21.15.17:0/3500642954 <== mon.0 v2:172.21.15.17:3300/0 6 ==== mon_command_ack([{"prefix": "get_command_descriptions"}]=0 v0) v1 ==== 72+0+180459 (secure 0 0 0) 0x7f8384018940 con 0x7f8394108780
2023-10-05T15:26:40.421 INFO:teuthology.orchestra.run.smithi017.stdout:/usr/bin/ceph: stderr
2023-10-05T15:26:40.042+0000 7f839a868700 1 -- 172.21.15.17:0/3500642954 --> [v2:172.21.15.17:6800/2369336529,v1:172.21.15.17:6801/2369336529] -- mgr_command(tid 0: {"prefix": "orch set backend", "module_name": "cephadm", "target": ["mon-mgr", ""]}) v1 -- 0x7f83941064c0 con 0x7f837c0388e0
2023-10-05T15:26:40.421 INFO:teuthology.orchestra.run.smithi017.stdout:/usr/bin/ceph: stderr
2023-10-05T15:26:40.049+0000 7f83917fa700 1 -- 172.21.15.17:0/3500642954 <== mgr.14118 v2:172.21.15.17:6800/2369336529 1 ==== mgr_command_reply(tid 0: 0 ) v1 ==== 8+0+0 (secure 0 0 0) 0x7f83941064c0 con 0x7f837c0388e0
2023-10-05T15:26:40.421 INFO:teuthology.orchestra.run.smithi017.stdout:/usr/bin/ceph: stderr
2023-10-05T15:26:40.051+0000 7f839a868700 1 -- 172.21.15.17:0/3500642954 >> [v2:172.21.15.17:6800/2369336529,v1:172.21.15.17:6801/2369336529] conn(0x7f837c0388e0 msgr2=0x7f837c03ada0 secure :-1 s=STATE_CONNECTION_ESTABLISHED l=1).mark_down
2023-10-05T15:26:40.422 INFO:teuthology.orchestra.run.smithi017.stdout:/usr/bin/ceph: stderr
2023-10-05T15:26:40.051+0000 7f839a868700 1 --2- 172.21.15.17:0/3500642954 >> [v2:172.21.15.17:6800/2369336529,v1:172.21.15.17:6801/2369336529] conn(0x7f837c0388e0 0x7f837c03ada0 secure :-1 s=READY pgs=7 cs=0 l=1 rev1=1 crypto rx=0x7f8388006fd0 tx=0x7f8388006e40 comp rx=0 tx=0).stop
2023-10-05T15:26:40.422 INFO:teuthology.orchestra.run.smithi017.stdout:/usr/bin/ceph: stderr
2023-10-05T15:26:40.051+0000 7f839a868700 1 -- 172.21.15.17:0/3500642954 >> [v2:172.21.15.17:3300/0,v1:172.21.15.17:6789/0] conn(0x7f8394108780 msgr2=0x7f839419c2f0 secure :-1 s=STATE_CONNECTION_ESTABLISHED l=1).mark_down
2023-10-05T15:26:40.422 INFO:teuthology.orchestra.run.smithi017.stdout:/usr/bin/ceph: stderr
2023-10-05T15:26:40.051+0000 7f839a868700 1 --2- 172.21.15.17:0/3500642954 >> [v2:172.21.15.17:3300/0,v1:172.21.15.17:6789/0] conn(0x7f8394108780 0x7f839419c2f0 secure :-1 s=READY pgs=36 cs=0 l=1 rev1=1 crypto rx=0x7f8384006af0 tx=0x7f8384011a30 comp rx=0 tx=0).stop
2023-10-05T15:26:40.422 INFO:teuthology.orchestra.run.smithi017.stdout:/usr/bin/ceph: stderr
2023-10-05T15:26:40.052+0000 7f839a868700 1 -- 172.21.15.17:0/3500642954 shutdown_connections
2023-10-05T15:26:40.422 INFO:teuthology.orchestra.run.smithi017.stdout:/usr/bin/ceph: stderr
2023-10-05T15:26:40.052+0000 7f839a868700 1 --2- 172.21.15.17:0/3500642954 >> [v2:172.21.15.17:6800/2369336529,v1:172.21.15.17:6801/2369336529] conn(0x7f837c0388e0 0x7f837c03ada0 unknown :-1 s=CLOSED pgs=7 cs=0 l=1 rev1=1 crypto rx=0 tx=0 comp rx=0 tx=0).stop
2023-10-05T15:26:40.422 INFO:teuthology.orchestra.run.smithi017.stdout:/usr/bin/ceph: stderr
2023-10-05T15:26:40.052+0000 7f839a868700 1 --2- 172.21.15.17:0/3500642954 >> [v2:172.21.15.17:3300/0,v1:172.21.15.17:6789/0] conn(0x7f8394108780 0x7f839419c2f0 unknown :-1 s=CLOSED pgs=36 cs=0 l=1 rev1=1 crypto rx=0 tx=0 comp rx=0 tx=0).stop
2023-10-05T15:26:40.422 INFO:teuthology.orchestra.run.smithi017.stdout:/usr/bin/ceph: stderr
2023-10-05T15:26:40.052+0000 7f839a868700 1 -- 172.21.15.17:0/3500642954 >> 172.21.15.17:0/3500642954 conn(0x7f839407bb50 msgr2=0x7f8394105db0 unknown :-1 s=STATE_NONE l=0).mark_down
2023-10-05T15:26:40.422 INFO:teuthology.orchestra.run.smithi017.stdout:/usr/bin/ceph: stderr
2023-10-05T15:26:40.052+0000 7f839a868700 1 -- 172.21.15.17:0/3500642954 shutdown_connections
2023-10-05T15:26:40.422 INFO:teuthology.orchestra.run.smithi017.stdout:/usr/bin/ceph: stderr
2023-10-05T15:26:40.052+0000 7f839a868700 1 -- 172.21.15.17:0/3500642954 wait complete.
2023-10-05T15:26:41.196 INFO:journalctl@ceph.mon.a.smithi017.stdout:Oct 05 15:26:40 smithi017 ceph-mon[129107]: [05/Oct/2023:15:26:39] ENGINE Bus STARTING
2023-10-05T15:26:41.197 INFO:journalctl@ceph.mon.a.smithi017.stdout:Oct 05 15:26:40 smithi017 ceph-mon[129107]: [05/Oct/2023:15:26:39] ENGINE Serving on https://172.21.15.17:7150
2023-10-05T15:26:41.197 INFO:journalctl@ceph.mon.a.smithi017.stdout:Oct 05 15:26:40 smithi017 ceph-mon[129107]: [05/Oct/2023:15:26:39] ENGINE Serving on http://172.21.15.17:8765
2023-10-05T15:26:41.197 INFO:journalctl@ceph.mon.a.smithi017.stdout:Oct 05 15:26:40 smithi017 ceph-mon[129107]: [05/Oct/2023:15:26:39] ENGINE Bus STARTED
2023-10-05T15:26:41.197 INFO:journalctl@ceph.mon.a.smithi017.stdout:Oct 05 15:26:40 smithi017 ceph-mon[129107]: mgrmap e8: x(active, since 2s)
2023-10-05T15:26:41.197 INFO:journalctl@ceph.mon.a.smithi017.stdout:Oct 05 15:26:40 smithi017 ceph-mon[129107]: from='mgr.14118 172.21.15.17:0/89735705' entity='mgr.x' cmd=[{"prefix": "config dump", "format": "json"}]: dispatch
2023-10-05T15:26:41.197 INFO:journalctl@ceph.mon.a.smithi017.stdout:Oct 05 15:26:40 smithi017 ceph-mon[129107]: from='mgr.14118 172.21.15.17:0/89735705' entity='mgr.x'
2023-10-05T15:26:41.197 INFO:journalctl@ceph.mon.a.smithi017.stdout:Oct 05 15:26:40 smithi017 ceph-mon[129107]: from='mgr.14118 172.21.15.17:0/89735705' entity='mgr.x' cmd=[{"prefix": "config dump", "format": "json"}]: dispatch
2023-10-05T15:26:41.597 INFO:teuthology.orchestra.run.smithi017.stdout:/usr/bin/ceph: stdout value unchanged
2023-10-05T15:26:41.597 INFO:teuthology.orchestra.run.smithi017.stdout:/usr/bin/ceph: stderr
2023-10-05T15:26:40.985+0000 7f8f03c28700 1 Processor -- start
2023-10-05T15:26:41.597 INFO:teuthology.orchestra.run.smithi017.stdout:/usr/bin/ceph: stderr
2023-10-05T15:26:40.985+0000 7f8f03c28700 1 -- start start
2023-10-05T15:26:41.597 INFO:teuthology.orchestra.run.smithi017.stdout:/usr/bin/ceph: stderr
2023-10-05T15:26:40.986+0000 7f8f03c28700 1 --2- >> [v2:172.21.15.17:3300/0,v1:172.21.15.17:6789/0] conn(0x7f8efc07be40 0x7f8efc07a2a0 unknown :-1 s=NONE pgs=0 cs=0 l=0 rev1=0 crypto rx=0 tx=0 comp rx=0 tx=0).connect
2023-10-05T15:26:41.597 INFO:teuthology.orchestra.run.smithi017.stdout:/usr/bin/ceph: stderr
2023-10-05T15:26:40.986+0000 7f8f03c28700 1 -- --> [v2:172.21.15.17:3300/0,v1:172.21.15.17:6789/0] -- mon_getmap magic: 0 v1 -- 0x7f8efc07a870 con 0x7f8efc07be40
2023-10-05T15:26:41.598 INFO:teuthology.orchestra.run.smithi017.stdout:/usr/bin/ceph: stderr
2023-10-05T15:26:40.986+0000 7f8f019c4700 1 --2- >> [v2:172.21.15.17:3300/0,v1:172.21.15.17:6789/0] conn(0x7f8efc07be40 0x7f8efc07a2a0 unknown :-1 s=BANNER_CONNECTING pgs=0 cs=0 l=0 rev1=0 crypto rx=0 tx=0 comp rx=0 tx=0)._handle_peer_banner_payload supported=3 required=0
2023-10-05T15:26:41.598 INFO:teuthology.orchestra.run.smithi017.stdout:/usr/bin/ceph: stderr
2023-10-05T15:26:40.986+0000 7f8f019c4700 1 --2- >> [v2:172.21.15.17:3300/0,v1:172.21.15.17:6789/0] conn(0x7f8efc07be40 0x7f8efc07a2a0 unknown :-1 s=HELLO_CONNECTING pgs=0 cs=0 l=0 rev1=1 crypto rx=0 tx=0 comp rx=0 tx=0).handle_hello peer v2:172.21.15.17:3300/0 says I am v2:172.21.15.17:46148/0 (socket says 172.21.15.17:46148)
2023-10-05T15:26:41.598 INFO:teuthology.orchestra.run.smithi017.stdout:/usr/bin/ceph: stderr
2023-10-05T15:26:40.986+0000 7f8f019c4700 1 -- 172.21.15.17:0/41730446 learned_addr learned my addr 172.21.15.17:0/41730446 (peer_addr_for_me v2:172.21.15.17:0/0)
2023-10-05T15:26:41.598 INFO:teuthology.orchestra.run.smithi017.stdout:/usr/bin/ceph: stderr
2023-10-05T15:26:40.986+0000 7f8f019c4700 1 -- 172.21.15.17:0/41730446 --> [v2:172.21.15.17:3300/0,v1:172.21.15.17:6789/0] -- mon_subscribe({config=0+,monmap=0+}) v3 -- 0x7f8efc07a9b0 con 0x7f8efc07be40
2023-10-05T15:26:41.598 INFO:teuthology.orchestra.run.smithi017.stdout:/usr/bin/ceph: stderr
2023-10-05T15:26:40.987+0000 7f8f019c4700 1 --2- 172.21.15.17:0/41730446 >> [v2:172.21.15.17:3300/0,v1:172.21.15.17:6789/0] conn(0x7f8efc07be40 0x7f8efc07a2a0 secure :-1 s=READY pgs=37 cs=0 l=1 rev1=1 crypto rx=0x7f8ef80098a0 tx=0x7f8ef8009bb0 comp rx=0 tx=0).ready entity=mon.0 client_cookie=6838b764263ee20e server_cookie=0 in_seq=0 out_seq=0
2023-10-05T15:26:41.598 INFO:teuthology.orchestra.run.smithi017.stdout:/usr/bin/ceph: stderr
2023-10-05T15:26:40.987+0000 7f8f009c2700 1 -- 172.21.15.17:0/41730446 <== mon.0 v2:172.21.15.17:3300/0 1 ==== mon_map magic: 0 v1 ==== 205+0+0 (secure 0 0 0) 0x7f8ef8004160 con 0x7f8efc07be40
2023-10-05T15:26:41.598 INFO:teuthology.orchestra.run.smithi017.stdout:/usr/bin/ceph: stderr
2023-10-05T15:26:40.987+0000 7f8f009c2700 1 -- 172.21.15.17:0/41730446 <== mon.0 v2:172.21.15.17:3300/0 2 ==== config(25 keys) v1 ==== 1036+0+0 (secure 0 0 0) 0x7f8ef80042c0 con 0x7f8efc07be40
2023-10-05T15:26:41.598 INFO:teuthology.orchestra.run.smithi017.stdout:/usr/bin/ceph: stderr
2023-10-05T15:26:40.987+0000 7f8f009c2700 1 -- 172.21.15.17:0/41730446 <== mon.0 v2:172.21.15.17:3300/0 3 ==== mon_map magic: 0 v1 ==== 205+0+0 (secure 0 0 0) 0x7f8ef8011940 con 0x7f8efc07be40
2023-10-05T15:26:41.598 INFO:teuthology.orchestra.run.smithi017.stdout:/usr/bin/ceph: stderr
2023-10-05T15:26:40.988+0000 7f8f03c28700 1 -- 172.21.15.17:0/41730446 >> [v2:172.21.15.17:3300/0,v1:172.21.15.17:6789/0] conn(0x7f8efc07be40 msgr2=0x7f8efc07a2a0 secure :-1 s=STATE_CONNECTION_ESTABLISHED l=1).mark_down
2023-10-05T15:26:41.598 INFO:teuthology.orchestra.run.smithi017.stdout:/usr/bin/ceph: stderr
2023-10-05T15:26:40.988+0000 7f8f03c28700 1 --2- 172.21.15.17:0/41730446 >> [v2:172.21.15.17:3300/0,v1:172.21.15.17:6789/0] conn(0x7f8efc07be40 0x7f8efc07a2a0 secure :-1 s=READY pgs=37 cs=0 l=1 rev1=1 crypto rx=0x7f8ef80098a0 tx=0x7f8ef8009bb0 comp rx=0 tx=0).stop
2023-10-05T15:26:41.599 INFO:teuthology.orchestra.run.smithi017.stdout:/usr/bin/ceph: stderr
2023-10-05T15:26:40.988+0000 7f8f03c28700 1 -- 172.21.15.17:0/41730446 shutdown_connections
2023-10-05T15:26:41.599 INFO:teuthology.orchestra.run.smithi017.stdout:/usr/bin/ceph: stderr
2023-10-05T15:26:40.988+0000 7f8f03c28700 1 --2- 172.21.15.17:0/41730446 >> [v2:172.21.15.17:3300/0,v1:172.21.15.17:6789/0] conn(0x7f8efc07be40 0x7f8efc07a2a0 unknown :-1 s=CLOSED pgs=37 cs=0 l=1 rev1=1 crypto rx=0 tx=0 comp rx=0 tx=0).stop
2023-10-05T15:26:41.599 INFO:teuthology.orchestra.run.smithi017.stdout:/usr/bin/ceph: stderr
2023-10-05T15:26:40.988+0000 7f8f03c28700 1 -- 172.21.15.17:0/41730446 >> 172.21.15.17:0/41730446 conn(0x7f8efc101b30 msgr2=0x7f8efc103f70 unknown :-1 s=STATE_NONE l=0).mark_down
2023-10-05T15:26:41.599 INFO:teuthology.orchestra.run.smithi017.stdout:/usr/bin/ceph: stderr
2023-10-05T15:26:40.988+0000 7f8f03c28700 1 -- 172.21.15.17:0/41730446 shutdown_connections
2023-10-05T15:26:41.599 INFO:teuthology.orchestra.run.smithi017.stdout:/usr/bin/ceph: stderr
2023-10-05T15:26:40.988+0000 7f8f03c28700 1 -- 172.21.15.17:0/41730446 wait complete.
2023-10-05T15:26:41.599 INFO:teuthology.orchestra.run.smithi017.stdout:/usr/bin/ceph: stderr
2023-10-05T15:26:40.989+0000 7f8f03c28700 1 Processor -- start
2023-10-05T15:26:41.599 INFO:teuthology.orchestra.run.smithi017.stdout:/usr/bin/ceph: stderr
2023-10-05T15:26:40.989+0000 7f8f03c28700 1 -- start start
2023-10-05T15:26:41.599 INFO:teuthology.orchestra.run.smithi017.stdout:/usr/bin/ceph: stderr
2023-10-05T15:26:40.989+0000 7f8f03c28700 1 --2- >> [v2:172.21.15.17:3300/0,v1:172.21.15.17:6789/0] conn(0x7f8efc07be40 0x7f8efc19c290 unknown :-1 s=NONE pgs=0 cs=0 l=1 rev1=0 crypto rx=0 tx=0 comp rx=0 tx=0).connect
2023-10-05T15:26:41.599 INFO:teuthology.orchestra.run.smithi017.stdout:/usr/bin/ceph: stderr
2023-10-05T15:26:40.989+0000 7f8f03c28700 1 -- --> [v2:172.21.15.17:3300/0,v1:172.21.15.17:6789/0] -- mon_getmap magic: 0 v1 -- 0x7f8efc19c7d0 con 0x7f8efc07be40
2023-10-05T15:26:41.599 INFO:teuthology.orchestra.run.smithi017.stdout:/usr/bin/ceph: stderr
2023-10-05T15:26:40.990+0000 7f8f019c4700 1 --2- >> [v2:172.21.15.17:3300/0,v1:172.21.15.17:6789/0] conn(0x7f8efc07be40 0x7f8efc19c290 unknown :-1 s=BANNER_CONNECTING pgs=0 cs=0 l=1 rev1=0 crypto rx=0 tx=0 comp rx=0 tx=0)._handle_peer_banner_payload supported=3 required=0
2023-10-05T15:26:41.599 INFO:teuthology.orchestra.run.smithi017.stdout:/usr/bin/ceph: stderr
2023-10-05T15:26:40.990+0000 7f8f019c4700 1 --2- >> [v2:172.21.15.17:3300/0,v1:172.21.15.17:6789/0] conn(0x7f8efc07be40 0x7f8efc19c290 unknown :-1 s=HELLO_CONNECTING pgs=0 cs=0 l=1 rev1=1 crypto rx=0 tx=0 comp rx=0 tx=0).handle_hello peer v2:172.21.15.17:3300/0 says I am v2:172.21.15.17:46164/0 (socket says 172.21.15.17:46164)
2023-10-05T15:26:41.599 INFO:teuthology.orchestra.run.smithi017.stdout:/usr/bin/ceph: stderr
2023-10-05T15:26:40.990+0000 7f8f019c4700 1 -- 172.21.15.17:0/3401532055 learned_addr learned my addr 172.21.15.17:0/3401532055 (peer_addr_for_me v2:172.21.15.17:0/0)
2023-10-05T15:26:41.600 INFO:teuthology.orchestra.run.smithi017.stdout:/usr/bin/ceph: stderr
2023-10-05T15:26:40.990+0000 7f8f019c4700 1 -- 172.21.15.17:0/3401532055 --> [v2:172.21.15.17:3300/0,v1:172.21.15.17:6789/0] -- mon_subscribe({config=0+,monmap=0+}) v3 -- 0x7f8ef8009550 con 0x7f8efc07be40
2023-10-05T15:26:41.600 INFO:teuthology.orchestra.run.smithi017.stdout:/usr/bin/ceph: stderr
2023-10-05T15:26:40.990+0000 7f8f019c4700 1 --2- 172.21.15.17:0/3401532055 >> [v2:172.21.15.17:3300/0,v1:172.21.15.17:6789/0] conn(0x7f8efc07be40 0x7f8efc19c290 secure :-1 s=READY pgs=38 cs=0 l=1 rev1=1 crypto rx=0x7f8ef8011dc0 tx=0x7f8ef8011ea0 comp rx=0 tx=0).ready entity=mon.0 client_cookie=0 server_cookie=0 in_seq=0 out_seq=0
2023-10-05T15:26:41.600 INFO:teuthology.orchestra.run.smithi017.stdout:/usr/bin/ceph: stderr
2023-10-05T15:26:40.990+0000 7f8ef2ffd700 1 -- 172.21.15.17:0/3401532055 <== mon.0 v2:172.21.15.17:3300/0 1 ==== mon_map magic: 0 v1 ==== 205+0+0 (secure 0 0 0) 0x7f8ef80037d0 con 0x7f8efc07be40
2023-10-05T15:26:41.600 INFO:teuthology.orchestra.run.smithi017.stdout:/usr/bin/ceph: stderr
2023-10-05T15:26:40.990+0000 7f8ef2ffd700 1 -- 172.21.15.17:0/3401532055 <== mon.0 v2:172.21.15.17:3300/0 2 ==== config(25 keys) v1 ==== 1036+0+0 (secure 0 0 0) 0x7f8ef801b440 con 0x7f8efc07be40
2023-10-05T15:26:41.600 INFO:teuthology.orchestra.run.smithi017.stdout:/usr/bin/ceph: stderr
2023-10-05T15:26:40.990+0000 7f8ef2ffd700 1 -- 172.21.15.17:0/3401532055 <== mon.0 v2:172.21.15.17:3300/0 3 ==== mon_map magic: 0 v1 ==== 205+0+0 (secure 0 0 0) 0x7f8ef801a560 con 0x7f8efc07be40
2023-10-05T15:26:41.600 INFO:teuthology.orchestra.run.smithi017.stdout:/usr/bin/ceph: stderr
2023-10-05T15:26:40.990+0000 7f8f03c28700 1 -- 172.21.15.17:0/3401532055 --> [v2:172.21.15.17:3300/0,v1:172.21.15.17:6789/0] -- mon_subscribe({mgrmap=0+}) v3 -- 0x7f8efc19c9d0 con 0x7f8efc07be40
2023-10-05T15:26:41.600 INFO:teuthology.orchestra.run.smithi017.stdout:/usr/bin/ceph: stderr
2023-10-05T15:26:40.991+0000 7f8f03c28700 1 -- 172.21.15.17:0/3401532055 --> [v2:172.21.15.17:3300/0,v1:172.21.15.17:6789/0] -- mon_subscribe({osdmap=0}) v3 -- 0x7f8efc19cdf0 con 0x7f8efc07be40
2023-10-05T15:26:41.600 INFO:teuthology.orchestra.run.smithi017.stdout:/usr/bin/ceph: stderr
2023-10-05T15:26:40.991+0000 7f8f03c28700 1 -- 172.21.15.17:0/3401532055 --> [v2:172.21.15.17:3300/0,v1:172.21.15.17:6789/0] -- mon_command({"prefix": "get_command_descriptions"} v 0) v1 -- 0x7f8efc10c8e0 con 0x7f8efc07be40
2023-10-05T15:26:41.600 INFO:teuthology.orchestra.run.smithi017.stdout:/usr/bin/ceph: stderr
2023-10-05T15:26:40.992+0000 7f8ef2ffd700 1 -- 172.21.15.17:0/3401532055 <== mon.0 v2:172.21.15.17:3300/0 4 ==== mgrmap(e 8) v1 ==== 45579+0+0 (secure 0 0 0) 0x7f8ef801b5b0 con 0x7f8efc07be40
2023-10-05T15:26:41.600 INFO:teuthology.orchestra.run.smithi017.stdout:/usr/bin/ceph: stderr
2023-10-05T15:26:40.992+0000 7f8ef2ffd700 1 --2- 172.21.15.17:0/3401532055 >> [v2:172.21.15.17:6800/2369336529,v1:172.21.15.17:6801/2369336529] conn(0x7f8ee8038930 0x7f8ee803adf0 unknown :-1 s=NONE pgs=0 cs=0 l=1 rev1=0 crypto rx=0 tx=0 comp rx=0 tx=0).connect
2023-10-05T15:26:41.600 INFO:teuthology.orchestra.run.smithi017.stdout:/usr/bin/ceph: stderr
2023-10-05T15:26:40.992+0000 7f8ef2ffd700 1 -- 172.21.15.17:0/3401532055 <== mon.0 v2:172.21.15.17:3300/0 5 ==== osd_map(2..2 src has 1..2) v4 ==== 940+0+0 (secure 0 0 0) 0x7f8ef804c810 con 0x7f8efc07be40
2023-10-05T15:26:41.600 INFO:teuthology.orchestra.run.smithi017.stdout:/usr/bin/ceph: stderr
2023-10-05T15:26:40.992+0000 7f8f011c3700 1 --2- 172.21.15.17:0/3401532055 >> [v2:172.21.15.17:6800/2369336529,v1:172.21.15.17:6801/2369336529] conn(0x7f8ee8038930 0x7f8ee803adf0 unknown :-1 s=BANNER_CONNECTING pgs=0 cs=0 l=1 rev1=0 crypto rx=0 tx=0 comp rx=0 tx=0)._handle_peer_banner_payload supported=3 required=0
2023-10-05T15:26:41.601 INFO:teuthology.orchestra.run.smithi017.stdout:/usr/bin/ceph: stderr
2023-10-05T15:26:40.993+0000 7f8f011c3700 1 --2- 172.21.15.17:0/3401532055 >> [v2:172.21.15.17:6800/2369336529,v1:172.21.15.17:6801/2369336529] conn(0x7f8ee8038930 0x7f8ee803adf0 secure :-1 s=READY pgs=8 cs=0 l=1 rev1=1 crypto rx=0x7f8eec006fd0 tx=0x7f8eec006e40 comp rx=0 tx=0).ready entity=mgr.14118 client_cookie=0 server_cookie=0 in_seq=0 out_seq=0
2023-10-05T15:26:41.601 INFO:teuthology.orchestra.run.smithi017.stdout:/usr/bin/ceph: stderr
2023-10-05T15:26:40.997+0000 7f8ef2ffd700 1 -- 172.21.15.17:0/3401532055 <== mon.0 v2:172.21.15.17:3300/0 6 ==== mon_command_ack([{"prefix": "get_command_descriptions"}]=0 v0) v1 ==== 72+0+180459 (secure 0 0 0) 0x7f8ef8023590 con 0x7f8efc07be40
2023-10-05T15:26:41.601 INFO:teuthology.orchestra.run.smithi017.stdout:/usr/bin/ceph: stderr
2023-10-05T15:26:41.209+0000 7f8f03c28700 1 -- 172.21.15.17:0/3401532055 --> [v2:172.21.15.17:6800/2369336529,v1:172.21.15.17:6801/2369336529] -- mgr_command(tid 0: {"prefix": "cephadm set-user", "user": "root", "target": ["mon-mgr", ""]}) v1 -- 0x7f8efc19f830 con 0x7f8ee8038930
2023-10-05T15:26:41.601 INFO:teuthology.orchestra.run.smithi017.stdout:/usr/bin/ceph: stderr
2023-10-05T15:26:41.210+0000 7f8ef2ffd700 1 -- 172.21.15.17:0/3401532055 <== mgr.14118 v2:172.21.15.17:6800/2369336529 1 ==== mgr_command_reply(tid 0: 0 ) v1 ==== 8+0+16 (secure 0 0 0) 0x7f8efc19f830 con 0x7f8ee8038930
2023-10-05T15:26:41.601 INFO:teuthology.orchestra.run.smithi017.stdout:/usr/bin/ceph: stderr
2023-10-05T15:26:41.213+0000 7f8f03c28700 1 -- 172.21.15.17:0/3401532055 >> [v2:172.21.15.17:6800/2369336529,v1:172.21.15.17:6801/2369336529] conn(0x7f8ee8038930 msgr2=0x7f8ee803adf0 secure :-1 s=STATE_CONNECTION_ESTABLISHED l=1).mark_down
2023-10-05T15:26:41.601 INFO:teuthology.orchestra.run.smithi017.stdout:/usr/bin/ceph: stderr
2023-10-05T15:26:41.213+0000 7f8f03c28700 1 --2- 172.21.15.17:0/3401532055 >> [v2:172.21.15.17:6800/2369336529,v1:172.21.15.17:6801/2369336529] conn(0x7f8ee8038930 0x7f8ee803adf0 secure :-1 s=READY pgs=8 cs=0 l=1 rev1=1 crypto rx=0x7f8eec006fd0 tx=0x7f8eec006e40 comp rx=0 tx=0).stop
2023-10-05T15:26:41.601 INFO:teuthology.orchestra.run.smithi017.stdout:/usr/bin/ceph: stderr
2023-10-05T15:26:41.213+0000 7f8f03c28700 1 -- 172.21.15.17:0/3401532055 >> [v2:172.21.15.17:3300/0,v1:172.21.15.17:6789/0] conn(0x7f8efc07be40 msgr2=0x7f8efc19c290 secure :-1 s=STATE_CONNECTION_ESTABLISHED l=1).mark_down
2023-10-05T15:26:41.601 INFO:teuthology.orchestra.run.smithi017.stdout:/usr/bin/ceph: stderr
2023-10-05T15:26:41.213+0000 7f8f03c28700 1 --2- 172.21.15.17:0/3401532055 >> [v2:172.21.15.17:3300/0,v1:172.21.15.17:6789/0] conn(0x7f8efc07be40 0x7f8efc19c290 secure :-1 s=READY pgs=38 cs=0 l=1 rev1=1 crypto rx=0x7f8ef8011dc0 tx=0x7f8ef8011ea0 comp rx=0 tx=0).stop
2023-10-05T15:26:41.601 INFO:teuthology.orchestra.run.smithi017.stdout:/usr/bin/ceph: stderr
2023-10-05T15:26:41.213+0000 7f8f03c28700 1 -- 172.21.15.17:0/3401532055 shutdown_connections
2023-10-05T15:26:41.601 INFO:teuthology.orchestra.run.smithi017.stdout:/usr/bin/ceph: stderr
2023-10-05T15:26:41.213+0000 7f8f03c28700 1 --2- 172.21.15.17:0/3401532055 >> [v2:172.21.15.17:6800/2369336529,v1:172.21.15.17:6801/2369336529] conn(0x7f8ee8038930 0x7f8ee803adf0 unknown :-1 s=CLOSED pgs=8 cs=0 l=1 rev1=1 crypto rx=0 tx=0 comp rx=0 tx=0).stop
2023-10-05T15:26:41.601 INFO:teuthology.orchestra.run.smithi017.stdout:/usr/bin/ceph: stderr
2023-10-05T15:26:41.213+0000 7f8f03c28700 1 --2- 172.21.15.17:0/3401532055 >> [v2:172.21.15.17:3300/0,v1:172.21.15.17:6789/0] conn(0x7f8efc07be40 0x7f8efc19c290 unknown :-1 s=CLOSED pgs=38 cs=0 l=1 rev1=1 crypto rx=0 tx=0 comp rx=0 tx=0).stop
2023-10-05T15:26:41.601 INFO:teuthology.orchestra.run.smithi017.stdout:/usr/bin/ceph: stderr
2023-10-05T15:26:41.213+0000 7f8f03c28700 1 -- 172.21.15.17:0/3401532055 >> 172.21.15.17:0/3401532055 conn(0x7f8efc101b30 msgr2=0x7f8efc102820 unknown :-1 s=STATE_NONE l=0).mark_down
2023-10-05T15:26:41.602 INFO:teuthology.orchestra.run.smithi017.stdout:/usr/bin/ceph: stderr
2023-10-05T15:26:41.213+0000 7f8f03c28700 1 -- 172.21.15.17:0/3401532055 shutdown_connections
2023-10-05T15:26:41.602 INFO:teuthology.orchestra.run.smithi017.stdout:/usr/bin/ceph: stderr
2023-10-05T15:26:41.213+0000 7f8f03c28700 1 -- 172.21.15.17:0/3401532055 wait complete.
2023-10-05T15:26:41.602 INFO:teuthology.orchestra.run.smithi017.stdout:Generating ssh key...
2023-10-05T15:26:42.196 INFO:journalctl@ceph.mon.a.smithi017.stdout:Oct 05 15:26:41 smithi017 ceph-mon[129107]: from='client.14130 -' entity='client.admin' cmd=[{"prefix": "orch set backend", "module_name": "cephadm", "target": ["mon-mgr", ""]}]: dispatch
2023-10-05T15:26:42.697 INFO:journalctl@ceph.mgr.x.smithi017.stdout:Oct 05 15:26:42 smithi017 ceph-6446904c-6393-11ee-8db5-212e2dc638e7-mgr-x[129352]: Generating public/private rsa key pair.
2023-10-05T15:26:42.697 INFO:journalctl@ceph.mgr.x.smithi017.stdout:Oct 05 15:26:42 smithi017 ceph-6446904c-6393-11ee-8db5-212e2dc638e7-mgr-x[129352]: Your identification has been saved in /tmp/tmprbn0rsl5/key.
2023-10-05T15:26:42.698 INFO:journalctl@ceph.mgr.x.smithi017.stdout:Oct 05 15:26:42 smithi017 ceph-6446904c-6393-11ee-8db5-212e2dc638e7-mgr-x[129352]: Your public key has been saved in /tmp/tmprbn0rsl5/key.pub.
2023-10-05T15:26:42.698 INFO:journalctl@ceph.mgr.x.smithi017.stdout:Oct 05 15:26:42 smithi017 ceph-6446904c-6393-11ee-8db5-212e2dc638e7-mgr-x[129352]: The key fingerprint is:
2023-10-05T15:26:42.698 INFO:journalctl@ceph.mgr.x.smithi017.stdout:Oct 05 15:26:42 smithi017 ceph-6446904c-6393-11ee-8db5-212e2dc638e7-mgr-x[129352]: SHA256:4cSRc5pRBSXZTEvFRx+e7SrMAFq2tAn5g/T48TbOs84 ceph-6446904c-6393-11ee-8db5-212e2dc638e7
2023-10-05T15:26:42.698 INFO:journalctl@ceph.mgr.x.smithi017.stdout:Oct 05 15:26:42 smithi017 ceph-6446904c-6393-11ee-8db5-212e2dc638e7-mgr-x[129352]: The key's randomart image is:
2023-10-05T15:26:42.698 INFO:journalctl@ceph.mgr.x.smithi017.stdout:Oct 05 15:26:42 smithi017 ceph-6446904c-6393-11ee-8db5-212e2dc638e7-mgr-x[129352]: +---[RSA 3072]----+
2023-10-05T15:26:42.699 INFO:journalctl@ceph.mgr.x.smithi017.stdout:Oct 05 15:26:42 smithi017 ceph-6446904c-6393-11ee-8db5-212e2dc638e7-mgr-x[129352]: | .o+O=o.o.|
2023-10-05T15:26:42.699 INFO:journalctl@ceph.mgr.x.smithi017.stdout:Oct 05 15:26:42 smithi017 ceph-6446904c-6393-11ee-8db5-212e2dc638e7-mgr-x[129352]: | o+.ooo.o *|
2023-10-05T15:26:42.699 INFO:journalctl@ceph.mgr.x.smithi017.stdout:Oct 05 15:26:42 smithi017 ceph-6446904c-6393-11ee-8db5-212e2dc638e7-mgr-x[129352]: | + O* . +o|
2023-10-05T15:26:42.699 INFO:journalctl@ceph.mgr.x.smithi017.stdout:Oct 05 15:26:42 smithi017 ceph-6446904c-6393-11ee-8db5-212e2dc638e7-mgr-x[129352]: | . &o* . |
2023-10-05T15:26:42.699 INFO:journalctl@ceph.mgr.x.smithi017.stdout:Oct 05 15:26:42 smithi017 ceph-6446904c-6393-11ee-8db5-212e2dc638e7-mgr-x[129352]: | + S . .|
2023-10-05T15:26:42.699 INFO:journalctl@ceph.mgr.x.smithi017.stdout:Oct 05 15:26:42 smithi017 ceph-6446904c-6393-11ee-8db5-212e2dc638e7-mgr-x[129352]: | . + + . |
2023-10-05T15:26:42.699 INFO:journalctl@ceph.mgr.x.smithi017.stdout:Oct 05 15:26:42 smithi017 ceph-6446904c-6393-11ee-8db5-212e2dc638e7-mgr-x[129352]: | . + + . |
2023-10-05T15:26:42.700 INFO:journalctl@ceph.mgr.x.smithi017.stdout:Oct 05 15:26:42 smithi017 ceph-6446904c-6393-11ee-8db5-212e2dc638e7-mgr-x[129352]: | =.. . |
2023-10-05T15:26:42.700 INFO:journalctl@ceph.mgr.x.smithi017.stdout:Oct 05 15:26:42 smithi017 ceph-6446904c-6393-11ee-8db5-212e2dc638e7-mgr-x[129352]: | .Eo |
2023-10-05T15:26:42.700 INFO:journalctl@ceph.mgr.x.smithi017.stdout:Oct 05 15:26:42 smithi017 ceph-6446904c-6393-11ee-8db5-212e2dc638e7-mgr-x[129352]: +----[SHA256]-----+
2023-10-05T15:26:42.871 INFO:teuthology.orchestra.run.smithi017.stdout:/usr/bin/ceph: stderr
2023-10-05T15:26:42.120+0000 7fc11444f700 1 Processor -- start
2023-10-05T15:26:42.871 INFO:teuthology.orchestra.run.smithi017.stdout:/usr/bin/ceph: stderr
2023-10-05T15:26:42.120+0000 7fc11444f700 1 -- start start
2023-10-05T15:26:42.871 INFO:teuthology.orchestra.run.smithi017.stdout:/usr/bin/ceph: stderr
2023-10-05T15:26:42.120+0000 7fc11444f700 1 --2- >> [v2:172.21.15.17:3300/0,v1:172.21.15.17:6789/0] conn(0x7fc10c106590 0x7fc10c1069b0 unknown :-1 s=NONE pgs=0 cs=0 l=0 rev1=0 crypto rx=0 tx=0 comp rx=0 tx=0).connect
2023-10-05T15:26:42.872 INFO:teuthology.orchestra.run.smithi017.stdout:/usr/bin/ceph: stderr
2023-10-05T15:26:42.120+0000 7fc11444f700 1 -- --> [v2:172.21.15.17:3300/0,v1:172.21.15.17:6789/0] -- mon_getmap magic: 0 v1 -- 0x7fc10c106f80 con 0x7fc10c106590
2023-10-05T15:26:42.872 INFO:teuthology.orchestra.run.smithi017.stdout:/usr/bin/ceph: stderr
2023-10-05T15:26:42.120+0000 7fc1121eb700 1 --2- >> [v2:172.21.15.17:3300/0,v1:172.21.15.17:6789/0] conn(0x7fc10c106590 0x7fc10c1069b0 unknown :-1 s=BANNER_CONNECTING pgs=0 cs=0 l=0 rev1=0 crypto rx=0 tx=0 comp rx=0 tx=0)._handle_peer_banner_payload supported=3 required=0
2023-10-05T15:26:42.872 INFO:teuthology.orchestra.run.smithi017.stdout:/usr/bin/ceph: stderr
2023-10-05T15:26:42.120+0000 7fc1121eb700 1 --2- >> [v2:172.21.15.17:3300/0,v1:172.21.15.17:6789/0] conn(0x7fc10c106590 0x7fc10c1069b0 unknown :-1 s=HELLO_CONNECTING pgs=0 cs=0 l=0 rev1=1 crypto rx=0 tx=0 comp rx=0 tx=0).handle_hello peer v2:172.21.15.17:3300/0 says I am v2:172.21.15.17:46166/0 (socket says 172.21.15.17:46166)
2023-10-05T15:26:42.872 INFO:teuthology.orchestra.run.smithi017.stdout:/usr/bin/ceph: stderr
2023-10-05T15:26:42.120+0000 7fc1121eb700 1 -- 172.21.15.17:0/4128840995 learned_addr learned my addr 172.21.15.17:0/4128840995 (peer_addr_for_me v2:172.21.15.17:0/0)
2023-10-05T15:26:42.872 INFO:teuthology.orchestra.run.smithi017.stdout:/usr/bin/ceph: stderr
2023-10-05T15:26:42.120+0000 7fc1121eb700 1 -- 172.21.15.17:0/4128840995 --> [v2:172.21.15.17:3300/0,v1:172.21.15.17:6789/0] -- mon_subscribe({config=0+,monmap=0+}) v3 -- 0x7fc10c107790 con 0x7fc10c106590
2023-10-05T15:26:42.872 INFO:teuthology.orchestra.run.smithi017.stdout:/usr/bin/ceph: stderr
2023-10-05T15:26:42.121+0000 7fc1121eb700 1 --2- 172.21.15.17:0/4128840995 >> [v2:172.21.15.17:3300/0,v1:172.21.15.17:6789/0] conn(0x7fc10c106590 0x7fc10c1069b0 secure :-1 s=READY pgs=39 cs=0 l=1 rev1=1 crypto rx=0x7fc1080098a0 tx=0x7fc108009bb0 comp rx=0 tx=0).ready entity=mon.0 client_cookie=20359e7dbf9aad1d server_cookie=0 in_seq=0 out_seq=0
2023-10-05T15:26:42.872 INFO:teuthology.orchestra.run.smithi017.stdout:/usr/bin/ceph: stderr
2023-10-05T15:26:42.121+0000 7fc1111e9700 1 -- 172.21.15.17:0/4128840995 <== mon.0 v2:172.21.15.17:3300/0 1 ==== mon_map magic: 0 v1 ==== 205+0+0 (secure 0 0 0) 0x7fc108004160 con 0x7fc10c106590
2023-10-05T15:26:42.872 INFO:teuthology.orchestra.run.smithi017.stdout:/usr/bin/ceph: stderr
2023-10-05T15:26:42.121+0000 7fc1111e9700 1 -- 172.21.15.17:0/4128840995 <== mon.0 v2:172.21.15.17:3300/0 2 ==== config(25 keys) v1 ==== 1036+0+0 (secure 0 0 0) 0x7fc1080042c0 con 0x7fc10c106590
2023-10-05T15:26:42.872 INFO:teuthology.orchestra.run.smithi017.stdout:/usr/bin/ceph: stderr
2023-10-05T15:26:42.121+0000 7fc1111e9700 1 -- 172.21.15.17:0/4128840995 <== mon.0 v2:172.21.15.17:3300/0 3 ==== mon_map magic: 0 v1 ==== 205+0+0 (secure 0 0 0) 0x7fc108011940 con 0x7fc10c106590
2023-10-05T15:26:42.872 INFO:teuthology.orchestra.run.smithi017.stdout:/usr/bin/ceph: stderr
2023-10-05T15:26:42.121+0000 7fc11444f700 1 -- 172.21.15.17:0/4128840995 >> [v2:172.21.15.17:3300/0,v1:172.21.15.17:6789/0] conn(0x7fc10c106590 msgr2=0x7fc10c1069b0 secure :-1 s=STATE_CONNECTION_ESTABLISHED l=1).mark_down
2023-10-05T15:26:42.872 INFO:teuthology.orchestra.run.smithi017.stdout:/usr/bin/ceph: stderr
2023-10-05T15:26:42.121+0000 7fc11444f700 1 --2- 172.21.15.17:0/4128840995 >> [v2:172.21.15.17:3300/0,v1:172.21.15.17:6789/0] conn(0x7fc10c106590 0x7fc10c1069b0 secure :-1 s=READY pgs=39 cs=0 l=1 rev1=1 crypto rx=0x7fc1080098a0 tx=0x7fc108009bb0 comp rx=0 tx=0).stop
2023-10-05T15:26:42.873 INFO:teuthology.orchestra.run.smithi017.stdout:/usr/bin/ceph: stderr
2023-10-05T15:26:42.122+0000 7fc11444f700 1 -- 172.21.15.17:0/4128840995 shutdown_connections
2023-10-05T15:26:42.873 INFO:teuthology.orchestra.run.smithi017.stdout:/usr/bin/ceph: stderr
2023-10-05T15:26:42.122+0000 7fc11444f700 1 --2- 172.21.15.17:0/4128840995 >> [v2:172.21.15.17:3300/0,v1:172.21.15.17:6789/0] conn(0x7fc10c106590 0x7fc10c1069b0 unknown :-1 s=CLOSED pgs=39 cs=0 l=1 rev1=1 crypto rx=0 tx=0 comp rx=0 tx=0).stop
2023-10-05T15:26:42.873 INFO:teuthology.orchestra.run.smithi017.stdout:/usr/bin/ceph: stderr
2023-10-05T15:26:42.122+0000 7fc11444f700 1 -- 172.21.15.17:0/4128840995 >> 172.21.15.17:0/4128840995 conn(0x7fc10c101b30 msgr2=0x7fc10c103f70 unknown :-1 s=STATE_NONE l=0).mark_down
2023-10-05T15:26:42.873 INFO:teuthology.orchestra.run.smithi017.stdout:/usr/bin/ceph: stderr
2023-10-05T15:26:42.122+0000 7fc11444f700 1 -- 172.21.15.17:0/4128840995 shutdown_connections
2023-10-05T15:26:42.873 INFO:teuthology.orchestra.run.smithi017.stdout:/usr/bin/ceph: stderr
2023-10-05T15:26:42.122+0000 7fc11444f700 1 -- 172.21.15.17:0/4128840995 wait complete.
2023-10-05T15:26:42.873 INFO:teuthology.orchestra.run.smithi017.stdout:/usr/bin/ceph: stderr
2023-10-05T15:26:42.123+0000 7fc11444f700 1 Processor -- start
2023-10-05T15:26:42.873 INFO:teuthology.orchestra.run.smithi017.stdout:/usr/bin/ceph: stderr
2023-10-05T15:26:42.123+0000 7fc11444f700 1 -- start start
2023-10-05T15:26:42.873 INFO:teuthology.orchestra.run.smithi017.stdout:/usr/bin/ceph: stderr
2023-10-05T15:26:42.123+0000 7fc11444f700 1 --2- >> [v2:172.21.15.17:3300/0,v1:172.21.15.17:6789/0] conn(0x7fc10c106590 0x7fc10c19c2d0 unknown :-1 s=NONE pgs=0 cs=0 l=1 rev1=0 crypto rx=0 tx=0 comp rx=0 tx=0).connect
2023-10-05T15:26:42.873 INFO:teuthology.orchestra.run.smithi017.stdout:/usr/bin/ceph: stderr
2023-10-05T15:26:42.123+0000 7fc11444f700 1 -- --> [v2:172.21.15.17:3300/0,v1:172.21.15.17:6789/0] -- mon_getmap magic: 0 v1 -- 0x7fc10c19c810 con 0x7fc10c106590
2023-10-05T15:26:42.873 INFO:teuthology.orchestra.run.smithi017.stdout:/usr/bin/ceph: stderr
2023-10-05T15:26:42.123+0000 7fc1121eb700 1 --2- >> [v2:172.21.15.17:3300/0,v1:172.21.15.17:6789/0] conn(0x7fc10c106590 0x7fc10c19c2d0 unknown :-1 s=BANNER_CONNECTING pgs=0 cs=0 l=1 rev1=0 crypto rx=0 tx=0 comp rx=0 tx=0)._handle_peer_banner_payload supported=3 required=0
2023-10-05T15:26:42.873 INFO:teuthology.orchestra.run.smithi017.stdout:/usr/bin/ceph: stderr
2023-10-05T15:26:42.124+0000 7fc1121eb700 1 --2- >> [v2:172.21.15.17:3300/0,v1:172.21.15.17:6789/0] conn(0x7fc10c106590 0x7fc10c19c2d0 unknown :-1 s=HELLO_CONNECTING pgs=0 cs=0 l=1 rev1=1 crypto rx=0 tx=0 comp rx=0 tx=0).handle_hello peer v2:172.21.15.17:3300/0 says I am v2:172.21.15.17:46170/0 (socket says 172.21.15.17:46170)
2023-10-05T15:26:42.873 INFO:teuthology.orchestra.run.smithi017.stdout:/usr/bin/ceph: stderr
2023-10-05T15:26:42.124+0000 7fc1121eb700 1 -- 172.21.15.17:0/2784460135 learned_addr learned my addr 172.21.15.17:0/2784460135 (peer_addr_for_me v2:172.21.15.17:0/0)
2023-10-05T15:26:42.874 INFO:teuthology.orchestra.run.smithi017.stdout:/usr/bin/ceph: stderr
2023-10-05T15:26:42.124+0000 7fc1121eb700 1 -- 172.21.15.17:0/2784460135 --> [v2:172.21.15.17:3300/0,v1:172.21.15.17:6789/0] -- mon_subscribe({config=0+,monmap=0+}) v3 -- 0x7fc108009550 con 0x7fc10c106590
2023-10-05T15:26:42.874 INFO:teuthology.orchestra.run.smithi017.stdout:/usr/bin/ceph: stderr
2023-10-05T15:26:42.124+0000 7fc1121eb700 1 --2- 172.21.15.17:0/2784460135 >> [v2:172.21.15.17:3300/0,v1:172.21.15.17:6789/0] conn(0x7fc10c106590 0x7fc10c19c2d0 secure :-1 s=READY pgs=40 cs=0 l=1 rev1=1 crypto rx=0x7fc108000c00 tx=0x7fc108011e70 comp rx=0 tx=0).ready entity=mon.0 client_cookie=0 server_cookie=0 in_seq=0 out_seq=0
2023-10-05T15:26:42.874 INFO:teuthology.orchestra.run.smithi017.stdout:/usr/bin/ceph: stderr
2023-10-05T15:26:42.124+0000 7fc1037fe700 1 -- 172.21.15.17:0/2784460135 <== mon.0 v2:172.21.15.17:3300/0 1 ==== mon_map magic: 0 v1 ==== 205+0+0 (secure 0 0 0) 0x7fc1080036a0 con 0x7fc10c106590
2023-10-05T15:26:42.874 INFO:teuthology.orchestra.run.smithi017.stdout:/usr/bin/ceph: stderr
2023-10-05T15:26:42.124+0000 7fc1037fe700 1 -- 172.21.15.17:0/2784460135 <== mon.0 v2:172.21.15.17:3300/0 2 ==== config(25 keys) v1 ==== 1036+0+0 (secure 0 0 0) 0x7fc10801b440 con 0x7fc10c106590
2023-10-05T15:26:42.874 INFO:teuthology.orchestra.run.smithi017.stdout:/usr/bin/ceph: stderr
2023-10-05T15:26:42.124+0000 7fc1037fe700 1 -- 172.21.15.17:0/2784460135 <== mon.0 v2:172.21.15.17:3300/0 3 ==== mon_map magic: 0 v1 ==== 205+0+0 (secure 0 0 0) 0x7fc1080193f0 con 0x7fc10c106590
2023-10-05T15:26:42.874 INFO:teuthology.orchestra.run.smithi017.stdout:/usr/bin/ceph: stderr
2023-10-05T15:26:42.124+0000 7fc11444f700 1 -- 172.21.15.17:0/2784460135 --> [v2:172.21.15.17:3300/0,v1:172.21.15.17:6789/0] -- mon_subscribe({mgrmap=0+}) v3 -- 0x7fc10c19ca10 con 0x7fc10c106590
2023-10-05T15:26:42.874 INFO:teuthology.orchestra.run.smithi017.stdout:/usr/bin/ceph: stderr
2023-10-05T15:26:42.124+0000 7fc11444f700 1 -- 172.21.15.17:0/2784460135 --> [v2:172.21.15.17:3300/0,v1:172.21.15.17:6789/0] -- mon_subscribe({osdmap=0}) v3 -- 0x7fc10c19ce30 con 0x7fc10c106590
2023-10-05T15:26:42.874 INFO:teuthology.orchestra.run.smithi017.stdout:/usr/bin/ceph: stderr
2023-10-05T15:26:42.125+0000 7fc1037fe700 1 -- 172.21.15.17:0/2784460135 <== mon.0 v2:172.21.15.17:3300/0 4 ==== mgrmap(e 8) v1 ==== 45579+0+0 (secure 0 0 0) 0x7fc10801b5b0 con 0x7fc10c106590
2023-10-05T15:26:42.874 INFO:teuthology.orchestra.run.smithi017.stdout:/usr/bin/ceph: stderr
2023-10-05T15:26:42.126+0000 7fc11444f700 1 -- 172.21.15.17:0/2784460135 --> [v2:172.21.15.17:3300/0,v1:172.21.15.17:6789/0] -- mon_command({"prefix": "get_command_descriptions"} v 0) v1 -- 0x7fc10c0624e0 con 0x7fc10c106590
2023-10-05T15:26:42.874 INFO:teuthology.orchestra.run.smithi017.stdout:/usr/bin/ceph: stderr
2023-10-05T15:26:42.126+0000 7fc1037fe700 1 --2- 172.21.15.17:0/2784460135 >> [v2:172.21.15.17:6800/2369336529,v1:172.21.15.17:6801/2369336529] conn(0x7fc0f8038930 0x7fc0f803adf0 unknown :-1 s=NONE pgs=0 cs=0 l=1 rev1=0 crypto rx=0 tx=0 comp rx=0 tx=0).connect
2023-10-05T15:26:42.874 INFO:teuthology.orchestra.run.smithi017.stdout:/usr/bin/ceph: stderr
2023-10-05T15:26:42.126+0000 7fc1037fe700 1 -- 172.21.15.17:0/2784460135 <== mon.0 v2:172.21.15.17:3300/0 5 ==== osd_map(2..2 src has 1..2) v4 ==== 940+0+0 (secure 0 0 0) 0x7fc10804c7a0 con 0x7fc10c106590
2023-10-05T15:26:42.875 INFO:teuthology.orchestra.run.smithi017.stdout:/usr/bin/ceph: stderr
2023-10-05T15:26:42.126+0000 7fc1119ea700 1 --2- 172.21.15.17:0/2784460135 >> [v2:172.21.15.17:6800/2369336529,v1:172.21.15.17:6801/2369336529] conn(0x7fc0f8038930 0x7fc0f803adf0 unknown :-1 s=BANNER_CONNECTING pgs=0 cs=0 l=1 rev1=0 crypto rx=0 tx=0 comp rx=0 tx=0)._handle_peer_banner_payload supported=3 required=0
2023-10-05T15:26:42.875 INFO:teuthology.orchestra.run.smithi017.stdout:/usr/bin/ceph: stderr
2023-10-05T15:26:42.127+0000 7fc1119ea700 1 --2- 172.21.15.17:0/2784460135 >> [v2:172.21.15.17:6800/2369336529,v1:172.21.15.17:6801/2369336529] conn(0x7fc0f8038930 0x7fc0f803adf0 secure :-1 s=READY pgs=9 cs=0 l=1 rev1=1 crypto rx=0x7fc0fc006fd0 tx=0x7fc0fc006e40 comp rx=0 tx=0).ready entity=mgr.14118 client_cookie=0 server_cookie=0 in_seq=0 out_seq=0
2023-10-05T15:26:42.875 INFO:teuthology.orchestra.run.smithi017.stdout:/usr/bin/ceph: stderr
2023-10-05T15:26:42.131+0000 7fc1037fe700 1 -- 172.21.15.17:0/2784460135 <== mon.0 v2:172.21.15.17:3300/0 6 ==== mon_command_ack([{"prefix": "get_command_descriptions"}]=0 v0) v1 ==== 72+0+180459 (secure 0 0 0) 0x7fc108022950 con 0x7fc10c106590
2023-10-05T15:26:42.875 INFO:teuthology.orchestra.run.smithi017.stdout:/usr/bin/ceph: stderr
2023-10-05T15:26:42.339+0000 7fc11444f700 1 -- 172.21.15.17:0/2784460135 --> [v2:172.21.15.17:6800/2369336529,v1:172.21.15.17:6801/2369336529] -- mgr_command(tid 0: {"prefix": "cephadm generate-key", "target": ["mon-mgr", ""]}) v1 -- 0x7fc10c102f00 con 0x7fc0f8038930
2023-10-05T15:26:42.875 INFO:teuthology.orchestra.run.smithi017.stdout:/usr/bin/ceph: stderr
2023-10-05T15:26:42.414+0000 7fc1037fe700 1 -- 172.21.15.17:0/2784460135 <== mgr.14118 v2:172.21.15.17:6800/2369336529 1 ==== mgr_command_reply(tid 0: 0 ) v1 ==== 8+0+0 (secure 0 0 0) 0x7fc10c102f00 con 0x7fc0f8038930
2023-10-05T15:26:42.875 INFO:teuthology.orchestra.run.smithi017.stdout:/usr/bin/ceph: stderr
2023-10-05T15:26:42.417+0000 7fc11444f700 1 -- 172.21.15.17:0/2784460135 >> [v2:172.21.15.17:6800/2369336529,v1:172.21.15.17:6801/2369336529] conn(0x7fc0f8038930 msgr2=0x7fc0f803adf0 secure :-1 s=STATE_CONNECTION_ESTABLISHED l=1).mark_down
2023-10-05T15:26:42.875 INFO:teuthology.orchestra.run.smithi017.stdout:/usr/bin/ceph: stderr
2023-10-05T15:26:42.417+0000 7fc11444f700 1 --2- 172.21.15.17:0/2784460135 >> [v2:172.21.15.17:6800/2369336529,v1:172.21.15.17:6801/2369336529] conn(0x7fc0f8038930 0x7fc0f803adf0 secure :-1 s=READY pgs=9 cs=0 l=1 rev1=1 crypto rx=0x7fc0fc006fd0 tx=0x7fc0fc006e40 comp rx=0 tx=0).stop
2023-10-05T15:26:42.875 INFO:teuthology.orchestra.run.smithi017.stdout:/usr/bin/ceph: stderr
2023-10-05T15:26:42.417+0000 7fc11444f700 1 -- 172.21.15.17:0/2784460135 >> [v2:172.21.15.17:3300/0,v1:172.21.15.17:6789/0] conn(0x7fc10c106590 msgr2=0x7fc10c19c2d0 secure :-1 s=STATE_CONNECTION_ESTABLISHED l=1).mark_down
2023-10-05T15:26:42.875 INFO:teuthology.orchestra.run.smithi017.stdout:/usr/bin/ceph: stderr
2023-10-05T15:26:42.417+0000 7fc11444f700 1 --2- 172.21.15.17:0/2784460135 >> [v2:172.21.15.17:3300/0,v1:172.21.15.17:6789/0] conn(0x7fc10c106590 0x7fc10c19c2d0 secure :-1 s=READY pgs=40 cs=0 l=1 rev1=1 crypto rx=0x7fc108000c00 tx=0x7fc108011e70 comp rx=0 tx=0).stop
2023-10-05T15:26:42.875 INFO:teuthology.orchestra.run.smithi017.stdout:/usr/bin/ceph: stderr
2023-10-05T15:26:42.417+0000 7fc11444f700 1 -- 172.21.15.17:0/2784460135 shutdown_connections
2023-10-05T15:26:42.875 INFO:teuthology.orchestra.run.smithi017.stdout:/usr/bin/ceph: stderr
2023-10-05T15:26:42.417+0000 7fc11444f700 1 --2- 172.21.15.17:0/2784460135 >> [v2:172.21.15.17:6800/2369336529,v1:172.21.15.17:6801/2369336529] conn(0x7fc0f8038930 0x7fc0f803adf0 unknown :-1 s=CLOSED pgs=9 cs=0 l=1 rev1=1 crypto rx=0 tx=0 comp rx=0 tx=0).stop
2023-10-05T15:26:42.875 INFO:teuthology.orchestra.run.smithi017.stdout:/usr/bin/ceph: stderr
2023-10-05T15:26:42.417+0000 7fc11444f700 1 --2- 172.21.15.17:0/2784460135 >> [v2:172.21.15.17:3300/0,v1:172.21.15.17:6789/0] conn(0x7fc10c106590 0x7fc10c19c2d0 unknown :-1 s=CLOSED pgs=40 cs=0 l=1 rev1=1 crypto rx=0 tx=0 comp rx=0 tx=0).stop
2023-10-05T15:26:42.876 INFO:teuthology.orchestra.run.smithi017.stdout:/usr/bin/ceph: stderr
2023-10-05T15:26:42.417+0000 7fc11444f700 1 -- 172.21.15.17:0/2784460135 >> 172.21.15.17:0/2784460135 conn(0x7fc10c101b30 msgr2=0x7fc10c1027f0 unknown :-1 s=STATE_NONE l=0).mark_down
2023-10-05T15:26:42.876 INFO:teuthology.orchestra.run.smithi017.stdout:/usr/bin/ceph: stderr
2023-10-05T15:26:42.417+0000 7fc11444f700 1 -- 172.21.15.17:0/2784460135 shutdown_connections
2023-10-05T15:26:42.876 INFO:teuthology.orchestra.run.smithi017.stdout:/usr/bin/ceph: stderr
2023-10-05T15:26:42.417+0000 7fc11444f700 1 -- 172.21.15.17:0/2784460135 wait complete.
2023-10-05T15:26:43.143 INFO:journalctl@ceph.mon.a.smithi017.stdout:Oct 05 15:26:42 smithi017 ceph-mon[129107]: from='client.14132 -' entity='client.admin' cmd=[{"prefix": "cephadm set-user", "user": "root", "target": ["mon-mgr", ""]}]: dispatch
2023-10-05T15:26:43.143 INFO:journalctl@ceph.mon.a.smithi017.stdout:Oct 05 15:26:42 smithi017 ceph-mon[129107]: from='mgr.14118 172.21.15.17:0/89735705' entity='mgr.x'
2023-10-05T15:26:43.144 INFO:journalctl@ceph.mon.a.smithi017.stdout:Oct 05 15:26:42 smithi017 ceph-mon[129107]: from='mgr.14118 172.21.15.17:0/89735705' entity='mgr.x'
2023-10-05T15:26:43.947 INFO:journalctl@ceph.mon.a.smithi017.stdout:Oct 05 15:26:43 smithi017 ceph-mon[129107]: from='client.14134 -' entity='client.admin' cmd=[{"prefix": "cephadm generate-key", "target": ["mon-mgr", ""]}]: dispatch
2023-10-05T15:26:43.947 INFO:journalctl@ceph.mon.a.smithi017.stdout:Oct 05 15:26:43 smithi017 ceph-mon[129107]: Generating ssh key...
2023-10-05T15:26:44.151 INFO:teuthology.orchestra.run.smithi017.stdout:/usr/bin/ceph: stdout ssh-rsa AAAAB3NzaC1yc2EAAAADAQABAAABgQCsEmlfmwrtSn9RsBo9YdP4s1El53c8cP1jRau5gn+6GSD465vNq+hXdcLGuOkA20QULMfOwYm42rhPMnsAhT7Cp0Ruj42bNSGZjImR6NXcvW1PnCU8XllSHrqvYdadJJKBlLmyvkeP7JuAge/wmK/rCCT2tj92PaMr2grqIICWKZtZ0slx7BJJQzExkOHRZsQd7usju/TfxGZNP0hXhO/TdMvd4ahG/WGjjB9dh3glzDl2k9+F3EDLDrhGyw14lVF29YT1aJpLkGPM0haYe29YfoYrCZRFOXH8uvybpO9GzN9zvmArkZJ2en8RAMZq6FVP03kJE6OrHGbwjZZKZJXvH1eiu8PhLrRg6cQ9dVrbf1POFX2Evs1KSZy6FSW03jEypTO2bT2pVpkBdbMZolFgg3E+TlQNtNfoV8UISZkC6frHC02DZ4W2J7gPTwnKJteFKqB7ygAzIfd96rtez53a0bJV5OkQC2ZAVobCqONrqLREckMyHeGqgXBtJ0MVus0= ceph-6446904c-6393-11ee-8db5-212e2dc638e7
2023-10-05T15:26:44.151 INFO:teuthology.orchestra.run.smithi017.stdout:/usr/bin/ceph: stderr
2023-10-05T15:26:43.409+0000 7f3fb88e7700 1 Processor -- start
2023-10-05T15:26:44.151 INFO:teuthology.orchestra.run.smithi017.stdout:/usr/bin/ceph: stderr
2023-10-05T15:26:43.409+0000 7f3fb88e7700 1 -- start start
2023-10-05T15:26:44.151 INFO:teuthology.orchestra.run.smithi017.stdout:/usr/bin/ceph: stderr
2023-10-05T15:26:43.411+0000 7f3fb88e7700 1 --2- >> [v2:172.21.15.17:3300/0,v1:172.21.15.17:6789/0] conn(0x7f3fb407be80 0x7f3fb407a2e0 unknown :-1 s=NONE pgs=0 cs=0 l=0 rev1=0 crypto rx=0 tx=0 comp rx=0 tx=0).connect
2023-10-05T15:26:44.151 INFO:teuthology.orchestra.run.smithi017.stdout:/usr/bin/ceph: stderr
2023-10-05T15:26:43.411+0000 7f3fb88e7700 1 -- --> [v2:172.21.15.17:3300/0,v1:172.21.15.17:6789/0] -- mon_getmap magic: 0 v1 -- 0x7f3fb407a8b0 con 0x7f3fb407be80
2023-10-05T15:26:44.151 INFO:teuthology.orchestra.run.smithi017.stdout:/usr/bin/ceph: stderr
2023-10-05T15:26:43.411+0000 7f3fb259c700 1 --2- >> [v2:172.21.15.17:3300/0,v1:172.21.15.17:6789/0] conn(0x7f3fb407be80 0x7f3fb407a2e0 unknown :-1 s=BANNER_CONNECTING pgs=0 cs=0 l=0 rev1=0 crypto rx=0 tx=0 comp rx=0 tx=0)._handle_peer_banner_payload supported=3 required=0
2023-10-05T15:26:44.151 INFO:teuthology.orchestra.run.smithi017.stdout:/usr/bin/ceph: stderr
2023-10-05T15:26:43.411+0000 7f3fb259c700 1 --2- >> [v2:172.21.15.17:3300/0,v1:172.21.15.17:6789/0] conn(0x7f3fb407be80 0x7f3fb407a2e0 unknown :-1 s=HELLO_CONNECTING pgs=0 cs=0 l=0 rev1=1 crypto rx=0 tx=0 comp rx=0 tx=0).handle_hello peer v2:172.21.15.17:3300/0 says I am v2:172.21.15.17:46178/0 (socket says 172.21.15.17:46178)
2023-10-05T15:26:44.152 INFO:teuthology.orchestra.run.smithi017.stdout:/usr/bin/ceph: stderr
2023-10-05T15:26:43.411+0000 7f3fb259c700 1 -- 172.21.15.17:0/2425308175 learned_addr learned my addr 172.21.15.17:0/2425308175 (peer_addr_for_me v2:172.21.15.17:0/0)
2023-10-05T15:26:44.152 INFO:teuthology.orchestra.run.smithi017.stdout:/usr/bin/ceph: stderr
2023-10-05T15:26:43.412+0000 7f3fb259c700 1 -- 172.21.15.17:0/2425308175 --> [v2:172.21.15.17:3300/0,v1:172.21.15.17:6789/0] -- mon_subscribe({config=0+,monmap=0+}) v3 -- 0x7f3fb407a9f0 con 0x7f3fb407be80
2023-10-05T15:26:44.152 INFO:teuthology.orchestra.run.smithi017.stdout:/usr/bin/ceph: stderr
2023-10-05T15:26:43.412+0000 7f3fb259c700 1 --2- 172.21.15.17:0/2425308175 >> [v2:172.21.15.17:3300/0,v1:172.21.15.17:6789/0] conn(0x7f3fb407be80 0x7f3fb407a2e0 secure :-1 s=READY pgs=41 cs=0 l=1 rev1=1 crypto rx=0x7f3fa40098a0 tx=0x7f3fa4009bb0 comp rx=0 tx=0).ready entity=mon.0 client_cookie=7d6fdd4a8094dff2 server_cookie=0 in_seq=0 out_seq=0
2023-10-05T15:26:44.152 INFO:teuthology.orchestra.run.smithi017.stdout:/usr/bin/ceph: stderr
2023-10-05T15:26:43.412+0000 7f3fb159a700 1 -- 172.21.15.17:0/2425308175 <== mon.0 v2:172.21.15.17:3300/0 1 ==== mon_map magic: 0 v1 ==== 205+0+0 (secure 0 0 0) 0x7f3fa4004160 con 0x7f3fb407be80
2023-10-05T15:26:44.152 INFO:teuthology.orchestra.run.smithi017.stdout:/usr/bin/ceph: stderr
2023-10-05T15:26:43.412+0000 7f3fb159a700 1 -- 172.21.15.17:0/2425308175 <== mon.0 v2:172.21.15.17:3300/0 2 ==== config(25 keys) v1 ==== 1036+0+0 (secure 0 0 0) 0x7f3fa40042c0 con 0x7f3fb407be80
2023-10-05T15:26:44.152 INFO:teuthology.orchestra.run.smithi017.stdout:/usr/bin/ceph: stderr
2023-10-05T15:26:43.412+0000 7f3fb159a700 1 -- 172.21.15.17:0/2425308175 <== mon.0 v2:172.21.15.17:3300/0 3 ==== mon_map magic: 0 v1 ==== 205+0+0 (secure 0 0 0) 0x7f3fa4011940 con 0x7f3fb407be80
2023-10-05T15:26:44.152 INFO:teuthology.orchestra.run.smithi017.stdout:/usr/bin/ceph: stderr
2023-10-05T15:26:43.413+0000 7f3fb88e7700 1 -- 172.21.15.17:0/2425308175 >> [v2:172.21.15.17:3300/0,v1:172.21.15.17:6789/0] conn(0x7f3fb407be80 msgr2=0x7f3fb407a2e0 secure :-1 s=STATE_CONNECTION_ESTABLISHED l=1).mark_down
2023-10-05T15:26:44.152 INFO:teuthology.orchestra.run.smithi017.stdout:/usr/bin/ceph: stderr
2023-10-05T15:26:43.413+0000 7f3fb88e7700 1 --2- 172.21.15.17:0/2425308175 >> [v2:172.21.15.17:3300/0,v1:172.21.15.17:6789/0] conn(0x7f3fb407be80 0x7f3fb407a2e0 secure :-1 s=READY pgs=41 cs=0 l=1 rev1=1 crypto rx=0x7f3fa40098a0 tx=0x7f3fa4009bb0 comp rx=0 tx=0).stop
2023-10-05T15:26:44.152 INFO:teuthology.orchestra.run.smithi017.stdout:/usr/bin/ceph: stderr
2023-10-05T15:26:43.413+0000 7f3fb88e7700 1 -- 172.21.15.17:0/2425308175 shutdown_connections
2023-10-05T15:26:44.152 INFO:teuthology.orchestra.run.smithi017.stdout:/usr/bin/ceph: stderr
2023-10-05T15:26:43.413+0000 7f3fb88e7700 1 --2- 172.21.15.17:0/2425308175 >> [v2:172.21.15.17:3300/0,v1:172.21.15.17:6789/0] conn(0x7f3fb407be80 0x7f3fb407a2e0 unknown :-1 s=CLOSED pgs=41 cs=0 l=1 rev1=1 crypto rx=0 tx=0 comp rx=0 tx=0).stop
2023-10-05T15:26:44.152 INFO:teuthology.orchestra.run.smithi017.stdout:/usr/bin/ceph: stderr
2023-10-05T15:26:43.413+0000 7f3fb88e7700 1 -- 172.21.15.17:0/2425308175 >> 172.21.15.17:0/2425308175 conn(0x7f3fb4101b30 msgr2=0x7f3fb4103f70 unknown :-1 s=STATE_NONE l=0).mark_down
2023-10-05T15:26:44.153 INFO:teuthology.orchestra.run.smithi017.stdout:/usr/bin/ceph: stderr
2023-10-05T15:26:43.413+0000 7f3fb88e7700 1 -- 172.21.15.17:0/2425308175 shutdown_connections
2023-10-05T15:26:44.153 INFO:teuthology.orchestra.run.smithi017.stdout:/usr/bin/ceph: stderr
2023-10-05T15:26:43.413+0000 7f3fb88e7700 1 -- 172.21.15.17:0/2425308175 wait complete.
2023-10-05T15:26:44.153 INFO:teuthology.orchestra.run.smithi017.stdout:/usr/bin/ceph: stderr
2023-10-05T15:26:43.414+0000 7f3fb88e7700 1 Processor -- start
2023-10-05T15:26:44.153 INFO:teuthology.orchestra.run.smithi017.stdout:/usr/bin/ceph: stderr
2023-10-05T15:26:43.414+0000 7f3fb88e7700 1 -- start start
2023-10-05T15:26:44.153 INFO:teuthology.orchestra.run.smithi017.stdout:/usr/bin/ceph: stderr
2023-10-05T15:26:43.414+0000 7f3fb88e7700 1 --2- >> [v2:172.21.15.17:3300/0,v1:172.21.15.17:6789/0] conn(0x7f3fb407be80 0x7f3fb419c2c0 unknown :-1 s=NONE pgs=0 cs=0 l=1 rev1=0 crypto rx=0 tx=0 comp rx=0 tx=0).connect
2023-10-05T15:26:44.153 INFO:teuthology.orchestra.run.smithi017.stdout:/usr/bin/ceph: stderr
2023-10-05T15:26:43.414+0000 7f3fb88e7700 1 -- --> [v2:172.21.15.17:3300/0,v1:172.21.15.17:6789/0] -- mon_getmap magic: 0 v1 -- 0x7f3fb419c800 con 0x7f3fb407be80
2023-10-05T15:26:44.153 INFO:teuthology.orchestra.run.smithi017.stdout:/usr/bin/ceph: stderr
