2023-10-05T15:23:33.668 INFO:teuthology.orchestra.run.smithi045.stdout:/usr/bin/ceph: stderr
2023-10-05T15:23:32.470+0000 7f6f7a7fc700 1 -- 172.21.15.45:0/1750518829 <== mon.0 v2:172.21.15.45:3300/0 1 ==== mon_map magic: 0 v1 ==== 205+0+0 (secure 0 0 0) 0x7f6f80003930 con 0x7f6f84107140
2023-10-05T15:23:33.668 INFO:teuthology.orchestra.run.smithi045.stdout:/usr/bin/ceph: stderr
2023-10-05T15:23:32.470+0000 7f6f8b590700 1 -- 172.21.15.45:0/1750518829 --> [v2:172.21.15.45:3300/0,v1:172.21.15.45:6789/0] -- mon_subscribe({mgrmap=0+}) v3 -- 0x7f6f8419aa70 con 0x7f6f84107140
2023-10-05T15:23:33.668 INFO:teuthology.orchestra.run.smithi045.stdout:/usr/bin/ceph: stderr
2023-10-05T15:23:32.470+0000 7f6f7a7fc700 1 -- 172.21.15.45:0/1750518829 <== mon.0 v2:172.21.15.45:3300/0 2 ==== config(26 keys) v1 ==== 1074+0+0 (secure 0 0 0) 0x7f6f80003a90 con 0x7f6f84107140
2023-10-05T15:23:33.668 INFO:teuthology.orchestra.run.smithi045.stdout:/usr/bin/ceph: stderr
2023-10-05T15:23:32.470+0000 7f6f7a7fc700 1 -- 172.21.15.45:0/1750518829 <== mon.0 v2:172.21.15.45:3300/0 3 ==== mon_map magic: 0 v1 ==== 205+0+0 (secure 0 0 0) 0x7f6f80019610 con 0x7f6f84107140
2023-10-05T15:23:33.668 INFO:teuthology.orchestra.run.smithi045.stdout:/usr/bin/ceph: stderr
2023-10-05T15:23:32.470+0000 7f6f8b590700 1 -- 172.21.15.45:0/1750518829 --> [v2:172.21.15.45:3300/0,v1:172.21.15.45:6789/0] -- mon_subscribe({osdmap=0}) v3 -- 0x7f6f8419ae90 con 0x7f6f84107140
2023-10-05T15:23:33.668 INFO:teuthology.orchestra.run.smithi045.stdout:/usr/bin/ceph: stderr
2023-10-05T15:23:32.471+0000 7f6f7a7fc700 1 -- 172.21.15.45:0/1750518829 <== mon.0 v2:172.21.15.45:3300/0 4 ==== mgrmap(e 5) v1 ==== 45579+0+0 (secure 0 0 0) 0x7f6f800198d0 con 0x7f6f84107140
2023-10-05T15:23:33.668 INFO:teuthology.orchestra.run.smithi045.stdout:/usr/bin/ceph: stderr
2023-10-05T15:23:32.471+0000 7f6f7a7fc700 1 --2- 172.21.15.45:0/1750518829 >> [v2:172.21.15.45:6800/3762643723,v1:172.21.15.45:6801/3762643723] conn(0x7f6f700387d0 0x7f6f7003ac90 unknown :-1 s=NONE pgs=0 cs=0 l=1 rev1=0 crypto rx=0 tx=0 comp rx=0 tx=0).connect
2023-10-05T15:23:33.669 INFO:teuthology.orchestra.run.smithi045.stdout:/usr/bin/ceph: stderr
2023-10-05T15:23:32.471+0000 7f6f7a7fc700 1 -- 172.21.15.45:0/1750518829 <== mon.0 v2:172.21.15.45:3300/0 5 ==== osd_map(1..1 src has 1..1) v4 ==== 725+0+0 (secure 0 0 0) 0x7f6f8004c7b0 con 0x7f6f84107140
2023-10-05T15:23:33.669 INFO:teuthology.orchestra.run.smithi045.stdout:/usr/bin/ceph: stderr
2023-10-05T15:23:32.471+0000 7f6f88b2b700 1 -- 172.21.15.45:0/1750518829 >> [v2:172.21.15.45:6800/3762643723,v1:172.21.15.45:6801/3762643723] conn(0x7f6f700387d0 msgr2=0x7f6f7003ac90 unknown :-1 s=STATE_CONNECTING_RE l=1).process reconnect failed to v2:172.21.15.45:6800/3762643723
2023-10-05T15:23:33.669 INFO:teuthology.orchestra.run.smithi045.stdout:/usr/bin/ceph: stderr
2023-10-05T15:23:32.471+0000 7f6f88b2b700 1 --2- 172.21.15.45:0/1750518829 >> [v2:172.21.15.45:6800/3762643723,v1:172.21.15.45:6801/3762643723] conn(0x7f6f700387d0 0x7f6f7003ac90 unknown :-1 s=START_CONNECT pgs=0 cs=0 l=1 rev1=0 crypto rx=0 tx=0 comp rx=0 tx=0)._fault waiting 0.200000
2023-10-05T15:23:33.669 INFO:teuthology.orchestra.run.smithi045.stdout:/usr/bin/ceph: stderr
2023-10-05T15:23:32.471+0000 7f6f8b590700 1 -- 172.21.15.45:0/1750518829 --> [v2:172.21.15.45:3300/0,v1:172.21.15.45:6789/0] -- mon_command({"prefix": "get_command_descriptions"} v 0) v1 -- 0x7f6f840624e0 con 0x7f6f84107140
2023-10-05T15:23:33.669 INFO:teuthology.orchestra.run.smithi045.stdout:/usr/bin/ceph: stderr
2023-10-05T15:23:32.476+0000 7f6f7a7fc700 1 -- 172.21.15.45:0/1750518829 <== mon.0 v2:172.21.15.45:3300/0 6 ==== mon_command_ack([{"prefix": "get_command_descriptions"}]=0 v0) v1 ==== 72+0+180459 (secure 0 0 0) 0x7f6f80019bd0 con 0x7f6f84107140
2023-10-05T15:23:33.669 INFO:teuthology.orchestra.run.smithi045.stdout:/usr/bin/ceph: stderr
2023-10-05T15:23:32.672+0000 7f6f88b2b700 1 -- 172.21.15.45:0/1750518829 >> [v2:172.21.15.45:6800/3762643723,v1:172.21.15.45:6801/3762643723] conn(0x7f6f700387d0 msgr2=0x7f6f7003ac90 unknown :-1 s=STATE_CONNECTING_RE l=1).process reconnect failed to v2:172.21.15.45:6800/3762643723
2023-10-05T15:23:33.669 INFO:teuthology.orchestra.run.smithi045.stdout:/usr/bin/ceph: stderr
2023-10-05T15:23:32.672+0000 7f6f88b2b700 1 --2- 172.21.15.45:0/1750518829 >> [v2:172.21.15.45:6800/3762643723,v1:172.21.15.45:6801/3762643723] conn(0x7f6f700387d0 0x7f6f7003ac90 unknown :-1 s=START_CONNECT pgs=0 cs=0 l=1 rev1=0 crypto rx=0 tx=0 comp rx=0 tx=0)._fault waiting 0.400000
2023-10-05T15:23:33.669 INFO:teuthology.orchestra.run.smithi045.stdout:/usr/bin/ceph: stderr
2023-10-05T15:23:32.955+0000 7f6f8b590700 1 -- 172.21.15.45:0/1750518829 --> [v2:172.21.15.45:3300/0,v1:172.21.15.45:6789/0] -- mon_command({"prefix": "mgr stat"} v 0) v1 -- 0x7f6f8410a7c0 con 0x7f6f84107140
2023-10-05T15:23:33.669 INFO:teuthology.orchestra.run.smithi045.stdout:/usr/bin/ceph: stderr
2023-10-05T15:23:32.956+0000 7f6f7a7fc700 1 -- 172.21.15.45:0/1750518829 <== mon.0 v2:172.21.15.45:3300/0 7 ==== mon_command_ack([{"prefix": "mgr stat"}]=0 v5) v1 ==== 56+0+88 (secure 0 0 0) 0x7f6f80018b40 con 0x7f6f84107140
2023-10-05T15:23:33.669 INFO:teuthology.orchestra.run.smithi045.stdout:/usr/bin/ceph: stderr
2023-10-05T15:23:32.958+0000 7f6f8b590700 1 -- 172.21.15.45:0/1750518829 >> [v2:172.21.15.45:6800/3762643723,v1:172.21.15.45:6801/3762643723] conn(0x7f6f700387d0 msgr2=0x7f6f7003ac90 unknown :-1 s=STATE_CONNECTING l=1).mark_down
2023-10-05T15:23:33.669 INFO:teuthology.orchestra.run.smithi045.stdout:/usr/bin/ceph: stderr
2023-10-05T15:23:32.958+0000 7f6f8b590700 1 --2- 172.21.15.45:0/1750518829 >> [v2:172.21.15.45:6800/3762643723,v1:172.21.15.45:6801/3762643723] conn(0x7f6f700387d0 0x7f6f7003ac90 unknown :-1 s=START_CONNECT pgs=0 cs=0 l=1 rev1=0 crypto rx=0 tx=0 comp rx=0 tx=0).stop
2023-10-05T15:23:33.669 INFO:teuthology.orchestra.run.smithi045.stdout:/usr/bin/ceph: stderr
2023-10-05T15:23:32.958+0000 7f6f8b590700 1 -- 172.21.15.45:0/1750518829 >> [v2:172.21.15.45:3300/0,v1:172.21.15.45:6789/0] conn(0x7f6f84107140 msgr2=0x7f6f8419a330 secure :-1 s=STATE_CONNECTION_ESTABLISHED l=1).mark_down
2023-10-05T15:23:33.670 INFO:teuthology.orchestra.run.smithi045.stdout:/usr/bin/ceph: stderr
2023-10-05T15:23:32.958+0000 7f6f8b590700 1 --2- 172.21.15.45:0/1750518829 >> [v2:172.21.15.45:3300/0,v1:172.21.15.45:6789/0] conn(0x7f6f84107140 0x7f6f8419a330 secure :-1 s=READY pgs=27 cs=0 l=1 rev1=1 crypto rx=0x7f6f80009fb0 tx=0x7f6f80011ad0 comp rx=0 tx=0).stop
2023-10-05T15:23:33.670 INFO:teuthology.orchestra.run.smithi045.stdout:/usr/bin/ceph: stderr
2023-10-05T15:23:32.958+0000 7f6f8b590700 1 -- 172.21.15.45:0/1750518829 shutdown_connections
2023-10-05T15:23:33.670 INFO:teuthology.orchestra.run.smithi045.stdout:/usr/bin/ceph: stderr
2023-10-05T15:23:32.958+0000 7f6f8b590700 1 --2- 172.21.15.45:0/1750518829 >> [v2:172.21.15.45:6800/3762643723,v1:172.21.15.45:6801/3762643723] conn(0x7f6f700387d0 0x7f6f7003ac90 unknown :-1 s=CLOSED pgs=0 cs=0 l=1 rev1=0 crypto rx=0 tx=0 comp rx=0 tx=0).stop
2023-10-05T15:23:33.670 INFO:teuthology.orchestra.run.smithi045.stdout:/usr/bin/ceph: stderr
2023-10-05T15:23:32.958+0000 7f6f8b590700 1 --2- 172.21.15.45:0/1750518829 >> [v2:172.21.15.45:3300/0,v1:172.21.15.45:6789/0] conn(0x7f6f84107140 0x7f6f8419a330 unknown :-1 s=CLOSED pgs=27 cs=0 l=1 rev1=1 crypto rx=0 tx=0 comp rx=0 tx=0).stop
2023-10-05T15:23:33.670 INFO:teuthology.orchestra.run.smithi045.stdout:/usr/bin/ceph: stderr
2023-10-05T15:23:32.958+0000 7f6f8b590700 1 -- 172.21.15.45:0/1750518829 >> 172.21.15.45:0/1750518829 conn(0x7f6f84100b30 msgr2=0x7f6f841021b0 unknown :-1 s=STATE_NONE l=0).mark_down
2023-10-05T15:23:33.670 INFO:teuthology.orchestra.run.smithi045.stdout:/usr/bin/ceph: stderr
2023-10-05T15:23:32.958+0000 7f6f8b590700 1 -- 172.21.15.45:0/1750518829 shutdown_connections
2023-10-05T15:23:33.670 INFO:teuthology.orchestra.run.smithi045.stdout:/usr/bin/ceph: stderr
2023-10-05T15:23:32.958+0000 7f6f8b590700 1 -- 172.21.15.45:0/1750518829 wait complete.
2023-10-05T15:23:33.670 INFO:teuthology.orchestra.run.smithi045.stdout:Waiting for the mgr to restart...
2023-10-05T15:23:33.670 INFO:teuthology.orchestra.run.smithi045.stdout:Waiting for mgr epoch 5...
2023-10-05T15:23:33.855 INFO:journalctl@ceph.mon.a.smithi045.stdout:Oct 05 15:23:33 smithi045 ceph-mon[99223]: from='client.? 172.21.15.45:0/1750518829' entity='client.admin' cmd=[{"prefix": "mgr stat"}]: dispatch
2023-10-05T15:23:33.856 INFO:journalctl@ceph.mgr.x.smithi045.stdout:Oct 05 15:23:33 smithi045 ceph-f412ca02-6392-11ee-8db5-212e2dc638e7-mgr-x[99467]:
2023-10-05T15:23:33.565+0000 7f7aafbe0200 -1 mgr[py] Module progress has missing NOTIFY_TYPES member
2023-10-05T15:23:34.855 INFO:journalctl@ceph.mgr.x.smithi045.stdout:Oct 05 15:23:34 smithi045 ceph-f412ca02-6392-11ee-8db5-212e2dc638e7-mgr-x[99467]:
2023-10-05T15:23:34.359+0000 7f7aafbe0200 -1 mgr[py] Module rook has missing NOTIFY_TYPES member
2023-10-05T15:23:34.855 INFO:journalctl@ceph.mgr.x.smithi045.stdout:Oct 05 15:23:34 smithi045 ceph-f412ca02-6392-11ee-8db5-212e2dc638e7-mgr-x[99467]:
2023-10-05T15:23:34.457+0000 7f7aafbe0200 -1 mgr[py] Module iostat has missing NOTIFY_TYPES member
2023-10-05T15:23:35.765 INFO:journalctl@ceph.mgr.x.smithi045.stdout:Oct 05 15:23:35 smithi045 ceph-f412ca02-6392-11ee-8db5-212e2dc638e7-mgr-x[99467]:
2023-10-05T15:23:35.431+0000 7f7aafbe0200 -1 mgr[py] Module test_orchestrator has missing NOTIFY_TYPES member
2023-10-05T15:23:35.766 INFO:journalctl@ceph.mgr.x.smithi045.stdout:Oct 05 15:23:35 smithi045 ceph-f412ca02-6392-11ee-8db5-212e2dc638e7-mgr-x[99467]:
2023-10-05T15:23:35.542+0000 7f7aafbe0200 -1 mgr[py] Module osd_perf_query has missing NOTIFY_TYPES member
2023-10-05T15:23:36.105 INFO:journalctl@ceph.mgr.x.smithi045.stdout:Oct 05 15:23:35 smithi045 ceph-f412ca02-6392-11ee-8db5-212e2dc638e7-mgr-x[99467]:
2023-10-05T15:23:35.763+0000 7f7aafbe0200 -1 mgr[py] Module orchestrator has missing NOTIFY_TYPES member
2023-10-05T15:23:36.369 INFO:journalctl@ceph.mgr.x.smithi045.stdout:Oct 05 15:23:36 smithi045 ceph-f412ca02-6392-11ee-8db5-212e2dc638e7-mgr-x[99467]:
2023-10-05T15:23:36.113+0000 7f7aafbe0200 -1 mgr[py] Module rgw has missing NOTIFY_TYPES member
2023-10-05T15:23:36.855 INFO:journalctl@ceph.mgr.x.smithi045.stdout:Oct 05 15:23:36 smithi045 ceph-f412ca02-6392-11ee-8db5-212e2dc638e7-mgr-x[99467]:
2023-10-05T15:23:36.366+0000 7f7aafbe0200 -1 mgr[py] Module influx has missing NOTIFY_TYPES member
2023-10-05T15:23:36.855 INFO:journalctl@ceph.mgr.x.smithi045.stdout:Oct 05 15:23:36 smithi045 ceph-f412ca02-6392-11ee-8db5-212e2dc638e7-mgr-x[99467]:
2023-10-05T15:23:36.549+0000 7f7aafbe0200 -1 mgr[py] Module telemetry has missing NOTIFY_TYPES member
2023-10-05T15:23:37.355 INFO:journalctl@ceph.mgr.x.smithi045.stdout:Oct 05 15:23:36 smithi045 ceph-f412ca02-6392-11ee-8db5-212e2dc638e7-mgr-x[99467]:
2023-10-05T15:23:36.879+0000 7f7aafbe0200 -1 mgr[py] Module telegraf has missing NOTIFY_TYPES member
2023-10-05T15:23:38.105 INFO:journalctl@ceph.mgr.x.smithi045.stdout:Oct 05 15:23:37 smithi045 ceph-f412ca02-6392-11ee-8db5-212e2dc638e7-mgr-x[99467]:
2023-10-05T15:23:37.702+0000 7f7aafbe0200 -1 mgr[py] Module balancer has missing NOTIFY_TYPES member
2023-10-05T15:23:38.105 INFO:journalctl@ceph.mgr.x.smithi045.stdout:Oct 05 15:23:37 smithi045 ceph-f412ca02-6392-11ee-8db5-212e2dc638e7-mgr-x[99467]:
2023-10-05T15:23:37.860+0000 7f7aafbe0200 -1 mgr[py] Module diskprediction_local has missing NOTIFY_TYPES member
2023-10-05T15:23:38.517 INFO:journalctl@ceph.mgr.x.smithi045.stdout:Oct 05 15:23:38 smithi045 ceph-f412ca02-6392-11ee-8db5-212e2dc638e7-mgr-x[99467]:
2023-10-05T15:23:38.106+0000 7f7aafbe0200 -1 mgr[py] Module nfs has missing NOTIFY_TYPES member
2023-10-05T15:23:38.518 INFO:journalctl@ceph.mgr.x.smithi045.stdout:Oct 05 15:23:38 smithi045 ceph-f412ca02-6392-11ee-8db5-212e2dc638e7-mgr-x[99467]:
2023-10-05T15:23:38.242+0000 7f7aafbe0200 -1 mgr[py] Module rbd_support has missing NOTIFY_TYPES member
2023-10-05T15:23:38.855 INFO:journalctl@ceph.mgr.x.smithi045.stdout:Oct 05 15:23:38 smithi045 ceph-f412ca02-6392-11ee-8db5-212e2dc638e7-mgr-x[99467]:
2023-10-05T15:23:38.515+0000 7f7aafbe0200 -1 mgr[py] Module volumes has missing NOTIFY_TYPES member
2023-10-05T15:23:39.855 INFO:journalctl@ceph.mgr.x.smithi045.stdout:Oct 05 15:23:39 smithi045 ceph-f412ca02-6392-11ee-8db5-212e2dc638e7-mgr-x[99467]:
2023-10-05T15:23:39.560+0000 7f7aafbe0200 -1 mgr[py] Module pg_autoscaler has missing NOTIFY_TYPES member
2023-10-05T15:23:40.746 INFO:journalctl@ceph.mon.a.smithi045.stdout:Oct 05 15:23:40 smithi045 ceph-mon[99223]: Active manager daemon x restarted
2023-10-05T15:23:40.747 INFO:journalctl@ceph.mon.a.smithi045.stdout:Oct 05 15:23:40 smithi045 ceph-mon[99223]: Activating manager daemon x
2023-10-05T15:23:40.747 INFO:journalctl@ceph.mon.a.smithi045.stdout:Oct 05 15:23:40 smithi045 ceph-mon[99223]: osdmap e2: 0 total, 0 up, 0 in
2023-10-05T15:23:40.747 INFO:journalctl@ceph.mon.a.smithi045.stdout:Oct 05 15:23:40 smithi045 ceph-mon[99223]: mgrmap e6: x(active, starting, since 0.00331442s)
2023-10-05T15:23:40.747 INFO:journalctl@ceph.mon.a.smithi045.stdout:Oct 05 15:23:40 smithi045 ceph-mon[99223]: from='mgr.14120 172.21.15.45:0/1999390557' entity='mgr.x' cmd=[{"prefix": "mon metadata", "id": "a"}]: dispatch
2023-10-05T15:23:40.747 INFO:journalctl@ceph.mon.a.smithi045.stdout:Oct 05 15:23:40 smithi045 ceph-mon[99223]: from='mgr.14120 172.21.15.45:0/1999390557' entity='mgr.x' cmd=[{"prefix": "mgr metadata", "who": "x", "id": "x"}]: dispatch
2023-10-05T15:23:40.747 INFO:journalctl@ceph.mon.a.smithi045.stdout:Oct 05 15:23:40 smithi045 ceph-mon[99223]: from='mgr.14120 172.21.15.45:0/1999390557' entity='mgr.x' cmd=[{"prefix": "mds metadata"}]: dispatch
2023-10-05T15:23:40.747 INFO:journalctl@ceph.mon.a.smithi045.stdout:Oct 05 15:23:40 smithi045 ceph-mon[99223]: from='mgr.14120 172.21.15.45:0/1999390557' entity='mgr.x' cmd=[{"prefix": "osd metadata"}]: dispatch
2023-10-05T15:23:40.747 INFO:journalctl@ceph.mon.a.smithi045.stdout:Oct 05 15:23:40 smithi045 ceph-mon[99223]: from='mgr.14120 172.21.15.45:0/1999390557' entity='mgr.x' cmd=[{"prefix": "mon metadata"}]: dispatch
2023-10-05T15:23:40.747 INFO:journalctl@ceph.mon.a.smithi045.stdout:Oct 05 15:23:40 smithi045 ceph-mon[99223]: Manager daemon x is now available
2023-10-05T15:23:40.747 INFO:journalctl@ceph.mon.a.smithi045.stdout:Oct 05 15:23:40 smithi045 ceph-mon[99223]: from='mgr.14120 172.21.15.45:0/1999390557' entity='mgr.x'
2023-10-05T15:23:40.747 INFO:journalctl@ceph.mon.a.smithi045.stdout:Oct 05 15:23:40 smithi045 ceph-mon[99223]: from='mgr.14120 172.21.15.45:0/1999390557' entity='mgr.x'
2023-10-05T15:23:40.748 INFO:journalctl@ceph.mon.a.smithi045.stdout:Oct 05 15:23:40 smithi045 ceph-mon[99223]: from='mgr.14120 172.21.15.45:0/1999390557' entity='mgr.x' cmd=[{"prefix": "config dump", "format": "json"}]: dispatch
2023-10-05T15:23:40.748 INFO:journalctl@ceph.mon.a.smithi045.stdout:Oct 05 15:23:40 smithi045 ceph-mon[99223]: from='mgr.14120 172.21.15.45:0/1999390557' entity='mgr.x' cmd=[{"prefix": "config dump", "format": "json"}]: dispatch
2023-10-05T15:23:40.748 INFO:journalctl@ceph.mon.a.smithi045.stdout:Oct 05 15:23:40 smithi045 ceph-mon[99223]: from='mgr.14120 172.21.15.45:0/1999390557' entity='mgr.x' cmd=[{"prefix": "config dump", "format": "json"}]: dispatch
2023-10-05T15:23:40.748 INFO:journalctl@ceph.mon.a.smithi045.stdout:Oct 05 15:23:40 smithi045 ceph-mon[99223]: from='mgr.14120 172.21.15.45:0/1999390557' entity='mgr.x' cmd=[{"prefix":"config rm","who":"mgr","name":"mgr/rbd_support/x/mirror_snapshot_schedule"}]: dispatch
2023-10-05T15:23:40.748 INFO:journalctl@ceph.mon.a.smithi045.stdout:Oct 05 15:23:40 smithi045 ceph-mon[99223]: from='mgr.14120 172.21.15.45:0/1999390557' entity='mgr.x' cmd=[{"prefix":"config rm","who":"mgr","name":"mgr/rbd_support/x/trash_purge_schedule"}]: dispatch
2023-10-05T15:23:40.748 INFO:journalctl@ceph.mon.a.smithi045.stdout:Oct 05 15:23:40 smithi045 ceph-mon[99223]: from='mgr.14120 172.21.15.45:0/1999390557' entity='mgr.x'
2023-10-05T15:23:40.748 INFO:journalctl@ceph.mon.a.smithi045.stdout:Oct 05 15:23:40 smithi045 ceph-mon[99223]: from='mgr.14120 172.21.15.45:0/1999390557' entity='mgr.x'
2023-10-05T15:23:41.026 INFO:teuthology.orchestra.run.smithi045.stdout:/usr/bin/ceph: stdout {
2023-10-05T15:23:41.026 INFO:teuthology.orchestra.run.smithi045.stdout:/usr/bin/ceph: stdout "mgrmap_epoch": 7,
2023-10-05T15:23:41.026 INFO:teuthology.orchestra.run.smithi045.stdout:/usr/bin/ceph: stdout "initialized": true
2023-10-05T15:23:41.026 INFO:teuthology.orchestra.run.smithi045.stdout:/usr/bin/ceph: stdout }
2023-10-05T15:23:41.026 INFO:teuthology.orchestra.run.smithi045.stdout:/usr/bin/ceph: stderr
2023-10-05T15:23:34.210+0000 7f499b303700 1 Processor -- start
2023-10-05T15:23:41.026 INFO:teuthology.orchestra.run.smithi045.stdout:/usr/bin/ceph: stderr
2023-10-05T15:23:34.210+0000 7f499b303700 1 -- start start
2023-10-05T15:23:41.026 INFO:teuthology.orchestra.run.smithi045.stdout:/usr/bin/ceph: stderr
2023-10-05T15:23:34.211+0000 7f499b303700 1 --2- >> [v2:172.21.15.45:3300/0,v1:172.21.15.45:6789/0] conn(0x7f4994105550 0x7f4994105970 unknown :-1 s=NONE pgs=0 cs=0 l=0 rev1=0 crypto rx=0 tx=0 comp rx=0 tx=0).connect
2023-10-05T15:23:41.026 INFO:teuthology.orchestra.run.smithi045.stdout:/usr/bin/ceph: stderr
2023-10-05T15:23:34.211+0000 7f499b303700 1 -- --> [v2:172.21.15.45:3300/0,v1:172.21.15.45:6789/0] -- mon_getmap magic: 0 v1 -- 0x7f4994105f40 con 0x7f4994105550
2023-10-05T15:23:41.027 INFO:teuthology.orchestra.run.smithi045.stdout:/usr/bin/ceph: stderr
2023-10-05T15:23:34.211+0000 7f499909f700 1 --2- >> [v2:172.21.15.45:3300/0,v1:172.21.15.45:6789/0] conn(0x7f4994105550 0x7f4994105970 unknown :-1 s=BANNER_CONNECTING pgs=0 cs=0 l=0 rev1=0 crypto rx=0 tx=0 comp rx=0 tx=0)._handle_peer_banner_payload supported=3 required=0
2023-10-05T15:23:41.027 INFO:teuthology.orchestra.run.smithi045.stdout:/usr/bin/ceph: stderr
2023-10-05T15:23:34.211+0000 7f499909f700 1 --2- >> [v2:172.21.15.45:3300/0,v1:172.21.15.45:6789/0] conn(0x7f4994105550 0x7f4994105970 unknown :-1 s=HELLO_CONNECTING pgs=0 cs=0 l=0 rev1=1 crypto rx=0 tx=0 comp rx=0 tx=0).handle_hello peer v2:172.21.15.45:3300/0 says I am v2:172.21.15.45:39078/0 (socket says 172.21.15.45:39078)
2023-10-05T15:23:41.027 INFO:teuthology.orchestra.run.smithi045.stdout:/usr/bin/ceph: stderr
2023-10-05T15:23:34.211+0000 7f499909f700 1 -- 172.21.15.45:0/128448482 learned_addr learned my addr 172.21.15.45:0/128448482 (peer_addr_for_me v2:172.21.15.45:0/0)
2023-10-05T15:23:41.027 INFO:teuthology.orchestra.run.smithi045.stdout:/usr/bin/ceph: stderr
2023-10-05T15:23:34.211+0000 7f499909f700 1 -- 172.21.15.45:0/128448482 --> [v2:172.21.15.45:3300/0,v1:172.21.15.45:6789/0] -- mon_subscribe({config=0+,monmap=0+}) v3 -- 0x7f4994106750 con 0x7f4994105550
2023-10-05T15:23:41.027 INFO:teuthology.orchestra.run.smithi045.stdout:/usr/bin/ceph: stderr
2023-10-05T15:23:34.211+0000 7f499909f700 1 --2- 172.21.15.45:0/128448482 >> [v2:172.21.15.45:3300/0,v1:172.21.15.45:6789/0] conn(0x7f4994105550 0x7f4994105970 secure :-1 s=READY pgs=28 cs=0 l=1 rev1=1 crypto rx=0x7f499000bb40 tx=0x7f499000be50 comp rx=0 tx=0).ready entity=mon.0 client_cookie=5f92f4b153b2f871 server_cookie=0 in_seq=0 out_seq=0
2023-10-05T15:23:41.027 INFO:teuthology.orchestra.run.smithi045.stdout:/usr/bin/ceph: stderr
2023-10-05T15:23:34.211+0000 7f498bfff700 1 -- 172.21.15.45:0/128448482 <== mon.0 v2:172.21.15.45:3300/0 1 ==== mon_map magic: 0 v1 ==== 205+0+0 (secure 0 0 0) 0x7f499000dbe0 con 0x7f4994105550
2023-10-05T15:23:41.027 INFO:teuthology.orchestra.run.smithi045.stdout:/usr/bin/ceph: stderr
2023-10-05T15:23:34.212+0000 7f498bfff700 1 -- 172.21.15.45:0/128448482 <== mon.0 v2:172.21.15.45:3300/0 2 ==== config(26 keys) v1 ==== 1074+0+0 (secure 0 0 0) 0x7f49900044d0 con 0x7f4994105550
2023-10-05T15:23:41.027 INFO:teuthology.orchestra.run.smithi045.stdout:/usr/bin/ceph: stderr
2023-10-05T15:23:34.212+0000 7f498bfff700 1 -- 172.21.15.45:0/128448482 <== mon.0 v2:172.21.15.45:3300/0 3 ==== mon_map magic: 0 v1 ==== 205+0+0 (secure 0 0 0) 0x7f4990010470 con 0x7f4994105550
2023-10-05T15:23:41.027 INFO:teuthology.orchestra.run.smithi045.stdout:/usr/bin/ceph: stderr
2023-10-05T15:23:34.212+0000 7f499b303700 1 -- 172.21.15.45:0/128448482 >> [v2:172.21.15.45:3300/0,v1:172.21.15.45:6789/0] conn(0x7f4994105550 msgr2=0x7f4994105970 secure :-1 s=STATE_CONNECTION_ESTABLISHED l=1).mark_down
2023-10-05T15:23:41.027 INFO:teuthology.orchestra.run.smithi045.stdout:/usr/bin/ceph: stderr
2023-10-05T15:23:34.212+0000 7f499b303700 1 --2- 172.21.15.45:0/128448482 >> [v2:172.21.15.45:3300/0,v1:172.21.15.45:6789/0] conn(0x7f4994105550 0x7f4994105970 secure :-1 s=READY pgs=28 cs=0 l=1 rev1=1 crypto rx=0x7f499000bb40 tx=0x7f499000be50 comp rx=0 tx=0).stop
2023-10-05T15:23:41.027 INFO:teuthology.orchestra.run.smithi045.stdout:/usr/bin/ceph: stderr
2023-10-05T15:23:34.213+0000 7f499b303700 1 -- 172.21.15.45:0/128448482 shutdown_connections
2023-10-05T15:23:41.028 INFO:teuthology.orchestra.run.smithi045.stdout:/usr/bin/ceph: stderr
2023-10-05T15:23:34.213+0000 7f499b303700 1 --2- 172.21.15.45:0/128448482 >> [v2:172.21.15.45:3300/0,v1:172.21.15.45:6789/0] conn(0x7f4994105550 0x7f4994105970 unknown :-1 s=CLOSED pgs=28 cs=0 l=1 rev1=1 crypto rx=0 tx=0 comp rx=0 tx=0).stop
2023-10-05T15:23:41.028 INFO:teuthology.orchestra.run.smithi045.stdout:/usr/bin/ceph: stderr
2023-10-05T15:23:34.213+0000 7f499b303700 1 -- 172.21.15.45:0/128448482 >> 172.21.15.45:0/128448482 conn(0x7f4994100b30 msgr2=0x7f4994102f50 unknown :-1 s=STATE_NONE l=0).mark_down
2023-10-05T15:23:41.028 INFO:teuthology.orchestra.run.smithi045.stdout:/usr/bin/ceph: stderr
2023-10-05T15:23:34.213+0000 7f499b303700 1 -- 172.21.15.45:0/128448482 shutdown_connections
2023-10-05T15:23:41.028 INFO:teuthology.orchestra.run.smithi045.stdout:/usr/bin/ceph: stderr
2023-10-05T15:23:34.213+0000 7f499b303700 1 -- 172.21.15.45:0/128448482 wait complete.
2023-10-05T15:23:41.028 INFO:teuthology.orchestra.run.smithi045.stdout:/usr/bin/ceph: stderr
2023-10-05T15:23:34.213+0000 7f499b303700 1 Processor -- start
2023-10-05T15:23:41.028 INFO:teuthology.orchestra.run.smithi045.stdout:/usr/bin/ceph: stderr
2023-10-05T15:23:34.213+0000 7f499b303700 1 -- start start
2023-10-05T15:23:41.028 INFO:teuthology.orchestra.run.smithi045.stdout:/usr/bin/ceph: stderr
2023-10-05T15:23:34.213+0000 7f499b303700 1 --2- >> [v2:172.21.15.45:3300/0,v1:172.21.15.45:6789/0] conn(0x7f4994105550 0x7f4994198170 unknown :-1 s=NONE pgs=0 cs=0 l=1 rev1=0 crypto rx=0 tx=0 comp rx=0 tx=0).connect
2023-10-05T15:23:41.028 INFO:teuthology.orchestra.run.smithi045.stdout:/usr/bin/ceph: stderr
2023-10-05T15:23:34.213+0000 7f499b303700 1 -- --> [v2:172.21.15.45:3300/0,v1:172.21.15.45:6789/0] -- mon_getmap magic: 0 v1 -- 0x7f49941986b0 con 0x7f4994105550
2023-10-05T15:23:41.028 INFO:teuthology.orchestra.run.smithi045.stdout:/usr/bin/ceph: stderr
2023-10-05T15:23:34.214+0000 7f499909f700 1 --2- >> [v2:172.21.15.45:3300/0,v1:172.21.15.45:6789/0] conn(0x7f4994105550 0x7f4994198170 unknown :-1 s=BANNER_CONNECTING pgs=0 cs=0 l=1 rev1=0 crypto rx=0 tx=0 comp rx=0 tx=0)._handle_peer_banner_payload supported=3 required=0
2023-10-05T15:23:41.028 INFO:teuthology.orchestra.run.smithi045.stdout:/usr/bin/ceph: stderr
2023-10-05T15:23:34.214+0000 7f499909f700 1 --2- >> [v2:172.21.15.45:3300/0,v1:172.21.15.45:6789/0] conn(0x7f4994105550 0x7f4994198170 unknown :-1 s=HELLO_CONNECTING pgs=0 cs=0 l=1 rev1=1 crypto rx=0 tx=0 comp rx=0 tx=0).handle_hello peer v2:172.21.15.45:3300/0 says I am v2:172.21.15.45:39080/0 (socket says 172.21.15.45:39080)
2023-10-05T15:23:41.028 INFO:teuthology.orchestra.run.smithi045.stdout:/usr/bin/ceph: stderr
2023-10-05T15:23:34.214+0000 7f499909f700 1 -- 172.21.15.45:0/1775163740 learned_addr learned my addr 172.21.15.45:0/1775163740 (peer_addr_for_me v2:172.21.15.45:0/0)
2023-10-05T15:23:41.028 INFO:teuthology.orchestra.run.smithi045.stdout:/usr/bin/ceph: stderr
2023-10-05T15:23:34.214+0000 7f499909f700 1 -- 172.21.15.45:0/1775163740 --> [v2:172.21.15.45:3300/0,v1:172.21.15.45:6789/0] -- mon_subscribe({config=0+,monmap=0+}) v3 -- 0x7f499000b7f0 con 0x7f4994105550
2023-10-05T15:23:41.029 INFO:teuthology.orchestra.run.smithi045.stdout:/usr/bin/ceph: stderr
2023-10-05T15:23:34.214+0000 7f499909f700 1 --2- 172.21.15.45:0/1775163740 >> [v2:172.21.15.45:3300/0,v1:172.21.15.45:6789/0] conn(0x7f4994105550 0x7f4994198170 secure :-1 s=READY pgs=29 cs=0 l=1 rev1=1 crypto rx=0x7f499000b340 tx=0x7f4990003df0 comp rx=0 tx=0).ready entity=mon.0 client_cookie=0 server_cookie=0 in_seq=0 out_seq=0
2023-10-05T15:23:41.029 INFO:teuthology.orchestra.run.smithi045.stdout:/usr/bin/ceph: stderr
2023-10-05T15:23:34.214+0000 7f498a7fc700 1 -- 172.21.15.45:0/1775163740 <== mon.0 v2:172.21.15.45:3300/0 1 ==== mon_map magic: 0 v1 ==== 205+0+0 (secure 0 0 0) 0x7f499001e070 con 0x7f4994105550
2023-10-05T15:23:41.029 INFO:teuthology.orchestra.run.smithi045.stdout:/usr/bin/ceph: stderr
2023-10-05T15:23:34.214+0000 7f498a7fc700 1 -- 172.21.15.45:0/1775163740 <== mon.0 v2:172.21.15.45:3300/0 2 ==== config(26 keys) v1 ==== 1074+0+0 (secure 0 0 0) 0x7f49900042d0 con 0x7f4994105550
2023-10-05T15:23:41.029 INFO:teuthology.orchestra.run.smithi045.stdout:/usr/bin/ceph: stderr
2023-10-05T15:23:34.214+0000 7f499b303700 1 -- 172.21.15.45:0/1775163740 --> [v2:172.21.15.45:3300/0,v1:172.21.15.45:6789/0] -- mon_subscribe({mgrmap=0+}) v3 -- 0x7f49941988b0 con 0x7f4994105550
2023-10-05T15:23:41.029 INFO:teuthology.orchestra.run.smithi045.stdout:/usr/bin/ceph: stderr
2023-10-05T15:23:34.214+0000 7f498a7fc700 1 -- 172.21.15.45:0/1775163740 <== mon.0 v2:172.21.15.45:3300/0 3 ==== mon_map magic: 0 v1 ==== 205+0+0 (secure 0 0 0) 0x7f4990022a30 con 0x7f4994105550
2023-10-05T15:23:41.029 INFO:teuthology.orchestra.run.smithi045.stdout:/usr/bin/ceph: stderr
2023-10-05T15:23:34.214+0000 7f499b303700 1 -- 172.21.15.45:0/1775163740 --> [v2:172.21.15.45:3300/0,v1:172.21.15.45:6789/0] -- mon_subscribe({osdmap=0}) v3 -- 0x7f4994198cd0 con 0x7f4994105550
2023-10-05T15:23:41.029 INFO:teuthology.orchestra.run.smithi045.stdout:/usr/bin/ceph: stderr
2023-10-05T15:23:34.215+0000 7f498a7fc700 1 -- 172.21.15.45:0/1775163740 <== mon.0 v2:172.21.15.45:3300/0 4 ==== mgrmap(e 5) v1 ==== 45579+0+0 (secure 0 0 0) 0x7f4990010730 con 0x7f4994105550
2023-10-05T15:23:41.029 INFO:teuthology.orchestra.run.smithi045.stdout:/usr/bin/ceph: stderr
2023-10-05T15:23:34.216+0000 7f498a7fc700 1 --2- 172.21.15.45:0/1775163740 >> [v2:172.21.15.45:6800/3762643723,v1:172.21.15.45:6801/3762643723] conn(0x7f4980038820 0x7f498003ace0 unknown :-1 s=NONE pgs=0 cs=0 l=1 rev1=0 crypto rx=0 tx=0 comp rx=0 tx=0).connect
2023-10-05T15:23:41.029 INFO:teuthology.orchestra.run.smithi045.stdout:/usr/bin/ceph: stderr
2023-10-05T15:23:34.216+0000 7f498a7fc700 1 -- 172.21.15.45:0/1775163740 --> [v2:172.21.15.45:6800/3762643723,v1:172.21.15.45:6801/3762643723] -- command(tid 0: {"prefix": "get_command_descriptions"}) v1 -- 0x7f498003b3f0 con 0x7f4980038820
2023-10-05T15:23:41.029 INFO:teuthology.orchestra.run.smithi045.stdout:/usr/bin/ceph: stderr
2023-10-05T15:23:34.216+0000 7f498a7fc700 1 -- 172.21.15.45:0/1775163740 <== mon.0 v2:172.21.15.45:3300/0 5 ==== osd_map(1..1 src has 1..1) v4 ==== 725+0+0 (secure 0 0 0) 0x7f499004ed00 con 0x7f4994105550
2023-10-05T15:23:41.029 INFO:teuthology.orchestra.run.smithi045.stdout:/usr/bin/ceph: stderr
2023-10-05T15:23:34.216+0000 7f499889e700 1 -- 172.21.15.45:0/1775163740 >> [v2:172.21.15.45:6800/3762643723,v1:172.21.15.45:6801/3762643723] conn(0x7f4980038820 msgr2=0x7f498003ace0 unknown :-1 s=STATE_CONNECTING_RE l=1).process reconnect failed to v2:172.21.15.45:6800/3762643723
2023-10-05T15:23:41.030 INFO:teuthology.orchestra.run.smithi045.stdout:/usr/bin/ceph: stderr
2023-10-05T15:23:34.216+0000 7f499889e700 1 --2- 172.21.15.45:0/1775163740 >> [v2:172.21.15.45:6800/3762643723,v1:172.21.15.45:6801/3762643723] conn(0x7f4980038820 0x7f498003ace0 unknown :-1 s=START_CONNECT pgs=0 cs=0 l=1 rev1=0 crypto rx=0 tx=0 comp rx=0 tx=0)._fault waiting 0.200000
2023-10-05T15:23:41.030 INFO:teuthology.orchestra.run.smithi045.stdout:/usr/bin/ceph: stderr
2023-10-05T15:23:34.417+0000 7f499889e700 1 -- 172.21.15.45:0/1775163740 >> [v2:172.21.15.45:6800/3762643723,v1:172.21.15.45:6801/3762643723] conn(0x7f4980038820 msgr2=0x7f498003ace0 unknown :-1 s=STATE_CONNECTING_RE l=1).process reconnect failed to v2:172.21.15.45:6800/3762643723
2023-10-05T15:23:41.030 INFO:teuthology.orchestra.run.smithi045.stdout:/usr/bin/ceph: stderr
2023-10-05T15:23:34.417+0000 7f499889e700 1 --2- 172.21.15.45:0/1775163740 >> [v2:172.21.15.45:6800/3762643723,v1:172.21.15.45:6801/3762643723] conn(0x7f4980038820 0x7f498003ace0 unknown :-1 s=START_CONNECT pgs=0 cs=0 l=1 rev1=0 crypto rx=0 tx=0 comp rx=0 tx=0)._fault waiting 0.400000
2023-10-05T15:23:41.030 INFO:teuthology.orchestra.run.smithi045.stdout:/usr/bin/ceph: stderr
2023-10-05T15:23:34.818+0000 7f499889e700 1 -- 172.21.15.45:0/1775163740 >> [v2:172.21.15.45:6800/3762643723,v1:172.21.15.45:6801/3762643723] conn(0x7f4980038820 msgr2=0x7f498003ace0 unknown :-1 s=STATE_CONNECTING_RE l=1).process reconnect failed to v2:172.21.15.45:6800/3762643723
2023-10-05T15:23:41.030 INFO:teuthology.orchestra.run.smithi045.stdout:/usr/bin/ceph: stderr
2023-10-05T15:23:34.818+0000 7f499889e700 1 --2- 172.21.15.45:0/1775163740 >> [v2:172.21.15.45:6800/3762643723,v1:172.21.15.45:6801/3762643723] conn(0x7f4980038820 0x7f498003ace0 unknown :-1 s=START_CONNECT pgs=0 cs=0 l=1 rev1=0 crypto rx=0 tx=0 comp rx=0 tx=0)._fault waiting 0.800000
2023-10-05T15:23:41.030 INFO:teuthology.orchestra.run.smithi045.stdout:/usr/bin/ceph: stderr
2023-10-05T15:23:35.619+0000 7f499889e700 1 -- 172.21.15.45:0/1775163740 >> [v2:172.21.15.45:6800/3762643723,v1:172.21.15.45:6801/3762643723] conn(0x7f4980038820 msgr2=0x7f498003ace0 unknown :-1 s=STATE_CONNECTING_RE l=1).process reconnect failed to v2:172.21.15.45:6800/3762643723
2023-10-05T15:23:41.030 INFO:teuthology.orchestra.run.smithi045.stdout:/usr/bin/ceph: stderr
2023-10-05T15:23:35.619+0000 7f499889e700 1 --2- 172.21.15.45:0/1775163740 >> [v2:172.21.15.45:6800/3762643723,v1:172.21.15.45:6801/3762643723] conn(0x7f4980038820 0x7f498003ace0 unknown :-1 s=START_CONNECT pgs=0 cs=0 l=1 rev1=0 crypto rx=0 tx=0 comp rx=0 tx=0)._fault waiting 1.600000
2023-10-05T15:23:41.030 INFO:teuthology.orchestra.run.smithi045.stdout:/usr/bin/ceph: stderr
2023-10-05T15:23:37.220+0000 7f499889e700 1 -- 172.21.15.45:0/1775163740 >> [v2:172.21.15.45:6800/3762643723,v1:172.21.15.45:6801/3762643723] conn(0x7f4980038820 msgr2=0x7f498003ace0 unknown :-1 s=STATE_CONNECTING_RE l=1).process reconnect failed to v2:172.21.15.45:6800/3762643723
2023-10-05T15:23:41.030 INFO:teuthology.orchestra.run.smithi045.stdout:/usr/bin/ceph: stderr
2023-10-05T15:23:37.220+0000 7f499889e700 1 --2- 172.21.15.45:0/1775163740 >> [v2:172.21.15.45:6800/3762643723,v1:172.21.15.45:6801/3762643723] conn(0x7f4980038820 0x7f498003ace0 unknown :-1 s=START_CONNECT pgs=0 cs=0 l=1 rev1=0 crypto rx=0 tx=0 comp rx=0 tx=0)._fault waiting 3.200000
2023-10-05T15:23:41.030 INFO:teuthology.orchestra.run.smithi045.stdout:/usr/bin/ceph: stderr
2023-10-05T15:23:39.575+0000 7f498a7fc700 1 -- 172.21.15.45:0/1775163740 <== mon.0 v2:172.21.15.45:3300/0 6 ==== mgrmap(e 6) v1 ==== 45346+0+0 (secure 0 0 0) 0x7f4990020dc0 con 0x7f4994105550
2023-10-05T15:23:41.030 INFO:teuthology.orchestra.run.smithi045.stdout:/usr/bin/ceph: stderr
2023-10-05T15:23:39.575+0000 7f498a7fc700 1 -- 172.21.15.45:0/1775163740 >> [v2:172.21.15.45:6800/3762643723,v1:172.21.15.45:6801/3762643723] conn(0x7f4980038820 msgr2=0x7f498003ace0 unknown :-1 s=STATE_CONNECTING l=1).mark_down
2023-10-05T15:23:41.030 INFO:teuthology.orchestra.run.smithi045.stdout:/usr/bin/ceph: stderr
2023-10-05T15:23:39.575+0000 7f498a7fc700 1 --2- 172.21.15.45:0/1775163740 >> [v2:172.21.15.45:6800/3762643723,v1:172.21.15.45:6801/3762643723] conn(0x7f4980038820 0x7f498003ace0 unknown :-1 s=START_CONNECT pgs=0 cs=0 l=1 rev1=0 crypto rx=0 tx=0 comp rx=0 tx=0).stop
2023-10-05T15:23:41.031 INFO:teuthology.orchestra.run.smithi045.stdout:/usr/bin/ceph: stderr
2023-10-05T15:23:40.576+0000 7f498a7fc700 1 -- 172.21.15.45:0/1775163740 <== mon.0 v2:172.21.15.45:3300/0 7 ==== mgrmap(e 7) v1 ==== 45473+0+0 (secure 0 0 0) 0x7f4990028d40 con 0x7f4994105550
2023-10-05T15:23:41.031 INFO:teuthology.orchestra.run.smithi045.stdout:/usr/bin/ceph: stderr
2023-10-05T15:23:40.576+0000 7f498a7fc700 1 --2- 172.21.15.45:0/1775163740 >> [v2:172.21.15.45:6800/3366807170,v1:172.21.15.45:6801/3366807170] conn(0x7f498003bff0 0x7f498003e3e0 unknown :-1 s=NONE pgs=0 cs=0 l=1 rev1=0 crypto rx=0 tx=0 comp rx=0 tx=0).connect
2023-10-05T15:23:41.031 INFO:teuthology.orchestra.run.smithi045.stdout:/usr/bin/ceph: stderr
2023-10-05T15:23:40.576+0000 7f498a7fc700 1 -- 172.21.15.45:0/1775163740 --> [v2:172.21.15.45:6800/3366807170,v1:172.21.15.45:6801/3366807170] -- command(tid 0: {"prefix": "get_command_descriptions"}) v1 -- 0x7f498003b3f0 con 0x7f498003bff0
2023-10-05T15:23:41.031 INFO:teuthology.orchestra.run.smithi045.stdout:/usr/bin/ceph: stderr
2023-10-05T15:23:40.577+0000 7f499889e700 1 --2- 172.21.15.45:0/1775163740 >> [v2:172.21.15.45:6800/3366807170,v1:172.21.15.45:6801/3366807170] conn(0x7f498003bff0 0x7f498003e3e0 unknown :-1 s=BANNER_CONNECTING pgs=0 cs=0 l=1 rev1=0 crypto rx=0 tx=0 comp rx=0 tx=0)._handle_peer_banner_payload supported=3 required=0
2023-10-05T15:23:41.031 INFO:teuthology.orchestra.run.smithi045.stdout:/usr/bin/ceph: stderr
2023-10-05T15:23:40.577+0000 7f499889e700 1 --2- 172.21.15.45:0/1775163740 >> [v2:172.21.15.45:6800/3366807170,v1:172.21.15.45:6801/3366807170] conn(0x7f498003bff0 0x7f498003e3e0 secure :-1 s=READY pgs=1 cs=0 l=1 rev1=1 crypto rx=0x7f4984003a10 tx=0x7f49840092b0 comp rx=0 tx=0).ready entity=mgr.14120 client_cookie=0 server_cookie=0 in_seq=0 out_seq=0
2023-10-05T15:23:41.031 INFO:teuthology.orchestra.run.smithi045.stdout:/usr/bin/ceph: stderr
2023-10-05T15:23:40.578+0000 7f498a7fc700 1 -- 172.21.15.45:0/1775163740 <== mgr.14120 v2:172.21.15.45:6800/3366807170 1 ==== command_reply(tid 0: 0 ) v1 ==== 8+0+6910 (secure 0 0 0) 0x7f498003b3f0 con 0x7f498003bff0
2023-10-05T15:23:41.031 INFO:teuthology.orchestra.run.smithi045.stdout:/usr/bin/ceph: stderr
2023-10-05T15:23:40.589+0000 7f499b303700 1 -- 172.21.15.45:0/1775163740 --> [v2:172.21.15.45:6800/3366807170,v1:172.21.15.45:6801/3366807170] -- command(tid 1: {"prefix": "mgr_status"}) v1 -- 0x7f49941994b0 con 0x7f498003bff0
2023-10-05T15:23:41.031 INFO:teuthology.orchestra.run.smithi045.stdout:/usr/bin/ceph: stderr
2023-10-05T15:23:40.589+0000 7f498a7fc700 1 -- 172.21.15.45:0/1775163740 <== mgr.14120 v2:172.21.15.45:6800/3366807170 2 ==== command_reply(tid 1: 0 ) v1 ==== 8+0+51 (secure 0 0 0) 0x7f49941994b0 con 0x7f498003bff0
2023-10-05T15:23:41.031 INFO:teuthology.orchestra.run.smithi045.stdout:/usr/bin/ceph: stderr
2023-10-05T15:23:40.589+0000 7f499b303700 1 -- 172.21.15.45:0/1775163740 >> [v2:172.21.15.45:6800/3366807170,v1:172.21.15.45:6801/3366807170] conn(0x7f498003bff0 msgr2=0x7f498003e3e0 secure :-1 s=STATE_CONNECTION_ESTABLISHED l=1).mark_down
2023-10-05T15:23:41.031 INFO:teuthology.orchestra.run.smithi045.stdout:/usr/bin/ceph: stderr
2023-10-05T15:23:40.589+0000 7f499b303700 1 --2- 172.21.15.45:0/1775163740 >> [v2:172.21.15.45:6800/3366807170,v1:172.21.15.45:6801/3366807170] conn(0x7f498003bff0 0x7f498003e3e0 secure :-1 s=READY pgs=1 cs=0 l=1 rev1=1 crypto rx=0x7f4984003a10 tx=0x7f49840092b0 comp rx=0 tx=0).stop
2023-10-05T15:23:41.032 INFO:teuthology.orchestra.run.smithi045.stdout:/usr/bin/ceph: stderr
2023-10-05T15:23:40.589+0000 7f499b303700 1 -- 172.21.15.45:0/1775163740 >> [v2:172.21.15.45:3300/0,v1:172.21.15.45:6789/0] conn(0x7f4994105550 msgr2=0x7f4994198170 secure :-1 s=STATE_CONNECTION_ESTABLISHED l=1).mark_down
2023-10-05T15:23:41.032 INFO:teuthology.orchestra.run.smithi045.stdout:/usr/bin/ceph: stderr
2023-10-05T15:23:40.589+0000 7f499b303700 1 --2- 172.21.15.45:0/1775163740 >> [v2:172.21.15.45:3300/0,v1:172.21.15.45:6789/0] conn(0x7f4994105550 0x7f4994198170 secure :-1 s=READY pgs=29 cs=0 l=1 rev1=1 crypto rx=0x7f499000b340 tx=0x7f4990003df0 comp rx=0 tx=0).stop
2023-10-05T15:23:41.032 INFO:teuthology.orchestra.run.smithi045.stdout:/usr/bin/ceph: stderr
2023-10-05T15:23:40.590+0000 7f499b303700 1 -- 172.21.15.45:0/1775163740 shutdown_connections
2023-10-05T15:23:41.032 INFO:teuthology.orchestra.run.smithi045.stdout:/usr/bin/ceph: stderr
2023-10-05T15:23:40.590+0000 7f499b303700 1 --2- 172.21.15.45:0/1775163740 >> [v2:172.21.15.45:6800/3366807170,v1:172.21.15.45:6801/3366807170] conn(0x7f498003bff0 0x7f498003e3e0 unknown :-1 s=CLOSED pgs=1 cs=0 l=1 rev1=1 crypto rx=0 tx=0 comp rx=0 tx=0).stop
2023-10-05T15:23:41.032 INFO:teuthology.orchestra.run.smithi045.stdout:/usr/bin/ceph: stderr
2023-10-05T15:23:40.590+0000 7f499b303700 1 --2- 172.21.15.45:0/1775163740 >> [v2:172.21.15.45:3300/0,v1:172.21.15.45:6789/0] conn(0x7f4994105550 0x7f4994198170 unknown :-1 s=CLOSED pgs=29 cs=0 l=1 rev1=1 crypto rx=0 tx=0 comp rx=0 tx=0).stop
2023-10-05T15:23:41.032 INFO:teuthology.orchestra.run.smithi045.stdout:/usr/bin/ceph: stderr
2023-10-05T15:23:40.590+0000 7f499b303700 1 --2- 172.21.15.45:0/1775163740 >> [v2:172.21.15.45:6800/3762643723,v1:172.21.15.45:6801/3762643723] conn(0x7f4980038820 0x7f498003ace0 unknown :-1 s=CLOSED pgs=0 cs=0 l=1 rev1=0 crypto rx=0 tx=0 comp rx=0 tx=0).stop
2023-10-05T15:23:41.032 INFO:teuthology.orchestra.run.smithi045.stdout:/usr/bin/ceph: stderr
2023-10-05T15:23:40.590+0000 7f499b303700 1 -- 172.21.15.45:0/1775163740 >> 172.21.15.45:0/1775163740 conn(0x7f4994100b30 msgr2=0x7f499418ef20 unknown :-1 s=STATE_NONE l=0).mark_down
2023-10-05T15:23:41.032 INFO:teuthology.orchestra.run.smithi045.stdout:/usr/bin/ceph: stderr
2023-10-05T15:23:40.590+0000 7f499b303700 1 -- 172.21.15.45:0/1775163740 shutdown_connections
2023-10-05T15:23:41.032 INFO:teuthology.orchestra.run.smithi045.stdout:/usr/bin/ceph: stderr
2023-10-05T15:23:40.590+0000 7f499b303700 1 -- 172.21.15.45:0/1775163740 wait complete.
2023-10-05T15:23:41.032 INFO:teuthology.orchestra.run.smithi045.stdout:mgr epoch 5 is available
2023-10-05T15:23:41.032 INFO:teuthology.orchestra.run.smithi045.stdout:Setting orchestrator backend to cephadm...
2023-10-05T15:23:41.605 INFO:journalctl@ceph.mon.a.smithi045.stdout:Oct 05 15:23:41 smithi045 ceph-mon[99223]: Found migration_current of "None". Setting to last migration.
2023-10-05T15:23:41.605 INFO:journalctl@ceph.mon.a.smithi045.stdout:Oct 05 15:23:41 smithi045 ceph-mon[99223]: mgrmap e7: x(active, since 1.00589s)
2023-10-05T15:23:41.606 INFO:journalctl@ceph.mon.a.smithi045.stdout:Oct 05 15:23:41 smithi045 ceph-mon[99223]: from='mgr.14120 172.21.15.45:0/1999390557' entity='mgr.x' cmd=[{"prefix": "config dump", "format": "json"}]: dispatch
2023-10-05T15:23:42.270 INFO:teuthology.orchestra.run.smithi045.stdout:/usr/bin/ceph: stderr
2023-10-05T15:23:41.479+0000 7f8c6932a700 1 Processor -- start
2023-10-05T15:23:42.270 INFO:teuthology.orchestra.run.smithi045.stdout:/usr/bin/ceph: stderr
2023-10-05T15:23:41.479+0000 7f8c6932a700 1 -- start start
2023-10-05T15:23:42.270 INFO:teuthology.orchestra.run.smithi045.stdout:/usr/bin/ceph: stderr
2023-10-05T15:23:41.479+0000 7f8c6932a700 1 --2- >> [v2:172.21.15.45:3300/0,v1:172.21.15.45:6789/0] conn(0x7f8c64104f10 0x7f8c64105330 unknown :-1 s=NONE pgs=0 cs=0 l=0 rev1=0 crypto rx=0 tx=0 comp rx=0 tx=0).connect
2023-10-05T15:23:42.270 INFO:teuthology.orchestra.run.smithi045.stdout:/usr/bin/ceph: stderr
2023-10-05T15:23:41.479+0000 7f8c6932a700 1 -- --> [v2:172.21.15.45:3300/0,v1:172.21.15.45:6789/0] -- mon_getmap magic: 0 v1 -- 0x7f8c64079e70 con 0x7f8c64104f10
2023-10-05T15:23:42.270 INFO:teuthology.orchestra.run.smithi045.stdout:/usr/bin/ceph: stderr
2023-10-05T15:23:41.480+0000 7f8c62ffd700 1 --2- >> [v2:172.21.15.45:3300/0,v1:172.21.15.45:6789/0] conn(0x7f8c64104f10 0x7f8c64105330 unknown :-1 s=BANNER_CONNECTING pgs=0 cs=0 l=0 rev1=0 crypto rx=0 tx=0 comp rx=0 tx=0)._handle_peer_banner_payload supported=3 required=0
2023-10-05T15:23:42.270 INFO:teuthology.orchestra.run.smithi045.stdout:/usr/bin/ceph: stderr
2023-10-05T15:23:41.480+0000 7f8c62ffd700 1 --2- >> [v2:172.21.15.45:3300/0,v1:172.21.15.45:6789/0] conn(0x7f8c64104f10 0x7f8c64105330 unknown :-1 s=HELLO_CONNECTING pgs=0 cs=0 l=0 rev1=1 crypto rx=0 tx=0 comp rx=0 tx=0).handle_hello peer v2:172.21.15.45:3300/0 says I am v2:172.21.15.45:39132/0 (socket says 172.21.15.45:39132)
2023-10-05T15:23:42.270 INFO:teuthology.orchestra.run.smithi045.stdout:/usr/bin/ceph: stderr
2023-10-05T15:23:41.480+0000 7f8c62ffd700 1 -- 172.21.15.45:0/1796679577 learned_addr learned my addr 172.21.15.45:0/1796679577 (peer_addr_for_me v2:172.21.15.45:0/0)
2023-10-05T15:23:42.270 INFO:teuthology.orchestra.run.smithi045.stdout:/usr/bin/ceph: stderr
2023-10-05T15:23:41.480+0000 7f8c62ffd700 1 -- 172.21.15.45:0/1796679577 --> [v2:172.21.15.45:3300/0,v1:172.21.15.45:6789/0] -- mon_subscribe({config=0+,monmap=0+}) v3 -- 0x7f8c64105870 con 0x7f8c64104f10
2023-10-05T15:23:42.271 INFO:teuthology.orchestra.run.smithi045.stdout:/usr/bin/ceph: stderr
2023-10-05T15:23:41.480+0000 7f8c62ffd700 1 --2- 172.21.15.45:0/1796679577 >> [v2:172.21.15.45:3300/0,v1:172.21.15.45:6789/0] conn(0x7f8c64104f10 0x7f8c64105330 secure :-1 s=READY pgs=37 cs=0 l=1 rev1=1 crypto rx=0x7f8c580098a0 tx=0x7f8c58009bb0 comp rx=0 tx=0).ready entity=mon.0 client_cookie=a6f1e00e0797ba5 server_cookie=0 in_seq=0 out_seq=0
2023-10-05T15:23:42.271 INFO:teuthology.orchestra.run.smithi045.stdout:/usr/bin/ceph: stderr
2023-10-05T15:23:41.480+0000 7f8c61ffb700 1 -- 172.21.15.45:0/1796679577 <== mon.0 v2:172.21.15.45:3300/0 1 ==== mon_map magic: 0 v1 ==== 205+0+0 (secure 0 0 0) 0x7f8c58004160 con 0x7f8c64104f10
2023-10-05T15:23:42.271 INFO:teuthology.orchestra.run.smithi045.stdout:/usr/bin/ceph: stderr
2023-10-05T15:23:41.480+0000 7f8c61ffb700 1 -- 172.21.15.45:0/1796679577 <== mon.0 v2:172.21.15.45:3300/0 2 ==== config(26 keys) v1 ==== 1074+0+0 (secure 0 0 0) 0x7f8c580042c0 con 0x7f8c64104f10
2023-10-05T15:23:42.271 INFO:teuthology.orchestra.run.smithi045.stdout:/usr/bin/ceph: stderr
2023-10-05T15:23:41.480+0000 7f8c61ffb700 1 -- 172.21.15.45:0/1796679577 <== mon.0 v2:172.21.15.45:3300/0 3 ==== mon_map magic: 0 v1 ==== 205+0+0 (secure 0 0 0) 0x7f8c58011a00 con 0x7f8c64104f10
2023-10-05T15:23:42.271 INFO:teuthology.orchestra.run.smithi045.stdout:/usr/bin/ceph: stderr
2023-10-05T15:23:41.481+0000 7f8c6932a700 1 -- 172.21.15.45:0/1796679577 >> [v2:172.21.15.45:3300/0,v1:172.21.15.45:6789/0] conn(0x7f8c64104f10 msgr2=0x7f8c64105330 secure :-1 s=STATE_CONNECTION_ESTABLISHED l=1).mark_down
2023-10-05T15:23:42.271 INFO:teuthology.orchestra.run.smithi045.stdout:/usr/bin/ceph: stderr
2023-10-05T15:23:41.481+0000 7f8c6932a700 1 --2- 172.21.15.45:0/1796679577 >> [v2:172.21.15.45:3300/0,v1:172.21.15.45:6789/0] conn(0x7f8c64104f10 0x7f8c64105330 secure :-1 s=READY pgs=37 cs=0 l=1 rev1=1 crypto rx=0x7f8c580098a0 tx=0x7f8c58009bb0 comp rx=0 tx=0).stop
2023-10-05T15:23:42.271 INFO:teuthology.orchestra.run.smithi045.stdout:/usr/bin/ceph: stderr
2023-10-05T15:23:41.481+0000 7f8c6932a700 1 -- 172.21.15.45:0/1796679577 shutdown_connections
2023-10-05T15:23:42.271 INFO:teuthology.orchestra.run.smithi045.stdout:/usr/bin/ceph: stderr
2023-10-05T15:23:41.481+0000 7f8c6932a700 1 --2- 172.21.15.45:0/1796679577 >> [v2:172.21.15.45:3300/0,v1:172.21.15.45:6789/0] conn(0x7f8c64104f10 0x7f8c64105330 unknown :-1 s=CLOSED pgs=37 cs=0 l=1 rev1=1 crypto rx=0 tx=0 comp rx=0 tx=0).stop
2023-10-05T15:23:42.271 INFO:teuthology.orchestra.run.smithi045.stdout:/usr/bin/ceph: stderr
2023-10-05T15:23:41.481+0000 7f8c6932a700 1 -- 172.21.15.45:0/1796679577 >> 172.21.15.45:0/1796679577 conn(0x7f8c64100b30 msgr2=0x7f8c64102f50 unknown :-1 s=STATE_NONE l=0).mark_down
2023-10-05T15:23:42.271 INFO:teuthology.orchestra.run.smithi045.stdout:/usr/bin/ceph: stderr
2023-10-05T15:23:41.481+0000 7f8c6932a700 1 -- 172.21.15.45:0/1796679577 shutdown_connections
2023-10-05T15:23:42.271 INFO:teuthology.orchestra.run.smithi045.stdout:/usr/bin/ceph: stderr
2023-10-05T15:23:41.481+0000 7f8c6932a700 1 -- 172.21.15.45:0/1796679577 wait complete.
2023-10-05T15:23:42.273 INFO:teuthology.orchestra.run.smithi045.stdout:/usr/bin/ceph: stderr
2023-10-05T15:23:41.482+0000 7f8c6932a700 1 Processor -- start
2023-10-05T15:23:42.273 INFO:teuthology.orchestra.run.smithi045.stdout:/usr/bin/ceph: stderr
2023-10-05T15:23:41.482+0000 7f8c6932a700 1 -- start start
2023-10-05T15:23:42.273 INFO:teuthology.orchestra.run.smithi045.stdout:/usr/bin/ceph: stderr
2023-10-05T15:23:41.482+0000 7f8c6932a700 1 --2- >> [v2:172.21.15.45:3300/0,v1:172.21.15.45:6789/0] conn(0x7f8c64104f10 0x7f8c6419c580 unknown :-1 s=NONE pgs=0 cs=0 l=1 rev1=0 crypto rx=0 tx=0 comp rx=0 tx=0).connect
2023-10-05T15:23:42.273 INFO:teuthology.orchestra.run.smithi045.stdout:/usr/bin/ceph: stderr
2023-10-05T15:23:41.482+0000 7f8c6932a700 1 -- --> [v2:172.21.15.45:3300/0,v1:172.21.15.45:6789/0] -- mon_getmap magic: 0 v1 -- 0x7f8c6419cac0 con 0x7f8c64104f10
2023-10-05T15:23:42.273 INFO:teuthology.orchestra.run.smithi045.stdout:/usr/bin/ceph: stderr
2023-10-05T15:23:41.482+0000 7f8c62ffd700 1 --2- >> [v2:172.21.15.45:3300/0,v1:172.21.15.45:6789/0] conn(0x7f8c64104f10 0x7f8c6419c580 unknown :-1 s=BANNER_CONNECTING pgs=0 cs=0 l=1 rev1=0 crypto rx=0 tx=0 comp rx=0 tx=0)._handle_peer_banner_payload supported=3 required=0
2023-10-05T15:23:42.273 INFO:teuthology.orchestra.run.smithi045.stdout:/usr/bin/ceph: stderr
2023-10-05T15:23:41.482+0000 7f8c62ffd700 1 --2- >> [v2:172.21.15.45:3300/0,v1:172.21.15.45:6789/0] conn(0x7f8c64104f10 0x7f8c6419c580 unknown :-1 s=HELLO_CONNECTING pgs=0 cs=0 l=1 rev1=1 crypto rx=0 tx=0 comp rx=0 tx=0).handle_hello peer v2:172.21.15.45:3300/0 says I am v2:172.21.15.45:39134/0 (socket says 172.21.15.45:39134)
2023-10-05T15:23:42.273 INFO:teuthology.orchestra.run.smithi045.stdout:/usr/bin/ceph: stderr
2023-10-05T15:23:41.482+0000 7f8c62ffd700 1 -- 172.21.15.45:0/1846563448 learned_addr learned my addr 172.21.15.45:0/1846563448 (peer_addr_for_me v2:172.21.15.45:0/0)
2023-10-05T15:23:42.273 INFO:teuthology.orchestra.run.smithi045.stdout:/usr/bin/ceph: stderr
2023-10-05T15:23:41.483+0000 7f8c62ffd700 1 -- 172.21.15.45:0/1846563448 --> [v2:172.21.15.45:3300/0,v1:172.21.15.45:6789/0] -- mon_subscribe({config=0+,monmap=0+}) v3 -- 0x7f8c58009550 con 0x7f8c64104f10
2023-10-05T15:23:42.274 INFO:teuthology.orchestra.run.smithi045.stdout:/usr/bin/ceph: stderr
2023-10-05T15:23:41.483+0000 7f8c62ffd700 1 --2- 172.21.15.45:0/1846563448 >> [v2:172.21.15.45:3300/0,v1:172.21.15.45:6789/0] conn(0x7f8c64104f10 0x7f8c6419c580 secure :-1 s=READY pgs=38 cs=0 l=1 rev1=1 crypto rx=0x7f8c58009fb0 tx=0x7f8c58011ad0 comp rx=0 tx=0).ready entity=mon.0 client_cookie=0 server_cookie=0 in_seq=0 out_seq=0
2023-10-05T15:23:42.274 INFO:teuthology.orchestra.run.smithi045.stdout:/usr/bin/ceph: stderr
2023-10-05T15:23:41.483+0000 7f8c4bfff700 1 -- 172.21.15.45:0/1846563448 <== mon.0 v2:172.21.15.45:3300/0 1 ==== mon_map magic: 0 v1 ==== 205+0+0 (secure 0 0 0) 0x7f8c58003930 con 0x7f8c64104f10
2023-10-05T15:23:42.274 INFO:teuthology.orchestra.run.smithi045.stdout:/usr/bin/ceph: stderr
2023-10-05T15:23:41.483+0000 7f8c4bfff700 1 -- 172.21.15.45:0/1846563448 <== mon.0 v2:172.21.15.45:3300/0 2 ==== config(26 keys) v1 ==== 1074+0+0 (secure 0 0 0) 0x7f8c58003a90 con 0x7f8c64104f10
2023-10-05T15:23:42.274 INFO:teuthology.orchestra.run.smithi045.stdout:/usr/bin/ceph: stderr
2023-10-05T15:23:41.483+0000 7f8c6932a700 1 -- 172.21.15.45:0/1846563448 --> [v2:172.21.15.45:3300/0,v1:172.21.15.45:6789/0] -- mon_subscribe({mgrmap=0+}) v3 -- 0x7f8c6419ccc0 con 0x7f8c64104f10
2023-10-05T15:23:42.274 INFO:teuthology.orchestra.run.smithi045.stdout:/usr/bin/ceph: stderr
2023-10-05T15:23:41.483+0000 7f8c4bfff700 1 -- 172.21.15.45:0/1846563448 <== mon.0 v2:172.21.15.45:3300/0 3 ==== mon_map magic: 0 v1 ==== 205+0+0 (secure 0 0 0) 0x7f8c58019610 con 0x7f8c64104f10
2023-10-05T15:23:42.274 INFO:teuthology.orchestra.run.smithi045.stdout:/usr/bin/ceph: stderr
2023-10-05T15:23:41.483+0000 7f8c6932a700 1 -- 172.21.15.45:0/1846563448 --> [v2:172.21.15.45:3300/0,v1:172.21.15.45:6789/0] -- mon_subscribe({osdmap=0}) v3 -- 0x7f8c6419d0e0 con 0x7f8c64104f10
2023-10-05T15:23:42.274 INFO:teuthology.orchestra.run.smithi045.stdout:/usr/bin/ceph: stderr
2023-10-05T15:23:41.484+0000 7f8c4bfff700 1 -- 172.21.15.45:0/1846563448 <== mon.0 v2:172.21.15.45:3300/0 4 ==== mgrmap(e 7) v1 ==== 45473+0+0 (secure 0 0 0) 0x7f8c580198d0 con 0x7f8c64104f10
2023-10-05T15:23:42.274 INFO:teuthology.orchestra.run.smithi045.stdout:/usr/bin/ceph: stderr
2023-10-05T15:23:41.484+0000 7f8c4bfff700 1 --2- 172.21.15.45:0/1846563448 >> [v2:172.21.15.45:6800/3366807170,v1:172.21.15.45:6801/3366807170] conn(0x7f8c4c0386b0 0x7f8c4c03ab70 unknown :-1 s=NONE pgs=0 cs=0 l=1 rev1=0 crypto rx=0 tx=0 comp rx=0 tx=0).connect
2023-10-05T15:23:42.274 INFO:teuthology.orchestra.run.smithi045.stdout:/usr/bin/ceph: stderr
2023-10-05T15:23:41.484+0000 7f8c4bfff700 1 -- 172.21.15.45:0/1846563448 <== mon.0 v2:172.21.15.45:3300/0 5 ==== osd_map(2..2 src has 1..2) v4 ==== 940+0+0 (secure 0 0 0) 0x7f8c5804c960 con 0x7f8c64104f10
2023-10-05T15:23:42.274 INFO:teuthology.orchestra.run.smithi045.stdout:/usr/bin/ceph: stderr
2023-10-05T15:23:41.484+0000 7f8c6932a700 1 -- 172.21.15.45:0/1846563448 --> [v2:172.21.15.45:3300/0,v1:172.21.15.45:6789/0] -- mon_command({"prefix": "get_command_descriptions"} v 0) v1 -- 0x7f8c64195e60 con 0x7f8c64104f10
2023-10-05T15:23:42.274 INFO:teuthology.orchestra.run.smithi045.stdout:/usr/bin/ceph: stderr
2023-10-05T15:23:41.484+0000 7f8c627fc700 1 --2- 172.21.15.45:0/1846563448 >> [v2:172.21.15.45:6800/3366807170,v1:172.21.15.45:6801/3366807170] conn(0x7f8c4c0386b0 0x7f8c4c03ab70 unknown :-1 s=BANNER_CONNECTING pgs=0 cs=0 l=1 rev1=0 crypto rx=0 tx=0 comp rx=0 tx=0)._handle_peer_banner_payload supported=3 required=0
