2023-10-05T15:23:54.249 INFO:teuthology.orchestra.run.smithi045.stdout:/usr/bin/ceph: stderr
2023-10-05T15:23:53.323+0000 7f3a4effd700 1 -- 172.21.15.45:0/3722251214 <== mon.0 v2:172.21.15.45:3300/0 2 ==== config(26 keys) v1 ==== 1105+0+0 (secure 0 0 0) 0x7f3a54003ad0 con 0x7f3a58104f30
2023-10-05T15:23:54.249 INFO:teuthology.orchestra.run.smithi045.stdout:/usr/bin/ceph: stderr
2023-10-05T15:23:53.323+0000 7f3a5fc28700 1 -- 172.21.15.45:0/3722251214 --> [v2:172.21.15.45:3300/0,v1:172.21.15.45:6789/0] -- mon_subscribe({mgrmap=0+}) v3 -- 0x7f3a5819cc90 con 0x7f3a58104f30
2023-10-05T15:23:54.249 INFO:teuthology.orchestra.run.smithi045.stdout:/usr/bin/ceph: stderr
2023-10-05T15:23:53.324+0000 7f3a4effd700 1 -- 172.21.15.45:0/3722251214 <== mon.0 v2:172.21.15.45:3300/0 3 ==== mon_map magic: 0 v1 ==== 205+0+0 (secure 0 0 0) 0x7f3a540195e0 con 0x7f3a58104f30
2023-10-05T15:23:54.249 INFO:teuthology.orchestra.run.smithi045.stdout:/usr/bin/ceph: stderr
2023-10-05T15:23:53.324+0000 7f3a5fc28700 1 -- 172.21.15.45:0/3722251214 --> [v2:172.21.15.45:3300/0,v1:172.21.15.45:6789/0] -- mon_subscribe({osdmap=0}) v3 -- 0x7f3a5819d0b0 con 0x7f3a58104f30
2023-10-05T15:23:54.249 INFO:teuthology.orchestra.run.smithi045.stdout:/usr/bin/ceph: stderr
2023-10-05T15:23:53.324+0000 7f3a4effd700 1 -- 172.21.15.45:0/3722251214 <== mon.0 v2:172.21.15.45:3300/0 4 ==== mgrmap(e 8) v1 ==== 45579+0+0 (secure 0 0 0) 0x7f3a540198e0 con 0x7f3a58104f30
2023-10-05T15:23:54.249 INFO:teuthology.orchestra.run.smithi045.stdout:/usr/bin/ceph: stderr
2023-10-05T15:23:53.325+0000 7f3a5fc28700 1 -- 172.21.15.45:0/3722251214 --> [v2:172.21.15.45:3300/0,v1:172.21.15.45:6789/0] -- mon_command({"prefix": "get_command_descriptions"} v 0) v1 -- 0x7f3a58195e20 con 0x7f3a58104f30
2023-10-05T15:23:54.249 INFO:teuthology.orchestra.run.smithi045.stdout:/usr/bin/ceph: stderr
2023-10-05T15:23:53.325+0000 7f3a4effd700 1 --2- 172.21.15.45:0/3722251214 >> [v2:172.21.15.45:6800/3366807170,v1:172.21.15.45:6801/3366807170] conn(0x7f3a440387d0 0x7f3a4403ac90 unknown :-1 s=NONE pgs=0 cs=0 l=1 rev1=0 crypto rx=0 tx=0 comp rx=0 tx=0).connect
2023-10-05T15:23:54.249 INFO:teuthology.orchestra.run.smithi045.stdout:/usr/bin/ceph: stderr
2023-10-05T15:23:53.325+0000 7f3a4effd700 1 -- 172.21.15.45:0/3722251214 <== mon.0 v2:172.21.15.45:3300/0 5 ==== osd_map(2..2 src has 1..2) v4 ==== 940+0+0 (secure 0 0 0) 0x7f3a5404c9b0 con 0x7f3a58104f30
2023-10-05T15:23:54.249 INFO:teuthology.orchestra.run.smithi045.stdout:/usr/bin/ceph: stderr
2023-10-05T15:23:53.325+0000 7f3a5d1c3700 1 --2- 172.21.15.45:0/3722251214 >> [v2:172.21.15.45:6800/3366807170,v1:172.21.15.45:6801/3366807170] conn(0x7f3a440387d0 0x7f3a4403ac90 unknown :-1 s=BANNER_CONNECTING pgs=0 cs=0 l=1 rev1=0 crypto rx=0 tx=0 comp rx=0 tx=0)._handle_peer_banner_payload supported=3 required=0
2023-10-05T15:23:54.249 INFO:teuthology.orchestra.run.smithi045.stdout:/usr/bin/ceph: stderr
2023-10-05T15:23:53.325+0000 7f3a5d1c3700 1 --2- 172.21.15.45:0/3722251214 >> [v2:172.21.15.45:6800/3366807170,v1:172.21.15.45:6801/3366807170] conn(0x7f3a440387d0 0x7f3a4403ac90 secure :-1 s=READY pgs=13 cs=0 l=1 rev1=1 crypto rx=0x7f3a48006fd0 tx=0x7f3a48006e40 comp rx=0 tx=0).ready entity=mgr.14120 client_cookie=0 server_cookie=0 in_seq=0 out_seq=0
2023-10-05T15:23:54.249 INFO:teuthology.orchestra.run.smithi045.stdout:/usr/bin/ceph: stderr
2023-10-05T15:23:53.331+0000 7f3a4effd700 1 -- 172.21.15.45:0/3722251214 <== mon.0 v2:172.21.15.45:3300/0 6 ==== mon_command_ack([{"prefix": "get_command_descriptions"}]=0 v0) v1 ==== 72+0+180459 (secure 0 0 0) 0x7f3a54003c40 con 0x7f3a58104f30
2023-10-05T15:23:54.249 INFO:teuthology.orchestra.run.smithi045.stdout:/usr/bin/ceph: stderr
2023-10-05T15:23:53.729+0000 7f3a5fc28700 1 -- 172.21.15.45:0/3722251214 --> [v2:172.21.15.45:6800/3366807170,v1:172.21.15.45:6801/3366807170] -- mgr_command(tid 0: {"prefix": "orch apply", "service_type": "mgr", "unmanaged": true, "target": ["mon-mgr", ""]}) v1 -- 0x7f3a5802d080 con 0x7f3a440387d0
2023-10-05T15:23:54.250 INFO:teuthology.orchestra.run.smithi045.stdout:/usr/bin/ceph: stderr
2023-10-05T15:23:53.734+0000 7f3a4effd700 1 -- 172.21.15.45:0/3722251214 <== mgr.14120 v2:172.21.15.45:6800/3366807170 1 ==== mgr_command_reply(tid 0: 0 ) v1 ==== 8+0+24 (secure 0 0 0) 0x7f3a5802d080 con 0x7f3a440387d0
2023-10-05T15:23:54.250 INFO:teuthology.orchestra.run.smithi045.stdout:/usr/bin/ceph: stderr
2023-10-05T15:23:53.738+0000 7f3a5fc28700 1 -- 172.21.15.45:0/3722251214 >> [v2:172.21.15.45:6800/3366807170,v1:172.21.15.45:6801/3366807170] conn(0x7f3a440387d0 msgr2=0x7f3a4403ac90 secure :-1 s=STATE_CONNECTION_ESTABLISHED l=1).mark_down
2023-10-05T15:23:54.250 INFO:teuthology.orchestra.run.smithi045.stdout:/usr/bin/ceph: stderr
2023-10-05T15:23:53.738+0000 7f3a5fc28700 1 --2- 172.21.15.45:0/3722251214 >> [v2:172.21.15.45:6800/3366807170,v1:172.21.15.45:6801/3366807170] conn(0x7f3a440387d0 0x7f3a4403ac90 secure :-1 s=READY pgs=13 cs=0 l=1 rev1=1 crypto rx=0x7f3a48006fd0 tx=0x7f3a48006e40 comp rx=0 tx=0).stop
2023-10-05T15:23:54.250 INFO:teuthology.orchestra.run.smithi045.stdout:/usr/bin/ceph: stderr
2023-10-05T15:23:53.738+0000 7f3a5fc28700 1 -- 172.21.15.45:0/3722251214 >> [v2:172.21.15.45:3300/0,v1:172.21.15.45:6789/0] conn(0x7f3a58104f30 msgr2=0x7f3a5819c550 secure :-1 s=STATE_CONNECTION_ESTABLISHED l=1).mark_down
2023-10-05T15:23:54.250 INFO:teuthology.orchestra.run.smithi045.stdout:/usr/bin/ceph: stderr
2023-10-05T15:23:53.738+0000 7f3a5fc28700 1 --2- 172.21.15.45:0/3722251214 >> [v2:172.21.15.45:3300/0,v1:172.21.15.45:6789/0] conn(0x7f3a58104f30 0x7f3a5819c550 secure :-1 s=READY pgs=50 cs=0 l=1 rev1=1 crypto rx=0x7f3a54003e60 tx=0x7f3a54011aa0 comp rx=0 tx=0).stop
2023-10-05T15:23:54.250 INFO:teuthology.orchestra.run.smithi045.stdout:/usr/bin/ceph: stderr
2023-10-05T15:23:53.738+0000 7f3a5fc28700 1 -- 172.21.15.45:0/3722251214 shutdown_connections
2023-10-05T15:23:54.250 INFO:teuthology.orchestra.run.smithi045.stdout:/usr/bin/ceph: stderr
2023-10-05T15:23:53.738+0000 7f3a5fc28700 1 --2- 172.21.15.45:0/3722251214 >> [v2:172.21.15.45:6800/3366807170,v1:172.21.15.45:6801/3366807170] conn(0x7f3a440387d0 0x7f3a4403ac90 unknown :-1 s=CLOSED pgs=13 cs=0 l=1 rev1=1 crypto rx=0 tx=0 comp rx=0 tx=0).stop
2023-10-05T15:23:54.250 INFO:teuthology.orchestra.run.smithi045.stdout:/usr/bin/ceph: stderr
2023-10-05T15:23:53.738+0000 7f3a5fc28700 1 --2- 172.21.15.45:0/3722251214 >> [v2:172.21.15.45:3300/0,v1:172.21.15.45:6789/0] conn(0x7f3a58104f30 0x7f3a5819c550 unknown :-1 s=CLOSED pgs=50 cs=0 l=1 rev1=1 crypto rx=0 tx=0 comp rx=0 tx=0).stop
2023-10-05T15:23:54.250 INFO:teuthology.orchestra.run.smithi045.stdout:/usr/bin/ceph: stderr
2023-10-05T15:23:53.738+0000 7f3a5fc28700 1 -- 172.21.15.45:0/3722251214 >> 172.21.15.45:0/3722251214 conn(0x7f3a58100b30 msgr2=0x7f3a58190af0 unknown :-1 s=STATE_NONE l=0).mark_down
2023-10-05T15:23:54.250 INFO:teuthology.orchestra.run.smithi045.stdout:/usr/bin/ceph: stderr
2023-10-05T15:23:53.739+0000 7f3a5fc28700 1 -- 172.21.15.45:0/3722251214 shutdown_connections
2023-10-05T15:23:54.250 INFO:teuthology.orchestra.run.smithi045.stdout:/usr/bin/ceph: stderr
2023-10-05T15:23:53.739+0000 7f3a5fc28700 1 -- 172.21.15.45:0/3722251214 wait complete.
2023-10-05T15:23:54.449 INFO:journalctl@ceph.mon.a.smithi045.stdout:Oct 05 15:23:54 smithi045 ceph-mon[99223]: from='mgr.14120 172.21.15.45:0/1999390557' entity='mgr.x'
2023-10-05T15:23:54.449 INFO:journalctl@ceph.mon.a.smithi045.stdout:Oct 05 15:23:54 smithi045 ceph-mon[99223]: from='mgr.14120 172.21.15.45:0/1999390557' entity='mgr.x'
2023-10-05T15:23:55.488 INFO:teuthology.orchestra.run.smithi045.stdout:/usr/bin/ceph: stderr
2023-10-05T15:23:54.717+0000 7fea44f96700 1 Processor -- start
2023-10-05T15:23:55.489 INFO:teuthology.orchestra.run.smithi045.stdout:/usr/bin/ceph: stderr
2023-10-05T15:23:54.717+0000 7fea44f96700 1 -- start start
2023-10-05T15:23:55.489 INFO:teuthology.orchestra.run.smithi045.stdout:/usr/bin/ceph: stderr
2023-10-05T15:23:54.718+0000 7fea44f96700 1 --2- >> [v2:172.21.15.45:3300/0,v1:172.21.15.45:6789/0] conn(0x7fea40105550 0x7fea40105970 unknown :-1 s=NONE pgs=0 cs=0 l=0 rev1=0 crypto rx=0 tx=0 comp rx=0 tx=0).connect
2023-10-05T15:23:55.489 INFO:teuthology.orchestra.run.smithi045.stdout:/usr/bin/ceph: stderr
2023-10-05T15:23:54.718+0000 7fea44f96700 1 -- --> [v2:172.21.15.45:3300/0,v1:172.21.15.45:6789/0] -- mon_getmap magic: 0 v1 -- 0x7fea40105f40 con 0x7fea40105550
2023-10-05T15:23:55.489 INFO:teuthology.orchestra.run.smithi045.stdout:/usr/bin/ceph: stderr
2023-10-05T15:23:54.718+0000 7fea3e59c700 1 --2- >> [v2:172.21.15.45:3300/0,v1:172.21.15.45:6789/0] conn(0x7fea40105550 0x7fea40105970 unknown :-1 s=BANNER_CONNECTING pgs=0 cs=0 l=0 rev1=0 crypto rx=0 tx=0 comp rx=0 tx=0)._handle_peer_banner_payload supported=3 required=0
2023-10-05T15:23:55.489 INFO:teuthology.orchestra.run.smithi045.stdout:/usr/bin/ceph: stderr
2023-10-05T15:23:54.718+0000 7fea3e59c700 1 --2- >> [v2:172.21.15.45:3300/0,v1:172.21.15.45:6789/0] conn(0x7fea40105550 0x7fea40105970 unknown :-1 s=HELLO_CONNECTING pgs=0 cs=0 l=0 rev1=1 crypto rx=0 tx=0 comp rx=0 tx=0).handle_hello peer v2:172.21.15.45:3300/0 says I am v2:172.21.15.45:39204/0 (socket says 172.21.15.45:39204)
2023-10-05T15:23:55.489 INFO:teuthology.orchestra.run.smithi045.stdout:/usr/bin/ceph: stderr
2023-10-05T15:23:54.718+0000 7fea3e59c700 1 -- 172.21.15.45:0/3154997689 learned_addr learned my addr 172.21.15.45:0/3154997689 (peer_addr_for_me v2:172.21.15.45:0/0)
2023-10-05T15:23:55.489 INFO:teuthology.orchestra.run.smithi045.stdout:/usr/bin/ceph: stderr
2023-10-05T15:23:54.718+0000 7fea3e59c700 1 -- 172.21.15.45:0/3154997689 --> [v2:172.21.15.45:3300/0,v1:172.21.15.45:6789/0] -- mon_subscribe({config=0+,monmap=0+}) v3 -- 0x7fea40106750 con 0x7fea40105550
2023-10-05T15:23:55.489 INFO:teuthology.orchestra.run.smithi045.stdout:/usr/bin/ceph: stderr
2023-10-05T15:23:54.718+0000 7fea3e59c700 1 --2- 172.21.15.45:0/3154997689 >> [v2:172.21.15.45:3300/0,v1:172.21.15.45:6789/0] conn(0x7fea40105550 0x7fea40105970 secure :-1 s=READY pgs=51 cs=0 l=1 rev1=1 crypto rx=0x7fea340098a0 tx=0x7fea34009bb0 comp rx=0 tx=0).ready entity=mon.0 client_cookie=6a7e4b7be923fb53 server_cookie=0 in_seq=0 out_seq=0
2023-10-05T15:23:55.489 INFO:teuthology.orchestra.run.smithi045.stdout:/usr/bin/ceph: stderr
2023-10-05T15:23:54.719+0000 7fea3d59a700 1 -- 172.21.15.45:0/3154997689 <== mon.0 v2:172.21.15.45:3300/0 1 ==== mon_map magic: 0 v1 ==== 205+0+0 (secure 0 0 0) 0x7fea34004160 con 0x7fea40105550
2023-10-05T15:23:55.489 INFO:teuthology.orchestra.run.smithi045.stdout:/usr/bin/ceph: stderr
2023-10-05T15:23:54.719+0000 7fea3d59a700 1 -- 172.21.15.45:0/3154997689 <== mon.0 v2:172.21.15.45:3300/0 2 ==== config(26 keys) v1 ==== 1105+0+0 (secure 0 0 0) 0x7fea340042c0 con 0x7fea40105550
2023-10-05T15:23:55.490 INFO:teuthology.orchestra.run.smithi045.stdout:/usr/bin/ceph: stderr
2023-10-05T15:23:54.719+0000 7fea3d59a700 1 -- 172.21.15.45:0/3154997689 <== mon.0 v2:172.21.15.45:3300/0 3 ==== mon_map magic: 0 v1 ==== 205+0+0 (secure 0 0 0) 0x7fea340119b0 con 0x7fea40105550
2023-10-05T15:23:55.490 INFO:teuthology.orchestra.run.smithi045.stdout:/usr/bin/ceph: stderr
2023-10-05T15:23:54.719+0000 7fea44f96700 1 -- 172.21.15.45:0/3154997689 >> [v2:172.21.15.45:3300/0,v1:172.21.15.45:6789/0] conn(0x7fea40105550 msgr2=0x7fea40105970 secure :-1 s=STATE_CONNECTION_ESTABLISHED l=1).mark_down
2023-10-05T15:23:55.490 INFO:teuthology.orchestra.run.smithi045.stdout:/usr/bin/ceph: stderr
2023-10-05T15:23:54.719+0000 7fea44f96700 1 --2- 172.21.15.45:0/3154997689 >> [v2:172.21.15.45:3300/0,v1:172.21.15.45:6789/0] conn(0x7fea40105550 0x7fea40105970 secure :-1 s=READY pgs=51 cs=0 l=1 rev1=1 crypto rx=0x7fea340098a0 tx=0x7fea34009bb0 comp rx=0 tx=0).stop
2023-10-05T15:23:55.490 INFO:teuthology.orchestra.run.smithi045.stdout:/usr/bin/ceph: stderr
2023-10-05T15:23:54.719+0000 7fea44f96700 1 -- 172.21.15.45:0/3154997689 shutdown_connections
2023-10-05T15:23:55.490 INFO:teuthology.orchestra.run.smithi045.stdout:/usr/bin/ceph: stderr
2023-10-05T15:23:54.719+0000 7fea44f96700 1 --2- 172.21.15.45:0/3154997689 >> [v2:172.21.15.45:3300/0,v1:172.21.15.45:6789/0] conn(0x7fea40105550 0x7fea40105970 unknown :-1 s=CLOSED pgs=51 cs=0 l=1 rev1=1 crypto rx=0 tx=0 comp rx=0 tx=0).stop
2023-10-05T15:23:55.490 INFO:teuthology.orchestra.run.smithi045.stdout:/usr/bin/ceph: stderr
2023-10-05T15:23:54.719+0000 7fea44f96700 1 -- 172.21.15.45:0/3154997689 >> 172.21.15.45:0/3154997689 conn(0x7fea40100b30 msgr2=0x7fea40102f50 unknown :-1 s=STATE_NONE l=0).mark_down
2023-10-05T15:23:55.490 INFO:teuthology.orchestra.run.smithi045.stdout:/usr/bin/ceph: stderr
2023-10-05T15:23:54.719+0000 7fea44f96700 1 -- 172.21.15.45:0/3154997689 shutdown_connections
2023-10-05T15:23:55.490 INFO:teuthology.orchestra.run.smithi045.stdout:/usr/bin/ceph: stderr
2023-10-05T15:23:54.719+0000 7fea44f96700 1 -- 172.21.15.45:0/3154997689 wait complete.
2023-10-05T15:23:55.490 INFO:teuthology.orchestra.run.smithi045.stdout:/usr/bin/ceph: stderr
2023-10-05T15:23:54.720+0000 7fea44f96700 1 Processor -- start
2023-10-05T15:23:55.490 INFO:teuthology.orchestra.run.smithi045.stdout:/usr/bin/ceph: stderr
2023-10-05T15:23:54.720+0000 7fea44f96700 1 -- start start
2023-10-05T15:23:55.490 INFO:teuthology.orchestra.run.smithi045.stdout:/usr/bin/ceph: stderr
2023-10-05T15:23:54.720+0000 7fea44f96700 1 --2- >> [v2:172.21.15.45:3300/0,v1:172.21.15.45:6789/0] conn(0x7fea40105550 0x7fea401907a0 unknown :-1 s=NONE pgs=0 cs=0 l=1 rev1=0 crypto rx=0 tx=0 comp rx=0 tx=0).connect
2023-10-05T15:23:55.491 INFO:teuthology.orchestra.run.smithi045.stdout:/usr/bin/ceph: stderr
2023-10-05T15:23:54.720+0000 7fea44f96700 1 -- --> [v2:172.21.15.45:3300/0,v1:172.21.15.45:6789/0] -- mon_getmap magic: 0 v1 -- 0x7fea40190ce0 con 0x7fea40105550
2023-10-05T15:23:55.491 INFO:teuthology.orchestra.run.smithi045.stdout:/usr/bin/ceph: stderr
2023-10-05T15:23:54.721+0000 7fea3e59c700 1 --2- >> [v2:172.21.15.45:3300/0,v1:172.21.15.45:6789/0] conn(0x7fea40105550 0x7fea401907a0 unknown :-1 s=BANNER_CONNECTING pgs=0 cs=0 l=1 rev1=0 crypto rx=0 tx=0 comp rx=0 tx=0)._handle_peer_banner_payload supported=3 required=0
2023-10-05T15:23:55.491 INFO:teuthology.orchestra.run.smithi045.stdout:/usr/bin/ceph: stderr
2023-10-05T15:23:54.721+0000 7fea3e59c700 1 --2- >> [v2:172.21.15.45:3300/0,v1:172.21.15.45:6789/0] conn(0x7fea40105550 0x7fea401907a0 unknown :-1 s=HELLO_CONNECTING pgs=0 cs=0 l=1 rev1=1 crypto rx=0 tx=0 comp rx=0 tx=0).handle_hello peer v2:172.21.15.45:3300/0 says I am v2:172.21.15.45:39206/0 (socket says 172.21.15.45:39206)
2023-10-05T15:23:55.491 INFO:teuthology.orchestra.run.smithi045.stdout:/usr/bin/ceph: stderr
2023-10-05T15:23:54.721+0000 7fea3e59c700 1 -- 172.21.15.45:0/796869847 learned_addr learned my addr 172.21.15.45:0/796869847 (peer_addr_for_me v2:172.21.15.45:0/0)
2023-10-05T15:23:55.491 INFO:teuthology.orchestra.run.smithi045.stdout:/usr/bin/ceph: stderr
2023-10-05T15:23:54.721+0000 7fea3e59c700 1 -- 172.21.15.45:0/796869847 --> [v2:172.21.15.45:3300/0,v1:172.21.15.45:6789/0] -- mon_subscribe({config=0+,monmap=0+}) v3 -- 0x7fea34009550 con 0x7fea40105550
2023-10-05T15:23:55.491 INFO:teuthology.orchestra.run.smithi045.stdout:/usr/bin/ceph: stderr
2023-10-05T15:23:54.721+0000 7fea3e59c700 1 --2- 172.21.15.45:0/796869847 >> [v2:172.21.15.45:3300/0,v1:172.21.15.45:6789/0] conn(0x7fea40105550 0x7fea401907a0 secure :-1 s=READY pgs=52 cs=0 l=1 rev1=1 crypto rx=0x7fea34003e60 tx=0x7fea34011aa0 comp rx=0 tx=0).ready entity=mon.0 client_cookie=0 server_cookie=0 in_seq=0 out_seq=0
2023-10-05T15:23:55.491 INFO:teuthology.orchestra.run.smithi045.stdout:/usr/bin/ceph: stderr
2023-10-05T15:23:54.721+0000 7fea2f7fe700 1 -- 172.21.15.45:0/796869847 <== mon.0 v2:172.21.15.45:3300/0 1 ==== mon_map magic: 0 v1 ==== 205+0+0 (secure 0 0 0) 0x7fea34003970 con 0x7fea40105550
2023-10-05T15:23:55.491 INFO:teuthology.orchestra.run.smithi045.stdout:/usr/bin/ceph: stderr
2023-10-05T15:23:54.721+0000 7fea2f7fe700 1 -- 172.21.15.45:0/796869847 <== mon.0 v2:172.21.15.45:3300/0 2 ==== config(26 keys) v1 ==== 1105+0+0 (secure 0 0 0) 0x7fea34003ad0 con 0x7fea40105550
2023-10-05T15:23:55.491 INFO:teuthology.orchestra.run.smithi045.stdout:/usr/bin/ceph: stderr
2023-10-05T15:23:54.721+0000 7fea44f96700 1 -- 172.21.15.45:0/796869847 --> [v2:172.21.15.45:3300/0,v1:172.21.15.45:6789/0] -- mon_subscribe({mgrmap=0+}) v3 -- 0x7fea4018edf0 con 0x7fea40105550
2023-10-05T15:23:55.491 INFO:teuthology.orchestra.run.smithi045.stdout:/usr/bin/ceph: stderr
2023-10-05T15:23:54.721+0000 7fea2f7fe700 1 -- 172.21.15.45:0/796869847 <== mon.0 v2:172.21.15.45:3300/0 3 ==== mon_map magic: 0 v1 ==== 205+0+0 (secure 0 0 0) 0x7fea340195e0 con 0x7fea40105550
2023-10-05T15:23:55.491 INFO:teuthology.orchestra.run.smithi045.stdout:/usr/bin/ceph: stderr
2023-10-05T15:23:54.721+0000 7fea44f96700 1 -- 172.21.15.45:0/796869847 --> [v2:172.21.15.45:3300/0,v1:172.21.15.45:6789/0] -- mon_subscribe({osdmap=0}) v3 -- 0x7fea4018f210 con 0x7fea40105550
2023-10-05T15:23:55.491 INFO:teuthology.orchestra.run.smithi045.stdout:/usr/bin/ceph: stderr
2023-10-05T15:23:54.722+0000 7fea2f7fe700 1 -- 172.21.15.45:0/796869847 <== mon.0 v2:172.21.15.45:3300/0 4 ==== mgrmap(e 8) v1 ==== 45579+0+0 (secure 0 0 0) 0x7fea340198a0 con 0x7fea40105550
2023-10-05T15:23:55.492 INFO:teuthology.orchestra.run.smithi045.stdout:/usr/bin/ceph: stderr
2023-10-05T15:23:54.722+0000 7fea44f96700 1 -- 172.21.15.45:0/796869847 --> [v2:172.21.15.45:3300/0,v1:172.21.15.45:6789/0] -- mon_command({"prefix": "get_command_descriptions"} v 0) v1 -- 0x7fea40109980 con 0x7fea40105550
2023-10-05T15:23:55.492 INFO:teuthology.orchestra.run.smithi045.stdout:/usr/bin/ceph: stderr
2023-10-05T15:23:54.723+0000 7fea2f7fe700 1 --2- 172.21.15.45:0/796869847 >> [v2:172.21.15.45:6800/3366807170,v1:172.21.15.45:6801/3366807170] conn(0x7fea280387d0 0x7fea2803ac90 unknown :-1 s=NONE pgs=0 cs=0 l=1 rev1=0 crypto rx=0 tx=0 comp rx=0 tx=0).connect
2023-10-05T15:23:55.492 INFO:teuthology.orchestra.run.smithi045.stdout:/usr/bin/ceph: stderr
2023-10-05T15:23:54.723+0000 7fea2f7fe700 1 -- 172.21.15.45:0/796869847 <== mon.0 v2:172.21.15.45:3300/0 5 ==== osd_map(2..2 src has 1..2) v4 ==== 940+0+0 (secure 0 0 0) 0x7fea3404ca50 con 0x7fea40105550
2023-10-05T15:23:55.492 INFO:teuthology.orchestra.run.smithi045.stdout:/usr/bin/ceph: stderr
2023-10-05T15:23:54.723+0000 7fea3dd9b700 1 --2- 172.21.15.45:0/796869847 >> [v2:172.21.15.45:6800/3366807170,v1:172.21.15.45:6801/3366807170] conn(0x7fea280387d0 0x7fea2803ac90 unknown :-1 s=BANNER_CONNECTING pgs=0 cs=0 l=1 rev1=0 crypto rx=0 tx=0 comp rx=0 tx=0)._handle_peer_banner_payload supported=3 required=0
2023-10-05T15:23:55.492 INFO:teuthology.orchestra.run.smithi045.stdout:/usr/bin/ceph: stderr
2023-10-05T15:23:54.723+0000 7fea3dd9b700 1 --2- 172.21.15.45:0/796869847 >> [v2:172.21.15.45:6800/3366807170,v1:172.21.15.45:6801/3366807170] conn(0x7fea280387d0 0x7fea2803ac90 secure :-1 s=READY pgs=14 cs=0 l=1 rev1=1 crypto rx=0x7fea30006fd0 tx=0x7fea30006e40 comp rx=0 tx=0).ready entity=mgr.14120 client_cookie=0 server_cookie=0 in_seq=0 out_seq=0
2023-10-05T15:23:55.492 INFO:teuthology.orchestra.run.smithi045.stdout:/usr/bin/ceph: stderr
2023-10-05T15:23:54.727+0000 7fea2f7fe700 1 -- 172.21.15.45:0/796869847 <== mon.0 v2:172.21.15.45:3300/0 6 ==== mon_command_ack([{"prefix": "get_command_descriptions"}]=0 v0) v1 ==== 72+0+180459 (secure 0 0 0) 0x7fea34003c40 con 0x7fea40105550
2023-10-05T15:23:55.493 INFO:teuthology.orchestra.run.smithi045.stdout:/usr/bin/ceph: stderr
2023-10-05T15:23:55.097+0000 7fea44f96700 1 -- 172.21.15.45:0/796869847 --> [v2:172.21.15.45:3300/0,v1:172.21.15.45:6789/0] -- mon_command([{prefix=config set, name=mgr/cephadm/container_init}] v 0) v1 -- 0x7fea40109bf0 con 0x7fea40105550
2023-10-05T15:23:55.493 INFO:teuthology.orchestra.run.smithi045.stdout:/usr/bin/ceph: stderr
2023-10-05T15:23:55.099+0000 7fea2f7fe700 1 -- 172.21.15.45:0/796869847 <== mon.0 v2:172.21.15.45:3300/0 7 ==== mon_command_ack([{prefix=config set, name=mgr/cephadm/container_init}]=0 v7)=0 v7) v1 ==== 142+0+0 (secure 0 0 0) 0x7fea34023b80 con 0x7fea40105550
2023-10-05T15:23:55.493 INFO:teuthology.orchestra.run.smithi045.stdout:/usr/bin/ceph: stderr
2023-10-05T15:23:55.102+0000 7fea44f96700 1 -- 172.21.15.45:0/796869847 >> [v2:172.21.15.45:6800/3366807170,v1:172.21.15.45:6801/3366807170] conn(0x7fea280387d0 msgr2=0x7fea2803ac90 secure :-1 s=STATE_CONNECTION_ESTABLISHED l=1).mark_down
2023-10-05T15:23:55.493 INFO:teuthology.orchestra.run.smithi045.stdout:/usr/bin/ceph: stderr
2023-10-05T15:23:55.102+0000 7fea44f96700 1 --2- 172.21.15.45:0/796869847 >> [v2:172.21.15.45:6800/3366807170,v1:172.21.15.45:6801/3366807170] conn(0x7fea280387d0 0x7fea2803ac90 secure :-1 s=READY pgs=14 cs=0 l=1 rev1=1 crypto rx=0x7fea30006fd0 tx=0x7fea30006e40 comp rx=0 tx=0).stop
2023-10-05T15:23:55.493 INFO:teuthology.orchestra.run.smithi045.stdout:/usr/bin/ceph: stderr
2023-10-05T15:23:55.102+0000 7fea44f96700 1 -- 172.21.15.45:0/796869847 >> [v2:172.21.15.45:3300/0,v1:172.21.15.45:6789/0] conn(0x7fea40105550 msgr2=0x7fea401907a0 secure :-1 s=STATE_CONNECTION_ESTABLISHED l=1).mark_down
2023-10-05T15:23:55.493 INFO:teuthology.orchestra.run.smithi045.stdout:/usr/bin/ceph: stderr
2023-10-05T15:23:55.102+0000 7fea44f96700 1 --2- 172.21.15.45:0/796869847 >> [v2:172.21.15.45:3300/0,v1:172.21.15.45:6789/0] conn(0x7fea40105550 0x7fea401907a0 secure :-1 s=READY pgs=52 cs=0 l=1 rev1=1 crypto rx=0x7fea34003e60 tx=0x7fea34011aa0 comp rx=0 tx=0).stop
2023-10-05T15:23:55.493 INFO:teuthology.orchestra.run.smithi045.stdout:/usr/bin/ceph: stderr
2023-10-05T15:23:55.102+0000 7fea44f96700 1 -- 172.21.15.45:0/796869847 shutdown_connections
2023-10-05T15:23:55.493 INFO:teuthology.orchestra.run.smithi045.stdout:/usr/bin/ceph: stderr
2023-10-05T15:23:55.102+0000 7fea44f96700 1 --2- 172.21.15.45:0/796869847 >> [v2:172.21.15.45:6800/3366807170,v1:172.21.15.45:6801/3366807170] conn(0x7fea280387d0 0x7fea2803ac90 unknown :-1 s=CLOSED pgs=14 cs=0 l=1 rev1=1 crypto rx=0 tx=0 comp rx=0 tx=0).stop
2023-10-05T15:23:55.493 INFO:teuthology.orchestra.run.smithi045.stdout:/usr/bin/ceph: stderr
2023-10-05T15:23:55.102+0000 7fea44f96700 1 --2- 172.21.15.45:0/796869847 >> [v2:172.21.15.45:3300/0,v1:172.21.15.45:6789/0] conn(0x7fea40105550 0x7fea401907a0 unknown :-1 s=CLOSED pgs=52 cs=0 l=1 rev1=1 crypto rx=0 tx=0 comp rx=0 tx=0).stop
2023-10-05T15:23:55.493 INFO:teuthology.orchestra.run.smithi045.stdout:/usr/bin/ceph: stderr
2023-10-05T15:23:55.102+0000 7fea44f96700 1 -- 172.21.15.45:0/796869847 >> 172.21.15.45:0/796869847 conn(0x7fea40100b30 msgr2=0x7fea40079920 unknown :-1 s=STATE_NONE l=0).mark_down
2023-10-05T15:23:55.494 INFO:teuthology.orchestra.run.smithi045.stdout:/usr/bin/ceph: stderr
2023-10-05T15:23:55.102+0000 7fea44f96700 1 -- 172.21.15.45:0/796869847 shutdown_connections
2023-10-05T15:23:55.494 INFO:teuthology.orchestra.run.smithi045.stdout:/usr/bin/ceph: stderr
2023-10-05T15:23:55.102+0000 7fea44f96700 1 -- 172.21.15.45:0/796869847 wait complete.
2023-10-05T15:23:55.716 INFO:journalctl@ceph.mon.a.smithi045.stdout:Oct 05 15:23:55 smithi045 ceph-mon[99223]: from='client.14144 -' entity='client.admin' cmd=[{"prefix": "orch apply", "service_type": "mgr", "unmanaged": true, "target": ["mon-mgr", ""]}]: dispatch
2023-10-05T15:23:55.716 INFO:journalctl@ceph.mon.a.smithi045.stdout:Oct 05 15:23:55 smithi045 ceph-mon[99223]: Saving service mgr spec with placement count:2
2023-10-05T15:23:55.717 INFO:journalctl@ceph.mon.a.smithi045.stdout:Oct 05 15:23:55 smithi045 ceph-mon[99223]: from='client.? 172.21.15.45:0/796869847' entity='client.admin'
2023-10-05T15:23:55.717 INFO:journalctl@ceph.mon.a.smithi045.stdout:Oct 05 15:23:55 smithi045 ceph-mon[99223]: from='mgr.14120 172.21.15.45:0/1999390557' entity='mgr.x'
2023-10-05T15:23:56.938 INFO:teuthology.orchestra.run.smithi045.stdout:/usr/bin/ceph: stderr
2023-10-05T15:23:56.146+0000 7ff3c658c700 1 Processor -- start
2023-10-05T15:23:56.938 INFO:teuthology.orchestra.run.smithi045.stdout:/usr/bin/ceph: stderr
2023-10-05T15:23:56.146+0000 7ff3c658c700 1 -- start start
2023-10-05T15:23:56.938 INFO:teuthology.orchestra.run.smithi045.stdout:/usr/bin/ceph: stderr
2023-10-05T15:23:56.146+0000 7ff3c658c700 1 --2- >> [v2:172.21.15.45:3300/0,v1:172.21.15.45:6789/0] conn(0x7ff3c0105a50 0x7ff3c0105e70 unknown :-1 s=NONE pgs=0 cs=0 l=0 rev1=0 crypto rx=0 tx=0 comp rx=0 tx=0).connect
2023-10-05T15:23:56.938 INFO:teuthology.orchestra.run.smithi045.stdout:/usr/bin/ceph: stderr
2023-10-05T15:23:56.146+0000 7ff3c658c700 1 -- --> [v2:172.21.15.45:3300/0,v1:172.21.15.45:6789/0] -- mon_getmap magic: 0 v1 -- 0x7ff3c0106440 con 0x7ff3c0105a50
2023-10-05T15:23:56.938 INFO:teuthology.orchestra.run.smithi045.stdout:/usr/bin/ceph: stderr
2023-10-05T15:23:56.147+0000 7ff3bffff700 1 --2- >> [v2:172.21.15.45:3300/0,v1:172.21.15.45:6789/0] conn(0x7ff3c0105a50 0x7ff3c0105e70 unknown :-1 s=BANNER_CONNECTING pgs=0 cs=0 l=0 rev1=0 crypto rx=0 tx=0 comp rx=0 tx=0)._handle_peer_banner_payload supported=3 required=0
2023-10-05T15:23:56.938 INFO:teuthology.orchestra.run.smithi045.stdout:/usr/bin/ceph: stderr
2023-10-05T15:23:56.147+0000 7ff3bffff700 1 --2- >> [v2:172.21.15.45:3300/0,v1:172.21.15.45:6789/0] conn(0x7ff3c0105a50 0x7ff3c0105e70 unknown :-1 s=HELLO_CONNECTING pgs=0 cs=0 l=0 rev1=1 crypto rx=0 tx=0 comp rx=0 tx=0).handle_hello peer v2:172.21.15.45:3300/0 says I am v2:172.21.15.45:39210/0 (socket says 172.21.15.45:39210)
2023-10-05T15:23:56.938 INFO:teuthology.orchestra.run.smithi045.stdout:/usr/bin/ceph: stderr
2023-10-05T15:23:56.147+0000 7ff3bffff700 1 -- 172.21.15.45:0/1044705402 learned_addr learned my addr 172.21.15.45:0/1044705402 (peer_addr_for_me v2:172.21.15.45:0/0)
2023-10-05T15:23:56.939 INFO:teuthology.orchestra.run.smithi045.stdout:/usr/bin/ceph: stderr
2023-10-05T15:23:56.147+0000 7ff3bffff700 1 -- 172.21.15.45:0/1044705402 --> [v2:172.21.15.45:3300/0,v1:172.21.15.45:6789/0] -- mon_subscribe({config=0+,monmap=0+}) v3 -- 0x7ff3c0106770 con 0x7ff3c0105a50
2023-10-05T15:23:56.939 INFO:teuthology.orchestra.run.smithi045.stdout:/usr/bin/ceph: stderr
2023-10-05T15:23:56.147+0000 7ff3bffff700 1 --2- 172.21.15.45:0/1044705402 >> [v2:172.21.15.45:3300/0,v1:172.21.15.45:6789/0] conn(0x7ff3c0105a50 0x7ff3c0105e70 secure :-1 s=READY pgs=53 cs=0 l=1 rev1=1 crypto rx=0x7ff3b00098a0 tx=0x7ff3b0009bb0 comp rx=0 tx=0).ready entity=mon.0 client_cookie=e6a65d6acde83f02 server_cookie=0 in_seq=0 out_seq=0
2023-10-05T15:23:56.939 INFO:teuthology.orchestra.run.smithi045.stdout:/usr/bin/ceph: stderr
2023-10-05T15:23:56.147+0000 7ff3beffd700 1 -- 172.21.15.45:0/1044705402 <== mon.0 v2:172.21.15.45:3300/0 1 ==== mon_map magic: 0 v1 ==== 205+0+0 (secure 0 0 0) 0x7ff3b0004160 con 0x7ff3c0105a50
2023-10-05T15:23:56.939 INFO:teuthology.orchestra.run.smithi045.stdout:/usr/bin/ceph: stderr
2023-10-05T15:23:56.147+0000 7ff3beffd700 1 -- 172.21.15.45:0/1044705402 <== mon.0 v2:172.21.15.45:3300/0 2 ==== config(26 keys) v1 ==== 1105+0+0 (secure 0 0 0) 0x7ff3b00042c0 con 0x7ff3c0105a50
2023-10-05T15:23:56.939 INFO:teuthology.orchestra.run.smithi045.stdout:/usr/bin/ceph: stderr
2023-10-05T15:23:56.147+0000 7ff3beffd700 1 -- 172.21.15.45:0/1044705402 <== mon.0 v2:172.21.15.45:3300/0 3 ==== mon_map magic: 0 v1 ==== 205+0+0 (secure 0 0 0) 0x7ff3b00119b0 con 0x7ff3c0105a50
2023-10-05T15:23:56.939 INFO:teuthology.orchestra.run.smithi045.stdout:/usr/bin/ceph: stderr
2023-10-05T15:23:56.148+0000 7ff3c658c700 1 -- 172.21.15.45:0/1044705402 >> [v2:172.21.15.45:3300/0,v1:172.21.15.45:6789/0] conn(0x7ff3c0105a50 msgr2=0x7ff3c0105e70 secure :-1 s=STATE_CONNECTION_ESTABLISHED l=1).mark_down
2023-10-05T15:23:56.939 INFO:teuthology.orchestra.run.smithi045.stdout:/usr/bin/ceph: stderr
2023-10-05T15:23:56.148+0000 7ff3c658c700 1 --2- 172.21.15.45:0/1044705402 >> [v2:172.21.15.45:3300/0,v1:172.21.15.45:6789/0] conn(0x7ff3c0105a50 0x7ff3c0105e70 secure :-1 s=READY pgs=53 cs=0 l=1 rev1=1 crypto rx=0x7ff3b00098a0 tx=0x7ff3b0009bb0 comp rx=0 tx=0).stop
2023-10-05T15:23:56.939 INFO:teuthology.orchestra.run.smithi045.stdout:/usr/bin/ceph: stderr
2023-10-05T15:23:56.148+0000 7ff3c658c700 1 -- 172.21.15.45:0/1044705402 shutdown_connections
2023-10-05T15:23:56.939 INFO:teuthology.orchestra.run.smithi045.stdout:/usr/bin/ceph: stderr
2023-10-05T15:23:56.148+0000 7ff3c658c700 1 --2- 172.21.15.45:0/1044705402 >> [v2:172.21.15.45:3300/0,v1:172.21.15.45:6789/0] conn(0x7ff3c0105a50 0x7ff3c0105e70 unknown :-1 s=CLOSED pgs=53 cs=0 l=1 rev1=1 crypto rx=0 tx=0 comp rx=0 tx=0).stop
2023-10-05T15:23:56.939 INFO:teuthology.orchestra.run.smithi045.stdout:/usr/bin/ceph: stderr
2023-10-05T15:23:56.148+0000 7ff3c658c700 1 -- 172.21.15.45:0/1044705402 >> 172.21.15.45:0/1044705402 conn(0x7ff3c0100290 msgr2=0x7ff3c01026b0 unknown :-1 s=STATE_NONE l=0).mark_down
2023-10-05T15:23:56.939 INFO:teuthology.orchestra.run.smithi045.stdout:/usr/bin/ceph: stderr
2023-10-05T15:23:56.148+0000 7ff3c658c700 1 -- 172.21.15.45:0/1044705402 shutdown_connections
2023-10-05T15:23:56.939 INFO:teuthology.orchestra.run.smithi045.stdout:/usr/bin/ceph: stderr
2023-10-05T15:23:56.148+0000 7ff3c658c700 1 -- 172.21.15.45:0/1044705402 wait complete.
2023-10-05T15:23:56.940 INFO:teuthology.orchestra.run.smithi045.stdout:/usr/bin/ceph: stderr
2023-10-05T15:23:56.149+0000 7ff3c658c700 1 Processor -- start
2023-10-05T15:23:56.940 INFO:teuthology.orchestra.run.smithi045.stdout:/usr/bin/ceph: stderr
2023-10-05T15:23:56.149+0000 7ff3c658c700 1 -- start start
2023-10-05T15:23:56.940 INFO:teuthology.orchestra.run.smithi045.stdout:/usr/bin/ceph: stderr
2023-10-05T15:23:56.150+0000 7ff3c658c700 1 --2- >> [v2:172.21.15.45:3300/0,v1:172.21.15.45:6789/0] conn(0x7ff3c0105a50 0x7ff3c0105110 unknown :-1 s=NONE pgs=0 cs=0 l=1 rev1=0 crypto rx=0 tx=0 comp rx=0 tx=0).connect
2023-10-05T15:23:56.940 INFO:teuthology.orchestra.run.smithi045.stdout:/usr/bin/ceph: stderr
2023-10-05T15:23:56.150+0000 7ff3c658c700 1 -- --> [v2:172.21.15.45:3300/0,v1:172.21.15.45:6789/0] -- mon_getmap magic: 0 v1 -- 0x7ff3c019d0d0 con 0x7ff3c0105a50
2023-10-05T15:23:56.940 INFO:teuthology.orchestra.run.smithi045.stdout:/usr/bin/ceph: stderr
2023-10-05T15:23:56.150+0000 7ff3bffff700 1 --2- >> [v2:172.21.15.45:3300/0,v1:172.21.15.45:6789/0] conn(0x7ff3c0105a50 0x7ff3c0105110 unknown :-1 s=BANNER_CONNECTING pgs=0 cs=0 l=1 rev1=0 crypto rx=0 tx=0 comp rx=0 tx=0)._handle_peer_banner_payload supported=3 required=0
2023-10-05T15:23:56.940 INFO:teuthology.orchestra.run.smithi045.stdout:/usr/bin/ceph: stderr
2023-10-05T15:23:56.150+0000 7ff3bffff700 1 --2- >> [v2:172.21.15.45:3300/0,v1:172.21.15.45:6789/0] conn(0x7ff3c0105a50 0x7ff3c0105110 unknown :-1 s=HELLO_CONNECTING pgs=0 cs=0 l=1 rev1=1 crypto rx=0 tx=0 comp rx=0 tx=0).handle_hello peer v2:172.21.15.45:3300/0 says I am v2:172.21.15.45:39212/0 (socket says 172.21.15.45:39212)
2023-10-05T15:23:56.940 INFO:teuthology.orchestra.run.smithi045.stdout:/usr/bin/ceph: stderr
2023-10-05T15:23:56.150+0000 7ff3bffff700 1 -- 172.21.15.45:0/212762164 learned_addr learned my addr 172.21.15.45:0/212762164 (peer_addr_for_me v2:172.21.15.45:0/0)
2023-10-05T15:23:56.940 INFO:teuthology.orchestra.run.smithi045.stdout:/usr/bin/ceph: stderr
2023-10-05T15:23:56.150+0000 7ff3bffff700 1 -- 172.21.15.45:0/212762164 --> [v2:172.21.15.45:3300/0,v1:172.21.15.45:6789/0] -- mon_subscribe({config=0+,monmap=0+}) v3 -- 0x7ff3b0009550 con 0x7ff3c0105a50
2023-10-05T15:23:56.940 INFO:teuthology.orchestra.run.smithi045.stdout:/usr/bin/ceph: stderr
2023-10-05T15:23:56.150+0000 7ff3bffff700 1 --2- 172.21.15.45:0/212762164 >> [v2:172.21.15.45:3300/0,v1:172.21.15.45:6789/0] conn(0x7ff3c0105a50 0x7ff3c0105110 secure :-1 s=READY pgs=54 cs=0 l=1 rev1=1 crypto rx=0x7ff3b0011980 tx=0x7ff3b0011a60 comp rx=0 tx=0).ready entity=mon.0 client_cookie=0 server_cookie=0 in_seq=0 out_seq=0
2023-10-05T15:23:56.940 INFO:teuthology.orchestra.run.smithi045.stdout:/usr/bin/ceph: stderr
2023-10-05T15:23:56.150+0000 7ff3bd7fa700 1 -- 172.21.15.45:0/212762164 <== mon.0 v2:172.21.15.45:3300/0 1 ==== mon_map magic: 0 v1 ==== 205+0+0 (secure 0 0 0) 0x7ff3b0003a60 con 0x7ff3c0105a50
2023-10-05T15:23:56.940 INFO:teuthology.orchestra.run.smithi045.stdout:/usr/bin/ceph: stderr
2023-10-05T15:23:56.150+0000 7ff3bd7fa700 1 -- 172.21.15.45:0/212762164 <== mon.0 v2:172.21.15.45:3300/0 2 ==== config(26 keys) v1 ==== 1105+0+0 (secure 0 0 0) 0x7ff3b0003bc0 con 0x7ff3c0105a50
2023-10-05T15:23:56.941 INFO:teuthology.orchestra.run.smithi045.stdout:/usr/bin/ceph: stderr
2023-10-05T15:23:56.150+0000 7ff3c658c700 1 -- 172.21.15.45:0/212762164 --> [v2:172.21.15.45:3300/0,v1:172.21.15.45:6789/0] -- mon_subscribe({mgrmap=0+}) v3 -- 0x7ff3c019d210 con 0x7ff3c0105a50
2023-10-05T15:23:56.941 INFO:teuthology.orchestra.run.smithi045.stdout:/usr/bin/ceph: stderr
2023-10-05T15:23:56.150+0000 7ff3bd7fa700 1 -- 172.21.15.45:0/212762164 <== mon.0 v2:172.21.15.45:3300/0 3 ==== mon_map magic: 0 v1 ==== 205+0+0 (secure 0 0 0) 0x7ff3b001a670 con 0x7ff3c0105a50
2023-10-05T15:23:56.941 INFO:teuthology.orchestra.run.smithi045.stdout:/usr/bin/ceph: stderr
2023-10-05T15:23:56.151+0000 7ff3c658c700 1 -- 172.21.15.45:0/212762164 --> [v2:172.21.15.45:3300/0,v1:172.21.15.45:6789/0] -- mon_subscribe({osdmap=0}) v3 -- 0x7ff3c019d630 con 0x7ff3c0105a50
2023-10-05T15:23:56.941 INFO:teuthology.orchestra.run.smithi045.stdout:/usr/bin/ceph: stderr
2023-10-05T15:23:56.152+0000 7ff3bd7fa700 1 -- 172.21.15.45:0/212762164 <== mon.0 v2:172.21.15.45:3300/0 4 ==== mgrmap(e 8) v1 ==== 45579+0+0 (secure 0 0 0) 0x7ff3b001a930 con 0x7ff3c0105a50
2023-10-05T15:23:56.941 INFO:teuthology.orchestra.run.smithi045.stdout:/usr/bin/ceph: stderr
2023-10-05T15:23:56.152+0000 7ff3bd7fa700 1 --2- 172.21.15.45:0/212762164 >> [v2:172.21.15.45:6800/3366807170,v1:172.21.15.45:6801/3366807170] conn(0x7ff3a8038820 0x7ff3a803ace0 unknown :-1 s=NONE pgs=0 cs=0 l=1 rev1=0 crypto rx=0 tx=0 comp rx=0 tx=0).connect
2023-10-05T15:23:56.941 INFO:teuthology.orchestra.run.smithi045.stdout:/usr/bin/ceph: stderr
2023-10-05T15:23:56.152+0000 7ff3bd7fa700 1 -- 172.21.15.45:0/212762164 <== mon.0 v2:172.21.15.45:3300/0 5 ==== osd_map(2..2 src has 1..2) v4 ==== 940+0+0 (secure 0 0 0) 0x7ff3b004c920 con 0x7ff3c0105a50
2023-10-05T15:23:56.941 INFO:teuthology.orchestra.run.smithi045.stdout:/usr/bin/ceph: stderr
2023-10-05T15:23:56.152+0000 7ff3c658c700 1 -- 172.21.15.45:0/212762164 --> [v2:172.21.15.45:3300/0,v1:172.21.15.45:6789/0] -- mon_command({"prefix": "get_command_descriptions"} v 0) v1 -- 0x7ff3c01099a0 con 0x7ff3c0105a50
2023-10-05T15:23:56.941 INFO:teuthology.orchestra.run.smithi045.stdout:/usr/bin/ceph: stderr
2023-10-05T15:23:56.152+0000 7ff3bf7fe700 1 --2- 172.21.15.45:0/212762164 >> [v2:172.21.15.45:6800/3366807170,v1:172.21.15.45:6801/3366807170] conn(0x7ff3a8038820 0x7ff3a803ace0 unknown :-1 s=BANNER_CONNECTING pgs=0 cs=0 l=1 rev1=0 crypto rx=0 tx=0 comp rx=0 tx=0)._handle_peer_banner_payload supported=3 required=0
2023-10-05T15:23:56.941 INFO:teuthology.orchestra.run.smithi045.stdout:/usr/bin/ceph: stderr
2023-10-05T15:23:56.153+0000 7ff3bf7fe700 1 --2- 172.21.15.45:0/212762164 >> [v2:172.21.15.45:6800/3366807170,v1:172.21.15.45:6801/3366807170] conn(0x7ff3a8038820 0x7ff3a803ace0 secure :-1 s=READY pgs=15 cs=0 l=1 rev1=1 crypto rx=0x7ff3b4006fd0 tx=0x7ff3b4006e40 comp rx=0 tx=0).ready entity=mgr.14120 client_cookie=0 server_cookie=0 in_seq=0 out_seq=0
2023-10-05T15:23:56.941 INFO:teuthology.orchestra.run.smithi045.stdout:/usr/bin/ceph: stderr
2023-10-05T15:23:56.157+0000 7ff3bd7fa700 1 -- 172.21.15.45:0/212762164 <== mon.0 v2:172.21.15.45:3300/0 6 ==== mon_command_ack([{"prefix": "get_command_descriptions"}]=0 v0) v1 ==== 72+0+180459 (secure 0 0 0) 0x7ff3b001abe0 con 0x7ff3c0105a50
2023-10-05T15:23:56.941 INFO:teuthology.orchestra.run.smithi045.stdout:/usr/bin/ceph: stderr
2023-10-05T15:23:56.526+0000 7ff3c658c700 1 -- 172.21.15.45:0/212762164 --> [v2:172.21.15.45:3300/0,v1:172.21.15.45:6789/0] -- mon_command([{prefix=config set, name=mgr/dashboard/ssl_server_port}] v 0) v1 -- 0x7ff3c0109bc0 con 0x7ff3c0105a50
2023-10-05T15:23:56.942 INFO:teuthology.orchestra.run.smithi045.stdout:/usr/bin/ceph: stderr
2023-10-05T15:23:56.529+0000 7ff3bd7fa700 1 -- 172.21.15.45:0/212762164 <== mon.0 v2:172.21.15.45:3300/0 7 ==== mon_command_ack([{prefix=config set, name=mgr/dashboard/ssl_server_port}]=0 v8)=0 v8) v1 ==== 130+0+0 (secure 0 0 0) 0x7ff3b0018350 con 0x7ff3c0105a50
2023-10-05T15:23:56.942 INFO:teuthology.orchestra.run.smithi045.stdout:/usr/bin/ceph: stderr
2023-10-05T15:23:56.532+0000 7ff3c658c700 1 -- 172.21.15.45:0/212762164 >> [v2:172.21.15.45:6800/3366807170,v1:172.21.15.45:6801/3366807170] conn(0x7ff3a8038820 msgr2=0x7ff3a803ace0 secure :-1 s=STATE_CONNECTION_ESTABLISHED l=1).mark_down
2023-10-05T15:23:56.942 INFO:teuthology.orchestra.run.smithi045.stdout:/usr/bin/ceph: stderr
2023-10-05T15:23:56.532+0000 7ff3c658c700 1 --2- 172.21.15.45:0/212762164 >> [v2:172.21.15.45:6800/3366807170,v1:172.21.15.45:6801/3366807170] conn(0x7ff3a8038820 0x7ff3a803ace0 secure :-1 s=READY pgs=15 cs=0 l=1 rev1=1 crypto rx=0x7ff3b4006fd0 tx=0x7ff3b4006e40 comp rx=0 tx=0).stop
2023-10-05T15:23:56.942 INFO:teuthology.orchestra.run.smithi045.stdout:/usr/bin/ceph: stderr
2023-10-05T15:23:56.532+0000 7ff3c658c700 1 -- 172.21.15.45:0/212762164 >> [v2:172.21.15.45:3300/0,v1:172.21.15.45:6789/0] conn(0x7ff3c0105a50 msgr2=0x7ff3c0105110 secure :-1 s=STATE_CONNECTION_ESTABLISHED l=1).mark_down
2023-10-05T15:23:56.942 INFO:teuthology.orchestra.run.smithi045.stdout:/usr/bin/ceph: stderr
2023-10-05T15:23:56.532+0000 7ff3c658c700 1 --2- 172.21.15.45:0/212762164 >> [v2:172.21.15.45:3300/0,v1:172.21.15.45:6789/0] conn(0x7ff3c0105a50 0x7ff3c0105110 secure :-1 s=READY pgs=54 cs=0 l=1 rev1=1 crypto rx=0x7ff3b0011980 tx=0x7ff3b0011a60 comp rx=0 tx=0).stop
2023-10-05T15:23:56.942 INFO:teuthology.orchestra.run.smithi045.stdout:/usr/bin/ceph: stderr
2023-10-05T15:23:56.532+0000 7ff3c658c700 1 -- 172.21.15.45:0/212762164 shutdown_connections
2023-10-05T15:23:56.942 INFO:teuthology.orchestra.run.smithi045.stdout:/usr/bin/ceph: stderr
2023-10-05T15:23:56.532+0000 7ff3c658c700 1 --2- 172.21.15.45:0/212762164 >> [v2:172.21.15.45:6800/3366807170,v1:172.21.15.45:6801/3366807170] conn(0x7ff3a8038820 0x7ff3a803ace0 unknown :-1 s=CLOSED pgs=15 cs=0 l=1 rev1=1 crypto rx=0 tx=0 comp rx=0 tx=0).stop
2023-10-05T15:23:56.942 INFO:teuthology.orchestra.run.smithi045.stdout:/usr/bin/ceph: stderr
2023-10-05T15:23:56.532+0000 7ff3c658c700 1 --2- 172.21.15.45:0/212762164 >> [v2:172.21.15.45:3300/0,v1:172.21.15.45:6789/0] conn(0x7ff3c0105a50 0x7ff3c0105110 unknown :-1 s=CLOSED pgs=54 cs=0 l=1 rev1=1 crypto rx=0 tx=0 comp rx=0 tx=0).stop
2023-10-05T15:23:56.942 INFO:teuthology.orchestra.run.smithi045.stdout:/usr/bin/ceph: stderr
2023-10-05T15:23:56.532+0000 7ff3c658c700 1 -- 172.21.15.45:0/212762164 >> 172.21.15.45:0/212762164 conn(0x7ff3c0100290 msgr2=0x7ff3c0101910 unknown :-1 s=STATE_NONE l=0).mark_down
2023-10-05T15:23:56.942 INFO:teuthology.orchestra.run.smithi045.stdout:/usr/bin/ceph: stderr
2023-10-05T15:23:56.532+0000 7ff3c658c700 1 -- 172.21.15.45:0/212762164 shutdown_connections
2023-10-05T15:23:56.942 INFO:teuthology.orchestra.run.smithi045.stdout:/usr/bin/ceph: stderr
2023-10-05T15:23:56.532+0000 7ff3c658c700 1 -- 172.21.15.45:0/212762164 wait complete.
2023-10-05T15:23:56.943 INFO:teuthology.orchestra.run.smithi045.stdout:Enabling the dashboard module...
2023-10-05T15:23:57.605 INFO:journalctl@ceph.mon.a.smithi045.stdout:Oct 05 15:23:57 smithi045 ceph-mon[99223]: from='mgr.14120 172.21.15.45:0/1999390557' entity='mgr.x'
2023-10-05T15:23:57.606 INFO:journalctl@ceph.mon.a.smithi045.stdout:Oct 05 15:23:57 smithi045 ceph-mon[99223]: from='client.? 172.21.15.45:0/212762164' entity='client.admin'
2023-10-05T15:23:58.605 INFO:journalctl@ceph.mon.a.smithi045.stdout:Oct 05 15:23:58 smithi045 ceph-mon[99223]: from='client.? 172.21.15.45:0/51554253' entity='client.admin' cmd=[{"prefix": "mgr module enable", "module": "dashboard"}]: dispatch
2023-10-05T15:23:58.606 INFO:journalctl@ceph.mgr.x.smithi045.stdout:Oct 05 15:23:58 smithi045 ceph-f412ca02-6392-11ee-8db5-212e2dc638e7-mgr-x[99467]: ignoring --setuser ceph since I am not root
2023-10-05T15:23:58.606 INFO:journalctl@ceph.mgr.x.smithi045.stdout:Oct 05 15:23:58 smithi045 ceph-f412ca02-6392-11ee-8db5-212e2dc638e7-mgr-x[99467]: ignoring --setgroup ceph since I am not root
2023-10-05T15:23:58.606 INFO:journalctl@ceph.mgr.x.smithi045.stdout:Oct 05 15:23:58 smithi045 ceph-f412ca02-6392-11ee-8db5-212e2dc638e7-mgr-x[99467]:
2023-10-05T15:23:58.530+0000 7ffa687ef200 -1 mgr[py] Module devicehealth has missing NOTIFY_TYPES member
2023-10-05T15:23:58.783 INFO:teuthology.orchestra.run.smithi045.stdout:/usr/bin/ceph: stderr
2023-10-05T15:23:57.510+0000 7fc78a7b2700 1 Processor -- start
2023-10-05T15:23:58.783 INFO:teuthology.orchestra.run.smithi045.stdout:/usr/bin/ceph: stderr
2023-10-05T15:23:57.510+0000 7fc78a7b2700 1 -- start start
2023-10-05T15:23:58.783 INFO:teuthology.orchestra.run.smithi045.stdout:/usr/bin/ceph: stderr
2023-10-05T15:23:57.510+0000 7fc78a7b2700 1 --2- >> [v2:172.21.15.45:3300/0,v1:172.21.15.45:6789/0] conn(0x7fc784104f50 0x7fc784105370 unknown :-1 s=NONE pgs=0 cs=0 l=0 rev1=0 crypto rx=0 tx=0 comp rx=0 tx=0).connect
2023-10-05T15:23:58.784 INFO:teuthology.orchestra.run.smithi045.stdout:/usr/bin/ceph: stderr
2023-10-05T15:23:57.510+0000 7fc78a7b2700 1 -- --> [v2:172.21.15.45:3300/0,v1:172.21.15.45:6789/0] -- mon_getmap magic: 0 v1 -- 0x7fc784079e30 con 0x7fc784104f50
2023-10-05T15:23:58.784 INFO:teuthology.orchestra.run.smithi045.stdout:/usr/bin/ceph: stderr
2023-10-05T15:23:57.510+0000 7fc783fff700 1 --2- >> [v2:172.21.15.45:3300/0,v1:172.21.15.45:6789/0] conn(0x7fc784104f50 0x7fc784105370 unknown :-1 s=BANNER_CONNECTING pgs=0 cs=0 l=0 rev1=0 crypto rx=0 tx=0 comp rx=0 tx=0)._handle_peer_banner_payload supported=3 required=0
2023-10-05T15:23:58.784 INFO:teuthology.orchestra.run.smithi045.stdout:/usr/bin/ceph: stderr
2023-10-05T15:23:57.510+0000 7fc783fff700 1 --2- >> [v2:172.21.15.45:3300/0,v1:172.21.15.45:6789/0] conn(0x7fc784104f50 0x7fc784105370 unknown :-1 s=HELLO_CONNECTING pgs=0 cs=0 l=0 rev1=1 crypto rx=0 tx=0 comp rx=0 tx=0).handle_hello peer v2:172.21.15.45:3300/0 says I am v2:172.21.15.45:39216/0 (socket says 172.21.15.45:39216)
2023-10-05T15:23:58.784 INFO:teuthology.orchestra.run.smithi045.stdout:/usr/bin/ceph: stderr
2023-10-05T15:23:57.510+0000 7fc783fff700 1 -- 172.21.15.45:0/1160688781 learned_addr learned my addr 172.21.15.45:0/1160688781 (peer_addr_for_me v2:172.21.15.45:0/0)
2023-10-05T15:23:58.784 INFO:teuthology.orchestra.run.smithi045.stdout:/usr/bin/ceph: stderr
2023-10-05T15:23:57.510+0000 7fc783fff700 1 -- 172.21.15.45:0/1160688781 --> [v2:172.21.15.45:3300/0,v1:172.21.15.45:6789/0] -- mon_subscribe({config=0+,monmap=0+}) v3 -- 0x7fc784079f70 con 0x7fc784104f50
2023-10-05T15:23:58.784 INFO:teuthology.orchestra.run.smithi045.stdout:/usr/bin/ceph: stderr
2023-10-05T15:23:57.511+0000 7fc783fff700 1 --2- 172.21.15.45:0/1160688781 >> [v2:172.21.15.45:3300/0,v1:172.21.15.45:6789/0] conn(0x7fc784104f50 0x7fc784105370 secure :-1 s=READY pgs=55 cs=0 l=1 rev1=1 crypto rx=0x7fc7740098a0 tx=0x7fc774009bb0 comp rx=0 tx=0).ready entity=mon.0 client_cookie=7b60b627272ca4b8 server_cookie=0 in_seq=0 out_seq=0
2023-10-05T15:23:58.784 INFO:teuthology.orchestra.run.smithi045.stdout:/usr/bin/ceph: stderr
2023-10-05T15:23:57.511+0000 7fc782ffd700 1 -- 172.21.15.45:0/1160688781 <== mon.0 v2:172.21.15.45:3300/0 1 ==== mon_map magic: 0 v1 ==== 205+0+0 (secure 0 0 0) 0x7fc774004160 con 0x7fc784104f50
2023-10-05T15:23:58.784 INFO:teuthology.orchestra.run.smithi045.stdout:/usr/bin/ceph: stderr
2023-10-05T15:23:57.511+0000 7fc782ffd700 1 -- 172.21.15.45:0/1160688781 <== mon.0 v2:172.21.15.45:3300/0 2 ==== config(26 keys) v1 ==== 1105+0+0 (secure 0 0 0) 0x7fc7740042c0 con 0x7fc784104f50
2023-10-05T15:23:58.784 INFO:teuthology.orchestra.run.smithi045.stdout:/usr/bin/ceph: stderr
2023-10-05T15:23:57.511+0000 7fc782ffd700 1 -- 172.21.15.45:0/1160688781 <== mon.0 v2:172.21.15.45:3300/0 3 ==== mon_map magic: 0 v1 ==== 205+0+0 (secure 0 0 0) 0x7fc7740119b0 con 0x7fc784104f50
2023-10-05T15:23:58.784 INFO:teuthology.orchestra.run.smithi045.stdout:/usr/bin/ceph: stderr
2023-10-05T15:23:57.511+0000 7fc78a7b2700 1 -- 172.21.15.45:0/1160688781 >> [v2:172.21.15.45:3300/0,v1:172.21.15.45:6789/0] conn(0x7fc784104f50 msgr2=0x7fc784105370 secure :-1 s=STATE_CONNECTION_ESTABLISHED l=1).mark_down
2023-10-05T15:23:58.784 INFO:teuthology.orchestra.run.smithi045.stdout:/usr/bin/ceph: stderr
2023-10-05T15:23:57.511+0000 7fc78a7b2700 1 --2- 172.21.15.45:0/1160688781 >> [v2:172.21.15.45:3300/0,v1:172.21.15.45:6789/0] conn(0x7fc784104f50 0x7fc784105370 secure :-1 s=READY pgs=55 cs=0 l=1 rev1=1 crypto rx=0x7fc7740098a0 tx=0x7fc774009bb0 comp rx=0 tx=0).stop
2023-10-05T15:23:58.785 INFO:teuthology.orchestra.run.smithi045.stdout:/usr/bin/ceph: stderr
2023-10-05T15:23:57.511+0000 7fc78a7b2700 1 -- 172.21.15.45:0/1160688781 shutdown_connections
2023-10-05T15:23:58.785 INFO:teuthology.orchestra.run.smithi045.stdout:/usr/bin/ceph: stderr
2023-10-05T15:23:57.511+0000 7fc78a7b2700 1 --2- 172.21.15.45:0/1160688781 >> [v2:172.21.15.45:3300/0,v1:172.21.15.45:6789/0] conn(0x7fc784104f50 0x7fc784105370 unknown :-1 s=CLOSED pgs=55 cs=0 l=1 rev1=1 crypto rx=0 tx=0 comp rx=0 tx=0).stop
2023-10-05T15:23:58.785 INFO:teuthology.orchestra.run.smithi045.stdout:/usr/bin/ceph: stderr
2023-10-05T15:23:57.511+0000 7fc78a7b2700 1 -- 172.21.15.45:0/1160688781 >> 172.21.15.45:0/1160688781 conn(0x7fc784100b30 msgr2=0x7fc784102f50 unknown :-1 s=STATE_NONE l=0).mark_down
2023-10-05T15:23:58.785 INFO:teuthology.orchestra.run.smithi045.stdout:/usr/bin/ceph: stderr
2023-10-05T15:23:57.511+0000 7fc78a7b2700 1 -- 172.21.15.45:0/1160688781 shutdown_connections
2023-10-05T15:23:58.785 INFO:teuthology.orchestra.run.smithi045.stdout:/usr/bin/ceph: stderr
2023-10-05T15:23:57.512+0000 7fc78a7b2700 1 -- 172.21.15.45:0/1160688781 wait complete.
2023-10-05T15:23:58.785 INFO:teuthology.orchestra.run.smithi045.stdout:/usr/bin/ceph: stderr
2023-10-05T15:23:57.512+0000 7fc78a7b2700 1 Processor -- start
2023-10-05T15:23:58.785 INFO:teuthology.orchestra.run.smithi045.stdout:/usr/bin/ceph: stderr
2023-10-05T15:23:57.512+0000 7fc78a7b2700 1 -- start start
2023-10-05T15:23:58.785 INFO:teuthology.orchestra.run.smithi045.stdout:/usr/bin/ceph: stderr
2023-10-05T15:23:57.512+0000 7fc78a7b2700 1 --2- >> [v2:172.21.15.45:3300/0,v1:172.21.15.45:6789/0] conn(0x7fc784104f50 0x7fc78419c590 unknown :-1 s=NONE pgs=0 cs=0 l=1 rev1=0 crypto rx=0 tx=0 comp rx=0 tx=0).connect
2023-10-05T15:23:58.785 INFO:teuthology.orchestra.run.smithi045.stdout:/usr/bin/ceph: stderr
2023-10-05T15:23:57.513+0000 7fc78a7b2700 1 -- --> [v2:172.21.15.45:3300/0,v1:172.21.15.45:6789/0] -- mon_getmap magic: 0 v1 -- 0x7fc78419cad0 con 0x7fc784104f50
2023-10-05T15:23:58.785 INFO:teuthology.orchestra.run.smithi045.stdout:/usr/bin/ceph: stderr
2023-10-05T15:23:57.513+0000 7fc783fff700 1 --2- >> [v2:172.21.15.45:3300/0,v1:172.21.15.45:6789/0] conn(0x7fc784104f50 0x7fc78419c590 unknown :-1 s=BANNER_CONNECTING pgs=0 cs=0 l=1 rev1=0 crypto rx=0 tx=0 comp rx=0 tx=0)._handle_peer_banner_payload supported=3 required=0
2023-10-05T15:23:58.785 INFO:teuthology.orchestra.run.smithi045.stdout:/usr/bin/ceph: stderr
2023-10-05T15:23:57.513+0000 7fc783fff700 1 --2- >> [v2:172.21.15.45:3300/0,v1:172.21.15.45:6789/0] conn(0x7fc784104f50 0x7fc78419c590 unknown :-1 s=HELLO_CONNECTING pgs=0 cs=0 l=1 rev1=1 crypto rx=0 tx=0 comp rx=0 tx=0).handle_hello peer v2:172.21.15.45:3300/0 says I am v2:172.21.15.45:39218/0 (socket says 172.21.15.45:39218)
2023-10-05T15:23:58.785 INFO:teuthology.orchestra.run.smithi045.stdout:/usr/bin/ceph: stderr
2023-10-05T15:23:57.513+0000 7fc783fff700 1 -- 172.21.15.45:0/51554253 learned_addr learned my addr 172.21.15.45:0/51554253 (peer_addr_for_me v2:172.21.15.45:0/0)
2023-10-05T15:23:58.786 INFO:teuthology.orchestra.run.smithi045.stdout:/usr/bin/ceph: stderr
2023-10-05T15:23:57.513+0000 7fc783fff700 1 -- 172.21.15.45:0/51554253 --> [v2:172.21.15.45:3300/0,v1:172.21.15.45:6789/0] -- mon_subscribe({config=0+,monmap=0+}) v3 -- 0x7fc774009550 con 0x7fc784104f50
2023-10-05T15:23:58.786 INFO:teuthology.orchestra.run.smithi045.stdout:/usr/bin/ceph: stderr
2023-10-05T15:23:57.513+0000 7fc783fff700 1 --2- 172.21.15.45:0/51554253 >> [v2:172.21.15.45:3300/0,v1:172.21.15.45:6789/0] conn(0x7fc784104f50 0x7fc78419c590 secure :-1 s=READY pgs=56 cs=0 l=1 rev1=1 crypto rx=0x7fc774011980 tx=0x7fc774011a60 comp rx=0 tx=0).ready entity=mon.0 client_cookie=0 server_cookie=0 in_seq=0 out_seq=0
2023-10-05T15:23:58.786 INFO:teuthology.orchestra.run.smithi045.stdout:/usr/bin/ceph: stderr
2023-10-05T15:23:57.513+0000 7fc7817fa700 1 -- 172.21.15.45:0/51554253 <== mon.0 v2:172.21.15.45:3300/0 1 ==== mon_map magic: 0 v1 ==== 205+0+0 (secure 0 0 0) 0x7fc774003a60 con 0x7fc784104f50
2023-10-05T15:23:58.786 INFO:teuthology.orchestra.run.smithi045.stdout:/usr/bin/ceph: stderr
2023-10-05T15:23:57.513+0000 7fc7817fa700 1 -- 172.21.15.45:0/51554253 <== mon.0 v2:172.21.15.45:3300/0 2 ==== config(26 keys) v1 ==== 1105+0+0 (secure 0 0 0) 0x7fc774003bc0 con 0x7fc784104f50
2023-10-05T15:23:58.786 INFO:teuthology.orchestra.run.smithi045.stdout:/usr/bin/ceph: stderr
2023-10-05T15:23:57.513+0000 7fc7817fa700 1 -- 172.21.15.45:0/51554253 <== mon.0 v2:172.21.15.45:3300/0 3 ==== mon_map magic: 0 v1 ==== 205+0+0 (secure 0 0 0) 0x7fc77401a670 con 0x7fc784104f50
2023-10-05T15:23:58.786 INFO:teuthology.orchestra.run.smithi045.stdout:/usr/bin/ceph: stderr
2023-10-05T15:23:57.513+0000 7fc78a7b2700 1 -- 172.21.15.45:0/51554253 --> [v2:172.21.15.45:3300/0,v1:172.21.15.45:6789/0] -- mon_subscribe({mgrmap=0+}) v3 -- 0x7fc78419ccd0 con 0x7fc784104f50
2023-10-05T15:23:58.786 INFO:teuthology.orchestra.run.smithi045.stdout:/usr/bin/ceph: stderr
