2023-10-05T15:23:42.275 INFO:teuthology.orchestra.run.smithi045.stdout:/usr/bin/ceph: stderr
2023-10-05T15:23:41.485+0000 7f8c627fc700 1 --2- 172.21.15.45:0/1846563448 >> [v2:172.21.15.45:6800/3366807170,v1:172.21.15.45:6801/3366807170] conn(0x7f8c4c0386b0 0x7f8c4c03ab70 secure :-1 s=READY pgs=7 cs=0 l=1 rev1=1 crypto rx=0x7f8c54006fd0 tx=0x7f8c54006e40 comp rx=0 tx=0).ready entity=mgr.14120 client_cookie=0 server_cookie=0 in_seq=0 out_seq=0
2023-10-05T15:23:42.275 INFO:teuthology.orchestra.run.smithi045.stdout:/usr/bin/ceph: stderr
2023-10-05T15:23:41.489+0000 7f8c4bfff700 1 -- 172.21.15.45:0/1846563448 <== mon.0 v2:172.21.15.45:3300/0 6 ==== mon_command_ack([{"prefix": "get_command_descriptions"}]=0 v0) v1 ==== 72+0+180459 (secure 0 0 0) 0x7f8c58019bd0 con 0x7f8c64104f10
2023-10-05T15:23:42.275 INFO:teuthology.orchestra.run.smithi045.stdout:/usr/bin/ceph: stderr
2023-10-05T15:23:41.884+0000 7f8c6932a700 1 -- 172.21.15.45:0/1846563448 --> [v2:172.21.15.45:6800/3366807170,v1:172.21.15.45:6801/3366807170] -- mgr_command(tid 0: {"prefix": "orch set backend", "module_name": "cephadm", "target": ["mon-mgr", ""]}) v1 -- 0x7f8c640612f0 con 0x7f8c4c0386b0
2023-10-05T15:23:42.275 INFO:teuthology.orchestra.run.smithi045.stdout:/usr/bin/ceph: stderr
2023-10-05T15:23:41.891+0000 7f8c4bfff700 1 -- 172.21.15.45:0/1846563448 <== mgr.14120 v2:172.21.15.45:6800/3366807170 1 ==== mgr_command_reply(tid 0: 0 ) v1 ==== 8+0+0 (secure 0 0 0) 0x7f8c640612f0 con 0x7f8c4c0386b0
2023-10-05T15:23:42.275 INFO:teuthology.orchestra.run.smithi045.stdout:/usr/bin/ceph: stderr
2023-10-05T15:23:41.893+0000 7f8c6932a700 1 -- 172.21.15.45:0/1846563448 >> [v2:172.21.15.45:6800/3366807170,v1:172.21.15.45:6801/3366807170] conn(0x7f8c4c0386b0 msgr2=0x7f8c4c03ab70 secure :-1 s=STATE_CONNECTION_ESTABLISHED l=1).mark_down
2023-10-05T15:23:42.275 INFO:teuthology.orchestra.run.smithi045.stdout:/usr/bin/ceph: stderr
2023-10-05T15:23:41.893+0000 7f8c6932a700 1 --2- 172.21.15.45:0/1846563448 >> [v2:172.21.15.45:6800/3366807170,v1:172.21.15.45:6801/3366807170] conn(0x7f8c4c0386b0 0x7f8c4c03ab70 secure :-1 s=READY pgs=7 cs=0 l=1 rev1=1 crypto rx=0x7f8c54006fd0 tx=0x7f8c54006e40 comp rx=0 tx=0).stop
2023-10-05T15:23:42.275 INFO:teuthology.orchestra.run.smithi045.stdout:/usr/bin/ceph: stderr
2023-10-05T15:23:41.893+0000 7f8c6932a700 1 -- 172.21.15.45:0/1846563448 >> [v2:172.21.15.45:3300/0,v1:172.21.15.45:6789/0] conn(0x7f8c64104f10 msgr2=0x7f8c6419c580 secure :-1 s=STATE_CONNECTION_ESTABLISHED l=1).mark_down
2023-10-05T15:23:42.275 INFO:teuthology.orchestra.run.smithi045.stdout:/usr/bin/ceph: stderr
2023-10-05T15:23:41.893+0000 7f8c6932a700 1 --2- 172.21.15.45:0/1846563448 >> [v2:172.21.15.45:3300/0,v1:172.21.15.45:6789/0] conn(0x7f8c64104f10 0x7f8c6419c580 secure :-1 s=READY pgs=38 cs=0 l=1 rev1=1 crypto rx=0x7f8c58009fb0 tx=0x7f8c58011ad0 comp rx=0 tx=0).stop
2023-10-05T15:23:42.275 INFO:teuthology.orchestra.run.smithi045.stdout:/usr/bin/ceph: stderr
2023-10-05T15:23:41.893+0000 7f8c6932a700 1 -- 172.21.15.45:0/1846563448 shutdown_connections
2023-10-05T15:23:42.275 INFO:teuthology.orchestra.run.smithi045.stdout:/usr/bin/ceph: stderr
2023-10-05T15:23:41.893+0000 7f8c6932a700 1 --2- 172.21.15.45:0/1846563448 >> [v2:172.21.15.45:6800/3366807170,v1:172.21.15.45:6801/3366807170] conn(0x7f8c4c0386b0 0x7f8c4c03ab70 unknown :-1 s=CLOSED pgs=7 cs=0 l=1 rev1=1 crypto rx=0 tx=0 comp rx=0 tx=0).stop
2023-10-05T15:23:42.275 INFO:teuthology.orchestra.run.smithi045.stdout:/usr/bin/ceph: stderr
2023-10-05T15:23:41.893+0000 7f8c6932a700 1 --2- 172.21.15.45:0/1846563448 >> [v2:172.21.15.45:3300/0,v1:172.21.15.45:6789/0] conn(0x7f8c64104f10 0x7f8c6419c580 unknown :-1 s=CLOSED pgs=38 cs=0 l=1 rev1=1 crypto rx=0 tx=0 comp rx=0 tx=0).stop
2023-10-05T15:23:42.276 INFO:teuthology.orchestra.run.smithi045.stdout:/usr/bin/ceph: stderr
2023-10-05T15:23:41.893+0000 7f8c6932a700 1 -- 172.21.15.45:0/1846563448 >> 172.21.15.45:0/1846563448 conn(0x7f8c64100b30 msgr2=0x7f8c64190ad0 unknown :-1 s=STATE_NONE l=0).mark_down
2023-10-05T15:23:42.276 INFO:teuthology.orchestra.run.smithi045.stdout:/usr/bin/ceph: stderr
2023-10-05T15:23:41.894+0000 7f8c6932a700 1 -- 172.21.15.45:0/1846563448 shutdown_connections
2023-10-05T15:23:42.276 INFO:teuthology.orchestra.run.smithi045.stdout:/usr/bin/ceph: stderr
2023-10-05T15:23:41.894+0000 7f8c6932a700 1 -- 172.21.15.45:0/1846563448 wait complete.
2023-10-05T15:23:42.526 INFO:journalctl@ceph.mon.a.smithi045.stdout:Oct 05 15:23:42 smithi045 ceph-mon[99223]: from='client.14124 -' entity='client.admin' cmd=[{"prefix": "get_command_descriptions"}]: dispatch
2023-10-05T15:23:42.526 INFO:journalctl@ceph.mon.a.smithi045.stdout:Oct 05 15:23:42 smithi045 ceph-mon[99223]: from='client.14124 -' entity='client.admin' cmd=[{"prefix": "mgr_status"}]: dispatch
2023-10-05T15:23:42.526 INFO:journalctl@ceph.mon.a.smithi045.stdout:Oct 05 15:23:42 smithi045 ceph-mon[99223]: [05/Oct/2023:15:23:40] ENGINE Bus STARTING
2023-10-05T15:23:42.526 INFO:journalctl@ceph.mon.a.smithi045.stdout:Oct 05 15:23:42 smithi045 ceph-mon[99223]: [05/Oct/2023:15:23:40] ENGINE Serving on http://172.21.15.45:8765
2023-10-05T15:23:42.526 INFO:journalctl@ceph.mon.a.smithi045.stdout:Oct 05 15:23:42 smithi045 ceph-mon[99223]: [05/Oct/2023:15:23:41] ENGINE Serving on https://172.21.15.45:7150
2023-10-05T15:23:42.526 INFO:journalctl@ceph.mon.a.smithi045.stdout:Oct 05 15:23:42 smithi045 ceph-mon[99223]: [05/Oct/2023:15:23:41] ENGINE Bus STARTED
2023-10-05T15:23:42.527 INFO:journalctl@ceph.mon.a.smithi045.stdout:Oct 05 15:23:42 smithi045 ceph-mon[99223]: from='mgr.14120 172.21.15.45:0/1999390557' entity='mgr.x'
2023-10-05T15:23:42.527 INFO:journalctl@ceph.mon.a.smithi045.stdout:Oct 05 15:23:42 smithi045 ceph-mon[99223]: from='mgr.14120 172.21.15.45:0/1999390557' entity='mgr.x' cmd=[{"prefix": "config dump", "format": "json"}]: dispatch
2023-10-05T15:23:43.573 INFO:journalctl@ceph.mon.a.smithi045.stdout:Oct 05 15:23:43 smithi045 ceph-mon[99223]: from='client.14132 -' entity='client.admin' cmd=[{"prefix": "orch set backend", "module_name": "cephadm", "target": ["mon-mgr", ""]}]: dispatch
2023-10-05T15:23:43.573 INFO:journalctl@ceph.mon.a.smithi045.stdout:Oct 05 15:23:43 smithi045 ceph-mon[99223]: mgrmap e8: x(active, since 2s)
2023-10-05T15:23:43.616 INFO:teuthology.orchestra.run.smithi045.stdout:/usr/bin/ceph: stdout value unchanged
2023-10-05T15:23:43.616 INFO:teuthology.orchestra.run.smithi045.stdout:/usr/bin/ceph: stderr
2023-10-05T15:23:42.789+0000 7f472b1d2700 1 Processor -- start
2023-10-05T15:23:43.616 INFO:teuthology.orchestra.run.smithi045.stdout:/usr/bin/ceph: stderr
2023-10-05T15:23:42.789+0000 7f472b1d2700 1 -- start start
2023-10-05T15:23:43.616 INFO:teuthology.orchestra.run.smithi045.stdout:/usr/bin/ceph: stderr
2023-10-05T15:23:42.789+0000 7f472b1d2700 1 --2- >> [v2:172.21.15.45:3300/0,v1:172.21.15.45:6789/0] conn(0x7f47241070c0 0x7f47241094b0 unknown :-1 s=NONE pgs=0 cs=0 l=0 rev1=0 crypto rx=0 tx=0 comp rx=0 tx=0).connect
2023-10-05T15:23:43.616 INFO:teuthology.orchestra.run.smithi045.stdout:/usr/bin/ceph: stderr
2023-10-05T15:23:42.789+0000 7f472b1d2700 1 -- --> [v2:172.21.15.45:3300/0,v1:172.21.15.45:6789/0] -- mon_getmap magic: 0 v1 -- 0x7f4724079ed0 con 0x7f47241070c0
2023-10-05T15:23:43.616 INFO:teuthology.orchestra.run.smithi045.stdout:/usr/bin/ceph: stderr
2023-10-05T15:23:42.789+0000 7f4728f6e700 1 --2- >> [v2:172.21.15.45:3300/0,v1:172.21.15.45:6789/0] conn(0x7f47241070c0 0x7f47241094b0 unknown :-1 s=BANNER_CONNECTING pgs=0 cs=0 l=0 rev1=0 crypto rx=0 tx=0 comp rx=0 tx=0)._handle_peer_banner_payload supported=3 required=0
2023-10-05T15:23:43.616 INFO:teuthology.orchestra.run.smithi045.stdout:/usr/bin/ceph: stderr
2023-10-05T15:23:42.789+0000 7f4728f6e700 1 --2- >> [v2:172.21.15.45:3300/0,v1:172.21.15.45:6789/0] conn(0x7f47241070c0 0x7f47241094b0 unknown :-1 s=HELLO_CONNECTING pgs=0 cs=0 l=0 rev1=1 crypto rx=0 tx=0 comp rx=0 tx=0).handle_hello peer v2:172.21.15.45:3300/0 says I am v2:172.21.15.45:39138/0 (socket says 172.21.15.45:39138)
2023-10-05T15:23:43.616 INFO:teuthology.orchestra.run.smithi045.stdout:/usr/bin/ceph: stderr
2023-10-05T15:23:42.789+0000 7f4728f6e700 1 -- 172.21.15.45:0/3313356510 learned_addr learned my addr 172.21.15.45:0/3313356510 (peer_addr_for_me v2:172.21.15.45:0/0)
2023-10-05T15:23:43.616 INFO:teuthology.orchestra.run.smithi045.stdout:/usr/bin/ceph: stderr
2023-10-05T15:23:42.790+0000 7f4728f6e700 1 -- 172.21.15.45:0/3313356510 --> [v2:172.21.15.45:3300/0,v1:172.21.15.45:6789/0] -- mon_subscribe({config=0+,monmap=0+}) v3 -- 0x7f47241099f0 con 0x7f47241070c0
2023-10-05T15:23:43.617 INFO:teuthology.orchestra.run.smithi045.stdout:/usr/bin/ceph: stderr
2023-10-05T15:23:42.790+0000 7f4728f6e700 1 --2- 172.21.15.45:0/3313356510 >> [v2:172.21.15.45:3300/0,v1:172.21.15.45:6789/0] conn(0x7f47241070c0 0x7f47241094b0 secure :-1 s=READY pgs=39 cs=0 l=1 rev1=1 crypto rx=0x7f47180098a0 tx=0x7f4718009bb0 comp rx=0 tx=0).ready entity=mon.0 client_cookie=20bc69e9e0a9bedf server_cookie=0 in_seq=0 out_seq=0
2023-10-05T15:23:43.617 INFO:teuthology.orchestra.run.smithi045.stdout:/usr/bin/ceph: stderr
2023-10-05T15:23:42.790+0000 7f47237fe700 1 -- 172.21.15.45:0/3313356510 <== mon.0 v2:172.21.15.45:3300/0 1 ==== mon_map magic: 0 v1 ==== 205+0+0 (secure 0 0 0) 0x7f4718004160 con 0x7f47241070c0
2023-10-05T15:23:43.617 INFO:teuthology.orchestra.run.smithi045.stdout:/usr/bin/ceph: stderr
2023-10-05T15:23:42.790+0000 7f47237fe700 1 -- 172.21.15.45:0/3313356510 <== mon.0 v2:172.21.15.45:3300/0 2 ==== config(26 keys) v1 ==== 1074+0+0 (secure 0 0 0) 0x7f47180042c0 con 0x7f47241070c0
2023-10-05T15:23:43.617 INFO:teuthology.orchestra.run.smithi045.stdout:/usr/bin/ceph: stderr
2023-10-05T15:23:42.790+0000 7f47237fe700 1 -- 172.21.15.45:0/3313356510 <== mon.0 v2:172.21.15.45:3300/0 3 ==== mon_map magic: 0 v1 ==== 205+0+0 (secure 0 0 0) 0x7f4718011a00 con 0x7f47241070c0
2023-10-05T15:23:43.617 INFO:teuthology.orchestra.run.smithi045.stdout:/usr/bin/ceph: stderr
2023-10-05T15:23:42.791+0000 7f472b1d2700 1 -- 172.21.15.45:0/3313356510 >> [v2:172.21.15.45:3300/0,v1:172.21.15.45:6789/0] conn(0x7f47241070c0 msgr2=0x7f47241094b0 secure :-1 s=STATE_CONNECTION_ESTABLISHED l=1).mark_down
2023-10-05T15:23:43.617 INFO:teuthology.orchestra.run.smithi045.stdout:/usr/bin/ceph: stderr
2023-10-05T15:23:42.791+0000 7f472b1d2700 1 --2- 172.21.15.45:0/3313356510 >> [v2:172.21.15.45:3300/0,v1:172.21.15.45:6789/0] conn(0x7f47241070c0 0x7f47241094b0 secure :-1 s=READY pgs=39 cs=0 l=1 rev1=1 crypto rx=0x7f47180098a0 tx=0x7f4718009bb0 comp rx=0 tx=0).stop
2023-10-05T15:23:43.617 INFO:teuthology.orchestra.run.smithi045.stdout:/usr/bin/ceph: stderr
2023-10-05T15:23:42.791+0000 7f472b1d2700 1 -- 172.21.15.45:0/3313356510 shutdown_connections
2023-10-05T15:23:43.617 INFO:teuthology.orchestra.run.smithi045.stdout:/usr/bin/ceph: stderr
2023-10-05T15:23:42.791+0000 7f472b1d2700 1 --2- 172.21.15.45:0/3313356510 >> [v2:172.21.15.45:3300/0,v1:172.21.15.45:6789/0] conn(0x7f47241070c0 0x7f47241094b0 unknown :-1 s=CLOSED pgs=39 cs=0 l=1 rev1=1 crypto rx=0 tx=0 comp rx=0 tx=0).stop
2023-10-05T15:23:43.617 INFO:teuthology.orchestra.run.smithi045.stdout:/usr/bin/ceph: stderr
2023-10-05T15:23:42.791+0000 7f472b1d2700 1 -- 172.21.15.45:0/3313356510 >> 172.21.15.45:0/3313356510 conn(0x7f4724100b30 msgr2=0x7f4724102f50 unknown :-1 s=STATE_NONE l=0).mark_down
2023-10-05T15:23:43.617 INFO:teuthology.orchestra.run.smithi045.stdout:/usr/bin/ceph: stderr
2023-10-05T15:23:42.791+0000 7f472b1d2700 1 -- 172.21.15.45:0/3313356510 shutdown_connections
2023-10-05T15:23:43.617 INFO:teuthology.orchestra.run.smithi045.stdout:/usr/bin/ceph: stderr
2023-10-05T15:23:42.791+0000 7f472b1d2700 1 -- 172.21.15.45:0/3313356510 wait complete.
2023-10-05T15:23:43.617 INFO:teuthology.orchestra.run.smithi045.stdout:/usr/bin/ceph: stderr
2023-10-05T15:23:42.791+0000 7f472b1d2700 1 Processor -- start
2023-10-05T15:23:43.618 INFO:teuthology.orchestra.run.smithi045.stdout:/usr/bin/ceph: stderr
2023-10-05T15:23:42.791+0000 7f472b1d2700 1 -- start start
2023-10-05T15:23:43.618 INFO:teuthology.orchestra.run.smithi045.stdout:/usr/bin/ceph: stderr
2023-10-05T15:23:42.792+0000 7f472b1d2700 1 --2- >> [v2:172.21.15.45:3300/0,v1:172.21.15.45:6789/0] conn(0x7f47241070c0 0x7f472419a330 unknown :-1 s=NONE pgs=0 cs=0 l=1 rev1=0 crypto rx=0 tx=0 comp rx=0 tx=0).connect
2023-10-05T15:23:43.618 INFO:teuthology.orchestra.run.smithi045.stdout:/usr/bin/ceph: stderr
2023-10-05T15:23:42.792+0000 7f472b1d2700 1 -- --> [v2:172.21.15.45:3300/0,v1:172.21.15.45:6789/0] -- mon_getmap magic: 0 v1 -- 0x7f472419a870 con 0x7f47241070c0
2023-10-05T15:23:43.618 INFO:teuthology.orchestra.run.smithi045.stdout:/usr/bin/ceph: stderr
2023-10-05T15:23:42.792+0000 7f4728f6e700 1 --2- >> [v2:172.21.15.45:3300/0,v1:172.21.15.45:6789/0] conn(0x7f47241070c0 0x7f472419a330 unknown :-1 s=BANNER_CONNECTING pgs=0 cs=0 l=1 rev1=0 crypto rx=0 tx=0 comp rx=0 tx=0)._handle_peer_banner_payload supported=3 required=0
2023-10-05T15:23:43.618 INFO:teuthology.orchestra.run.smithi045.stdout:/usr/bin/ceph: stderr
2023-10-05T15:23:42.792+0000 7f4728f6e700 1 --2- >> [v2:172.21.15.45:3300/0,v1:172.21.15.45:6789/0] conn(0x7f47241070c0 0x7f472419a330 unknown :-1 s=HELLO_CONNECTING pgs=0 cs=0 l=1 rev1=1 crypto rx=0 tx=0 comp rx=0 tx=0).handle_hello peer v2:172.21.15.45:3300/0 says I am v2:172.21.15.45:39140/0 (socket says 172.21.15.45:39140)
2023-10-05T15:23:43.618 INFO:teuthology.orchestra.run.smithi045.stdout:/usr/bin/ceph: stderr
2023-10-05T15:23:42.792+0000 7f4728f6e700 1 -- 172.21.15.45:0/4287072244 learned_addr learned my addr 172.21.15.45:0/4287072244 (peer_addr_for_me v2:172.21.15.45:0/0)
2023-10-05T15:23:43.618 INFO:teuthology.orchestra.run.smithi045.stdout:/usr/bin/ceph: stderr
2023-10-05T15:23:42.792+0000 7f4728f6e700 1 -- 172.21.15.45:0/4287072244 --> [v2:172.21.15.45:3300/0,v1:172.21.15.45:6789/0] -- mon_subscribe({config=0+,monmap=0+}) v3 -- 0x7f4718009550 con 0x7f47241070c0
2023-10-05T15:23:43.618 INFO:teuthology.orchestra.run.smithi045.stdout:/usr/bin/ceph: stderr
2023-10-05T15:23:42.792+0000 7f4728f6e700 1 --2- 172.21.15.45:0/4287072244 >> [v2:172.21.15.45:3300/0,v1:172.21.15.45:6789/0] conn(0x7f47241070c0 0x7f472419a330 secure :-1 s=READY pgs=40 cs=0 l=1 rev1=1 crypto rx=0x7f4718009fb0 tx=0x7f4718011ad0 comp rx=0 tx=0).ready entity=mon.0 client_cookie=0 server_cookie=0 in_seq=0 out_seq=0
2023-10-05T15:23:43.618 INFO:teuthology.orchestra.run.smithi045.stdout:/usr/bin/ceph: stderr
2023-10-05T15:23:42.792+0000 7f4721ffb700 1 -- 172.21.15.45:0/4287072244 <== mon.0 v2:172.21.15.45:3300/0 1 ==== mon_map magic: 0 v1 ==== 205+0+0 (secure 0 0 0) 0x7f4718003930 con 0x7f47241070c0
2023-10-05T15:23:43.618 INFO:teuthology.orchestra.run.smithi045.stdout:/usr/bin/ceph: stderr
2023-10-05T15:23:42.792+0000 7f4721ffb700 1 -- 172.21.15.45:0/4287072244 <== mon.0 v2:172.21.15.45:3300/0 2 ==== config(26 keys) v1 ==== 1074+0+0 (secure 0 0 0) 0x7f4718003a90 con 0x7f47241070c0
2023-10-05T15:23:43.618 INFO:teuthology.orchestra.run.smithi045.stdout:/usr/bin/ceph: stderr
2023-10-05T15:23:42.792+0000 7f472b1d2700 1 -- 172.21.15.45:0/4287072244 --> [v2:172.21.15.45:3300/0,v1:172.21.15.45:6789/0] -- mon_subscribe({mgrmap=0+}) v3 -- 0x7f472419aa70 con 0x7f47241070c0
2023-10-05T15:23:43.619 INFO:teuthology.orchestra.run.smithi045.stdout:/usr/bin/ceph: stderr
2023-10-05T15:23:42.792+0000 7f4721ffb700 1 -- 172.21.15.45:0/4287072244 <== mon.0 v2:172.21.15.45:3300/0 3 ==== mon_map magic: 0 v1 ==== 205+0+0 (secure 0 0 0) 0x7f4718019610 con 0x7f47241070c0
2023-10-05T15:23:43.619 INFO:teuthology.orchestra.run.smithi045.stdout:/usr/bin/ceph: stderr
2023-10-05T15:23:42.793+0000 7f472b1d2700 1 -- 172.21.15.45:0/4287072244 --> [v2:172.21.15.45:3300/0,v1:172.21.15.45:6789/0] -- mon_subscribe({osdmap=0}) v3 -- 0x7f472419ae90 con 0x7f47241070c0
2023-10-05T15:23:43.619 INFO:teuthology.orchestra.run.smithi045.stdout:/usr/bin/ceph: stderr
2023-10-05T15:23:42.793+0000 7f4721ffb700 1 -- 172.21.15.45:0/4287072244 <== mon.0 v2:172.21.15.45:3300/0 4 ==== mgrmap(e 8) v1 ==== 45579+0+0 (secure 0 0 0) 0x7f47180198d0 con 0x7f47241070c0
2023-10-05T15:23:43.619 INFO:teuthology.orchestra.run.smithi045.stdout:/usr/bin/ceph: stderr
2023-10-05T15:23:42.794+0000 7f4721ffb700 1 --2- 172.21.15.45:0/4287072244 >> [v2:172.21.15.45:6800/3366807170,v1:172.21.15.45:6801/3366807170] conn(0x7f47140387d0 0x7f471403ac90 unknown :-1 s=NONE pgs=0 cs=0 l=1 rev1=0 crypto rx=0 tx=0 comp rx=0 tx=0).connect
2023-10-05T15:23:43.619 INFO:teuthology.orchestra.run.smithi045.stdout:/usr/bin/ceph: stderr
2023-10-05T15:23:42.794+0000 7f4721ffb700 1 -- 172.21.15.45:0/4287072244 <== mon.0 v2:172.21.15.45:3300/0 5 ==== osd_map(2..2 src has 1..2) v4 ==== 940+0+0 (secure 0 0 0) 0x7f471804cba0 con 0x7f47241070c0
2023-10-05T15:23:43.619 INFO:teuthology.orchestra.run.smithi045.stdout:/usr/bin/ceph: stderr
2023-10-05T15:23:42.794+0000 7f472b1d2700 1 -- 172.21.15.45:0/4287072244 --> [v2:172.21.15.45:3300/0,v1:172.21.15.45:6789/0] -- mon_command({"prefix": "get_command_descriptions"} v 0) v1 -- 0x7f47240624e0 con 0x7f47241070c0
2023-10-05T15:23:43.619 INFO:teuthology.orchestra.run.smithi045.stdout:/usr/bin/ceph: stderr
2023-10-05T15:23:42.794+0000 7f4723fff700 1 --2- 172.21.15.45:0/4287072244 >> [v2:172.21.15.45:6800/3366807170,v1:172.21.15.45:6801/3366807170] conn(0x7f47140387d0 0x7f471403ac90 unknown :-1 s=BANNER_CONNECTING pgs=0 cs=0 l=1 rev1=0 crypto rx=0 tx=0 comp rx=0 tx=0)._handle_peer_banner_payload supported=3 required=0
2023-10-05T15:23:43.619 INFO:teuthology.orchestra.run.smithi045.stdout:/usr/bin/ceph: stderr
2023-10-05T15:23:42.794+0000 7f4723fff700 1 --2- 172.21.15.45:0/4287072244 >> [v2:172.21.15.45:6800/3366807170,v1:172.21.15.45:6801/3366807170] conn(0x7f47140387d0 0x7f471403ac90 secure :-1 s=READY pgs=8 cs=0 l=1 rev1=1 crypto rx=0x7f4710006fd0 tx=0x7f4710006e40 comp rx=0 tx=0).ready entity=mgr.14120 client_cookie=0 server_cookie=0 in_seq=0 out_seq=0
2023-10-05T15:23:43.619 INFO:teuthology.orchestra.run.smithi045.stdout:/usr/bin/ceph: stderr
2023-10-05T15:23:42.799+0000 7f4721ffb700 1 -- 172.21.15.45:0/4287072244 <== mon.0 v2:172.21.15.45:3300/0 6 ==== mon_command_ack([{"prefix": "get_command_descriptions"}]=0 v0) v1 ==== 72+0+180459 (secure 0 0 0) 0x7f4718019bd0 con 0x7f47241070c0
2023-10-05T15:23:43.619 INFO:teuthology.orchestra.run.smithi045.stdout:/usr/bin/ceph: stderr
2023-10-05T15:23:43.164+0000 7f472b1d2700 1 -- 172.21.15.45:0/4287072244 --> [v2:172.21.15.45:6800/3366807170,v1:172.21.15.45:6801/3366807170] -- mgr_command(tid 0: {"prefix": "cephadm set-user", "user": "root", "target": ["mon-mgr", ""]}) v1 -- 0x7f4724102e10 con 0x7f47140387d0
2023-10-05T15:23:43.619 INFO:teuthology.orchestra.run.smithi045.stdout:/usr/bin/ceph: stderr
2023-10-05T15:23:43.165+0000 7f4721ffb700 1 -- 172.21.15.45:0/4287072244 <== mgr.14120 v2:172.21.15.45:6800/3366807170 1 ==== mgr_command_reply(tid 0: 0 ) v1 ==== 8+0+16 (secure 0 0 0) 0x7f4724102e10 con 0x7f47140387d0
2023-10-05T15:23:43.619 INFO:teuthology.orchestra.run.smithi045.stdout:/usr/bin/ceph: stderr
2023-10-05T15:23:43.167+0000 7f472b1d2700 1 -- 172.21.15.45:0/4287072244 >> [v2:172.21.15.45:6800/3366807170,v1:172.21.15.45:6801/3366807170] conn(0x7f47140387d0 msgr2=0x7f471403ac90 secure :-1 s=STATE_CONNECTION_ESTABLISHED l=1).mark_down
2023-10-05T15:23:43.620 INFO:teuthology.orchestra.run.smithi045.stdout:/usr/bin/ceph: stderr
2023-10-05T15:23:43.167+0000 7f472b1d2700 1 --2- 172.21.15.45:0/4287072244 >> [v2:172.21.15.45:6800/3366807170,v1:172.21.15.45:6801/3366807170] conn(0x7f47140387d0 0x7f471403ac90 secure :-1 s=READY pgs=8 cs=0 l=1 rev1=1 crypto rx=0x7f4710006fd0 tx=0x7f4710006e40 comp rx=0 tx=0).stop
2023-10-05T15:23:43.620 INFO:teuthology.orchestra.run.smithi045.stdout:/usr/bin/ceph: stderr
2023-10-05T15:23:43.167+0000 7f472b1d2700 1 -- 172.21.15.45:0/4287072244 >> [v2:172.21.15.45:3300/0,v1:172.21.15.45:6789/0] conn(0x7f47241070c0 msgr2=0x7f472419a330 secure :-1 s=STATE_CONNECTION_ESTABLISHED l=1).mark_down
2023-10-05T15:23:43.620 INFO:teuthology.orchestra.run.smithi045.stdout:/usr/bin/ceph: stderr
2023-10-05T15:23:43.167+0000 7f472b1d2700 1 --2- 172.21.15.45:0/4287072244 >> [v2:172.21.15.45:3300/0,v1:172.21.15.45:6789/0] conn(0x7f47241070c0 0x7f472419a330 secure :-1 s=READY pgs=40 cs=0 l=1 rev1=1 crypto rx=0x7f4718009fb0 tx=0x7f4718011ad0 comp rx=0 tx=0).stop
2023-10-05T15:23:43.620 INFO:teuthology.orchestra.run.smithi045.stdout:/usr/bin/ceph: stderr
2023-10-05T15:23:43.167+0000 7f472b1d2700 1 -- 172.21.15.45:0/4287072244 shutdown_connections
2023-10-05T15:23:43.620 INFO:teuthology.orchestra.run.smithi045.stdout:/usr/bin/ceph: stderr
2023-10-05T15:23:43.167+0000 7f472b1d2700 1 --2- 172.21.15.45:0/4287072244 >> [v2:172.21.15.45:6800/3366807170,v1:172.21.15.45:6801/3366807170] conn(0x7f47140387d0 0x7f471403ac90 unknown :-1 s=CLOSED pgs=8 cs=0 l=1 rev1=1 crypto rx=0 tx=0 comp rx=0 tx=0).stop
2023-10-05T15:23:43.620 INFO:teuthology.orchestra.run.smithi045.stdout:/usr/bin/ceph: stderr
2023-10-05T15:23:43.167+0000 7f472b1d2700 1 --2- 172.21.15.45:0/4287072244 >> [v2:172.21.15.45:3300/0,v1:172.21.15.45:6789/0] conn(0x7f47241070c0 0x7f472419a330 unknown :-1 s=CLOSED pgs=40 cs=0 l=1 rev1=1 crypto rx=0 tx=0 comp rx=0 tx=0).stop
2023-10-05T15:23:43.620 INFO:teuthology.orchestra.run.smithi045.stdout:/usr/bin/ceph: stderr
2023-10-05T15:23:43.167+0000 7f472b1d2700 1 -- 172.21.15.45:0/4287072244 >> 172.21.15.45:0/4287072244 conn(0x7f4724100b30 msgr2=0x7f47241021b0 unknown :-1 s=STATE_NONE l=0).mark_down
2023-10-05T15:23:43.620 INFO:teuthology.orchestra.run.smithi045.stdout:/usr/bin/ceph: stderr
2023-10-05T15:23:43.167+0000 7f472b1d2700 1 -- 172.21.15.45:0/4287072244 shutdown_connections
2023-10-05T15:23:43.620 INFO:teuthology.orchestra.run.smithi045.stdout:/usr/bin/ceph: stderr
2023-10-05T15:23:43.167+0000 7f472b1d2700 1 -- 172.21.15.45:0/4287072244 wait complete.
2023-10-05T15:23:43.620 INFO:teuthology.orchestra.run.smithi045.stdout:Generating ssh key...
2023-10-05T15:23:44.855 INFO:journalctl@ceph.mon.a.smithi045.stdout:Oct 05 15:23:44 smithi045 ceph-mon[99223]: from='client.14134 -' entity='client.admin' cmd=[{"prefix": "cephadm set-user", "user": "root", "target": ["mon-mgr", ""]}]: dispatch
2023-10-05T15:23:45.355 INFO:journalctl@ceph.mgr.x.smithi045.stdout:Oct 05 15:23:45 smithi045 ceph-f412ca02-6392-11ee-8db5-212e2dc638e7-mgr-x[99467]: Generating public/private rsa key pair.
2023-10-05T15:23:45.356 INFO:journalctl@ceph.mgr.x.smithi045.stdout:Oct 05 15:23:45 smithi045 ceph-f412ca02-6392-11ee-8db5-212e2dc638e7-mgr-x[99467]: Your identification has been saved in /tmp/tmp4ooqmds6/key.
2023-10-05T15:23:45.356 INFO:journalctl@ceph.mgr.x.smithi045.stdout:Oct 05 15:23:45 smithi045 ceph-f412ca02-6392-11ee-8db5-212e2dc638e7-mgr-x[99467]: Your public key has been saved in /tmp/tmp4ooqmds6/key.pub.
2023-10-05T15:23:45.356 INFO:journalctl@ceph.mgr.x.smithi045.stdout:Oct 05 15:23:45 smithi045 ceph-f412ca02-6392-11ee-8db5-212e2dc638e7-mgr-x[99467]: The key fingerprint is:
2023-10-05T15:23:45.356 INFO:journalctl@ceph.mgr.x.smithi045.stdout:Oct 05 15:23:45 smithi045 ceph-f412ca02-6392-11ee-8db5-212e2dc638e7-mgr-x[99467]: SHA256:uNOHFLqGzSjaGe0VWFQ+Z42MqVCti5iKq2WLwolzMRk ceph-f412ca02-6392-11ee-8db5-212e2dc638e7
2023-10-05T15:23:45.356 INFO:journalctl@ceph.mgr.x.smithi045.stdout:Oct 05 15:23:45 smithi045 ceph-f412ca02-6392-11ee-8db5-212e2dc638e7-mgr-x[99467]: The key's randomart image is:
2023-10-05T15:23:45.356 INFO:journalctl@ceph.mgr.x.smithi045.stdout:Oct 05 15:23:45 smithi045 ceph-f412ca02-6392-11ee-8db5-212e2dc638e7-mgr-x[99467]: +---[RSA 3072]----+
2023-10-05T15:23:45.356 INFO:journalctl@ceph.mgr.x.smithi045.stdout:Oct 05 15:23:45 smithi045 ceph-f412ca02-6392-11ee-8db5-212e2dc638e7-mgr-x[99467]: | oo. |
2023-10-05T15:23:45.356 INFO:journalctl@ceph.mgr.x.smithi045.stdout:Oct 05 15:23:45 smithi045 ceph-f412ca02-6392-11ee-8db5-212e2dc638e7-mgr-x[99467]: | o ..+ o |
2023-10-05T15:23:45.356 INFO:journalctl@ceph.mgr.x.smithi045.stdout:Oct 05 15:23:45 smithi045 ceph-f412ca02-6392-11ee-8db5-212e2dc638e7-mgr-x[99467]: | . ..* = . |
2023-10-05T15:23:45.356 INFO:journalctl@ceph.mgr.x.smithi045.stdout:Oct 05 15:23:45 smithi045 ceph-f412ca02-6392-11ee-8db5-212e2dc638e7-mgr-x[99467]: | E +.+ = |
2023-10-05T15:23:45.356 INFO:journalctl@ceph.mgr.x.smithi045.stdout:Oct 05 15:23:45 smithi045 ceph-f412ca02-6392-11ee-8db5-212e2dc638e7-mgr-x[99467]: | =..=.S |
2023-10-05T15:23:45.357 INFO:journalctl@ceph.mgr.x.smithi045.stdout:Oct 05 15:23:45 smithi045 ceph-f412ca02-6392-11ee-8db5-212e2dc638e7-mgr-x[99467]: | *..=.* . |
2023-10-05T15:23:45.357 INFO:journalctl@ceph.mgr.x.smithi045.stdout:Oct 05 15:23:45 smithi045 ceph-f412ca02-6392-11ee-8db5-212e2dc638e7-mgr-x[99467]: |+.*o+ O o . |
2023-10-05T15:23:45.357 INFO:journalctl@ceph.mgr.x.smithi045.stdout:Oct 05 15:23:45 smithi045 ceph-f412ca02-6392-11ee-8db5-212e2dc638e7-mgr-x[99467]: |*O.* o . . |
2023-10-05T15:23:45.357 INFO:journalctl@ceph.mgr.x.smithi045.stdout:Oct 05 15:23:45 smithi045 ceph-f412ca02-6392-11ee-8db5-212e2dc638e7-mgr-x[99467]: |B++ . |
2023-10-05T15:23:45.357 INFO:journalctl@ceph.mgr.x.smithi045.stdout:Oct 05 15:23:45 smithi045 ceph-f412ca02-6392-11ee-8db5-212e2dc638e7-mgr-x[99467]: +----[SHA256]-----+
2023-10-05T15:23:45.362 INFO:teuthology.orchestra.run.smithi045.stdout:/usr/bin/ceph: stderr
2023-10-05T15:23:44.206+0000 7fb8a2ab9700 1 Processor -- start
2023-10-05T15:23:45.362 INFO:teuthology.orchestra.run.smithi045.stdout:/usr/bin/ceph: stderr
2023-10-05T15:23:44.206+0000 7fb8a2ab9700 1 -- start start
2023-10-05T15:23:45.362 INFO:teuthology.orchestra.run.smithi045.stdout:/usr/bin/ceph: stderr
2023-10-05T15:23:44.206+0000 7fb8a2ab9700 1 --2- >> [v2:172.21.15.45:3300/0,v1:172.21.15.45:6789/0] conn(0x7fb89c1070c0 0x7fb89c1094b0 unknown :-1 s=NONE pgs=0 cs=0 l=0 rev1=0 crypto rx=0 tx=0 comp rx=0 tx=0).connect
2023-10-05T15:23:45.362 INFO:teuthology.orchestra.run.smithi045.stdout:/usr/bin/ceph: stderr
2023-10-05T15:23:44.206+0000 7fb8a2ab9700 1 -- --> [v2:172.21.15.45:3300/0,v1:172.21.15.45:6789/0] -- mon_getmap magic: 0 v1 -- 0x7fb89c079ed0 con 0x7fb89c1070c0
2023-10-05T15:23:45.362 INFO:teuthology.orchestra.run.smithi045.stdout:/usr/bin/ceph: stderr
2023-10-05T15:23:44.207+0000 7fb8a0855700 1 --2- >> [v2:172.21.15.45:3300/0,v1:172.21.15.45:6789/0] conn(0x7fb89c1070c0 0x7fb89c1094b0 unknown :-1 s=BANNER_CONNECTING pgs=0 cs=0 l=0 rev1=0 crypto rx=0 tx=0 comp rx=0 tx=0)._handle_peer_banner_payload supported=3 required=0
2023-10-05T15:23:45.363 INFO:teuthology.orchestra.run.smithi045.stdout:/usr/bin/ceph: stderr
2023-10-05T15:23:44.207+0000 7fb8a0855700 1 --2- >> [v2:172.21.15.45:3300/0,v1:172.21.15.45:6789/0] conn(0x7fb89c1070c0 0x7fb89c1094b0 unknown :-1 s=HELLO_CONNECTING pgs=0 cs=0 l=0 rev1=1 crypto rx=0 tx=0 comp rx=0 tx=0).handle_hello peer v2:172.21.15.45:3300/0 says I am v2:172.21.15.45:39144/0 (socket says 172.21.15.45:39144)
2023-10-05T15:23:45.363 INFO:teuthology.orchestra.run.smithi045.stdout:/usr/bin/ceph: stderr
2023-10-05T15:23:44.207+0000 7fb8a0855700 1 -- 172.21.15.45:0/2648584039 learned_addr learned my addr 172.21.15.45:0/2648584039 (peer_addr_for_me v2:172.21.15.45:0/0)
2023-10-05T15:23:45.363 INFO:teuthology.orchestra.run.smithi045.stdout:/usr/bin/ceph: stderr
2023-10-05T15:23:44.207+0000 7fb8a0855700 1 -- 172.21.15.45:0/2648584039 --> [v2:172.21.15.45:3300/0,v1:172.21.15.45:6789/0] -- mon_subscribe({config=0+,monmap=0+}) v3 -- 0x7fb89c1099f0 con 0x7fb89c1070c0
2023-10-05T15:23:45.363 INFO:teuthology.orchestra.run.smithi045.stdout:/usr/bin/ceph: stderr
2023-10-05T15:23:44.207+0000 7fb8a0855700 1 --2- 172.21.15.45:0/2648584039 >> [v2:172.21.15.45:3300/0,v1:172.21.15.45:6789/0] conn(0x7fb89c1070c0 0x7fb89c1094b0 secure :-1 s=READY pgs=41 cs=0 l=1 rev1=1 crypto rx=0x7fb8900098a0 tx=0x7fb890009bb0 comp rx=0 tx=0).ready entity=mon.0 client_cookie=3c15d61c8ae13aab server_cookie=0 in_seq=0 out_seq=0
2023-10-05T15:23:45.363 INFO:teuthology.orchestra.run.smithi045.stdout:/usr/bin/ceph: stderr
2023-10-05T15:23:44.207+0000 7fb89b7fe700 1 -- 172.21.15.45:0/2648584039 <== mon.0 v2:172.21.15.45:3300/0 1 ==== mon_map magic: 0 v1 ==== 205+0+0 (secure 0 0 0) 0x7fb890004160 con 0x7fb89c1070c0
2023-10-05T15:23:45.363 INFO:teuthology.orchestra.run.smithi045.stdout:/usr/bin/ceph: stderr
2023-10-05T15:23:44.207+0000 7fb89b7fe700 1 -- 172.21.15.45:0/2648584039 <== mon.0 v2:172.21.15.45:3300/0 2 ==== config(26 keys) v1 ==== 1074+0+0 (secure 0 0 0) 0x7fb8900042c0 con 0x7fb89c1070c0
2023-10-05T15:23:45.363 INFO:teuthology.orchestra.run.smithi045.stdout:/usr/bin/ceph: stderr
2023-10-05T15:23:44.207+0000 7fb89b7fe700 1 -- 172.21.15.45:0/2648584039 <== mon.0 v2:172.21.15.45:3300/0 3 ==== mon_map magic: 0 v1 ==== 205+0+0 (secure 0 0 0) 0x7fb890011a00 con 0x7fb89c1070c0
2023-10-05T15:23:45.363 INFO:teuthology.orchestra.run.smithi045.stdout:/usr/bin/ceph: stderr
2023-10-05T15:23:44.208+0000 7fb8a2ab9700 1 -- 172.21.15.45:0/2648584039 >> [v2:172.21.15.45:3300/0,v1:172.21.15.45:6789/0] conn(0x7fb89c1070c0 msgr2=0x7fb89c1094b0 secure :-1 s=STATE_CONNECTION_ESTABLISHED l=1).mark_down
2023-10-05T15:23:45.363 INFO:teuthology.orchestra.run.smithi045.stdout:/usr/bin/ceph: stderr
2023-10-05T15:23:44.208+0000 7fb8a2ab9700 1 --2- 172.21.15.45:0/2648584039 >> [v2:172.21.15.45:3300/0,v1:172.21.15.45:6789/0] conn(0x7fb89c1070c0 0x7fb89c1094b0 secure :-1 s=READY pgs=41 cs=0 l=1 rev1=1 crypto rx=0x7fb8900098a0 tx=0x7fb890009bb0 comp rx=0 tx=0).stop
2023-10-05T15:23:45.363 INFO:teuthology.orchestra.run.smithi045.stdout:/usr/bin/ceph: stderr
2023-10-05T15:23:44.208+0000 7fb8a2ab9700 1 -- 172.21.15.45:0/2648584039 shutdown_connections
2023-10-05T15:23:45.363 INFO:teuthology.orchestra.run.smithi045.stdout:/usr/bin/ceph: stderr
2023-10-05T15:23:44.208+0000 7fb8a2ab9700 1 --2- 172.21.15.45:0/2648584039 >> [v2:172.21.15.45:3300/0,v1:172.21.15.45:6789/0] conn(0x7fb89c1070c0 0x7fb89c1094b0 unknown :-1 s=CLOSED pgs=41 cs=0 l=1 rev1=1 crypto rx=0 tx=0 comp rx=0 tx=0).stop
2023-10-05T15:23:45.364 INFO:teuthology.orchestra.run.smithi045.stdout:/usr/bin/ceph: stderr
2023-10-05T15:23:44.208+0000 7fb8a2ab9700 1 -- 172.21.15.45:0/2648584039 >> 172.21.15.45:0/2648584039 conn(0x7fb89c100b30 msgr2=0x7fb89c102f50 unknown :-1 s=STATE_NONE l=0).mark_down
2023-10-05T15:23:45.364 INFO:teuthology.orchestra.run.smithi045.stdout:/usr/bin/ceph: stderr
2023-10-05T15:23:44.208+0000 7fb8a2ab9700 1 -- 172.21.15.45:0/2648584039 shutdown_connections
2023-10-05T15:23:45.364 INFO:teuthology.orchestra.run.smithi045.stdout:/usr/bin/ceph: stderr
2023-10-05T15:23:44.208+0000 7fb8a2ab9700 1 -- 172.21.15.45:0/2648584039 wait complete.
2023-10-05T15:23:45.364 INFO:teuthology.orchestra.run.smithi045.stdout:/usr/bin/ceph: stderr
2023-10-05T15:23:44.209+0000 7fb8a2ab9700 1 Processor -- start
2023-10-05T15:23:45.364 INFO:teuthology.orchestra.run.smithi045.stdout:/usr/bin/ceph: stderr
2023-10-05T15:23:44.209+0000 7fb8a2ab9700 1 -- start start
2023-10-05T15:23:45.364 INFO:teuthology.orchestra.run.smithi045.stdout:/usr/bin/ceph: stderr
2023-10-05T15:23:44.209+0000 7fb8a2ab9700 1 --2- >> [v2:172.21.15.45:3300/0,v1:172.21.15.45:6789/0] conn(0x7fb89c1070c0 0x7fb89c19a330 unknown :-1 s=NONE pgs=0 cs=0 l=1 rev1=0 crypto rx=0 tx=0 comp rx=0 tx=0).connect
2023-10-05T15:23:45.364 INFO:teuthology.orchestra.run.smithi045.stdout:/usr/bin/ceph: stderr
2023-10-05T15:23:44.209+0000 7fb8a2ab9700 1 -- --> [v2:172.21.15.45:3300/0,v1:172.21.15.45:6789/0] -- mon_getmap magic: 0 v1 -- 0x7fb89c19a870 con 0x7fb89c1070c0
2023-10-05T15:23:45.364 INFO:teuthology.orchestra.run.smithi045.stdout:/usr/bin/ceph: stderr
2023-10-05T15:23:44.209+0000 7fb8a0855700 1 --2- >> [v2:172.21.15.45:3300/0,v1:172.21.15.45:6789/0] conn(0x7fb89c1070c0 0x7fb89c19a330 unknown :-1 s=BANNER_CONNECTING pgs=0 cs=0 l=1 rev1=0 crypto rx=0 tx=0 comp rx=0 tx=0)._handle_peer_banner_payload supported=3 required=0
2023-10-05T15:23:45.364 INFO:teuthology.orchestra.run.smithi045.stdout:/usr/bin/ceph: stderr
2023-10-05T15:23:44.209+0000 7fb8a0855700 1 --2- >> [v2:172.21.15.45:3300/0,v1:172.21.15.45:6789/0] conn(0x7fb89c1070c0 0x7fb89c19a330 unknown :-1 s=HELLO_CONNECTING pgs=0 cs=0 l=1 rev1=1 crypto rx=0 tx=0 comp rx=0 tx=0).handle_hello peer v2:172.21.15.45:3300/0 says I am v2:172.21.15.45:39146/0 (socket says 172.21.15.45:39146)
2023-10-05T15:23:45.364 INFO:teuthology.orchestra.run.smithi045.stdout:/usr/bin/ceph: stderr
2023-10-05T15:23:44.209+0000 7fb8a0855700 1 -- 172.21.15.45:0/3994277059 learned_addr learned my addr 172.21.15.45:0/3994277059 (peer_addr_for_me v2:172.21.15.45:0/0)
2023-10-05T15:23:45.364 INFO:teuthology.orchestra.run.smithi045.stdout:/usr/bin/ceph: stderr
2023-10-05T15:23:44.209+0000 7fb8a0855700 1 -- 172.21.15.45:0/3994277059 --> [v2:172.21.15.45:3300/0,v1:172.21.15.45:6789/0] -- mon_subscribe({config=0+,monmap=0+}) v3 -- 0x7fb890009550 con 0x7fb89c1070c0
2023-10-05T15:23:45.364 INFO:teuthology.orchestra.run.smithi045.stdout:/usr/bin/ceph: stderr
2023-10-05T15:23:44.209+0000 7fb8a0855700 1 --2- 172.21.15.45:0/3994277059 >> [v2:172.21.15.45:3300/0,v1:172.21.15.45:6789/0] conn(0x7fb89c1070c0 0x7fb89c19a330 secure :-1 s=READY pgs=42 cs=0 l=1 rev1=1 crypto rx=0x7fb890009fb0 tx=0x7fb890011ad0 comp rx=0 tx=0).ready entity=mon.0 client_cookie=0 server_cookie=0 in_seq=0 out_seq=0
2023-10-05T15:23:45.365 INFO:teuthology.orchestra.run.smithi045.stdout:/usr/bin/ceph: stderr
2023-10-05T15:23:44.209+0000 7fb899ffb700 1 -- 172.21.15.45:0/3994277059 <== mon.0 v2:172.21.15.45:3300/0 1 ==== mon_map magic: 0 v1 ==== 205+0+0 (secure 0 0 0) 0x7fb890003930 con 0x7fb89c1070c0
2023-10-05T15:23:45.365 INFO:teuthology.orchestra.run.smithi045.stdout:/usr/bin/ceph: stderr
2023-10-05T15:23:44.209+0000 7fb899ffb700 1 -- 172.21.15.45:0/3994277059 <== mon.0 v2:172.21.15.45:3300/0 2 ==== config(26 keys) v1 ==== 1074+0+0 (secure 0 0 0) 0x7fb890003a90 con 0x7fb89c1070c0
2023-10-05T15:23:45.365 INFO:teuthology.orchestra.run.smithi045.stdout:/usr/bin/ceph: stderr
2023-10-05T15:23:44.210+0000 7fb8a2ab9700 1 -- 172.21.15.45:0/3994277059 --> [v2:172.21.15.45:3300/0,v1:172.21.15.45:6789/0] -- mon_subscribe({mgrmap=0+}) v3 -- 0x7fb89c19aa70 con 0x7fb89c1070c0
2023-10-05T15:23:45.365 INFO:teuthology.orchestra.run.smithi045.stdout:/usr/bin/ceph: stderr
2023-10-05T15:23:44.210+0000 7fb899ffb700 1 -- 172.21.15.45:0/3994277059 <== mon.0 v2:172.21.15.45:3300/0 3 ==== mon_map magic: 0 v1 ==== 205+0+0 (secure 0 0 0) 0x7fb890019610 con 0x7fb89c1070c0
2023-10-05T15:23:45.365 INFO:teuthology.orchestra.run.smithi045.stdout:/usr/bin/ceph: stderr
2023-10-05T15:23:44.210+0000 7fb8a2ab9700 1 -- 172.21.15.45:0/3994277059 --> [v2:172.21.15.45:3300/0,v1:172.21.15.45:6789/0] -- mon_subscribe({osdmap=0}) v3 -- 0x7fb89c19ae90 con 0x7fb89c1070c0
2023-10-05T15:23:45.365 INFO:teuthology.orchestra.run.smithi045.stdout:/usr/bin/ceph: stderr
2023-10-05T15:23:44.210+0000 7fb899ffb700 1 -- 172.21.15.45:0/3994277059 <== mon.0 v2:172.21.15.45:3300/0 4 ==== mgrmap(e 8) v1 ==== 45579+0+0 (secure 0 0 0) 0x7fb890019880 con 0x7fb89c1070c0
2023-10-05T15:23:45.365 INFO:teuthology.orchestra.run.smithi045.stdout:/usr/bin/ceph: stderr
2023-10-05T15:23:44.211+0000 7fb899ffb700 1 --2- 172.21.15.45:0/3994277059 >> [v2:172.21.15.45:6800/3366807170,v1:172.21.15.45:6801/3366807170] conn(0x7fb88c038820 0x7fb88c03ace0 unknown :-1 s=NONE pgs=0 cs=0 l=1 rev1=0 crypto rx=0 tx=0 comp rx=0 tx=0).connect
2023-10-05T15:23:45.365 INFO:teuthology.orchestra.run.smithi045.stdout:/usr/bin/ceph: stderr
2023-10-05T15:23:44.211+0000 7fb899ffb700 1 -- 172.21.15.45:0/3994277059 <== mon.0 v2:172.21.15.45:3300/0 5 ==== osd_map(2..2 src has 1..2) v4 ==== 940+0+0 (secure 0 0 0) 0x7fb89004c9c0 con 0x7fb89c1070c0
2023-10-05T15:23:45.365 INFO:teuthology.orchestra.run.smithi045.stdout:/usr/bin/ceph: stderr
2023-10-05T15:23:44.211+0000 7fb8a2ab9700 1 -- 172.21.15.45:0/3994277059 --> [v2:172.21.15.45:3300/0,v1:172.21.15.45:6789/0] -- mon_command({"prefix": "get_command_descriptions"} v 0) v1 -- 0x7fb89c0624e0 con 0x7fb89c1070c0
2023-10-05T15:23:45.365 INFO:teuthology.orchestra.run.smithi045.stdout:/usr/bin/ceph: stderr
2023-10-05T15:23:44.211+0000 7fb89bfff700 1 --2- 172.21.15.45:0/3994277059 >> [v2:172.21.15.45:6800/3366807170,v1:172.21.15.45:6801/3366807170] conn(0x7fb88c038820 0x7fb88c03ace0 unknown :-1 s=BANNER_CONNECTING pgs=0 cs=0 l=1 rev1=0 crypto rx=0 tx=0 comp rx=0 tx=0)._handle_peer_banner_payload supported=3 required=0
2023-10-05T15:23:45.365 INFO:teuthology.orchestra.run.smithi045.stdout:/usr/bin/ceph: stderr
2023-10-05T15:23:44.211+0000 7fb89bfff700 1 --2- 172.21.15.45:0/3994277059 >> [v2:172.21.15.45:6800/3366807170,v1:172.21.15.45:6801/3366807170] conn(0x7fb88c038820 0x7fb88c03ace0 secure :-1 s=READY pgs=9 cs=0 l=1 rev1=1 crypto rx=0x7fb888006fd0 tx=0x7fb888006e40 comp rx=0 tx=0).ready entity=mgr.14120 client_cookie=0 server_cookie=0 in_seq=0 out_seq=0
2023-10-05T15:23:45.365 INFO:teuthology.orchestra.run.smithi045.stdout:/usr/bin/ceph: stderr
2023-10-05T15:23:44.216+0000 7fb899ffb700 1 -- 172.21.15.45:0/3994277059 <== mon.0 v2:172.21.15.45:3300/0 6 ==== mon_command_ack([{"prefix": "get_command_descriptions"}]=0 v0) v1 ==== 72+0+180459 (secure 0 0 0) 0x7fb890019b80 con 0x7fb89c1070c0
2023-10-05T15:23:45.366 INFO:teuthology.orchestra.run.smithi045.stdout:/usr/bin/ceph: stderr
2023-10-05T15:23:44.581+0000 7fb8a2ab9700 1 -- 172.21.15.45:0/3994277059 --> [v2:172.21.15.45:6800/3366807170,v1:172.21.15.45:6801/3366807170] -- mgr_command(tid 0: {"prefix": "cephadm generate-key", "target": ["mon-mgr", ""]}) v1 -- 0x7fb89c102e10 con 0x7fb88c038820
2023-10-05T15:23:45.366 INFO:teuthology.orchestra.run.smithi045.stdout:/usr/bin/ceph: stderr
2023-10-05T15:23:45.009+0000 7fb899ffb700 1 -- 172.21.15.45:0/3994277059 <== mgr.14120 v2:172.21.15.45:6800/3366807170 1 ==== mgr_command_reply(tid 0: 0 ) v1 ==== 8+0+0 (secure 0 0 0) 0x7fb89c102e10 con 0x7fb88c038820
2023-10-05T15:23:45.366 INFO:teuthology.orchestra.run.smithi045.stdout:/usr/bin/ceph: stderr
2023-10-05T15:23:45.012+0000 7fb8a2ab9700 1 -- 172.21.15.45:0/3994277059 >> [v2:172.21.15.45:6800/3366807170,v1:172.21.15.45:6801/3366807170] conn(0x7fb88c038820 msgr2=0x7fb88c03ace0 secure :-1 s=STATE_CONNECTION_ESTABLISHED l=1).mark_down
2023-10-05T15:23:45.366 INFO:teuthology.orchestra.run.smithi045.stdout:/usr/bin/ceph: stderr
2023-10-05T15:23:45.012+0000 7fb8a2ab9700 1 --2- 172.21.15.45:0/3994277059 >> [v2:172.21.15.45:6800/3366807170,v1:172.21.15.45:6801/3366807170] conn(0x7fb88c038820 0x7fb88c03ace0 secure :-1 s=READY pgs=9 cs=0 l=1 rev1=1 crypto rx=0x7fb888006fd0 tx=0x7fb888006e40 comp rx=0 tx=0).stop
2023-10-05T15:23:45.366 INFO:teuthology.orchestra.run.smithi045.stdout:/usr/bin/ceph: stderr
2023-10-05T15:23:45.012+0000 7fb8a2ab9700 1 -- 172.21.15.45:0/3994277059 >> [v2:172.21.15.45:3300/0,v1:172.21.15.45:6789/0] conn(0x7fb89c1070c0 msgr2=0x7fb89c19a330 secure :-1 s=STATE_CONNECTION_ESTABLISHED l=1).mark_down
2023-10-05T15:23:45.366 INFO:teuthology.orchestra.run.smithi045.stdout:/usr/bin/ceph: stderr
2023-10-05T15:23:45.012+0000 7fb8a2ab9700 1 --2- 172.21.15.45:0/3994277059 >> [v2:172.21.15.45:3300/0,v1:172.21.15.45:6789/0] conn(0x7fb89c1070c0 0x7fb89c19a330 secure :-1 s=READY pgs=42 cs=0 l=1 rev1=1 crypto rx=0x7fb890009fb0 tx=0x7fb890011ad0 comp rx=0 tx=0).stop
2023-10-05T15:23:45.366 INFO:teuthology.orchestra.run.smithi045.stdout:/usr/bin/ceph: stderr
2023-10-05T15:23:45.012+0000 7fb8a2ab9700 1 -- 172.21.15.45:0/3994277059 shutdown_connections
2023-10-05T15:23:45.366 INFO:teuthology.orchestra.run.smithi045.stdout:/usr/bin/ceph: stderr
2023-10-05T15:23:45.012+0000 7fb8a2ab9700 1 --2- 172.21.15.45:0/3994277059 >> [v2:172.21.15.45:6800/3366807170,v1:172.21.15.45:6801/3366807170] conn(0x7fb88c038820 0x7fb88c03ace0 unknown :-1 s=CLOSED pgs=9 cs=0 l=1 rev1=1 crypto rx=0 tx=0 comp rx=0 tx=0).stop
2023-10-05T15:23:45.366 INFO:teuthology.orchestra.run.smithi045.stdout:/usr/bin/ceph: stderr
2023-10-05T15:23:45.012+0000 7fb8a2ab9700 1 --2- 172.21.15.45:0/3994277059 >> [v2:172.21.15.45:3300/0,v1:172.21.15.45:6789/0] conn(0x7fb89c1070c0 0x7fb89c19a330 unknown :-1 s=CLOSED pgs=42 cs=0 l=1 rev1=1 crypto rx=0 tx=0 comp rx=0 tx=0).stop
2023-10-05T15:23:45.366 INFO:teuthology.orchestra.run.smithi045.stdout:/usr/bin/ceph: stderr
2023-10-05T15:23:45.012+0000 7fb8a2ab9700 1 -- 172.21.15.45:0/3994277059 >> 172.21.15.45:0/3994277059 conn(0x7fb89c100b30 msgr2=0x7fb89c1021b0 unknown :-1 s=STATE_NONE l=0).mark_down
2023-10-05T15:23:45.367 INFO:teuthology.orchestra.run.smithi045.stdout:/usr/bin/ceph: stderr
2023-10-05T15:23:45.012+0000 7fb8a2ab9700 1 -- 172.21.15.45:0/3994277059 shutdown_connections
2023-10-05T15:23:45.367 INFO:teuthology.orchestra.run.smithi045.stdout:/usr/bin/ceph: stderr
2023-10-05T15:23:45.012+0000 7fb8a2ab9700 1 -- 172.21.15.45:0/3994277059 wait complete.
2023-10-05T15:23:46.353 INFO:journalctl@ceph.mon.a.smithi045.stdout:Oct 05 15:23:46 smithi045 ceph-mon[99223]: from='client.14136 -' entity='client.admin' cmd=[{"prefix": "cephadm generate-key", "target": ["mon-mgr", ""]}]: dispatch
2023-10-05T15:23:46.353 INFO:journalctl@ceph.mon.a.smithi045.stdout:Oct 05 15:23:46 smithi045 ceph-mon[99223]: Generating ssh key...
2023-10-05T15:23:46.354 INFO:journalctl@ceph.mon.a.smithi045.stdout:Oct 05 15:23:46 smithi045 ceph-mon[99223]: from='mgr.14120 172.21.15.45:0/1999390557' entity='mgr.x'
2023-10-05T15:23:46.354 INFO:journalctl@ceph.mon.a.smithi045.stdout:Oct 05 15:23:46 smithi045 ceph-mon[99223]: from='mgr.14120 172.21.15.45:0/1999390557' entity='mgr.x'
2023-10-05T15:23:46.605 INFO:teuthology.orchestra.run.smithi045.stdout:/usr/bin/ceph: stdout ssh-rsa AAAAB3NzaC1yc2EAAAADAQABAAABgQDF2Fy/B4F4+z37/jINfNQOSsgQEIiDiVHJ0m0NZQVTydjiA2zIqqI3X9KHAnRxfMT1XMJpHlBSh5uTJKK/hJ7UULF+ZiQ22GnzPiUVzgfS0GgY5FRY9Po+jQk0xaL478ZERkt/ei+AOc+6ZO3XsmKtAkSN8ZuCWXdFtz5b0c4UVS+ZfLd5YCikqYgruNbVYrCoGygjvy9dA9bSYEGOHoauWZs5p7wlmUryMmZUJ3/RvmsUC77SJdzoKiQDZesT7vUzR8Do2RAoVYu7mLq3MEBeyV8vtZvNcMPqhVU/dP5yZ4tIBH2GcJec5EBqhLBG4YmLGlPjpKKb2GbLKmzbyH/xosJXWKlB9NEqazx8735tk7ihU4KFjdDuBQ9HsDdXBLxyhe0e6MdhgInyzFhVKgqNZxi1ieyf3WLDwNw3dIfRkK8zuB44yL4+wmbflq5WSuBfSMRR+88WLpiYMWb+xC19UTjvSn+TuUP9c1kBLbZQ4WVwU5PmtcsftGbIhYQaKb8= ceph-f412ca02-6392-11ee-8db5-212e2dc638e7
2023-10-05T15:23:46.606 INFO:teuthology.orchestra.run.smithi045.stdout:/usr/bin/ceph: stderr
2023-10-05T15:23:45.826+0000 7f3df23be700 1 Processor -- start
2023-10-05T15:23:46.606 INFO:teuthology.orchestra.run.smithi045.stdout:/usr/bin/ceph: stderr
2023-10-05T15:23:45.826+0000 7f3df23be700 1 -- start start
2023-10-05T15:23:46.606 INFO:teuthology.orchestra.run.smithi045.stdout:/usr/bin/ceph: stderr
2023-10-05T15:23:45.826+0000 7f3df23be700 1 --2- >> [v2:172.21.15.45:3300/0,v1:172.21.15.45:6789/0] conn(0x7f3dec106650 0x7f3dec106a70 unknown :-1 s=NONE pgs=0 cs=0 l=0 rev1=0 crypto rx=0 tx=0 comp rx=0 tx=0).connect
2023-10-05T15:23:46.606 INFO:teuthology.orchestra.run.smithi045.stdout:/usr/bin/ceph: stderr
2023-10-05T15:23:45.826+0000 7f3df23be700 1 -- --> [v2:172.21.15.45:3300/0,v1:172.21.15.45:6789/0] -- mon_getmap magic: 0 v1 -- 0x7f3dec107040 con 0x7f3dec106650
2023-10-05T15:23:46.606 INFO:teuthology.orchestra.run.smithi045.stdout:/usr/bin/ceph: stderr
2023-10-05T15:23:45.826+0000 7f3debfff700 1 --2- >> [v2:172.21.15.45:3300/0,v1:172.21.15.45:6789/0] conn(0x7f3dec106650 0x7f3dec106a70 unknown :-1 s=BANNER_CONNECTING pgs=0 cs=0 l=0 rev1=0 crypto rx=0 tx=0 comp rx=0 tx=0)._handle_peer_banner_payload supported=3 required=0
2023-10-05T15:23:46.606 INFO:teuthology.orchestra.run.smithi045.stdout:/usr/bin/ceph: stderr
2023-10-05T15:23:45.827+0000 7f3debfff700 1 --2- >> [v2:172.21.15.45:3300/0,v1:172.21.15.45:6789/0] conn(0x7f3dec106650 0x7f3dec106a70 unknown :-1 s=HELLO_CONNECTING pgs=0 cs=0 l=0 rev1=1 crypto rx=0 tx=0 comp rx=0 tx=0).handle_hello peer v2:172.21.15.45:3300/0 says I am v2:172.21.15.45:39150/0 (socket says 172.21.15.45:39150)
2023-10-05T15:23:46.606 INFO:teuthology.orchestra.run.smithi045.stdout:/usr/bin/ceph: stderr
2023-10-05T15:23:45.827+0000 7f3debfff700 1 -- 172.21.15.45:0/485486260 learned_addr learned my addr 172.21.15.45:0/485486260 (peer_addr_for_me v2:172.21.15.45:0/0)
2023-10-05T15:23:46.606 INFO:teuthology.orchestra.run.smithi045.stdout:/usr/bin/ceph: stderr
2023-10-05T15:23:45.827+0000 7f3debfff700 1 -- 172.21.15.45:0/485486260 --> [v2:172.21.15.45:3300/0,v1:172.21.15.45:6789/0] -- mon_subscribe({config=0+,monmap=0+}) v3 -- 0x7f3dec107850 con 0x7f3dec106650
2023-10-05T15:23:46.606 INFO:teuthology.orchestra.run.smithi045.stdout:/usr/bin/ceph: stderr
2023-10-05T15:23:45.827+0000 7f3debfff700 1 --2- 172.21.15.45:0/485486260 >> [v2:172.21.15.45:3300/0,v1:172.21.15.45:6789/0] conn(0x7f3dec106650 0x7f3dec106a70 secure :-1 s=READY pgs=43 cs=0 l=1 rev1=1 crypto rx=0x7f3dd40098a0 tx=0x7f3dd4009bb0 comp rx=0 tx=0).ready entity=mon.0 client_cookie=1f0cf57f9b5fd881 server_cookie=0 in_seq=0 out_seq=0
2023-10-05T15:23:46.607 INFO:teuthology.orchestra.run.smithi045.stdout:/usr/bin/ceph: stderr
2023-10-05T15:23:45.827+0000 7f3deaffd700 1 -- 172.21.15.45:0/485486260 <== mon.0 v2:172.21.15.45:3300/0 1 ==== mon_map magic: 0 v1 ==== 205+0+0 (secure 0 0 0) 0x7f3dd4004160 con 0x7f3dec106650
2023-10-05T15:23:46.607 INFO:teuthology.orchestra.run.smithi045.stdout:/usr/bin/ceph: stderr
2023-10-05T15:23:45.827+0000 7f3deaffd700 1 -- 172.21.15.45:0/485486260 <== mon.0 v2:172.21.15.45:3300/0 2 ==== config(26 keys) v1 ==== 1074+0+0 (secure 0 0 0) 0x7f3dd40042c0 con 0x7f3dec106650
2023-10-05T15:23:46.607 INFO:teuthology.orchestra.run.smithi045.stdout:/usr/bin/ceph: stderr
2023-10-05T15:23:45.827+0000 7f3deaffd700 1 -- 172.21.15.45:0/485486260 <== mon.0 v2:172.21.15.45:3300/0 3 ==== mon_map magic: 0 v1 ==== 205+0+0 (secure 0 0 0) 0x7f3dd4011a00 con 0x7f3dec106650
2023-10-05T15:23:46.607 INFO:teuthology.orchestra.run.smithi045.stdout:/usr/bin/ceph: stderr
2023-10-05T15:23:45.828+0000 7f3df23be700 1 -- 172.21.15.45:0/485486260 >> [v2:172.21.15.45:3300/0,v1:172.21.15.45:6789/0] conn(0x7f3dec106650 msgr2=0x7f3dec106a70 secure :-1 s=STATE_CONNECTION_ESTABLISHED l=1).mark_down
2023-10-05T15:23:46.607 INFO:teuthology.orchestra.run.smithi045.stdout:/usr/bin/ceph: stderr
2023-10-05T15:23:45.828+0000 7f3df23be700 1 --2- 172.21.15.45:0/485486260 >> [v2:172.21.15.45:3300/0,v1:172.21.15.45:6789/0] conn(0x7f3dec106650 0x7f3dec106a70 secure :-1 s=READY pgs=43 cs=0 l=1 rev1=1 crypto rx=0x7f3dd40098a0 tx=0x7f3dd4009bb0 comp rx=0 tx=0).stop
2023-10-05T15:23:46.607 INFO:teuthology.orchestra.run.smithi045.stdout:/usr/bin/ceph: stderr
2023-10-05T15:23:45.828+0000 7f3df23be700 1 -- 172.21.15.45:0/485486260 shutdown_connections
2023-10-05T15:23:46.607 INFO:teuthology.orchestra.run.smithi045.stdout:/usr/bin/ceph: stderr
2023-10-05T15:23:45.828+0000 7f3df23be700 1 --2- 172.21.15.45:0/485486260 >> [v2:172.21.15.45:3300/0,v1:172.21.15.45:6789/0] conn(0x7f3dec106650 0x7f3dec106a70 unknown :-1 s=CLOSED pgs=43 cs=0 l=1 rev1=1 crypto rx=0 tx=0 comp rx=0 tx=0).stop
2023-10-05T15:23:46.607 INFO:teuthology.orchestra.run.smithi045.stdout:/usr/bin/ceph: stderr
2023-10-05T15:23:45.828+0000 7f3df23be700 1 -- 172.21.15.45:0/485486260 >> 172.21.15.45:0/485486260 conn(0x7f3dec101c30 msgr2=0x7f3dec104050 unknown :-1 s=STATE_NONE l=0).mark_down
2023-10-05T15:23:46.607 INFO:teuthology.orchestra.run.smithi045.stdout:/usr/bin/ceph: stderr
2023-10-05T15:23:45.828+0000 7f3df23be700 1 -- 172.21.15.45:0/485486260 shutdown_connections
2023-10-05T15:23:46.607 INFO:teuthology.orchestra.run.smithi045.stdout:/usr/bin/ceph: stderr
2023-10-05T15:23:45.828+0000 7f3df23be700 1 -- 172.21.15.45:0/485486260 wait complete.
2023-10-05T15:23:46.607 INFO:teuthology.orchestra.run.smithi045.stdout:/usr/bin/ceph: stderr
2023-10-05T15:23:45.828+0000 7f3df23be700 1 Processor -- start
2023-10-05T15:23:46.607 INFO:teuthology.orchestra.run.smithi045.stdout:/usr/bin/ceph: stderr
2023-10-05T15:23:45.828+0000 7f3df23be700 1 -- start start
2023-10-05T15:23:46.608 INFO:teuthology.orchestra.run.smithi045.stdout:/usr/bin/ceph: stderr
2023-10-05T15:23:45.829+0000 7f3df23be700 1 --2- >> [v2:172.21.15.45:3300/0,v1:172.21.15.45:6789/0] conn(0x7f3dec106650 0x7f3dec19a3e0 unknown :-1 s=NONE pgs=0 cs=0 l=1 rev1=0 crypto rx=0 tx=0 comp rx=0 tx=0).connect
2023-10-05T15:23:46.608 INFO:teuthology.orchestra.run.smithi045.stdout:/usr/bin/ceph: stderr
2023-10-05T15:23:45.829+0000 7f3df23be700 1 -- --> [v2:172.21.15.45:3300/0,v1:172.21.15.45:6789/0] -- mon_getmap magic: 0 v1 -- 0x7f3dec19a920 con 0x7f3dec106650
2023-10-05T15:23:46.608 INFO:teuthology.orchestra.run.smithi045.stdout:/usr/bin/ceph: stderr
2023-10-05T15:23:45.829+0000 7f3debfff700 1 --2- >> [v2:172.21.15.45:3300/0,v1:172.21.15.45:6789/0] conn(0x7f3dec106650 0x7f3dec19a3e0 unknown :-1 s=BANNER_CONNECTING pgs=0 cs=0 l=1 rev1=0 crypto rx=0 tx=0 comp rx=0 tx=0)._handle_peer_banner_payload supported=3 required=0
2023-10-05T15:23:46.608 INFO:teuthology.orchestra.run.smithi045.stdout:/usr/bin/ceph: stderr
2023-10-05T15:23:45.829+0000 7f3debfff700 1 --2- >> [v2:172.21.15.45:3300/0,v1:172.21.15.45:6789/0] conn(0x7f3dec106650 0x7f3dec19a3e0 unknown :-1 s=HELLO_CONNECTING pgs=0 cs=0 l=1 rev1=1 crypto rx=0 tx=0 comp rx=0 tx=0).handle_hello peer v2:172.21.15.45:3300/0 says I am v2:172.21.15.45:39152/0 (socket says 172.21.15.45:39152)
2023-10-05T15:23:46.608 INFO:teuthology.orchestra.run.smithi045.stdout:/usr/bin/ceph: stderr
2023-10-05T15:23:45.829+0000 7f3debfff700 1 -- 172.21.15.45:0/853304849 learned_addr learned my addr 172.21.15.45:0/853304849 (peer_addr_for_me v2:172.21.15.45:0/0)
2023-10-05T15:23:46.608 INFO:teuthology.orchestra.run.smithi045.stdout:/usr/bin/ceph: stderr
2023-10-05T15:23:45.829+0000 7f3debfff700 1 -- 172.21.15.45:0/853304849 --> [v2:172.21.15.45:3300/0,v1:172.21.15.45:6789/0] -- mon_subscribe({config=0+,monmap=0+}) v3 -- 0x7f3dd4009550 con 0x7f3dec106650
2023-10-05T15:23:46.608 INFO:teuthology.orchestra.run.smithi045.stdout:/usr/bin/ceph: stderr
