2023-10-05T15:30:08.458+0000 7f6f0b7fe700 1 --2- >> [v2:172.21.15.98:3300/0,v1:172.21.15.98:6789/0] conn(0x7f6f0c104db0 0x7f6f0c101bd0 unknown :-1 s=HELLO_CONNECTING pgs=0 cs=0 l=1 rev1=1 crypto rx=0 tx=0 comp rx=0 tx=0).handle_hello peer v2:172.21.15.98:3300/0 says I am v2:172.21.15.98:41788/0 (socket says 172.21.15.98:41788)
2023-10-05T15:30:09.087 INFO:teuthology.orchestra.run.smithi098.stdout:/usr/bin/ceph: stderr
2023-10-05T15:30:08.458+0000 7f6f0b7fe700 1 -- 172.21.15.98:0/1987468284 learned_addr learned my addr 172.21.15.98:0/1987468284 (peer_addr_for_me v2:172.21.15.98:0/0)
2023-10-05T15:30:09.087 INFO:teuthology.orchestra.run.smithi098.stdout:/usr/bin/ceph: stderr
2023-10-05T15:30:08.459+0000 7f6f0b7fe700 1 -- 172.21.15.98:0/1987468284 --> [v2:172.21.15.98:3300/0,v1:172.21.15.98:6789/0] -- mon_subscribe({config=0+,monmap=0+}) v3 -- 0x7f6efc009550 con 0x7f6f0c104db0
2023-10-05T15:30:09.087 INFO:teuthology.orchestra.run.smithi098.stdout:/usr/bin/ceph: stderr
2023-10-05T15:30:08.459+0000 7f6f0b7fe700 1 --2- 172.21.15.98:0/1987468284 >> [v2:172.21.15.98:3300/0,v1:172.21.15.98:6789/0] conn(0x7f6f0c104db0 0x7f6f0c101bd0 secure :-1 s=READY pgs=44 cs=0 l=1 rev1=1 crypto rx=0x7f6efc009fb0 tx=0x7f6efc011ad0 comp rx=0 tx=0).ready entity=mon.0 client_cookie=0 server_cookie=0 in_seq=0 out_seq=0
2023-10-05T15:30:09.087 INFO:teuthology.orchestra.run.smithi098.stdout:/usr/bin/ceph: stderr
2023-10-05T15:30:08.459+0000 7f6f08ff9700 1 -- 172.21.15.98:0/1987468284 <== mon.0 v2:172.21.15.98:3300/0 1 ==== mon_map magic: 0 v1 ==== 205+0+0 (secure 0 0 0) 0x7f6efc003a40 con 0x7f6f0c104db0
2023-10-05T15:30:09.087 INFO:teuthology.orchestra.run.smithi098.stdout:/usr/bin/ceph: stderr
2023-10-05T15:30:08.459+0000 7f6f08ff9700 1 -- 172.21.15.98:0/1987468284 <== mon.0 v2:172.21.15.98:3300/0 2 ==== config(26 keys) v1 ==== 1074+0+0 (secure 0 0 0) 0x7f6efc003ba0 con 0x7f6f0c104db0
2023-10-05T15:30:09.087 INFO:teuthology.orchestra.run.smithi098.stdout:/usr/bin/ceph: stderr
2023-10-05T15:30:08.459+0000 7f6f11ae0700 1 -- 172.21.15.98:0/1987468284 --> [v2:172.21.15.98:3300/0,v1:172.21.15.98:6789/0] -- mon_subscribe({mgrmap=0+}) v3 -- 0x7f6f0c19d540 con 0x7f6f0c104db0
2023-10-05T15:30:09.088 INFO:teuthology.orchestra.run.smithi098.stdout:/usr/bin/ceph: stderr
2023-10-05T15:30:08.459+0000 7f6f08ff9700 1 -- 172.21.15.98:0/1987468284 <== mon.0 v2:172.21.15.98:3300/0 3 ==== mon_map magic: 0 v1 ==== 205+0+0 (secure 0 0 0) 0x7f6efc01a750 con 0x7f6f0c104db0
2023-10-05T15:30:09.088 INFO:teuthology.orchestra.run.smithi098.stdout:/usr/bin/ceph: stderr
2023-10-05T15:30:08.459+0000 7f6f11ae0700 1 -- 172.21.15.98:0/1987468284 --> [v2:172.21.15.98:3300/0,v1:172.21.15.98:6789/0] -- mon_subscribe({osdmap=0}) v3 -- 0x7f6f0c19d960 con 0x7f6f0c104db0
2023-10-05T15:30:09.088 INFO:teuthology.orchestra.run.smithi098.stdout:/usr/bin/ceph: stderr
2023-10-05T15:30:08.460+0000 7f6f08ff9700 1 -- 172.21.15.98:0/1987468284 <== mon.0 v2:172.21.15.98:3300/0 4 ==== mgrmap(e 8) v1 ==== 45579+0+0 (secure 0 0 0) 0x7f6efc01a9d0 con 0x7f6f0c104db0
2023-10-05T15:30:09.088 INFO:teuthology.orchestra.run.smithi098.stdout:/usr/bin/ceph: stderr
2023-10-05T15:30:08.460+0000 7f6f11ae0700 1 -- 172.21.15.98:0/1987468284 --> [v2:172.21.15.98:3300/0,v1:172.21.15.98:6789/0] -- mon_command({"prefix": "get_command_descriptions"} v 0) v1 -- 0x7f6f0c1932a0 con 0x7f6f0c104db0
2023-10-05T15:30:09.088 INFO:teuthology.orchestra.run.smithi098.stdout:/usr/bin/ceph: stderr
2023-10-05T15:30:08.460+0000 7f6f08ff9700 1 --2- 172.21.15.98:0/1987468284 >> [v2:172.21.15.98:6800/1178534296,v1:172.21.15.98:6801/1178534296] conn(0x7f6ef4038890 0x7f6ef403ad50 unknown :-1 s=NONE pgs=0 cs=0 l=1 rev1=0 crypto rx=0 tx=0 comp rx=0 tx=0).connect
2023-10-05T15:30:09.089 INFO:teuthology.orchestra.run.smithi098.stdout:/usr/bin/ceph: stderr
2023-10-05T15:30:08.460+0000 7f6f08ff9700 1 -- 172.21.15.98:0/1987468284 <== mon.0 v2:172.21.15.98:3300/0 5 ==== osd_map(2..2 src has 1..2) v4 ==== 940+0+0 (secure 0 0 0) 0x7f6efc04c950 con 0x7f6f0c104db0
2023-10-05T15:30:09.089 INFO:teuthology.orchestra.run.smithi098.stdout:/usr/bin/ceph: stderr
2023-10-05T15:30:08.460+0000 7f6f0affd700 1 --2- 172.21.15.98:0/1987468284 >> [v2:172.21.15.98:6800/1178534296,v1:172.21.15.98:6801/1178534296] conn(0x7f6ef4038890 0x7f6ef403ad50 unknown :-1 s=BANNER_CONNECTING pgs=0 cs=0 l=1 rev1=0 crypto rx=0 tx=0 comp rx=0 tx=0)._handle_peer_banner_payload supported=3 required=0
2023-10-05T15:30:09.089 INFO:teuthology.orchestra.run.smithi098.stdout:/usr/bin/ceph: stderr
2023-10-05T15:30:08.460+0000 7f6f0affd700 1 --2- 172.21.15.98:0/1987468284 >> [v2:172.21.15.98:6800/1178534296,v1:172.21.15.98:6801/1178534296] conn(0x7f6ef4038890 0x7f6ef403ad50 secure :-1 s=READY pgs=10 cs=0 l=1 rev1=1 crypto rx=0x7f6f00006fd0 tx=0x7f6f00006e40 comp rx=0 tx=0).ready entity=mgr.14120 client_cookie=0 server_cookie=0 in_seq=0 out_seq=0
2023-10-05T15:30:09.089 INFO:teuthology.orchestra.run.smithi098.stdout:/usr/bin/ceph: stderr
2023-10-05T15:30:08.465+0000 7f6f08ff9700 1 -- 172.21.15.98:0/1987468284 <== mon.0 v2:172.21.15.98:3300/0 6 ==== mon_command_ack([{"prefix": "get_command_descriptions"}]=0 v0) v1 ==== 72+0+180459 (secure 0 0 0) 0x7f6efc023390 con 0x7f6f0c104db0
2023-10-05T15:30:09.089 INFO:teuthology.orchestra.run.smithi098.stdout:/usr/bin/ceph: stderr
2023-10-05T15:30:08.654+0000 7f6f11ae0700 1 -- 172.21.15.98:0/1987468284 --> [v2:172.21.15.98:6800/1178534296,v1:172.21.15.98:6801/1178534296] -- mgr_command(tid 0: {"prefix": "cephadm get-pub-key", "target": ["mon-mgr", ""]}) v1 -- 0x7f6f0c0612f0 con 0x7f6ef4038890
2023-10-05T15:30:09.089 INFO:teuthology.orchestra.run.smithi098.stdout:/usr/bin/ceph: stderr
2023-10-05T15:30:08.654+0000 7f6f08ff9700 1 -- 172.21.15.98:0/1987468284 <== mgr.14120 v2:172.21.15.98:6800/1178534296 1 ==== mgr_command_reply(tid 0: 0 ) v1 ==== 8+0+595 (secure 0 0 0) 0x7f6f0c0612f0 con 0x7f6ef4038890
2023-10-05T15:30:09.089 INFO:teuthology.orchestra.run.smithi098.stdout:/usr/bin/ceph: stderr
2023-10-05T15:30:08.656+0000 7f6f11ae0700 1 -- 172.21.15.98:0/1987468284 >> [v2:172.21.15.98:6800/1178534296,v1:172.21.15.98:6801/1178534296] conn(0x7f6ef4038890 msgr2=0x7f6ef403ad50 secure :-1 s=STATE_CONNECTION_ESTABLISHED l=1).mark_down
2023-10-05T15:30:09.089 INFO:teuthology.orchestra.run.smithi098.stdout:/usr/bin/ceph: stderr
2023-10-05T15:30:08.656+0000 7f6f11ae0700 1 --2- 172.21.15.98:0/1987468284 >> [v2:172.21.15.98:6800/1178534296,v1:172.21.15.98:6801/1178534296] conn(0x7f6ef4038890 0x7f6ef403ad50 secure :-1 s=READY pgs=10 cs=0 l=1 rev1=1 crypto rx=0x7f6f00006fd0 tx=0x7f6f00006e40 comp rx=0 tx=0).stop
2023-10-05T15:30:09.089 INFO:teuthology.orchestra.run.smithi098.stdout:/usr/bin/ceph: stderr
2023-10-05T15:30:08.656+0000 7f6f11ae0700 1 -- 172.21.15.98:0/1987468284 >> [v2:172.21.15.98:3300/0,v1:172.21.15.98:6789/0] conn(0x7f6f0c104db0 msgr2=0x7f6f0c101bd0 secure :-1 s=STATE_CONNECTION_ESTABLISHED l=1).mark_down
2023-10-05T15:30:09.090 INFO:teuthology.orchestra.run.smithi098.stdout:/usr/bin/ceph: stderr
2023-10-05T15:30:08.656+0000 7f6f11ae0700 1 --2- 172.21.15.98:0/1987468284 >> [v2:172.21.15.98:3300/0,v1:172.21.15.98:6789/0] conn(0x7f6f0c104db0 0x7f6f0c101bd0 secure :-1 s=READY pgs=44 cs=0 l=1 rev1=1 crypto rx=0x7f6efc009fb0 tx=0x7f6efc011ad0 comp rx=0 tx=0).stop
2023-10-05T15:30:09.090 INFO:teuthology.orchestra.run.smithi098.stdout:/usr/bin/ceph: stderr
2023-10-05T15:30:08.656+0000 7f6f11ae0700 1 -- 172.21.15.98:0/1987468284 shutdown_connections
2023-10-05T15:30:09.090 INFO:teuthology.orchestra.run.smithi098.stdout:/usr/bin/ceph: stderr
2023-10-05T15:30:08.656+0000 7f6f11ae0700 1 --2- 172.21.15.98:0/1987468284 >> [v2:172.21.15.98:6800/1178534296,v1:172.21.15.98:6801/1178534296] conn(0x7f6ef4038890 0x7f6ef403ad50 unknown :-1 s=CLOSED pgs=10 cs=0 l=1 rev1=1 crypto rx=0 tx=0 comp rx=0 tx=0).stop
2023-10-05T15:30:09.090 INFO:teuthology.orchestra.run.smithi098.stdout:/usr/bin/ceph: stderr
2023-10-05T15:30:08.656+0000 7f6f11ae0700 1 --2- 172.21.15.98:0/1987468284 >> [v2:172.21.15.98:3300/0,v1:172.21.15.98:6789/0] conn(0x7f6f0c104db0 0x7f6f0c101bd0 unknown :-1 s=CLOSED pgs=44 cs=0 l=1 rev1=1 crypto rx=0 tx=0 comp rx=0 tx=0).stop
2023-10-05T15:30:09.090 INFO:teuthology.orchestra.run.smithi098.stdout:/usr/bin/ceph: stderr
2023-10-05T15:30:08.656+0000 7f6f11ae0700 1 -- 172.21.15.98:0/1987468284 >> 172.21.15.98:0/1987468284 conn(0x7f6f0c100390 msgr2=0x7f6f0c1903e0 unknown :-1 s=STATE_NONE l=0).mark_down
2023-10-05T15:30:09.090 INFO:teuthology.orchestra.run.smithi098.stdout:/usr/bin/ceph: stderr
2023-10-05T15:30:08.657+0000 7f6f11ae0700 1 -- 172.21.15.98:0/1987468284 shutdown_connections
2023-10-05T15:30:09.090 INFO:teuthology.orchestra.run.smithi098.stdout:/usr/bin/ceph: stderr
2023-10-05T15:30:08.657+0000 7f6f11ae0700 1 -- 172.21.15.98:0/1987468284 wait complete.
2023-10-05T15:30:09.090 INFO:teuthology.orchestra.run.smithi098.stdout:Wrote public SSH key to /home/ubuntu/cephtest/ceph.pub
2023-10-05T15:30:09.091 INFO:teuthology.orchestra.run.smithi098.stdout:Adding key to root@localhost authorized_keys...
2023-10-05T15:30:09.091 INFO:teuthology.orchestra.run.smithi098.stdout:Adding host smithi098...
2023-10-05T15:30:09.846 INFO:journalctl@ceph.mon.a.smithi098.stdout:Oct 05 15:30:09 smithi098 ceph-mon[99243]: from='client.14138 -' entity='client.admin' cmd=[{"prefix": "cephadm get-pub-key", "target": ["mon-mgr", ""]}]: dispatch
2023-10-05T15:30:10.622 INFO:journalctl@ceph.mon.a.smithi098.stdout:Oct 05 15:30:10 smithi098 ceph-mon[99243]: from='client.14140 -' entity='client.admin' cmd=[{"prefix": "orch host add", "hostname": "smithi098", "addr": "172.21.15.98", "target": ["mon-mgr", ""]}]: dispatch
2023-10-05T15:30:10.623 INFO:journalctl@ceph.mon.a.smithi098.stdout:Oct 05 15:30:10 smithi098 ceph-mon[99243]: Deploying cephadm binary to smithi098
2023-10-05T15:30:12.434 INFO:teuthology.orchestra.run.smithi098.stdout:/usr/bin/ceph: stdout Added host 'smithi098' with addr '172.21.15.98'
2023-10-05T15:30:12.435 INFO:teuthology.orchestra.run.smithi098.stdout:/usr/bin/ceph: stderr
2023-10-05T15:30:09.531+0000 7f27c68c7700 1 Processor -- start
2023-10-05T15:30:12.435 INFO:teuthology.orchestra.run.smithi098.stdout:/usr/bin/ceph: stderr
2023-10-05T15:30:09.531+0000 7f27c68c7700 1 -- start start
2023-10-05T15:30:12.435 INFO:teuthology.orchestra.run.smithi098.stdout:/usr/bin/ceph: stderr
2023-10-05T15:30:09.531+0000 7f27c68c7700 1 --2- >> [v2:172.21.15.98:3300/0,v1:172.21.15.98:6789/0] conn(0x7f27c0105010 0x7f27c0105430 unknown :-1 s=NONE pgs=0 cs=0 l=0 rev1=0 crypto rx=0 tx=0 comp rx=0 tx=0).connect
2023-10-05T15:30:12.435 INFO:teuthology.orchestra.run.smithi098.stdout:/usr/bin/ceph: stderr
2023-10-05T15:30:09.531+0000 7f27c68c7700 1 -- --> [v2:172.21.15.98:3300/0,v1:172.21.15.98:6789/0] -- mon_getmap magic: 0 v1 -- 0x7f27c0079e20 con 0x7f27c0105010
2023-10-05T15:30:12.435 INFO:teuthology.orchestra.run.smithi098.stdout:/usr/bin/ceph: stderr
2023-10-05T15:30:09.531+0000 7f27bffff700 1 --2- >> [v2:172.21.15.98:3300/0,v1:172.21.15.98:6789/0] conn(0x7f27c0105010 0x7f27c0105430 unknown :-1 s=BANNER_CONNECTING pgs=0 cs=0 l=0 rev1=0 crypto rx=0 tx=0 comp rx=0 tx=0)._handle_peer_banner_payload supported=3 required=0
2023-10-05T15:30:12.435 INFO:teuthology.orchestra.run.smithi098.stdout:/usr/bin/ceph: stderr
2023-10-05T15:30:09.531+0000 7f27bffff700 1 --2- >> [v2:172.21.15.98:3300/0,v1:172.21.15.98:6789/0] conn(0x7f27c0105010 0x7f27c0105430 unknown :-1 s=HELLO_CONNECTING pgs=0 cs=0 l=0 rev1=1 crypto rx=0 tx=0 comp rx=0 tx=0).handle_hello peer v2:172.21.15.98:3300/0 says I am v2:172.21.15.98:41792/0 (socket says 172.21.15.98:41792)
2023-10-05T15:30:12.435 INFO:teuthology.orchestra.run.smithi098.stdout:/usr/bin/ceph: stderr
2023-10-05T15:30:09.531+0000 7f27bffff700 1 -- 172.21.15.98:0/1503288204 learned_addr learned my addr 172.21.15.98:0/1503288204 (peer_addr_for_me v2:172.21.15.98:0/0)
2023-10-05T15:30:12.435 INFO:teuthology.orchestra.run.smithi098.stdout:/usr/bin/ceph: stderr
2023-10-05T15:30:09.531+0000 7f27bffff700 1 -- 172.21.15.98:0/1503288204 --> [v2:172.21.15.98:3300/0,v1:172.21.15.98:6789/0] -- mon_subscribe({config=0+,monmap=0+}) v3 -- 0x7f27c0105970 con 0x7f27c0105010
2023-10-05T15:30:12.436 INFO:teuthology.orchestra.run.smithi098.stdout:/usr/bin/ceph: stderr
2023-10-05T15:30:09.532+0000 7f27bffff700 1 --2- 172.21.15.98:0/1503288204 >> [v2:172.21.15.98:3300/0,v1:172.21.15.98:6789/0] conn(0x7f27c0105010 0x7f27c0105430 secure :-1 s=READY pgs=45 cs=0 l=1 rev1=1 crypto rx=0x7f27b00098a0 tx=0x7f27b0009bb0 comp rx=0 tx=0).ready entity=mon.0 client_cookie=4a353718ae94c94c server_cookie=0 in_seq=0 out_seq=0
2023-10-05T15:30:12.436 INFO:teuthology.orchestra.run.smithi098.stdout:/usr/bin/ceph: stderr
2023-10-05T15:30:09.532+0000 7f27beffd700 1 -- 172.21.15.98:0/1503288204 <== mon.0 v2:172.21.15.98:3300/0 1 ==== mon_map magic: 0 v1 ==== 205+0+0 (secure 0 0 0) 0x7f27b0004160 con 0x7f27c0105010
2023-10-05T15:30:12.436 INFO:teuthology.orchestra.run.smithi098.stdout:/usr/bin/ceph: stderr
2023-10-05T15:30:09.532+0000 7f27beffd700 1 -- 172.21.15.98:0/1503288204 <== mon.0 v2:172.21.15.98:3300/0 2 ==== config(26 keys) v1 ==== 1074+0+0 (secure 0 0 0) 0x7f27b00042c0 con 0x7f27c0105010
2023-10-05T15:30:12.436 INFO:teuthology.orchestra.run.smithi098.stdout:/usr/bin/ceph: stderr
2023-10-05T15:30:09.532+0000 7f27beffd700 1 -- 172.21.15.98:0/1503288204 <== mon.0 v2:172.21.15.98:3300/0 3 ==== mon_map magic: 0 v1 ==== 205+0+0 (secure 0 0 0) 0x7f27b0011a00 con 0x7f27c0105010
2023-10-05T15:30:12.436 INFO:teuthology.orchestra.run.smithi098.stdout:/usr/bin/ceph: stderr
2023-10-05T15:30:09.532+0000 7f27c68c7700 1 -- 172.21.15.98:0/1503288204 >> [v2:172.21.15.98:3300/0,v1:172.21.15.98:6789/0] conn(0x7f27c0105010 msgr2=0x7f27c0105430 secure :-1 s=STATE_CONNECTION_ESTABLISHED l=1).mark_down
2023-10-05T15:30:12.436 INFO:teuthology.orchestra.run.smithi098.stdout:/usr/bin/ceph: stderr
2023-10-05T15:30:09.532+0000 7f27c68c7700 1 --2- 172.21.15.98:0/1503288204 >> [v2:172.21.15.98:3300/0,v1:172.21.15.98:6789/0] conn(0x7f27c0105010 0x7f27c0105430 secure :-1 s=READY pgs=45 cs=0 l=1 rev1=1 crypto rx=0x7f27b00098a0 tx=0x7f27b0009bb0 comp rx=0 tx=0).stop
2023-10-05T15:30:12.436 INFO:teuthology.orchestra.run.smithi098.stdout:/usr/bin/ceph: stderr
2023-10-05T15:30:09.532+0000 7f27c68c7700 1 -- 172.21.15.98:0/1503288204 shutdown_connections
2023-10-05T15:30:12.436 INFO:teuthology.orchestra.run.smithi098.stdout:/usr/bin/ceph: stderr
2023-10-05T15:30:09.532+0000 7f27c68c7700 1 --2- 172.21.15.98:0/1503288204 >> [v2:172.21.15.98:3300/0,v1:172.21.15.98:6789/0] conn(0x7f27c0105010 0x7f27c0105430 unknown :-1 s=CLOSED pgs=45 cs=0 l=1 rev1=1 crypto rx=0 tx=0 comp rx=0 tx=0).stop
2023-10-05T15:30:12.436 INFO:teuthology.orchestra.run.smithi098.stdout:/usr/bin/ceph: stderr
2023-10-05T15:30:09.532+0000 7f27c68c7700 1 -- 172.21.15.98:0/1503288204 >> 172.21.15.98:0/1503288204 conn(0x7f27c0100c10 msgr2=0x7f27c0103030 unknown :-1 s=STATE_NONE l=0).mark_down
2023-10-05T15:30:12.436 INFO:teuthology.orchestra.run.smithi098.stdout:/usr/bin/ceph: stderr
2023-10-05T15:30:09.532+0000 7f27c68c7700 1 -- 172.21.15.98:0/1503288204 shutdown_connections
2023-10-05T15:30:12.436 INFO:teuthology.orchestra.run.smithi098.stdout:/usr/bin/ceph: stderr
2023-10-05T15:30:09.532+0000 7f27c68c7700 1 -- 172.21.15.98:0/1503288204 wait complete.
2023-10-05T15:30:12.437 INFO:teuthology.orchestra.run.smithi098.stdout:/usr/bin/ceph: stderr
2023-10-05T15:30:09.533+0000 7f27c68c7700 1 Processor -- start
2023-10-05T15:30:12.437 INFO:teuthology.orchestra.run.smithi098.stdout:/usr/bin/ceph: stderr
2023-10-05T15:30:09.533+0000 7f27c68c7700 1 -- start start
2023-10-05T15:30:12.437 INFO:teuthology.orchestra.run.smithi098.stdout:/usr/bin/ceph: stderr
2023-10-05T15:30:09.533+0000 7f27c68c7700 1 --2- >> [v2:172.21.15.98:3300/0,v1:172.21.15.98:6789/0] conn(0x7f27c0105010 0x7f27c019c5a0 unknown :-1 s=NONE pgs=0 cs=0 l=1 rev1=0 crypto rx=0 tx=0 comp rx=0 tx=0).connect
2023-10-05T15:30:12.437 INFO:teuthology.orchestra.run.smithi098.stdout:/usr/bin/ceph: stderr
2023-10-05T15:30:09.533+0000 7f27c68c7700 1 -- --> [v2:172.21.15.98:3300/0,v1:172.21.15.98:6789/0] -- mon_getmap magic: 0 v1 -- 0x7f27c019cae0 con 0x7f27c0105010
2023-10-05T15:30:12.437 INFO:teuthology.orchestra.run.smithi098.stdout:/usr/bin/ceph: stderr
2023-10-05T15:30:09.533+0000 7f27bffff700 1 --2- >> [v2:172.21.15.98:3300/0,v1:172.21.15.98:6789/0] conn(0x7f27c0105010 0x7f27c019c5a0 unknown :-1 s=BANNER_CONNECTING pgs=0 cs=0 l=1 rev1=0 crypto rx=0 tx=0 comp rx=0 tx=0)._handle_peer_banner_payload supported=3 required=0
2023-10-05T15:30:12.437 INFO:teuthology.orchestra.run.smithi098.stdout:/usr/bin/ceph: stderr
2023-10-05T15:30:09.533+0000 7f27bffff700 1 --2- >> [v2:172.21.15.98:3300/0,v1:172.21.15.98:6789/0] conn(0x7f27c0105010 0x7f27c019c5a0 unknown :-1 s=HELLO_CONNECTING pgs=0 cs=0 l=1 rev1=1 crypto rx=0 tx=0 comp rx=0 tx=0).handle_hello peer v2:172.21.15.98:3300/0 says I am v2:172.21.15.98:41794/0 (socket says 172.21.15.98:41794)
2023-10-05T15:30:12.437 INFO:teuthology.orchestra.run.smithi098.stdout:/usr/bin/ceph: stderr
2023-10-05T15:30:09.533+0000 7f27bffff700 1 -- 172.21.15.98:0/861856067 learned_addr learned my addr 172.21.15.98:0/861856067 (peer_addr_for_me v2:172.21.15.98:0/0)
2023-10-05T15:30:12.437 INFO:teuthology.orchestra.run.smithi098.stdout:/usr/bin/ceph: stderr
2023-10-05T15:30:09.534+0000 7f27bffff700 1 -- 172.21.15.98:0/861856067 --> [v2:172.21.15.98:3300/0,v1:172.21.15.98:6789/0] -- mon_subscribe({config=0+,monmap=0+}) v3 -- 0x7f27b0009550 con 0x7f27c0105010
2023-10-05T15:30:12.437 INFO:teuthology.orchestra.run.smithi098.stdout:/usr/bin/ceph: stderr
2023-10-05T15:30:09.534+0000 7f27bffff700 1 --2- 172.21.15.98:0/861856067 >> [v2:172.21.15.98:3300/0,v1:172.21.15.98:6789/0] conn(0x7f27c0105010 0x7f27c019c5a0 secure :-1 s=READY pgs=46 cs=0 l=1 rev1=1 crypto rx=0x7f27b0009130 tx=0x7f27b0011ad0 comp rx=0 tx=0).ready entity=mon.0 client_cookie=0 server_cookie=0 in_seq=0 out_seq=0
2023-10-05T15:30:12.437 INFO:teuthology.orchestra.run.smithi098.stdout:/usr/bin/ceph: stderr
2023-10-05T15:30:09.534+0000 7f27bd7fa700 1 -- 172.21.15.98:0/861856067 <== mon.0 v2:172.21.15.98:3300/0 1 ==== mon_map magic: 0 v1 ==== 205+0+0 (secure 0 0 0) 0x7f27b0003b70 con 0x7f27c0105010
2023-10-05T15:30:12.437 INFO:teuthology.orchestra.run.smithi098.stdout:/usr/bin/ceph: stderr
2023-10-05T15:30:09.534+0000 7f27bd7fa700 1 -- 172.21.15.98:0/861856067 <== mon.0 v2:172.21.15.98:3300/0 2 ==== config(26 keys) v1 ==== 1074+0+0 (secure 0 0 0) 0x7f27b0003cd0 con 0x7f27c0105010
2023-10-05T15:30:12.437 INFO:teuthology.orchestra.run.smithi098.stdout:/usr/bin/ceph: stderr
2023-10-05T15:30:09.534+0000 7f27bd7fa700 1 -- 172.21.15.98:0/861856067 <== mon.0 v2:172.21.15.98:3300/0 3 ==== mon_map magic: 0 v1 ==== 205+0+0 (secure 0 0 0) 0x7f27b00197d0 con 0x7f27c0105010
2023-10-05T15:30:12.438 INFO:teuthology.orchestra.run.smithi098.stdout:/usr/bin/ceph: stderr
2023-10-05T15:30:09.534+0000 7f27c68c7700 1 -- 172.21.15.98:0/861856067 --> [v2:172.21.15.98:3300/0,v1:172.21.15.98:6789/0] -- mon_subscribe({mgrmap=0+}) v3 -- 0x7f27c019cce0 con 0x7f27c0105010
2023-10-05T15:30:12.438 INFO:teuthology.orchestra.run.smithi098.stdout:/usr/bin/ceph: stderr
2023-10-05T15:30:09.534+0000 7f27c68c7700 1 -- 172.21.15.98:0/861856067 --> [v2:172.21.15.98:3300/0,v1:172.21.15.98:6789/0] -- mon_subscribe({osdmap=0}) v3 -- 0x7f27c019d100 con 0x7f27c0105010
2023-10-05T15:30:12.438 INFO:teuthology.orchestra.run.smithi098.stdout:/usr/bin/ceph: stderr
2023-10-05T15:30:09.535+0000 7f27bd7fa700 1 -- 172.21.15.98:0/861856067 <== mon.0 v2:172.21.15.98:3300/0 4 ==== mgrmap(e 8) v1 ==== 45579+0+0 (secure 0 0 0) 0x7f27b00199c0 con 0x7f27c0105010
2023-10-05T15:30:12.438 INFO:teuthology.orchestra.run.smithi098.stdout:/usr/bin/ceph: stderr
2023-10-05T15:30:09.535+0000 7f27bd7fa700 1 --2- 172.21.15.98:0/861856067 >> [v2:172.21.15.98:6800/1178534296,v1:172.21.15.98:6801/1178534296] conn(0x7f27a8038930 0x7f27a803adf0 unknown :-1 s=NONE pgs=0 cs=0 l=1 rev1=0 crypto rx=0 tx=0 comp rx=0 tx=0).connect
2023-10-05T15:30:12.438 INFO:teuthology.orchestra.run.smithi098.stdout:/usr/bin/ceph: stderr
2023-10-05T15:30:09.535+0000 7f27c68c7700 1 -- 172.21.15.98:0/861856067 --> [v2:172.21.15.98:3300/0,v1:172.21.15.98:6789/0] -- mon_command({"prefix": "get_command_descriptions"} v 0) v1 -- 0x7f27c0195e10 con 0x7f27c0105010
2023-10-05T15:30:12.438 INFO:teuthology.orchestra.run.smithi098.stdout:/usr/bin/ceph: stderr
2023-10-05T15:30:09.535+0000 7f27bd7fa700 1 -- 172.21.15.98:0/861856067 <== mon.0 v2:172.21.15.98:3300/0 5 ==== osd_map(2..2 src has 1..2) v4 ==== 940+0+0 (secure 0 0 0) 0x7f27b004cb70 con 0x7f27c0105010
2023-10-05T15:30:12.438 INFO:teuthology.orchestra.run.smithi098.stdout:/usr/bin/ceph: stderr
2023-10-05T15:30:09.535+0000 7f27bf7fe700 1 --2- 172.21.15.98:0/861856067 >> [v2:172.21.15.98:6800/1178534296,v1:172.21.15.98:6801/1178534296] conn(0x7f27a8038930 0x7f27a803adf0 unknown :-1 s=BANNER_CONNECTING pgs=0 cs=0 l=1 rev1=0 crypto rx=0 tx=0 comp rx=0 tx=0)._handle_peer_banner_payload supported=3 required=0
2023-10-05T15:30:12.438 INFO:teuthology.orchestra.run.smithi098.stdout:/usr/bin/ceph: stderr
2023-10-05T15:30:09.535+0000 7f27bf7fe700 1 --2- 172.21.15.98:0/861856067 >> [v2:172.21.15.98:6800/1178534296,v1:172.21.15.98:6801/1178534296] conn(0x7f27a8038930 0x7f27a803adf0 secure :-1 s=READY pgs=11 cs=0 l=1 rev1=1 crypto rx=0x7f27b4006fd0 tx=0x7f27b4006e40 comp rx=0 tx=0).ready entity=mgr.14120 client_cookie=0 server_cookie=0 in_seq=0 out_seq=0
2023-10-05T15:30:12.438 INFO:teuthology.orchestra.run.smithi098.stdout:/usr/bin/ceph: stderr
2023-10-05T15:30:09.540+0000 7f27bd7fa700 1 -- 172.21.15.98:0/861856067 <== mon.0 v2:172.21.15.98:3300/0 6 ==== mon_command_ack([{"prefix": "get_command_descriptions"}]=0 v0) v1 ==== 72+0+180459 (secure 0 0 0) 0x7f27b004ee60 con 0x7f27c0105010
2023-10-05T15:30:12.438 INFO:teuthology.orchestra.run.smithi098.stdout:/usr/bin/ceph: stderr
2023-10-05T15:30:09.734+0000 7f27c68c7700 1 -- 172.21.15.98:0/861856067 --> [v2:172.21.15.98:6800/1178534296,v1:172.21.15.98:6801/1178534296] -- mgr_command(tid 0: {"prefix": "orch host add", "hostname": "smithi098", "addr": "172.21.15.98", "target": ["mon-mgr", ""]}) v1 -- 0x7f27c002d0e0 con 0x7f27a8038930
2023-10-05T15:30:12.439 INFO:teuthology.orchestra.run.smithi098.stdout:/usr/bin/ceph: stderr
2023-10-05T15:30:12.058+0000 7f27bd7fa700 1 -- 172.21.15.98:0/861856067 <== mgr.14120 v2:172.21.15.98:6800/1178534296 1 ==== mgr_command_reply(tid 0: 0 ) v1 ==== 8+0+48 (secure 0 0 0) 0x7f27c002d0e0 con 0x7f27a8038930
2023-10-05T15:30:12.439 INFO:teuthology.orchestra.run.smithi098.stdout:/usr/bin/ceph: stderr
2023-10-05T15:30:12.061+0000 7f27c68c7700 1 -- 172.21.15.98:0/861856067 >> [v2:172.21.15.98:6800/1178534296,v1:172.21.15.98:6801/1178534296] conn(0x7f27a8038930 msgr2=0x7f27a803adf0 secure :-1 s=STATE_CONNECTION_ESTABLISHED l=1).mark_down
2023-10-05T15:30:12.439 INFO:teuthology.orchestra.run.smithi098.stdout:/usr/bin/ceph: stderr
2023-10-05T15:30:12.061+0000 7f27c68c7700 1 --2- 172.21.15.98:0/861856067 >> [v2:172.21.15.98:6800/1178534296,v1:172.21.15.98:6801/1178534296] conn(0x7f27a8038930 0x7f27a803adf0 secure :-1 s=READY pgs=11 cs=0 l=1 rev1=1 crypto rx=0x7f27b4006fd0 tx=0x7f27b4006e40 comp rx=0 tx=0).stop
2023-10-05T15:30:12.439 INFO:teuthology.orchestra.run.smithi098.stdout:/usr/bin/ceph: stderr
2023-10-05T15:30:12.061+0000 7f27c68c7700 1 -- 172.21.15.98:0/861856067 >> [v2:172.21.15.98:3300/0,v1:172.21.15.98:6789/0] conn(0x7f27c0105010 msgr2=0x7f27c019c5a0 secure :-1 s=STATE_CONNECTION_ESTABLISHED l=1).mark_down
2023-10-05T15:30:12.439 INFO:teuthology.orchestra.run.smithi098.stdout:/usr/bin/ceph: stderr
2023-10-05T15:30:12.061+0000 7f27c68c7700 1 --2- 172.21.15.98:0/861856067 >> [v2:172.21.15.98:3300/0,v1:172.21.15.98:6789/0] conn(0x7f27c0105010 0x7f27c019c5a0 secure :-1 s=READY pgs=46 cs=0 l=1 rev1=1 crypto rx=0x7f27b0009130 tx=0x7f27b0011ad0 comp rx=0 tx=0).stop
2023-10-05T15:30:12.439 INFO:teuthology.orchestra.run.smithi098.stdout:/usr/bin/ceph: stderr
2023-10-05T15:30:12.061+0000 7f27c68c7700 1 -- 172.21.15.98:0/861856067 shutdown_connections
2023-10-05T15:30:12.439 INFO:teuthology.orchestra.run.smithi098.stdout:/usr/bin/ceph: stderr
2023-10-05T15:30:12.061+0000 7f27c68c7700 1 --2- 172.21.15.98:0/861856067 >> [v2:172.21.15.98:6800/1178534296,v1:172.21.15.98:6801/1178534296] conn(0x7f27a8038930 0x7f27a803adf0 unknown :-1 s=CLOSED pgs=11 cs=0 l=1 rev1=1 crypto rx=0 tx=0 comp rx=0 tx=0).stop
2023-10-05T15:30:12.439 INFO:teuthology.orchestra.run.smithi098.stdout:/usr/bin/ceph: stderr
2023-10-05T15:30:12.061+0000 7f27c68c7700 1 --2- 172.21.15.98:0/861856067 >> [v2:172.21.15.98:3300/0,v1:172.21.15.98:6789/0] conn(0x7f27c0105010 0x7f27c019c5a0 unknown :-1 s=CLOSED pgs=46 cs=0 l=1 rev1=1 crypto rx=0 tx=0 comp rx=0 tx=0).stop
2023-10-05T15:30:12.439 INFO:teuthology.orchestra.run.smithi098.stdout:/usr/bin/ceph: stderr
2023-10-05T15:30:12.061+0000 7f27c68c7700 1 -- 172.21.15.98:0/861856067 >> 172.21.15.98:0/861856067 conn(0x7f27c0100c10 msgr2=0x7f27c0190bd0 unknown :-1 s=STATE_NONE l=0).mark_down
2023-10-05T15:30:12.439 INFO:teuthology.orchestra.run.smithi098.stdout:/usr/bin/ceph: stderr
2023-10-05T15:30:12.061+0000 7f27c68c7700 1 -- 172.21.15.98:0/861856067 shutdown_connections
2023-10-05T15:30:12.440 INFO:teuthology.orchestra.run.smithi098.stdout:/usr/bin/ceph: stderr
2023-10-05T15:30:12.061+0000 7f27c68c7700 1 -- 172.21.15.98:0/861856067 wait complete.
2023-10-05T15:30:12.440 INFO:teuthology.orchestra.run.smithi098.stdout:Deploying unmanaged mon service...
2023-10-05T15:30:13.483 INFO:teuthology.orchestra.run.smithi098.stdout:/usr/bin/ceph: stdout Scheduled mon update...
2023-10-05T15:30:13.483 INFO:teuthology.orchestra.run.smithi098.stdout:/usr/bin/ceph: stderr
2023-10-05T15:30:12.934+0000 7f407cff7700 1 Processor -- start
2023-10-05T15:30:13.483 INFO:teuthology.orchestra.run.smithi098.stdout:/usr/bin/ceph: stderr
2023-10-05T15:30:12.934+0000 7f407cff7700 1 -- start start
2023-10-05T15:30:13.483 INFO:teuthology.orchestra.run.smithi098.stdout:/usr/bin/ceph: stderr
2023-10-05T15:30:12.934+0000 7f407cff7700 1 --2- >> [v2:172.21.15.98:3300/0,v1:172.21.15.98:6789/0] conn(0x7f4078107200 0x7f40781095f0 unknown :-1 s=NONE pgs=0 cs=0 l=0 rev1=0 crypto rx=0 tx=0 comp rx=0 tx=0).connect
2023-10-05T15:30:13.484 INFO:teuthology.orchestra.run.smithi098.stdout:/usr/bin/ceph: stderr
2023-10-05T15:30:12.934+0000 7f407cff7700 1 -- --> [v2:172.21.15.98:3300/0,v1:172.21.15.98:6789/0] -- mon_getmap magic: 0 v1 -- 0x7f4078079e40 con 0x7f4078107200
2023-10-05T15:30:13.484 INFO:teuthology.orchestra.run.smithi098.stdout:/usr/bin/ceph: stderr
2023-10-05T15:30:12.935+0000 7f407659c700 1 --2- >> [v2:172.21.15.98:3300/0,v1:172.21.15.98:6789/0] conn(0x7f4078107200 0x7f40781095f0 unknown :-1 s=BANNER_CONNECTING pgs=0 cs=0 l=0 rev1=0 crypto rx=0 tx=0 comp rx=0 tx=0)._handle_peer_banner_payload supported=3 required=0
2023-10-05T15:30:13.484 INFO:teuthology.orchestra.run.smithi098.stdout:/usr/bin/ceph: stderr
2023-10-05T15:30:12.935+0000 7f407659c700 1 --2- >> [v2:172.21.15.98:3300/0,v1:172.21.15.98:6789/0] conn(0x7f4078107200 0x7f40781095f0 unknown :-1 s=HELLO_CONNECTING pgs=0 cs=0 l=0 rev1=1 crypto rx=0 tx=0 comp rx=0 tx=0).handle_hello peer v2:172.21.15.98:3300/0 says I am v2:172.21.15.98:41828/0 (socket says 172.21.15.98:41828)
2023-10-05T15:30:13.484 INFO:teuthology.orchestra.run.smithi098.stdout:/usr/bin/ceph: stderr
2023-10-05T15:30:12.935+0000 7f407659c700 1 -- 172.21.15.98:0/4261282846 learned_addr learned my addr 172.21.15.98:0/4261282846 (peer_addr_for_me v2:172.21.15.98:0/0)
2023-10-05T15:30:13.484 INFO:teuthology.orchestra.run.smithi098.stdout:/usr/bin/ceph: stderr
2023-10-05T15:30:12.935+0000 7f407659c700 1 -- 172.21.15.98:0/4261282846 --> [v2:172.21.15.98:3300/0,v1:172.21.15.98:6789/0] -- mon_subscribe({config=0+,monmap=0+}) v3 -- 0x7f4078109b30 con 0x7f4078107200
2023-10-05T15:30:13.484 INFO:teuthology.orchestra.run.smithi098.stdout:/usr/bin/ceph: stderr
2023-10-05T15:30:12.935+0000 7f407659c700 1 --2- 172.21.15.98:0/4261282846 >> [v2:172.21.15.98:3300/0,v1:172.21.15.98:6789/0] conn(0x7f4078107200 0x7f40781095f0 secure :-1 s=READY pgs=47 cs=0 l=1 rev1=1 crypto rx=0x7f406c0098a0 tx=0x7f406c009bb0 comp rx=0 tx=0).ready entity=mon.0 client_cookie=4317f0b9251b8be5 server_cookie=0 in_seq=0 out_seq=0
2023-10-05T15:30:13.485 INFO:teuthology.orchestra.run.smithi098.stdout:/usr/bin/ceph: stderr
2023-10-05T15:30:12.935+0000 7f407559a700 1 -- 172.21.15.98:0/4261282846 <== mon.0 v2:172.21.15.98:3300/0 1 ==== mon_map magic: 0 v1 ==== 205+0+0 (secure 0 0 0) 0x7f406c004160 con 0x7f4078107200
2023-10-05T15:30:13.485 INFO:teuthology.orchestra.run.smithi098.stdout:/usr/bin/ceph: stderr
2023-10-05T15:30:12.935+0000 7f407559a700 1 -- 172.21.15.98:0/4261282846 <== mon.0 v2:172.21.15.98:3300/0 2 ==== config(26 keys) v1 ==== 1074+0+0 (secure 0 0 0) 0x7f406c0042c0 con 0x7f4078107200
2023-10-05T15:30:13.485 INFO:teuthology.orchestra.run.smithi098.stdout:/usr/bin/ceph: stderr
2023-10-05T15:30:12.935+0000 7f407559a700 1 -- 172.21.15.98:0/4261282846 <== mon.0 v2:172.21.15.98:3300/0 3 ==== mon_map magic: 0 v1 ==== 205+0+0 (secure 0 0 0) 0x7f406c011a00 con 0x7f4078107200
2023-10-05T15:30:13.485 INFO:teuthology.orchestra.run.smithi098.stdout:/usr/bin/ceph: stderr
2023-10-05T15:30:12.936+0000 7f407cff7700 1 -- 172.21.15.98:0/4261282846 >> [v2:172.21.15.98:3300/0,v1:172.21.15.98:6789/0] conn(0x7f4078107200 msgr2=0x7f40781095f0 secure :-1 s=STATE_CONNECTION_ESTABLISHED l=1).mark_down
2023-10-05T15:30:13.485 INFO:teuthology.orchestra.run.smithi098.stdout:/usr/bin/ceph: stderr
2023-10-05T15:30:12.936+0000 7f407cff7700 1 --2- 172.21.15.98:0/4261282846 >> [v2:172.21.15.98:3300/0,v1:172.21.15.98:6789/0] conn(0x7f4078107200 0x7f40781095f0 secure :-1 s=READY pgs=47 cs=0 l=1 rev1=1 crypto rx=0x7f406c0098a0 tx=0x7f406c009bb0 comp rx=0 tx=0).stop
2023-10-05T15:30:13.485 INFO:teuthology.orchestra.run.smithi098.stdout:/usr/bin/ceph: stderr
2023-10-05T15:30:12.936+0000 7f407cff7700 1 -- 172.21.15.98:0/4261282846 shutdown_connections
2023-10-05T15:30:13.486 INFO:teuthology.orchestra.run.smithi098.stdout:/usr/bin/ceph: stderr
2023-10-05T15:30:12.936+0000 7f407cff7700 1 --2- 172.21.15.98:0/4261282846 >> [v2:172.21.15.98:3300/0,v1:172.21.15.98:6789/0] conn(0x7f4078107200 0x7f40781095f0 unknown :-1 s=CLOSED pgs=47 cs=0 l=1 rev1=1 crypto rx=0 tx=0 comp rx=0 tx=0).stop
2023-10-05T15:30:13.486 INFO:teuthology.orchestra.run.smithi098.stdout:/usr/bin/ceph: stderr
2023-10-05T15:30:12.936+0000 7f407cff7700 1 -- 172.21.15.98:0/4261282846 >> 172.21.15.98:0/4261282846 conn(0x7f4078100c10 msgr2=0x7f4078103030 unknown :-1 s=STATE_NONE l=0).mark_down
2023-10-05T15:30:13.486 INFO:teuthology.orchestra.run.smithi098.stdout:/usr/bin/ceph: stderr
2023-10-05T15:30:12.936+0000 7f407cff7700 1 -- 172.21.15.98:0/4261282846 shutdown_connections
2023-10-05T15:30:13.486 INFO:teuthology.orchestra.run.smithi098.stdout:/usr/bin/ceph: stderr
2023-10-05T15:30:12.936+0000 7f407cff7700 1 -- 172.21.15.98:0/4261282846 wait complete.
2023-10-05T15:30:13.486 INFO:teuthology.orchestra.run.smithi098.stdout:/usr/bin/ceph: stderr
2023-10-05T15:30:12.937+0000 7f407cff7700 1 Processor -- start
2023-10-05T15:30:13.486 INFO:teuthology.orchestra.run.smithi098.stdout:/usr/bin/ceph: stderr
2023-10-05T15:30:12.937+0000 7f407cff7700 1 -- start start
2023-10-05T15:30:13.487 INFO:teuthology.orchestra.run.smithi098.stdout:/usr/bin/ceph: stderr
2023-10-05T15:30:12.937+0000 7f407cff7700 1 --2- >> [v2:172.21.15.98:3300/0,v1:172.21.15.98:6789/0] conn(0x7f4078107200 0x7f4078106b60 unknown :-1 s=NONE pgs=0 cs=0 l=1 rev1=0 crypto rx=0 tx=0 comp rx=0 tx=0).connect
2023-10-05T15:30:13.487 INFO:teuthology.orchestra.run.smithi098.stdout:/usr/bin/ceph: stderr
2023-10-05T15:30:12.937+0000 7f407cff7700 1 -- --> [v2:172.21.15.98:3300/0,v1:172.21.15.98:6789/0] -- mon_getmap magic: 0 v1 -- 0x7f40781070a0 con 0x7f4078107200
2023-10-05T15:30:13.487 INFO:teuthology.orchestra.run.smithi098.stdout:/usr/bin/ceph: stderr
2023-10-05T15:30:12.937+0000 7f407659c700 1 --2- >> [v2:172.21.15.98:3300/0,v1:172.21.15.98:6789/0] conn(0x7f4078107200 0x7f4078106b60 unknown :-1 s=BANNER_CONNECTING pgs=0 cs=0 l=1 rev1=0 crypto rx=0 tx=0 comp rx=0 tx=0)._handle_peer_banner_payload supported=3 required=0
2023-10-05T15:30:13.487 INFO:teuthology.orchestra.run.smithi098.stdout:/usr/bin/ceph: stderr
2023-10-05T15:30:12.937+0000 7f407659c700 1 --2- >> [v2:172.21.15.98:3300/0,v1:172.21.15.98:6789/0] conn(0x7f4078107200 0x7f4078106b60 unknown :-1 s=HELLO_CONNECTING pgs=0 cs=0 l=1 rev1=1 crypto rx=0 tx=0 comp rx=0 tx=0).handle_hello peer v2:172.21.15.98:3300/0 says I am v2:172.21.15.98:41830/0 (socket says 172.21.15.98:41830)
2023-10-05T15:30:13.487 INFO:teuthology.orchestra.run.smithi098.stdout:/usr/bin/ceph: stderr
2023-10-05T15:30:12.937+0000 7f407659c700 1 -- 172.21.15.98:0/1083061075 learned_addr learned my addr 172.21.15.98:0/1083061075 (peer_addr_for_me v2:172.21.15.98:0/0)
2023-10-05T15:30:13.487 INFO:teuthology.orchestra.run.smithi098.stdout:/usr/bin/ceph: stderr
2023-10-05T15:30:12.937+0000 7f407659c700 1 -- 172.21.15.98:0/1083061075 --> [v2:172.21.15.98:3300/0,v1:172.21.15.98:6789/0] -- mon_subscribe({config=0+,monmap=0+}) v3 -- 0x7f406c009550 con 0x7f4078107200
2023-10-05T15:30:13.487 INFO:teuthology.orchestra.run.smithi098.stdout:/usr/bin/ceph: stderr
2023-10-05T15:30:12.938+0000 7f407659c700 1 --2- 172.21.15.98:0/1083061075 >> [v2:172.21.15.98:3300/0,v1:172.21.15.98:6789/0] conn(0x7f4078107200 0x7f4078106b60 secure :-1 s=READY pgs=48 cs=0 l=1 rev1=1 crypto rx=0x7f406c009130 tx=0x7f406c011ad0 comp rx=0 tx=0).ready entity=mon.0 client_cookie=0 server_cookie=0 in_seq=0 out_seq=0
2023-10-05T15:30:13.488 INFO:teuthology.orchestra.run.smithi098.stdout:/usr/bin/ceph: stderr
2023-10-05T15:30:12.938+0000 7f40677fe700 1 -- 172.21.15.98:0/1083061075 <== mon.0 v2:172.21.15.98:3300/0 1 ==== mon_map magic: 0 v1 ==== 205+0+0 (secure 0 0 0) 0x7f406c003b70 con 0x7f4078107200
2023-10-05T15:30:13.488 INFO:teuthology.orchestra.run.smithi098.stdout:/usr/bin/ceph: stderr
2023-10-05T15:30:12.938+0000 7f40677fe700 1 -- 172.21.15.98:0/1083061075 <== mon.0 v2:172.21.15.98:3300/0 2 ==== config(26 keys) v1 ==== 1074+0+0 (secure 0 0 0) 0x7f406c003cd0 con 0x7f4078107200
2023-10-05T15:30:13.488 INFO:teuthology.orchestra.run.smithi098.stdout:/usr/bin/ceph: stderr
2023-10-05T15:30:12.938+0000 7f40677fe700 1 -- 172.21.15.98:0/1083061075 <== mon.0 v2:172.21.15.98:3300/0 3 ==== mon_map magic: 0 v1 ==== 205+0+0 (secure 0 0 0) 0x7f406c0197d0 con 0x7f4078107200
2023-10-05T15:30:13.488 INFO:teuthology.orchestra.run.smithi098.stdout:/usr/bin/ceph: stderr
2023-10-05T15:30:12.938+0000 7f407cff7700 1 -- 172.21.15.98:0/1083061075 --> [v2:172.21.15.98:3300/0,v1:172.21.15.98:6789/0] -- mon_subscribe({mgrmap=0+}) v3 -- 0x7f40781051b0 con 0x7f4078107200
2023-10-05T15:30:13.488 INFO:teuthology.orchestra.run.smithi098.stdout:/usr/bin/ceph: stderr
2023-10-05T15:30:12.938+0000 7f407cff7700 1 -- 172.21.15.98:0/1083061075 --> [v2:172.21.15.98:3300/0,v1:172.21.15.98:6789/0] -- mon_subscribe({osdmap=0}) v3 -- 0x7f40781055d0 con 0x7f4078107200
2023-10-05T15:30:13.488 INFO:teuthology.orchestra.run.smithi098.stdout:/usr/bin/ceph: stderr
2023-10-05T15:30:12.939+0000 7f40677fe700 1 -- 172.21.15.98:0/1083061075 <== mon.0 v2:172.21.15.98:3300/0 4 ==== mgrmap(e 8) v1 ==== 45579+0+0 (secure 0 0 0) 0x7f406c01abb0 con 0x7f4078107200
2023-10-05T15:30:13.489 INFO:teuthology.orchestra.run.smithi098.stdout:/usr/bin/ceph: stderr
2023-10-05T15:30:12.939+0000 7f40677fe700 1 --2- 172.21.15.98:0/1083061075 >> [v2:172.21.15.98:6800/1178534296,v1:172.21.15.98:6801/1178534296] conn(0x7f4060038930 0x7f406003adf0 unknown :-1 s=NONE pgs=0 cs=0 l=1 rev1=0 crypto rx=0 tx=0 comp rx=0 tx=0).connect
2023-10-05T15:30:13.489 INFO:teuthology.orchestra.run.smithi098.stdout:/usr/bin/ceph: stderr
2023-10-05T15:30:12.939+0000 7f407cff7700 1 -- 172.21.15.98:0/1083061075 --> [v2:172.21.15.98:3300/0,v1:172.21.15.98:6789/0] -- mon_command({"prefix": "get_command_descriptions"} v 0) v1 -- 0x7f4078105fe0 con 0x7f4078107200
2023-10-05T15:30:13.489 INFO:teuthology.orchestra.run.smithi098.stdout:/usr/bin/ceph: stderr
2023-10-05T15:30:12.939+0000 7f40677fe700 1 -- 172.21.15.98:0/1083061075 <== mon.0 v2:172.21.15.98:3300/0 5 ==== osd_map(2..2 src has 1..2) v4 ==== 940+0+0 (secure 0 0 0) 0x7f406c04ca50 con 0x7f4078107200
2023-10-05T15:30:13.489 INFO:teuthology.orchestra.run.smithi098.stdout:/usr/bin/ceph: stderr
2023-10-05T15:30:12.939+0000 7f4075d9b700 1 --2- 172.21.15.98:0/1083061075 >> [v2:172.21.15.98:6800/1178534296,v1:172.21.15.98:6801/1178534296] conn(0x7f4060038930 0x7f406003adf0 unknown :-1 s=BANNER_CONNECTING pgs=0 cs=0 l=1 rev1=0 crypto rx=0 tx=0 comp rx=0 tx=0)._handle_peer_banner_payload supported=3 required=0
2023-10-05T15:30:13.489 INFO:teuthology.orchestra.run.smithi098.stdout:/usr/bin/ceph: stderr
2023-10-05T15:30:12.939+0000 7f4075d9b700 1 --2- 172.21.15.98:0/1083061075 >> [v2:172.21.15.98:6800/1178534296,v1:172.21.15.98:6801/1178534296] conn(0x7f4060038930 0x7f406003adf0 secure :-1 s=READY pgs=12 cs=0 l=1 rev1=1 crypto rx=0x7f4068006fd0 tx=0x7f4068006e40 comp rx=0 tx=0).ready entity=mgr.14120 client_cookie=0 server_cookie=0 in_seq=0 out_seq=0
2023-10-05T15:30:13.489 INFO:teuthology.orchestra.run.smithi098.stdout:/usr/bin/ceph: stderr
2023-10-05T15:30:12.944+0000 7f40677fe700 1 -- 172.21.15.98:0/1083061075 <== mon.0 v2:172.21.15.98:3300/0 6 ==== mon_command_ack([{"prefix": "get_command_descriptions"}]=0 v0) v1 ==== 72+0+180459 (secure 0 0 0) 0x7f406c01a430 con 0x7f4078107200
2023-10-05T15:30:13.490 INFO:teuthology.orchestra.run.smithi098.stdout:/usr/bin/ceph: stderr
2023-10-05T15:30:13.152+0000 7f407cff7700 1 -- 172.21.15.98:0/1083061075 --> [v2:172.21.15.98:6800/1178534296,v1:172.21.15.98:6801/1178534296] -- mgr_command(tid 0: {"prefix": "orch apply", "service_type": "mon", "unmanaged": true, "target": ["mon-mgr", ""]}) v1 -- 0x7f4078105810 con 0x7f4060038930
2023-10-05T15:30:13.490 INFO:teuthology.orchestra.run.smithi098.stdout:/usr/bin/ceph: stderr
2023-10-05T15:30:13.157+0000 7f40677fe700 1 -- 172.21.15.98:0/1083061075 <== mgr.14120 v2:172.21.15.98:6800/1178534296 1 ==== mgr_command_reply(tid 0: 0 ) v1 ==== 8+0+24 (secure 0 0 0) 0x7f4078105810 con 0x7f4060038930
2023-10-05T15:30:13.490 INFO:teuthology.orchestra.run.smithi098.stdout:/usr/bin/ceph: stderr
2023-10-05T15:30:13.159+0000 7f407cff7700 1 -- 172.21.15.98:0/1083061075 >> [v2:172.21.15.98:6800/1178534296,v1:172.21.15.98:6801/1178534296] conn(0x7f4060038930 msgr2=0x7f406003adf0 secure :-1 s=STATE_CONNECTION_ESTABLISHED l=1).mark_down
2023-10-05T15:30:13.490 INFO:teuthology.orchestra.run.smithi098.stdout:/usr/bin/ceph: stderr
2023-10-05T15:30:13.159+0000 7f407cff7700 1 --2- 172.21.15.98:0/1083061075 >> [v2:172.21.15.98:6800/1178534296,v1:172.21.15.98:6801/1178534296] conn(0x7f4060038930 0x7f406003adf0 secure :-1 s=READY pgs=12 cs=0 l=1 rev1=1 crypto rx=0x7f4068006fd0 tx=0x7f4068006e40 comp rx=0 tx=0).stop
2023-10-05T15:30:13.490 INFO:teuthology.orchestra.run.smithi098.stdout:/usr/bin/ceph: stderr
2023-10-05T15:30:13.159+0000 7f407cff7700 1 -- 172.21.15.98:0/1083061075 >> [v2:172.21.15.98:3300/0,v1:172.21.15.98:6789/0] conn(0x7f4078107200 msgr2=0x7f4078106b60 secure :-1 s=STATE_CONNECTION_ESTABLISHED l=1).mark_down
2023-10-05T15:30:13.490 INFO:teuthology.orchestra.run.smithi098.stdout:/usr/bin/ceph: stderr
2023-10-05T15:30:13.159+0000 7f407cff7700 1 --2- 172.21.15.98:0/1083061075 >> [v2:172.21.15.98:3300/0,v1:172.21.15.98:6789/0] conn(0x7f4078107200 0x7f4078106b60 secure :-1 s=READY pgs=48 cs=0 l=1 rev1=1 crypto rx=0x7f406c009130 tx=0x7f406c011ad0 comp rx=0 tx=0).stop
2023-10-05T15:30:13.491 INFO:teuthology.orchestra.run.smithi098.stdout:/usr/bin/ceph: stderr
2023-10-05T15:30:13.159+0000 7f407cff7700 1 -- 172.21.15.98:0/1083061075 shutdown_connections
2023-10-05T15:30:13.491 INFO:teuthology.orchestra.run.smithi098.stdout:/usr/bin/ceph: stderr
2023-10-05T15:30:13.159+0000 7f407cff7700 1 --2- 172.21.15.98:0/1083061075 >> [v2:172.21.15.98:6800/1178534296,v1:172.21.15.98:6801/1178534296] conn(0x7f4060038930 0x7f406003adf0 unknown :-1 s=CLOSED pgs=12 cs=0 l=1 rev1=1 crypto rx=0 tx=0 comp rx=0 tx=0).stop
2023-10-05T15:30:13.491 INFO:teuthology.orchestra.run.smithi098.stdout:/usr/bin/ceph: stderr
2023-10-05T15:30:13.159+0000 7f407cff7700 1 --2- 172.21.15.98:0/1083061075 >> [v2:172.21.15.98:3300/0,v1:172.21.15.98:6789/0] conn(0x7f4078107200 0x7f4078106b60 unknown :-1 s=CLOSED pgs=48 cs=0 l=1 rev1=1 crypto rx=0 tx=0 comp rx=0 tx=0).stop
2023-10-05T15:30:13.491 INFO:teuthology.orchestra.run.smithi098.stdout:/usr/bin/ceph: stderr
2023-10-05T15:30:13.159+0000 7f407cff7700 1 -- 172.21.15.98:0/1083061075 >> 172.21.15.98:0/1083061075 conn(0x7f4078100c10 msgr2=0x7f4078102ec0 unknown :-1 s=STATE_NONE l=0).mark_down
2023-10-05T15:30:13.491 INFO:teuthology.orchestra.run.smithi098.stdout:/usr/bin/ceph: stderr
2023-10-05T15:30:13.159+0000 7f407cff7700 1 -- 172.21.15.98:0/1083061075 shutdown_connections
2023-10-05T15:30:13.491 INFO:teuthology.orchestra.run.smithi098.stdout:/usr/bin/ceph: stderr
2023-10-05T15:30:13.160+0000 7f407cff7700 1 -- 172.21.15.98:0/1083061075 wait complete.
2023-10-05T15:30:13.492 INFO:teuthology.orchestra.run.smithi098.stdout:Deploying unmanaged mgr service...
2023-10-05T15:30:13.492 INFO:journalctl@ceph.mon.a.smithi098.stdout:Oct 05 15:30:13 smithi098 ceph-mon[99243]: from='mgr.14120 172.21.15.98:0/756328083' entity='mgr.x'
2023-10-05T15:30:13.492 INFO:journalctl@ceph.mon.a.smithi098.stdout:Oct 05 15:30:13 smithi098 ceph-mon[99243]: Added host smithi098
2023-10-05T15:30:13.493 INFO:journalctl@ceph.mon.a.smithi098.stdout:Oct 05 15:30:13 smithi098 ceph-mon[99243]: from='mgr.14120 172.21.15.98:0/756328083' entity='mgr.x' cmd=[{"prefix": "config dump", "format": "json"}]: dispatch
2023-10-05T15:30:14.443 INFO:journalctl@ceph.mon.a.smithi098.stdout:Oct 05 15:30:14 smithi098 ceph-mon[99243]: from='client.14142 -' entity='client.admin' cmd=[{"prefix": "orch apply", "service_type": "mon", "unmanaged": true, "target": ["mon-mgr", ""]}]: dispatch
2023-10-05T15:30:14.443 INFO:journalctl@ceph.mon.a.smithi098.stdout:Oct 05 15:30:14 smithi098 ceph-mon[99243]: Saving service mon spec with placement count:5
2023-10-05T15:30:14.443 INFO:journalctl@ceph.mon.a.smithi098.stdout:Oct 05 15:30:14 smithi098 ceph-mon[99243]: from='mgr.14120 172.21.15.98:0/756328083' entity='mgr.x'
2023-10-05T15:30:14.795 INFO:teuthology.orchestra.run.smithi098.stdout:/usr/bin/ceph: stdout Scheduled mgr update...
2023-10-05T15:30:14.795 INFO:teuthology.orchestra.run.smithi098.stdout:/usr/bin/ceph: stderr
2023-10-05T15:30:14.099+0000 7f73f7b91700 1 Processor -- start
2023-10-05T15:30:14.795 INFO:teuthology.orchestra.run.smithi098.stdout:/usr/bin/ceph: stderr
2023-10-05T15:30:14.100+0000 7f73f7b91700 1 -- start start
2023-10-05T15:30:14.795 INFO:teuthology.orchestra.run.smithi098.stdout:/usr/bin/ceph: stderr
2023-10-05T15:30:14.100+0000 7f73f7b91700 1 --2- >> [v2:172.21.15.98:3300/0,v1:172.21.15.98:6789/0] conn(0x7f73f0106720 0x7f73f0106b40 unknown :-1 s=NONE pgs=0 cs=0 l=0 rev1=0 crypto rx=0 tx=0 comp rx=0 tx=0).connect
2023-10-05T15:30:14.795 INFO:teuthology.orchestra.run.smithi098.stdout:/usr/bin/ceph: stderr
2023-10-05T15:30:14.100+0000 7f73f7b91700 1 -- --> [v2:172.21.15.98:3300/0,v1:172.21.15.98:6789/0] -- mon_getmap magic: 0 v1 -- 0x7f73f0107110 con 0x7f73f0106720
2023-10-05T15:30:14.795 INFO:teuthology.orchestra.run.smithi098.stdout:/usr/bin/ceph: stderr
2023-10-05T15:30:14.100+0000 7f73f592d700 1 --2- >> [v2:172.21.15.98:3300/0,v1:172.21.15.98:6789/0] conn(0x7f73f0106720 0x7f73f0106b40 unknown :-1 s=BANNER_CONNECTING pgs=0 cs=0 l=0 rev1=0 crypto rx=0 tx=0 comp rx=0 tx=0)._handle_peer_banner_payload supported=3 required=0
2023-10-05T15:30:14.795 INFO:teuthology.orchestra.run.smithi098.stdout:/usr/bin/ceph: stderr
2023-10-05T15:30:14.100+0000 7f73f592d700 1 --2- >> [v2:172.21.15.98:3300/0,v1:172.21.15.98:6789/0] conn(0x7f73f0106720 0x7f73f0106b40 unknown :-1 s=HELLO_CONNECTING pgs=0 cs=0 l=0 rev1=1 crypto rx=0 tx=0 comp rx=0 tx=0).handle_hello peer v2:172.21.15.98:3300/0 says I am v2:172.21.15.98:41834/0 (socket says 172.21.15.98:41834)
2023-10-05T15:30:14.795 INFO:teuthology.orchestra.run.smithi098.stdout:/usr/bin/ceph: stderr
2023-10-05T15:30:14.100+0000 7f73f592d700 1 -- 172.21.15.98:0/3440423562 learned_addr learned my addr 172.21.15.98:0/3440423562 (peer_addr_for_me v2:172.21.15.98:0/0)
2023-10-05T15:30:14.796 INFO:teuthology.orchestra.run.smithi098.stdout:/usr/bin/ceph: stderr
2023-10-05T15:30:14.100+0000 7f73f592d700 1 -- 172.21.15.98:0/3440423562 --> [v2:172.21.15.98:3300/0,v1:172.21.15.98:6789/0] -- mon_subscribe({config=0+,monmap=0+}) v3 -- 0x7f73f0107920 con 0x7f73f0106720
2023-10-05T15:30:14.796 INFO:teuthology.orchestra.run.smithi098.stdout:/usr/bin/ceph: stderr
2023-10-05T15:30:14.100+0000 7f73f592d700 1 --2- 172.21.15.98:0/3440423562 >> [v2:172.21.15.98:3300/0,v1:172.21.15.98:6789/0] conn(0x7f73f0106720 0x7f73f0106b40 secure :-1 s=READY pgs=49 cs=0 l=1 rev1=1 crypto rx=0x7f73ec0098a0 tx=0x7f73ec009bb0 comp rx=0 tx=0).ready entity=mon.0 client_cookie=dc73f69e90bc1995 server_cookie=0 in_seq=0 out_seq=0
2023-10-05T15:30:14.796 INFO:teuthology.orchestra.run.smithi098.stdout:/usr/bin/ceph: stderr
2023-10-05T15:30:14.101+0000 7f73f492b700 1 -- 172.21.15.98:0/3440423562 <== mon.0 v2:172.21.15.98:3300/0 1 ==== mon_map magic: 0 v1 ==== 205+0+0 (secure 0 0 0) 0x7f73ec004160 con 0x7f73f0106720
2023-10-05T15:30:14.796 INFO:teuthology.orchestra.run.smithi098.stdout:/usr/bin/ceph: stderr
2023-10-05T15:30:14.101+0000 7f73f492b700 1 -- 172.21.15.98:0/3440423562 <== mon.0 v2:172.21.15.98:3300/0 2 ==== config(26 keys) v1 ==== 1074+0+0 (secure 0 0 0) 0x7f73ec0042c0 con 0x7f73f0106720
2023-10-05T15:30:14.796 INFO:teuthology.orchestra.run.smithi098.stdout:/usr/bin/ceph: stderr
2023-10-05T15:30:14.101+0000 7f73f492b700 1 -- 172.21.15.98:0/3440423562 <== mon.0 v2:172.21.15.98:3300/0 3 ==== mon_map magic: 0 v1 ==== 205+0+0 (secure 0 0 0) 0x7f73ec011a00 con 0x7f73f0106720
2023-10-05T15:30:14.796 INFO:teuthology.orchestra.run.smithi098.stdout:/usr/bin/ceph: stderr
2023-10-05T15:30:14.101+0000 7f73f7b91700 1 -- 172.21.15.98:0/3440423562 >> [v2:172.21.15.98:3300/0,v1:172.21.15.98:6789/0] conn(0x7f73f0106720 msgr2=0x7f73f0106b40 secure :-1 s=STATE_CONNECTION_ESTABLISHED l=1).mark_down
2023-10-05T15:30:14.796 INFO:teuthology.orchestra.run.smithi098.stdout:/usr/bin/ceph: stderr
2023-10-05T15:30:14.101+0000 7f73f7b91700 1 --2- 172.21.15.98:0/3440423562 >> [v2:172.21.15.98:3300/0,v1:172.21.15.98:6789/0] conn(0x7f73f0106720 0x7f73f0106b40 secure :-1 s=READY pgs=49 cs=0 l=1 rev1=1 crypto rx=0x7f73ec0098a0 tx=0x7f73ec009bb0 comp rx=0 tx=0).stop
2023-10-05T15:30:14.796 INFO:teuthology.orchestra.run.smithi098.stdout:/usr/bin/ceph: stderr
2023-10-05T15:30:14.101+0000 7f73f7b91700 1 -- 172.21.15.98:0/3440423562 shutdown_connections
2023-10-05T15:30:14.796 INFO:teuthology.orchestra.run.smithi098.stdout:/usr/bin/ceph: stderr
2023-10-05T15:30:14.101+0000 7f73f7b91700 1 --2- 172.21.15.98:0/3440423562 >> [v2:172.21.15.98:3300/0,v1:172.21.15.98:6789/0] conn(0x7f73f0106720 0x7f73f0106b40 unknown :-1 s=CLOSED pgs=49 cs=0 l=1 rev1=1 crypto rx=0 tx=0 comp rx=0 tx=0).stop
2023-10-05T15:30:14.796 INFO:teuthology.orchestra.run.smithi098.stdout:/usr/bin/ceph: stderr
2023-10-05T15:30:14.101+0000 7f73f7b91700 1 -- 172.21.15.98:0/3440423562 >> 172.21.15.98:0/3440423562 conn(0x7f73f0101ce0 msgr2=0x7f73f0104100 unknown :-1 s=STATE_NONE l=0).mark_down
2023-10-05T15:30:14.796 INFO:teuthology.orchestra.run.smithi098.stdout:/usr/bin/ceph: stderr
2023-10-05T15:30:14.102+0000 7f73f7b91700 1 -- 172.21.15.98:0/3440423562 shutdown_connections
2023-10-05T15:30:14.796 INFO:teuthology.orchestra.run.smithi098.stdout:/usr/bin/ceph: stderr
2023-10-05T15:30:14.102+0000 7f73f7b91700 1 -- 172.21.15.98:0/3440423562 wait complete.
2023-10-05T15:30:14.797 INFO:teuthology.orchestra.run.smithi098.stdout:/usr/bin/ceph: stderr
2023-10-05T15:30:14.102+0000 7f73f7b91700 1 Processor -- start
2023-10-05T15:30:14.797 INFO:teuthology.orchestra.run.smithi098.stdout:/usr/bin/ceph: stderr
2023-10-05T15:30:14.102+0000 7f73f7b91700 1 -- start start
2023-10-05T15:30:14.797 INFO:teuthology.orchestra.run.smithi098.stdout:/usr/bin/ceph: stderr
2023-10-05T15:30:14.102+0000 7f73f7b91700 1 --2- >> [v2:172.21.15.98:3300/0,v1:172.21.15.98:6789/0] conn(0x7f73f0106720 0x7f73f019a400 unknown :-1 s=NONE pgs=0 cs=0 l=1 rev1=0 crypto rx=0 tx=0 comp rx=0 tx=0).connect
2023-10-05T15:30:14.797 INFO:teuthology.orchestra.run.smithi098.stdout:/usr/bin/ceph: stderr
2023-10-05T15:30:14.102+0000 7f73f7b91700 1 -- --> [v2:172.21.15.98:3300/0,v1:172.21.15.98:6789/0] -- mon_getmap magic: 0 v1 -- 0x7f73f019a940 con 0x7f73f0106720
2023-10-05T15:30:14.797 INFO:teuthology.orchestra.run.smithi098.stdout:/usr/bin/ceph: stderr
2023-10-05T15:30:14.102+0000 7f73f592d700 1 --2- >> [v2:172.21.15.98:3300/0,v1:172.21.15.98:6789/0] conn(0x7f73f0106720 0x7f73f019a400 unknown :-1 s=BANNER_CONNECTING pgs=0 cs=0 l=1 rev1=0 crypto rx=0 tx=0 comp rx=0 tx=0)._handle_peer_banner_payload supported=3 required=0
2023-10-05T15:30:14.797 INFO:teuthology.orchestra.run.smithi098.stdout:/usr/bin/ceph: stderr
2023-10-05T15:30:14.102+0000 7f73f592d700 1 --2- >> [v2:172.21.15.98:3300/0,v1:172.21.15.98:6789/0] conn(0x7f73f0106720 0x7f73f019a400 unknown :-1 s=HELLO_CONNECTING pgs=0 cs=0 l=1 rev1=1 crypto rx=0 tx=0 comp rx=0 tx=0).handle_hello peer v2:172.21.15.98:3300/0 says I am v2:172.21.15.98:41836/0 (socket says 172.21.15.98:41836)
2023-10-05T15:30:14.797 INFO:teuthology.orchestra.run.smithi098.stdout:/usr/bin/ceph: stderr
2023-10-05T15:30:14.102+0000 7f73f592d700 1 -- 172.21.15.98:0/3834499365 learned_addr learned my addr 172.21.15.98:0/3834499365 (peer_addr_for_me v2:172.21.15.98:0/0)
2023-10-05T15:30:14.797 INFO:teuthology.orchestra.run.smithi098.stdout:/usr/bin/ceph: stderr
