2023-10-18T20:51:11.062887+0000 mgr.smithi008.flmjzp (mgr.14144) 6 : cephadm [INF] Saving service node-exporter spec with placement *
2023-10-18T20:51:12.353 INFO:teuthology.orchestra.run.smithi008.stderr:/usr/bin/ceph:
2023-10-18T20:51:12.351+0000 7fac298f0700 1 -- 172.21.15.8:0/2810419519 --> [v2:172.21.15.8:6800/2925059353,v1:172.21.15.8:6801/2925059353] -- mgr_command(tid 0: {"prefix": "orch apply", "service_type": "alertmanager", "target": ["mon-mgr", ""]}) v1 -- 0x7fac240fd880 con 0x7fac0802feb0
2023-10-18T20:51:12.357 INFO:teuthology.orchestra.run.smithi008.stderr:/usr/bin/ceph:
2023-10-18T20:51:12.355+0000 7fac217fa700 1 -- 172.21.15.8:0/2810419519 <== mgr.14144 v2:172.21.15.8:6800/2925059353 1 ==== mgr_command_reply(tid 0: 0 ) v1 ==== 8+0+33 (secure 0 0 0) 0x7fac240fd880 con 0x7fac0802feb0
2023-10-18T20:51:12.357 INFO:teuthology.orchestra.run.smithi008.stderr:/usr/bin/ceph: Scheduled alertmanager update...
2023-10-18T20:51:12.360 INFO:teuthology.orchestra.run.smithi008.stderr:/usr/bin/ceph:
2023-10-18T20:51:12.357+0000 7fac298f0700 1 -- 172.21.15.8:0/2810419519 >> [v2:172.21.15.8:6800/2925059353,v1:172.21.15.8:6801/2925059353] conn(0x7fac0802feb0 msgr2=0x7fac08032370 secure :-1 s=STATE_CONNECTION_ESTABLISHED l=1).mark_down
2023-10-18T20:51:12.360 INFO:teuthology.orchestra.run.smithi008.stderr:/usr/bin/ceph:
2023-10-18T20:51:12.357+0000 7fac298f0700 1 --2- 172.21.15.8:0/2810419519 >> [v2:172.21.15.8:6800/2925059353,v1:172.21.15.8:6801/2925059353] conn(0x7fac0802feb0 0x7fac08032370 secure :-1 s=READY pgs=8 cs=0 l=1 rev1=1 rx=0x7fac100096a0 tx=0x7fac10006b40).stop
2023-10-18T20:51:12.360 INFO:teuthology.orchestra.run.smithi008.stderr:/usr/bin/ceph:
2023-10-18T20:51:12.357+0000 7fac298f0700 1 -- 172.21.15.8:0/2810419519 >> [v2:172.21.15.8:3300/0,v1:172.21.15.8:6789/0] conn(0x7fac240fb990 msgr2=0x7fac24071d70 secure :-1 s=STATE_CONNECTION_ESTABLISHED l=1).mark_down
2023-10-18T20:51:12.360 INFO:teuthology.orchestra.run.smithi008.stderr:/usr/bin/ceph:
2023-10-18T20:51:12.357+0000 7fac298f0700 1 --2- 172.21.15.8:0/2810419519 >> [v2:172.21.15.8:3300/0,v1:172.21.15.8:6789/0] conn(0x7fac240fb990 0x7fac24071d70 secure :-1 s=READY pgs=63 cs=0 l=1 rev1=1 rx=0x7fac1800e040 tx=0x7fac18006ee0).stop
2023-10-18T20:51:12.361 INFO:teuthology.orchestra.run.smithi008.stderr:/usr/bin/ceph:
2023-10-18T20:51:12.358+0000 7fac298f0700 1 -- 172.21.15.8:0/2810419519 shutdown_connections
2023-10-18T20:51:12.361 INFO:teuthology.orchestra.run.smithi008.stderr:/usr/bin/ceph:
2023-10-18T20:51:12.358+0000 7fac298f0700 1 --2- 172.21.15.8:0/2810419519 >> [v2:172.21.15.8:6800/2925059353,v1:172.21.15.8:6801/2925059353] conn(0x7fac0802feb0 0x7fac08032370 unknown :-1 s=CLOSED pgs=8 cs=0 l=1 rev1=1 rx=0 tx=0).stop
2023-10-18T20:51:12.361 INFO:teuthology.orchestra.run.smithi008.stderr:/usr/bin/ceph:
2023-10-18T20:51:12.358+0000 7fac298f0700 1 --2- 172.21.15.8:0/2810419519 >> [v2:172.21.15.8:3300/0,v1:172.21.15.8:6789/0] conn(0x7fac240fb990 0x7fac24071d70 unknown :-1 s=CLOSED pgs=63 cs=0 l=1 rev1=1 rx=0 tx=0).stop
2023-10-18T20:51:12.361 INFO:teuthology.orchestra.run.smithi008.stderr:/usr/bin/ceph:
2023-10-18T20:51:12.358+0000 7fac298f0700 1 -- 172.21.15.8:0/2810419519 >> 172.21.15.8:0/2810419519 conn(0x7fac240f71d0 msgr2=0x7fac240f8c80 unknown :-1 s=STATE_NONE l=0).mark_down
2023-10-18T20:51:12.361 INFO:teuthology.orchestra.run.smithi008.stderr:/usr/bin/ceph:
2023-10-18T20:51:12.358+0000 7fac298f0700 1 -- 172.21.15.8:0/2810419519 shutdown_connections
2023-10-18T20:51:12.361 INFO:teuthology.orchestra.run.smithi008.stderr:/usr/bin/ceph:
2023-10-18T20:51:12.358+0000 7fac298f0700 1 -- 172.21.15.8:0/2810419519 wait complete.
2023-10-18T20:51:12.698 INFO:teuthology.orchestra.run.smithi008.stderr:Running command: /bin/podman run --rm --ipc=host --no-hosts --net=host --entrypoint /usr/bin/ceph --init -e CONTAINER_IMAGE=docker.io/ceph/ceph:v16.2.4 -e NODE_NAME=smithi008 -e CEPH_USE_RANDOM_NONCE=1 -v /var/log/ceph/e1aaa62c-6df7-11ee-8db6-212e2dc638e7:/var/log/ceph:z -v /tmp/ceph-tmpi1zb0o0g:/etc/ceph/ceph.client.admin.keyring:z -v /tmp/ceph-tmp2ve_l47r:/etc/ceph/ceph.conf:z docker.io/ceph/ceph:v16.2.4 config set mgr mgr/cephadm/container_init True --force
2023-10-18T20:51:13.101 INFO:teuthology.orchestra.run.smithi008.stderr:/usr/bin/ceph:
2023-10-18T20:51:13.098+0000 7f1391354700 1 Processor -- start
2023-10-18T20:51:13.102 INFO:teuthology.orchestra.run.smithi008.stderr:/usr/bin/ceph:
2023-10-18T20:51:13.098+0000 7f1391354700 1 -- start start
2023-10-18T20:51:13.102 INFO:teuthology.orchestra.run.smithi008.stderr:/usr/bin/ceph:
2023-10-18T20:51:13.098+0000 7f1391354700 1 --2- >> [v2:172.21.15.8:3300/0,v1:172.21.15.8:6789/0] conn(0x7f138c0fb990 0x7f138c0fbdb0 unknown :-1 s=NONE pgs=0 cs=0 l=0 rev1=0 rx=0 tx=0).connect
2023-10-18T20:51:13.102 INFO:teuthology.orchestra.run.smithi008.stderr:/usr/bin/ceph:
2023-10-18T20:51:13.098+0000 7f1391354700 1 -- --> [v2:172.21.15.8:3300/0,v1:172.21.15.8:6789/0] -- mon_getmap magic: 0 v1 -- 0x7f138c0fc2a0 con 0x7f138c0fb990
2023-10-18T20:51:13.102 INFO:teuthology.orchestra.run.smithi008.stderr:/usr/bin/ceph:
2023-10-18T20:51:13.099+0000 7f138bfff700 1 --2- >> [v2:172.21.15.8:3300/0,v1:172.21.15.8:6789/0] conn(0x7f138c0fb990 0x7f138c0fbdb0 unknown :-1 s=BANNER_CONNECTING pgs=0 cs=0 l=0 rev1=0 rx=0 tx=0)._handle_peer_banner_payload supported=1 required=0
2023-10-18T20:51:13.103 INFO:teuthology.orchestra.run.smithi008.stderr:/usr/bin/ceph:
2023-10-18T20:51:13.099+0000 7f138bfff700 1 --2- >> [v2:172.21.15.8:3300/0,v1:172.21.15.8:6789/0] conn(0x7f138c0fb990 0x7f138c0fbdb0 unknown :-1 s=HELLO_CONNECTING pgs=0 cs=0 l=0 rev1=1 rx=0 tx=0).handle_hello peer v2:172.21.15.8:3300/0 says I am v2:172.21.15.8:36950/0 (socket says 172.21.15.8:36950)
2023-10-18T20:51:13.103 INFO:teuthology.orchestra.run.smithi008.stderr:/usr/bin/ceph:
2023-10-18T20:51:13.099+0000 7f138bfff700 1 -- 172.21.15.8:0/375789228 learned_addr learned my addr 172.21.15.8:0/375789228 (peer_addr_for_me v2:172.21.15.8:0/0)
2023-10-18T20:51:13.103 INFO:teuthology.orchestra.run.smithi008.stderr:/usr/bin/ceph:
2023-10-18T20:51:13.099+0000 7f138bfff700 1 -- 172.21.15.8:0/375789228 --> [v2:172.21.15.8:3300/0,v1:172.21.15.8:6789/0] -- mon_subscribe({config=0+,monmap=0+}) v3 -- 0x7f138c0fc3e0 con 0x7f138c0fb990
2023-10-18T20:51:13.103 INFO:teuthology.orchestra.run.smithi008.stderr:/usr/bin/ceph:
2023-10-18T20:51:13.099+0000 7f138bfff700 1 --2- 172.21.15.8:0/375789228 >> [v2:172.21.15.8:3300/0,v1:172.21.15.8:6789/0] conn(0x7f138c0fb990 0x7f138c0fbdb0 secure :-1 s=READY pgs=64 cs=0 l=1 rev1=1 rx=0x7f137c00b5f0 tx=0x7f137c006ee0).ready entity=mon.0 client_cookie=741bd58cce54a11a server_cookie=0 in_seq=0 out_seq=0
2023-10-18T20:51:13.103 INFO:teuthology.orchestra.run.smithi008.stderr:/usr/bin/ceph:
2023-10-18T20:51:13.100+0000 7f138affd700 1 -- 172.21.15.8:0/375789228 <== mon.0 v2:172.21.15.8:3300/0 1 ==== mon_map magic: 0 v1 ==== 229+0+0 (secure 0 0 0) 0x7f137c00d600 con 0x7f138c0fb990
2023-10-18T20:51:13.104 INFO:teuthology.orchestra.run.smithi008.stderr:/usr/bin/ceph:
2023-10-18T20:51:13.100+0000 7f138affd700 1 -- 172.21.15.8:0/375789228 <== mon.0 v2:172.21.15.8:3300/0 2 ==== config(25 keys) v1 ==== 1010+0+0 (secure 0 0 0) 0x7f137c00dbd0 con 0x7f138c0fb990
2023-10-18T20:51:13.104 INFO:teuthology.orchestra.run.smithi008.stderr:/usr/bin/ceph:
2023-10-18T20:51:13.100+0000 7f138affd700 1 -- 172.21.15.8:0/375789228 <== mon.0 v2:172.21.15.8:3300/0 3 ==== mon_map magic: 0 v1 ==== 229+0+0 (secure 0 0 0) 0x7f137c011c00 con 0x7f138c0fb990
2023-10-18T20:51:13.106 INFO:teuthology.orchestra.run.smithi008.stderr:/usr/bin/ceph:
2023-10-18T20:51:13.100+0000 7f1391354700 1 -- 172.21.15.8:0/375789228 >> [v2:172.21.15.8:3300/0,v1:172.21.15.8:6789/0] conn(0x7f138c0fb990 msgr2=0x7f138c0fbdb0 secure :-1 s=STATE_CONNECTION_ESTABLISHED l=1).mark_down
2023-10-18T20:51:13.107 INFO:teuthology.orchestra.run.smithi008.stderr:/usr/bin/ceph:
2023-10-18T20:51:13.100+0000 7f1391354700 1 --2- 172.21.15.8:0/375789228 >> [v2:172.21.15.8:3300/0,v1:172.21.15.8:6789/0] conn(0x7f138c0fb990 0x7f138c0fbdb0 secure :-1 s=READY pgs=64 cs=0 l=1 rev1=1 rx=0x7f137c00b5f0 tx=0x7f137c006ee0).stop
2023-10-18T20:51:13.107 INFO:teuthology.orchestra.run.smithi008.stderr:/usr/bin/ceph:
2023-10-18T20:51:13.100+0000 7f1391354700 1 -- 172.21.15.8:0/375789228 shutdown_connections
2023-10-18T20:51:13.107 INFO:teuthology.orchestra.run.smithi008.stderr:/usr/bin/ceph:
2023-10-18T20:51:13.100+0000 7f1391354700 1 --2- 172.21.15.8:0/375789228 >> [v2:172.21.15.8:3300/0,v1:172.21.15.8:6789/0] conn(0x7f138c0fb990 0x7f138c0fbdb0 unknown :-1 s=CLOSED pgs=64 cs=0 l=1 rev1=1 rx=0 tx=0).stop
2023-10-18T20:51:13.107 INFO:teuthology.orchestra.run.smithi008.stderr:/usr/bin/ceph:
2023-10-18T20:51:13.100+0000 7f1391354700 1 -- 172.21.15.8:0/375789228 >> 172.21.15.8:0/375789228 conn(0x7f138c0f71d0 msgr2=0x7f138c0f95f0 unknown :-1 s=STATE_NONE l=0).mark_down
2023-10-18T20:51:13.108 INFO:teuthology.orchestra.run.smithi008.stderr:/usr/bin/ceph:
2023-10-18T20:51:13.100+0000 7f1391354700 1 -- 172.21.15.8:0/375789228 shutdown_connections
2023-10-18T20:51:13.108 INFO:teuthology.orchestra.run.smithi008.stderr:/usr/bin/ceph:
2023-10-18T20:51:13.101+0000 7f1391354700 1 -- 172.21.15.8:0/375789228 wait complete.
2023-10-18T20:51:13.108 INFO:teuthology.orchestra.run.smithi008.stderr:/usr/bin/ceph:
2023-10-18T20:51:13.101+0000 7f1391354700 1 Processor -- start
2023-10-18T20:51:13.108 INFO:teuthology.orchestra.run.smithi008.stderr:/usr/bin/ceph:
2023-10-18T20:51:13.102+0000 7f1391354700 1 -- start start
2023-10-18T20:51:13.108 INFO:teuthology.orchestra.run.smithi008.stderr:/usr/bin/ceph:
2023-10-18T20:51:13.102+0000 7f1391354700 1 --2- >> [v2:172.21.15.8:3300/0,v1:172.21.15.8:6789/0] conn(0x7f138c0fb990 0x7f138c071d70 unknown :-1 s=NONE pgs=0 cs=0 l=1 rev1=0 rx=0 tx=0).connect
2023-10-18T20:51:13.109 INFO:teuthology.orchestra.run.smithi008.stderr:/usr/bin/ceph:
2023-10-18T20:51:13.102+0000 7f1391354700 1 -- --> [v2:172.21.15.8:3300/0,v1:172.21.15.8:6789/0] -- mon_getmap magic: 0 v1 -- 0x7f138c0701f0 con 0x7f138c0fb990
2023-10-18T20:51:13.109 INFO:teuthology.orchestra.run.smithi008.stderr:/usr/bin/ceph:
2023-10-18T20:51:13.102+0000 7f138bfff700 1 --2- >> [v2:172.21.15.8:3300/0,v1:172.21.15.8:6789/0] conn(0x7f138c0fb990 0x7f138c071d70 unknown :-1 s=BANNER_CONNECTING pgs=0 cs=0 l=1 rev1=0 rx=0 tx=0)._handle_peer_banner_payload supported=1 required=0
2023-10-18T20:51:13.109 INFO:teuthology.orchestra.run.smithi008.stderr:/usr/bin/ceph:
2023-10-18T20:51:13.102+0000 7f138bfff700 1 --2- >> [v2:172.21.15.8:3300/0,v1:172.21.15.8:6789/0] conn(0x7f138c0fb990 0x7f138c071d70 unknown :-1 s=HELLO_CONNECTING pgs=0 cs=0 l=1 rev1=1 rx=0 tx=0).handle_hello peer v2:172.21.15.8:3300/0 says I am v2:172.21.15.8:36952/0 (socket says 172.21.15.8:36952)
2023-10-18T20:51:13.109 INFO:teuthology.orchestra.run.smithi008.stderr:/usr/bin/ceph:
2023-10-18T20:51:13.102+0000 7f138bfff700 1 -- 172.21.15.8:0/358051815 learned_addr learned my addr 172.21.15.8:0/358051815 (peer_addr_for_me v2:172.21.15.8:0/0)
2023-10-18T20:51:13.109 INFO:teuthology.orchestra.run.smithi008.stderr:/usr/bin/ceph:
2023-10-18T20:51:13.103+0000 7f138bfff700 1 -- 172.21.15.8:0/358051815 --> [v2:172.21.15.8:3300/0,v1:172.21.15.8:6789/0] -- mon_subscribe({config=0+,monmap=0+}) v3 -- 0x7f137c00b200 con 0x7f138c0fb990
2023-10-18T20:51:13.110 INFO:teuthology.orchestra.run.smithi008.stderr:/usr/bin/ceph:
2023-10-18T20:51:13.103+0000 7f138bfff700 1 --2- 172.21.15.8:0/358051815 >> [v2:172.21.15.8:3300/0,v1:172.21.15.8:6789/0] conn(0x7f138c0fb990 0x7f138c071d70 secure :-1 s=READY pgs=65 cs=0 l=1 rev1=1 rx=0x7f137c00b1d0 tx=0x7f137c006ee0).ready entity=mon.0 client_cookie=0 server_cookie=0 in_seq=0 out_seq=0
2023-10-18T20:51:13.110 INFO:teuthology.orchestra.run.smithi008.stderr:/usr/bin/ceph:
2023-10-18T20:51:13.103+0000 7f1388ff9700 1 -- 172.21.15.8:0/358051815 <== mon.0 v2:172.21.15.8:3300/0 1 ==== mon_map magic: 0 v1 ==== 229+0+0 (secure 0 0 0) 0x7f137c01b410 con 0x7f138c0fb990
2023-10-18T20:51:13.110 INFO:teuthology.orchestra.run.smithi008.stderr:/usr/bin/ceph:
2023-10-18T20:51:13.103+0000 7f1388ff9700 1 -- 172.21.15.8:0/358051815 <== mon.0 v2:172.21.15.8:3300/0 2 ==== config(25 keys) v1 ==== 1010+0+0 (secure 0 0 0) 0x7f137c01b9e0 con 0x7f138c0fb990
2023-10-18T20:51:13.110 INFO:teuthology.orchestra.run.smithi008.stderr:/usr/bin/ceph:
2023-10-18T20:51:13.103+0000 7f1391354700 1 -- 172.21.15.8:0/358051815 --> [v2:172.21.15.8:3300/0,v1:172.21.15.8:6789/0] -- mon_subscribe({mgrmap=0+}) v3 -- 0x7f138c070390 con 0x7f138c0fb990
2023-10-18T20:51:13.110 INFO:teuthology.orchestra.run.smithi008.stderr:/usr/bin/ceph:
2023-10-18T20:51:13.103+0000 7f1388ff9700 1 -- 172.21.15.8:0/358051815 <== mon.0 v2:172.21.15.8:3300/0 3 ==== mon_map magic: 0 v1 ==== 229+0+0 (secure 0 0 0) 0x7f137c01a840 con 0x7f138c0fb990
2023-10-18T20:51:13.111 INFO:teuthology.orchestra.run.smithi008.stderr:/usr/bin/ceph:
2023-10-18T20:51:13.103+0000 7f1391354700 1 -- 172.21.15.8:0/358051815 --> [v2:172.21.15.8:3300/0,v1:172.21.15.8:6789/0] -- mon_subscribe({osdmap=0}) v3 -- 0x7f138c0707a0 con 0x7f138c0fb990
2023-10-18T20:51:13.111 INFO:teuthology.orchestra.run.smithi008.stderr:/usr/bin/ceph:
2023-10-18T20:51:13.104+0000 7f1388ff9700 1 -- 172.21.15.8:0/358051815 <== mon.0 v2:172.21.15.8:3300/0 4 ==== mgrmap(e 12) v1 ==== 36195+0+0 (secure 0 0 0) 0x7f137c00f070 con 0x7f138c0fb990
2023-10-18T20:51:13.111 INFO:teuthology.orchestra.run.smithi008.stderr:/usr/bin/ceph:
2023-10-18T20:51:13.105+0000 7f1391354700 1 -- 172.21.15.8:0/358051815 --> [v2:172.21.15.8:3300/0,v1:172.21.15.8:6789/0] -- mon_command({"prefix": "get_command_descriptions"} v 0) v1 -- 0x7f138c045ad0 con 0x7f138c0fb990
2023-10-18T20:51:13.111 INFO:teuthology.orchestra.run.smithi008.stderr:/usr/bin/ceph:
2023-10-18T20:51:13.105+0000 7f1388ff9700 1 --2- 172.21.15.8:0/358051815 >> [v2:172.21.15.8:6800/2925059353,v1:172.21.15.8:6801/2925059353] conn(0x7f137802fe60 0x7f1378032320 unknown :-1 s=NONE pgs=0 cs=0 l=1 rev1=0 rx=0 tx=0).connect
2023-10-18T20:51:13.111 INFO:teuthology.orchestra.run.smithi008.stderr:/usr/bin/ceph:
2023-10-18T20:51:13.105+0000 7f1388ff9700 1 -- 172.21.15.8:0/358051815 <== mon.0 v2:172.21.15.8:3300/0 5 ==== osd_map(3..3 src has 1..3) v4 ==== 1098+0+0 (secure 0 0 0) 0x7f137c0414f0 con 0x7f138c0fb990
2023-10-18T20:51:13.112 INFO:teuthology.orchestra.run.smithi008.stderr:/usr/bin/ceph:
2023-10-18T20:51:13.105+0000 7f138b7fe700 1 --2- 172.21.15.8:0/358051815 >> [v2:172.21.15.8:6800/2925059353,v1:172.21.15.8:6801/2925059353] conn(0x7f137802fe60 0x7f1378032320 unknown :-1 s=BANNER_CONNECTING pgs=0 cs=0 l=1 rev1=0 rx=0 tx=0)._handle_peer_banner_payload supported=1 required=0
2023-10-18T20:51:13.112 INFO:teuthology.orchestra.run.smithi008.stderr:/usr/bin/ceph:
2023-10-18T20:51:13.105+0000 7f138b7fe700 1 --2- 172.21.15.8:0/358051815 >> [v2:172.21.15.8:6800/2925059353,v1:172.21.15.8:6801/2925059353] conn(0x7f137802fe60 0x7f1378032320 secure :-1 s=READY pgs=9 cs=0 l=1 rev1=1 rx=0x7f13800096a0 tx=0x7f1380006b40).ready entity=mgr.14144 client_cookie=0 server_cookie=0 in_seq=0 out_seq=0
2023-10-18T20:51:13.112 INFO:teuthology.orchestra.run.smithi008.stderr:/usr/bin/ceph:
2023-10-18T20:51:13.109+0000 7f1388ff9700 1 -- 172.21.15.8:0/358051815 <== mon.0 v2:172.21.15.8:3300/0 6 ==== mon_command_ack([{"prefix": "get_command_descriptions"}]=0 v0) v1 ==== 72+0+152212 (secure 0 0 0) 0x7f137c019950 con 0x7f138c0fb990
2023-10-18T20:51:13.276 INFO:teuthology.orchestra.run.smithi008.stderr:/usr/bin/ceph:
2023-10-18T20:51:13.274+0000 7f1391354700 1 -- 172.21.15.8:0/358051815 --> [v2:172.21.15.8:3300/0,v1:172.21.15.8:6789/0] -- mon_command([{prefix=config set, name=mgr/cephadm/container_init}] v 0) v1 -- 0x7f138c0fd810 con 0x7f138c0fb990
2023-10-18T20:51:13.279 INFO:teuthology.orchestra.run.smithi008.stderr:/usr/bin/ceph:
2023-10-18T20:51:13.277+0000 7f1388ff9700 1 -- 172.21.15.8:0/358051815 <== mon.0 v2:172.21.15.8:3300/0 7 ==== mon_command_ack([{prefix=config set, name=mgr/cephadm/container_init}]=0 v8)=0 v8) v1 ==== 142+0+0 (secure 0 0 0) 0x7f137c016030 con 0x7f138c0fb990
2023-10-18T20:51:13.281 INFO:teuthology.orchestra.run.smithi008.stderr:/usr/bin/ceph:
2023-10-18T20:51:13.279+0000 7f1391354700 1 -- 172.21.15.8:0/358051815 >> [v2:172.21.15.8:6800/2925059353,v1:172.21.15.8:6801/2925059353] conn(0x7f137802fe60 msgr2=0x7f1378032320 secure :-1 s=STATE_CONNECTION_ESTABLISHED l=1).mark_down
2023-10-18T20:51:13.281 INFO:teuthology.orchestra.run.smithi008.stderr:/usr/bin/ceph:
2023-10-18T20:51:13.279+0000 7f1391354700 1 --2- 172.21.15.8:0/358051815 >> [v2:172.21.15.8:6800/2925059353,v1:172.21.15.8:6801/2925059353] conn(0x7f137802fe60 0x7f1378032320 secure :-1 s=READY pgs=9 cs=0 l=1 rev1=1 rx=0x7f13800096a0 tx=0x7f1380006b40).stop
2023-10-18T20:51:13.282 INFO:teuthology.orchestra.run.smithi008.stderr:/usr/bin/ceph:
2023-10-18T20:51:13.279+0000 7f1391354700 1 -- 172.21.15.8:0/358051815 >> [v2:172.21.15.8:3300/0,v1:172.21.15.8:6789/0] conn(0x7f138c0fb990 msgr2=0x7f138c071d70 secure :-1 s=STATE_CONNECTION_ESTABLISHED l=1).mark_down
2023-10-18T20:51:13.282 INFO:teuthology.orchestra.run.smithi008.stderr:/usr/bin/ceph:
2023-10-18T20:51:13.279+0000 7f1391354700 1 --2- 172.21.15.8:0/358051815 >> [v2:172.21.15.8:3300/0,v1:172.21.15.8:6789/0] conn(0x7f138c0fb990 0x7f138c071d70 secure :-1 s=READY pgs=65 cs=0 l=1 rev1=1 rx=0x7f137c00b1d0 tx=0x7f137c006ee0).stop
2023-10-18T20:51:13.283 INFO:teuthology.orchestra.run.smithi008.stderr:/usr/bin/ceph:
2023-10-18T20:51:13.279+0000 7f1391354700 1 -- 172.21.15.8:0/358051815 shutdown_connections
2023-10-18T20:51:13.283 INFO:teuthology.orchestra.run.smithi008.stderr:/usr/bin/ceph:
2023-10-18T20:51:13.279+0000 7f1391354700 1 --2- 172.21.15.8:0/358051815 >> [v2:172.21.15.8:6800/2925059353,v1:172.21.15.8:6801/2925059353] conn(0x7f137802fe60 0x7f1378032320 unknown :-1 s=CLOSED pgs=9 cs=0 l=1 rev1=1 rx=0 tx=0).stop
2023-10-18T20:51:13.283 INFO:teuthology.orchestra.run.smithi008.stderr:/usr/bin/ceph:
2023-10-18T20:51:13.279+0000 7f1391354700 1 --2- 172.21.15.8:0/358051815 >> [v2:172.21.15.8:3300/0,v1:172.21.15.8:6789/0] conn(0x7f138c0fb990 0x7f138c071d70 unknown :-1 s=CLOSED pgs=65 cs=0 l=1 rev1=1 rx=0 tx=0).stop
2023-10-18T20:51:13.283 INFO:teuthology.orchestra.run.smithi008.stderr:/usr/bin/ceph:
2023-10-18T20:51:13.279+0000 7f1391354700 1 -- 172.21.15.8:0/358051815 >> 172.21.15.8:0/358051815 conn(0x7f138c0f71d0 msgr2=0x7f138c0f8ca0 unknown :-1 s=STATE_NONE l=0).mark_down
2023-10-18T20:51:13.284 INFO:teuthology.orchestra.run.smithi008.stderr:/usr/bin/ceph:
2023-10-18T20:51:13.280+0000 7f1391354700 1 -- 172.21.15.8:0/358051815 shutdown_connections
2023-10-18T20:51:13.284 INFO:teuthology.orchestra.run.smithi008.stderr:/usr/bin/ceph:
2023-10-18T20:51:13.280+0000 7f1391354700 1 -- 172.21.15.8:0/358051815 wait complete.
2023-10-18T20:51:13.626 INFO:teuthology.orchestra.run.smithi008.stderr:Running command: /bin/podman run --rm --ipc=host --no-hosts --net=host --entrypoint /usr/bin/ceph --init -e CONTAINER_IMAGE=docker.io/ceph/ceph:v16.2.4 -e NODE_NAME=smithi008 -e CEPH_USE_RANDOM_NONCE=1 -v /var/log/ceph/e1aaa62c-6df7-11ee-8db6-212e2dc638e7:/var/log/ceph:z -v /tmp/ceph-tmpi1zb0o0g:/etc/ceph/ceph.client.admin.keyring:z -v /tmp/ceph-tmp2ve_l47r:/etc/ceph/ceph.conf:z docker.io/ceph/ceph:v16.2.4 config set mgr mgr/dashboard/ssl_server_port 8443
2023-10-18T20:51:13.629 INFO:journalctl@ceph.mon.smithi008.smithi008.stdout:Oct 18 20:51:13 smithi008 ceph-e1aaa62c-6df7-11ee-8db6-212e2dc638e7-mon.smithi008[107756]: audit
2023-10-18T20:51:12.352963+0000 mgr.smithi008.flmjzp (mgr.14144) 7 : audit [DBG] from='client.14156 -' entity='client.admin' cmd=[{"prefix": "orch apply", "service_type": "alertmanager", "target": ["mon-mgr", ""]}]: dispatch
2023-10-18T20:51:13.629 INFO:journalctl@ceph.mon.smithi008.smithi008.stdout:Oct 18 20:51:13 smithi008 ceph-e1aaa62c-6df7-11ee-8db6-212e2dc638e7-mon.smithi008[107756]: cephadm
2023-10-18T20:51:12.353511+0000 mgr.smithi008.flmjzp (mgr.14144) 8 : cephadm [INF] Saving service alertmanager spec with placement count:1
2023-10-18T20:51:13.629 INFO:journalctl@ceph.mon.smithi008.smithi008.stdout:Oct 18 20:51:13 smithi008 ceph-e1aaa62c-6df7-11ee-8db6-212e2dc638e7-mon.smithi008[107756]: audit
2023-10-18T20:51:12.356002+0000 mon.smithi008 (mon.0) 82 : audit [INF] from='mgr.14144 172.21.15.8:0/3661510731' entity='mgr.smithi008.flmjzp'
2023-10-18T20:51:13.629 INFO:journalctl@ceph.mon.smithi008.smithi008.stdout:Oct 18 20:51:13 smithi008 ceph-e1aaa62c-6df7-11ee-8db6-212e2dc638e7-mon.smithi008[107756]: audit
2023-10-18T20:51:13.277641+0000 mon.smithi008 (mon.0) 83 : audit [INF] from='client.? 172.21.15.8:0/358051815' entity='client.admin'
2023-10-18T20:51:14.049 INFO:teuthology.orchestra.run.smithi008.stderr:/usr/bin/ceph:
2023-10-18T20:51:14.046+0000 7f90af59e700 1 Processor -- start
2023-10-18T20:51:14.049 INFO:teuthology.orchestra.run.smithi008.stderr:/usr/bin/ceph:
2023-10-18T20:51:14.047+0000 7f90af59e700 1 -- start start
2023-10-18T20:51:14.051 INFO:teuthology.orchestra.run.smithi008.stderr:/usr/bin/ceph:
2023-10-18T20:51:14.047+0000 7f90af59e700 1 --2- >> [v2:172.21.15.8:3300/0,v1:172.21.15.8:6789/0] conn(0x7f90b006fc30 0x7f90b00fe650 unknown :-1 s=NONE pgs=0 cs=0 l=0 rev1=0 rx=0 tx=0).connect
2023-10-18T20:51:14.051 INFO:teuthology.orchestra.run.smithi008.stderr:/usr/bin/ceph:
2023-10-18T20:51:14.047+0000 7f90af59e700 1 -- --> [v2:172.21.15.8:3300/0,v1:172.21.15.8:6789/0] -- mon_getmap magic: 0 v1 -- 0x7f90b00feb40 con 0x7f90b006fc30
2023-10-18T20:51:14.052 INFO:teuthology.orchestra.run.smithi008.stderr:/usr/bin/ceph:
2023-10-18T20:51:14.047+0000 7f90ae59c700 1 --2- >> [v2:172.21.15.8:3300/0,v1:172.21.15.8:6789/0] conn(0x7f90b006fc30 0x7f90b00fe650 unknown :-1 s=BANNER_CONNECTING pgs=0 cs=0 l=0 rev1=0 rx=0 tx=0)._handle_peer_banner_payload supported=1 required=0
2023-10-18T20:51:14.052 INFO:teuthology.orchestra.run.smithi008.stderr:/usr/bin/ceph:
2023-10-18T20:51:14.047+0000 7f90ae59c700 1 --2- >> [v2:172.21.15.8:3300/0,v1:172.21.15.8:6789/0] conn(0x7f90b006fc30 0x7f90b00fe650 unknown :-1 s=HELLO_CONNECTING pgs=0 cs=0 l=0 rev1=1 rx=0 tx=0).handle_hello peer v2:172.21.15.8:3300/0 says I am v2:172.21.15.8:36958/0 (socket says 172.21.15.8:36958)
2023-10-18T20:51:14.052 INFO:teuthology.orchestra.run.smithi008.stderr:/usr/bin/ceph:
2023-10-18T20:51:14.047+0000 7f90ae59c700 1 -- 172.21.15.8:0/486334778 learned_addr learned my addr 172.21.15.8:0/486334778 (peer_addr_for_me v2:172.21.15.8:0/0)
2023-10-18T20:51:14.052 INFO:teuthology.orchestra.run.smithi008.stderr:/usr/bin/ceph:
2023-10-18T20:51:14.048+0000 7f90ae59c700 1 -- 172.21.15.8:0/486334778 --> [v2:172.21.15.8:3300/0,v1:172.21.15.8:6789/0] -- mon_subscribe({config=0+,monmap=0+}) v3 -- 0x7f90b00fec80 con 0x7f90b006fc30
2023-10-18T20:51:14.052 INFO:teuthology.orchestra.run.smithi008.stderr:/usr/bin/ceph:
2023-10-18T20:51:14.048+0000 7f90ae59c700 1 --2- 172.21.15.8:0/486334778 >> [v2:172.21.15.8:3300/0,v1:172.21.15.8:6789/0] conn(0x7f90b006fc30 0x7f90b00fe650 secure :-1 s=READY pgs=66 cs=0 l=1 rev1=1 rx=0x7f90a000b5f0 tx=0x7f90a0006ee0).ready entity=mon.0 client_cookie=bddd3ea99907eb16 server_cookie=0 in_seq=0 out_seq=0
2023-10-18T20:51:14.053 INFO:teuthology.orchestra.run.smithi008.stderr:/usr/bin/ceph:
2023-10-18T20:51:14.048+0000 7f90ad59a700 1 -- 172.21.15.8:0/486334778 <== mon.0 v2:172.21.15.8:3300/0 1 ==== mon_map magic: 0 v1 ==== 229+0+0 (secure 0 0 0) 0x7f90a000d600 con 0x7f90b006fc30
2023-10-18T20:51:14.053 INFO:teuthology.orchestra.run.smithi008.stderr:/usr/bin/ceph:
2023-10-18T20:51:14.048+0000 7f90ad59a700 1 -- 172.21.15.8:0/486334778 <== mon.0 v2:172.21.15.8:3300/0 2 ==== config(25 keys) v1 ==== 1010+0+0 (secure 0 0 0) 0x7f90a000dbd0 con 0x7f90b006fc30
2023-10-18T20:51:14.053 INFO:teuthology.orchestra.run.smithi008.stderr:/usr/bin/ceph:
2023-10-18T20:51:14.048+0000 7f90ad59a700 1 -- 172.21.15.8:0/486334778 <== mon.0 v2:172.21.15.8:3300/0 3 ==== mon_map magic: 0 v1 ==== 229+0+0 (secure 0 0 0) 0x7f90a0011c00 con 0x7f90b006fc30
2023-10-18T20:51:14.053 INFO:teuthology.orchestra.run.smithi008.stderr:/usr/bin/ceph:
2023-10-18T20:51:14.049+0000 7f90af59e700 1 -- 172.21.15.8:0/486334778 >> [v2:172.21.15.8:3300/0,v1:172.21.15.8:6789/0] conn(0x7f90b006fc30 msgr2=0x7f90b00fe650 secure :-1 s=STATE_CONNECTION_ESTABLISHED l=1).mark_down
2023-10-18T20:51:14.053 INFO:teuthology.orchestra.run.smithi008.stderr:/usr/bin/ceph:
2023-10-18T20:51:14.049+0000 7f90af59e700 1 --2- 172.21.15.8:0/486334778 >> [v2:172.21.15.8:3300/0,v1:172.21.15.8:6789/0] conn(0x7f90b006fc30 0x7f90b00fe650 secure :-1 s=READY pgs=66 cs=0 l=1 rev1=1 rx=0x7f90a000b5f0 tx=0x7f90a0006ee0).stop
2023-10-18T20:51:14.054 INFO:teuthology.orchestra.run.smithi008.stderr:/usr/bin/ceph:
2023-10-18T20:51:14.049+0000 7f90af59e700 1 -- 172.21.15.8:0/486334778 shutdown_connections
2023-10-18T20:51:14.054 INFO:teuthology.orchestra.run.smithi008.stderr:/usr/bin/ceph:
2023-10-18T20:51:14.049+0000 7f90af59e700 1 --2- 172.21.15.8:0/486334778 >> [v2:172.21.15.8:3300/0,v1:172.21.15.8:6789/0] conn(0x7f90b006fc30 0x7f90b00fe650 unknown :-1 s=CLOSED pgs=66 cs=0 l=1 rev1=1 rx=0 tx=0).stop
2023-10-18T20:51:14.054 INFO:teuthology.orchestra.run.smithi008.stderr:/usr/bin/ceph:
2023-10-18T20:51:14.049+0000 7f90af59e700 1 -- 172.21.15.8:0/486334778 >> 172.21.15.8:0/486334778 conn(0x7f90b00f6130 msgr2=0x7f90b00f8550 unknown :-1 s=STATE_NONE l=0).mark_down
2023-10-18T20:51:14.054 INFO:teuthology.orchestra.run.smithi008.stderr:/usr/bin/ceph:
2023-10-18T20:51:14.049+0000 7f90af59e700 1 -- 172.21.15.8:0/486334778 shutdown_connections
2023-10-18T20:51:14.054 INFO:teuthology.orchestra.run.smithi008.stderr:/usr/bin/ceph:
2023-10-18T20:51:14.049+0000 7f90af59e700 1 -- 172.21.15.8:0/486334778 wait complete.
2023-10-18T20:51:14.057 INFO:teuthology.orchestra.run.smithi008.stderr:/usr/bin/ceph:
2023-10-18T20:51:14.050+0000 7f90af59e700 1 Processor -- start
2023-10-18T20:51:14.057 INFO:teuthology.orchestra.run.smithi008.stderr:/usr/bin/ceph:
2023-10-18T20:51:14.050+0000 7f90af59e700 1 -- start start
2023-10-18T20:51:14.057 INFO:teuthology.orchestra.run.smithi008.stderr:/usr/bin/ceph:
2023-10-18T20:51:14.050+0000 7f90af59e700 1 --2- >> [v2:172.21.15.8:3300/0,v1:172.21.15.8:6789/0] conn(0x7f90b006fc30 0x7f90b01085d0 unknown :-1 s=NONE pgs=0 cs=0 l=1 rev1=0 rx=0 tx=0).connect
2023-10-18T20:51:14.057 INFO:teuthology.orchestra.run.smithi008.stderr:/usr/bin/ceph:
2023-10-18T20:51:14.050+0000 7f90af59e700 1 -- --> [v2:172.21.15.8:3300/0,v1:172.21.15.8:6789/0] -- mon_getmap magic: 0 v1 -- 0x7f90b0108ac0 con 0x7f90b006fc30
2023-10-18T20:51:14.058 INFO:teuthology.orchestra.run.smithi008.stderr:/usr/bin/ceph:
2023-10-18T20:51:14.050+0000 7f90ae59c700 1 --2- >> [v2:172.21.15.8:3300/0,v1:172.21.15.8:6789/0] conn(0x7f90b006fc30 0x7f90b01085d0 unknown :-1 s=BANNER_CONNECTING pgs=0 cs=0 l=1 rev1=0 rx=0 tx=0)._handle_peer_banner_payload supported=1 required=0
2023-10-18T20:51:14.058 INFO:teuthology.orchestra.run.smithi008.stderr:/usr/bin/ceph:
2023-10-18T20:51:14.050+0000 7f90ae59c700 1 --2- >> [v2:172.21.15.8:3300/0,v1:172.21.15.8:6789/0] conn(0x7f90b006fc30 0x7f90b01085d0 unknown :-1 s=HELLO_CONNECTING pgs=0 cs=0 l=1 rev1=1 rx=0 tx=0).handle_hello peer v2:172.21.15.8:3300/0 says I am v2:172.21.15.8:36964/0 (socket says 172.21.15.8:36964)
2023-10-18T20:51:14.058 INFO:teuthology.orchestra.run.smithi008.stderr:/usr/bin/ceph:
2023-10-18T20:51:14.050+0000 7f90ae59c700 1 -- 172.21.15.8:0/196941491 learned_addr learned my addr 172.21.15.8:0/196941491 (peer_addr_for_me v2:172.21.15.8:0/0)
2023-10-18T20:51:14.058 INFO:teuthology.orchestra.run.smithi008.stderr:/usr/bin/ceph:
2023-10-18T20:51:14.051+0000 7f90ae59c700 1 -- 172.21.15.8:0/196941491 --> [v2:172.21.15.8:3300/0,v1:172.21.15.8:6789/0] -- mon_subscribe({config=0+,monmap=0+}) v3 -- 0x7f90a000b200 con 0x7f90b006fc30
2023-10-18T20:51:14.058 INFO:teuthology.orchestra.run.smithi008.stderr:/usr/bin/ceph:
2023-10-18T20:51:14.051+0000 7f90ae59c700 1 --2- 172.21.15.8:0/196941491 >> [v2:172.21.15.8:3300/0,v1:172.21.15.8:6789/0] conn(0x7f90b006fc30 0x7f90b01085d0 secure :-1 s=READY pgs=67 cs=0 l=1 rev1=1 rx=0x7f90a000e040 tx=0x7f90a0006ee0).ready entity=mon.0 client_cookie=0 server_cookie=0 in_seq=0 out_seq=0
2023-10-18T20:51:14.059 INFO:teuthology.orchestra.run.smithi008.stderr:/usr/bin/ceph:
2023-10-18T20:51:14.051+0000 7f909effd700 1 -- 172.21.15.8:0/196941491 <== mon.0 v2:172.21.15.8:3300/0 1 ==== mon_map magic: 0 v1 ==== 229+0+0 (secure 0 0 0) 0x7f90a000d9f0 con 0x7f90b006fc30
2023-10-18T20:51:14.059 INFO:teuthology.orchestra.run.smithi008.stderr:/usr/bin/ceph:
2023-10-18T20:51:14.051+0000 7f909effd700 1 -- 172.21.15.8:0/196941491 <== mon.0 v2:172.21.15.8:3300/0 2 ==== config(25 keys) v1 ==== 1010+0+0 (secure 0 0 0) 0x7f90a001a9f0 con 0x7f90b006fc30
2023-10-18T20:51:14.059 INFO:teuthology.orchestra.run.smithi008.stderr:/usr/bin/ceph:
2023-10-18T20:51:14.051+0000 7f90af59e700 1 -- 172.21.15.8:0/196941491 --> [v2:172.21.15.8:3300/0,v1:172.21.15.8:6789/0] -- mon_subscribe({mgrmap=0+}) v3 -- 0x7f90b0108cc0 con 0x7f90b006fc30
2023-10-18T20:51:14.059 INFO:teuthology.orchestra.run.smithi008.stderr:/usr/bin/ceph:
2023-10-18T20:51:14.051+0000 7f909effd700 1 -- 172.21.15.8:0/196941491 <== mon.0 v2:172.21.15.8:3300/0 3 ==== mon_map magic: 0 v1 ==== 229+0+0 (secure 0 0 0) 0x7f90a001b8c0 con 0x7f90b006fc30
2023-10-18T20:51:14.059 INFO:teuthology.orchestra.run.smithi008.stderr:/usr/bin/ceph:
2023-10-18T20:51:14.051+0000 7f90af59e700 1 -- 172.21.15.8:0/196941491 --> [v2:172.21.15.8:3300/0,v1:172.21.15.8:6789/0] -- mon_subscribe({osdmap=0}) v3 -- 0x7f90b01090d0 con 0x7f90b006fc30
2023-10-18T20:51:14.060 INFO:teuthology.orchestra.run.smithi008.stderr:/usr/bin/ceph:
2023-10-18T20:51:14.052+0000 7f90af59e700 1 -- 172.21.15.8:0/196941491 --> [v2:172.21.15.8:3300/0,v1:172.21.15.8:6789/0] -- mon_command({"prefix": "get_command_descriptions"} v 0) v1 -- 0x7f90b0045ad0 con 0x7f90b006fc30
2023-10-18T20:51:14.060 INFO:teuthology.orchestra.run.smithi008.stderr:/usr/bin/ceph:
2023-10-18T20:51:14.052+0000 7f909effd700 1 -- 172.21.15.8:0/196941491 <== mon.0 v2:172.21.15.8:3300/0 4 ==== mgrmap(e 12) v1 ==== 36195+0+0 (secure 0 0 0) 0x7f90a000f070 con 0x7f90b006fc30
2023-10-18T20:51:14.060 INFO:teuthology.orchestra.run.smithi008.stderr:/usr/bin/ceph:
2023-10-18T20:51:14.053+0000 7f909effd700 1 --2- 172.21.15.8:0/196941491 >> [v2:172.21.15.8:6800/2925059353,v1:172.21.15.8:6801/2925059353] conn(0x7f9094034300 0x7f90940367c0 unknown :-1 s=NONE pgs=0 cs=0 l=1 rev1=0 rx=0 tx=0).connect
2023-10-18T20:51:14.060 INFO:teuthology.orchestra.run.smithi008.stderr:/usr/bin/ceph:
2023-10-18T20:51:14.053+0000 7f909effd700 1 -- 172.21.15.8:0/196941491 <== mon.0 v2:172.21.15.8:3300/0 5 ==== osd_map(3..3 src has 1..3) v4 ==== 1098+0+0 (secure 0 0 0) 0x7f90a0041460 con 0x7f90b006fc30
2023-10-18T20:51:14.060 INFO:teuthology.orchestra.run.smithi008.stderr:/usr/bin/ceph:
2023-10-18T20:51:14.053+0000 7f90add9b700 1 --2- 172.21.15.8:0/196941491 >> [v2:172.21.15.8:6800/2925059353,v1:172.21.15.8:6801/2925059353] conn(0x7f9094034300 0x7f90940367c0 unknown :-1 s=BANNER_CONNECTING pgs=0 cs=0 l=1 rev1=0 rx=0 tx=0)._handle_peer_banner_payload supported=1 required=0
2023-10-18T20:51:14.061 INFO:teuthology.orchestra.run.smithi008.stderr:/usr/bin/ceph:
2023-10-18T20:51:14.054+0000 7f90add9b700 1 --2- 172.21.15.8:0/196941491 >> [v2:172.21.15.8:6800/2925059353,v1:172.21.15.8:6801/2925059353] conn(0x7f9094034300 0x7f90940367c0 secure :-1 s=READY pgs=10 cs=0 l=1 rev1=1 rx=0x7f90a40096a0 tx=0x7f90a4006b40).ready entity=mgr.14144 client_cookie=0 server_cookie=0 in_seq=0 out_seq=0
2023-10-18T20:51:14.061 INFO:teuthology.orchestra.run.smithi008.stderr:/usr/bin/ceph:
2023-10-18T20:51:14.057+0000 7f909effd700 1 -- 172.21.15.8:0/196941491 <== mon.0 v2:172.21.15.8:3300/0 6 ==== mon_command_ack([{"prefix": "get_command_descriptions"}]=0 v0) v1 ==== 72+0+152212 (secure 0 0 0) 0x7f90a0019d70 con 0x7f90b006fc30
2023-10-18T20:51:14.225 INFO:teuthology.orchestra.run.smithi008.stderr:/usr/bin/ceph:
2023-10-18T20:51:14.223+0000 7f90af59e700 1 -- 172.21.15.8:0/196941491 --> [v2:172.21.15.8:3300/0,v1:172.21.15.8:6789/0] -- mon_command([{prefix=config set, name=mgr/dashboard/ssl_server_port}] v 0) v1 -- 0x7f90b00faf10 con 0x7f90b006fc30
2023-10-18T20:51:14.227 INFO:teuthology.orchestra.run.smithi008.stderr:/usr/bin/ceph:
2023-10-18T20:51:14.226+0000 7f909effd700 1 -- 172.21.15.8:0/196941491 <== mon.0 v2:172.21.15.8:3300/0 7 ==== mon_command_ack([{prefix=config set, name=mgr/dashboard/ssl_server_port}]=0 v9)=0 v9) v1 ==== 130+0+0 (secure 0 0 0) 0x7f90a0016030 con 0x7f90b006fc30
2023-10-18T20:51:14.230 INFO:teuthology.orchestra.run.smithi008.stderr:/usr/bin/ceph:
2023-10-18T20:51:14.228+0000 7f90af59e700 1 -- 172.21.15.8:0/196941491 >> [v2:172.21.15.8:6800/2925059353,v1:172.21.15.8:6801/2925059353] conn(0x7f9094034300 msgr2=0x7f90940367c0 secure :-1 s=STATE_CONNECTION_ESTABLISHED l=1).mark_down
2023-10-18T20:51:14.230 INFO:teuthology.orchestra.run.smithi008.stderr:/usr/bin/ceph:
2023-10-18T20:51:14.228+0000 7f90af59e700 1 --2- 172.21.15.8:0/196941491 >> [v2:172.21.15.8:6800/2925059353,v1:172.21.15.8:6801/2925059353] conn(0x7f9094034300 0x7f90940367c0 secure :-1 s=READY pgs=10 cs=0 l=1 rev1=1 rx=0x7f90a40096a0 tx=0x7f90a4006b40).stop
2023-10-18T20:51:14.230 INFO:teuthology.orchestra.run.smithi008.stderr:/usr/bin/ceph:
2023-10-18T20:51:14.228+0000 7f90af59e700 1 -- 172.21.15.8:0/196941491 >> [v2:172.21.15.8:3300/0,v1:172.21.15.8:6789/0] conn(0x7f90b006fc30 msgr2=0x7f90b01085d0 secure :-1 s=STATE_CONNECTION_ESTABLISHED l=1).mark_down
2023-10-18T20:51:14.231 INFO:teuthology.orchestra.run.smithi008.stderr:/usr/bin/ceph:
2023-10-18T20:51:14.228+0000 7f90af59e700 1 --2- 172.21.15.8:0/196941491 >> [v2:172.21.15.8:3300/0,v1:172.21.15.8:6789/0] conn(0x7f90b006fc30 0x7f90b01085d0 secure :-1 s=READY pgs=67 cs=0 l=1 rev1=1 rx=0x7f90a000e040 tx=0x7f90a0006ee0).stop
2023-10-18T20:51:14.231 INFO:teuthology.orchestra.run.smithi008.stderr:/usr/bin/ceph:
2023-10-18T20:51:14.228+0000 7f90af59e700 1 -- 172.21.15.8:0/196941491 shutdown_connections
2023-10-18T20:51:14.232 INFO:teuthology.orchestra.run.smithi008.stderr:/usr/bin/ceph:
2023-10-18T20:51:14.228+0000 7f90af59e700 1 --2- 172.21.15.8:0/196941491 >> [v2:172.21.15.8:6800/2925059353,v1:172.21.15.8:6801/2925059353] conn(0x7f9094034300 0x7f90940367c0 unknown :-1 s=CLOSED pgs=10 cs=0 l=1 rev1=1 rx=0 tx=0).stop
2023-10-18T20:51:14.232 INFO:teuthology.orchestra.run.smithi008.stderr:/usr/bin/ceph:
2023-10-18T20:51:14.228+0000 7f90af59e700 1 --2- 172.21.15.8:0/196941491 >> [v2:172.21.15.8:3300/0,v1:172.21.15.8:6789/0] conn(0x7f90b006fc30 0x7f90b01085d0 unknown :-1 s=CLOSED pgs=67 cs=0 l=1 rev1=1 rx=0 tx=0).stop
2023-10-18T20:51:14.232 INFO:teuthology.orchestra.run.smithi008.stderr:/usr/bin/ceph:
2023-10-18T20:51:14.228+0000 7f90af59e700 1 -- 172.21.15.8:0/196941491 >> 172.21.15.8:0/196941491 conn(0x7f90b00f6130 msgr2=0x7f90b00fcae0 unknown :-1 s=STATE_NONE l=0).mark_down
2023-10-18T20:51:14.232 INFO:teuthology.orchestra.run.smithi008.stderr:/usr/bin/ceph:
2023-10-18T20:51:14.228+0000 7f90af59e700 1 -- 172.21.15.8:0/196941491 shutdown_connections
2023-10-18T20:51:14.232 INFO:teuthology.orchestra.run.smithi008.stderr:/usr/bin/ceph:
2023-10-18T20:51:14.228+0000 7f90af59e700 1 -- 172.21.15.8:0/196941491 wait complete.
2023-10-18T20:51:14.569 INFO:teuthology.orchestra.run.smithi008.stderr:Enabling the dashboard module...
2023-10-18T20:51:14.569 INFO:teuthology.orchestra.run.smithi008.stderr:Running command: /bin/podman run --rm --ipc=host --no-hosts --net=host --entrypoint /usr/bin/ceph --init -e CONTAINER_IMAGE=docker.io/ceph/ceph:v16.2.4 -e NODE_NAME=smithi008 -e CEPH_USE_RANDOM_NONCE=1 -v /var/log/ceph/e1aaa62c-6df7-11ee-8db6-212e2dc638e7:/var/log/ceph:z -v /tmp/ceph-tmpi1zb0o0g:/etc/ceph/ceph.client.admin.keyring:z -v /tmp/ceph-tmp2ve_l47r:/etc/ceph/ceph.conf:z docker.io/ceph/ceph:v16.2.4 mgr module enable dashboard
2023-10-18T20:51:14.990 INFO:teuthology.orchestra.run.smithi008.stderr:/usr/bin/ceph:
2023-10-18T20:51:14.987+0000 7f1c82097700 1 Processor -- start
2023-10-18T20:51:14.990 INFO:teuthology.orchestra.run.smithi008.stderr:/usr/bin/ceph:
2023-10-18T20:51:14.987+0000 7f1c82097700 1 -- start start
2023-10-18T20:51:14.990 INFO:teuthology.orchestra.run.smithi008.stderr:/usr/bin/ceph:
2023-10-18T20:51:14.988+0000 7f1c82097700 1 --2- >> [v2:172.21.15.8:3300/0,v1:172.21.15.8:6789/0] conn(0x7f1c7c06fc30 0x7f1c7c0fe650 unknown :-1 s=NONE pgs=0 cs=0 l=0 rev1=0 rx=0 tx=0).connect
2023-10-18T20:51:14.992 INFO:teuthology.orchestra.run.smithi008.stderr:/usr/bin/ceph:
2023-10-18T20:51:14.988+0000 7f1c82097700 1 -- --> [v2:172.21.15.8:3300/0,v1:172.21.15.8:6789/0] -- mon_getmap magic: 0 v1 -- 0x7f1c7c0feb40 con 0x7f1c7c06fc30
2023-10-18T20:51:14.992 INFO:teuthology.orchestra.run.smithi008.stderr:/usr/bin/ceph:
2023-10-18T20:51:14.988+0000 7f1c81095700 1 --2- >> [v2:172.21.15.8:3300/0,v1:172.21.15.8:6789/0] conn(0x7f1c7c06fc30 0x7f1c7c0fe650 unknown :-1 s=BANNER_CONNECTING pgs=0 cs=0 l=0 rev1=0 rx=0 tx=0)._handle_peer_banner_payload supported=1 required=0
2023-10-18T20:51:14.993 INFO:teuthology.orchestra.run.smithi008.stderr:/usr/bin/ceph:
2023-10-18T20:51:14.988+0000 7f1c81095700 1 --2- >> [v2:172.21.15.8:3300/0,v1:172.21.15.8:6789/0] conn(0x7f1c7c06fc30 0x7f1c7c0fe650 unknown :-1 s=HELLO_CONNECTING pgs=0 cs=0 l=0 rev1=1 rx=0 tx=0).handle_hello peer v2:172.21.15.8:3300/0 says I am v2:172.21.15.8:36980/0 (socket says 172.21.15.8:36980)
2023-10-18T20:51:14.993 INFO:teuthology.orchestra.run.smithi008.stderr:/usr/bin/ceph:
2023-10-18T20:51:14.988+0000 7f1c81095700 1 -- 172.21.15.8:0/111540043 learned_addr learned my addr 172.21.15.8:0/111540043 (peer_addr_for_me v2:172.21.15.8:0/0)
2023-10-18T20:51:14.993 INFO:teuthology.orchestra.run.smithi008.stderr:/usr/bin/ceph:
2023-10-18T20:51:14.988+0000 7f1c81095700 1 -- 172.21.15.8:0/111540043 --> [v2:172.21.15.8:3300/0,v1:172.21.15.8:6789/0] -- mon_subscribe({config=0+,monmap=0+}) v3 -- 0x7f1c7c0fec80 con 0x7f1c7c06fc30
2023-10-18T20:51:14.993 INFO:teuthology.orchestra.run.smithi008.stderr:/usr/bin/ceph:
2023-10-18T20:51:14.989+0000 7f1c81095700 1 --2- 172.21.15.8:0/111540043 >> [v2:172.21.15.8:3300/0,v1:172.21.15.8:6789/0] conn(0x7f1c7c06fc30 0x7f1c7c0fe650 secure :-1 s=READY pgs=68 cs=0 l=1 rev1=1 rx=0x7f1c7800b5f0 tx=0x7f1c78006ee0).ready entity=mon.0 client_cookie=20063f34f426c6d2 server_cookie=0 in_seq=0 out_seq=0
2023-10-18T20:51:14.993 INFO:teuthology.orchestra.run.smithi008.stderr:/usr/bin/ceph:
2023-10-18T20:51:14.989+0000 7f1c6bfff700 1 -- 172.21.15.8:0/111540043 <== mon.0 v2:172.21.15.8:3300/0 1 ==== mon_map magic: 0 v1 ==== 229+0+0 (secure 0 0 0) 0x7f1c7800d600 con 0x7f1c7c06fc30
2023-10-18T20:51:14.994 INFO:teuthology.orchestra.run.smithi008.stderr:/usr/bin/ceph:
2023-10-18T20:51:14.989+0000 7f1c6bfff700 1 -- 172.21.15.8:0/111540043 <== mon.0 v2:172.21.15.8:3300/0 2 ==== config(25 keys) v1 ==== 1010+0+0 (secure 0 0 0) 0x7f1c7800dbd0 con 0x7f1c7c06fc30
2023-10-18T20:51:14.994 INFO:teuthology.orchestra.run.smithi008.stderr:/usr/bin/ceph:
2023-10-18T20:51:14.989+0000 7f1c6bfff700 1 -- 172.21.15.8:0/111540043 <== mon.0 v2:172.21.15.8:3300/0 3 ==== mon_map magic: 0 v1 ==== 229+0+0 (secure 0 0 0) 0x7f1c78011c00 con 0x7f1c7c06fc30
2023-10-18T20:51:14.994 INFO:teuthology.orchestra.run.smithi008.stderr:/usr/bin/ceph:
2023-10-18T20:51:14.990+0000 7f1c82097700 1 -- 172.21.15.8:0/111540043 >> [v2:172.21.15.8:3300/0,v1:172.21.15.8:6789/0] conn(0x7f1c7c06fc30 msgr2=0x7f1c7c0fe650 secure :-1 s=STATE_CONNECTION_ESTABLISHED l=1).mark_down
2023-10-18T20:51:14.994 INFO:teuthology.orchestra.run.smithi008.stderr:/usr/bin/ceph:
2023-10-18T20:51:14.990+0000 7f1c82097700 1 --2- 172.21.15.8:0/111540043 >> [v2:172.21.15.8:3300/0,v1:172.21.15.8:6789/0] conn(0x7f1c7c06fc30 0x7f1c7c0fe650 secure :-1 s=READY pgs=68 cs=0 l=1 rev1=1 rx=0x7f1c7800b5f0 tx=0x7f1c78006ee0).stop
2023-10-18T20:51:14.995 INFO:teuthology.orchestra.run.smithi008.stderr:/usr/bin/ceph:
2023-10-18T20:51:14.990+0000 7f1c82097700 1 -- 172.21.15.8:0/111540043 shutdown_connections
2023-10-18T20:51:14.995 INFO:teuthology.orchestra.run.smithi008.stderr:/usr/bin/ceph:
2023-10-18T20:51:14.990+0000 7f1c82097700 1 --2- 172.21.15.8:0/111540043 >> [v2:172.21.15.8:3300/0,v1:172.21.15.8:6789/0] conn(0x7f1c7c06fc30 0x7f1c7c0fe650 unknown :-1 s=CLOSED pgs=68 cs=0 l=1 rev1=1 rx=0 tx=0).stop
2023-10-18T20:51:14.995 INFO:teuthology.orchestra.run.smithi008.stderr:/usr/bin/ceph:
2023-10-18T20:51:14.990+0000 7f1c82097700 1 -- 172.21.15.8:0/111540043 >> 172.21.15.8:0/111540043 conn(0x7f1c7c0f6130 msgr2=0x7f1c7c0f8550 unknown :-1 s=STATE_NONE l=0).mark_down
2023-10-18T20:51:14.995 INFO:teuthology.orchestra.run.smithi008.stderr:/usr/bin/ceph:
2023-10-18T20:51:14.990+0000 7f1c82097700 1 -- 172.21.15.8:0/111540043 shutdown_connections
2023-10-18T20:51:14.995 INFO:teuthology.orchestra.run.smithi008.stderr:/usr/bin/ceph:
2023-10-18T20:51:14.990+0000 7f1c82097700 1 -- 172.21.15.8:0/111540043 wait complete.
2023-10-18T20:51:14.995 INFO:teuthology.orchestra.run.smithi008.stderr:/usr/bin/ceph:
2023-10-18T20:51:14.991+0000 7f1c82097700 1 Processor -- start
2023-10-18T20:51:14.998 INFO:teuthology.orchestra.run.smithi008.stderr:/usr/bin/ceph:
2023-10-18T20:51:14.991+0000 7f1c82097700 1 -- start start
2023-10-18T20:51:14.998 INFO:teuthology.orchestra.run.smithi008.stderr:/usr/bin/ceph:
2023-10-18T20:51:14.991+0000 7f1c82097700 1 --2- >> [v2:172.21.15.8:3300/0,v1:172.21.15.8:6789/0] conn(0x7f1c7c06fc30 0x7f1c7c10a7e0 unknown :-1 s=NONE pgs=0 cs=0 l=1 rev1=0 rx=0 tx=0).connect
2023-10-18T20:51:14.998 INFO:teuthology.orchestra.run.smithi008.stderr:/usr/bin/ceph:
2023-10-18T20:51:14.991+0000 7f1c82097700 1 -- --> [v2:172.21.15.8:3300/0,v1:172.21.15.8:6789/0] -- mon_getmap magic: 0 v1 -- 0x7f1c7c10acd0 con 0x7f1c7c06fc30
2023-10-18T20:51:14.998 INFO:teuthology.orchestra.run.smithi008.stderr:/usr/bin/ceph:
2023-10-18T20:51:14.992+0000 7f1c81095700 1 --2- >> [v2:172.21.15.8:3300/0,v1:172.21.15.8:6789/0] conn(0x7f1c7c06fc30 0x7f1c7c10a7e0 unknown :-1 s=BANNER_CONNECTING pgs=0 cs=0 l=1 rev1=0 rx=0 tx=0)._handle_peer_banner_payload supported=1 required=0
2023-10-18T20:51:14.998 INFO:teuthology.orchestra.run.smithi008.stderr:/usr/bin/ceph:
2023-10-18T20:51:14.992+0000 7f1c81095700 1 --2- >> [v2:172.21.15.8:3300/0,v1:172.21.15.8:6789/0] conn(0x7f1c7c06fc30 0x7f1c7c10a7e0 unknown :-1 s=HELLO_CONNECTING pgs=0 cs=0 l=1 rev1=1 rx=0 tx=0).handle_hello peer v2:172.21.15.8:3300/0 says I am v2:172.21.15.8:36988/0 (socket says 172.21.15.8:36988)
2023-10-18T20:51:14.999 INFO:teuthology.orchestra.run.smithi008.stderr:/usr/bin/ceph:
2023-10-18T20:51:14.992+0000 7f1c81095700 1 -- 172.21.15.8:0/2386290793 learned_addr learned my addr 172.21.15.8:0/2386290793 (peer_addr_for_me v2:172.21.15.8:0/0)
2023-10-18T20:51:15.000 INFO:teuthology.orchestra.run.smithi008.stderr:/usr/bin/ceph:
2023-10-18T20:51:14.992+0000 7f1c81095700 1 -- 172.21.15.8:0/2386290793 --> [v2:172.21.15.8:3300/0,v1:172.21.15.8:6789/0] -- mon_subscribe({config=0+,monmap=0+}) v3 -- 0x7f1c7800b200 con 0x7f1c7c06fc30
2023-10-18T20:51:15.001 INFO:teuthology.orchestra.run.smithi008.stderr:/usr/bin/ceph:
2023-10-18T20:51:14.992+0000 7f1c81095700 1 --2- 172.21.15.8:0/2386290793 >> [v2:172.21.15.8:3300/0,v1:172.21.15.8:6789/0] conn(0x7f1c7c06fc30 0x7f1c7c10a7e0 secure :-1 s=READY pgs=69 cs=0 l=1 rev1=1 rx=0x7f1c7800e040 tx=0x7f1c78006ee0).ready entity=mon.0 client_cookie=0 server_cookie=0 in_seq=0 out_seq=0
2023-10-18T20:51:15.001 INFO:teuthology.orchestra.run.smithi008.stderr:/usr/bin/ceph:
2023-10-18T20:51:14.992+0000 7f1c69ffb700 1 -- 172.21.15.8:0/2386290793 <== mon.0 v2:172.21.15.8:3300/0 1 ==== mon_map magic: 0 v1 ==== 229+0+0 (secure 0 0 0) 0x7f1c7800d9f0 con 0x7f1c7c06fc30
2023-10-18T20:51:15.001 INFO:teuthology.orchestra.run.smithi008.stderr:/usr/bin/ceph:
2023-10-18T20:51:14.992+0000 7f1c69ffb700 1 -- 172.21.15.8:0/2386290793 <== mon.0 v2:172.21.15.8:3300/0 2 ==== config(25 keys) v1 ==== 1010+0+0 (secure 0 0 0) 0x7f1c7801a9f0 con 0x7f1c7c06fc30
2023-10-18T20:51:15.001 INFO:teuthology.orchestra.run.smithi008.stderr:/usr/bin/ceph:
2023-10-18T20:51:14.992+0000 7f1c69ffb700 1 -- 172.21.15.8:0/2386290793 <== mon.0 v2:172.21.15.8:3300/0 3 ==== mon_map magic: 0 v1 ==== 229+0+0 (secure 0 0 0) 0x7f1c7801b8c0 con 0x7f1c7c06fc30
2023-10-18T20:51:15.002 INFO:teuthology.orchestra.run.smithi008.stderr:/usr/bin/ceph:
2023-10-18T20:51:14.992+0000 7f1c82097700 1 -- 172.21.15.8:0/2386290793 --> [v2:172.21.15.8:3300/0,v1:172.21.15.8:6789/0] -- mon_subscribe({mgrmap=0+}) v3 -- 0x7f1c7c10aed0 con 0x7f1c7c06fc30
2023-10-18T20:51:15.002 INFO:teuthology.orchestra.run.smithi008.stderr:/usr/bin/ceph:
2023-10-18T20:51:14.993+0000 7f1c82097700 1 -- 172.21.15.8:0/2386290793 --> [v2:172.21.15.8:3300/0,v1:172.21.15.8:6789/0] -- mon_subscribe({osdmap=0}) v3 -- 0x7f1c7c10b2e0 con 0x7f1c7c06fc30
2023-10-18T20:51:15.002 INFO:teuthology.orchestra.run.smithi008.stderr:/usr/bin/ceph:
2023-10-18T20:51:14.994+0000 7f1c69ffb700 1 -- 172.21.15.8:0/2386290793 <== mon.0 v2:172.21.15.8:3300/0 4 ==== mgrmap(e 12) v1 ==== 36195+0+0 (secure 0 0 0) 0x7f1c7800f070 con 0x7f1c7c06fc30
2023-10-18T20:51:15.002 INFO:teuthology.orchestra.run.smithi008.stderr:/usr/bin/ceph:
2023-10-18T20:51:14.994+0000 7f1c82097700 1 -- 172.21.15.8:0/2386290793 --> [v2:172.21.15.8:3300/0,v1:172.21.15.8:6789/0] -- mon_command({"prefix": "get_command_descriptions"} v 0) v1 -- 0x7f1c7c045ad0 con 0x7f1c7c06fc30
2023-10-18T20:51:15.002 INFO:teuthology.orchestra.run.smithi008.stderr:/usr/bin/ceph:
2023-10-18T20:51:14.994+0000 7f1c69ffb700 1 --2- 172.21.15.8:0/2386290793 >> [v2:172.21.15.8:6800/2925059353,v1:172.21.15.8:6801/2925059353] conn(0x7f1c6402feb0 0x7f1c64032370 unknown :-1 s=NONE pgs=0 cs=0 l=1 rev1=0 rx=0 tx=0).connect
2023-10-18T20:51:15.003 INFO:teuthology.orchestra.run.smithi008.stderr:/usr/bin/ceph:
2023-10-18T20:51:14.994+0000 7f1c69ffb700 1 -- 172.21.15.8:0/2386290793 <== mon.0 v2:172.21.15.8:3300/0 5 ==== osd_map(3..3 src has 1..3) v4 ==== 1098+0+0 (secure 0 0 0) 0x7f1c780414c0 con 0x7f1c7c06fc30
2023-10-18T20:51:15.003 INFO:teuthology.orchestra.run.smithi008.stderr:/usr/bin/ceph:
2023-10-18T20:51:14.994+0000 7f1c80894700 1 --2- 172.21.15.8:0/2386290793 >> [v2:172.21.15.8:6800/2925059353,v1:172.21.15.8:6801/2925059353] conn(0x7f1c6402feb0 0x7f1c64032370 unknown :-1 s=BANNER_CONNECTING pgs=0 cs=0 l=1 rev1=0 rx=0 tx=0)._handle_peer_banner_payload supported=1 required=0
2023-10-18T20:51:15.003 INFO:teuthology.orchestra.run.smithi008.stderr:/usr/bin/ceph:
2023-10-18T20:51:14.995+0000 7f1c80894700 1 --2- 172.21.15.8:0/2386290793 >> [v2:172.21.15.8:6800/2925059353,v1:172.21.15.8:6801/2925059353] conn(0x7f1c6402feb0 0x7f1c64032370 secure :-1 s=READY pgs=11 cs=0 l=1 rev1=1 rx=0x7f1c6c0096a0 tx=0x7f1c6c006b40).ready entity=mgr.14144 client_cookie=0 server_cookie=0 in_seq=0 out_seq=0
2023-10-18T20:51:15.004 INFO:teuthology.orchestra.run.smithi008.stderr:/usr/bin/ceph:
2023-10-18T20:51:14.998+0000 7f1c69ffb700 1 -- 172.21.15.8:0/2386290793 <== mon.0 v2:172.21.15.8:3300/0 6 ==== mon_command_ack([{"prefix": "get_command_descriptions"}]=0 v0) v1 ==== 72+0+152212 (secure 0 0 0) 0x7f1c78006a70 con 0x7f1c7c06fc30
2023-10-18T20:51:15.209 INFO:teuthology.orchestra.run.smithi008.stderr:/usr/bin/ceph:
2023-10-18T20:51:15.207+0000 7f1c82097700 1 -- 172.21.15.8:0/2386290793 --> [v2:172.21.15.8:3300/0,v1:172.21.15.8:6789/0] -- mon_command({"prefix": "mgr module enable", "module": "dashboard"} v 0) v1 -- 0x7f1c7c0ff8f0 con 0x7f1c7c06fc30
2023-10-18T20:51:15.228 INFO:teuthology.orchestra.run.smithi008.stderr:/usr/bin/ceph:
2023-10-18T20:51:15.226+0000 7f1c69ffb700 1 -- 172.21.15.8:0/2386290793 <== mon.0 v2:172.21.15.8:3300/0 7 ==== mgrmap(e 13) v1 ==== 36208+0+0 (secure 0 0 0) 0x7f1c7801a6c0 con 0x7f1c7c06fc30
2023-10-18T20:51:15.229 INFO:teuthology.orchestra.run.smithi008.stderr:/usr/bin/ceph:
2023-10-18T20:51:15.227+0000 7f1c69ffb700 1 -- 172.21.15.8:0/2386290793 <== mon.0 v2:172.21.15.8:3300/0 8 ==== mon_command_ack([{"prefix": "mgr module enable", "module": "dashboard"}]=0 v13) v1 ==== 88+0+0 (secure 0 0 0) 0x7f1c78005d50 con 0x7f1c7c06fc30
2023-10-18T20:51:15.232 INFO:teuthology.orchestra.run.smithi008.stderr:/usr/bin/ceph:
2023-10-18T20:51:15.230+0000 7f1c82097700 1 -- 172.21.15.8:0/2386290793 >> [v2:172.21.15.8:6800/2925059353,v1:172.21.15.8:6801/2925059353] conn(0x7f1c6402feb0 msgr2=0x7f1c64032370 secure :-1 s=STATE_CONNECTION_ESTABLISHED l=1).mark_down
2023-10-18T20:51:15.232 INFO:teuthology.orchestra.run.smithi008.stderr:/usr/bin/ceph:
2023-10-18T20:51:15.230+0000 7f1c82097700 1 --2- 172.21.15.8:0/2386290793 >> [v2:172.21.15.8:6800/2925059353,v1:172.21.15.8:6801/2925059353] conn(0x7f1c6402feb0 0x7f1c64032370 secure :-1 s=READY pgs=11 cs=0 l=1 rev1=1 rx=0x7f1c6c0096a0 tx=0x7f1c6c006b40).stop
2023-10-18T20:51:15.232 INFO:teuthology.orchestra.run.smithi008.stderr:/usr/bin/ceph:
2023-10-18T20:51:15.230+0000 7f1c82097700 1 -- 172.21.15.8:0/2386290793 >> [v2:172.21.15.8:3300/0,v1:172.21.15.8:6789/0] conn(0x7f1c7c06fc30 msgr2=0x7f1c7c10a7e0 secure :-1 s=STATE_CONNECTION_ESTABLISHED l=1).mark_down
2023-10-18T20:51:15.232 INFO:teuthology.orchestra.run.smithi008.stderr:/usr/bin/ceph:
2023-10-18T20:51:15.230+0000 7f1c82097700 1 --2- 172.21.15.8:0/2386290793 >> [v2:172.21.15.8:3300/0,v1:172.21.15.8:6789/0] conn(0x7f1c7c06fc30 0x7f1c7c10a7e0 secure :-1 s=READY pgs=69 cs=0 l=1 rev1=1 rx=0x7f1c7800e040 tx=0x7f1c78006ee0).stop
2023-10-18T20:51:15.233 INFO:teuthology.orchestra.run.smithi008.stderr:/usr/bin/ceph:
2023-10-18T20:51:15.230+0000 7f1c82097700 1 -- 172.21.15.8:0/2386290793 shutdown_connections
2023-10-18T20:51:15.233 INFO:teuthology.orchestra.run.smithi008.stderr:/usr/bin/ceph:
2023-10-18T20:51:15.230+0000 7f1c82097700 1 --2- 172.21.15.8:0/2386290793 >> [v2:172.21.15.8:6800/2925059353,v1:172.21.15.8:6801/2925059353] conn(0x7f1c6402feb0 0x7f1c64032370 unknown :-1 s=CLOSED pgs=11 cs=0 l=1 rev1=1 rx=0 tx=0).stop
2023-10-18T20:51:15.234 INFO:teuthology.orchestra.run.smithi008.stderr:/usr/bin/ceph:
