2023-10-19T11:56:18.722 INFO:journalctl@ceph.mon.a.smithi006.stdout:Oct 19 11:56:18 smithi006 ceph-mon[98496]: Manager daemon x is now available
2023-10-19T11:56:18.722 INFO:journalctl@ceph.mon.a.smithi006.stdout:Oct 19 11:56:18 smithi006 ceph-mon[98496]: from='mgr.14152 172.21.15.6:0/3881862565' entity='mgr.x' cmd=[{"prefix": "config dump", "format": "json"}]: dispatch
2023-10-19T11:56:18.722 INFO:journalctl@ceph.mon.a.smithi006.stdout:Oct 19 11:56:18 smithi006 ceph-mon[98496]: from='mgr.14152 172.21.15.6:0/3881862565' entity='mgr.x' cmd=[{"prefix": "config dump", "format": "json"}]: dispatch
2023-10-19T11:56:19.720 INFO:journalctl@ceph.mon.a.smithi006.stdout:Oct 19 11:56:19 smithi006 ceph-mon[98496]: from='mgr.14152 172.21.15.6:0/3881862565' entity='mgr.x' cmd=[{"prefix":"config rm","who":"mgr","name":"mgr/rbd_support/x/mirror_snapshot_schedule"}]: dispatch
2023-10-19T11:56:19.720 INFO:journalctl@ceph.mon.a.smithi006.stdout:Oct 19 11:56:19 smithi006 ceph-mon[98496]: from='mgr.14152 172.21.15.6:0/3881862565' entity='mgr.x' cmd=[{"prefix":"config rm","who":"mgr","name":"mgr/rbd_support/x/trash_purge_schedule"}]: dispatch
2023-10-19T11:56:19.721 INFO:journalctl@ceph.mon.a.smithi006.stdout:Oct 19 11:56:19 smithi006 ceph-mon[98496]: mgrmap e11: x(active, since 1.00765s)
2023-10-19T11:56:19.823 INFO:teuthology.orchestra.run.smithi006.stdout:/usr/bin/ceph: stdout {
2023-10-19T11:56:19.830 INFO:teuthology.orchestra.run.smithi006.stdout:/usr/bin/ceph: stdout "mgrmap_epoch": 11,
2023-10-19T11:56:19.830 INFO:teuthology.orchestra.run.smithi006.stdout:/usr/bin/ceph: stdout "initialized": true
2023-10-19T11:56:19.831 INFO:teuthology.orchestra.run.smithi006.stdout:/usr/bin/ceph: stdout }
2023-10-19T11:56:19.831 INFO:teuthology.orchestra.run.smithi006.stdout:/usr/bin/ceph: stderr
2023-10-19T11:56:12.054+0000 7f000eb43700 1 Processor -- start
2023-10-19T11:56:19.831 INFO:teuthology.orchestra.run.smithi006.stdout:/usr/bin/ceph: stderr
2023-10-19T11:56:12.054+0000 7f000eb43700 1 -- start start
2023-10-19T11:56:19.831 INFO:teuthology.orchestra.run.smithi006.stdout:/usr/bin/ceph: stderr
2023-10-19T11:56:12.055+0000 7f000eb43700 1 --2- >> [v2:172.21.15.6:3300/0,v1:172.21.15.6:6789/0] conn(0x7f000807bea0 0x7f000807a300 unknown :-1 s=NONE pgs=0 cs=0 l=0 rev1=0 crypto rx=0 tx=0 comp rx=0 tx=0).connect
2023-10-19T11:56:19.831 INFO:teuthology.orchestra.run.smithi006.stdout:/usr/bin/ceph: stderr
2023-10-19T11:56:12.055+0000 7f000eb43700 1 -- --> [v2:172.21.15.6:3300/0,v1:172.21.15.6:6789/0] -- mon_getmap magic: 0 v1 -- 0x7f000807a8d0 con 0x7f000807bea0
2023-10-19T11:56:19.832 INFO:teuthology.orchestra.run.smithi006.stdout:/usr/bin/ceph: stderr
2023-10-19T11:56:12.055+0000 7f000c8df700 1 --2- >> [v2:172.21.15.6:3300/0,v1:172.21.15.6:6789/0] conn(0x7f000807bea0 0x7f000807a300 unknown :-1 s=BANNER_CONNECTING pgs=0 cs=0 l=0 rev1=0 crypto rx=0 tx=0 comp rx=0 tx=0)._handle_peer_banner_payload supported=3 required=0
2023-10-19T11:56:19.832 INFO:teuthology.orchestra.run.smithi006.stdout:/usr/bin/ceph: stderr
2023-10-19T11:56:12.055+0000 7f000c8df700 1 --2- >> [v2:172.21.15.6:3300/0,v1:172.21.15.6:6789/0] conn(0x7f000807bea0 0x7f000807a300 unknown :-1 s=HELLO_CONNECTING pgs=0 cs=0 l=0 rev1=1 crypto rx=0 tx=0 comp rx=0 tx=0).handle_hello peer v2:172.21.15.6:3300/0 says I am v2:172.21.15.6:35024/0 (socket says 172.21.15.6:35024)
2023-10-19T11:56:19.832 INFO:teuthology.orchestra.run.smithi006.stdout:/usr/bin/ceph: stderr
2023-10-19T11:56:12.055+0000 7f000c8df700 1 -- 172.21.15.6:0/189502433 learned_addr learned my addr 172.21.15.6:0/189502433 (peer_addr_for_me v2:172.21.15.6:0/0)
2023-10-19T11:56:19.832 INFO:teuthology.orchestra.run.smithi006.stdout:/usr/bin/ceph: stderr
2023-10-19T11:56:12.056+0000 7f000c8df700 1 -- 172.21.15.6:0/189502433 --> [v2:172.21.15.6:3300/0,v1:172.21.15.6:6789/0] -- mon_subscribe({config=0+,monmap=0+}) v3 -- 0x7f000807aa10 con 0x7f000807bea0
2023-10-19T11:56:19.832 INFO:teuthology.orchestra.run.smithi006.stdout:/usr/bin/ceph: stderr
2023-10-19T11:56:12.056+0000 7f000c8df700 1 --2- 172.21.15.6:0/189502433 >> [v2:172.21.15.6:3300/0,v1:172.21.15.6:6789/0] conn(0x7f000807bea0 0x7f000807a300 secure :-1 s=READY pgs=61 cs=0 l=1 rev1=1 crypto rx=0x7efffc0098a0 tx=0x7efffc009bb0 comp rx=0 tx=0).ready entity=mon.0 client_cookie=52976dc9dcf575b5 server_cookie=0 in_seq=0 out_seq=0
2023-10-19T11:56:19.832 INFO:teuthology.orchestra.run.smithi006.stdout:/usr/bin/ceph: stderr
2023-10-19T11:56:12.056+0000 7f00077fe700 1 -- 172.21.15.6:0/189502433 <== mon.0 v2:172.21.15.6:3300/0 1 ==== mon_map magic: 0 v1 ==== 205+0+0 (secure 0 0 0) 0x7efffc004160 con 0x7f000807bea0
2023-10-19T11:56:19.833 INFO:teuthology.orchestra.run.smithi006.stdout:/usr/bin/ceph: stderr
2023-10-19T11:56:12.056+0000 7f00077fe700 1 -- 172.21.15.6:0/189502433 <== mon.0 v2:172.21.15.6:3300/0 2 ==== config(25 keys) v1 ==== 1067+0+0 (secure 0 0 0) 0x7efffc0042c0 con 0x7f000807bea0
2023-10-19T11:56:19.833 INFO:teuthology.orchestra.run.smithi006.stdout:/usr/bin/ceph: stderr
2023-10-19T11:56:12.056+0000 7f00077fe700 1 -- 172.21.15.6:0/189502433 <== mon.0 v2:172.21.15.6:3300/0 3 ==== mon_map magic: 0 v1 ==== 205+0+0 (secure 0 0 0) 0x7efffc0118e0 con 0x7f000807bea0
2023-10-19T11:56:19.833 INFO:teuthology.orchestra.run.smithi006.stdout:/usr/bin/ceph: stderr
2023-10-19T11:56:12.057+0000 7f000eb43700 1 -- 172.21.15.6:0/189502433 >> [v2:172.21.15.6:3300/0,v1:172.21.15.6:6789/0] conn(0x7f000807bea0 msgr2=0x7f000807a300 secure :-1 s=STATE_CONNECTION_ESTABLISHED l=1).mark_down
2023-10-19T11:56:19.833 INFO:teuthology.orchestra.run.smithi006.stdout:/usr/bin/ceph: stderr
2023-10-19T11:56:12.057+0000 7f000eb43700 1 --2- 172.21.15.6:0/189502433 >> [v2:172.21.15.6:3300/0,v1:172.21.15.6:6789/0] conn(0x7f000807bea0 0x7f000807a300 secure :-1 s=READY pgs=61 cs=0 l=1 rev1=1 crypto rx=0x7efffc0098a0 tx=0x7efffc009bb0 comp rx=0 tx=0).stop
2023-10-19T11:56:19.833 INFO:teuthology.orchestra.run.smithi006.stdout:/usr/bin/ceph: stderr
2023-10-19T11:56:12.057+0000 7f000eb43700 1 -- 172.21.15.6:0/189502433 shutdown_connections
2023-10-19T11:56:19.834 INFO:teuthology.orchestra.run.smithi006.stdout:/usr/bin/ceph: stderr
2023-10-19T11:56:12.057+0000 7f000eb43700 1 --2- 172.21.15.6:0/189502433 >> [v2:172.21.15.6:3300/0,v1:172.21.15.6:6789/0] conn(0x7f000807bea0 0x7f000807a300 unknown :-1 s=CLOSED pgs=61 cs=0 l=1 rev1=1 crypto rx=0 tx=0 comp rx=0 tx=0).stop
2023-10-19T11:56:19.834 INFO:teuthology.orchestra.run.smithi006.stdout:/usr/bin/ceph: stderr
2023-10-19T11:56:12.057+0000 7f000eb43700 1 -- 172.21.15.6:0/189502433 >> 172.21.15.6:0/189502433 conn(0x7f0008101ab0 msgr2=0x7f0008103ed0 unknown :-1 s=STATE_NONE l=0).mark_down
2023-10-19T11:56:19.834 INFO:teuthology.orchestra.run.smithi006.stdout:/usr/bin/ceph: stderr
2023-10-19T11:56:12.057+0000 7f000eb43700 1 -- 172.21.15.6:0/189502433 shutdown_connections
2023-10-19T11:56:19.834 INFO:teuthology.orchestra.run.smithi006.stdout:/usr/bin/ceph: stderr
2023-10-19T11:56:12.057+0000 7f000eb43700 1 -- 172.21.15.6:0/189502433 wait complete.
2023-10-19T11:56:19.834 INFO:teuthology.orchestra.run.smithi006.stdout:/usr/bin/ceph: stderr
2023-10-19T11:56:12.058+0000 7f000eb43700 1 Processor -- start
2023-10-19T11:56:19.835 INFO:teuthology.orchestra.run.smithi006.stdout:/usr/bin/ceph: stderr
2023-10-19T11:56:12.058+0000 7f000eb43700 1 -- start start
2023-10-19T11:56:19.835 INFO:teuthology.orchestra.run.smithi006.stdout:/usr/bin/ceph: stderr
2023-10-19T11:56:12.059+0000 7f000eb43700 1 --2- >> [v2:172.21.15.6:3300/0,v1:172.21.15.6:6789/0] conn(0x7f000807bea0 0x7f000819c450 unknown :-1 s=NONE pgs=0 cs=0 l=1 rev1=0 crypto rx=0 tx=0 comp rx=0 tx=0).connect
2023-10-19T11:56:19.835 INFO:teuthology.orchestra.run.smithi006.stdout:/usr/bin/ceph: stderr
2023-10-19T11:56:12.059+0000 7f000eb43700 1 -- --> [v2:172.21.15.6:3300/0,v1:172.21.15.6:6789/0] -- mon_getmap magic: 0 v1 -- 0x7f000819c990 con 0x7f000807bea0
2023-10-19T11:56:19.835 INFO:teuthology.orchestra.run.smithi006.stdout:/usr/bin/ceph: stderr
2023-10-19T11:56:12.059+0000 7f000c8df700 1 --2- >> [v2:172.21.15.6:3300/0,v1:172.21.15.6:6789/0] conn(0x7f000807bea0 0x7f000819c450 unknown :-1 s=BANNER_CONNECTING pgs=0 cs=0 l=1 rev1=0 crypto rx=0 tx=0 comp rx=0 tx=0)._handle_peer_banner_payload supported=3 required=0
2023-10-19T11:56:19.836 INFO:teuthology.orchestra.run.smithi006.stdout:/usr/bin/ceph: stderr
2023-10-19T11:56:12.059+0000 7f000c8df700 1 --2- >> [v2:172.21.15.6:3300/0,v1:172.21.15.6:6789/0] conn(0x7f000807bea0 0x7f000819c450 unknown :-1 s=HELLO_CONNECTING pgs=0 cs=0 l=1 rev1=1 crypto rx=0 tx=0 comp rx=0 tx=0).handle_hello peer v2:172.21.15.6:3300/0 says I am v2:172.21.15.6:35028/0 (socket says 172.21.15.6:35028)
2023-10-19T11:56:19.836 INFO:teuthology.orchestra.run.smithi006.stdout:/usr/bin/ceph: stderr
2023-10-19T11:56:12.059+0000 7f000c8df700 1 -- 172.21.15.6:0/2406982378 learned_addr learned my addr 172.21.15.6:0/2406982378 (peer_addr_for_me v2:172.21.15.6:0/0)
2023-10-19T11:56:19.836 INFO:teuthology.orchestra.run.smithi006.stdout:/usr/bin/ceph: stderr
2023-10-19T11:56:12.059+0000 7f000c8df700 1 -- 172.21.15.6:0/2406982378 --> [v2:172.21.15.6:3300/0,v1:172.21.15.6:6789/0] -- mon_subscribe({config=0+,monmap=0+}) v3 -- 0x7efffc009550 con 0x7f000807bea0
2023-10-19T11:56:19.836 INFO:teuthology.orchestra.run.smithi006.stdout:/usr/bin/ceph: stderr
2023-10-19T11:56:12.059+0000 7f000c8df700 1 --2- 172.21.15.6:0/2406982378 >> [v2:172.21.15.6:3300/0,v1:172.21.15.6:6789/0] conn(0x7f000807bea0 0x7f000819c450 secure :-1 s=READY pgs=62 cs=0 l=1 rev1=1 crypto rx=0x7efffc003e30 tx=0x7efffc0119a0 comp rx=0 tx=0).ready entity=mon.0 client_cookie=0 server_cookie=0 in_seq=0 out_seq=0
2023-10-19T11:56:19.836 INFO:teuthology.orchestra.run.smithi006.stdout:/usr/bin/ceph: stderr
2023-10-19T11:56:12.060+0000 7f0005ffb700 1 -- 172.21.15.6:0/2406982378 <== mon.0 v2:172.21.15.6:3300/0 1 ==== mon_map magic: 0 v1 ==== 205+0+0 (secure 0 0 0) 0x7efffc0036a0 con 0x7f000807bea0
2023-10-19T11:56:19.837 INFO:teuthology.orchestra.run.smithi006.stdout:/usr/bin/ceph: stderr
2023-10-19T11:56:12.060+0000 7f0005ffb700 1 -- 172.21.15.6:0/2406982378 <== mon.0 v2:172.21.15.6:3300/0 2 ==== config(25 keys) v1 ==== 1067+0+0 (secure 0 0 0) 0x7efffc01b440 con 0x7f000807bea0
2023-10-19T11:56:19.837 INFO:teuthology.orchestra.run.smithi006.stdout:/usr/bin/ceph: stderr
2023-10-19T11:56:12.060+0000 7f0005ffb700 1 -- 172.21.15.6:0/2406982378 <== mon.0 v2:172.21.15.6:3300/0 3 ==== mon_map magic: 0 v1 ==== 205+0+0 (secure 0 0 0) 0x7efffc023400 con 0x7f000807bea0
2023-10-19T11:56:19.837 INFO:teuthology.orchestra.run.smithi006.stdout:/usr/bin/ceph: stderr
2023-10-19T11:56:12.060+0000 7f000eb43700 1 -- 172.21.15.6:0/2406982378 --> [v2:172.21.15.6:3300/0,v1:172.21.15.6:6789/0] -- mon_subscribe({mgrmap=0+}) v3 -- 0x7f000819cb90 con 0x7f000807bea0
2023-10-19T11:56:19.837 INFO:teuthology.orchestra.run.smithi006.stdout:/usr/bin/ceph: stderr
2023-10-19T11:56:12.060+0000 7f000eb43700 1 -- 172.21.15.6:0/2406982378 --> [v2:172.21.15.6:3300/0,v1:172.21.15.6:6789/0] -- mon_subscribe({osdmap=0}) v3 -- 0x7f000819cfb0 con 0x7f000807bea0
2023-10-19T11:56:19.837 INFO:teuthology.orchestra.run.smithi006.stdout:/usr/bin/ceph: stderr
2023-10-19T11:56:12.061+0000 7f0005ffb700 1 -- 172.21.15.6:0/2406982378 <== mon.0 v2:172.21.15.6:3300/0 4 ==== mgrmap(e 9) v1 ==== 45435+0+0 (secure 0 0 0) 0x7efffc01b5b0 con 0x7f000807bea0
2023-10-19T11:56:19.838 INFO:teuthology.orchestra.run.smithi006.stdout:/usr/bin/ceph: stderr
2023-10-19T11:56:12.062+0000 7f0005ffb700 1 --2- 172.21.15.6:0/2406982378 >> [v2:172.21.15.6:6800/3597066393,v1:172.21.15.6:6801/3597066393] conn(0x7efff80385f0 0x7efff803aab0 unknown :-1 s=NONE pgs=0 cs=0 l=1 rev1=0 crypto rx=0 tx=0 comp rx=0 tx=0).connect
2023-10-19T11:56:19.838 INFO:teuthology.orchestra.run.smithi006.stdout:/usr/bin/ceph: stderr
2023-10-19T11:56:12.062+0000 7f0005ffb700 1 -- 172.21.15.6:0/2406982378 --> [v2:172.21.15.6:6800/3597066393,v1:172.21.15.6:6801/3597066393] -- command(tid 0: {"prefix": "get_command_descriptions"}) v1 -- 0x7efff803b1c0 con 0x7efff80385f0
2023-10-19T11:56:19.838 INFO:teuthology.orchestra.run.smithi006.stdout:/usr/bin/ceph: stderr
2023-10-19T11:56:12.062+0000 7f0005ffb700 1 -- 172.21.15.6:0/2406982378 <== mon.0 v2:172.21.15.6:3300/0 5 ==== osd_map(2..2 src has 1..2) v4 ==== 940+0+0 (secure 0 0 0) 0x7efffc04c4d0 con 0x7f000807bea0
2023-10-19T11:56:19.838 INFO:teuthology.orchestra.run.smithi006.stdout:/usr/bin/ceph: stderr
2023-10-19T11:56:12.062+0000 7f0007fff700 1 -- 172.21.15.6:0/2406982378 >> [v2:172.21.15.6:6800/3597066393,v1:172.21.15.6:6801/3597066393] conn(0x7efff80385f0 msgr2=0x7efff803aab0 unknown :-1 s=STATE_CONNECTING_RE l=1).process reconnect failed to v2:172.21.15.6:6800/3597066393
2023-10-19T11:56:19.838 INFO:teuthology.orchestra.run.smithi006.stdout:/usr/bin/ceph: stderr
2023-10-19T11:56:12.062+0000 7f0007fff700 1 --2- 172.21.15.6:0/2406982378 >> [v2:172.21.15.6:6800/3597066393,v1:172.21.15.6:6801/3597066393] conn(0x7efff80385f0 0x7efff803aab0 unknown :-1 s=START_CONNECT pgs=0 cs=0 l=1 rev1=0 crypto rx=0 tx=0 comp rx=0 tx=0)._fault waiting 0.200000
2023-10-19T11:56:19.839 INFO:teuthology.orchestra.run.smithi006.stdout:/usr/bin/ceph: stderr
2023-10-19T11:56:12.263+0000 7f0007fff700 1 -- 172.21.15.6:0/2406982378 >> [v2:172.21.15.6:6800/3597066393,v1:172.21.15.6:6801/3597066393] conn(0x7efff80385f0 msgr2=0x7efff803aab0 unknown :-1 s=STATE_CONNECTING_RE l=1).process reconnect failed to v2:172.21.15.6:6800/3597066393
2023-10-19T11:56:19.839 INFO:teuthology.orchestra.run.smithi006.stdout:/usr/bin/ceph: stderr
2023-10-19T11:56:12.263+0000 7f0007fff700 1 --2- 172.21.15.6:0/2406982378 >> [v2:172.21.15.6:6800/3597066393,v1:172.21.15.6:6801/3597066393] conn(0x7efff80385f0 0x7efff803aab0 unknown :-1 s=START_CONNECT pgs=0 cs=0 l=1 rev1=0 crypto rx=0 tx=0 comp rx=0 tx=0)._fault waiting 0.400000
2023-10-19T11:56:19.839 INFO:teuthology.orchestra.run.smithi006.stdout:/usr/bin/ceph: stderr
2023-10-19T11:56:12.664+0000 7f0007fff700 1 -- 172.21.15.6:0/2406982378 >> [v2:172.21.15.6:6800/3597066393,v1:172.21.15.6:6801/3597066393] conn(0x7efff80385f0 msgr2=0x7efff803aab0 unknown :-1 s=STATE_CONNECTING_RE l=1).process reconnect failed to v2:172.21.15.6:6800/3597066393
2023-10-19T11:56:19.839 INFO:teuthology.orchestra.run.smithi006.stdout:/usr/bin/ceph: stderr
2023-10-19T11:56:12.664+0000 7f0007fff700 1 --2- 172.21.15.6:0/2406982378 >> [v2:172.21.15.6:6800/3597066393,v1:172.21.15.6:6801/3597066393] conn(0x7efff80385f0 0x7efff803aab0 unknown :-1 s=START_CONNECT pgs=0 cs=0 l=1 rev1=0 crypto rx=0 tx=0 comp rx=0 tx=0)._fault waiting 0.800000
2023-10-19T11:56:19.839 INFO:teuthology.orchestra.run.smithi006.stdout:/usr/bin/ceph: stderr
2023-10-19T11:56:13.465+0000 7f0007fff700 1 -- 172.21.15.6:0/2406982378 >> [v2:172.21.15.6:6800/3597066393,v1:172.21.15.6:6801/3597066393] conn(0x7efff80385f0 msgr2=0x7efff803aab0 unknown :-1 s=STATE_CONNECTING_RE l=1).process reconnect failed to v2:172.21.15.6:6800/3597066393
2023-10-19T11:56:19.840 INFO:teuthology.orchestra.run.smithi006.stdout:/usr/bin/ceph: stderr
2023-10-19T11:56:13.465+0000 7f0007fff700 1 --2- 172.21.15.6:0/2406982378 >> [v2:172.21.15.6:6800/3597066393,v1:172.21.15.6:6801/3597066393] conn(0x7efff80385f0 0x7efff803aab0 unknown :-1 s=START_CONNECT pgs=0 cs=0 l=1 rev1=0 crypto rx=0 tx=0 comp rx=0 tx=0)._fault waiting 1.600000
2023-10-19T11:56:19.840 INFO:teuthology.orchestra.run.smithi006.stdout:/usr/bin/ceph: stderr
2023-10-19T11:56:15.066+0000 7f0007fff700 1 -- 172.21.15.6:0/2406982378 >> [v2:172.21.15.6:6800/3597066393,v1:172.21.15.6:6801/3597066393] conn(0x7efff80385f0 msgr2=0x7efff803aab0 unknown :-1 s=STATE_CONNECTING_RE l=1).process reconnect failed to v2:172.21.15.6:6800/3597066393
2023-10-19T11:56:19.840 INFO:teuthology.orchestra.run.smithi006.stdout:/usr/bin/ceph: stderr
2023-10-19T11:56:15.067+0000 7f0007fff700 1 --2- 172.21.15.6:0/2406982378 >> [v2:172.21.15.6:6800/3597066393,v1:172.21.15.6:6801/3597066393] conn(0x7efff80385f0 0x7efff803aab0 unknown :-1 s=START_CONNECT pgs=0 cs=0 l=1 rev1=0 crypto rx=0 tx=0 comp rx=0 tx=0)._fault waiting 3.200000
2023-10-19T11:56:19.840 INFO:teuthology.orchestra.run.smithi006.stdout:/usr/bin/ceph: stderr
2023-10-19T11:56:18.270+0000 7f0007fff700 1 -- 172.21.15.6:0/2406982378 >> [v2:172.21.15.6:6800/3597066393,v1:172.21.15.6:6801/3597066393] conn(0x7efff80385f0 msgr2=0x7efff803aab0 unknown :-1 s=STATE_CONNECTING_RE l=1).process reconnect failed to v2:172.21.15.6:6800/3597066393
2023-10-19T11:56:19.840 INFO:teuthology.orchestra.run.smithi006.stdout:/usr/bin/ceph: stderr
2023-10-19T11:56:18.270+0000 7f0007fff700 1 --2- 172.21.15.6:0/2406982378 >> [v2:172.21.15.6:6800/3597066393,v1:172.21.15.6:6801/3597066393] conn(0x7efff80385f0 0x7efff803aab0 unknown :-1 s=START_CONNECT pgs=0 cs=0 l=1 rev1=0 crypto rx=0 tx=0 comp rx=0 tx=0)._fault waiting 6.400000
2023-10-19T11:56:19.840 INFO:teuthology.orchestra.run.smithi006.stdout:/usr/bin/ceph: stderr
2023-10-19T11:56:18.377+0000 7f0005ffb700 1 -- 172.21.15.6:0/2406982378 <== mon.0 v2:172.21.15.6:3300/0 6 ==== mgrmap(e 10) v1 ==== 45202+0+0 (secure 0 0 0) 0x7efffc003800 con 0x7f000807bea0
2023-10-19T11:56:19.841 INFO:teuthology.orchestra.run.smithi006.stdout:/usr/bin/ceph: stderr
2023-10-19T11:56:18.378+0000 7f0005ffb700 1 -- 172.21.15.6:0/2406982378 >> [v2:172.21.15.6:6800/3597066393,v1:172.21.15.6:6801/3597066393] conn(0x7efff80385f0 msgr2=0x7efff803aab0 unknown :-1 s=STATE_CONNECTING l=1).mark_down
2023-10-19T11:56:19.841 INFO:teuthology.orchestra.run.smithi006.stdout:/usr/bin/ceph: stderr
2023-10-19T11:56:18.378+0000 7f0005ffb700 1 --2- 172.21.15.6:0/2406982378 >> [v2:172.21.15.6:6800/3597066393,v1:172.21.15.6:6801/3597066393] conn(0x7efff80385f0 0x7efff803aab0 unknown :-1 s=START_CONNECT pgs=0 cs=0 l=1 rev1=0 crypto rx=0 tx=0 comp rx=0 tx=0).stop
2023-10-19T11:56:19.841 INFO:teuthology.orchestra.run.smithi006.stdout:/usr/bin/ceph: stderr
2023-10-19T11:56:19.377+0000 7f0005ffb700 1 -- 172.21.15.6:0/2406982378 <== mon.0 v2:172.21.15.6:3300/0 7 ==== mgrmap(e 11) v1 ==== 45329+0+0 (secure 0 0 0) 0x7efffc04dcb0 con 0x7f000807bea0
2023-10-19T11:56:19.841 INFO:teuthology.orchestra.run.smithi006.stdout:/usr/bin/ceph: stderr
2023-10-19T11:56:19.378+0000 7f0005ffb700 1 --2- 172.21.15.6:0/2406982378 >> [v2:172.21.15.6:6800/1688201795,v1:172.21.15.6:6801/1688201795] conn(0x7efff803bfc0 0x7efff803e3b0 unknown :-1 s=NONE pgs=0 cs=0 l=1 rev1=0 crypto rx=0 tx=0 comp rx=0 tx=0).connect
2023-10-19T11:56:19.841 INFO:teuthology.orchestra.run.smithi006.stdout:/usr/bin/ceph: stderr
2023-10-19T11:56:19.378+0000 7f0005ffb700 1 -- 172.21.15.6:0/2406982378 --> [v2:172.21.15.6:6800/1688201795,v1:172.21.15.6:6801/1688201795] -- command(tid 0: {"prefix": "get_command_descriptions"}) v1 -- 0x7efff803b1c0 con 0x7efff803bfc0
2023-10-19T11:56:19.842 INFO:teuthology.orchestra.run.smithi006.stdout:/usr/bin/ceph: stderr
2023-10-19T11:56:19.378+0000 7f0007fff700 1 --2- 172.21.15.6:0/2406982378 >> [v2:172.21.15.6:6800/1688201795,v1:172.21.15.6:6801/1688201795] conn(0x7efff803bfc0 0x7efff803e3b0 unknown :-1 s=BANNER_CONNECTING pgs=0 cs=0 l=1 rev1=0 crypto rx=0 tx=0 comp rx=0 tx=0)._handle_peer_banner_payload supported=3 required=0
2023-10-19T11:56:19.842 INFO:teuthology.orchestra.run.smithi006.stdout:/usr/bin/ceph: stderr
2023-10-19T11:56:19.379+0000 7f0007fff700 1 --2- 172.21.15.6:0/2406982378 >> [v2:172.21.15.6:6800/1688201795,v1:172.21.15.6:6801/1688201795] conn(0x7efff803bfc0 0x7efff803e3b0 secure :-1 s=READY pgs=1 cs=0 l=1 rev1=1 crypto rx=0x7efff4003a10 tx=0x7efff40092b0 comp rx=0 tx=0).ready entity=mgr.14152 client_cookie=0 server_cookie=0 in_seq=0 out_seq=0
2023-10-19T11:56:19.842 INFO:teuthology.orchestra.run.smithi006.stdout:/usr/bin/ceph: stderr
2023-10-19T11:56:19.380+0000 7f0005ffb700 1 -- 172.21.15.6:0/2406982378 <== mgr.14152 v2:172.21.15.6:6800/1688201795 1 ==== command_reply(tid 0: 0 ) v1 ==== 8+0+6910 (secure 0 0 0) 0x7efff803b1c0 con 0x7efff803bfc0
2023-10-19T11:56:19.842 INFO:teuthology.orchestra.run.smithi006.stdout:/usr/bin/ceph: stderr
2023-10-19T11:56:19.387+0000 7efff37fe700 1 -- 172.21.15.6:0/2406982378 --> [v2:172.21.15.6:6800/1688201795,v1:172.21.15.6:6801/1688201795] -- command(tid 1: {"prefix": "mgr_status"}) v1 -- 0x7effe8002600 con 0x7efff803bfc0
2023-10-19T11:56:19.842 INFO:teuthology.orchestra.run.smithi006.stdout:/usr/bin/ceph: stderr
2023-10-19T11:56:19.388+0000 7f0005ffb700 1 -- 172.21.15.6:0/2406982378 <== mgr.14152 v2:172.21.15.6:6800/1688201795 2 ==== command_reply(tid 1: 0 ) v1 ==== 8+0+52 (secure 0 0 0) 0x7effe8002600 con 0x7efff803bfc0
2023-10-19T11:56:19.843 INFO:teuthology.orchestra.run.smithi006.stdout:/usr/bin/ceph: stderr
2023-10-19T11:56:19.388+0000 7efff37fe700 1 -- 172.21.15.6:0/2406982378 >> [v2:172.21.15.6:6800/1688201795,v1:172.21.15.6:6801/1688201795] conn(0x7efff803bfc0 msgr2=0x7efff803e3b0 secure :-1 s=STATE_CONNECTION_ESTABLISHED l=1).mark_down
2023-10-19T11:56:19.843 INFO:teuthology.orchestra.run.smithi006.stdout:/usr/bin/ceph: stderr
2023-10-19T11:56:19.388+0000 7efff37fe700 1 --2- 172.21.15.6:0/2406982378 >> [v2:172.21.15.6:6800/1688201795,v1:172.21.15.6:6801/1688201795] conn(0x7efff803bfc0 0x7efff803e3b0 secure :-1 s=READY pgs=1 cs=0 l=1 rev1=1 crypto rx=0x7efff4003a10 tx=0x7efff40092b0 comp rx=0 tx=0).stop
2023-10-19T11:56:19.843 INFO:teuthology.orchestra.run.smithi006.stdout:/usr/bin/ceph: stderr
2023-10-19T11:56:19.388+0000 7efff37fe700 1 -- 172.21.15.6:0/2406982378 >> [v2:172.21.15.6:3300/0,v1:172.21.15.6:6789/0] conn(0x7f000807bea0 msgr2=0x7f000819c450 secure :-1 s=STATE_CONNECTION_ESTABLISHED l=1).mark_down
2023-10-19T11:56:19.843 INFO:teuthology.orchestra.run.smithi006.stdout:/usr/bin/ceph: stderr
2023-10-19T11:56:19.388+0000 7efff37fe700 1 --2- 172.21.15.6:0/2406982378 >> [v2:172.21.15.6:3300/0,v1:172.21.15.6:6789/0] conn(0x7f000807bea0 0x7f000819c450 secure :-1 s=READY pgs=62 cs=0 l=1 rev1=1 crypto rx=0x7efffc003e30 tx=0x7efffc0119a0 comp rx=0 tx=0).stop
2023-10-19T11:56:19.843 INFO:teuthology.orchestra.run.smithi006.stdout:/usr/bin/ceph: stderr
2023-10-19T11:56:19.388+0000 7efff37fe700 1 -- 172.21.15.6:0/2406982378 shutdown_connections
2023-10-19T11:56:19.843 INFO:teuthology.orchestra.run.smithi006.stdout:/usr/bin/ceph: stderr
2023-10-19T11:56:19.388+0000 7efff37fe700 1 --2- 172.21.15.6:0/2406982378 >> [v2:172.21.15.6:6800/1688201795,v1:172.21.15.6:6801/1688201795] conn(0x7efff803bfc0 0x7efff803e3b0 unknown :-1 s=CLOSED pgs=1 cs=0 l=1 rev1=1 crypto rx=0 tx=0 comp rx=0 tx=0).stop
2023-10-19T11:56:19.844 INFO:teuthology.orchestra.run.smithi006.stdout:/usr/bin/ceph: stderr
2023-10-19T11:56:19.388+0000 7efff37fe700 1 --2- 172.21.15.6:0/2406982378 >> [v2:172.21.15.6:3300/0,v1:172.21.15.6:6789/0] conn(0x7f000807bea0 0x7f000819c450 unknown :-1 s=CLOSED pgs=62 cs=0 l=1 rev1=1 crypto rx=0 tx=0 comp rx=0 tx=0).stop
2023-10-19T11:56:19.844 INFO:teuthology.orchestra.run.smithi006.stdout:/usr/bin/ceph: stderr
2023-10-19T11:56:19.388+0000 7efff37fe700 1 --2- 172.21.15.6:0/2406982378 >> [v2:172.21.15.6:6800/3597066393,v1:172.21.15.6:6801/3597066393] conn(0x7efff80385f0 0x7efff803aab0 unknown :-1 s=CLOSED pgs=0 cs=0 l=1 rev1=0 crypto rx=0 tx=0 comp rx=0 tx=0).stop
2023-10-19T11:56:19.844 INFO:teuthology.orchestra.run.smithi006.stdout:/usr/bin/ceph: stderr
2023-10-19T11:56:19.388+0000 7efff37fe700 1 -- 172.21.15.6:0/2406982378 >> 172.21.15.6:0/2406982378 conn(0x7f0008101ab0 msgr2=0x7f0008103190 unknown :-1 s=STATE_NONE l=0).mark_down
2023-10-19T11:56:19.844 INFO:teuthology.orchestra.run.smithi006.stdout:/usr/bin/ceph: stderr
2023-10-19T11:56:19.389+0000 7efff37fe700 1 -- 172.21.15.6:0/2406982378 shutdown_connections
2023-10-19T11:56:19.844 INFO:teuthology.orchestra.run.smithi006.stdout:/usr/bin/ceph: stderr
2023-10-19T11:56:19.389+0000 7efff37fe700 1 -- 172.21.15.6:0/2406982378 wait complete.
2023-10-19T11:56:19.845 INFO:teuthology.orchestra.run.smithi006.stdout:mgr epoch 9 is available
2023-10-19T11:56:19.845 INFO:teuthology.orchestra.run.smithi006.stdout:Generating a dashboard self-signed certificate...
2023-10-19T11:56:20.720 INFO:journalctl@ceph.mon.a.smithi006.stdout:Oct 19 11:56:20 smithi006 ceph-mon[98496]: [19/Oct/2023:11:56:18] ENGINE Bus STARTING
2023-10-19T11:56:20.720 INFO:journalctl@ceph.mon.a.smithi006.stdout:Oct 19 11:56:20 smithi006 ceph-mon[98496]: [19/Oct/2023:11:56:19] ENGINE Serving on http://172.21.15.6:8765
2023-10-19T11:56:20.720 INFO:journalctl@ceph.mon.a.smithi006.stdout:Oct 19 11:56:20 smithi006 ceph-mon[98496]: [19/Oct/2023:11:56:19] ENGINE Serving on https://172.21.15.6:7150
2023-10-19T11:56:20.721 INFO:journalctl@ceph.mon.a.smithi006.stdout:Oct 19 11:56:20 smithi006 ceph-mon[98496]: [19/Oct/2023:11:56:19] ENGINE Bus STARTED
2023-10-19T11:56:20.721 INFO:journalctl@ceph.mon.a.smithi006.stdout:Oct 19 11:56:20 smithi006 ceph-mon[98496]: from='client.14156 -' entity='client.admin' cmd=[{"prefix": "get_command_descriptions"}]: dispatch
2023-10-19T11:56:20.721 INFO:journalctl@ceph.mon.a.smithi006.stdout:Oct 19 11:56:20 smithi006 ceph-mon[98496]: from='client.14156 -' entity='client.admin' cmd=[{"prefix": "mgr_status"}]: dispatch
2023-10-19T11:56:21.418 INFO:teuthology.orchestra.run.smithi006.stdout:/usr/bin/ceph: stdout Self-signed certificate created
2023-10-19T11:56:21.418 INFO:teuthology.orchestra.run.smithi006.stdout:/usr/bin/ceph: stderr
2023-10-19T11:56:20.543+0000 7f59a7d0d700 1 Processor -- start
2023-10-19T11:56:21.418 INFO:teuthology.orchestra.run.smithi006.stdout:/usr/bin/ceph: stderr
2023-10-19T11:56:20.543+0000 7f59a7d0d700 1 -- start start
2023-10-19T11:56:21.418 INFO:teuthology.orchestra.run.smithi006.stdout:/usr/bin/ceph: stderr
2023-10-19T11:56:20.544+0000 7f59a7d0d700 1 --2- >> [v2:172.21.15.6:3300/0,v1:172.21.15.6:6789/0] conn(0x7f59a01064f0 0x7f59a0106910 unknown :-1 s=NONE pgs=0 cs=0 l=0 rev1=0 crypto rx=0 tx=0 comp rx=0 tx=0).connect
2023-10-19T11:56:21.419 INFO:teuthology.orchestra.run.smithi006.stdout:/usr/bin/ceph: stderr
2023-10-19T11:56:20.544+0000 7f59a7d0d700 1 -- --> [v2:172.21.15.6:3300/0,v1:172.21.15.6:6789/0] -- mon_getmap magic: 0 v1 -- 0x7f59a0106ee0 con 0x7f59a01064f0
2023-10-19T11:56:21.419 INFO:teuthology.orchestra.run.smithi006.stdout:/usr/bin/ceph: stderr
2023-10-19T11:56:20.544+0000 7f59a5aa9700 1 --2- >> [v2:172.21.15.6:3300/0,v1:172.21.15.6:6789/0] conn(0x7f59a01064f0 0x7f59a0106910 unknown :-1 s=BANNER_CONNECTING pgs=0 cs=0 l=0 rev1=0 crypto rx=0 tx=0 comp rx=0 tx=0)._handle_peer_banner_payload supported=3 required=0
2023-10-19T11:56:21.419 INFO:teuthology.orchestra.run.smithi006.stdout:/usr/bin/ceph: stderr
2023-10-19T11:56:20.544+0000 7f59a5aa9700 1 --2- >> [v2:172.21.15.6:3300/0,v1:172.21.15.6:6789/0] conn(0x7f59a01064f0 0x7f59a0106910 unknown :-1 s=HELLO_CONNECTING pgs=0 cs=0 l=0 rev1=1 crypto rx=0 tx=0 comp rx=0 tx=0).handle_hello peer v2:172.21.15.6:3300/0 says I am v2:172.21.15.6:35084/0 (socket says 172.21.15.6:35084)
2023-10-19T11:56:21.419 INFO:teuthology.orchestra.run.smithi006.stdout:/usr/bin/ceph: stderr
2023-10-19T11:56:20.544+0000 7f59a5aa9700 1 -- 172.21.15.6:0/471839578 learned_addr learned my addr 172.21.15.6:0/471839578 (peer_addr_for_me v2:172.21.15.6:0/0)
2023-10-19T11:56:21.419 INFO:teuthology.orchestra.run.smithi006.stdout:/usr/bin/ceph: stderr
2023-10-19T11:56:20.545+0000 7f59a5aa9700 1 -- 172.21.15.6:0/471839578 --> [v2:172.21.15.6:3300/0,v1:172.21.15.6:6789/0] -- mon_subscribe({config=0+,monmap=0+}) v3 -- 0x7f59a01076f0 con 0x7f59a01064f0
2023-10-19T11:56:21.420 INFO:teuthology.orchestra.run.smithi006.stdout:/usr/bin/ceph: stderr
2023-10-19T11:56:20.545+0000 7f59a5aa9700 1 --2- 172.21.15.6:0/471839578 >> [v2:172.21.15.6:3300/0,v1:172.21.15.6:6789/0] conn(0x7f59a01064f0 0x7f59a0106910 secure :-1 s=READY pgs=70 cs=0 l=1 rev1=1 crypto rx=0x7f599c0098a0 tx=0x7f599c009bb0 comp rx=0 tx=0).ready entity=mon.0 client_cookie=977ea615999b69a7 server_cookie=0 in_seq=0 out_seq=0
2023-10-19T11:56:21.420 INFO:teuthology.orchestra.run.smithi006.stdout:/usr/bin/ceph: stderr
2023-10-19T11:56:20.545+0000 7f59a4aa7700 1 -- 172.21.15.6:0/471839578 <== mon.0 v2:172.21.15.6:3300/0 1 ==== mon_map magic: 0 v1 ==== 205+0+0 (secure 0 0 0) 0x7f599c004160 con 0x7f59a01064f0
2023-10-19T11:56:21.420 INFO:teuthology.orchestra.run.smithi006.stdout:/usr/bin/ceph: stderr
2023-10-19T11:56:20.545+0000 7f59a4aa7700 1 -- 172.21.15.6:0/471839578 <== mon.0 v2:172.21.15.6:3300/0 2 ==== config(25 keys) v1 ==== 1067+0+0 (secure 0 0 0) 0x7f599c0042c0 con 0x7f59a01064f0
2023-10-19T11:56:21.420 INFO:teuthology.orchestra.run.smithi006.stdout:/usr/bin/ceph: stderr
2023-10-19T11:56:20.545+0000 7f59a4aa7700 1 -- 172.21.15.6:0/471839578 <== mon.0 v2:172.21.15.6:3300/0 3 ==== mon_map magic: 0 v1 ==== 205+0+0 (secure 0 0 0) 0x7f599c0118e0 con 0x7f59a01064f0
2023-10-19T11:56:21.420 INFO:teuthology.orchestra.run.smithi006.stdout:/usr/bin/ceph: stderr
2023-10-19T11:56:20.546+0000 7f59a7d0d700 1 -- 172.21.15.6:0/471839578 >> [v2:172.21.15.6:3300/0,v1:172.21.15.6:6789/0] conn(0x7f59a01064f0 msgr2=0x7f59a0106910 secure :-1 s=STATE_CONNECTION_ESTABLISHED l=1).mark_down
2023-10-19T11:56:21.421 INFO:teuthology.orchestra.run.smithi006.stdout:/usr/bin/ceph: stderr
2023-10-19T11:56:20.546+0000 7f59a7d0d700 1 --2- 172.21.15.6:0/471839578 >> [v2:172.21.15.6:3300/0,v1:172.21.15.6:6789/0] conn(0x7f59a01064f0 0x7f59a0106910 secure :-1 s=READY pgs=70 cs=0 l=1 rev1=1 crypto rx=0x7f599c0098a0 tx=0x7f599c009bb0 comp rx=0 tx=0).stop
2023-10-19T11:56:21.421 INFO:teuthology.orchestra.run.smithi006.stdout:/usr/bin/ceph: stderr
2023-10-19T11:56:20.546+0000 7f59a7d0d700 1 -- 172.21.15.6:0/471839578 shutdown_connections
2023-10-19T11:56:21.421 INFO:teuthology.orchestra.run.smithi006.stdout:/usr/bin/ceph: stderr
2023-10-19T11:56:20.546+0000 7f59a7d0d700 1 --2- 172.21.15.6:0/471839578 >> [v2:172.21.15.6:3300/0,v1:172.21.15.6:6789/0] conn(0x7f59a01064f0 0x7f59a0106910 unknown :-1 s=CLOSED pgs=70 cs=0 l=1 rev1=1 crypto rx=0 tx=0 comp rx=0 tx=0).stop
2023-10-19T11:56:21.421 INFO:teuthology.orchestra.run.smithi006.stdout:/usr/bin/ceph: stderr
2023-10-19T11:56:20.546+0000 7f59a7d0d700 1 -- 172.21.15.6:0/471839578 >> 172.21.15.6:0/471839578 conn(0x7f59a0101ab0 msgr2=0x7f59a0103ed0 unknown :-1 s=STATE_NONE l=0).mark_down
2023-10-19T11:56:21.421 INFO:teuthology.orchestra.run.smithi006.stdout:/usr/bin/ceph: stderr
2023-10-19T11:56:20.546+0000 7f59a7d0d700 1 -- 172.21.15.6:0/471839578 shutdown_connections
2023-10-19T11:56:21.422 INFO:teuthology.orchestra.run.smithi006.stdout:/usr/bin/ceph: stderr
2023-10-19T11:56:20.546+0000 7f59a7d0d700 1 -- 172.21.15.6:0/471839578 wait complete.
2023-10-19T11:56:21.422 INFO:teuthology.orchestra.run.smithi006.stdout:/usr/bin/ceph: stderr
2023-10-19T11:56:20.547+0000 7f59a7d0d700 1 Processor -- start
2023-10-19T11:56:21.422 INFO:teuthology.orchestra.run.smithi006.stdout:/usr/bin/ceph: stderr
2023-10-19T11:56:20.548+0000 7f59a7d0d700 1 -- start start
2023-10-19T11:56:21.422 INFO:teuthology.orchestra.run.smithi006.stdout:/usr/bin/ceph: stderr
2023-10-19T11:56:20.548+0000 7f59a7d0d700 1 --2- >> [v2:172.21.15.6:3300/0,v1:172.21.15.6:6789/0] conn(0x7f59a01064f0 0x7f59a007bc70 unknown :-1 s=NONE pgs=0 cs=0 l=1 rev1=0 crypto rx=0 tx=0 comp rx=0 tx=0).connect
2023-10-19T11:56:21.422 INFO:teuthology.orchestra.run.smithi006.stdout:/usr/bin/ceph: stderr
2023-10-19T11:56:20.548+0000 7f59a7d0d700 1 -- --> [v2:172.21.15.6:3300/0,v1:172.21.15.6:6789/0] -- mon_getmap magic: 0 v1 -- 0x7f59a007c1b0 con 0x7f59a01064f0
2023-10-19T11:56:21.423 INFO:teuthology.orchestra.run.smithi006.stdout:/usr/bin/ceph: stderr
2023-10-19T11:56:20.548+0000 7f59a5aa9700 1 --2- >> [v2:172.21.15.6:3300/0,v1:172.21.15.6:6789/0] conn(0x7f59a01064f0 0x7f59a007bc70 unknown :-1 s=BANNER_CONNECTING pgs=0 cs=0 l=1 rev1=0 crypto rx=0 tx=0 comp rx=0 tx=0)._handle_peer_banner_payload supported=3 required=0
2023-10-19T11:56:21.423 INFO:teuthology.orchestra.run.smithi006.stdout:/usr/bin/ceph: stderr
2023-10-19T11:56:20.548+0000 7f59a5aa9700 1 --2- >> [v2:172.21.15.6:3300/0,v1:172.21.15.6:6789/0] conn(0x7f59a01064f0 0x7f59a007bc70 unknown :-1 s=HELLO_CONNECTING pgs=0 cs=0 l=1 rev1=1 crypto rx=0 tx=0 comp rx=0 tx=0).handle_hello peer v2:172.21.15.6:3300/0 says I am v2:172.21.15.6:35098/0 (socket says 172.21.15.6:35098)
2023-10-19T11:56:21.423 INFO:teuthology.orchestra.run.smithi006.stdout:/usr/bin/ceph: stderr
2023-10-19T11:56:20.548+0000 7f59a5aa9700 1 -- 172.21.15.6:0/3823775038 learned_addr learned my addr 172.21.15.6:0/3823775038 (peer_addr_for_me v2:172.21.15.6:0/0)
2023-10-19T11:56:21.423 INFO:teuthology.orchestra.run.smithi006.stdout:/usr/bin/ceph: stderr
2023-10-19T11:56:20.549+0000 7f59a5aa9700 1 -- 172.21.15.6:0/3823775038 --> [v2:172.21.15.6:3300/0,v1:172.21.15.6:6789/0] -- mon_subscribe({config=0+,monmap=0+}) v3 -- 0x7f599c009550 con 0x7f59a01064f0
2023-10-19T11:56:21.423 INFO:teuthology.orchestra.run.smithi006.stdout:/usr/bin/ceph: stderr
2023-10-19T11:56:20.549+0000 7f59a5aa9700 1 --2- 172.21.15.6:0/3823775038 >> [v2:172.21.15.6:3300/0,v1:172.21.15.6:6789/0] conn(0x7f59a01064f0 0x7f59a007bc70 secure :-1 s=READY pgs=71 cs=0 l=1 rev1=1 crypto rx=0x7f599c003e30 tx=0x7f599c0119a0 comp rx=0 tx=0).ready entity=mon.0 client_cookie=0 server_cookie=0 in_seq=0 out_seq=0
2023-10-19T11:56:21.424 INFO:teuthology.orchestra.run.smithi006.stdout:/usr/bin/ceph: stderr
2023-10-19T11:56:20.549+0000 7f5996ffd700 1 -- 172.21.15.6:0/3823775038 <== mon.0 v2:172.21.15.6:3300/0 1 ==== mon_map magic: 0 v1 ==== 205+0+0 (secure 0 0 0) 0x7f599c0036a0 con 0x7f59a01064f0
2023-10-19T11:56:21.424 INFO:teuthology.orchestra.run.smithi006.stdout:/usr/bin/ceph: stderr
2023-10-19T11:56:20.549+0000 7f5996ffd700 1 -- 172.21.15.6:0/3823775038 <== mon.0 v2:172.21.15.6:3300/0 2 ==== config(25 keys) v1 ==== 1067+0+0 (secure 0 0 0) 0x7f599c01b440 con 0x7f59a01064f0
2023-10-19T11:56:21.424 INFO:teuthology.orchestra.run.smithi006.stdout:/usr/bin/ceph: stderr
2023-10-19T11:56:20.549+0000 7f59a7d0d700 1 -- 172.21.15.6:0/3823775038 --> [v2:172.21.15.6:3300/0,v1:172.21.15.6:6789/0] -- mon_subscribe({mgrmap=0+}) v3 -- 0x7f59a007a2c0 con 0x7f59a01064f0
2023-10-19T11:56:21.424 INFO:teuthology.orchestra.run.smithi006.stdout:/usr/bin/ceph: stderr
2023-10-19T11:56:20.549+0000 7f5996ffd700 1 -- 172.21.15.6:0/3823775038 <== mon.0 v2:172.21.15.6:3300/0 3 ==== mon_map magic: 0 v1 ==== 205+0+0 (secure 0 0 0) 0x7f599c023400 con 0x7f59a01064f0
2023-10-19T11:56:21.424 INFO:teuthology.orchestra.run.smithi006.stdout:/usr/bin/ceph: stderr
2023-10-19T11:56:20.549+0000 7f59a7d0d700 1 -- 172.21.15.6:0/3823775038 --> [v2:172.21.15.6:3300/0,v1:172.21.15.6:6789/0] -- mon_subscribe({osdmap=0}) v3 -- 0x7f59a007a6e0 con 0x7f59a01064f0
2023-10-19T11:56:21.425 INFO:teuthology.orchestra.run.smithi006.stdout:/usr/bin/ceph: stderr
2023-10-19T11:56:20.550+0000 7f5996ffd700 1 -- 172.21.15.6:0/3823775038 <== mon.0 v2:172.21.15.6:3300/0 4 ==== mgrmap(e 12) v1 ==== 45435+0+0 (secure 0 0 0) 0x7f599c01b5b0 con 0x7f59a01064f0
2023-10-19T11:56:21.425 INFO:teuthology.orchestra.run.smithi006.stdout:/usr/bin/ceph: stderr
2023-10-19T11:56:20.550+0000 7f59a7d0d700 1 -- 172.21.15.6:0/3823775038 --> [v2:172.21.15.6:3300/0,v1:172.21.15.6:6789/0] -- mon_command({"prefix": "get_command_descriptions"} v 0) v1 -- 0x7f59a00623c0 con 0x7f59a01064f0
2023-10-19T11:56:21.425 INFO:teuthology.orchestra.run.smithi006.stdout:/usr/bin/ceph: stderr
2023-10-19T11:56:20.551+0000 7f5996ffd700 1 --2- 172.21.15.6:0/3823775038 >> [v2:172.21.15.6:6800/1688201795,v1:172.21.15.6:6801/1688201795] conn(0x7f598c0385a0 0x7f598c03aa60 unknown :-1 s=NONE pgs=0 cs=0 l=1 rev1=0 crypto rx=0 tx=0 comp rx=0 tx=0).connect
2023-10-19T11:56:21.425 INFO:teuthology.orchestra.run.smithi006.stdout:/usr/bin/ceph: stderr
2023-10-19T11:56:20.551+0000 7f5996ffd700 1 -- 172.21.15.6:0/3823775038 <== mon.0 v2:172.21.15.6:3300/0 5 ==== osd_map(3..3 src has 1..3) v4 ==== 1155+0+0 (secure 0 0 0) 0x7f599c04c480 con 0x7f59a01064f0
2023-10-19T11:56:21.425 INFO:teuthology.orchestra.run.smithi006.stdout:/usr/bin/ceph: stderr
2023-10-19T11:56:20.551+0000 7f59a52a8700 1 --2- 172.21.15.6:0/3823775038 >> [v2:172.21.15.6:6800/1688201795,v1:172.21.15.6:6801/1688201795] conn(0x7f598c0385a0 0x7f598c03aa60 unknown :-1 s=BANNER_CONNECTING pgs=0 cs=0 l=1 rev1=0 crypto rx=0 tx=0 comp rx=0 tx=0)._handle_peer_banner_payload supported=3 required=0
2023-10-19T11:56:21.426 INFO:teuthology.orchestra.run.smithi006.stdout:/usr/bin/ceph: stderr
2023-10-19T11:56:20.552+0000 7f59a52a8700 1 --2- 172.21.15.6:0/3823775038 >> [v2:172.21.15.6:6800/1688201795,v1:172.21.15.6:6801/1688201795] conn(0x7f598c0385a0 0x7f598c03aa60 secure :-1 s=READY pgs=7 cs=0 l=1 rev1=1 crypto rx=0x7f5990006fd0 tx=0x7f5990006e40 comp rx=0 tx=0).ready entity=mgr.14152 client_cookie=0 server_cookie=0 in_seq=0 out_seq=0
2023-10-19T11:56:21.426 INFO:teuthology.orchestra.run.smithi006.stdout:/usr/bin/ceph: stderr
2023-10-19T11:56:20.557+0000 7f5996ffd700 1 -- 172.21.15.6:0/3823775038 <== mon.0 v2:172.21.15.6:3300/0 6 ==== mon_command_ack([{"prefix": "get_command_descriptions"}]=0 v0) v1 ==== 72+0+180373 (secure 0 0 0) 0x7f599c00be20 con 0x7f59a01064f0
2023-10-19T11:56:21.426 INFO:teuthology.orchestra.run.smithi006.stdout:/usr/bin/ceph: stderr
2023-10-19T11:56:20.789+0000 7f59a7d0d700 1 -- 172.21.15.6:0/3823775038 --> [v2:172.21.15.6:6800/1688201795,v1:172.21.15.6:6801/1688201795] -- mgr_command(tid 0: {"prefix": "dashboard create-self-signed-cert", "target": ["mon-mgr", ""]}) v1 -- 0x7f59a0194290 con 0x7f598c0385a0
2023-10-19T11:56:21.426 INFO:teuthology.orchestra.run.smithi006.stdout:/usr/bin/ceph: stderr
2023-10-19T11:56:20.866+0000 7f5996ffd700 1 -- 172.21.15.6:0/3823775038 <== mgr.14152 v2:172.21.15.6:6800/1688201795 1 ==== mgr_command_reply(tid 0: 0 ) v1 ==== 8+0+32 (secure 0 0 0) 0x7f59a0194290 con 0x7f598c0385a0
2023-10-19T11:56:21.426 INFO:teuthology.orchestra.run.smithi006.stdout:/usr/bin/ceph: stderr
2023-10-19T11:56:20.869+0000 7f59a7d0d700 1 -- 172.21.15.6:0/3823775038 >> [v2:172.21.15.6:6800/1688201795,v1:172.21.15.6:6801/1688201795] conn(0x7f598c0385a0 msgr2=0x7f598c03aa60 secure :-1 s=STATE_CONNECTION_ESTABLISHED l=1).mark_down
2023-10-19T11:56:21.427 INFO:teuthology.orchestra.run.smithi006.stdout:/usr/bin/ceph: stderr
2023-10-19T11:56:20.869+0000 7f59a7d0d700 1 --2- 172.21.15.6:0/3823775038 >> [v2:172.21.15.6:6800/1688201795,v1:172.21.15.6:6801/1688201795] conn(0x7f598c0385a0 0x7f598c03aa60 secure :-1 s=READY pgs=7 cs=0 l=1 rev1=1 crypto rx=0x7f5990006fd0 tx=0x7f5990006e40 comp rx=0 tx=0).stop
2023-10-19T11:56:21.427 INFO:teuthology.orchestra.run.smithi006.stdout:/usr/bin/ceph: stderr
2023-10-19T11:56:20.869+0000 7f59a7d0d700 1 -- 172.21.15.6:0/3823775038 >> [v2:172.21.15.6:3300/0,v1:172.21.15.6:6789/0] conn(0x7f59a01064f0 msgr2=0x7f59a007bc70 secure :-1 s=STATE_CONNECTION_ESTABLISHED l=1).mark_down
2023-10-19T11:56:21.427 INFO:teuthology.orchestra.run.smithi006.stdout:/usr/bin/ceph: stderr
2023-10-19T11:56:20.869+0000 7f59a7d0d700 1 --2- 172.21.15.6:0/3823775038 >> [v2:172.21.15.6:3300/0,v1:172.21.15.6:6789/0] conn(0x7f59a01064f0 0x7f59a007bc70 secure :-1 s=READY pgs=71 cs=0 l=1 rev1=1 crypto rx=0x7f599c003e30 tx=0x7f599c0119a0 comp rx=0 tx=0).stop
2023-10-19T11:56:21.427 INFO:teuthology.orchestra.run.smithi006.stdout:/usr/bin/ceph: stderr
2023-10-19T11:56:20.869+0000 7f59a7d0d700 1 -- 172.21.15.6:0/3823775038 shutdown_connections
2023-10-19T11:56:21.427 INFO:teuthology.orchestra.run.smithi006.stdout:/usr/bin/ceph: stderr
2023-10-19T11:56:20.869+0000 7f59a7d0d700 1 --2- 172.21.15.6:0/3823775038 >> [v2:172.21.15.6:6800/1688201795,v1:172.21.15.6:6801/1688201795] conn(0x7f598c0385a0 0x7f598c03aa60 unknown :-1 s=CLOSED pgs=7 cs=0 l=1 rev1=1 crypto rx=0 tx=0 comp rx=0 tx=0).stop
2023-10-19T11:56:21.427 INFO:teuthology.orchestra.run.smithi006.stdout:/usr/bin/ceph: stderr
2023-10-19T11:56:20.869+0000 7f59a7d0d700 1 --2- 172.21.15.6:0/3823775038 >> [v2:172.21.15.6:3300/0,v1:172.21.15.6:6789/0] conn(0x7f59a01064f0 0x7f59a007bc70 unknown :-1 s=CLOSED pgs=71 cs=0 l=1 rev1=1 crypto rx=0 tx=0 comp rx=0 tx=0).stop
2023-10-19T11:56:21.428 INFO:teuthology.orchestra.run.smithi006.stdout:/usr/bin/ceph: stderr
2023-10-19T11:56:20.869+0000 7f59a7d0d700 1 -- 172.21.15.6:0/3823775038 >> 172.21.15.6:0/3823775038 conn(0x7f59a0101ab0 msgr2=0x7f59a01031d0 unknown :-1 s=STATE_NONE l=0).mark_down
2023-10-19T11:56:21.428 INFO:teuthology.orchestra.run.smithi006.stdout:/usr/bin/ceph: stderr
2023-10-19T11:56:20.869+0000 7f59a7d0d700 1 -- 172.21.15.6:0/3823775038 shutdown_connections
2023-10-19T11:56:21.428 INFO:teuthology.orchestra.run.smithi006.stdout:/usr/bin/ceph: stderr
2023-10-19T11:56:20.869+0000 7f59a7d0d700 1 -- 172.21.15.6:0/3823775038 wait complete.
2023-10-19T11:56:21.428 INFO:teuthology.orchestra.run.smithi006.stdout:Creating initial admin user...
2023-10-19T11:56:21.711 INFO:journalctl@ceph.mon.a.smithi006.stdout:Oct 19 11:56:21 smithi006 ceph-mon[98496]: mgrmap e12: x(active, since 2s)
2023-10-19T11:56:21.712 INFO:journalctl@ceph.mon.a.smithi006.stdout:Oct 19 11:56:21 smithi006 ceph-mon[98496]: from='mgr.14152 172.21.15.6:0/3881862565' entity='mgr.x'
2023-10-19T11:56:21.712 INFO:journalctl@ceph.mon.a.smithi006.stdout:Oct 19 11:56:21 smithi006 ceph-mon[98496]: from='mgr.14152 172.21.15.6:0/3881862565' entity='mgr.x'
2023-10-19T11:56:21.712 INFO:journalctl@ceph.mon.a.smithi006.stdout:Oct 19 11:56:21 smithi006 ceph-mon[98496]: from='mgr.14152 172.21.15.6:0/3881862565' entity='mgr.x'
2023-10-19T11:56:22.720 INFO:journalctl@ceph.mon.a.smithi006.stdout:Oct 19 11:56:22 smithi006 ceph-mon[98496]: from='client.14164 -' entity='client.admin' cmd=[{"prefix": "dashboard create-self-signed-cert", "target": ["mon-mgr", ""]}]: dispatch
2023-10-19T11:56:22.720 INFO:journalctl@ceph.mon.a.smithi006.stdout:Oct 19 11:56:22 smithi006 ceph-mon[98496]: from='mgr.14152 172.21.15.6:0/3881862565' entity='mgr.x'
2023-10-19T11:56:22.904 INFO:teuthology.orchestra.run.smithi006.stdout:/usr/bin/ceph: stdout {"username": "admin", "password": "$2b$12$hyhYAYa0YzsJKUWCX6kEwOT7Jos5EuK9W3245hkhy6WpuQORWvFMO", "roles": ["administrator"], "name": null, "email": null, "lastUpdate": 1697716582, "enabled": true, "pwdExpirationDate": null, "pwdUpdateRequired": true}
2023-10-19T11:56:22.905 INFO:teuthology.orchestra.run.smithi006.stdout:/usr/bin/ceph: stderr
2023-10-19T11:56:21.960+0000 7f50a8c3a700 1 Processor -- start
2023-10-19T11:56:22.905 INFO:teuthology.orchestra.run.smithi006.stdout:/usr/bin/ceph: stderr
2023-10-19T11:56:21.961+0000 7f50a8c3a700 1 -- start start
2023-10-19T11:56:22.905 INFO:teuthology.orchestra.run.smithi006.stdout:/usr/bin/ceph: stderr
2023-10-19T11:56:21.961+0000 7f50a8c3a700 1 --2- >> [v2:172.21.15.6:3300/0,v1:172.21.15.6:6789/0] conn(0x7f50a407bea0 0x7f50a407a300 unknown :-1 s=NONE pgs=0 cs=0 l=0 rev1=0 crypto rx=0 tx=0 comp rx=0 tx=0).connect
2023-10-19T11:56:22.905 INFO:teuthology.orchestra.run.smithi006.stdout:/usr/bin/ceph: stderr
2023-10-19T11:56:21.961+0000 7f50a8c3a700 1 -- --> [v2:172.21.15.6:3300/0,v1:172.21.15.6:6789/0] -- mon_getmap magic: 0 v1 -- 0x7f50a407a8d0 con 0x7f50a407bea0
2023-10-19T11:56:22.906 INFO:teuthology.orchestra.run.smithi006.stdout:/usr/bin/ceph: stderr
2023-10-19T11:56:21.961+0000 7f50a259c700 1 --2- >> [v2:172.21.15.6:3300/0,v1:172.21.15.6:6789/0] conn(0x7f50a407bea0 0x7f50a407a300 unknown :-1 s=BANNER_CONNECTING pgs=0 cs=0 l=0 rev1=0 crypto rx=0 tx=0 comp rx=0 tx=0)._handle_peer_banner_payload supported=3 required=0
2023-10-19T11:56:22.911 INFO:teuthology.orchestra.run.smithi006.stdout:/usr/bin/ceph: stderr
2023-10-19T11:56:21.961+0000 7f50a259c700 1 --2- >> [v2:172.21.15.6:3300/0,v1:172.21.15.6:6789/0] conn(0x7f50a407bea0 0x7f50a407a300 unknown :-1 s=HELLO_CONNECTING pgs=0 cs=0 l=0 rev1=1 crypto rx=0 tx=0 comp rx=0 tx=0).handle_hello peer v2:172.21.15.6:3300/0 says I am v2:172.21.15.6:42584/0 (socket says 172.21.15.6:42584)
2023-10-19T11:56:22.911 INFO:teuthology.orchestra.run.smithi006.stdout:/usr/bin/ceph: stderr
2023-10-19T11:56:21.961+0000 7f50a259c700 1 -- 172.21.15.6:0/1717899070 learned_addr learned my addr 172.21.15.6:0/1717899070 (peer_addr_for_me v2:172.21.15.6:0/0)
2023-10-19T11:56:22.911 INFO:teuthology.orchestra.run.smithi006.stdout:/usr/bin/ceph: stderr
2023-10-19T11:56:21.962+0000 7f50a259c700 1 -- 172.21.15.6:0/1717899070 --> [v2:172.21.15.6:3300/0,v1:172.21.15.6:6789/0] -- mon_subscribe({config=0+,monmap=0+}) v3 -- 0x7f50a407aa10 con 0x7f50a407bea0
2023-10-19T11:56:22.911 INFO:teuthology.orchestra.run.smithi006.stdout:/usr/bin/ceph: stderr
2023-10-19T11:56:21.962+0000 7f50a259c700 1 --2- 172.21.15.6:0/1717899070 >> [v2:172.21.15.6:3300/0,v1:172.21.15.6:6789/0] conn(0x7f50a407bea0 0x7f50a407a300 secure :-1 s=READY pgs=72 cs=0 l=1 rev1=1 crypto rx=0x7f50940098a0 tx=0x7f5094009bb0 comp rx=0 tx=0).ready entity=mon.0 client_cookie=fd43c04f61021b67 server_cookie=0 in_seq=0 out_seq=0
2023-10-19T11:56:22.912 INFO:teuthology.orchestra.run.smithi006.stdout:/usr/bin/ceph: stderr
2023-10-19T11:56:21.963+0000 7f50a159a700 1 -- 172.21.15.6:0/1717899070 <== mon.0 v2:172.21.15.6:3300/0 1 ==== mon_map magic: 0 v1 ==== 205+0+0 (secure 0 0 0) 0x7f5094004160 con 0x7f50a407bea0
2023-10-19T11:56:22.912 INFO:teuthology.orchestra.run.smithi006.stdout:/usr/bin/ceph: stderr
2023-10-19T11:56:21.963+0000 7f50a159a700 1 -- 172.21.15.6:0/1717899070 <== mon.0 v2:172.21.15.6:3300/0 2 ==== config(25 keys) v1 ==== 1067+0+0 (secure 0 0 0) 0x7f50940042c0 con 0x7f50a407bea0
2023-10-19T11:56:22.912 INFO:teuthology.orchestra.run.smithi006.stdout:/usr/bin/ceph: stderr
2023-10-19T11:56:21.963+0000 7f50a159a700 1 -- 172.21.15.6:0/1717899070 <== mon.0 v2:172.21.15.6:3300/0 3 ==== mon_map magic: 0 v1 ==== 205+0+0 (secure 0 0 0) 0x7f50940118e0 con 0x7f50a407bea0
2023-10-19T11:56:22.912 INFO:teuthology.orchestra.run.smithi006.stdout:/usr/bin/ceph: stderr
2023-10-19T11:56:21.963+0000 7f50a8c3a700 1 -- 172.21.15.6:0/1717899070 >> [v2:172.21.15.6:3300/0,v1:172.21.15.6:6789/0] conn(0x7f50a407bea0 msgr2=0x7f50a407a300 secure :-1 s=STATE_CONNECTION_ESTABLISHED l=1).mark_down
2023-10-19T11:56:22.913 INFO:teuthology.orchestra.run.smithi006.stdout:/usr/bin/ceph: stderr
2023-10-19T11:56:21.963+0000 7f50a8c3a700 1 --2- 172.21.15.6:0/1717899070 >> [v2:172.21.15.6:3300/0,v1:172.21.15.6:6789/0] conn(0x7f50a407bea0 0x7f50a407a300 secure :-1 s=READY pgs=72 cs=0 l=1 rev1=1 crypto rx=0x7f50940098a0 tx=0x7f5094009bb0 comp rx=0 tx=0).stop
2023-10-19T11:56:22.913 INFO:teuthology.orchestra.run.smithi006.stdout:/usr/bin/ceph: stderr
2023-10-19T11:56:21.964+0000 7f50a8c3a700 1 -- 172.21.15.6:0/1717899070 shutdown_connections
2023-10-19T11:56:22.913 INFO:teuthology.orchestra.run.smithi006.stdout:/usr/bin/ceph: stderr
2023-10-19T11:56:21.964+0000 7f50a8c3a700 1 --2- 172.21.15.6:0/1717899070 >> [v2:172.21.15.6:3300/0,v1:172.21.15.6:6789/0] conn(0x7f50a407bea0 0x7f50a407a300 unknown :-1 s=CLOSED pgs=72 cs=0 l=1 rev1=1 crypto rx=0 tx=0 comp rx=0 tx=0).stop
2023-10-19T11:56:22.913 INFO:teuthology.orchestra.run.smithi006.stdout:/usr/bin/ceph: stderr
2023-10-19T11:56:21.964+0000 7f50a8c3a700 1 -- 172.21.15.6:0/1717899070 >> 172.21.15.6:0/1717899070 conn(0x7f50a4101ab0 msgr2=0x7f50a4103ed0 unknown :-1 s=STATE_NONE l=0).mark_down
2023-10-19T11:56:22.913 INFO:teuthology.orchestra.run.smithi006.stdout:/usr/bin/ceph: stderr
2023-10-19T11:56:21.964+0000 7f50a8c3a700 1 -- 172.21.15.6:0/1717899070 shutdown_connections
2023-10-19T11:56:22.913 INFO:teuthology.orchestra.run.smithi006.stdout:/usr/bin/ceph: stderr
2023-10-19T11:56:21.964+0000 7f50a8c3a700 1 -- 172.21.15.6:0/1717899070 wait complete.
2023-10-19T11:56:22.914 INFO:teuthology.orchestra.run.smithi006.stdout:/usr/bin/ceph: stderr
2023-10-19T11:56:21.965+0000 7f50a8c3a700 1 Processor -- start
2023-10-19T11:56:22.914 INFO:teuthology.orchestra.run.smithi006.stdout:/usr/bin/ceph: stderr
2023-10-19T11:56:21.966+0000 7f50a8c3a700 1 -- start start
2023-10-19T11:56:22.914 INFO:teuthology.orchestra.run.smithi006.stdout:/usr/bin/ceph: stderr
2023-10-19T11:56:21.966+0000 7f50a8c3a700 1 --2- >> [v2:172.21.15.6:3300/0,v1:172.21.15.6:6789/0] conn(0x7f50a407bea0 0x7f50a419c450 unknown :-1 s=NONE pgs=0 cs=0 l=1 rev1=0 crypto rx=0 tx=0 comp rx=0 tx=0).connect
2023-10-19T11:56:22.914 INFO:teuthology.orchestra.run.smithi006.stdout:/usr/bin/ceph: stderr
2023-10-19T11:56:21.966+0000 7f50a8c3a700 1 -- --> [v2:172.21.15.6:3300/0,v1:172.21.15.6:6789/0] -- mon_getmap magic: 0 v1 -- 0x7f50a419c990 con 0x7f50a407bea0
2023-10-19T11:56:22.914 INFO:teuthology.orchestra.run.smithi006.stdout:/usr/bin/ceph: stderr
2023-10-19T11:56:21.966+0000 7f50a259c700 1 --2- >> [v2:172.21.15.6:3300/0,v1:172.21.15.6:6789/0] conn(0x7f50a407bea0 0x7f50a419c450 unknown :-1 s=BANNER_CONNECTING pgs=0 cs=0 l=1 rev1=0 crypto rx=0 tx=0 comp rx=0 tx=0)._handle_peer_banner_payload supported=3 required=0
2023-10-19T11:56:22.916 INFO:teuthology.orchestra.run.smithi006.stdout:/usr/bin/ceph: stderr
2023-10-19T11:56:21.966+0000 7f50a259c700 1 --2- >> [v2:172.21.15.6:3300/0,v1:172.21.15.6:6789/0] conn(0x7f50a407bea0 0x7f50a419c450 unknown :-1 s=HELLO_CONNECTING pgs=0 cs=0 l=1 rev1=1 crypto rx=0 tx=0 comp rx=0 tx=0).handle_hello peer v2:172.21.15.6:3300/0 says I am v2:172.21.15.6:42594/0 (socket says 172.21.15.6:42594)
2023-10-19T11:56:22.916 INFO:teuthology.orchestra.run.smithi006.stdout:/usr/bin/ceph: stderr
2023-10-19T11:56:21.966+0000 7f50a259c700 1 -- 172.21.15.6:0/3238129035 learned_addr learned my addr 172.21.15.6:0/3238129035 (peer_addr_for_me v2:172.21.15.6:0/0)
2023-10-19T11:56:22.916 INFO:teuthology.orchestra.run.smithi006.stdout:/usr/bin/ceph: stderr
2023-10-19T11:56:21.967+0000 7f50a259c700 1 -- 172.21.15.6:0/3238129035 --> [v2:172.21.15.6:3300/0,v1:172.21.15.6:6789/0] -- mon_subscribe({config=0+,monmap=0+}) v3 -- 0x7f5094009550 con 0x7f50a407bea0
2023-10-19T11:56:22.917 INFO:teuthology.orchestra.run.smithi006.stdout:/usr/bin/ceph: stderr
2023-10-19T11:56:21.967+0000 7f50a259c700 1 --2- 172.21.15.6:0/3238129035 >> [v2:172.21.15.6:3300/0,v1:172.21.15.6:6789/0] conn(0x7f50a407bea0 0x7f50a419c450 secure :-1 s=READY pgs=73 cs=0 l=1 rev1=1 crypto rx=0x7f5094003e30 tx=0x7f50940119a0 comp rx=0 tx=0).ready entity=mon.0 client_cookie=0 server_cookie=0 in_seq=0 out_seq=0
