2023-10-19T11:55:40.953+0000 7ff959740700 1 --2- 172.21.15.6:0/1420203609 >> [v2:172.21.15.6:3300/0,v1:172.21.15.6:6789/0] conn(0x7ff9541064f0 0x7ff95419c310 secure :-1 s=READY pgs=23 cs=0 l=1 rev1=1 crypto rx=0x7ff950000c00 tx=0x7ff950011e70 comp rx=0 tx=0).ready entity=mon.0 client_cookie=0 server_cookie=0 in_seq=0 out_seq=0
2023-10-19T11:55:42.531 INFO:teuthology.orchestra.run.smithi006.stdout:/usr/bin/ceph: stderr
2023-10-19T11:55:40.954+0000 7ff94a7fc700 1 -- 172.21.15.6:0/1420203609 <== mon.0 v2:172.21.15.6:3300/0 1 ==== mon_map magic: 0 v1 ==== 205+0+0 (secure 0 0 0) 0x7ff9500036a0 con 0x7ff9541064f0
2023-10-19T11:55:42.531 INFO:teuthology.orchestra.run.smithi006.stdout:/usr/bin/ceph: stderr
2023-10-19T11:55:40.954+0000 7ff94a7fc700 1 -- 172.21.15.6:0/1420203609 <== mon.0 v2:172.21.15.6:3300/0 2 ==== config(25 keys) v1 ==== 1036+0+0 (secure 0 0 0) 0x7ff950003c70 con 0x7ff9541064f0
2023-10-19T11:55:42.531 INFO:teuthology.orchestra.run.smithi006.stdout:/usr/bin/ceph: stderr
2023-10-19T11:55:40.954+0000 7ff94a7fc700 1 -- 172.21.15.6:0/1420203609 <== mon.0 v2:172.21.15.6:3300/0 3 ==== mon_map magic: 0 v1 ==== 205+0+0 (secure 0 0 0) 0x7ff9500193f0 con 0x7ff9541064f0
2023-10-19T11:55:42.531 INFO:teuthology.orchestra.run.smithi006.stdout:/usr/bin/ceph: stderr
2023-10-19T11:55:40.954+0000 7ff95b9a4700 1 -- 172.21.15.6:0/1420203609 --> [v2:172.21.15.6:3300/0,v1:172.21.15.6:6789/0] -- mon_subscribe({mgrmap=0+}) v3 -- 0x7ff95419ca50 con 0x7ff9541064f0
2023-10-19T11:55:42.531 INFO:teuthology.orchestra.run.smithi006.stdout:/usr/bin/ceph: stderr
2023-10-19T11:55:40.954+0000 7ff95b9a4700 1 -- 172.21.15.6:0/1420203609 --> [v2:172.21.15.6:3300/0,v1:172.21.15.6:6789/0] -- mon_subscribe({osdmap=0}) v3 -- 0x7ff95419ce70 con 0x7ff9541064f0
2023-10-19T11:55:42.531 INFO:teuthology.orchestra.run.smithi006.stdout:/usr/bin/ceph: stderr
2023-10-19T11:55:40.955+0000 7ff95b9a4700 1 -- 172.21.15.6:0/1420203609 --> [v2:172.21.15.6:3300/0,v1:172.21.15.6:6789/0] -- mon_command({"prefix": "get_command_descriptions"} v 0) v1 -- 0x7ff9540623c0 con 0x7ff9541064f0
2023-10-19T11:55:42.532 INFO:teuthology.orchestra.run.smithi006.stdout:/usr/bin/ceph: stderr
2023-10-19T11:55:40.955+0000 7ff94a7fc700 1 -- 172.21.15.6:0/1420203609 <== mon.0 v2:172.21.15.6:3300/0 4 ==== mgrmap(e 4) v1 ==== 45411+0+0 (secure 0 0 0) 0x7ff95001b440 con 0x7ff9541064f0
2023-10-19T11:55:42.532 INFO:teuthology.orchestra.run.smithi006.stdout:/usr/bin/ceph: stderr
2023-10-19T11:55:40.955+0000 7ff94a7fc700 1 --2- 172.21.15.6:0/1420203609 >> [v2:172.21.15.6:6800/2706168351,v1:172.21.15.6:6801/2706168351] conn(0x7ff940038500 0x7ff94003a9c0 unknown :-1 s=NONE pgs=0 cs=0 l=1 rev1=0 crypto rx=0 tx=0 comp rx=0 tx=0).connect
2023-10-19T11:55:42.532 INFO:teuthology.orchestra.run.smithi006.stdout:/usr/bin/ceph: stderr
2023-10-19T11:55:40.955+0000 7ff94a7fc700 1 -- 172.21.15.6:0/1420203609 <== mon.0 v2:172.21.15.6:3300/0 5 ==== osd_map(1..1 src has 1..1) v4 ==== 725+0+0 (secure 0 0 0) 0x7ff95004c210 con 0x7ff9541064f0
2023-10-19T11:55:42.532 INFO:teuthology.orchestra.run.smithi006.stdout:/usr/bin/ceph: stderr
2023-10-19T11:55:40.956+0000 7ff958f3f700 1 --2- 172.21.15.6:0/1420203609 >> [v2:172.21.15.6:6800/2706168351,v1:172.21.15.6:6801/2706168351] conn(0x7ff940038500 0x7ff94003a9c0 unknown :-1 s=BANNER_CONNECTING pgs=0 cs=0 l=1 rev1=0 crypto rx=0 tx=0 comp rx=0 tx=0)._handle_peer_banner_payload supported=3 required=0
2023-10-19T11:55:42.532 INFO:teuthology.orchestra.run.smithi006.stdout:/usr/bin/ceph: stderr
2023-10-19T11:55:40.956+0000 7ff958f3f700 1 --2- 172.21.15.6:0/1420203609 >> [v2:172.21.15.6:6800/2706168351,v1:172.21.15.6:6801/2706168351] conn(0x7ff940038500 0x7ff94003a9c0 secure :-1 s=READY pgs=8 cs=0 l=1 rev1=1 crypto rx=0x7ff944006fd0 tx=0x7ff944006e40 comp rx=0 tx=0).ready entity=mgr.14100 client_cookie=0 server_cookie=0 in_seq=0 out_seq=0
2023-10-19T11:55:42.533 INFO:teuthology.orchestra.run.smithi006.stdout:/usr/bin/ceph: stderr
2023-10-19T11:55:40.960+0000 7ff94a7fc700 1 -- 172.21.15.6:0/1420203609 <== mon.0 v2:172.21.15.6:3300/0 6 ==== mon_command_ack([{"prefix": "get_command_descriptions"}]=0 v0) v1 ==== 72+0+180373 (secure 0 0 0) 0x7ff950022950 con 0x7ff9541064f0
2023-10-19T11:55:42.533 INFO:teuthology.orchestra.run.smithi006.stdout:/usr/bin/ceph: stderr
2023-10-19T11:55:41.231+0000 7ff95b9a4700 1 -- 172.21.15.6:0/1420203609 --> [v2:172.21.15.6:3300/0,v1:172.21.15.6:6789/0] -- mon_command({"prefix": "mgr module enable", "module": "cephadm"} v 0) v1 -- 0x7ff95419ffe0 con 0x7ff9541064f0
2023-10-19T11:55:42.533 INFO:teuthology.orchestra.run.smithi006.stdout:/usr/bin/ceph: stderr
2023-10-19T11:55:42.085+0000 7ff94a7fc700 1 -- 172.21.15.6:0/1420203609 <== mon.0 v2:172.21.15.6:3300/0 7 ==== mgrmap(e 5) v1 ==== 45422+0+0 (secure 0 0 0) 0x7ff950003990 con 0x7ff9541064f0
2023-10-19T11:55:42.533 INFO:teuthology.orchestra.run.smithi006.stdout:/usr/bin/ceph: stderr
2023-10-19T11:55:42.087+0000 7ff94a7fc700 1 -- 172.21.15.6:0/1420203609 <== mon.0 v2:172.21.15.6:3300/0 8 ==== mon_command_ack([{"prefix": "mgr module enable", "module": "cephadm"}]=0 v5) v1 ==== 86+0+0 (secure 0 0 0) 0x7ff95001b950 con 0x7ff9541064f0
2023-10-19T11:55:42.533 INFO:teuthology.orchestra.run.smithi006.stdout:/usr/bin/ceph: stderr
2023-10-19T11:55:42.090+0000 7ff95b9a4700 1 -- 172.21.15.6:0/1420203609 >> [v2:172.21.15.6:6800/2706168351,v1:172.21.15.6:6801/2706168351] conn(0x7ff940038500 msgr2=0x7ff94003a9c0 secure :-1 s=STATE_CONNECTION_ESTABLISHED l=1).mark_down
2023-10-19T11:55:42.534 INFO:teuthology.orchestra.run.smithi006.stdout:/usr/bin/ceph: stderr
2023-10-19T11:55:42.090+0000 7ff95b9a4700 1 --2- 172.21.15.6:0/1420203609 >> [v2:172.21.15.6:6800/2706168351,v1:172.21.15.6:6801/2706168351] conn(0x7ff940038500 0x7ff94003a9c0 secure :-1 s=READY pgs=8 cs=0 l=1 rev1=1 crypto rx=0x7ff944006fd0 tx=0x7ff944006e40 comp rx=0 tx=0).stop
2023-10-19T11:55:42.534 INFO:teuthology.orchestra.run.smithi006.stdout:/usr/bin/ceph: stderr
2023-10-19T11:55:42.090+0000 7ff95b9a4700 1 -- 172.21.15.6:0/1420203609 >> [v2:172.21.15.6:3300/0,v1:172.21.15.6:6789/0] conn(0x7ff9541064f0 msgr2=0x7ff95419c310 secure :-1 s=STATE_CONNECTION_ESTABLISHED l=1).mark_down
2023-10-19T11:55:42.534 INFO:teuthology.orchestra.run.smithi006.stdout:/usr/bin/ceph: stderr
2023-10-19T11:55:42.090+0000 7ff95b9a4700 1 --2- 172.21.15.6:0/1420203609 >> [v2:172.21.15.6:3300/0,v1:172.21.15.6:6789/0] conn(0x7ff9541064f0 0x7ff95419c310 secure :-1 s=READY pgs=23 cs=0 l=1 rev1=1 crypto rx=0x7ff950000c00 tx=0x7ff950011e70 comp rx=0 tx=0).stop
2023-10-19T11:55:42.534 INFO:teuthology.orchestra.run.smithi006.stdout:/usr/bin/ceph: stderr
2023-10-19T11:55:42.090+0000 7ff95b9a4700 1 -- 172.21.15.6:0/1420203609 shutdown_connections
2023-10-19T11:55:42.534 INFO:teuthology.orchestra.run.smithi006.stdout:/usr/bin/ceph: stderr
2023-10-19T11:55:42.090+0000 7ff95b9a4700 1 --2- 172.21.15.6:0/1420203609 >> [v2:172.21.15.6:6800/2706168351,v1:172.21.15.6:6801/2706168351] conn(0x7ff940038500 0x7ff94003a9c0 unknown :-1 s=CLOSED pgs=8 cs=0 l=1 rev1=1 crypto rx=0 tx=0 comp rx=0 tx=0).stop
2023-10-19T11:55:42.535 INFO:teuthology.orchestra.run.smithi006.stdout:/usr/bin/ceph: stderr
2023-10-19T11:55:42.090+0000 7ff95b9a4700 1 --2- 172.21.15.6:0/1420203609 >> [v2:172.21.15.6:3300/0,v1:172.21.15.6:6789/0] conn(0x7ff9541064f0 0x7ff95419c310 unknown :-1 s=CLOSED pgs=23 cs=0 l=1 rev1=1 crypto rx=0 tx=0 comp rx=0 tx=0).stop
2023-10-19T11:55:42.535 INFO:teuthology.orchestra.run.smithi006.stdout:/usr/bin/ceph: stderr
2023-10-19T11:55:42.090+0000 7ff95b9a4700 1 -- 172.21.15.6:0/1420203609 >> 172.21.15.6:0/1420203609 conn(0x7ff954101b10 msgr2=0x7ff954102890 unknown :-1 s=STATE_NONE l=0).mark_down
2023-10-19T11:55:42.535 INFO:teuthology.orchestra.run.smithi006.stdout:/usr/bin/ceph: stderr
2023-10-19T11:55:42.090+0000 7ff95b9a4700 1 -- 172.21.15.6:0/1420203609 shutdown_connections
2023-10-19T11:55:42.536 INFO:teuthology.orchestra.run.smithi006.stdout:/usr/bin/ceph: stderr
2023-10-19T11:55:42.090+0000 7ff95b9a4700 1 -- 172.21.15.6:0/1420203609 wait complete.
2023-10-19T11:55:42.715 INFO:journalctl@ceph.mgr.x.smithi006.stdout:Oct 19 11:55:42 smithi006 ceph-3baf3b96-6e76-11ee-8db6-212e2dc638e7-mgr-x[98749]:
2023-10-19T11:55:42.460+0000 7fa8da0c8200 -1 mgr[py] Module osd_support has missing NOTIFY_TYPES member
2023-10-19T11:55:42.716 INFO:journalctl@ceph.mgr.x.smithi006.stdout:Oct 19 11:55:42 smithi006 ceph-3baf3b96-6e76-11ee-8db6-212e2dc638e7-mgr-x[98749]:
2023-10-19T11:55:42.586+0000 7fa8da0c8200 -1 mgr[py] Module snap_schedule has missing NOTIFY_TYPES member
2023-10-19T11:55:42.716 INFO:journalctl@ceph.mgr.x.smithi006.stdout:Oct 19 11:55:42 smithi006 ceph-3baf3b96-6e76-11ee-8db6-212e2dc638e7-mgr-x[98749]:
2023-10-19T11:55:42.712+0000 7fa8da0c8200 -1 mgr[py] Module zabbix has missing NOTIFY_TYPES member
2023-10-19T11:55:43.404 INFO:journalctl@ceph.mon.a.smithi006.stdout:Oct 19 11:55:43 smithi006 ceph-mon[98496]: from='client.? 172.21.15.6:0/1420203609' entity='client.admin' cmd='[{"prefix": "mgr module enable", "module": "cephadm"}]': finished
2023-10-19T11:55:43.404 INFO:journalctl@ceph.mon.a.smithi006.stdout:Oct 19 11:55:43 smithi006 ceph-mon[98496]: mgrmap e5: x(active, since 9s)
2023-10-19T11:55:43.405 INFO:journalctl@ceph.mgr.x.smithi006.stdout:Oct 19 11:55:42 smithi006 ceph-3baf3b96-6e76-11ee-8db6-212e2dc638e7-mgr-x[98749]:
2023-10-19T11:55:42.983+0000 7fa8da0c8200 -1 mgr[py] Module crash has missing NOTIFY_TYPES member
2023-10-19T11:55:43.659 INFO:journalctl@ceph.mgr.x.smithi006.stdout:Oct 19 11:55:43 smithi006 ceph-3baf3b96-6e76-11ee-8db6-212e2dc638e7-mgr-x[98749]:
2023-10-19T11:55:43.484+0000 7fa8da0c8200 -1 mgr[py] Module prometheus has missing NOTIFY_TYPES member
2023-10-19T11:55:43.930 INFO:journalctl@ceph.mgr.x.smithi006.stdout:Oct 19 11:55:43 smithi006 ceph-3baf3b96-6e76-11ee-8db6-212e2dc638e7-mgr-x[98749]:
2023-10-19T11:55:43.656+0000 7fa8da0c8200 -1 mgr[py] Module status has missing NOTIFY_TYPES member
2023-10-19T11:55:43.930 INFO:journalctl@ceph.mgr.x.smithi006.stdout:Oct 19 11:55:43 smithi006 ceph-3baf3b96-6e76-11ee-8db6-212e2dc638e7-mgr-x[98749]:
2023-10-19T11:55:43.795+0000 7fa8da0c8200 -1 mgr[py] Module selftest has missing NOTIFY_TYPES member
2023-10-19T11:55:43.931 INFO:journalctl@ceph.mgr.x.smithi006.stdout:Oct 19 11:55:43 smithi006 ceph-3baf3b96-6e76-11ee-8db6-212e2dc638e7-mgr-x[98749]:
2023-10-19T11:55:43.926+0000 7fa8da0c8200 -1 mgr[py] Module alerts has missing NOTIFY_TYPES member
2023-10-19T11:55:44.014 INFO:teuthology.orchestra.run.smithi006.stdout:/usr/bin/ceph: stdout {
2023-10-19T11:55:44.014 INFO:teuthology.orchestra.run.smithi006.stdout:/usr/bin/ceph: stdout "epoch": 5,
2023-10-19T11:55:44.014 INFO:teuthology.orchestra.run.smithi006.stdout:/usr/bin/ceph: stdout "available": true,
2023-10-19T11:55:44.014 INFO:teuthology.orchestra.run.smithi006.stdout:/usr/bin/ceph: stdout "active_name": "x",
2023-10-19T11:55:44.015 INFO:teuthology.orchestra.run.smithi006.stdout:/usr/bin/ceph: stdout "num_standby": 0
2023-10-19T11:55:44.015 INFO:teuthology.orchestra.run.smithi006.stdout:/usr/bin/ceph: stdout }
2023-10-19T11:55:44.015 INFO:teuthology.orchestra.run.smithi006.stdout:/usr/bin/ceph: stderr
2023-10-19T11:55:43.068+0000 7fdabd423700 1 Processor -- start
2023-10-19T11:55:44.015 INFO:teuthology.orchestra.run.smithi006.stdout:/usr/bin/ceph: stderr
2023-10-19T11:55:43.068+0000 7fdabd423700 1 -- start start
2023-10-19T11:55:44.016 INFO:teuthology.orchestra.run.smithi006.stdout:/usr/bin/ceph: stderr
2023-10-19T11:55:43.069+0000 7fdabd423700 1 --2- >> [v2:172.21.15.6:3300/0,v1:172.21.15.6:6789/0] conn(0x7fdab807be80 0x7fdab807a2e0 unknown :-1 s=NONE pgs=0 cs=0 l=0 rev1=0 crypto rx=0 tx=0 comp rx=0 tx=0).connect
2023-10-19T11:55:44.016 INFO:teuthology.orchestra.run.smithi006.stdout:/usr/bin/ceph: stderr
2023-10-19T11:55:43.069+0000 7fdabd423700 1 -- --> [v2:172.21.15.6:3300/0,v1:172.21.15.6:6789/0] -- mon_getmap magic: 0 v1 -- 0x7fdab807a8b0 con 0x7fdab807be80
2023-10-19T11:55:44.016 INFO:teuthology.orchestra.run.smithi006.stdout:/usr/bin/ceph: stderr
2023-10-19T11:55:43.069+0000 7fdab6ffd700 1 --2- >> [v2:172.21.15.6:3300/0,v1:172.21.15.6:6789/0] conn(0x7fdab807be80 0x7fdab807a2e0 unknown :-1 s=BANNER_CONNECTING pgs=0 cs=0 l=0 rev1=0 crypto rx=0 tx=0 comp rx=0 tx=0)._handle_peer_banner_payload supported=3 required=0
2023-10-19T11:55:44.016 INFO:teuthology.orchestra.run.smithi006.stdout:/usr/bin/ceph: stderr
2023-10-19T11:55:43.069+0000 7fdab6ffd700 1 --2- >> [v2:172.21.15.6:3300/0,v1:172.21.15.6:6789/0] conn(0x7fdab807be80 0x7fdab807a2e0 unknown :-1 s=HELLO_CONNECTING pgs=0 cs=0 l=0 rev1=1 crypto rx=0 tx=0 comp rx=0 tx=0).handle_hello peer v2:172.21.15.6:3300/0 says I am v2:172.21.15.6:47476/0 (socket says 172.21.15.6:47476)
2023-10-19T11:55:44.017 INFO:teuthology.orchestra.run.smithi006.stdout:/usr/bin/ceph: stderr
2023-10-19T11:55:43.069+0000 7fdab6ffd700 1 -- 172.21.15.6:0/574356987 learned_addr learned my addr 172.21.15.6:0/574356987 (peer_addr_for_me v2:172.21.15.6:0/0)
2023-10-19T11:55:44.017 INFO:teuthology.orchestra.run.smithi006.stdout:/usr/bin/ceph: stderr
2023-10-19T11:55:43.069+0000 7fdab6ffd700 1 -- 172.21.15.6:0/574356987 --> [v2:172.21.15.6:3300/0,v1:172.21.15.6:6789/0] -- mon_subscribe({config=0+,monmap=0+}) v3 -- 0x7fdab807a9f0 con 0x7fdab807be80
2023-10-19T11:55:44.017 INFO:teuthology.orchestra.run.smithi006.stdout:/usr/bin/ceph: stderr
2023-10-19T11:55:43.070+0000 7fdab6ffd700 1 --2- 172.21.15.6:0/574356987 >> [v2:172.21.15.6:3300/0,v1:172.21.15.6:6789/0] conn(0x7fdab807be80 0x7fdab807a2e0 secure :-1 s=READY pgs=26 cs=0 l=1 rev1=1 crypto rx=0x7fdaa80098a0 tx=0x7fdaa8009bb0 comp rx=0 tx=0).ready entity=mon.0 client_cookie=f7f1fde700e46a3d server_cookie=0 in_seq=0 out_seq=0
2023-10-19T11:55:44.018 INFO:teuthology.orchestra.run.smithi006.stdout:/usr/bin/ceph: stderr
2023-10-19T11:55:43.070+0000 7fdab5ffb700 1 -- 172.21.15.6:0/574356987 <== mon.0 v2:172.21.15.6:3300/0 1 ==== mon_map magic: 0 v1 ==== 205+0+0 (secure 0 0 0) 0x7fdaa8004160 con 0x7fdab807be80
2023-10-19T11:55:44.018 INFO:teuthology.orchestra.run.smithi006.stdout:/usr/bin/ceph: stderr
2023-10-19T11:55:43.070+0000 7fdab5ffb700 1 -- 172.21.15.6:0/574356987 <== mon.0 v2:172.21.15.6:3300/0 2 ==== config(25 keys) v1 ==== 1036+0+0 (secure 0 0 0) 0x7fdaa80042c0 con 0x7fdab807be80
2023-10-19T11:55:44.019 INFO:teuthology.orchestra.run.smithi006.stdout:/usr/bin/ceph: stderr
2023-10-19T11:55:43.070+0000 7fdab5ffb700 1 -- 172.21.15.6:0/574356987 <== mon.0 v2:172.21.15.6:3300/0 3 ==== mon_map magic: 0 v1 ==== 205+0+0 (secure 0 0 0) 0x7fdaa8011940 con 0x7fdab807be80
2023-10-19T11:55:44.019 INFO:teuthology.orchestra.run.smithi006.stdout:/usr/bin/ceph: stderr
2023-10-19T11:55:43.071+0000 7fdabd423700 1 -- 172.21.15.6:0/574356987 >> [v2:172.21.15.6:3300/0,v1:172.21.15.6:6789/0] conn(0x7fdab807be80 msgr2=0x7fdab807a2e0 secure :-1 s=STATE_CONNECTION_ESTABLISHED l=1).mark_down
2023-10-19T11:55:44.019 INFO:teuthology.orchestra.run.smithi006.stdout:/usr/bin/ceph: stderr
2023-10-19T11:55:43.071+0000 7fdabd423700 1 --2- 172.21.15.6:0/574356987 >> [v2:172.21.15.6:3300/0,v1:172.21.15.6:6789/0] conn(0x7fdab807be80 0x7fdab807a2e0 secure :-1 s=READY pgs=26 cs=0 l=1 rev1=1 crypto rx=0x7fdaa80098a0 tx=0x7fdaa8009bb0 comp rx=0 tx=0).stop
2023-10-19T11:55:44.020 INFO:teuthology.orchestra.run.smithi006.stdout:/usr/bin/ceph: stderr
2023-10-19T11:55:43.071+0000 7fdabd423700 1 -- 172.21.15.6:0/574356987 shutdown_connections
2023-10-19T11:55:44.020 INFO:teuthology.orchestra.run.smithi006.stdout:/usr/bin/ceph: stderr
2023-10-19T11:55:43.071+0000 7fdabd423700 1 --2- 172.21.15.6:0/574356987 >> [v2:172.21.15.6:3300/0,v1:172.21.15.6:6789/0] conn(0x7fdab807be80 0x7fdab807a2e0 unknown :-1 s=CLOSED pgs=26 cs=0 l=1 rev1=1 crypto rx=0 tx=0 comp rx=0 tx=0).stop
2023-10-19T11:55:44.021 INFO:teuthology.orchestra.run.smithi006.stdout:/usr/bin/ceph: stderr
2023-10-19T11:55:43.071+0000 7fdabd423700 1 -- 172.21.15.6:0/574356987 >> 172.21.15.6:0/574356987 conn(0x7fdab8101ab0 msgr2=0x7fdab8103ed0 unknown :-1 s=STATE_NONE l=0).mark_down
2023-10-19T11:55:44.021 INFO:teuthology.orchestra.run.smithi006.stdout:/usr/bin/ceph: stderr
2023-10-19T11:55:43.071+0000 7fdabd423700 1 -- 172.21.15.6:0/574356987 shutdown_connections
2023-10-19T11:55:44.021 INFO:teuthology.orchestra.run.smithi006.stdout:/usr/bin/ceph: stderr
2023-10-19T11:55:43.071+0000 7fdabd423700 1 -- 172.21.15.6:0/574356987 wait complete.
2023-10-19T11:55:44.022 INFO:teuthology.orchestra.run.smithi006.stdout:/usr/bin/ceph: stderr
2023-10-19T11:55:43.072+0000 7fdabd423700 1 Processor -- start
2023-10-19T11:55:44.022 INFO:teuthology.orchestra.run.smithi006.stdout:/usr/bin/ceph: stderr
2023-10-19T11:55:43.072+0000 7fdabd423700 1 -- start start
2023-10-19T11:55:44.022 INFO:teuthology.orchestra.run.smithi006.stdout:/usr/bin/ceph: stderr
2023-10-19T11:55:43.073+0000 7fdabd423700 1 --2- >> [v2:172.21.15.6:3300/0,v1:172.21.15.6:6789/0] conn(0x7fdab807be80 0x7fdab819c340 unknown :-1 s=NONE pgs=0 cs=0 l=1 rev1=0 crypto rx=0 tx=0 comp rx=0 tx=0).connect
2023-10-19T11:55:44.023 INFO:teuthology.orchestra.run.smithi006.stdout:/usr/bin/ceph: stderr
2023-10-19T11:55:43.073+0000 7fdabd423700 1 -- --> [v2:172.21.15.6:3300/0,v1:172.21.15.6:6789/0] -- mon_getmap magic: 0 v1 -- 0x7fdab819c880 con 0x7fdab807be80
2023-10-19T11:55:44.023 INFO:teuthology.orchestra.run.smithi006.stdout:/usr/bin/ceph: stderr
2023-10-19T11:55:43.073+0000 7fdab6ffd700 1 --2- >> [v2:172.21.15.6:3300/0,v1:172.21.15.6:6789/0] conn(0x7fdab807be80 0x7fdab819c340 unknown :-1 s=BANNER_CONNECTING pgs=0 cs=0 l=1 rev1=0 crypto rx=0 tx=0 comp rx=0 tx=0)._handle_peer_banner_payload supported=3 required=0
2023-10-19T11:55:44.023 INFO:teuthology.orchestra.run.smithi006.stdout:/usr/bin/ceph: stderr
2023-10-19T11:55:43.073+0000 7fdab6ffd700 1 --2- >> [v2:172.21.15.6:3300/0,v1:172.21.15.6:6789/0] conn(0x7fdab807be80 0x7fdab819c340 unknown :-1 s=HELLO_CONNECTING pgs=0 cs=0 l=1 rev1=1 crypto rx=0 tx=0 comp rx=0 tx=0).handle_hello peer v2:172.21.15.6:3300/0 says I am v2:172.21.15.6:47492/0 (socket says 172.21.15.6:47492)
2023-10-19T11:55:44.023 INFO:teuthology.orchestra.run.smithi006.stdout:/usr/bin/ceph: stderr
2023-10-19T11:55:43.073+0000 7fdab6ffd700 1 -- 172.21.15.6:0/119751777 learned_addr learned my addr 172.21.15.6:0/119751777 (peer_addr_for_me v2:172.21.15.6:0/0)
2023-10-19T11:55:44.023 INFO:teuthology.orchestra.run.smithi006.stdout:/usr/bin/ceph: stderr
2023-10-19T11:55:43.073+0000 7fdab6ffd700 1 -- 172.21.15.6:0/119751777 --> [v2:172.21.15.6:3300/0,v1:172.21.15.6:6789/0] -- mon_subscribe({config=0+,monmap=0+}) v3 -- 0x7fdaa8009550 con 0x7fdab807be80
2023-10-19T11:55:44.024 INFO:teuthology.orchestra.run.smithi006.stdout:/usr/bin/ceph: stderr
2023-10-19T11:55:43.074+0000 7fdab6ffd700 1 --2- 172.21.15.6:0/119751777 >> [v2:172.21.15.6:3300/0,v1:172.21.15.6:6789/0] conn(0x7fdab807be80 0x7fdab819c340 secure :-1 s=READY pgs=27 cs=0 l=1 rev1=1 crypto rx=0x7fdaa8011dc0 tx=0x7fdaa8011ea0 comp rx=0 tx=0).ready entity=mon.0 client_cookie=0 server_cookie=0 in_seq=0 out_seq=0
2023-10-19T11:55:44.024 INFO:teuthology.orchestra.run.smithi006.stdout:/usr/bin/ceph: stderr
2023-10-19T11:55:43.074+0000 7fda9ffff700 1 -- 172.21.15.6:0/119751777 <== mon.0 v2:172.21.15.6:3300/0 1 ==== mon_map magic: 0 v1 ==== 205+0+0 (secure 0 0 0) 0x7fdaa80037d0 con 0x7fdab807be80
2023-10-19T11:55:44.024 INFO:teuthology.orchestra.run.smithi006.stdout:/usr/bin/ceph: stderr
2023-10-19T11:55:43.074+0000 7fda9ffff700 1 -- 172.21.15.6:0/119751777 <== mon.0 v2:172.21.15.6:3300/0 2 ==== config(25 keys) v1 ==== 1036+0+0 (secure 0 0 0) 0x7fdaa801b440 con 0x7fdab807be80
2023-10-19T11:55:44.024 INFO:teuthology.orchestra.run.smithi006.stdout:/usr/bin/ceph: stderr
2023-10-19T11:55:43.074+0000 7fdabd423700 1 -- 172.21.15.6:0/119751777 --> [v2:172.21.15.6:3300/0,v1:172.21.15.6:6789/0] -- mon_subscribe({mgrmap=0+}) v3 -- 0x7fdab819ca80 con 0x7fdab807be80
2023-10-19T11:55:44.024 INFO:teuthology.orchestra.run.smithi006.stdout:/usr/bin/ceph: stderr
2023-10-19T11:55:43.074+0000 7fda9ffff700 1 -- 172.21.15.6:0/119751777 <== mon.0 v2:172.21.15.6:3300/0 3 ==== mon_map magic: 0 v1 ==== 205+0+0 (secure 0 0 0) 0x7fdaa801a560 con 0x7fdab807be80
2023-10-19T11:55:44.025 INFO:teuthology.orchestra.run.smithi006.stdout:/usr/bin/ceph: stderr
2023-10-19T11:55:43.074+0000 7fdabd423700 1 -- 172.21.15.6:0/119751777 --> [v2:172.21.15.6:3300/0,v1:172.21.15.6:6789/0] -- mon_subscribe({osdmap=0}) v3 -- 0x7fdab819cea0 con 0x7fdab807be80
2023-10-19T11:55:44.025 INFO:teuthology.orchestra.run.smithi006.stdout:/usr/bin/ceph: stderr
2023-10-19T11:55:43.075+0000 7fda9ffff700 1 -- 172.21.15.6:0/119751777 <== mon.0 v2:172.21.15.6:3300/0 4 ==== mgrmap(e 5) v1 ==== 45422+0+0 (secure 0 0 0) 0x7fdaa801a7d0 con 0x7fdab807be80
2023-10-19T11:55:44.025 INFO:teuthology.orchestra.run.smithi006.stdout:/usr/bin/ceph: stderr
2023-10-19T11:55:43.075+0000 7fdabd423700 1 -- 172.21.15.6:0/119751777 --> [v2:172.21.15.6:3300/0,v1:172.21.15.6:6789/0] -- mon_command({"prefix": "get_command_descriptions"} v 0) v1 -- 0x7fdab80623c0 con 0x7fdab807be80
2023-10-19T11:55:44.025 INFO:teuthology.orchestra.run.smithi006.stdout:/usr/bin/ceph: stderr
2023-10-19T11:55:43.076+0000 7fda9ffff700 1 --2- 172.21.15.6:0/119751777 >> [v2:172.21.15.6:6800/2706168351,v1:172.21.15.6:6801/2706168351] conn(0x7fdaa0038550 0x7fdaa003aa10 unknown :-1 s=NONE pgs=0 cs=0 l=1 rev1=0 crypto rx=0 tx=0 comp rx=0 tx=0).connect
2023-10-19T11:55:44.025 INFO:teuthology.orchestra.run.smithi006.stdout:/usr/bin/ceph: stderr
2023-10-19T11:55:43.076+0000 7fda9ffff700 1 -- 172.21.15.6:0/119751777 <== mon.0 v2:172.21.15.6:3300/0 5 ==== osd_map(1..1 src has 1..1) v4 ==== 725+0+0 (secure 0 0 0) 0x7fdaa804c240 con 0x7fdab807be80
2023-10-19T11:55:44.026 INFO:teuthology.orchestra.run.smithi006.stdout:/usr/bin/ceph: stderr
2023-10-19T11:55:43.076+0000 7fdab67fc700 1 -- 172.21.15.6:0/119751777 >> [v2:172.21.15.6:6800/2706168351,v1:172.21.15.6:6801/2706168351] conn(0x7fdaa0038550 msgr2=0x7fdaa003aa10 unknown :-1 s=STATE_CONNECTING_RE l=1).process reconnect failed to v2:172.21.15.6:6800/2706168351
2023-10-19T11:55:44.026 INFO:teuthology.orchestra.run.smithi006.stdout:/usr/bin/ceph: stderr
2023-10-19T11:55:43.076+0000 7fdab67fc700 1 --2- 172.21.15.6:0/119751777 >> [v2:172.21.15.6:6800/2706168351,v1:172.21.15.6:6801/2706168351] conn(0x7fdaa0038550 0x7fdaa003aa10 unknown :-1 s=START_CONNECT pgs=0 cs=0 l=1 rev1=0 crypto rx=0 tx=0 comp rx=0 tx=0)._fault waiting 0.200000
2023-10-19T11:55:44.027 INFO:teuthology.orchestra.run.smithi006.stdout:/usr/bin/ceph: stderr
2023-10-19T11:55:43.085+0000 7fda9ffff700 1 -- 172.21.15.6:0/119751777 <== mon.0 v2:172.21.15.6:3300/0 6 ==== mon_command_ack([{"prefix": "get_command_descriptions"}]=0 v0) v1 ==== 72+0+180373 (secure 0 0 0) 0x7fdaa8023590 con 0x7fdab807be80
2023-10-19T11:55:44.027 INFO:teuthology.orchestra.run.smithi006.stdout:/usr/bin/ceph: stderr
2023-10-19T11:55:43.277+0000 7fdab67fc700 1 -- 172.21.15.6:0/119751777 >> [v2:172.21.15.6:6800/2706168351,v1:172.21.15.6:6801/2706168351] conn(0x7fdaa0038550 msgr2=0x7fdaa003aa10 unknown :-1 s=STATE_CONNECTING_RE l=1).process reconnect failed to v2:172.21.15.6:6800/2706168351
2023-10-19T11:55:44.028 INFO:teuthology.orchestra.run.smithi006.stdout:/usr/bin/ceph: stderr
2023-10-19T11:55:43.277+0000 7fdab67fc700 1 --2- 172.21.15.6:0/119751777 >> [v2:172.21.15.6:6800/2706168351,v1:172.21.15.6:6801/2706168351] conn(0x7fdaa0038550 0x7fdaa003aa10 unknown :-1 s=START_CONNECT pgs=0 cs=0 l=1 rev1=0 crypto rx=0 tx=0 comp rx=0 tx=0)._fault waiting 0.400000
2023-10-19T11:55:44.028 INFO:teuthology.orchestra.run.smithi006.stdout:/usr/bin/ceph: stderr
2023-10-19T11:55:43.375+0000 7fdabd423700 1 -- 172.21.15.6:0/119751777 --> [v2:172.21.15.6:3300/0,v1:172.21.15.6:6789/0] -- mon_command({"prefix": "mgr stat"} v 0) v1 -- 0x7fdab819ffb0 con 0x7fdab807be80
2023-10-19T11:55:44.028 INFO:teuthology.orchestra.run.smithi006.stdout:/usr/bin/ceph: stderr
2023-10-19T11:55:43.376+0000 7fda9ffff700 1 -- 172.21.15.6:0/119751777 <== mon.0 v2:172.21.15.6:3300/0 7 ==== mon_command_ack([{"prefix": "mgr stat"}]=0 v5) v1 ==== 56+0+88 (secure 0 0 0) 0x7fdaa801f020 con 0x7fdab807be80
2023-10-19T11:55:44.029 INFO:teuthology.orchestra.run.smithi006.stdout:/usr/bin/ceph: stderr
2023-10-19T11:55:43.378+0000 7fdabd423700 1 -- 172.21.15.6:0/119751777 >> [v2:172.21.15.6:6800/2706168351,v1:172.21.15.6:6801/2706168351] conn(0x7fdaa0038550 msgr2=0x7fdaa003aa10 unknown :-1 s=STATE_CONNECTING l=1).mark_down
2023-10-19T11:55:44.029 INFO:teuthology.orchestra.run.smithi006.stdout:/usr/bin/ceph: stderr
2023-10-19T11:55:43.378+0000 7fdabd423700 1 --2- 172.21.15.6:0/119751777 >> [v2:172.21.15.6:6800/2706168351,v1:172.21.15.6:6801/2706168351] conn(0x7fdaa0038550 0x7fdaa003aa10 unknown :-1 s=START_CONNECT pgs=0 cs=0 l=1 rev1=0 crypto rx=0 tx=0 comp rx=0 tx=0).stop
2023-10-19T11:55:44.029 INFO:teuthology.orchestra.run.smithi006.stdout:/usr/bin/ceph: stderr
2023-10-19T11:55:43.378+0000 7fdabd423700 1 -- 172.21.15.6:0/119751777 >> [v2:172.21.15.6:3300/0,v1:172.21.15.6:6789/0] conn(0x7fdab807be80 msgr2=0x7fdab819c340 secure :-1 s=STATE_CONNECTION_ESTABLISHED l=1).mark_down
2023-10-19T11:55:44.029 INFO:teuthology.orchestra.run.smithi006.stdout:/usr/bin/ceph: stderr
2023-10-19T11:55:43.378+0000 7fdabd423700 1 --2- 172.21.15.6:0/119751777 >> [v2:172.21.15.6:3300/0,v1:172.21.15.6:6789/0] conn(0x7fdab807be80 0x7fdab819c340 secure :-1 s=READY pgs=27 cs=0 l=1 rev1=1 crypto rx=0x7fdaa8011dc0 tx=0x7fdaa8011ea0 comp rx=0 tx=0).stop
2023-10-19T11:55:44.029 INFO:teuthology.orchestra.run.smithi006.stdout:/usr/bin/ceph: stderr
2023-10-19T11:55:43.378+0000 7fdabd423700 1 -- 172.21.15.6:0/119751777 shutdown_connections
2023-10-19T11:55:44.030 INFO:teuthology.orchestra.run.smithi006.stdout:/usr/bin/ceph: stderr
2023-10-19T11:55:43.378+0000 7fdabd423700 1 --2- 172.21.15.6:0/119751777 >> [v2:172.21.15.6:6800/2706168351,v1:172.21.15.6:6801/2706168351] conn(0x7fdaa0038550 0x7fdaa003aa10 unknown :-1 s=CLOSED pgs=0 cs=0 l=1 rev1=0 crypto rx=0 tx=0 comp rx=0 tx=0).stop
2023-10-19T11:55:44.030 INFO:teuthology.orchestra.run.smithi006.stdout:/usr/bin/ceph: stderr
2023-10-19T11:55:43.378+0000 7fdabd423700 1 --2- 172.21.15.6:0/119751777 >> [v2:172.21.15.6:3300/0,v1:172.21.15.6:6789/0] conn(0x7fdab807be80 0x7fdab819c340 unknown :-1 s=CLOSED pgs=27 cs=0 l=1 rev1=1 crypto rx=0 tx=0 comp rx=0 tx=0).stop
2023-10-19T11:55:44.031 INFO:teuthology.orchestra.run.smithi006.stdout:/usr/bin/ceph: stderr
2023-10-19T11:55:43.378+0000 7fdabd423700 1 -- 172.21.15.6:0/119751777 >> 172.21.15.6:0/119751777 conn(0x7fdab8101ab0 msgr2=0x7fdab8103160 unknown :-1 s=STATE_NONE l=0).mark_down
2023-10-19T11:55:44.031 INFO:teuthology.orchestra.run.smithi006.stdout:/usr/bin/ceph: stderr
2023-10-19T11:55:43.379+0000 7fdabd423700 1 -- 172.21.15.6:0/119751777 shutdown_connections
2023-10-19T11:55:44.031 INFO:teuthology.orchestra.run.smithi006.stdout:/usr/bin/ceph: stderr
2023-10-19T11:55:43.379+0000 7fdabd423700 1 -- 172.21.15.6:0/119751777 wait complete.
2023-10-19T11:55:44.031 INFO:teuthology.orchestra.run.smithi006.stdout:Waiting for the mgr to restart...
2023-10-19T11:55:44.031 INFO:teuthology.orchestra.run.smithi006.stdout:Waiting for mgr epoch 5...
2023-10-19T11:55:44.220 INFO:journalctl@ceph.mon.a.smithi006.stdout:Oct 19 11:55:44 smithi006 ceph-mon[98496]: from='client.? 172.21.15.6:0/119751777' entity='client.admin' cmd=[{"prefix": "mgr stat"}]: dispatch
2023-10-19T11:55:44.970 INFO:journalctl@ceph.mgr.x.smithi006.stdout:Oct 19 11:55:44 smithi006 ceph-3baf3b96-6e76-11ee-8db6-212e2dc638e7-mgr-x[98749]:
2023-10-19T11:55:44.511+0000 7fa8da0c8200 -1 mgr[py] Module progress has missing NOTIFY_TYPES member
2023-10-19T11:55:45.720 INFO:journalctl@ceph.mgr.x.smithi006.stdout:Oct 19 11:55:45 smithi006 ceph-3baf3b96-6e76-11ee-8db6-212e2dc638e7-mgr-x[98749]:
2023-10-19T11:55:45.395+0000 7fa8da0c8200 -1 mgr[py] Module rook has missing NOTIFY_TYPES member
2023-10-19T11:55:45.720 INFO:journalctl@ceph.mgr.x.smithi006.stdout:Oct 19 11:55:45 smithi006 ceph-3baf3b96-6e76-11ee-8db6-212e2dc638e7-mgr-x[98749]:
2023-10-19T11:55:45.504+0000 7fa8da0c8200 -1 mgr[py] Module iostat has missing NOTIFY_TYPES member
2023-10-19T11:55:46.867 INFO:journalctl@ceph.mgr.x.smithi006.stdout:Oct 19 11:55:46 smithi006 ceph-3baf3b96-6e76-11ee-8db6-212e2dc638e7-mgr-x[98749]:
2023-10-19T11:55:46.504+0000 7fa8da0c8200 -1 mgr[py] Module test_orchestrator has missing NOTIFY_TYPES member
2023-10-19T11:55:46.867 INFO:journalctl@ceph.mgr.x.smithi006.stdout:Oct 19 11:55:46 smithi006 ceph-3baf3b96-6e76-11ee-8db6-212e2dc638e7-mgr-x[98749]:
2023-10-19T11:55:46.629+0000 7fa8da0c8200 -1 mgr[py] Module osd_perf_query has missing NOTIFY_TYPES member
2023-10-19T11:55:47.220 INFO:journalctl@ceph.mgr.x.smithi006.stdout:Oct 19 11:55:46 smithi006 ceph-3baf3b96-6e76-11ee-8db6-212e2dc638e7-mgr-x[98749]:
2023-10-19T11:55:46.863+0000 7fa8da0c8200 -1 mgr[py] Module orchestrator has missing NOTIFY_TYPES member
2023-10-19T11:55:47.526 INFO:journalctl@ceph.mgr.x.smithi006.stdout:Oct 19 11:55:47 smithi006 ceph-3baf3b96-6e76-11ee-8db6-212e2dc638e7-mgr-x[98749]:
2023-10-19T11:55:47.238+0000 7fa8da0c8200 -1 mgr[py] Module rgw has missing NOTIFY_TYPES member
2023-10-19T11:55:47.970 INFO:journalctl@ceph.mgr.x.smithi006.stdout:Oct 19 11:55:47 smithi006 ceph-3baf3b96-6e76-11ee-8db6-212e2dc638e7-mgr-x[98749]:
2023-10-19T11:55:47.522+0000 7fa8da0c8200 -1 mgr[py] Module influx has missing NOTIFY_TYPES member
2023-10-19T11:55:47.970 INFO:journalctl@ceph.mgr.x.smithi006.stdout:Oct 19 11:55:47 smithi006 ceph-3baf3b96-6e76-11ee-8db6-212e2dc638e7-mgr-x[98749]:
2023-10-19T11:55:47.723+0000 7fa8da0c8200 -1 mgr[py] Module telemetry has missing NOTIFY_TYPES member
2023-10-19T11:55:48.470 INFO:journalctl@ceph.mgr.x.smithi006.stdout:Oct 19 11:55:48 smithi006 ceph-3baf3b96-6e76-11ee-8db6-212e2dc638e7-mgr-x[98749]:
2023-10-19T11:55:48.081+0000 7fa8da0c8200 -1 mgr[py] Module telegraf has missing NOTIFY_TYPES member
2023-10-19T11:55:49.470 INFO:journalctl@ceph.mgr.x.smithi006.stdout:Oct 19 11:55:49 smithi006 ceph-3baf3b96-6e76-11ee-8db6-212e2dc638e7-mgr-x[98749]:
2023-10-19T11:55:49.047+0000 7fa8da0c8200 -1 mgr[py] Module balancer has missing NOTIFY_TYPES member
2023-10-19T11:55:49.470 INFO:journalctl@ceph.mgr.x.smithi006.stdout:Oct 19 11:55:49 smithi006 ceph-3baf3b96-6e76-11ee-8db6-212e2dc638e7-mgr-x[98749]:
2023-10-19T11:55:49.226+0000 7fa8da0c8200 -1 mgr[py] Module diskprediction_local has missing NOTIFY_TYPES member
2023-10-19T11:55:49.936 INFO:journalctl@ceph.mgr.x.smithi006.stdout:Oct 19 11:55:49 smithi006 ceph-3baf3b96-6e76-11ee-8db6-212e2dc638e7-mgr-x[98749]:
2023-10-19T11:55:49.482+0000 7fa8da0c8200 -1 mgr[py] Module nfs has missing NOTIFY_TYPES member
2023-10-19T11:55:49.936 INFO:journalctl@ceph.mgr.x.smithi006.stdout:Oct 19 11:55:49 smithi006 ceph-3baf3b96-6e76-11ee-8db6-212e2dc638e7-mgr-x[98749]:
2023-10-19T11:55:49.635+0000 7fa8da0c8200 -1 mgr[py] Module rbd_support has missing NOTIFY_TYPES member
2023-10-19T11:55:50.220 INFO:journalctl@ceph.mgr.x.smithi006.stdout:Oct 19 11:55:49 smithi006 ceph-3baf3b96-6e76-11ee-8db6-212e2dc638e7-mgr-x[98749]:
2023-10-19T11:55:49.932+0000 7fa8da0c8200 -1 mgr[py] Module volumes has missing NOTIFY_TYPES member
2023-10-19T11:55:51.470 INFO:journalctl@ceph.mgr.x.smithi006.stdout:Oct 19 11:55:51 smithi006 ceph-3baf3b96-6e76-11ee-8db6-212e2dc638e7-mgr-x[98749]:
2023-10-19T11:55:51.048+0000 7fa8da0c8200 -1 mgr[py] Module pg_autoscaler has missing NOTIFY_TYPES member
2023-10-19T11:55:51.470 INFO:journalctl@ceph.mon.a.smithi006.stdout:Oct 19 11:55:51 smithi006 ceph-mon[98496]: Active manager daemon x restarted
2023-10-19T11:55:51.471 INFO:journalctl@ceph.mon.a.smithi006.stdout:Oct 19 11:55:51 smithi006 ceph-mon[98496]: Activating manager daemon x
2023-10-19T11:55:51.471 INFO:journalctl@ceph.mon.a.smithi006.stdout:Oct 19 11:55:51 smithi006 ceph-mon[98496]: osdmap e2: 0 total, 0 up, 0 in
2023-10-19T11:55:51.471 INFO:journalctl@ceph.mon.a.smithi006.stdout:Oct 19 11:55:51 smithi006 ceph-mon[98496]: mgrmap e6: x(active, starting, since 0.00431382s)
2023-10-19T11:55:51.471 INFO:journalctl@ceph.mon.a.smithi006.stdout:Oct 19 11:55:51 smithi006 ceph-mon[98496]: from='mgr.14120 172.21.15.6:0/1006100683' entity='mgr.x' cmd=[{"prefix": "mon metadata", "id": "a"}]: dispatch
2023-10-19T11:55:51.471 INFO:journalctl@ceph.mon.a.smithi006.stdout:Oct 19 11:55:51 smithi006 ceph-mon[98496]: from='mgr.14120 172.21.15.6:0/1006100683' entity='mgr.x' cmd=[{"prefix": "mgr metadata", "who": "x", "id": "x"}]: dispatch
2023-10-19T11:55:51.472 INFO:journalctl@ceph.mon.a.smithi006.stdout:Oct 19 11:55:51 smithi006 ceph-mon[98496]: from='mgr.14120 172.21.15.6:0/1006100683' entity='mgr.x' cmd=[{"prefix": "mds metadata"}]: dispatch
2023-10-19T11:55:51.472 INFO:journalctl@ceph.mon.a.smithi006.stdout:Oct 19 11:55:51 smithi006 ceph-mon[98496]: from='mgr.14120 172.21.15.6:0/1006100683' entity='mgr.x' cmd=[{"prefix": "osd metadata"}]: dispatch
2023-10-19T11:55:51.472 INFO:journalctl@ceph.mon.a.smithi006.stdout:Oct 19 11:55:51 smithi006 ceph-mon[98496]: from='mgr.14120 172.21.15.6:0/1006100683' entity='mgr.x' cmd=[{"prefix": "mon metadata"}]: dispatch
2023-10-19T11:55:51.472 INFO:journalctl@ceph.mon.a.smithi006.stdout:Oct 19 11:55:51 smithi006 ceph-mon[98496]: Manager daemon x is now available
2023-10-19T11:55:51.472 INFO:journalctl@ceph.mon.a.smithi006.stdout:Oct 19 11:55:51 smithi006 ceph-mon[98496]: from='mgr.14120 172.21.15.6:0/1006100683' entity='mgr.x'
2023-10-19T11:55:51.472 INFO:journalctl@ceph.mon.a.smithi006.stdout:Oct 19 11:55:51 smithi006 ceph-mon[98496]: from='mgr.14120 172.21.15.6:0/1006100683' entity='mgr.x'
2023-10-19T11:55:51.473 INFO:journalctl@ceph.mon.a.smithi006.stdout:Oct 19 11:55:51 smithi006 ceph-mon[98496]: from='mgr.14120 172.21.15.6:0/1006100683' entity='mgr.x' cmd=[{"prefix": "config dump", "format": "json"}]: dispatch
2023-10-19T11:55:51.473 INFO:journalctl@ceph.mon.a.smithi006.stdout:Oct 19 11:55:51 smithi006 ceph-mon[98496]: from='mgr.14120 172.21.15.6:0/1006100683' entity='mgr.x' cmd=[{"prefix": "config dump", "format": "json"}]: dispatch
2023-10-19T11:55:51.473 INFO:journalctl@ceph.mon.a.smithi006.stdout:Oct 19 11:55:51 smithi006 ceph-mon[98496]: from='mgr.14120 172.21.15.6:0/1006100683' entity='mgr.x' cmd=[{"prefix": "config dump", "format": "json"}]: dispatch
2023-10-19T11:55:52.470 INFO:journalctl@ceph.mon.a.smithi006.stdout:Oct 19 11:55:52 smithi006 ceph-mon[98496]: Found migration_current of "None". Setting to last migration.
2023-10-19T11:55:52.470 INFO:journalctl@ceph.mon.a.smithi006.stdout:Oct 19 11:55:52 smithi006 ceph-mon[98496]: from='mgr.14120 172.21.15.6:0/1006100683' entity='mgr.x' cmd=[{"prefix":"config rm","who":"mgr","name":"mgr/rbd_support/x/mirror_snapshot_schedule"}]: dispatch
2023-10-19T11:55:52.470 INFO:journalctl@ceph.mon.a.smithi006.stdout:Oct 19 11:55:52 smithi006 ceph-mon[98496]: from='mgr.14120 172.21.15.6:0/1006100683' entity='mgr.x' cmd=[{"prefix":"config rm","who":"mgr","name":"mgr/rbd_support/x/trash_purge_schedule"}]: dispatch
2023-10-19T11:55:52.471 INFO:journalctl@ceph.mon.a.smithi006.stdout:Oct 19 11:55:52 smithi006 ceph-mon[98496]: from='mgr.14120 172.21.15.6:0/1006100683' entity='mgr.x'
2023-10-19T11:55:52.471 INFO:journalctl@ceph.mon.a.smithi006.stdout:Oct 19 11:55:52 smithi006 ceph-mon[98496]: from='mgr.14120 172.21.15.6:0/1006100683' entity='mgr.x'
2023-10-19T11:55:52.471 INFO:journalctl@ceph.mon.a.smithi006.stdout:Oct 19 11:55:52 smithi006 ceph-mon[98496]: mgrmap e7: x(active, since 1.0072s)
2023-10-19T11:55:52.517 INFO:teuthology.orchestra.run.smithi006.stdout:/usr/bin/ceph: stdout {
2023-10-19T11:55:52.517 INFO:teuthology.orchestra.run.smithi006.stdout:/usr/bin/ceph: stdout "mgrmap_epoch": 7,
2023-10-19T11:55:52.517 INFO:teuthology.orchestra.run.smithi006.stdout:/usr/bin/ceph: stdout "initialized": true
2023-10-19T11:55:52.518 INFO:teuthology.orchestra.run.smithi006.stdout:/usr/bin/ceph: stdout }
2023-10-19T11:55:52.518 INFO:teuthology.orchestra.run.smithi006.stdout:/usr/bin/ceph: stderr
2023-10-19T11:55:44.543+0000 7f889b4c2700 1 Processor -- start
2023-10-19T11:55:52.518 INFO:teuthology.orchestra.run.smithi006.stdout:/usr/bin/ceph: stderr
2023-10-19T11:55:44.543+0000 7f889b4c2700 1 -- start start
2023-10-19T11:55:52.518 INFO:teuthology.orchestra.run.smithi006.stdout:/usr/bin/ceph: stderr
2023-10-19T11:55:44.543+0000 7f889b4c2700 1 --2- >> [v2:172.21.15.6:3300/0,v1:172.21.15.6:6789/0] conn(0x7f8894106fe0 0x7f88941093d0 unknown :-1 s=NONE pgs=0 cs=0 l=0 rev1=0 crypto rx=0 tx=0 comp rx=0 tx=0).connect
2023-10-19T11:55:52.518 INFO:teuthology.orchestra.run.smithi006.stdout:/usr/bin/ceph: stderr
2023-10-19T11:55:44.543+0000 7f889b4c2700 1 -- --> [v2:172.21.15.6:3300/0,v1:172.21.15.6:6789/0] -- mon_getmap magic: 0 v1 -- 0x7f8894079e50 con 0x7f8894106fe0
2023-10-19T11:55:52.519 INFO:teuthology.orchestra.run.smithi006.stdout:/usr/bin/ceph: stderr
2023-10-19T11:55:44.543+0000 7f889925e700 1 --2- >> [v2:172.21.15.6:3300/0,v1:172.21.15.6:6789/0] conn(0x7f8894106fe0 0x7f88941093d0 unknown :-1 s=BANNER_CONNECTING pgs=0 cs=0 l=0 rev1=0 crypto rx=0 tx=0 comp rx=0 tx=0)._handle_peer_banner_payload supported=3 required=0
2023-10-19T11:55:52.519 INFO:teuthology.orchestra.run.smithi006.stdout:/usr/bin/ceph: stderr
2023-10-19T11:55:44.544+0000 7f889925e700 1 --2- >> [v2:172.21.15.6:3300/0,v1:172.21.15.6:6789/0] conn(0x7f8894106fe0 0x7f88941093d0 unknown :-1 s=HELLO_CONNECTING pgs=0 cs=0 l=0 rev1=1 crypto rx=0 tx=0 comp rx=0 tx=0).handle_hello peer v2:172.21.15.6:3300/0 says I am v2:172.21.15.6:47494/0 (socket says 172.21.15.6:47494)
2023-10-19T11:55:52.519 INFO:teuthology.orchestra.run.smithi006.stdout:/usr/bin/ceph: stderr
2023-10-19T11:55:44.544+0000 7f889925e700 1 -- 172.21.15.6:0/1156771717 learned_addr learned my addr 172.21.15.6:0/1156771717 (peer_addr_for_me v2:172.21.15.6:0/0)
2023-10-19T11:55:52.519 INFO:teuthology.orchestra.run.smithi006.stdout:/usr/bin/ceph: stderr
2023-10-19T11:55:44.544+0000 7f889925e700 1 -- 172.21.15.6:0/1156771717 --> [v2:172.21.15.6:3300/0,v1:172.21.15.6:6789/0] -- mon_subscribe({config=0+,monmap=0+}) v3 -- 0x7f8894109910 con 0x7f8894106fe0
2023-10-19T11:55:52.519 INFO:teuthology.orchestra.run.smithi006.stdout:/usr/bin/ceph: stderr
2023-10-19T11:55:44.544+0000 7f889925e700 1 --2- 172.21.15.6:0/1156771717 >> [v2:172.21.15.6:3300/0,v1:172.21.15.6:6789/0] conn(0x7f8894106fe0 0x7f88941093d0 secure :-1 s=READY pgs=28 cs=0 l=1 rev1=1 crypto rx=0x7f88900098a0 tx=0x7f8890009bb0 comp rx=0 tx=0).ready entity=mon.0 client_cookie=6ea4ffa26a83c636 server_cookie=0 in_seq=0 out_seq=0
2023-10-19T11:55:52.520 INFO:teuthology.orchestra.run.smithi006.stdout:/usr/bin/ceph: stderr
2023-10-19T11:55:44.544+0000 7f888bfff700 1 -- 172.21.15.6:0/1156771717 <== mon.0 v2:172.21.15.6:3300/0 1 ==== mon_map magic: 0 v1 ==== 205+0+0 (secure 0 0 0) 0x7f8890004160 con 0x7f8894106fe0
2023-10-19T11:55:52.520 INFO:teuthology.orchestra.run.smithi006.stdout:/usr/bin/ceph: stderr
2023-10-19T11:55:44.545+0000 7f888bfff700 1 -- 172.21.15.6:0/1156771717 <== mon.0 v2:172.21.15.6:3300/0 2 ==== config(25 keys) v1 ==== 1036+0+0 (secure 0 0 0) 0x7f88900042c0 con 0x7f8894106fe0
2023-10-19T11:55:52.520 INFO:teuthology.orchestra.run.smithi006.stdout:/usr/bin/ceph: stderr
2023-10-19T11:55:44.545+0000 7f888bfff700 1 -- 172.21.15.6:0/1156771717 <== mon.0 v2:172.21.15.6:3300/0 3 ==== mon_map magic: 0 v1 ==== 205+0+0 (secure 0 0 0) 0x7f8890011940 con 0x7f8894106fe0
2023-10-19T11:55:52.520 INFO:teuthology.orchestra.run.smithi006.stdout:/usr/bin/ceph: stderr
2023-10-19T11:55:44.545+0000 7f889b4c2700 1 -- 172.21.15.6:0/1156771717 >> [v2:172.21.15.6:3300/0,v1:172.21.15.6:6789/0] conn(0x7f8894106fe0 msgr2=0x7f88941093d0 secure :-1 s=STATE_CONNECTION_ESTABLISHED l=1).mark_down
2023-10-19T11:55:52.520 INFO:teuthology.orchestra.run.smithi006.stdout:/usr/bin/ceph: stderr
2023-10-19T11:55:44.545+0000 7f889b4c2700 1 --2- 172.21.15.6:0/1156771717 >> [v2:172.21.15.6:3300/0,v1:172.21.15.6:6789/0] conn(0x7f8894106fe0 0x7f88941093d0 secure :-1 s=READY pgs=28 cs=0 l=1 rev1=1 crypto rx=0x7f88900098a0 tx=0x7f8890009bb0 comp rx=0 tx=0).stop
2023-10-19T11:55:52.521 INFO:teuthology.orchestra.run.smithi006.stdout:/usr/bin/ceph: stderr
2023-10-19T11:55:44.545+0000 7f889b4c2700 1 -- 172.21.15.6:0/1156771717 shutdown_connections
2023-10-19T11:55:52.521 INFO:teuthology.orchestra.run.smithi006.stdout:/usr/bin/ceph: stderr
2023-10-19T11:55:44.545+0000 7f889b4c2700 1 --2- 172.21.15.6:0/1156771717 >> [v2:172.21.15.6:3300/0,v1:172.21.15.6:6789/0] conn(0x7f8894106fe0 0x7f88941093d0 unknown :-1 s=CLOSED pgs=28 cs=0 l=1 rev1=1 crypto rx=0 tx=0 comp rx=0 tx=0).stop
2023-10-19T11:55:52.521 INFO:teuthology.orchestra.run.smithi006.stdout:/usr/bin/ceph: stderr
2023-10-19T11:55:44.545+0000 7f889b4c2700 1 -- 172.21.15.6:0/1156771717 >> 172.21.15.6:0/1156771717 conn(0x7f88941009f0 msgr2=0x7f8894102e10 unknown :-1 s=STATE_NONE l=0).mark_down
2023-10-19T11:55:52.521 INFO:teuthology.orchestra.run.smithi006.stdout:/usr/bin/ceph: stderr
2023-10-19T11:55:44.545+0000 7f889b4c2700 1 -- 172.21.15.6:0/1156771717 shutdown_connections
2023-10-19T11:55:52.522 INFO:teuthology.orchestra.run.smithi006.stdout:/usr/bin/ceph: stderr
2023-10-19T11:55:44.546+0000 7f889b4c2700 1 -- 172.21.15.6:0/1156771717 wait complete.
2023-10-19T11:55:52.522 INFO:teuthology.orchestra.run.smithi006.stdout:/usr/bin/ceph: stderr
2023-10-19T11:55:44.547+0000 7f889b4c2700 1 Processor -- start
2023-10-19T11:55:52.522 INFO:teuthology.orchestra.run.smithi006.stdout:/usr/bin/ceph: stderr
2023-10-19T11:55:44.547+0000 7f889b4c2700 1 -- start start
2023-10-19T11:55:52.522 INFO:teuthology.orchestra.run.smithi006.stdout:/usr/bin/ceph: stderr
2023-10-19T11:55:44.547+0000 7f889b4c2700 1 --2- >> [v2:172.21.15.6:3300/0,v1:172.21.15.6:6789/0] conn(0x7f8894106fe0 0x7f889419c310 unknown :-1 s=NONE pgs=0 cs=0 l=1 rev1=0 crypto rx=0 tx=0 comp rx=0 tx=0).connect
2023-10-19T11:55:52.522 INFO:teuthology.orchestra.run.smithi006.stdout:/usr/bin/ceph: stderr
2023-10-19T11:55:44.547+0000 7f889b4c2700 1 -- --> [v2:172.21.15.6:3300/0,v1:172.21.15.6:6789/0] -- mon_getmap magic: 0 v1 -- 0x7f889419c850 con 0x7f8894106fe0
2023-10-19T11:55:52.523 INFO:teuthology.orchestra.run.smithi006.stdout:/usr/bin/ceph: stderr
2023-10-19T11:55:44.547+0000 7f889925e700 1 --2- >> [v2:172.21.15.6:3300/0,v1:172.21.15.6:6789/0] conn(0x7f8894106fe0 0x7f889419c310 unknown :-1 s=BANNER_CONNECTING pgs=0 cs=0 l=1 rev1=0 crypto rx=0 tx=0 comp rx=0 tx=0)._handle_peer_banner_payload supported=3 required=0
2023-10-19T11:55:52.523 INFO:teuthology.orchestra.run.smithi006.stdout:/usr/bin/ceph: stderr
2023-10-19T11:55:44.547+0000 7f889925e700 1 --2- >> [v2:172.21.15.6:3300/0,v1:172.21.15.6:6789/0] conn(0x7f8894106fe0 0x7f889419c310 unknown :-1 s=HELLO_CONNECTING pgs=0 cs=0 l=1 rev1=1 crypto rx=0 tx=0 comp rx=0 tx=0).handle_hello peer v2:172.21.15.6:3300/0 says I am v2:172.21.15.6:47496/0 (socket says 172.21.15.6:47496)
2023-10-19T11:55:52.523 INFO:teuthology.orchestra.run.smithi006.stdout:/usr/bin/ceph: stderr
2023-10-19T11:55:44.547+0000 7f889925e700 1 -- 172.21.15.6:0/3475118709 learned_addr learned my addr 172.21.15.6:0/3475118709 (peer_addr_for_me v2:172.21.15.6:0/0)
2023-10-19T11:55:52.523 INFO:teuthology.orchestra.run.smithi006.stdout:/usr/bin/ceph: stderr
2023-10-19T11:55:44.548+0000 7f889925e700 1 -- 172.21.15.6:0/3475118709 --> [v2:172.21.15.6:3300/0,v1:172.21.15.6:6789/0] -- mon_subscribe({config=0+,monmap=0+}) v3 -- 0x7f8890009550 con 0x7f8894106fe0
2023-10-19T11:55:52.523 INFO:teuthology.orchestra.run.smithi006.stdout:/usr/bin/ceph: stderr
2023-10-19T11:55:44.548+0000 7f889925e700 1 --2- 172.21.15.6:0/3475118709 >> [v2:172.21.15.6:3300/0,v1:172.21.15.6:6789/0] conn(0x7f8894106fe0 0x7f889419c310 secure :-1 s=READY pgs=29 cs=0 l=1 rev1=1 crypto rx=0x7f8890011dc0 tx=0x7f8890011ea0 comp rx=0 tx=0).ready entity=mon.0 client_cookie=0 server_cookie=0 in_seq=0 out_seq=0
2023-10-19T11:55:52.524 INFO:teuthology.orchestra.run.smithi006.stdout:/usr/bin/ceph: stderr
2023-10-19T11:55:44.548+0000 7f888a7fc700 1 -- 172.21.15.6:0/3475118709 <== mon.0 v2:172.21.15.6:3300/0 1 ==== mon_map magic: 0 v1 ==== 205+0+0 (secure 0 0 0) 0x7f88900037d0 con 0x7f8894106fe0
2023-10-19T11:55:52.524 INFO:teuthology.orchestra.run.smithi006.stdout:/usr/bin/ceph: stderr
2023-10-19T11:55:44.548+0000 7f888a7fc700 1 -- 172.21.15.6:0/3475118709 <== mon.0 v2:172.21.15.6:3300/0 2 ==== config(25 keys) v1 ==== 1036+0+0 (secure 0 0 0) 0x7f889001b440 con 0x7f8894106fe0
2023-10-19T11:55:52.524 INFO:teuthology.orchestra.run.smithi006.stdout:/usr/bin/ceph: stderr
2023-10-19T11:55:44.548+0000 7f889b4c2700 1 -- 172.21.15.6:0/3475118709 --> [v2:172.21.15.6:3300/0,v1:172.21.15.6:6789/0] -- mon_subscribe({mgrmap=0+}) v3 -- 0x7f889419ca50 con 0x7f8894106fe0
2023-10-19T11:55:52.524 INFO:teuthology.orchestra.run.smithi006.stdout:/usr/bin/ceph: stderr
2023-10-19T11:55:44.548+0000 7f888a7fc700 1 -- 172.21.15.6:0/3475118709 <== mon.0 v2:172.21.15.6:3300/0 3 ==== mon_map magic: 0 v1 ==== 205+0+0 (secure 0 0 0) 0x7f889001a560 con 0x7f8894106fe0
2023-10-19T11:55:52.524 INFO:teuthology.orchestra.run.smithi006.stdout:/usr/bin/ceph: stderr
2023-10-19T11:55:44.549+0000 7f889b4c2700 1 -- 172.21.15.6:0/3475118709 --> [v2:172.21.15.6:3300/0,v1:172.21.15.6:6789/0] -- mon_subscribe({osdmap=0}) v3 -- 0x7f889419ce70 con 0x7f8894106fe0
2023-10-19T11:55:52.525 INFO:teuthology.orchestra.run.smithi006.stdout:/usr/bin/ceph: stderr
2023-10-19T11:55:44.550+0000 7f888a7fc700 1 -- 172.21.15.6:0/3475118709 <== mon.0 v2:172.21.15.6:3300/0 4 ==== mgrmap(e 5) v1 ==== 45422+0+0 (secure 0 0 0) 0x7f889001a7d0 con 0x7f8894106fe0
2023-10-19T11:55:52.525 INFO:teuthology.orchestra.run.smithi006.stdout:/usr/bin/ceph: stderr
2023-10-19T11:55:44.550+0000 7f888a7fc700 1 --2- 172.21.15.6:0/3475118709 >> [v2:172.21.15.6:6800/2706168351,v1:172.21.15.6:6801/2706168351] conn(0x7f8880038550 0x7f888003aa10 unknown :-1 s=NONE pgs=0 cs=0 l=1 rev1=0 crypto rx=0 tx=0 comp rx=0 tx=0).connect
2023-10-19T11:55:52.525 INFO:teuthology.orchestra.run.smithi006.stdout:/usr/bin/ceph: stderr
2023-10-19T11:55:44.550+0000 7f888a7fc700 1 -- 172.21.15.6:0/3475118709 --> [v2:172.21.15.6:6800/2706168351,v1:172.21.15.6:6801/2706168351] -- command(tid 0: {"prefix": "get_command_descriptions"}) v1 -- 0x7f888003b120 con 0x7f8880038550
2023-10-19T11:55:52.525 INFO:teuthology.orchestra.run.smithi006.stdout:/usr/bin/ceph: stderr
2023-10-19T11:55:44.550+0000 7f888a7fc700 1 -- 172.21.15.6:0/3475118709 <== mon.0 v2:172.21.15.6:3300/0 5 ==== osd_map(1..1 src has 1..1) v4 ==== 725+0+0 (secure 0 0 0) 0x7f889004c420 con 0x7f8894106fe0
2023-10-19T11:55:52.525 INFO:teuthology.orchestra.run.smithi006.stdout:/usr/bin/ceph: stderr
2023-10-19T11:55:44.550+0000 7f8898a5d700 1 -- 172.21.15.6:0/3475118709 >> [v2:172.21.15.6:6800/2706168351,v1:172.21.15.6:6801/2706168351] conn(0x7f8880038550 msgr2=0x7f888003aa10 unknown :-1 s=STATE_CONNECTING_RE l=1).process reconnect failed to v2:172.21.15.6:6800/2706168351
2023-10-19T11:55:52.526 INFO:teuthology.orchestra.run.smithi006.stdout:/usr/bin/ceph: stderr
2023-10-19T11:55:44.550+0000 7f8898a5d700 1 --2- 172.21.15.6:0/3475118709 >> [v2:172.21.15.6:6800/2706168351,v1:172.21.15.6:6801/2706168351] conn(0x7f8880038550 0x7f888003aa10 unknown :-1 s=START_CONNECT pgs=0 cs=0 l=1 rev1=0 crypto rx=0 tx=0 comp rx=0 tx=0)._fault waiting 0.200000
2023-10-19T11:55:52.526 INFO:teuthology.orchestra.run.smithi006.stdout:/usr/bin/ceph: stderr
2023-10-19T11:55:44.751+0000 7f8898a5d700 1 -- 172.21.15.6:0/3475118709 >> [v2:172.21.15.6:6800/2706168351,v1:172.21.15.6:6801/2706168351] conn(0x7f8880038550 msgr2=0x7f888003aa10 unknown :-1 s=STATE_CONNECTING_RE l=1).process reconnect failed to v2:172.21.15.6:6800/2706168351
2023-10-19T11:55:52.526 INFO:teuthology.orchestra.run.smithi006.stdout:/usr/bin/ceph: stderr
2023-10-19T11:55:44.751+0000 7f8898a5d700 1 --2- 172.21.15.6:0/3475118709 >> [v2:172.21.15.6:6800/2706168351,v1:172.21.15.6:6801/2706168351] conn(0x7f8880038550 0x7f888003aa10 unknown :-1 s=START_CONNECT pgs=0 cs=0 l=1 rev1=0 crypto rx=0 tx=0 comp rx=0 tx=0)._fault waiting 0.400000
2023-10-19T11:55:52.526 INFO:teuthology.orchestra.run.smithi006.stdout:/usr/bin/ceph: stderr
2023-10-19T11:55:45.152+0000 7f8898a5d700 1 -- 172.21.15.6:0/3475118709 >> [v2:172.21.15.6:6800/2706168351,v1:172.21.15.6:6801/2706168351] conn(0x7f8880038550 msgr2=0x7f888003aa10 unknown :-1 s=STATE_CONNECTING_RE l=1).process reconnect failed to v2:172.21.15.6:6800/2706168351
2023-10-19T11:55:52.526 INFO:teuthology.orchestra.run.smithi006.stdout:/usr/bin/ceph: stderr
2023-10-19T11:55:45.152+0000 7f8898a5d700 1 --2- 172.21.15.6:0/3475118709 >> [v2:172.21.15.6:6800/2706168351,v1:172.21.15.6:6801/2706168351] conn(0x7f8880038550 0x7f888003aa10 unknown :-1 s=START_CONNECT pgs=0 cs=0 l=1 rev1=0 crypto rx=0 tx=0 comp rx=0 tx=0)._fault waiting 0.800000
2023-10-19T11:55:52.527 INFO:teuthology.orchestra.run.smithi006.stdout:/usr/bin/ceph: stderr
2023-10-19T11:55:45.953+0000 7f8898a5d700 1 -- 172.21.15.6:0/3475118709 >> [v2:172.21.15.6:6800/2706168351,v1:172.21.15.6:6801/2706168351] conn(0x7f8880038550 msgr2=0x7f888003aa10 unknown :-1 s=STATE_CONNECTING_RE l=1).process reconnect failed to v2:172.21.15.6:6800/2706168351
2023-10-19T11:55:52.527 INFO:teuthology.orchestra.run.smithi006.stdout:/usr/bin/ceph: stderr
2023-10-19T11:55:45.953+0000 7f8898a5d700 1 --2- 172.21.15.6:0/3475118709 >> [v2:172.21.15.6:6800/2706168351,v1:172.21.15.6:6801/2706168351] conn(0x7f8880038550 0x7f888003aa10 unknown :-1 s=START_CONNECT pgs=0 cs=0 l=1 rev1=0 crypto rx=0 tx=0 comp rx=0 tx=0)._fault waiting 1.600000
2023-10-19T11:55:52.527 INFO:teuthology.orchestra.run.smithi006.stdout:/usr/bin/ceph: stderr
2023-10-19T11:55:47.554+0000 7f8898a5d700 1 -- 172.21.15.6:0/3475118709 >> [v2:172.21.15.6:6800/2706168351,v1:172.21.15.6:6801/2706168351] conn(0x7f8880038550 msgr2=0x7f888003aa10 unknown :-1 s=STATE_CONNECTING_RE l=1).process reconnect failed to v2:172.21.15.6:6800/2706168351
2023-10-19T11:55:52.527 INFO:teuthology.orchestra.run.smithi006.stdout:/usr/bin/ceph: stderr
