2023-12-07T13:47:23.527 INFO:teuthology.orchestra.run.smithi006.stdout:/usr/bin/ceph: stderr
2023-12-07T13:47:15.225+0000 7faf04abc700 1 -- 172.21.15.6:0/3946904681 wait complete.
2023-12-07T13:47:23.527 INFO:teuthology.orchestra.run.smithi006.stdout:/usr/bin/ceph: stderr
2023-12-07T13:47:15.226+0000 7faf04abc700 1 Processor -- start
2023-12-07T13:47:23.527 INFO:teuthology.orchestra.run.smithi006.stdout:/usr/bin/ceph: stderr
2023-12-07T13:47:15.226+0000 7faf04abc700 1 -- start start
2023-12-07T13:47:23.527 INFO:teuthology.orchestra.run.smithi006.stdout:/usr/bin/ceph: stderr
2023-12-07T13:47:15.226+0000 7faf04abc700 1 --2- >> [v2:172.21.15.6:3300/0,v1:172.21.15.6:6789/0] conn(0x7faf00077bb0 0x7faf001133d0 unknown :-1 s=NONE pgs=0 cs=0 l=1 rev1=0 crypto rx=0 tx=0 comp rx=0 tx=0).connect
2023-12-07T13:47:23.527 INFO:teuthology.orchestra.run.smithi006.stdout:/usr/bin/ceph: stderr
2023-12-07T13:47:15.226+0000 7faf04abc700 1 -- --> [v2:172.21.15.6:3300/0,v1:172.21.15.6:6789/0] -- mon_getmap magic: 0 v1 -- 0x7faf00113910 con 0x7faf00077bb0
2023-12-07T13:47:23.527 INFO:teuthology.orchestra.run.smithi006.stdout:/usr/bin/ceph: stderr
2023-12-07T13:47:15.227+0000 7faefe59c700 1 --2- >> [v2:172.21.15.6:3300/0,v1:172.21.15.6:6789/0] conn(0x7faf00077bb0 0x7faf001133d0 unknown :-1 s=BANNER_CONNECTING pgs=0 cs=0 l=1 rev1=0 crypto rx=0 tx=0 comp rx=0 tx=0)._handle_peer_banner_payload supported=3 required=0
2023-12-07T13:47:23.528 INFO:teuthology.orchestra.run.smithi006.stdout:/usr/bin/ceph: stderr
2023-12-07T13:47:15.227+0000 7faefe59c700 1 --2- >> [v2:172.21.15.6:3300/0,v1:172.21.15.6:6789/0] conn(0x7faf00077bb0 0x7faf001133d0 unknown :-1 s=HELLO_CONNECTING pgs=0 cs=0 l=1 rev1=1 crypto rx=0 tx=0 comp rx=0 tx=0).handle_hello peer v2:172.21.15.6:3300/0 says I am v2:172.21.15.6:55210/0 (socket says 172.21.15.6:55210)
2023-12-07T13:47:23.528 INFO:teuthology.orchestra.run.smithi006.stdout:/usr/bin/ceph: stderr
2023-12-07T13:47:15.227+0000 7faefe59c700 1 -- 172.21.15.6:0/1346960403 learned_addr learned my addr 172.21.15.6:0/1346960403 (peer_addr_for_me v2:172.21.15.6:0/0)
2023-12-07T13:47:23.528 INFO:teuthology.orchestra.run.smithi006.stdout:/usr/bin/ceph: stderr
2023-12-07T13:47:15.227+0000 7faefe59c700 1 -- 172.21.15.6:0/1346960403 --> [v2:172.21.15.6:3300/0,v1:172.21.15.6:6789/0] -- mon_subscribe({config=0+,monmap=0+}) v3 -- 0x7faef00094f0 con 0x7faf00077bb0
2023-12-07T13:47:23.528 INFO:teuthology.orchestra.run.smithi006.stdout:/usr/bin/ceph: stderr
2023-12-07T13:47:15.227+0000 7faefe59c700 1 --2- 172.21.15.6:0/1346960403 >> [v2:172.21.15.6:3300/0,v1:172.21.15.6:6789/0] conn(0x7faf00077bb0 0x7faf001133d0 secure :-1 s=READY pgs=70 cs=0 l=1 rev1=1 crypto rx=0x7faef00094c0 tx=0x7faef0009250 comp rx=0 tx=0).ready entity=mon.0 client_cookie=0 server_cookie=0 in_seq=0 out_seq=0
2023-12-07T13:47:23.528 INFO:teuthology.orchestra.run.smithi006.stdout:/usr/bin/ceph: stderr
2023-12-07T13:47:15.227+0000 7faeeeffd700 1 -- 172.21.15.6:0/1346960403 <== mon.0 v2:172.21.15.6:3300/0 1 ==== mon_map magic: 0 v1 ==== 229+0+0 (secure 0 0 0) 0x7faef0010850 con 0x7faf00077bb0
2023-12-07T13:47:23.528 INFO:teuthology.orchestra.run.smithi006.stdout:/usr/bin/ceph: stderr
2023-12-07T13:47:15.228+0000 7faeeeffd700 1 -- 172.21.15.6:0/1346960403 <== mon.0 v2:172.21.15.6:3300/0 2 ==== config(26 keys) v1 ==== 1074+0+0 (secure 0 0 0) 0x7faef0010e60 con 0x7faf00077bb0
2023-12-07T13:47:23.528 INFO:teuthology.orchestra.run.smithi006.stdout:/usr/bin/ceph: stderr
2023-12-07T13:47:15.228+0000 7faeeeffd700 1 -- 172.21.15.6:0/1346960403 <== mon.0 v2:172.21.15.6:3300/0 3 ==== mon_map magic: 0 v1 ==== 229+0+0 (secure 0 0 0) 0x7faef001a430 con 0x7faf00077bb0
2023-12-07T13:47:23.528 INFO:teuthology.orchestra.run.smithi006.stdout:/usr/bin/ceph: stderr
2023-12-07T13:47:15.228+0000 7faf04abc700 1 -- 172.21.15.6:0/1346960403 --> [v2:172.21.15.6:3300/0,v1:172.21.15.6:6789/0] -- mon_subscribe({mgrmap=0+}) v3 -- 0x7faf00113b10 con 0x7faf00077bb0
2023-12-07T13:47:23.528 INFO:teuthology.orchestra.run.smithi006.stdout:/usr/bin/ceph: stderr
2023-12-07T13:47:15.228+0000 7faf04abc700 1 -- 172.21.15.6:0/1346960403 --> [v2:172.21.15.6:3300/0,v1:172.21.15.6:6789/0] -- mon_subscribe({osdmap=0}) v3 -- 0x7faf00113f20 con 0x7faf00077bb0
2023-12-07T13:47:23.528 INFO:teuthology.orchestra.run.smithi006.stdout:/usr/bin/ceph: stderr
2023-12-07T13:47:15.229+0000 7faeeeffd700 1 -- 172.21.15.6:0/1346960403 <== mon.0 v2:172.21.15.6:3300/0 4 ==== mgrmap(e 9) v1 ==== 43294+0+0 (secure 0 0 0) 0x7faef00247b0 con 0x7faf00077bb0
2023-12-07T13:47:23.529 INFO:teuthology.orchestra.run.smithi006.stdout:/usr/bin/ceph: stderr
2023-12-07T13:47:15.229+0000 7faeeeffd700 1 --2- 172.21.15.6:0/1346960403 >> [v2:172.21.15.6:6800/444555951,v1:172.21.15.6:6801/444555951] conn(0x7faee8036690 0x7faee8038b40 unknown :-1 s=NONE pgs=0 cs=0 l=1 rev1=0 crypto rx=0 tx=0 comp rx=0 tx=0).connect
2023-12-07T13:47:23.529 INFO:teuthology.orchestra.run.smithi006.stdout:/usr/bin/ceph: stderr
2023-12-07T13:47:15.229+0000 7faeeeffd700 1 -- 172.21.15.6:0/1346960403 --> [v2:172.21.15.6:6800/444555951,v1:172.21.15.6:6801/444555951] -- command(tid 0: {"prefix": "get_command_descriptions"}) v1 -- 0x7faee8039250 con 0x7faee8036690
2023-12-07T13:47:23.529 INFO:teuthology.orchestra.run.smithi006.stdout:/usr/bin/ceph: stderr
2023-12-07T13:47:15.229+0000 7faeeeffd700 1 -- 172.21.15.6:0/1346960403 <== mon.0 v2:172.21.15.6:3300/0 5 ==== osd_map(2..2 src has 1..2) v4 ==== 936+0+0 (secure 0 0 0) 0x7faef004a4e0 con 0x7faf00077bb0
2023-12-07T13:47:23.529 INFO:teuthology.orchestra.run.smithi006.stdout:/usr/bin/ceph: stderr
2023-12-07T13:47:15.229+0000 7faefdd9b700 1 -- 172.21.15.6:0/1346960403 >> [v2:172.21.15.6:6800/444555951,v1:172.21.15.6:6801/444555951] conn(0x7faee8036690 msgr2=0x7faee8038b40 unknown :-1 s=STATE_CONNECTING_RE l=1).process reconnect failed to v2:172.21.15.6:6800/444555951
2023-12-07T13:47:23.529 INFO:teuthology.orchestra.run.smithi006.stdout:/usr/bin/ceph: stderr
2023-12-07T13:47:15.230+0000 7faefdd9b700 1 --2- 172.21.15.6:0/1346960403 >> [v2:172.21.15.6:6800/444555951,v1:172.21.15.6:6801/444555951] conn(0x7faee8036690 0x7faee8038b40 unknown :-1 s=START_CONNECT pgs=0 cs=0 l=1 rev1=0 crypto rx=0 tx=0 comp rx=0 tx=0)._fault waiting 0.200000
2023-12-07T13:47:23.529 INFO:teuthology.orchestra.run.smithi006.stdout:/usr/bin/ceph: stderr
2023-12-07T13:47:15.431+0000 7faefdd9b700 1 -- 172.21.15.6:0/1346960403 >> [v2:172.21.15.6:6800/444555951,v1:172.21.15.6:6801/444555951] conn(0x7faee8036690 msgr2=0x7faee8038b40 unknown :-1 s=STATE_CONNECTING_RE l=1).process reconnect failed to v2:172.21.15.6:6800/444555951
2023-12-07T13:47:23.529 INFO:teuthology.orchestra.run.smithi006.stdout:/usr/bin/ceph: stderr
2023-12-07T13:47:15.431+0000 7faefdd9b700 1 --2- 172.21.15.6:0/1346960403 >> [v2:172.21.15.6:6800/444555951,v1:172.21.15.6:6801/444555951] conn(0x7faee8036690 0x7faee8038b40 unknown :-1 s=START_CONNECT pgs=0 cs=0 l=1 rev1=0 crypto rx=0 tx=0 comp rx=0 tx=0)._fault waiting 0.400000
2023-12-07T13:47:23.529 INFO:teuthology.orchestra.run.smithi006.stdout:/usr/bin/ceph: stderr
2023-12-07T13:47:15.832+0000 7faefdd9b700 1 -- 172.21.15.6:0/1346960403 >> [v2:172.21.15.6:6800/444555951,v1:172.21.15.6:6801/444555951] conn(0x7faee8036690 msgr2=0x7faee8038b40 unknown :-1 s=STATE_CONNECTING_RE l=1).process reconnect failed to v2:172.21.15.6:6800/444555951
2023-12-07T13:47:23.529 INFO:teuthology.orchestra.run.smithi006.stdout:/usr/bin/ceph: stderr
2023-12-07T13:47:15.832+0000 7faefdd9b700 1 --2- 172.21.15.6:0/1346960403 >> [v2:172.21.15.6:6800/444555951,v1:172.21.15.6:6801/444555951] conn(0x7faee8036690 0x7faee8038b40 unknown :-1 s=START_CONNECT pgs=0 cs=0 l=1 rev1=0 crypto rx=0 tx=0 comp rx=0 tx=0)._fault waiting 0.800000
2023-12-07T13:47:23.529 INFO:teuthology.orchestra.run.smithi006.stdout:/usr/bin/ceph: stderr
2023-12-07T13:47:16.633+0000 7faefdd9b700 1 -- 172.21.15.6:0/1346960403 >> [v2:172.21.15.6:6800/444555951,v1:172.21.15.6:6801/444555951] conn(0x7faee8036690 msgr2=0x7faee8038b40 unknown :-1 s=STATE_CONNECTING_RE l=1).process reconnect failed to v2:172.21.15.6:6800/444555951
2023-12-07T13:47:23.529 INFO:teuthology.orchestra.run.smithi006.stdout:/usr/bin/ceph: stderr
2023-12-07T13:47:16.633+0000 7faefdd9b700 1 --2- 172.21.15.6:0/1346960403 >> [v2:172.21.15.6:6800/444555951,v1:172.21.15.6:6801/444555951] conn(0x7faee8036690 0x7faee8038b40 unknown :-1 s=START_CONNECT pgs=0 cs=0 l=1 rev1=0 crypto rx=0 tx=0 comp rx=0 tx=0)._fault waiting 1.600000
2023-12-07T13:47:23.529 INFO:teuthology.orchestra.run.smithi006.stdout:/usr/bin/ceph: stderr
2023-12-07T13:47:18.235+0000 7faefdd9b700 1 -- 172.21.15.6:0/1346960403 >> [v2:172.21.15.6:6800/444555951,v1:172.21.15.6:6801/444555951] conn(0x7faee8036690 msgr2=0x7faee8038b40 unknown :-1 s=STATE_CONNECTING_RE l=1).process reconnect failed to v2:172.21.15.6:6800/444555951
2023-12-07T13:47:23.530 INFO:teuthology.orchestra.run.smithi006.stdout:/usr/bin/ceph: stderr
2023-12-07T13:47:18.235+0000 7faefdd9b700 1 --2- 172.21.15.6:0/1346960403 >> [v2:172.21.15.6:6800/444555951,v1:172.21.15.6:6801/444555951] conn(0x7faee8036690 0x7faee8038b40 unknown :-1 s=START_CONNECT pgs=0 cs=0 l=1 rev1=0 crypto rx=0 tx=0 comp rx=0 tx=0)._fault waiting 3.200000
2023-12-07T13:47:23.530 INFO:teuthology.orchestra.run.smithi006.stdout:/usr/bin/ceph: stderr
2023-12-07T13:47:21.438+0000 7faefdd9b700 1 -- 172.21.15.6:0/1346960403 >> [v2:172.21.15.6:6800/444555951,v1:172.21.15.6:6801/444555951] conn(0x7faee8036690 msgr2=0x7faee8038b40 unknown :-1 s=STATE_CONNECTING_RE l=1).process reconnect failed to v2:172.21.15.6:6800/444555951
2023-12-07T13:47:23.530 INFO:teuthology.orchestra.run.smithi006.stdout:/usr/bin/ceph: stderr
2023-12-07T13:47:21.438+0000 7faefdd9b700 1 --2- 172.21.15.6:0/1346960403 >> [v2:172.21.15.6:6800/444555951,v1:172.21.15.6:6801/444555951] conn(0x7faee8036690 0x7faee8038b40 unknown :-1 s=START_CONNECT pgs=0 cs=0 l=1 rev1=0 crypto rx=0 tx=0 comp rx=0 tx=0)._fault waiting 6.400000
2023-12-07T13:47:23.530 INFO:teuthology.orchestra.run.smithi006.stdout:/usr/bin/ceph: stderr
2023-12-07T13:47:22.038+0000 7faeeeffd700 1 -- 172.21.15.6:0/1346960403 <== mon.0 v2:172.21.15.6:3300/0 6 ==== mgrmap(e 10) v1 ==== 43061+0+0 (secure 0 0 0) 0x7faef002d3f0 con 0x7faf00077bb0
2023-12-07T13:47:23.530 INFO:teuthology.orchestra.run.smithi006.stdout:/usr/bin/ceph: stderr
2023-12-07T13:47:22.038+0000 7faeeeffd700 1 -- 172.21.15.6:0/1346960403 >> [v2:172.21.15.6:6800/444555951,v1:172.21.15.6:6801/444555951] conn(0x7faee8036690 msgr2=0x7faee8038b40 unknown :-1 s=STATE_CONNECTING l=1).mark_down
2023-12-07T13:47:23.530 INFO:teuthology.orchestra.run.smithi006.stdout:/usr/bin/ceph: stderr
2023-12-07T13:47:22.038+0000 7faeeeffd700 1 --2- 172.21.15.6:0/1346960403 >> [v2:172.21.15.6:6800/444555951,v1:172.21.15.6:6801/444555951] conn(0x7faee8036690 0x7faee8038b40 unknown :-1 s=START_CONNECT pgs=0 cs=0 l=1 rev1=0 crypto rx=0 tx=0 comp rx=0 tx=0).stop
2023-12-07T13:47:23.530 INFO:teuthology.orchestra.run.smithi006.stdout:/usr/bin/ceph: stderr
2023-12-07T13:47:23.042+0000 7faeeeffd700 1 -- 172.21.15.6:0/1346960403 <== mon.0 v2:172.21.15.6:3300/0 7 ==== mgrmap(e 11) v1 ==== 43188+0+0 (secure 0 0 0) 0x7faef00109b0 con 0x7faf00077bb0
2023-12-07T13:47:23.530 INFO:teuthology.orchestra.run.smithi006.stdout:/usr/bin/ceph: stderr
2023-12-07T13:47:23.042+0000 7faeeeffd700 1 --2- 172.21.15.6:0/1346960403 >> [v2:172.21.15.6:6800/1912995248,v1:172.21.15.6:6801/1912995248] conn(0x7faee8039fb0 0x7faee803c390 unknown :-1 s=NONE pgs=0 cs=0 l=1 rev1=0 crypto rx=0 tx=0 comp rx=0 tx=0).connect
2023-12-07T13:47:23.530 INFO:teuthology.orchestra.run.smithi006.stdout:/usr/bin/ceph: stderr
2023-12-07T13:47:23.043+0000 7faeeeffd700 1 -- 172.21.15.6:0/1346960403 --> [v2:172.21.15.6:6800/1912995248,v1:172.21.15.6:6801/1912995248] -- command(tid 0: {"prefix": "get_command_descriptions"}) v1 -- 0x7faee8039250 con 0x7faee8039fb0
2023-12-07T13:47:23.530 INFO:teuthology.orchestra.run.smithi006.stdout:/usr/bin/ceph: stderr
2023-12-07T13:47:23.043+0000 7faefdd9b700 1 --2- 172.21.15.6:0/1346960403 >> [v2:172.21.15.6:6800/1912995248,v1:172.21.15.6:6801/1912995248] conn(0x7faee8039fb0 0x7faee803c390 unknown :-1 s=BANNER_CONNECTING pgs=0 cs=0 l=1 rev1=0 crypto rx=0 tx=0 comp rx=0 tx=0)._handle_peer_banner_payload supported=3 required=0
2023-12-07T13:47:23.530 INFO:teuthology.orchestra.run.smithi006.stdout:/usr/bin/ceph: stderr
2023-12-07T13:47:23.044+0000 7faefdd9b700 1 --2- 172.21.15.6:0/1346960403 >> [v2:172.21.15.6:6800/1912995248,v1:172.21.15.6:6801/1912995248] conn(0x7faee8039fb0 0x7faee803c390 secure :-1 s=READY pgs=1 cs=0 l=1 rev1=1 crypto rx=0x7faef40039d0 tx=0x7faef4009350 comp rx=0 tx=0).ready entity=mgr.14160 client_cookie=0 server_cookie=0 in_seq=0 out_seq=0
2023-12-07T13:47:23.530 INFO:teuthology.orchestra.run.smithi006.stdout:/usr/bin/ceph: stderr
2023-12-07T13:47:23.045+0000 7faeeeffd700 1 -- 172.21.15.6:0/1346960403 <== mgr.14160 v2:172.21.15.6:6800/1912995248 1 ==== command_reply(tid 0: 0 ) v1 ==== 8+0+6549 (secure 0 0 0) 0x7faee8039250 con 0x7faee8039fb0
2023-12-07T13:47:23.530 INFO:teuthology.orchestra.run.smithi006.stdout:/usr/bin/ceph: stderr
2023-12-07T13:47:23.051+0000 7faf04abc700 1 -- 172.21.15.6:0/1346960403 --> [v2:172.21.15.6:6800/1912995248,v1:172.21.15.6:6801/1912995248] -- command(tid 1: {"prefix": "mgr_status"}) v1 -- 0x7faf0004bb80 con 0x7faee8039fb0
2023-12-07T13:47:23.530 INFO:teuthology.orchestra.run.smithi006.stdout:/usr/bin/ceph: stderr
2023-12-07T13:47:23.052+0000 7faeeeffd700 1 -- 172.21.15.6:0/1346960403 <== mgr.14160 v2:172.21.15.6:6800/1912995248 2 ==== command_reply(tid 1: 0 ) v1 ==== 8+0+52 (secure 0 0 0) 0x7faf0004bb80 con 0x7faee8039fb0
2023-12-07T13:47:23.531 INFO:teuthology.orchestra.run.smithi006.stdout:/usr/bin/ceph: stderr
2023-12-07T13:47:23.052+0000 7faf04abc700 1 -- 172.21.15.6:0/1346960403 >> [v2:172.21.15.6:6800/1912995248,v1:172.21.15.6:6801/1912995248] conn(0x7faee8039fb0 msgr2=0x7faee803c390 secure :-1 s=STATE_CONNECTION_ESTABLISHED l=1).mark_down
2023-12-07T13:47:23.531 INFO:teuthology.orchestra.run.smithi006.stdout:/usr/bin/ceph: stderr
2023-12-07T13:47:23.052+0000 7faf04abc700 1 --2- 172.21.15.6:0/1346960403 >> [v2:172.21.15.6:6800/1912995248,v1:172.21.15.6:6801/1912995248] conn(0x7faee8039fb0 0x7faee803c390 secure :-1 s=READY pgs=1 cs=0 l=1 rev1=1 crypto rx=0x7faef40039d0 tx=0x7faef4009350 comp rx=0 tx=0).stop
2023-12-07T13:47:23.531 INFO:teuthology.orchestra.run.smithi006.stdout:/usr/bin/ceph: stderr
2023-12-07T13:47:23.052+0000 7faf04abc700 1 -- 172.21.15.6:0/1346960403 >> [v2:172.21.15.6:3300/0,v1:172.21.15.6:6789/0] conn(0x7faf00077bb0 msgr2=0x7faf001133d0 secure :-1 s=STATE_CONNECTION_ESTABLISHED l=1).mark_down
2023-12-07T13:47:23.531 INFO:teuthology.orchestra.run.smithi006.stdout:/usr/bin/ceph: stderr
2023-12-07T13:47:23.052+0000 7faf04abc700 1 --2- 172.21.15.6:0/1346960403 >> [v2:172.21.15.6:3300/0,v1:172.21.15.6:6789/0] conn(0x7faf00077bb0 0x7faf001133d0 secure :-1 s=READY pgs=70 cs=0 l=1 rev1=1 crypto rx=0x7faef00094c0 tx=0x7faef0009250 comp rx=0 tx=0).stop
2023-12-07T13:47:23.531 INFO:teuthology.orchestra.run.smithi006.stdout:/usr/bin/ceph: stderr
2023-12-07T13:47:23.052+0000 7faf04abc700 1 -- 172.21.15.6:0/1346960403 shutdown_connections
2023-12-07T13:47:23.531 INFO:teuthology.orchestra.run.smithi006.stdout:/usr/bin/ceph: stderr
2023-12-07T13:47:23.052+0000 7faf04abc700 1 --2- 172.21.15.6:0/1346960403 >> [v2:172.21.15.6:6800/1912995248,v1:172.21.15.6:6801/1912995248] conn(0x7faee8039fb0 0x7faee803c390 unknown :-1 s=CLOSED pgs=1 cs=0 l=1 rev1=1 crypto rx=0 tx=0 comp rx=0 tx=0).stop
2023-12-07T13:47:23.531 INFO:teuthology.orchestra.run.smithi006.stdout:/usr/bin/ceph: stderr
2023-12-07T13:47:23.052+0000 7faf04abc700 1 --2- 172.21.15.6:0/1346960403 >> [v2:172.21.15.6:3300/0,v1:172.21.15.6:6789/0] conn(0x7faf00077bb0 0x7faf001133d0 unknown :-1 s=CLOSED pgs=70 cs=0 l=1 rev1=1 crypto rx=0 tx=0 comp rx=0 tx=0).stop
2023-12-07T13:47:23.531 INFO:teuthology.orchestra.run.smithi006.stdout:/usr/bin/ceph: stderr
2023-12-07T13:47:23.052+0000 7faf04abc700 1 --2- 172.21.15.6:0/1346960403 >> [v2:172.21.15.6:6800/444555951,v1:172.21.15.6:6801/444555951] conn(0x7faee8036690 0x7faee8038b40 unknown :-1 s=CLOSED pgs=0 cs=0 l=1 rev1=0 crypto rx=0 tx=0 comp rx=0 tx=0).stop
2023-12-07T13:47:23.531 INFO:teuthology.orchestra.run.smithi006.stdout:/usr/bin/ceph: stderr
2023-12-07T13:47:23.052+0000 7faf04abc700 1 -- 172.21.15.6:0/1346960403 >> 172.21.15.6:0/1346960403 conn(0x7faf000fda50 msgr2=0x7faf000ffe50 unknown :-1 s=STATE_NONE l=0).mark_down
2023-12-07T13:47:23.531 INFO:teuthology.orchestra.run.smithi006.stdout:/usr/bin/ceph: stderr
2023-12-07T13:47:23.052+0000 7faf04abc700 1 -- 172.21.15.6:0/1346960403 shutdown_connections
2023-12-07T13:47:23.531 INFO:teuthology.orchestra.run.smithi006.stdout:/usr/bin/ceph: stderr
2023-12-07T13:47:23.052+0000 7faf04abc700 1 -- 172.21.15.6:0/1346960403 wait complete.
2023-12-07T13:47:23.531 INFO:teuthology.orchestra.run.smithi006.stdout:mgr epoch 9 is available
2023-12-07T13:47:23.531 INFO:teuthology.orchestra.run.smithi006.stdout:Generating a dashboard self-signed certificate...
2023-12-07T13:47:24.661 INFO:journalctl@ceph.mon.smithi006.smithi006.stdout:Dec 07 13:47:24 smithi006 ceph-mon[107131]: [07/Dec/2023:13:47:22] ENGINE Bus STARTING
2023-12-07T13:47:24.661 INFO:journalctl@ceph.mon.smithi006.smithi006.stdout:Dec 07 13:47:24 smithi006 ceph-mon[107131]: [07/Dec/2023:13:47:22] ENGINE Serving on https://172.21.15.6:7150
2023-12-07T13:47:24.661 INFO:journalctl@ceph.mon.smithi006.smithi006.stdout:Dec 07 13:47:24 smithi006 ceph-mon[107131]: [07/Dec/2023:13:47:22] ENGINE Bus STARTED
2023-12-07T13:47:24.661 INFO:journalctl@ceph.mon.smithi006.smithi006.stdout:Dec 07 13:47:24 smithi006 ceph-mon[107131]: from='client.14164 -' entity='client.admin' cmd=[{"prefix": "get_command_descriptions"}]: dispatch
2023-12-07T13:47:24.661 INFO:journalctl@ceph.mon.smithi006.smithi006.stdout:Dec 07 13:47:24 smithi006 ceph-mon[107131]: from='client.14164 -' entity='client.admin' cmd=[{"prefix": "mgr_status"}]: dispatch
2023-12-07T13:47:24.661 INFO:journalctl@ceph.mon.smithi006.smithi006.stdout:Dec 07 13:47:24 smithi006 ceph-mon[107131]: from='mgr.14160 172.21.15.6:0/2237405228' entity='mgr.smithi006.reppvj'
2023-12-07T13:47:24.662 INFO:journalctl@ceph.mon.smithi006.smithi006.stdout:Dec 07 13:47:24 smithi006 ceph-mon[107131]: from='mgr.14160 172.21.15.6:0/2237405228' entity='mgr.smithi006.reppvj'
2023-12-07T13:47:24.662 INFO:journalctl@ceph.mon.smithi006.smithi006.stdout:Dec 07 13:47:24 smithi006 ceph-mon[107131]: from='mgr.14160 172.21.15.6:0/2237405228' entity='mgr.smithi006.reppvj'
2023-12-07T13:47:24.683 INFO:teuthology.orchestra.run.smithi006.stdout:/usr/bin/ceph: stdout Self-signed certificate created
2023-12-07T13:47:24.683 INFO:teuthology.orchestra.run.smithi006.stdout:/usr/bin/ceph: stderr
2023-12-07T13:47:23.980+0000 7fe3a32de700 1 Processor -- start
2023-12-07T13:47:24.683 INFO:teuthology.orchestra.run.smithi006.stdout:/usr/bin/ceph: stderr
2023-12-07T13:47:23.980+0000 7fe3a32de700 1 -- start start
2023-12-07T13:47:24.683 INFO:teuthology.orchestra.run.smithi006.stdout:/usr/bin/ceph: stderr
2023-12-07T13:47:23.980+0000 7fe3a32de700 1 --2- >> [v2:172.21.15.6:3300/0,v1:172.21.15.6:6789/0] conn(0x7fe39c102140 0x7fe39c102550 unknown :-1 s=NONE pgs=0 cs=0 l=0 rev1=0 crypto rx=0 tx=0 comp rx=0 tx=0).connect
2023-12-07T13:47:24.683 INFO:teuthology.orchestra.run.smithi006.stdout:/usr/bin/ceph: stderr
2023-12-07T13:47:23.980+0000 7fe3a32de700 1 -- --> [v2:172.21.15.6:3300/0,v1:172.21.15.6:6789/0] -- mon_getmap magic: 0 v1 -- 0x7fe39c102a90 con 0x7fe39c102140
2023-12-07T13:47:24.683 INFO:teuthology.orchestra.run.smithi006.stdout:/usr/bin/ceph: stderr
2023-12-07T13:47:23.981+0000 7fe3a22dc700 1 --2- >> [v2:172.21.15.6:3300/0,v1:172.21.15.6:6789/0] conn(0x7fe39c102140 0x7fe39c102550 unknown :-1 s=BANNER_CONNECTING pgs=0 cs=0 l=0 rev1=0 crypto rx=0 tx=0 comp rx=0 tx=0)._handle_peer_banner_payload supported=3 required=0
2023-12-07T13:47:24.683 INFO:teuthology.orchestra.run.smithi006.stdout:/usr/bin/ceph: stderr
2023-12-07T13:47:23.981+0000 7fe3a22dc700 1 --2- >> [v2:172.21.15.6:3300/0,v1:172.21.15.6:6789/0] conn(0x7fe39c102140 0x7fe39c102550 unknown :-1 s=HELLO_CONNECTING pgs=0 cs=0 l=0 rev1=1 crypto rx=0 tx=0 comp rx=0 tx=0).handle_hello peer v2:172.21.15.6:3300/0 says I am v2:172.21.15.6:58194/0 (socket says 172.21.15.6:58194)
2023-12-07T13:47:24.683 INFO:teuthology.orchestra.run.smithi006.stdout:/usr/bin/ceph: stderr
2023-12-07T13:47:23.981+0000 7fe3a22dc700 1 -- 172.21.15.6:0/3060283768 learned_addr learned my addr 172.21.15.6:0/3060283768 (peer_addr_for_me v2:172.21.15.6:0/0)
2023-12-07T13:47:24.683 INFO:teuthology.orchestra.run.smithi006.stdout:/usr/bin/ceph: stderr
2023-12-07T13:47:23.981+0000 7fe3a22dc700 1 -- 172.21.15.6:0/3060283768 --> [v2:172.21.15.6:3300/0,v1:172.21.15.6:6789/0] -- mon_subscribe({config=0+,monmap=0+}) v3 -- 0x7fe39c102bd0 con 0x7fe39c102140
2023-12-07T13:47:24.684 INFO:teuthology.orchestra.run.smithi006.stdout:/usr/bin/ceph: stderr
2023-12-07T13:47:23.982+0000 7fe3a22dc700 1 --2- 172.21.15.6:0/3060283768 >> [v2:172.21.15.6:3300/0,v1:172.21.15.6:6789/0] conn(0x7fe39c102140 0x7fe39c102550 secure :-1 s=READY pgs=78 cs=0 l=1 rev1=1 crypto rx=0x7fe3980098e0 tx=0x7fe398009250 comp rx=0 tx=0).ready entity=mon.0 client_cookie=7c75e3734d79a1cc server_cookie=0 in_seq=0 out_seq=0
2023-12-07T13:47:24.684 INFO:teuthology.orchestra.run.smithi006.stdout:/usr/bin/ceph: stderr
2023-12-07T13:47:23.982+0000 7fe3a12da700 1 -- 172.21.15.6:0/3060283768 <== mon.0 v2:172.21.15.6:3300/0 1 ==== mon_map magic: 0 v1 ==== 229+0+0 (secure 0 0 0) 0x7fe39800b860 con 0x7fe39c102140
2023-12-07T13:47:24.684 INFO:teuthology.orchestra.run.smithi006.stdout:/usr/bin/ceph: stderr
2023-12-07T13:47:23.982+0000 7fe3a12da700 1 -- 172.21.15.6:0/3060283768 <== mon.0 v2:172.21.15.6:3300/0 2 ==== config(26 keys) v1 ==== 1074+0+0 (secure 0 0 0) 0x7fe39800be70 con 0x7fe39c102140
2023-12-07T13:47:24.684 INFO:teuthology.orchestra.run.smithi006.stdout:/usr/bin/ceph: stderr
2023-12-07T13:47:23.982+0000 7fe3a12da700 1 -- 172.21.15.6:0/3060283768 <== mon.0 v2:172.21.15.6:3300/0 3 ==== mon_map magic: 0 v1 ==== 229+0+0 (secure 0 0 0) 0x7fe398010380 con 0x7fe39c102140
2023-12-07T13:47:24.684 INFO:teuthology.orchestra.run.smithi006.stdout:/usr/bin/ceph: stderr
2023-12-07T13:47:23.983+0000 7fe3a32de700 1 -- 172.21.15.6:0/3060283768 >> [v2:172.21.15.6:3300/0,v1:172.21.15.6:6789/0] conn(0x7fe39c102140 msgr2=0x7fe39c102550 secure :-1 s=STATE_CONNECTION_ESTABLISHED l=1).mark_down
2023-12-07T13:47:24.684 INFO:teuthology.orchestra.run.smithi006.stdout:/usr/bin/ceph: stderr
2023-12-07T13:47:23.983+0000 7fe3a32de700 1 --2- 172.21.15.6:0/3060283768 >> [v2:172.21.15.6:3300/0,v1:172.21.15.6:6789/0] conn(0x7fe39c102140 0x7fe39c102550 secure :-1 s=READY pgs=78 cs=0 l=1 rev1=1 crypto rx=0x7fe3980098e0 tx=0x7fe398009250 comp rx=0 tx=0).stop
2023-12-07T13:47:24.684 INFO:teuthology.orchestra.run.smithi006.stdout:/usr/bin/ceph: stderr
2023-12-07T13:47:23.983+0000 7fe3a32de700 1 -- 172.21.15.6:0/3060283768 shutdown_connections
2023-12-07T13:47:24.684 INFO:teuthology.orchestra.run.smithi006.stdout:/usr/bin/ceph: stderr
2023-12-07T13:47:23.983+0000 7fe3a32de700 1 --2- 172.21.15.6:0/3060283768 >> [v2:172.21.15.6:3300/0,v1:172.21.15.6:6789/0] conn(0x7fe39c102140 0x7fe39c102550 unknown :-1 s=CLOSED pgs=78 cs=0 l=1 rev1=1 crypto rx=0 tx=0 comp rx=0 tx=0).stop
2023-12-07T13:47:24.684 INFO:teuthology.orchestra.run.smithi006.stdout:/usr/bin/ceph: stderr
2023-12-07T13:47:23.983+0000 7fe3a32de700 1 -- 172.21.15.6:0/3060283768 >> 172.21.15.6:0/3060283768 conn(0x7fe39c0fd880 msgr2=0x7fe39c0ffcd0 unknown :-1 s=STATE_NONE l=0).mark_down
2023-12-07T13:47:24.684 INFO:teuthology.orchestra.run.smithi006.stdout:/usr/bin/ceph: stderr
2023-12-07T13:47:23.983+0000 7fe3a32de700 1 -- 172.21.15.6:0/3060283768 shutdown_connections
2023-12-07T13:47:24.684 INFO:teuthology.orchestra.run.smithi006.stdout:/usr/bin/ceph: stderr
2023-12-07T13:47:23.983+0000 7fe3a32de700 1 -- 172.21.15.6:0/3060283768 wait complete.
2023-12-07T13:47:24.684 INFO:teuthology.orchestra.run.smithi006.stdout:/usr/bin/ceph: stderr
2023-12-07T13:47:23.984+0000 7fe3a32de700 1 Processor -- start
2023-12-07T13:47:24.684 INFO:teuthology.orchestra.run.smithi006.stdout:/usr/bin/ceph: stderr
2023-12-07T13:47:23.984+0000 7fe3a32de700 1 -- start start
2023-12-07T13:47:24.684 INFO:teuthology.orchestra.run.smithi006.stdout:/usr/bin/ceph: stderr
2023-12-07T13:47:23.984+0000 7fe3a32de700 1 --2- >> [v2:172.21.15.6:3300/0,v1:172.21.15.6:6789/0] conn(0x7fe39c102140 0x7fe39c077c00 unknown :-1 s=NONE pgs=0 cs=0 l=1 rev1=0 crypto rx=0 tx=0 comp rx=0 tx=0).connect
2023-12-07T13:47:24.684 INFO:teuthology.orchestra.run.smithi006.stdout:/usr/bin/ceph: stderr
2023-12-07T13:47:23.984+0000 7fe3a32de700 1 -- --> [v2:172.21.15.6:3300/0,v1:172.21.15.6:6789/0] -- mon_getmap magic: 0 v1 -- 0x7fe39c076080 con 0x7fe39c102140
2023-12-07T13:47:24.684 INFO:teuthology.orchestra.run.smithi006.stdout:/usr/bin/ceph: stderr
2023-12-07T13:47:23.985+0000 7fe3a22dc700 1 --2- >> [v2:172.21.15.6:3300/0,v1:172.21.15.6:6789/0] conn(0x7fe39c102140 0x7fe39c077c00 unknown :-1 s=BANNER_CONNECTING pgs=0 cs=0 l=1 rev1=0 crypto rx=0 tx=0 comp rx=0 tx=0)._handle_peer_banner_payload supported=3 required=0
2023-12-07T13:47:24.685 INFO:teuthology.orchestra.run.smithi006.stdout:/usr/bin/ceph: stderr
2023-12-07T13:47:23.985+0000 7fe3a22dc700 1 --2- >> [v2:172.21.15.6:3300/0,v1:172.21.15.6:6789/0] conn(0x7fe39c102140 0x7fe39c077c00 unknown :-1 s=HELLO_CONNECTING pgs=0 cs=0 l=1 rev1=1 crypto rx=0 tx=0 comp rx=0 tx=0).handle_hello peer v2:172.21.15.6:3300/0 says I am v2:172.21.15.6:58196/0 (socket says 172.21.15.6:58196)
2023-12-07T13:47:24.685 INFO:teuthology.orchestra.run.smithi006.stdout:/usr/bin/ceph: stderr
2023-12-07T13:47:23.985+0000 7fe3a22dc700 1 -- 172.21.15.6:0/4186295620 learned_addr learned my addr 172.21.15.6:0/4186295620 (peer_addr_for_me v2:172.21.15.6:0/0)
2023-12-07T13:47:24.685 INFO:teuthology.orchestra.run.smithi006.stdout:/usr/bin/ceph: stderr
2023-12-07T13:47:23.985+0000 7fe3a22dc700 1 -- 172.21.15.6:0/4186295620 --> [v2:172.21.15.6:3300/0,v1:172.21.15.6:6789/0] -- mon_subscribe({config=0+,monmap=0+}) v3 -- 0x7fe3980094f0 con 0x7fe39c102140
2023-12-07T13:47:24.685 INFO:teuthology.orchestra.run.smithi006.stdout:/usr/bin/ceph: stderr
2023-12-07T13:47:23.985+0000 7fe3a22dc700 1 --2- 172.21.15.6:0/4186295620 >> [v2:172.21.15.6:3300/0,v1:172.21.15.6:6789/0] conn(0x7fe39c102140 0x7fe39c077c00 secure :-1 s=READY pgs=79 cs=0 l=1 rev1=1 crypto rx=0x7fe39800c010 tx=0x7fe398009250 comp rx=0 tx=0).ready entity=mon.0 client_cookie=0 server_cookie=0 in_seq=0 out_seq=0
2023-12-07T13:47:24.685 INFO:teuthology.orchestra.run.smithi006.stdout:/usr/bin/ceph: stderr
2023-12-07T13:47:23.986+0000 7fe392ffd700 1 -- 172.21.15.6:0/4186295620 <== mon.0 v2:172.21.15.6:3300/0 1 ==== mon_map magic: 0 v1 ==== 229+0+0 (secure 0 0 0) 0x7fe398010960 con 0x7fe39c102140
2023-12-07T13:47:24.685 INFO:teuthology.orchestra.run.smithi006.stdout:/usr/bin/ceph: stderr
2023-12-07T13:47:23.986+0000 7fe392ffd700 1 -- 172.21.15.6:0/4186295620 <== mon.0 v2:172.21.15.6:3300/0 2 ==== config(26 keys) v1 ==== 1074+0+0 (secure 0 0 0) 0x7fe39801a430 con 0x7fe39c102140
2023-12-07T13:47:24.685 INFO:teuthology.orchestra.run.smithi006.stdout:/usr/bin/ceph: stderr
2023-12-07T13:47:23.986+0000 7fe392ffd700 1 -- 172.21.15.6:0/4186295620 <== mon.0 v2:172.21.15.6:3300/0 3 ==== mon_map magic: 0 v1 ==== 229+0+0 (secure 0 0 0) 0x7fe398019580 con 0x7fe39c102140
2023-12-07T13:47:24.685 INFO:teuthology.orchestra.run.smithi006.stdout:/usr/bin/ceph: stderr
2023-12-07T13:47:23.986+0000 7fe3a32de700 1 -- 172.21.15.6:0/4186295620 --> [v2:172.21.15.6:3300/0,v1:172.21.15.6:6789/0] -- mon_subscribe({mgrmap=0+}) v3 -- 0x7fe39c076280 con 0x7fe39c102140
2023-12-07T13:47:24.685 INFO:teuthology.orchestra.run.smithi006.stdout:/usr/bin/ceph: stderr
2023-12-07T13:47:23.986+0000 7fe3a32de700 1 -- 172.21.15.6:0/4186295620 --> [v2:172.21.15.6:3300/0,v1:172.21.15.6:6789/0] -- mon_subscribe({osdmap=0}) v3 -- 0x7fe39c076690 con 0x7fe39c102140
2023-12-07T13:47:24.685 INFO:teuthology.orchestra.run.smithi006.stdout:/usr/bin/ceph: stderr
2023-12-07T13:47:23.987+0000 7fe392ffd700 1 -- 172.21.15.6:0/4186295620 <== mon.0 v2:172.21.15.6:3300/0 4 ==== mgrmap(e 11) v1 ==== 43188+0+0 (secure 0 0 0) 0x7fe39801a980 con 0x7fe39c102140
2023-12-07T13:47:24.685 INFO:teuthology.orchestra.run.smithi006.stdout:/usr/bin/ceph: stderr
2023-12-07T13:47:23.987+0000 7fe392ffd700 1 --2- 172.21.15.6:0/4186295620 >> [v2:172.21.15.6:6800/1912995248,v1:172.21.15.6:6801/1912995248] conn(0x7fe388036570 0x7fe388038a20 unknown :-1 s=NONE pgs=0 cs=0 l=1 rev1=0 crypto rx=0 tx=0 comp rx=0 tx=0).connect
2023-12-07T13:47:24.685 INFO:teuthology.orchestra.run.smithi006.stdout:/usr/bin/ceph: stderr
2023-12-07T13:47:23.987+0000 7fe392ffd700 1 -- 172.21.15.6:0/4186295620 <== mon.0 v2:172.21.15.6:3300/0 5 ==== osd_map(3..3 src has 1..3) v4 ==== 1151+0+0 (secure 0 0 0) 0x7fe39804a370 con 0x7fe39c102140
2023-12-07T13:47:24.685 INFO:teuthology.orchestra.run.smithi006.stdout:/usr/bin/ceph: stderr
2023-12-07T13:47:23.987+0000 7fe3a32de700 1 -- 172.21.15.6:0/4186295620 --> [v2:172.21.15.6:3300/0,v1:172.21.15.6:6789/0] -- mon_command({"prefix": "get_command_descriptions"} v 0) v1 -- 0x7fe39c04bb80 con 0x7fe39c102140
2023-12-07T13:47:24.685 INFO:teuthology.orchestra.run.smithi006.stdout:/usr/bin/ceph: stderr
2023-12-07T13:47:23.988+0000 7fe3a1adb700 1 --2- 172.21.15.6:0/4186295620 >> [v2:172.21.15.6:6800/1912995248,v1:172.21.15.6:6801/1912995248] conn(0x7fe388036570 0x7fe388038a20 unknown :-1 s=BANNER_CONNECTING pgs=0 cs=0 l=1 rev1=0 crypto rx=0 tx=0 comp rx=0 tx=0)._handle_peer_banner_payload supported=3 required=0
2023-12-07T13:47:24.685 INFO:teuthology.orchestra.run.smithi006.stdout:/usr/bin/ceph: stderr
2023-12-07T13:47:23.988+0000 7fe3a1adb700 1 --2- 172.21.15.6:0/4186295620 >> [v2:172.21.15.6:6800/1912995248,v1:172.21.15.6:6801/1912995248] conn(0x7fe388036570 0x7fe388038a20 secure :-1 s=READY pgs=7 cs=0 l=1 rev1=1 crypto rx=0x7fe38c009990 tx=0x7fe38c006e40 comp rx=0 tx=0).ready entity=mgr.14160 client_cookie=0 server_cookie=0 in_seq=0 out_seq=0
2023-12-07T13:47:24.686 INFO:teuthology.orchestra.run.smithi006.stdout:/usr/bin/ceph: stderr
2023-12-07T13:47:23.993+0000 7fe392ffd700 1 -- 172.21.15.6:0/4186295620 <== mon.0 v2:172.21.15.6:3300/0 6 ==== mon_command_ack([{"prefix": "get_command_descriptions"}]=0 v0) v1 ==== 72+0+174570 (secure 0 0 0) 0x7fe39802bd60 con 0x7fe39c102140
2023-12-07T13:47:24.686 INFO:teuthology.orchestra.run.smithi006.stdout:/usr/bin/ceph: stderr
2023-12-07T13:47:24.221+0000 7fe3a32de700 1 -- 172.21.15.6:0/4186295620 --> [v2:172.21.15.6:6800/1912995248,v1:172.21.15.6:6801/1912995248] -- mgr_command(tid 0: {"prefix": "dashboard create-self-signed-cert", "target": ["mon-mgr", ""]}) v1 -- 0x7fe39c10ac70 con 0x7fe388036570
2023-12-07T13:47:24.686 INFO:teuthology.orchestra.run.smithi006.stdout:/usr/bin/ceph: stderr
2023-12-07T13:47:24.337+0000 7fe392ffd700 1 -- 172.21.15.6:0/4186295620 <== mgr.14160 v2:172.21.15.6:6800/1912995248 1 ==== mgr_command_reply(tid 0: 0 ) v1 ==== 8+0+32 (secure 0 0 0) 0x7fe39c10ac70 con 0x7fe388036570
2023-12-07T13:47:24.686 INFO:teuthology.orchestra.run.smithi006.stdout:/usr/bin/ceph: stderr
2023-12-07T13:47:24.339+0000 7fe3a32de700 1 -- 172.21.15.6:0/4186295620 >> [v2:172.21.15.6:6800/1912995248,v1:172.21.15.6:6801/1912995248] conn(0x7fe388036570 msgr2=0x7fe388038a20 secure :-1 s=STATE_CONNECTION_ESTABLISHED l=1).mark_down
2023-12-07T13:47:24.686 INFO:teuthology.orchestra.run.smithi006.stdout:/usr/bin/ceph: stderr
2023-12-07T13:47:24.339+0000 7fe3a32de700 1 --2- 172.21.15.6:0/4186295620 >> [v2:172.21.15.6:6800/1912995248,v1:172.21.15.6:6801/1912995248] conn(0x7fe388036570 0x7fe388038a20 secure :-1 s=READY pgs=7 cs=0 l=1 rev1=1 crypto rx=0x7fe38c009990 tx=0x7fe38c006e40 comp rx=0 tx=0).stop
2023-12-07T13:47:24.686 INFO:teuthology.orchestra.run.smithi006.stdout:/usr/bin/ceph: stderr
2023-12-07T13:47:24.339+0000 7fe3a32de700 1 -- 172.21.15.6:0/4186295620 >> [v2:172.21.15.6:3300/0,v1:172.21.15.6:6789/0] conn(0x7fe39c102140 msgr2=0x7fe39c077c00 secure :-1 s=STATE_CONNECTION_ESTABLISHED l=1).mark_down
2023-12-07T13:47:24.686 INFO:teuthology.orchestra.run.smithi006.stdout:/usr/bin/ceph: stderr
2023-12-07T13:47:24.339+0000 7fe3a32de700 1 --2- 172.21.15.6:0/4186295620 >> [v2:172.21.15.6:3300/0,v1:172.21.15.6:6789/0] conn(0x7fe39c102140 0x7fe39c077c00 secure :-1 s=READY pgs=79 cs=0 l=1 rev1=1 crypto rx=0x7fe39800c010 tx=0x7fe398009250 comp rx=0 tx=0).stop
2023-12-07T13:47:24.686 INFO:teuthology.orchestra.run.smithi006.stdout:/usr/bin/ceph: stderr
2023-12-07T13:47:24.339+0000 7fe3a32de700 1 -- 172.21.15.6:0/4186295620 shutdown_connections
2023-12-07T13:47:24.686 INFO:teuthology.orchestra.run.smithi006.stdout:/usr/bin/ceph: stderr
2023-12-07T13:47:24.339+0000 7fe3a32de700 1 --2- 172.21.15.6:0/4186295620 >> [v2:172.21.15.6:6800/1912995248,v1:172.21.15.6:6801/1912995248] conn(0x7fe388036570 0x7fe388038a20 unknown :-1 s=CLOSED pgs=7 cs=0 l=1 rev1=1 crypto rx=0 tx=0 comp rx=0 tx=0).stop
2023-12-07T13:47:24.686 INFO:teuthology.orchestra.run.smithi006.stdout:/usr/bin/ceph: stderr
2023-12-07T13:47:24.339+0000 7fe3a32de700 1 --2- 172.21.15.6:0/4186295620 >> [v2:172.21.15.6:3300/0,v1:172.21.15.6:6789/0] conn(0x7fe39c102140 0x7fe39c077c00 unknown :-1 s=CLOSED pgs=79 cs=0 l=1 rev1=1 crypto rx=0 tx=0 comp rx=0 tx=0).stop
2023-12-07T13:47:24.686 INFO:teuthology.orchestra.run.smithi006.stdout:/usr/bin/ceph: stderr
2023-12-07T13:47:24.339+0000 7fe3a32de700 1 -- 172.21.15.6:0/4186295620 >> 172.21.15.6:0/4186295620 conn(0x7fe39c0fd880 msgr2=0x7fe39c0ff000 unknown :-1 s=STATE_NONE l=0).mark_down
2023-12-07T13:47:24.686 INFO:teuthology.orchestra.run.smithi006.stdout:/usr/bin/ceph: stderr
2023-12-07T13:47:24.339+0000 7fe3a32de700 1 -- 172.21.15.6:0/4186295620 shutdown_connections
2023-12-07T13:47:24.686 INFO:teuthology.orchestra.run.smithi006.stdout:/usr/bin/ceph: stderr
2023-12-07T13:47:24.340+0000 7fe3a32de700 1 -- 172.21.15.6:0/4186295620 wait complete.
2023-12-07T13:47:24.686 INFO:teuthology.orchestra.run.smithi006.stdout:Creating initial admin user...
2023-12-07T13:47:25.885 INFO:journalctl@ceph.mon.smithi006.smithi006.stdout:Dec 07 13:47:25 smithi006 ceph-mon[107131]: from='client.14172 -' entity='client.admin' cmd=[{"prefix": "dashboard create-self-signed-cert", "target": ["mon-mgr", ""]}]: dispatch
2023-12-07T13:47:25.885 INFO:journalctl@ceph.mon.smithi006.smithi006.stdout:Dec 07 13:47:25 smithi006 ceph-mon[107131]: mgrmap e12: smithi006.reppvj(active, since 2s)
2023-12-07T13:47:25.885 INFO:journalctl@ceph.mon.smithi006.smithi006.stdout:Dec 07 13:47:25 smithi006 ceph-mon[107131]: from='mgr.14160 172.21.15.6:0/2237405228' entity='mgr.smithi006.reppvj'
2023-12-07T13:47:26.030 INFO:teuthology.orchestra.run.smithi006.stdout:/usr/bin/ceph: stdout {"username": "admin", "password": "$2b$12$HmJbCW64GlH./M1aeIbAlOrqf1BUurnvEJz0Y0cCKVETW3/J/oTZK", "roles": ["administrator"], "name": null, "email": null, "lastUpdate": 1701956845, "enabled": true, "pwdExpirationDate": null, "pwdUpdateRequired": true}
2023-12-07T13:47:26.030 INFO:teuthology.orchestra.run.smithi006.stdout:/usr/bin/ceph: stderr
2023-12-07T13:47:25.092+0000 7f5770c71700 1 Processor -- start
2023-12-07T13:47:26.030 INFO:teuthology.orchestra.run.smithi006.stdout:/usr/bin/ceph: stderr
2023-12-07T13:47:25.092+0000 7f5770c71700 1 -- start start
2023-12-07T13:47:26.030 INFO:teuthology.orchestra.run.smithi006.stdout:/usr/bin/ceph: stderr
2023-12-07T13:47:25.092+0000 7f5770c71700 1 --2- >> [v2:172.21.15.6:3300/0,v1:172.21.15.6:6789/0] conn(0x7f576c077bb0 0x7f576c0760c0 unknown :-1 s=NONE pgs=0 cs=0 l=0 rev1=0 crypto rx=0 tx=0 comp rx=0 tx=0).connect
2023-12-07T13:47:26.030 INFO:teuthology.orchestra.run.smithi006.stdout:/usr/bin/ceph: stderr
2023-12-07T13:47:25.092+0000 7f5770c71700 1 -- --> [v2:172.21.15.6:3300/0,v1:172.21.15.6:6789/0] -- mon_getmap magic: 0 v1 -- 0x7f576c077fc0 con 0x7f576c077bb0
2023-12-07T13:47:26.030 INFO:teuthology.orchestra.run.smithi006.stdout:/usr/bin/ceph: stderr
2023-12-07T13:47:25.092+0000 7f576a59c700 1 --2- >> [v2:172.21.15.6:3300/0,v1:172.21.15.6:6789/0] conn(0x7f576c077bb0 0x7f576c0760c0 unknown :-1 s=BANNER_CONNECTING pgs=0 cs=0 l=0 rev1=0 crypto rx=0 tx=0 comp rx=0 tx=0)._handle_peer_banner_payload supported=3 required=0
2023-12-07T13:47:26.030 INFO:teuthology.orchestra.run.smithi006.stdout:/usr/bin/ceph: stderr
2023-12-07T13:47:25.092+0000 7f576a59c700 1 --2- >> [v2:172.21.15.6:3300/0,v1:172.21.15.6:6789/0] conn(0x7f576c077bb0 0x7f576c0760c0 unknown :-1 s=HELLO_CONNECTING pgs=0 cs=0 l=0 rev1=1 crypto rx=0 tx=0 comp rx=0 tx=0).handle_hello peer v2:172.21.15.6:3300/0 says I am v2:172.21.15.6:58210/0 (socket says 172.21.15.6:58210)
2023-12-07T13:47:26.030 INFO:teuthology.orchestra.run.smithi006.stdout:/usr/bin/ceph: stderr
2023-12-07T13:47:25.092+0000 7f576a59c700 1 -- 172.21.15.6:0/3921350197 learned_addr learned my addr 172.21.15.6:0/3921350197 (peer_addr_for_me v2:172.21.15.6:0/0)
2023-12-07T13:47:26.030 INFO:teuthology.orchestra.run.smithi006.stdout:/usr/bin/ceph: stderr
2023-12-07T13:47:25.093+0000 7f576a59c700 1 -- 172.21.15.6:0/3921350197 --> [v2:172.21.15.6:3300/0,v1:172.21.15.6:6789/0] -- mon_subscribe({config=0+,monmap=0+}) v3 -- 0x7f576c076600 con 0x7f576c077bb0
2023-12-07T13:47:26.030 INFO:teuthology.orchestra.run.smithi006.stdout:/usr/bin/ceph: stderr
2023-12-07T13:47:25.093+0000 7f576a59c700 1 --2- 172.21.15.6:0/3921350197 >> [v2:172.21.15.6:3300/0,v1:172.21.15.6:6789/0] conn(0x7f576c077bb0 0x7f576c0760c0 secure :-1 s=READY pgs=80 cs=0 l=1 rev1=1 crypto rx=0x7f575c0098e0 tx=0x7f575c009250 comp rx=0 tx=0).ready entity=mon.0 client_cookie=709cf726dfda2208 server_cookie=0 in_seq=0 out_seq=0
2023-12-07T13:47:26.030 INFO:teuthology.orchestra.run.smithi006.stdout:/usr/bin/ceph: stderr
2023-12-07T13:47:25.093+0000 7f576959a700 1 -- 172.21.15.6:0/3921350197 <== mon.0 v2:172.21.15.6:3300/0 1 ==== mon_map magic: 0 v1 ==== 229+0+0 (secure 0 0 0) 0x7f575c00b860 con 0x7f576c077bb0
2023-12-07T13:47:26.031 INFO:teuthology.orchestra.run.smithi006.stdout:/usr/bin/ceph: stderr
2023-12-07T13:47:25.093+0000 7f576959a700 1 -- 172.21.15.6:0/3921350197 <== mon.0 v2:172.21.15.6:3300/0 2 ==== config(26 keys) v1 ==== 1074+0+0 (secure 0 0 0) 0x7f575c00be70 con 0x7f576c077bb0
2023-12-07T13:47:26.031 INFO:teuthology.orchestra.run.smithi006.stdout:/usr/bin/ceph: stderr
2023-12-07T13:47:25.093+0000 7f576959a700 1 -- 172.21.15.6:0/3921350197 <== mon.0 v2:172.21.15.6:3300/0 3 ==== mon_map magic: 0 v1 ==== 229+0+0 (secure 0 0 0) 0x7f575c010380 con 0x7f576c077bb0
2023-12-07T13:47:26.031 INFO:teuthology.orchestra.run.smithi006.stdout:/usr/bin/ceph: stderr
2023-12-07T13:47:25.094+0000 7f5770c71700 1 -- 172.21.15.6:0/3921350197 >> [v2:172.21.15.6:3300/0,v1:172.21.15.6:6789/0] conn(0x7f576c077bb0 msgr2=0x7f576c0760c0 secure :-1 s=STATE_CONNECTION_ESTABLISHED l=1).mark_down
2023-12-07T13:47:26.031 INFO:teuthology.orchestra.run.smithi006.stdout:/usr/bin/ceph: stderr
2023-12-07T13:47:25.094+0000 7f5770c71700 1 --2- 172.21.15.6:0/3921350197 >> [v2:172.21.15.6:3300/0,v1:172.21.15.6:6789/0] conn(0x7f576c077bb0 0x7f576c0760c0 secure :-1 s=READY pgs=80 cs=0 l=1 rev1=1 crypto rx=0x7f575c0098e0 tx=0x7f575c009250 comp rx=0 tx=0).stop
2023-12-07T13:47:26.031 INFO:teuthology.orchestra.run.smithi006.stdout:/usr/bin/ceph: stderr
2023-12-07T13:47:25.094+0000 7f5770c71700 1 -- 172.21.15.6:0/3921350197 shutdown_connections
2023-12-07T13:47:26.031 INFO:teuthology.orchestra.run.smithi006.stdout:/usr/bin/ceph: stderr
2023-12-07T13:47:25.094+0000 7f5770c71700 1 --2- 172.21.15.6:0/3921350197 >> [v2:172.21.15.6:3300/0,v1:172.21.15.6:6789/0] conn(0x7f576c077bb0 0x7f576c0760c0 unknown :-1 s=CLOSED pgs=80 cs=0 l=1 rev1=1 crypto rx=0 tx=0 comp rx=0 tx=0).stop
2023-12-07T13:47:26.031 INFO:teuthology.orchestra.run.smithi006.stdout:/usr/bin/ceph: stderr
2023-12-07T13:47:25.094+0000 7f5770c71700 1 -- 172.21.15.6:0/3921350197 >> 172.21.15.6:0/3921350197 conn(0x7f576c0fda50 msgr2=0x7f576c0ffe60 unknown :-1 s=STATE_NONE l=0).mark_down
2023-12-07T13:47:26.031 INFO:teuthology.orchestra.run.smithi006.stdout:/usr/bin/ceph: stderr
2023-12-07T13:47:25.094+0000 7f5770c71700 1 -- 172.21.15.6:0/3921350197 shutdown_connections
2023-12-07T13:47:26.031 INFO:teuthology.orchestra.run.smithi006.stdout:/usr/bin/ceph: stderr
2023-12-07T13:47:25.094+0000 7f5770c71700 1 -- 172.21.15.6:0/3921350197 wait complete.
2023-12-07T13:47:26.031 INFO:teuthology.orchestra.run.smithi006.stdout:/usr/bin/ceph: stderr
2023-12-07T13:47:25.095+0000 7f5770c71700 1 Processor -- start
2023-12-07T13:47:26.031 INFO:teuthology.orchestra.run.smithi006.stdout:/usr/bin/ceph: stderr
2023-12-07T13:47:25.095+0000 7f5770c71700 1 -- start start
2023-12-07T13:47:26.031 INFO:teuthology.orchestra.run.smithi006.stdout:/usr/bin/ceph: stderr
2023-12-07T13:47:25.095+0000 7f5770c71700 1 --2- >> [v2:172.21.15.6:3300/0,v1:172.21.15.6:6789/0] conn(0x7f576c077bb0 0x7f576c1133d0 unknown :-1 s=NONE pgs=0 cs=0 l=1 rev1=0 crypto rx=0 tx=0 comp rx=0 tx=0).connect
2023-12-07T13:47:26.031 INFO:teuthology.orchestra.run.smithi006.stdout:/usr/bin/ceph: stderr
2023-12-07T13:47:25.095+0000 7f5770c71700 1 -- --> [v2:172.21.15.6:3300/0,v1:172.21.15.6:6789/0] -- mon_getmap magic: 0 v1 -- 0x7f576c113910 con 0x7f576c077bb0
2023-12-07T13:47:26.031 INFO:teuthology.orchestra.run.smithi006.stdout:/usr/bin/ceph: stderr
2023-12-07T13:47:25.096+0000 7f576a59c700 1 --2- >> [v2:172.21.15.6:3300/0,v1:172.21.15.6:6789/0] conn(0x7f576c077bb0 0x7f576c1133d0 unknown :-1 s=BANNER_CONNECTING pgs=0 cs=0 l=1 rev1=0 crypto rx=0 tx=0 comp rx=0 tx=0)._handle_peer_banner_payload supported=3 required=0
2023-12-07T13:47:26.031 INFO:teuthology.orchestra.run.smithi006.stdout:/usr/bin/ceph: stderr
2023-12-07T13:47:25.096+0000 7f576a59c700 1 --2- >> [v2:172.21.15.6:3300/0,v1:172.21.15.6:6789/0] conn(0x7f576c077bb0 0x7f576c1133d0 unknown :-1 s=HELLO_CONNECTING pgs=0 cs=0 l=1 rev1=1 crypto rx=0 tx=0 comp rx=0 tx=0).handle_hello peer v2:172.21.15.6:3300/0 says I am v2:172.21.15.6:58218/0 (socket says 172.21.15.6:58218)
2023-12-07T13:47:26.032 INFO:teuthology.orchestra.run.smithi006.stdout:/usr/bin/ceph: stderr
2023-12-07T13:47:25.096+0000 7f576a59c700 1 -- 172.21.15.6:0/4292603876 learned_addr learned my addr 172.21.15.6:0/4292603876 (peer_addr_for_me v2:172.21.15.6:0/0)
2023-12-07T13:47:26.032 INFO:teuthology.orchestra.run.smithi006.stdout:/usr/bin/ceph: stderr
2023-12-07T13:47:25.096+0000 7f576a59c700 1 -- 172.21.15.6:0/4292603876 --> [v2:172.21.15.6:3300/0,v1:172.21.15.6:6789/0] -- mon_subscribe({config=0+,monmap=0+}) v3 -- 0x7f575c0094f0 con 0x7f576c077bb0
2023-12-07T13:47:26.032 INFO:teuthology.orchestra.run.smithi006.stdout:/usr/bin/ceph: stderr
2023-12-07T13:47:25.096+0000 7f576a59c700 1 --2- 172.21.15.6:0/4292603876 >> [v2:172.21.15.6:3300/0,v1:172.21.15.6:6789/0] conn(0x7f576c077bb0 0x7f576c1133d0 secure :-1 s=READY pgs=81 cs=0 l=1 rev1=1 crypto rx=0x7f575c0094c0 tx=0x7f575c009250 comp rx=0 tx=0).ready entity=mon.0 client_cookie=0 server_cookie=0 in_seq=0 out_seq=0
2023-12-07T13:47:26.032 INFO:teuthology.orchestra.run.smithi006.stdout:/usr/bin/ceph: stderr
2023-12-07T13:47:25.097+0000 7f575affd700 1 -- 172.21.15.6:0/4292603876 <== mon.0 v2:172.21.15.6:3300/0 1 ==== mon_map magic: 0 v1 ==== 229+0+0 (secure 0 0 0) 0x7f575c010850 con 0x7f576c077bb0
2023-12-07T13:47:26.032 INFO:teuthology.orchestra.run.smithi006.stdout:/usr/bin/ceph: stderr
2023-12-07T13:47:25.097+0000 7f575affd700 1 -- 172.21.15.6:0/4292603876 <== mon.0 v2:172.21.15.6:3300/0 2 ==== config(26 keys) v1 ==== 1074+0+0 (secure 0 0 0) 0x7f575c010e60 con 0x7f576c077bb0
2023-12-07T13:47:26.032 INFO:teuthology.orchestra.run.smithi006.stdout:/usr/bin/ceph: stderr
2023-12-07T13:47:25.097+0000 7f5770c71700 1 -- 172.21.15.6:0/4292603876 --> [v2:172.21.15.6:3300/0,v1:172.21.15.6:6789/0] -- mon_subscribe({mgrmap=0+}) v3 -- 0x7f576c113b10 con 0x7f576c077bb0
2023-12-07T13:47:26.032 INFO:teuthology.orchestra.run.smithi006.stdout:/usr/bin/ceph: stderr
2023-12-07T13:47:25.097+0000 7f575affd700 1 -- 172.21.15.6:0/4292603876 <== mon.0 v2:172.21.15.6:3300/0 3 ==== mon_map magic: 0 v1 ==== 229+0+0 (secure 0 0 0) 0x7f575c01a430 con 0x7f576c077bb0
2023-12-07T13:47:26.032 INFO:teuthology.orchestra.run.smithi006.stdout:/usr/bin/ceph: stderr
2023-12-07T13:47:25.097+0000 7f5770c71700 1 -- 172.21.15.6:0/4292603876 --> [v2:172.21.15.6:3300/0,v1:172.21.15.6:6789/0] -- mon_subscribe({osdmap=0}) v3 -- 0x7f576c113f20 con 0x7f576c077bb0
2023-12-07T13:47:26.032 INFO:teuthology.orchestra.run.smithi006.stdout:/usr/bin/ceph: stderr
2023-12-07T13:47:25.098+0000 7f575affd700 1 -- 172.21.15.6:0/4292603876 <== mon.0 v2:172.21.15.6:3300/0 4 ==== mgrmap(e 12) v1 ==== 43294+0+0 (secure 0 0 0) 0x7f575c0247b0 con 0x7f576c077bb0
2023-12-07T13:47:26.032 INFO:teuthology.orchestra.run.smithi006.stdout:/usr/bin/ceph: stderr
2023-12-07T13:47:25.098+0000 7f5770c71700 1 -- 172.21.15.6:0/4292603876 --> [v2:172.21.15.6:3300/0,v1:172.21.15.6:6789/0] -- mon_command({"prefix": "get_command_descriptions"} v 0) v1 -- 0x7f576c04bb80 con 0x7f576c077bb0
2023-12-07T13:47:26.032 INFO:teuthology.orchestra.run.smithi006.stdout:/usr/bin/ceph: stderr
2023-12-07T13:47:25.099+0000 7f575affd700 1 --2- 172.21.15.6:0/4292603876 >> [v2:172.21.15.6:6800/1912995248,v1:172.21.15.6:6801/1912995248] conn(0x7f5754036640 0x7f5754038af0 unknown :-1 s=NONE pgs=0 cs=0 l=1 rev1=0 crypto rx=0 tx=0 comp rx=0 tx=0).connect
2023-12-07T13:47:26.032 INFO:teuthology.orchestra.run.smithi006.stdout:/usr/bin/ceph: stderr
2023-12-07T13:47:25.099+0000 7f575affd700 1 -- 172.21.15.6:0/4292603876 <== mon.0 v2:172.21.15.6:3300/0 5 ==== osd_map(3..3 src has 1..3) v4 ==== 1151+0+0 (secure 0 0 0) 0x7f575c04a600 con 0x7f576c077bb0
2023-12-07T13:47:26.032 INFO:teuthology.orchestra.run.smithi006.stdout:/usr/bin/ceph: stderr
2023-12-07T13:47:25.099+0000 7f5769d9b700 1 --2- 172.21.15.6:0/4292603876 >> [v2:172.21.15.6:6800/1912995248,v1:172.21.15.6:6801/1912995248] conn(0x7f5754036640 0x7f5754038af0 unknown :-1 s=BANNER_CONNECTING pgs=0 cs=0 l=1 rev1=0 crypto rx=0 tx=0 comp rx=0 tx=0)._handle_peer_banner_payload supported=3 required=0
2023-12-07T13:47:26.032 INFO:teuthology.orchestra.run.smithi006.stdout:/usr/bin/ceph: stderr
2023-12-07T13:47:25.100+0000 7f5769d9b700 1 --2- 172.21.15.6:0/4292603876 >> [v2:172.21.15.6:6800/1912995248,v1:172.21.15.6:6801/1912995248] conn(0x7f5754036640 0x7f5754038af0 secure :-1 s=READY pgs=8 cs=0 l=1 rev1=1 crypto rx=0x7f5760009990 tx=0x7f5760006e40 comp rx=0 tx=0).ready entity=mgr.14160 client_cookie=0 server_cookie=0 in_seq=0 out_seq=0
2023-12-07T13:47:26.033 INFO:teuthology.orchestra.run.smithi006.stdout:/usr/bin/ceph: stderr
2023-12-07T13:47:25.104+0000 7f575affd700 1 -- 172.21.15.6:0/4292603876 <== mon.0 v2:172.21.15.6:3300/0 6 ==== mon_command_ack([{"prefix": "get_command_descriptions"}]=0 v0) v1 ==== 72+0+174570 (secure 0 0 0) 0x7f575c022520 con 0x7f576c077bb0
2023-12-07T13:47:26.033 INFO:teuthology.orchestra.run.smithi006.stdout:/usr/bin/ceph: stderr
2023-12-07T13:47:25.330+0000 7f5770c71700 1 -- 172.21.15.6:0/4292603876 --> [v2:172.21.15.6:6800/1912995248,v1:172.21.15.6:6801/1912995248] -- mgr_command(tid 0: {"prefix": "dashboard ac-user-create", "username": "admin", "rolename": "administrator", "force_password": true, "pwd_update_required": true, "target": ["mon-mgr", ""]}) v1 -- 0x7f576c10cf70 con 0x7f5754036640
2023-12-07T13:47:26.033 INFO:teuthology.orchestra.run.smithi006.stdout:/usr/bin/ceph: stderr
2023-12-07T13:47:25.578+0000 7f575affd700 1 -- 172.21.15.6:0/4292603876 <== mgr.14160 v2:172.21.15.6:6800/1912995248 1 ==== mgr_command_reply(tid 0: 0 ) v1 ==== 8+0+252 (secure 0 0 0) 0x7f576c10cf70 con 0x7f5754036640
2023-12-07T13:47:26.033 INFO:teuthology.orchestra.run.smithi006.stdout:/usr/bin/ceph: stderr
2023-12-07T13:47:25.581+0000 7f5770c71700 1 -- 172.21.15.6:0/4292603876 >> [v2:172.21.15.6:6800/1912995248,v1:172.21.15.6:6801/1912995248] conn(0x7f5754036640 msgr2=0x7f5754038af0 secure :-1 s=STATE_CONNECTION_ESTABLISHED l=1).mark_down
2023-12-07T13:47:26.033 INFO:teuthology.orchestra.run.smithi006.stdout:/usr/bin/ceph: stderr
2023-12-07T13:47:25.581+0000 7f5770c71700 1 --2- 172.21.15.6:0/4292603876 >> [v2:172.21.15.6:6800/1912995248,v1:172.21.15.6:6801/1912995248] conn(0x7f5754036640 0x7f5754038af0 secure :-1 s=READY pgs=8 cs=0 l=1 rev1=1 crypto rx=0x7f5760009990 tx=0x7f5760006e40 comp rx=0 tx=0).stop
2023-12-07T13:47:26.033 INFO:teuthology.orchestra.run.smithi006.stdout:/usr/bin/ceph: stderr
2023-12-07T13:47:25.581+0000 7f5770c71700 1 -- 172.21.15.6:0/4292603876 >> [v2:172.21.15.6:3300/0,v1:172.21.15.6:6789/0] conn(0x7f576c077bb0 msgr2=0x7f576c1133d0 secure :-1 s=STATE_CONNECTION_ESTABLISHED l=1).mark_down
2023-12-07T13:47:26.033 INFO:teuthology.orchestra.run.smithi006.stdout:/usr/bin/ceph: stderr
2023-12-07T13:47:25.581+0000 7f5770c71700 1 --2- 172.21.15.6:0/4292603876 >> [v2:172.21.15.6:3300/0,v1:172.21.15.6:6789/0] conn(0x7f576c077bb0 0x7f576c1133d0 secure :-1 s=READY pgs=81 cs=0 l=1 rev1=1 crypto rx=0x7f575c0094c0 tx=0x7f575c009250 comp rx=0 tx=0).stop
2023-12-07T13:47:26.033 INFO:teuthology.orchestra.run.smithi006.stdout:/usr/bin/ceph: stderr
2023-12-07T13:47:25.581+0000 7f5770c71700 1 -- 172.21.15.6:0/4292603876 shutdown_connections
2023-12-07T13:47:26.033 INFO:teuthology.orchestra.run.smithi006.stdout:/usr/bin/ceph: stderr
2023-12-07T13:47:25.581+0000 7f5770c71700 1 --2- 172.21.15.6:0/4292603876 >> [v2:172.21.15.6:6800/1912995248,v1:172.21.15.6:6801/1912995248] conn(0x7f5754036640 0x7f5754038af0 unknown :-1 s=CLOSED pgs=8 cs=0 l=1 rev1=1 crypto rx=0 tx=0 comp rx=0 tx=0).stop
2023-12-07T13:47:26.034 INFO:teuthology.orchestra.run.smithi006.stdout:/usr/bin/ceph: stderr
2023-12-07T13:47:25.581+0000 7f5770c71700 1 --2- 172.21.15.6:0/4292603876 >> [v2:172.21.15.6:3300/0,v1:172.21.15.6:6789/0] conn(0x7f576c077bb0 0x7f576c1133d0 unknown :-1 s=CLOSED pgs=81 cs=0 l=1 rev1=1 crypto rx=0 tx=0 comp rx=0 tx=0).stop
