2023-12-07T14:31:42.584+0000 7f94c2f28700 1 -- 172.21.15.131:0/3135170975 --> [v2:172.21.15.131:3300/0,v1:172.21.15.131:6789/0] -- mon_subscribe({mgrmap=0+}) v3 -- 0x7f94bc19db50 con 0x7f94bc105f10
2023-12-07T14:31:43.238 INFO:teuthology.orchestra.run.smithi131.stdout:/usr/bin/ceph: stderr
2023-12-07T14:31:42.584+0000 7f94b9ffb700 1 -- 172.21.15.131:0/3135170975 <== mon.0 v2:172.21.15.131:3300/0 3 ==== mon_map magic: 0 v1 ==== 205+0+0 (secure 0 0 0) 0x7f94b0024730 con 0x7f94bc105f10
2023-12-07T14:31:43.238 INFO:teuthology.orchestra.run.smithi131.stdout:/usr/bin/ceph: stderr
2023-12-07T14:31:42.584+0000 7f94c2f28700 1 -- 172.21.15.131:0/3135170975 --> [v2:172.21.15.131:3300/0,v1:172.21.15.131:6789/0] -- mon_subscribe({osdmap=0}) v3 -- 0x7f94bc19e050 con 0x7f94bc105f10
2023-12-07T14:31:43.238 INFO:teuthology.orchestra.run.smithi131.stdout:/usr/bin/ceph: stderr
2023-12-07T14:31:42.585+0000 7f94b9ffb700 1 -- 172.21.15.131:0/3135170975 <== mon.0 v2:172.21.15.131:3300/0 4 ==== mgrmap(e 7) v1 ==== 45474+0+0 (secure 0 0 0) 0x7f94b002d3f0 con 0x7f94bc105f10
2023-12-07T14:31:43.238 INFO:teuthology.orchestra.run.smithi131.stdout:/usr/bin/ceph: stderr
2023-12-07T14:31:42.585+0000 7f94b9ffb700 1 --2- 172.21.15.131:0/3135170975 >> [v2:172.21.15.131:6800/1469680763,v1:172.21.15.131:6801/1469680763] conn(0x7f94ac0386f0 0x7f94ac03abb0 unknown :-1 s=NONE pgs=0 cs=0 l=1 rev1=0 crypto rx=0 tx=0 comp rx=0 tx=0).connect
2023-12-07T14:31:43.238 INFO:teuthology.orchestra.run.smithi131.stdout:/usr/bin/ceph: stderr
2023-12-07T14:31:42.585+0000 7f94b9ffb700 1 -- 172.21.15.131:0/3135170975 <== mon.0 v2:172.21.15.131:3300/0 5 ==== osd_map(2..2 src has 1..2) v4 ==== 940+0+0 (secure 0 0 0) 0x7f94b004c550 con 0x7f94bc105f10
2023-12-07T14:31:43.238 INFO:teuthology.orchestra.run.smithi131.stdout:/usr/bin/ceph: stderr
2023-12-07T14:31:42.585+0000 7f94c2f28700 1 -- 172.21.15.131:0/3135170975 --> [v2:172.21.15.131:3300/0,v1:172.21.15.131:6789/0] -- mon_command({"prefix": "get_command_descriptions"} v 0) v1 -- 0x7f94bc107db0 con 0x7f94bc105f10
2023-12-07T14:31:43.238 INFO:teuthology.orchestra.run.smithi131.stdout:/usr/bin/ceph: stderr
2023-12-07T14:31:42.585+0000 7f94bbfff700 1 --2- 172.21.15.131:0/3135170975 >> [v2:172.21.15.131:6800/1469680763,v1:172.21.15.131:6801/1469680763] conn(0x7f94ac0386f0 0x7f94ac03abb0 unknown :-1 s=BANNER_CONNECTING pgs=0 cs=0 l=1 rev1=0 crypto rx=0 tx=0 comp rx=0 tx=0)._handle_peer_banner_payload supported=3 required=0
2023-12-07T14:31:43.238 INFO:teuthology.orchestra.run.smithi131.stdout:/usr/bin/ceph: stderr
2023-12-07T14:31:42.586+0000 7f94bbfff700 1 --2- 172.21.15.131:0/3135170975 >> [v2:172.21.15.131:6800/1469680763,v1:172.21.15.131:6801/1469680763] conn(0x7f94ac0386f0 0x7f94ac03abb0 secure :-1 s=READY pgs=7 cs=0 l=1 rev1=1 crypto rx=0x7f94a8006fd0 tx=0x7f94a8006e40 comp rx=0 tx=0).ready entity=mgr.14120 client_cookie=0 server_cookie=0 in_seq=0 out_seq=0
2023-12-07T14:31:43.238 INFO:teuthology.orchestra.run.smithi131.stdout:/usr/bin/ceph: stderr
2023-12-07T14:31:42.590+0000 7f94b9ffb700 1 -- 172.21.15.131:0/3135170975 <== mon.0 v2:172.21.15.131:3300/0 6 ==== mon_command_ack([{"prefix": "get_command_descriptions"}]=0 v0) v1 ==== 72+0+180949 (secure 0 0 0) 0x7f94b0010740 con 0x7f94bc105f10
2023-12-07T14:31:43.238 INFO:teuthology.orchestra.run.smithi131.stdout:/usr/bin/ceph: stderr
2023-12-07T14:31:42.657+0000 7f94b9ffb700 1 -- 172.21.15.131:0/3135170975 <== mon.0 v2:172.21.15.131:3300/0 7 ==== mgrmap(e 8) v1 ==== 45580+0+0 (secure 0 0 0) 0x7f94b0019410 con 0x7f94bc105f10
2023-12-07T14:31:43.238 INFO:teuthology.orchestra.run.smithi131.stdout:/usr/bin/ceph: stderr
2023-12-07T14:31:42.796+0000 7f94c2f28700 1 -- 172.21.15.131:0/3135170975 --> [v2:172.21.15.131:6800/1469680763,v1:172.21.15.131:6801/1469680763] -- mgr_command(tid 0: {"prefix": "orch set backend", "module_name": "cephadm", "target": ["mon-mgr", ""]}) v1 -- 0x7f94bc102830 con 0x7f94ac0386f0
2023-12-07T14:31:43.238 INFO:teuthology.orchestra.run.smithi131.stdout:/usr/bin/ceph: stderr
2023-12-07T14:31:42.801+0000 7f94b9ffb700 1 -- 172.21.15.131:0/3135170975 <== mgr.14120 v2:172.21.15.131:6800/1469680763 1 ==== mgr_command_reply(tid 0: 0 ) v1 ==== 8+0+0 (secure 0 0 0) 0x7f94bc102830 con 0x7f94ac0386f0
2023-12-07T14:31:43.239 INFO:teuthology.orchestra.run.smithi131.stdout:/usr/bin/ceph: stderr
2023-12-07T14:31:42.803+0000 7f94c2f28700 1 -- 172.21.15.131:0/3135170975 >> [v2:172.21.15.131:6800/1469680763,v1:172.21.15.131:6801/1469680763] conn(0x7f94ac0386f0 msgr2=0x7f94ac03abb0 secure :-1 s=STATE_CONNECTION_ESTABLISHED l=1).mark_down
2023-12-07T14:31:43.239 INFO:teuthology.orchestra.run.smithi131.stdout:/usr/bin/ceph: stderr
2023-12-07T14:31:42.804+0000 7f94c2f28700 1 --2- 172.21.15.131:0/3135170975 >> [v2:172.21.15.131:6800/1469680763,v1:172.21.15.131:6801/1469680763] conn(0x7f94ac0386f0 0x7f94ac03abb0 secure :-1 s=READY pgs=7 cs=0 l=1 rev1=1 crypto rx=0x7f94a8006fd0 tx=0x7f94a8006e40 comp rx=0 tx=0).stop
2023-12-07T14:31:43.239 INFO:teuthology.orchestra.run.smithi131.stdout:/usr/bin/ceph: stderr
2023-12-07T14:31:42.804+0000 7f94c2f28700 1 -- 172.21.15.131:0/3135170975 >> [v2:172.21.15.131:3300/0,v1:172.21.15.131:6789/0] conn(0x7f94bc105f10 msgr2=0x7f94bc074890 secure :-1 s=STATE_CONNECTION_ESTABLISHED l=1).mark_down
2023-12-07T14:31:43.239 INFO:teuthology.orchestra.run.smithi131.stdout:/usr/bin/ceph: stderr
2023-12-07T14:31:42.804+0000 7f94c2f28700 1 --2- 172.21.15.131:0/3135170975 >> [v2:172.21.15.131:3300/0,v1:172.21.15.131:6789/0] conn(0x7f94bc105f10 0x7f94bc074890 secure :-1 s=READY pgs=38 cs=0 l=1 rev1=1 crypto rx=0x7f94b0000c00 tx=0x7f94b0011b40 comp rx=0 tx=0).stop
2023-12-07T14:31:43.239 INFO:teuthology.orchestra.run.smithi131.stdout:/usr/bin/ceph: stderr
2023-12-07T14:31:42.804+0000 7f94c2f28700 1 -- 172.21.15.131:0/3135170975 shutdown_connections
2023-12-07T14:31:43.239 INFO:teuthology.orchestra.run.smithi131.stdout:/usr/bin/ceph: stderr
2023-12-07T14:31:42.804+0000 7f94c2f28700 1 --2- 172.21.15.131:0/3135170975 >> [v2:172.21.15.131:6800/1469680763,v1:172.21.15.131:6801/1469680763] conn(0x7f94ac0386f0 0x7f94ac03abb0 unknown :-1 s=CLOSED pgs=7 cs=0 l=1 rev1=1 crypto rx=0 tx=0 comp rx=0 tx=0).stop
2023-12-07T14:31:43.239 INFO:teuthology.orchestra.run.smithi131.stdout:/usr/bin/ceph: stderr
2023-12-07T14:31:42.804+0000 7f94c2f28700 1 --2- 172.21.15.131:0/3135170975 >> [v2:172.21.15.131:3300/0,v1:172.21.15.131:6789/0] conn(0x7f94bc105f10 0x7f94bc074890 unknown :-1 s=CLOSED pgs=38 cs=0 l=1 rev1=1 crypto rx=0 tx=0 comp rx=0 tx=0).stop
2023-12-07T14:31:43.239 INFO:teuthology.orchestra.run.smithi131.stdout:/usr/bin/ceph: stderr
2023-12-07T14:31:42.804+0000 7f94c2f28700 1 -- 172.21.15.131:0/3135170975 >> 172.21.15.131:0/3135170975 conn(0x7f94bc101540 msgr2=0x7f94bc102120 unknown :-1 s=STATE_NONE l=0).mark_down
2023-12-07T14:31:43.239 INFO:teuthology.orchestra.run.smithi131.stdout:/usr/bin/ceph: stderr
2023-12-07T14:31:42.804+0000 7f94c2f28700 1 -- 172.21.15.131:0/3135170975 shutdown_connections
2023-12-07T14:31:43.239 INFO:teuthology.orchestra.run.smithi131.stdout:/usr/bin/ceph: stderr
2023-12-07T14:31:42.804+0000 7f94c2f28700 1 -- 172.21.15.131:0/3135170975 wait complete.
2023-12-07T14:31:44.086 INFO:journalctl@ceph.mon.a.smithi131.stdout:Dec 07 14:31:43 smithi131 ceph-mon[98931]: [07/Dec/2023:14:31:42] ENGINE Bus STARTING
2023-12-07T14:31:44.086 INFO:journalctl@ceph.mon.a.smithi131.stdout:Dec 07 14:31:43 smithi131 ceph-mon[98931]: [07/Dec/2023:14:31:42] ENGINE Serving on http://172.21.15.131:8765
2023-12-07T14:31:44.086 INFO:journalctl@ceph.mon.a.smithi131.stdout:Dec 07 14:31:43 smithi131 ceph-mon[98931]: [07/Dec/2023:14:31:42] ENGINE Serving on https://172.21.15.131:7150
2023-12-07T14:31:44.087 INFO:journalctl@ceph.mon.a.smithi131.stdout:Dec 07 14:31:43 smithi131 ceph-mon[98931]: [07/Dec/2023:14:31:42] ENGINE Bus STARTED
2023-12-07T14:31:44.087 INFO:journalctl@ceph.mon.a.smithi131.stdout:Dec 07 14:31:43 smithi131 ceph-mon[98931]: mgrmap e8: x(active, since 2s)
2023-12-07T14:31:44.087 INFO:journalctl@ceph.mon.a.smithi131.stdout:Dec 07 14:31:43 smithi131 ceph-mon[98931]: from='client.14132 -' entity='client.admin' cmd=[{"prefix": "orch set backend", "module_name": "cephadm", "target": ["mon-mgr", ""]}]: dispatch
2023-12-07T14:31:44.087 INFO:journalctl@ceph.mon.a.smithi131.stdout:Dec 07 14:31:43 smithi131 ceph-mon[98931]: from='mgr.14120 172.21.15.131:0/149770810' entity='mgr.x'
2023-12-07T14:31:44.087 INFO:journalctl@ceph.mon.a.smithi131.stdout:Dec 07 14:31:43 smithi131 ceph-mon[98931]: from='mgr.14120 172.21.15.131:0/149770810' entity='mgr.x' cmd=[{"prefix": "config dump", "format": "json"}]: dispatch
2023-12-07T14:31:44.377 INFO:teuthology.orchestra.run.smithi131.stdout:/usr/bin/ceph: stdout value unchanged
2023-12-07T14:31:44.378 INFO:teuthology.orchestra.run.smithi131.stdout:/usr/bin/ceph: stderr
2023-12-07T14:31:43.668+0000 7fc2c0b6c700 1 Processor -- start
2023-12-07T14:31:44.378 INFO:teuthology.orchestra.run.smithi131.stdout:/usr/bin/ceph: stderr
2023-12-07T14:31:43.668+0000 7fc2c0b6c700 1 -- start start
2023-12-07T14:31:44.378 INFO:teuthology.orchestra.run.smithi131.stdout:/usr/bin/ceph: stderr
2023-12-07T14:31:43.668+0000 7fc2c0b6c700 1 --2- >> [v2:172.21.15.131:3300/0,v1:172.21.15.131:6789/0] conn(0x7fc2bc105fa0 0x7fc2bc1063c0 unknown :-1 s=NONE pgs=0 cs=0 l=0 rev1=0 crypto rx=0 tx=0 comp rx=0 tx=0).connect
2023-12-07T14:31:44.378 INFO:teuthology.orchestra.run.smithi131.stdout:/usr/bin/ceph: stderr
2023-12-07T14:31:43.668+0000 7fc2c0b6c700 1 -- --> [v2:172.21.15.131:3300/0,v1:172.21.15.131:6789/0] -- mon_getmap magic: 0 v1 -- 0x7fc2bc106990 con 0x7fc2bc105fa0
2023-12-07T14:31:44.378 INFO:teuthology.orchestra.run.smithi131.stdout:/usr/bin/ceph: stderr
2023-12-07T14:31:43.668+0000 7fc2ba59c700 1 --2- >> [v2:172.21.15.131:3300/0,v1:172.21.15.131:6789/0] conn(0x7fc2bc105fa0 0x7fc2bc1063c0 unknown :-1 s=BANNER_CONNECTING pgs=0 cs=0 l=0 rev1=0 crypto rx=0 tx=0 comp rx=0 tx=0)._handle_peer_banner_payload supported=3 required=0
2023-12-07T14:31:44.378 INFO:teuthology.orchestra.run.smithi131.stdout:/usr/bin/ceph: stderr
2023-12-07T14:31:43.668+0000 7fc2ba59c700 1 --2- >> [v2:172.21.15.131:3300/0,v1:172.21.15.131:6789/0] conn(0x7fc2bc105fa0 0x7fc2bc1063c0 unknown :-1 s=HELLO_CONNECTING pgs=0 cs=0 l=0 rev1=1 crypto rx=0 tx=0 comp rx=0 tx=0).handle_hello peer v2:172.21.15.131:3300/0 says I am v2:172.21.15.131:43978/0 (socket says 172.21.15.131:43978)
2023-12-07T14:31:44.378 INFO:teuthology.orchestra.run.smithi131.stdout:/usr/bin/ceph: stderr
2023-12-07T14:31:43.668+0000 7fc2ba59c700 1 -- 172.21.15.131:0/1664399245 learned_addr learned my addr 172.21.15.131:0/1664399245 (peer_addr_for_me v2:172.21.15.131:0/0)
2023-12-07T14:31:44.378 INFO:teuthology.orchestra.run.smithi131.stdout:/usr/bin/ceph: stderr
2023-12-07T14:31:43.669+0000 7fc2ba59c700 1 -- 172.21.15.131:0/1664399245 --> [v2:172.21.15.131:3300/0,v1:172.21.15.131:6789/0] -- mon_subscribe({config=0+,monmap=0+}) v3 -- 0x7fc2bc1071a0 con 0x7fc2bc105fa0
2023-12-07T14:31:44.378 INFO:teuthology.orchestra.run.smithi131.stdout:/usr/bin/ceph: stderr
2023-12-07T14:31:43.669+0000 7fc2ba59c700 1 --2- 172.21.15.131:0/1664399245 >> [v2:172.21.15.131:3300/0,v1:172.21.15.131:6789/0] conn(0x7fc2bc105fa0 0x7fc2bc1063c0 secure :-1 s=READY pgs=39 cs=0 l=1 rev1=1 crypto rx=0x7fc2ac0098a0 tx=0x7fc2ac009bb0 comp rx=0 tx=0).ready entity=mon.0 client_cookie=46df30953261995d server_cookie=0 in_seq=0 out_seq=0
2023-12-07T14:31:44.378 INFO:teuthology.orchestra.run.smithi131.stdout:/usr/bin/ceph: stderr
2023-12-07T14:31:43.669+0000 7fc2b959a700 1 -- 172.21.15.131:0/1664399245 <== mon.0 v2:172.21.15.131:3300/0 1 ==== mon_map magic: 0 v1 ==== 205+0+0 (secure 0 0 0) 0x7fc2ac004160 con 0x7fc2bc105fa0
2023-12-07T14:31:44.378 INFO:teuthology.orchestra.run.smithi131.stdout:/usr/bin/ceph: stderr
2023-12-07T14:31:43.669+0000 7fc2b959a700 1 -- 172.21.15.131:0/1664399245 <== mon.0 v2:172.21.15.131:3300/0 2 ==== config(27 keys) v1 ==== 1108+0+0 (secure 0 0 0) 0x7fc2ac0042c0 con 0x7fc2bc105fa0
2023-12-07T14:31:44.379 INFO:teuthology.orchestra.run.smithi131.stdout:/usr/bin/ceph: stderr
2023-12-07T14:31:43.669+0000 7fc2b959a700 1 -- 172.21.15.131:0/1664399245 <== mon.0 v2:172.21.15.131:3300/0 3 ==== mon_map magic: 0 v1 ==== 205+0+0 (secure 0 0 0) 0x7fc2ac011ac0 con 0x7fc2bc105fa0
2023-12-07T14:31:44.379 INFO:teuthology.orchestra.run.smithi131.stdout:/usr/bin/ceph: stderr
2023-12-07T14:31:43.669+0000 7fc2c0b6c700 1 -- 172.21.15.131:0/1664399245 >> [v2:172.21.15.131:3300/0,v1:172.21.15.131:6789/0] conn(0x7fc2bc105fa0 msgr2=0x7fc2bc1063c0 secure :-1 s=STATE_CONNECTION_ESTABLISHED l=1).mark_down
2023-12-07T14:31:44.379 INFO:teuthology.orchestra.run.smithi131.stdout:/usr/bin/ceph: stderr
2023-12-07T14:31:43.669+0000 7fc2c0b6c700 1 --2- 172.21.15.131:0/1664399245 >> [v2:172.21.15.131:3300/0,v1:172.21.15.131:6789/0] conn(0x7fc2bc105fa0 0x7fc2bc1063c0 secure :-1 s=READY pgs=39 cs=0 l=1 rev1=1 crypto rx=0x7fc2ac0098a0 tx=0x7fc2ac009bb0 comp rx=0 tx=0).stop
2023-12-07T14:31:44.379 INFO:teuthology.orchestra.run.smithi131.stdout:/usr/bin/ceph: stderr
2023-12-07T14:31:43.670+0000 7fc2c0b6c700 1 -- 172.21.15.131:0/1664399245 shutdown_connections
2023-12-07T14:31:44.379 INFO:teuthology.orchestra.run.smithi131.stdout:/usr/bin/ceph: stderr
2023-12-07T14:31:43.670+0000 7fc2c0b6c700 1 --2- 172.21.15.131:0/1664399245 >> [v2:172.21.15.131:3300/0,v1:172.21.15.131:6789/0] conn(0x7fc2bc105fa0 0x7fc2bc1063c0 unknown :-1 s=CLOSED pgs=39 cs=0 l=1 rev1=1 crypto rx=0 tx=0 comp rx=0 tx=0).stop
2023-12-07T14:31:44.379 INFO:teuthology.orchestra.run.smithi131.stdout:/usr/bin/ceph: stderr
2023-12-07T14:31:43.670+0000 7fc2c0b6c700 1 -- 172.21.15.131:0/1664399245 >> 172.21.15.131:0/1664399245 conn(0x7fc2bc101560 msgr2=0x7fc2bc103980 unknown :-1 s=STATE_NONE l=0).mark_down
2023-12-07T14:31:44.379 INFO:teuthology.orchestra.run.smithi131.stdout:/usr/bin/ceph: stderr
2023-12-07T14:31:43.670+0000 7fc2c0b6c700 1 -- 172.21.15.131:0/1664399245 shutdown_connections
2023-12-07T14:31:44.379 INFO:teuthology.orchestra.run.smithi131.stdout:/usr/bin/ceph: stderr
2023-12-07T14:31:43.670+0000 7fc2c0b6c700 1 -- 172.21.15.131:0/1664399245 wait complete.
2023-12-07T14:31:44.379 INFO:teuthology.orchestra.run.smithi131.stdout:/usr/bin/ceph: stderr
2023-12-07T14:31:43.670+0000 7fc2c0b6c700 1 Processor -- start
2023-12-07T14:31:44.379 INFO:teuthology.orchestra.run.smithi131.stdout:/usr/bin/ceph: stderr
2023-12-07T14:31:43.670+0000 7fc2c0b6c700 1 -- start start
2023-12-07T14:31:44.379 INFO:teuthology.orchestra.run.smithi131.stdout:/usr/bin/ceph: stderr
2023-12-07T14:31:43.671+0000 7fc2c0b6c700 1 --2- >> [v2:172.21.15.131:3300/0,v1:172.21.15.131:6789/0] conn(0x7fc2bc105fa0 0x7fc2bc07aa30 unknown :-1 s=NONE pgs=0 cs=0 l=1 rev1=0 crypto rx=0 tx=0 comp rx=0 tx=0).connect
2023-12-07T14:31:44.379 INFO:teuthology.orchestra.run.smithi131.stdout:/usr/bin/ceph: stderr
2023-12-07T14:31:43.671+0000 7fc2c0b6c700 1 -- --> [v2:172.21.15.131:3300/0,v1:172.21.15.131:6789/0] -- mon_getmap magic: 0 v1 -- 0x7fc2bc07af70 con 0x7fc2bc105fa0
2023-12-07T14:31:44.379 INFO:teuthology.orchestra.run.smithi131.stdout:/usr/bin/ceph: stderr
2023-12-07T14:31:43.671+0000 7fc2ba59c700 1 --2- >> [v2:172.21.15.131:3300/0,v1:172.21.15.131:6789/0] conn(0x7fc2bc105fa0 0x7fc2bc07aa30 unknown :-1 s=BANNER_CONNECTING pgs=0 cs=0 l=1 rev1=0 crypto rx=0 tx=0 comp rx=0 tx=0)._handle_peer_banner_payload supported=3 required=0
2023-12-07T14:31:44.379 INFO:teuthology.orchestra.run.smithi131.stdout:/usr/bin/ceph: stderr
2023-12-07T14:31:43.671+0000 7fc2ba59c700 1 --2- >> [v2:172.21.15.131:3300/0,v1:172.21.15.131:6789/0] conn(0x7fc2bc105fa0 0x7fc2bc07aa30 unknown :-1 s=HELLO_CONNECTING pgs=0 cs=0 l=1 rev1=1 crypto rx=0 tx=0 comp rx=0 tx=0).handle_hello peer v2:172.21.15.131:3300/0 says I am v2:172.21.15.131:43980/0 (socket says 172.21.15.131:43980)
2023-12-07T14:31:44.379 INFO:teuthology.orchestra.run.smithi131.stdout:/usr/bin/ceph: stderr
2023-12-07T14:31:43.671+0000 7fc2ba59c700 1 -- 172.21.15.131:0/2627106576 learned_addr learned my addr 172.21.15.131:0/2627106576 (peer_addr_for_me v2:172.21.15.131:0/0)
2023-12-07T14:31:44.380 INFO:teuthology.orchestra.run.smithi131.stdout:/usr/bin/ceph: stderr
2023-12-07T14:31:43.671+0000 7fc2ba59c700 1 -- 172.21.15.131:0/2627106576 --> [v2:172.21.15.131:3300/0,v1:172.21.15.131:6789/0] -- mon_subscribe({config=0+,monmap=0+}) v3 -- 0x7fc2ac009550 con 0x7fc2bc105fa0
2023-12-07T14:31:44.381 INFO:teuthology.orchestra.run.smithi131.stdout:/usr/bin/ceph: stderr
2023-12-07T14:31:43.671+0000 7fc2ba59c700 1 --2- 172.21.15.131:0/2627106576 >> [v2:172.21.15.131:3300/0,v1:172.21.15.131:6789/0] conn(0x7fc2bc105fa0 0x7fc2bc07aa30 secure :-1 s=READY pgs=40 cs=0 l=1 rev1=1 crypto rx=0x7fc2ac009fb0 tx=0x7fc2ac011b20 comp rx=0 tx=0).ready entity=mon.0 client_cookie=0 server_cookie=0 in_seq=0 out_seq=0
2023-12-07T14:31:44.381 INFO:teuthology.orchestra.run.smithi131.stdout:/usr/bin/ceph: stderr
2023-12-07T14:31:43.671+0000 7fc2ab7fe700 1 -- 172.21.15.131:0/2627106576 <== mon.0 v2:172.21.15.131:3300/0 1 ==== mon_map magic: 0 v1 ==== 205+0+0 (secure 0 0 0) 0x7fc2ac0038b0 con 0x7fc2bc105fa0
2023-12-07T14:31:44.381 INFO:teuthology.orchestra.run.smithi131.stdout:/usr/bin/ceph: stderr
2023-12-07T14:31:43.671+0000 7fc2c0b6c700 1 -- 172.21.15.131:0/2627106576 --> [v2:172.21.15.131:3300/0,v1:172.21.15.131:6789/0] -- mon_subscribe({mgrmap=0+}) v3 -- 0x7fc2bc19dc30 con 0x7fc2bc105fa0
2023-12-07T14:31:44.381 INFO:teuthology.orchestra.run.smithi131.stdout:/usr/bin/ceph: stderr
2023-12-07T14:31:43.671+0000 7fc2ab7fe700 1 -- 172.21.15.131:0/2627106576 <== mon.0 v2:172.21.15.131:3300/0 2 ==== config(27 keys) v1 ==== 1108+0+0 (secure 0 0 0) 0x7fc2ac003a10 con 0x7fc2bc105fa0
2023-12-07T14:31:44.381 INFO:teuthology.orchestra.run.smithi131.stdout:/usr/bin/ceph: stderr
2023-12-07T14:31:43.671+0000 7fc2ab7fe700 1 -- 172.21.15.131:0/2627106576 <== mon.0 v2:172.21.15.131:3300/0 3 ==== mon_map magic: 0 v1 ==== 205+0+0 (secure 0 0 0) 0x7fc2ac0195e0 con 0x7fc2bc105fa0
2023-12-07T14:31:44.381 INFO:teuthology.orchestra.run.smithi131.stdout:/usr/bin/ceph: stderr
2023-12-07T14:31:43.671+0000 7fc2c0b6c700 1 -- 172.21.15.131:0/2627106576 --> [v2:172.21.15.131:3300/0,v1:172.21.15.131:6789/0] -- mon_subscribe({osdmap=0}) v3 -- 0x7fc2bc19e0d0 con 0x7fc2bc105fa0
2023-12-07T14:31:44.381 INFO:teuthology.orchestra.run.smithi131.stdout:/usr/bin/ceph: stderr
2023-12-07T14:31:43.672+0000 7fc2ab7fe700 1 -- 172.21.15.131:0/2627106576 <== mon.0 v2:172.21.15.131:3300/0 4 ==== mgrmap(e 8) v1 ==== 45580+0+0 (secure 0 0 0) 0x7fc2ac0198a0 con 0x7fc2bc105fa0
2023-12-07T14:31:44.381 INFO:teuthology.orchestra.run.smithi131.stdout:/usr/bin/ceph: stderr
2023-12-07T14:31:43.672+0000 7fc2ab7fe700 1 --2- 172.21.15.131:0/2627106576 >> [v2:172.21.15.131:6800/1469680763,v1:172.21.15.131:6801/1469680763] conn(0x7fc2a40387d0 0x7fc2a403ac90 unknown :-1 s=NONE pgs=0 cs=0 l=1 rev1=0 crypto rx=0 tx=0 comp rx=0 tx=0).connect
2023-12-07T14:31:44.381 INFO:teuthology.orchestra.run.smithi131.stdout:/usr/bin/ceph: stderr
2023-12-07T14:31:43.672+0000 7fc2ab7fe700 1 -- 172.21.15.131:0/2627106576 <== mon.0 v2:172.21.15.131:3300/0 5 ==== osd_map(2..2 src has 1..2) v4 ==== 940+0+0 (secure 0 0 0) 0x7fc2ac04ca50 con 0x7fc2bc105fa0
2023-12-07T14:31:44.382 INFO:teuthology.orchestra.run.smithi131.stdout:/usr/bin/ceph: stderr
2023-12-07T14:31:43.672+0000 7fc2c0b6c700 1 -- 172.21.15.131:0/2627106576 --> [v2:172.21.15.131:3300/0,v1:172.21.15.131:6789/0] -- mon_command({"prefix": "get_command_descriptions"} v 0) v1 -- 0x7fc2bc10a3d0 con 0x7fc2bc105fa0
2023-12-07T14:31:44.382 INFO:teuthology.orchestra.run.smithi131.stdout:/usr/bin/ceph: stderr
2023-12-07T14:31:43.672+0000 7fc2b9d9b700 1 --2- 172.21.15.131:0/2627106576 >> [v2:172.21.15.131:6800/1469680763,v1:172.21.15.131:6801/1469680763] conn(0x7fc2a40387d0 0x7fc2a403ac90 unknown :-1 s=BANNER_CONNECTING pgs=0 cs=0 l=1 rev1=0 crypto rx=0 tx=0 comp rx=0 tx=0)._handle_peer_banner_payload supported=3 required=0
2023-12-07T14:31:44.382 INFO:teuthology.orchestra.run.smithi131.stdout:/usr/bin/ceph: stderr
2023-12-07T14:31:43.673+0000 7fc2b9d9b700 1 --2- 172.21.15.131:0/2627106576 >> [v2:172.21.15.131:6800/1469680763,v1:172.21.15.131:6801/1469680763] conn(0x7fc2a40387d0 0x7fc2a403ac90 secure :-1 s=READY pgs=8 cs=0 l=1 rev1=1 crypto rx=0x7fc2b0006fd0 tx=0x7fc2b0006e40 comp rx=0 tx=0).ready entity=mgr.14120 client_cookie=0 server_cookie=0 in_seq=0 out_seq=0
2023-12-07T14:31:44.382 INFO:teuthology.orchestra.run.smithi131.stdout:/usr/bin/ceph: stderr
2023-12-07T14:31:43.677+0000 7fc2ab7fe700 1 -- 172.21.15.131:0/2627106576 <== mon.0 v2:172.21.15.131:3300/0 6 ==== mon_command_ack([{"prefix": "get_command_descriptions"}]=0 v0) v1 ==== 72+0+180949 (secure 0 0 0) 0x7fc2ac019ba0 con 0x7fc2bc105fa0
2023-12-07T14:31:44.382 INFO:teuthology.orchestra.run.smithi131.stdout:/usr/bin/ceph: stderr
2023-12-07T14:31:43.866+0000 7fc2c0b6c700 1 -- 172.21.15.131:0/2627106576 --> [v2:172.21.15.131:6800/1469680763,v1:172.21.15.131:6801/1469680763] -- mgr_command(tid 0: {"prefix": "cephadm set-user", "user": "root", "target": ["mon-mgr", ""]}) v1 -- 0x7fc2bc1027f0 con 0x7fc2a40387d0
2023-12-07T14:31:44.382 INFO:teuthology.orchestra.run.smithi131.stdout:/usr/bin/ceph: stderr
2023-12-07T14:31:43.867+0000 7fc2ab7fe700 1 -- 172.21.15.131:0/2627106576 <== mgr.14120 v2:172.21.15.131:6800/1469680763 1 ==== mgr_command_reply(tid 0: 0 ) v1 ==== 8+0+16 (secure 0 0 0) 0x7fc2bc1027f0 con 0x7fc2a40387d0
2023-12-07T14:31:44.382 INFO:teuthology.orchestra.run.smithi131.stdout:/usr/bin/ceph: stderr
2023-12-07T14:31:43.869+0000 7fc2c0b6c700 1 -- 172.21.15.131:0/2627106576 >> [v2:172.21.15.131:6800/1469680763,v1:172.21.15.131:6801/1469680763] conn(0x7fc2a40387d0 msgr2=0x7fc2a403ac90 secure :-1 s=STATE_CONNECTION_ESTABLISHED l=1).mark_down
2023-12-07T14:31:44.382 INFO:teuthology.orchestra.run.smithi131.stdout:/usr/bin/ceph: stderr
2023-12-07T14:31:43.869+0000 7fc2c0b6c700 1 --2- 172.21.15.131:0/2627106576 >> [v2:172.21.15.131:6800/1469680763,v1:172.21.15.131:6801/1469680763] conn(0x7fc2a40387d0 0x7fc2a403ac90 secure :-1 s=READY pgs=8 cs=0 l=1 rev1=1 crypto rx=0x7fc2b0006fd0 tx=0x7fc2b0006e40 comp rx=0 tx=0).stop
2023-12-07T14:31:44.383 INFO:teuthology.orchestra.run.smithi131.stdout:/usr/bin/ceph: stderr
2023-12-07T14:31:43.869+0000 7fc2c0b6c700 1 -- 172.21.15.131:0/2627106576 >> [v2:172.21.15.131:3300/0,v1:172.21.15.131:6789/0] conn(0x7fc2bc105fa0 msgr2=0x7fc2bc07aa30 secure :-1 s=STATE_CONNECTION_ESTABLISHED l=1).mark_down
2023-12-07T14:31:44.383 INFO:teuthology.orchestra.run.smithi131.stdout:/usr/bin/ceph: stderr
2023-12-07T14:31:43.869+0000 7fc2c0b6c700 1 --2- 172.21.15.131:0/2627106576 >> [v2:172.21.15.131:3300/0,v1:172.21.15.131:6789/0] conn(0x7fc2bc105fa0 0x7fc2bc07aa30 secure :-1 s=READY pgs=40 cs=0 l=1 rev1=1 crypto rx=0x7fc2ac009fb0 tx=0x7fc2ac011b20 comp rx=0 tx=0).stop
2023-12-07T14:31:44.383 INFO:teuthology.orchestra.run.smithi131.stdout:/usr/bin/ceph: stderr
2023-12-07T14:31:43.869+0000 7fc2c0b6c700 1 -- 172.21.15.131:0/2627106576 shutdown_connections
2023-12-07T14:31:44.383 INFO:teuthology.orchestra.run.smithi131.stdout:/usr/bin/ceph: stderr
2023-12-07T14:31:43.869+0000 7fc2c0b6c700 1 --2- 172.21.15.131:0/2627106576 >> [v2:172.21.15.131:6800/1469680763,v1:172.21.15.131:6801/1469680763] conn(0x7fc2a40387d0 0x7fc2a403ac90 unknown :-1 s=CLOSED pgs=8 cs=0 l=1 rev1=1 crypto rx=0 tx=0 comp rx=0 tx=0).stop
2023-12-07T14:31:44.383 INFO:teuthology.orchestra.run.smithi131.stdout:/usr/bin/ceph: stderr
2023-12-07T14:31:43.869+0000 7fc2c0b6c700 1 --2- 172.21.15.131:0/2627106576 >> [v2:172.21.15.131:3300/0,v1:172.21.15.131:6789/0] conn(0x7fc2bc105fa0 0x7fc2bc07aa30 unknown :-1 s=CLOSED pgs=40 cs=0 l=1 rev1=1 crypto rx=0 tx=0 comp rx=0 tx=0).stop
2023-12-07T14:31:44.383 INFO:teuthology.orchestra.run.smithi131.stdout:/usr/bin/ceph: stderr
2023-12-07T14:31:43.869+0000 7fc2c0b6c700 1 -- 172.21.15.131:0/2627106576 >> 172.21.15.131:0/2627106576 conn(0x7fc2bc101560 msgr2=0x7fc2bc1020e0 unknown :-1 s=STATE_NONE l=0).mark_down
2023-12-07T14:31:44.383 INFO:teuthology.orchestra.run.smithi131.stdout:/usr/bin/ceph: stderr
2023-12-07T14:31:43.869+0000 7fc2c0b6c700 1 -- 172.21.15.131:0/2627106576 shutdown_connections
2023-12-07T14:31:44.383 INFO:teuthology.orchestra.run.smithi131.stdout:/usr/bin/ceph: stderr
2023-12-07T14:31:43.869+0000 7fc2c0b6c700 1 -- 172.21.15.131:0/2627106576 wait complete.
2023-12-07T14:31:44.383 INFO:teuthology.orchestra.run.smithi131.stdout:Generating ssh key...
2023-12-07T14:31:44.854 INFO:journalctl@ceph.mon.a.smithi131.stdout:Dec 07 14:31:44 smithi131 ceph-mon[98931]: from='client.14134 -' entity='client.admin' cmd=[{"prefix": "cephadm set-user", "user": "root", "target": ["mon-mgr", ""]}]: dispatch
2023-12-07T14:31:45.606 INFO:journalctl@ceph.mgr.x.smithi131.stdout:Dec 07 14:31:45 smithi131 ceph-220d4562-950d-11ee-95a2-87774f69a715-mgr-x[99176]: Generating public/private rsa key pair.
2023-12-07T14:31:45.606 INFO:journalctl@ceph.mgr.x.smithi131.stdout:Dec 07 14:31:45 smithi131 ceph-220d4562-950d-11ee-95a2-87774f69a715-mgr-x[99176]: Your identification has been saved in /tmp/tmpdk8cyn3w/key.
2023-12-07T14:31:45.606 INFO:journalctl@ceph.mgr.x.smithi131.stdout:Dec 07 14:31:45 smithi131 ceph-220d4562-950d-11ee-95a2-87774f69a715-mgr-x[99176]: Your public key has been saved in /tmp/tmpdk8cyn3w/key.pub.
2023-12-07T14:31:45.606 INFO:journalctl@ceph.mgr.x.smithi131.stdout:Dec 07 14:31:45 smithi131 ceph-220d4562-950d-11ee-95a2-87774f69a715-mgr-x[99176]: The key fingerprint is:
2023-12-07T14:31:45.606 INFO:journalctl@ceph.mgr.x.smithi131.stdout:Dec 07 14:31:45 smithi131 ceph-220d4562-950d-11ee-95a2-87774f69a715-mgr-x[99176]: SHA256:gAk1zGyKy10i5sH9sEyrrOhIGNW/pwrrEMjWSAzKjiY ceph-220d4562-950d-11ee-95a2-87774f69a715
2023-12-07T14:31:45.606 INFO:journalctl@ceph.mgr.x.smithi131.stdout:Dec 07 14:31:45 smithi131 ceph-220d4562-950d-11ee-95a2-87774f69a715-mgr-x[99176]: The key's randomart image is:
2023-12-07T14:31:45.606 INFO:journalctl@ceph.mgr.x.smithi131.stdout:Dec 07 14:31:45 smithi131 ceph-220d4562-950d-11ee-95a2-87774f69a715-mgr-x[99176]: +---[RSA 3072]----+
2023-12-07T14:31:45.606 INFO:journalctl@ceph.mgr.x.smithi131.stdout:Dec 07 14:31:45 smithi131 ceph-220d4562-950d-11ee-95a2-87774f69a715-mgr-x[99176]: |. .=o |
2023-12-07T14:31:45.606 INFO:journalctl@ceph.mgr.x.smithi131.stdout:Dec 07 14:31:45 smithi131 ceph-220d4562-950d-11ee-95a2-87774f69a715-mgr-x[99176]: |= o=+ |
2023-12-07T14:31:45.606 INFO:journalctl@ceph.mgr.x.smithi131.stdout:Dec 07 14:31:45 smithi131 ceph-220d4562-950d-11ee-95a2-87774f69a715-mgr-x[99176]: |o=oo+ . |
2023-12-07T14:31:45.607 INFO:journalctl@ceph.mgr.x.smithi131.stdout:Dec 07 14:31:45 smithi131 ceph-220d4562-950d-11ee-95a2-87774f69a715-mgr-x[99176]: |B*+= o . |
2023-12-07T14:31:45.607 INFO:journalctl@ceph.mgr.x.smithi131.stdout:Dec 07 14:31:45 smithi131 ceph-220d4562-950d-11ee-95a2-87774f69a715-mgr-x[99176]: |EB*.B . S |
2023-12-07T14:31:45.607 INFO:journalctl@ceph.mgr.x.smithi131.stdout:Dec 07 14:31:45 smithi131 ceph-220d4562-950d-11ee-95a2-87774f69a715-mgr-x[99176]: |*= = . . |
2023-12-07T14:31:45.607 INFO:journalctl@ceph.mgr.x.smithi131.stdout:Dec 07 14:31:45 smithi131 ceph-220d4562-950d-11ee-95a2-87774f69a715-mgr-x[99176]: |+.o . . |
2023-12-07T14:31:45.607 INFO:journalctl@ceph.mgr.x.smithi131.stdout:Dec 07 14:31:45 smithi131 ceph-220d4562-950d-11ee-95a2-87774f69a715-mgr-x[99176]: |++ o o |
2023-12-07T14:31:45.607 INFO:journalctl@ceph.mgr.x.smithi131.stdout:Dec 07 14:31:45 smithi131 ceph-220d4562-950d-11ee-95a2-87774f69a715-mgr-x[99176]: |*oo ... |
2023-12-07T14:31:45.607 INFO:journalctl@ceph.mgr.x.smithi131.stdout:Dec 07 14:31:45 smithi131 ceph-220d4562-950d-11ee-95a2-87774f69a715-mgr-x[99176]: +----[SHA256]-----+
2023-12-07T14:31:45.725 INFO:teuthology.orchestra.run.smithi131.stdout:/usr/bin/ceph: stderr
2023-12-07T14:31:44.891+0000 7fdb3abb2700 1 Processor -- start
2023-12-07T14:31:45.725 INFO:teuthology.orchestra.run.smithi131.stdout:/usr/bin/ceph: stderr
2023-12-07T14:31:44.891+0000 7fdb3abb2700 1 -- start start
2023-12-07T14:31:45.726 INFO:teuthology.orchestra.run.smithi131.stdout:/usr/bin/ceph: stderr
2023-12-07T14:31:44.891+0000 7fdb3abb2700 1 --2- >> [v2:172.21.15.131:3300/0,v1:172.21.15.131:6789/0] conn(0x7fdb34105f10 0x7fdb34106350 unknown :-1 s=NONE pgs=0 cs=0 l=0 rev1=0 crypto rx=0 tx=0 comp rx=0 tx=0).connect
2023-12-07T14:31:45.726 INFO:teuthology.orchestra.run.smithi131.stdout:/usr/bin/ceph: stderr
2023-12-07T14:31:44.891+0000 7fdb3abb2700 1 -- --> [v2:172.21.15.131:3300/0,v1:172.21.15.131:6789/0] -- mon_getmap magic: 0 v1 -- 0x7fdb34106890 con 0x7fdb34105f10
2023-12-07T14:31:45.726 INFO:teuthology.orchestra.run.smithi131.stdout:/usr/bin/ceph: stderr
2023-12-07T14:31:44.892+0000 7fdb3894e700 1 --2- >> [v2:172.21.15.131:3300/0,v1:172.21.15.131:6789/0] conn(0x7fdb34105f10 0x7fdb34106350 unknown :-1 s=BANNER_CONNECTING pgs=0 cs=0 l=0 rev1=0 crypto rx=0 tx=0 comp rx=0 tx=0)._handle_peer_banner_payload supported=3 required=0
2023-12-07T14:31:45.726 INFO:teuthology.orchestra.run.smithi131.stdout:/usr/bin/ceph: stderr
2023-12-07T14:31:44.892+0000 7fdb3894e700 1 --2- >> [v2:172.21.15.131:3300/0,v1:172.21.15.131:6789/0] conn(0x7fdb34105f10 0x7fdb34106350 unknown :-1 s=HELLO_CONNECTING pgs=0 cs=0 l=0 rev1=1 crypto rx=0 tx=0 comp rx=0 tx=0).handle_hello peer v2:172.21.15.131:3300/0 says I am v2:172.21.15.131:43984/0 (socket says 172.21.15.131:43984)
2023-12-07T14:31:45.726 INFO:teuthology.orchestra.run.smithi131.stdout:/usr/bin/ceph: stderr
2023-12-07T14:31:44.892+0000 7fdb3894e700 1 -- 172.21.15.131:0/3538381472 learned_addr learned my addr 172.21.15.131:0/3538381472 (peer_addr_for_me v2:172.21.15.131:0/0)
2023-12-07T14:31:45.726 INFO:teuthology.orchestra.run.smithi131.stdout:/usr/bin/ceph: stderr
2023-12-07T14:31:44.892+0000 7fdb3894e700 1 -- 172.21.15.131:0/3538381472 --> [v2:172.21.15.131:3300/0,v1:172.21.15.131:6789/0] -- mon_subscribe({config=0+,monmap=0+}) v3 -- 0x7fdb341069d0 con 0x7fdb34105f10
2023-12-07T14:31:45.726 INFO:teuthology.orchestra.run.smithi131.stdout:/usr/bin/ceph: stderr
2023-12-07T14:31:44.892+0000 7fdb3894e700 1 --2- 172.21.15.131:0/3538381472 >> [v2:172.21.15.131:3300/0,v1:172.21.15.131:6789/0] conn(0x7fdb34105f10 0x7fdb34106350 secure :-1 s=READY pgs=41 cs=0 l=1 rev1=1 crypto rx=0x7fdb280098a0 tx=0x7fdb28009bb0 comp rx=0 tx=0).ready entity=mon.0 client_cookie=263aa3050e5f58f5 server_cookie=0 in_seq=0 out_seq=0
2023-12-07T14:31:45.726 INFO:teuthology.orchestra.run.smithi131.stdout:/usr/bin/ceph: stderr
2023-12-07T14:31:44.892+0000 7fdb337fe700 1 -- 172.21.15.131:0/3538381472 <== mon.0 v2:172.21.15.131:3300/0 1 ==== mon_map magic: 0 v1 ==== 205+0+0 (secure 0 0 0) 0x7fdb28004160 con 0x7fdb34105f10
2023-12-07T14:31:45.726 INFO:teuthology.orchestra.run.smithi131.stdout:/usr/bin/ceph: stderr
2023-12-07T14:31:44.892+0000 7fdb337fe700 1 -- 172.21.15.131:0/3538381472 <== mon.0 v2:172.21.15.131:3300/0 2 ==== config(27 keys) v1 ==== 1108+0+0 (secure 0 0 0) 0x7fdb280042c0 con 0x7fdb34105f10
2023-12-07T14:31:45.726 INFO:teuthology.orchestra.run.smithi131.stdout:/usr/bin/ceph: stderr
2023-12-07T14:31:44.892+0000 7fdb337fe700 1 -- 172.21.15.131:0/3538381472 <== mon.0 v2:172.21.15.131:3300/0 3 ==== mon_map magic: 0 v1 ==== 205+0+0 (secure 0 0 0) 0x7fdb28011ac0 con 0x7fdb34105f10
2023-12-07T14:31:45.726 INFO:teuthology.orchestra.run.smithi131.stdout:/usr/bin/ceph: stderr
2023-12-07T14:31:44.893+0000 7fdb3abb2700 1 -- 172.21.15.131:0/3538381472 >> [v2:172.21.15.131:3300/0,v1:172.21.15.131:6789/0] conn(0x7fdb34105f10 msgr2=0x7fdb34106350 secure :-1 s=STATE_CONNECTION_ESTABLISHED l=1).mark_down
2023-12-07T14:31:45.726 INFO:teuthology.orchestra.run.smithi131.stdout:/usr/bin/ceph: stderr
2023-12-07T14:31:44.893+0000 7fdb3abb2700 1 --2- 172.21.15.131:0/3538381472 >> [v2:172.21.15.131:3300/0,v1:172.21.15.131:6789/0] conn(0x7fdb34105f10 0x7fdb34106350 secure :-1 s=READY pgs=41 cs=0 l=1 rev1=1 crypto rx=0x7fdb280098a0 tx=0x7fdb28009bb0 comp rx=0 tx=0).stop
2023-12-07T14:31:45.726 INFO:teuthology.orchestra.run.smithi131.stdout:/usr/bin/ceph: stderr
2023-12-07T14:31:44.893+0000 7fdb3abb2700 1 -- 172.21.15.131:0/3538381472 shutdown_connections
2023-12-07T14:31:45.726 INFO:teuthology.orchestra.run.smithi131.stdout:/usr/bin/ceph: stderr
2023-12-07T14:31:44.893+0000 7fdb3abb2700 1 --2- 172.21.15.131:0/3538381472 >> [v2:172.21.15.131:3300/0,v1:172.21.15.131:6789/0] conn(0x7fdb34105f10 0x7fdb34106350 unknown :-1 s=CLOSED pgs=41 cs=0 l=1 rev1=1 crypto rx=0 tx=0 comp rx=0 tx=0).stop
2023-12-07T14:31:45.727 INFO:teuthology.orchestra.run.smithi131.stdout:/usr/bin/ceph: stderr
2023-12-07T14:31:44.893+0000 7fdb3abb2700 1 -- 172.21.15.131:0/3538381472 >> 172.21.15.131:0/3538381472 conn(0x7fdb341014c0 msgr2=0x7fdb34103940 unknown :-1 s=STATE_NONE l=0).mark_down
2023-12-07T14:31:45.727 INFO:teuthology.orchestra.run.smithi131.stdout:/usr/bin/ceph: stderr
2023-12-07T14:31:44.893+0000 7fdb3abb2700 1 -- 172.21.15.131:0/3538381472 shutdown_connections
2023-12-07T14:31:45.727 INFO:teuthology.orchestra.run.smithi131.stdout:/usr/bin/ceph: stderr
2023-12-07T14:31:44.893+0000 7fdb3abb2700 1 -- 172.21.15.131:0/3538381472 wait complete.
2023-12-07T14:31:45.727 INFO:teuthology.orchestra.run.smithi131.stdout:/usr/bin/ceph: stderr
2023-12-07T14:31:44.894+0000 7fdb3abb2700 1 Processor -- start
2023-12-07T14:31:45.727 INFO:teuthology.orchestra.run.smithi131.stdout:/usr/bin/ceph: stderr
2023-12-07T14:31:44.894+0000 7fdb3abb2700 1 -- start start
2023-12-07T14:31:45.727 INFO:teuthology.orchestra.run.smithi131.stdout:/usr/bin/ceph: stderr
2023-12-07T14:31:44.894+0000 7fdb3abb2700 1 --2- >> [v2:172.21.15.131:3300/0,v1:172.21.15.131:6789/0] conn(0x7fdb34105f10 0x7fdb34199d10 unknown :-1 s=NONE pgs=0 cs=0 l=1 rev1=0 crypto rx=0 tx=0 comp rx=0 tx=0).connect
2023-12-07T14:31:45.727 INFO:teuthology.orchestra.run.smithi131.stdout:/usr/bin/ceph: stderr
2023-12-07T14:31:44.894+0000 7fdb3abb2700 1 -- --> [v2:172.21.15.131:3300/0,v1:172.21.15.131:6789/0] -- mon_getmap magic: 0 v1 -- 0x7fdb3419a250 con 0x7fdb34105f10
2023-12-07T14:31:45.727 INFO:teuthology.orchestra.run.smithi131.stdout:/usr/bin/ceph: stderr
2023-12-07T14:31:44.894+0000 7fdb3894e700 1 --2- >> [v2:172.21.15.131:3300/0,v1:172.21.15.131:6789/0] conn(0x7fdb34105f10 0x7fdb34199d10 unknown :-1 s=BANNER_CONNECTING pgs=0 cs=0 l=1 rev1=0 crypto rx=0 tx=0 comp rx=0 tx=0)._handle_peer_banner_payload supported=3 required=0
2023-12-07T14:31:45.727 INFO:teuthology.orchestra.run.smithi131.stdout:/usr/bin/ceph: stderr
2023-12-07T14:31:44.894+0000 7fdb3894e700 1 --2- >> [v2:172.21.15.131:3300/0,v1:172.21.15.131:6789/0] conn(0x7fdb34105f10 0x7fdb34199d10 unknown :-1 s=HELLO_CONNECTING pgs=0 cs=0 l=1 rev1=1 crypto rx=0 tx=0 comp rx=0 tx=0).handle_hello peer v2:172.21.15.131:3300/0 says I am v2:172.21.15.131:43986/0 (socket says 172.21.15.131:43986)
2023-12-07T14:31:45.727 INFO:teuthology.orchestra.run.smithi131.stdout:/usr/bin/ceph: stderr
2023-12-07T14:31:44.894+0000 7fdb3894e700 1 -- 172.21.15.131:0/4005950604 learned_addr learned my addr 172.21.15.131:0/4005950604 (peer_addr_for_me v2:172.21.15.131:0/0)
2023-12-07T14:31:45.727 INFO:teuthology.orchestra.run.smithi131.stdout:/usr/bin/ceph: stderr
2023-12-07T14:31:44.894+0000 7fdb3894e700 1 -- 172.21.15.131:0/4005950604 --> [v2:172.21.15.131:3300/0,v1:172.21.15.131:6789/0] -- mon_subscribe({config=0+,monmap=0+}) v3 -- 0x7fdb28009550 con 0x7fdb34105f10
2023-12-07T14:31:45.727 INFO:teuthology.orchestra.run.smithi131.stdout:/usr/bin/ceph: stderr
2023-12-07T14:31:44.894+0000 7fdb3894e700 1 --2- 172.21.15.131:0/4005950604 >> [v2:172.21.15.131:3300/0,v1:172.21.15.131:6789/0] conn(0x7fdb34105f10 0x7fdb34199d10 secure :-1 s=READY pgs=42 cs=0 l=1 rev1=1 crypto rx=0x7fdb28003f70 tx=0x7fdb28011b40 comp rx=0 tx=0).ready entity=mon.0 client_cookie=0 server_cookie=0 in_seq=0 out_seq=0
2023-12-07T14:31:45.727 INFO:teuthology.orchestra.run.smithi131.stdout:/usr/bin/ceph: stderr
2023-12-07T14:31:44.895+0000 7fdb31ffb700 1 -- 172.21.15.131:0/4005950604 <== mon.0 v2:172.21.15.131:3300/0 1 ==== mon_map magic: 0 v1 ==== 205+0+0 (secure 0 0 0) 0x7fdb280039f0 con 0x7fdb34105f10
2023-12-07T14:31:45.727 INFO:teuthology.orchestra.run.smithi131.stdout:/usr/bin/ceph: stderr
2023-12-07T14:31:44.895+0000 7fdb31ffb700 1 -- 172.21.15.131:0/4005950604 <== mon.0 v2:172.21.15.131:3300/0 2 ==== config(27 keys) v1 ==== 1108+0+0 (secure 0 0 0) 0x7fdb28003b50 con 0x7fdb34105f10
2023-12-07T14:31:45.728 INFO:teuthology.orchestra.run.smithi131.stdout:/usr/bin/ceph: stderr
2023-12-07T14:31:44.895+0000 7fdb3abb2700 1 -- 172.21.15.131:0/4005950604 --> [v2:172.21.15.131:3300/0,v1:172.21.15.131:6789/0] -- mon_subscribe({mgrmap=0+}) v3 -- 0x7fdb3419a4b0 con 0x7fdb34105f10
2023-12-07T14:31:45.728 INFO:teuthology.orchestra.run.smithi131.stdout:/usr/bin/ceph: stderr
2023-12-07T14:31:44.895+0000 7fdb31ffb700 1 -- 172.21.15.131:0/4005950604 <== mon.0 v2:172.21.15.131:3300/0 3 ==== mon_map magic: 0 v1 ==== 205+0+0 (secure 0 0 0) 0x7fdb2801a5c0 con 0x7fdb34105f10
2023-12-07T14:31:45.728 INFO:teuthology.orchestra.run.smithi131.stdout:/usr/bin/ceph: stderr
2023-12-07T14:31:44.895+0000 7fdb3abb2700 1 -- 172.21.15.131:0/4005950604 --> [v2:172.21.15.131:3300/0,v1:172.21.15.131:6789/0] -- mon_subscribe({osdmap=0}) v3 -- 0x7fdb3419d180 con 0x7fdb34105f10
2023-12-07T14:31:45.728 INFO:teuthology.orchestra.run.smithi131.stdout:/usr/bin/ceph: stderr
2023-12-07T14:31:44.896+0000 7fdb31ffb700 1 -- 172.21.15.131:0/4005950604 <== mon.0 v2:172.21.15.131:3300/0 4 ==== mgrmap(e 8) v1 ==== 45580+0+0 (secure 0 0 0) 0x7fdb2801a830 con 0x7fdb34105f10
2023-12-07T14:31:45.728 INFO:teuthology.orchestra.run.smithi131.stdout:/usr/bin/ceph: stderr
2023-12-07T14:31:44.896+0000 7fdb3abb2700 1 -- 172.21.15.131:0/4005950604 --> [v2:172.21.15.131:3300/0,v1:172.21.15.131:6789/0] -- mon_command({"prefix": "get_command_descriptions"} v 0) v1 -- 0x7fdb34062c00 con 0x7fdb34105f10
2023-12-07T14:31:45.728 INFO:teuthology.orchestra.run.smithi131.stdout:/usr/bin/ceph: stderr
2023-12-07T14:31:44.896+0000 7fdb31ffb700 1 --2- 172.21.15.131:0/4005950604 >> [v2:172.21.15.131:6800/1469680763,v1:172.21.15.131:6801/1469680763] conn(0x7fdb240387d0 0x7fdb2403ac90 unknown :-1 s=NONE pgs=0 cs=0 l=1 rev1=0 crypto rx=0 tx=0 comp rx=0 tx=0).connect
2023-12-07T14:31:45.728 INFO:teuthology.orchestra.run.smithi131.stdout:/usr/bin/ceph: stderr
2023-12-07T14:31:44.896+0000 7fdb31ffb700 1 -- 172.21.15.131:0/4005950604 <== mon.0 v2:172.21.15.131:3300/0 5 ==== osd_map(2..2 src has 1..2) v4 ==== 940+0+0 (secure 0 0 0) 0x7fdb2804c950 con 0x7fdb34105f10
2023-12-07T14:31:45.728 INFO:teuthology.orchestra.run.smithi131.stdout:/usr/bin/ceph: stderr
2023-12-07T14:31:44.896+0000 7fdb33fff700 1 --2- 172.21.15.131:0/4005950604 >> [v2:172.21.15.131:6800/1469680763,v1:172.21.15.131:6801/1469680763] conn(0x7fdb240387d0 0x7fdb2403ac90 unknown :-1 s=BANNER_CONNECTING pgs=0 cs=0 l=1 rev1=0 crypto rx=0 tx=0 comp rx=0 tx=0)._handle_peer_banner_payload supported=3 required=0
2023-12-07T14:31:45.728 INFO:teuthology.orchestra.run.smithi131.stdout:/usr/bin/ceph: stderr
2023-12-07T14:31:44.896+0000 7fdb33fff700 1 --2- 172.21.15.131:0/4005950604 >> [v2:172.21.15.131:6800/1469680763,v1:172.21.15.131:6801/1469680763] conn(0x7fdb240387d0 0x7fdb2403ac90 secure :-1 s=READY pgs=9 cs=0 l=1 rev1=1 crypto rx=0x7fdb20006fd0 tx=0x7fdb20006e40 comp rx=0 tx=0).ready entity=mgr.14120 client_cookie=0 server_cookie=0 in_seq=0 out_seq=0
2023-12-07T14:31:45.728 INFO:teuthology.orchestra.run.smithi131.stdout:/usr/bin/ceph: stderr
2023-12-07T14:31:44.901+0000 7fdb31ffb700 1 -- 172.21.15.131:0/4005950604 <== mon.0 v2:172.21.15.131:3300/0 6 ==== mon_command_ack([{"prefix": "get_command_descriptions"}]=0 v0) v1 ==== 72+0+180949 (secure 0 0 0) 0x7fdb2801aae0 con 0x7fdb34105f10
2023-12-07T14:31:45.728 INFO:teuthology.orchestra.run.smithi131.stdout:/usr/bin/ceph: stderr
2023-12-07T14:31:45.090+0000 7fdb3abb2700 1 -- 172.21.15.131:0/4005950604 --> [v2:172.21.15.131:6800/1469680763,v1:172.21.15.131:6801/1469680763] -- mgr_command(tid 0: {"prefix": "cephadm generate-key", "target": ["mon-mgr", ""]}) v1 -- 0x7fdb341027e0 con 0x7fdb240387d0
2023-12-07T14:31:45.728 INFO:teuthology.orchestra.run.smithi131.stdout:/usr/bin/ceph: stderr
2023-12-07T14:31:45.257+0000 7fdb31ffb700 1 -- 172.21.15.131:0/4005950604 <== mgr.14120 v2:172.21.15.131:6800/1469680763 1 ==== mgr_command_reply(tid 0: 0 ) v1 ==== 8+0+0 (secure 0 0 0) 0x7fdb341027e0 con 0x7fdb240387d0
2023-12-07T14:31:45.728 INFO:teuthology.orchestra.run.smithi131.stdout:/usr/bin/ceph: stderr
2023-12-07T14:31:45.259+0000 7fdb3abb2700 1 -- 172.21.15.131:0/4005950604 >> [v2:172.21.15.131:6800/1469680763,v1:172.21.15.131:6801/1469680763] conn(0x7fdb240387d0 msgr2=0x7fdb2403ac90 secure :-1 s=STATE_CONNECTION_ESTABLISHED l=1).mark_down
2023-12-07T14:31:45.728 INFO:teuthology.orchestra.run.smithi131.stdout:/usr/bin/ceph: stderr
2023-12-07T14:31:45.259+0000 7fdb3abb2700 1 --2- 172.21.15.131:0/4005950604 >> [v2:172.21.15.131:6800/1469680763,v1:172.21.15.131:6801/1469680763] conn(0x7fdb240387d0 0x7fdb2403ac90 secure :-1 s=READY pgs=9 cs=0 l=1 rev1=1 crypto rx=0x7fdb20006fd0 tx=0x7fdb20006e40 comp rx=0 tx=0).stop
2023-12-07T14:31:45.729 INFO:teuthology.orchestra.run.smithi131.stdout:/usr/bin/ceph: stderr
2023-12-07T14:31:45.260+0000 7fdb3abb2700 1 -- 172.21.15.131:0/4005950604 >> [v2:172.21.15.131:3300/0,v1:172.21.15.131:6789/0] conn(0x7fdb34105f10 msgr2=0x7fdb34199d10 secure :-1 s=STATE_CONNECTION_ESTABLISHED l=1).mark_down
2023-12-07T14:31:45.729 INFO:teuthology.orchestra.run.smithi131.stdout:/usr/bin/ceph: stderr
2023-12-07T14:31:45.260+0000 7fdb3abb2700 1 --2- 172.21.15.131:0/4005950604 >> [v2:172.21.15.131:3300/0,v1:172.21.15.131:6789/0] conn(0x7fdb34105f10 0x7fdb34199d10 secure :-1 s=READY pgs=42 cs=0 l=1 rev1=1 crypto rx=0x7fdb28003f70 tx=0x7fdb28011b40 comp rx=0 tx=0).stop
2023-12-07T14:31:45.729 INFO:teuthology.orchestra.run.smithi131.stdout:/usr/bin/ceph: stderr
2023-12-07T14:31:45.260+0000 7fdb3abb2700 1 -- 172.21.15.131:0/4005950604 shutdown_connections
2023-12-07T14:31:45.729 INFO:teuthology.orchestra.run.smithi131.stdout:/usr/bin/ceph: stderr
2023-12-07T14:31:45.260+0000 7fdb3abb2700 1 --2- 172.21.15.131:0/4005950604 >> [v2:172.21.15.131:6800/1469680763,v1:172.21.15.131:6801/1469680763] conn(0x7fdb240387d0 0x7fdb2403ac90 unknown :-1 s=CLOSED pgs=9 cs=0 l=1 rev1=1 crypto rx=0 tx=0 comp rx=0 tx=0).stop
2023-12-07T14:31:45.729 INFO:teuthology.orchestra.run.smithi131.stdout:/usr/bin/ceph: stderr
2023-12-07T14:31:45.260+0000 7fdb3abb2700 1 --2- 172.21.15.131:0/4005950604 >> [v2:172.21.15.131:3300/0,v1:172.21.15.131:6789/0] conn(0x7fdb34105f10 0x7fdb34199d10 unknown :-1 s=CLOSED pgs=42 cs=0 l=1 rev1=1 crypto rx=0 tx=0 comp rx=0 tx=0).stop
2023-12-07T14:31:45.729 INFO:teuthology.orchestra.run.smithi131.stdout:/usr/bin/ceph: stderr
2023-12-07T14:31:45.260+0000 7fdb3abb2700 1 -- 172.21.15.131:0/4005950604 >> 172.21.15.131:0/4005950604 conn(0x7fdb341014c0 msgr2=0x7fdb341020d0 unknown :-1 s=STATE_NONE l=0).mark_down
2023-12-07T14:31:45.729 INFO:teuthology.orchestra.run.smithi131.stdout:/usr/bin/ceph: stderr
2023-12-07T14:31:45.260+0000 7fdb3abb2700 1 -- 172.21.15.131:0/4005950604 shutdown_connections
2023-12-07T14:31:45.729 INFO:teuthology.orchestra.run.smithi131.stdout:/usr/bin/ceph: stderr
2023-12-07T14:31:45.260+0000 7fdb3abb2700 1 -- 172.21.15.131:0/4005950604 wait complete.
2023-12-07T14:31:46.603 INFO:journalctl@ceph.mon.a.smithi131.stdout:Dec 07 14:31:46 smithi131 ceph-mon[98931]: from='client.14136 -' entity='client.admin' cmd=[{"prefix": "cephadm generate-key", "target": ["mon-mgr", ""]}]: dispatch
2023-12-07T14:31:46.603 INFO:journalctl@ceph.mon.a.smithi131.stdout:Dec 07 14:31:46 smithi131 ceph-mon[98931]: Generating ssh key...
2023-12-07T14:31:46.603 INFO:journalctl@ceph.mon.a.smithi131.stdout:Dec 07 14:31:46 smithi131 ceph-mon[98931]: from='mgr.14120 172.21.15.131:0/149770810' entity='mgr.x'
2023-12-07T14:31:46.603 INFO:journalctl@ceph.mon.a.smithi131.stdout:Dec 07 14:31:46 smithi131 ceph-mon[98931]: from='mgr.14120 172.21.15.131:0/149770810' entity='mgr.x'
2023-12-07T14:31:46.864 INFO:teuthology.orchestra.run.smithi131.stdout:/usr/bin/ceph: stdout ssh-rsa AAAAB3NzaC1yc2EAAAADAQABAAABgQDPu4fPtbUkT6BDNBJ733qcTB0u/MYDEmJ3zz8buiyIlA9CoIBjDrAYEqpJh6nm317VqR7WcQK3mkltF0h++A6CFQ1uSFpGeTQ0yhbN4L5gzKRqVxbDzKijBJi8p/fpYpdafrGwW3pB7VCyWy62Zug0kP8yklzQjNUgWJG/sWWE1xBh/p1iglAA0n+gotuF/UvcHI3QRHBUC6ZQK7qAteZP140FKVFquX56aNNg6n5NiCeOBW0kuRYdS3htXSNxMxUpTqHdYHsZMNsYvHnVMp2WrxtHC7Y+nSkt1mITZbASmY/MCubpSr8fb7pZAwaEjGES3aCd/2NEqf3ICvslIGCUUHRPJypEOpLtMSW7HvW2CEu6S0Ni4ZB0Z/LL4bSLP9nuL3x0HK+4GGuwmIMnQJ5RjzHFnLkusCUADwu5iOB9oRf8dTyg/67KMfkNLOfrSQ96+zNuTVDjix0HhpZ+Sv+C3ts+45QY5RuwMTbN/b2P1UUyJFkxHLjGu78UKrHKJZM= ceph-220d4562-950d-11ee-95a2-87774f69a715
2023-12-07T14:31:46.869 INFO:teuthology.orchestra.run.smithi131.stdout:/usr/bin/ceph: stderr
2023-12-07T14:31:46.260+0000 7fa9c5a2e700 1 Processor -- start
2023-12-07T14:31:46.870 INFO:teuthology.orchestra.run.smithi131.stdout:/usr/bin/ceph: stderr
2023-12-07T14:31:46.260+0000 7fa9c5a2e700 1 -- start start
2023-12-07T14:31:46.870 INFO:teuthology.orchestra.run.smithi131.stdout:/usr/bin/ceph: stderr
2023-12-07T14:31:46.260+0000 7fa9c5a2e700 1 --2- >> [v2:172.21.15.131:3300/0,v1:172.21.15.131:6789/0] conn(0x7fa9c0107b20 0x7fa9c0109f10 unknown :-1 s=NONE pgs=0 cs=0 l=0 rev1=0 crypto rx=0 tx=0 comp rx=0 tx=0).connect
2023-12-07T14:31:46.870 INFO:teuthology.orchestra.run.smithi131.stdout:/usr/bin/ceph: stderr
2023-12-07T14:31:46.260+0000 7fa9c5a2e700 1 -- --> [v2:172.21.15.131:3300/0,v1:172.21.15.131:6789/0] -- mon_getmap magic: 0 v1 -- 0x7fa9c007ae80 con 0x7fa9c0107b20
2023-12-07T14:31:46.870 INFO:teuthology.orchestra.run.smithi131.stdout:/usr/bin/ceph: stderr
2023-12-07T14:31:46.261+0000 7fa9beffd700 1 --2- >> [v2:172.21.15.131:3300/0,v1:172.21.15.131:6789/0] conn(0x7fa9c0107b20 0x7fa9c0109f10 unknown :-1 s=BANNER_CONNECTING pgs=0 cs=0 l=0 rev1=0 crypto rx=0 tx=0 comp rx=0 tx=0)._handle_peer_banner_payload supported=3 required=0
2023-12-07T14:31:46.871 INFO:teuthology.orchestra.run.smithi131.stdout:/usr/bin/ceph: stderr
2023-12-07T14:31:46.261+0000 7fa9beffd700 1 --2- >> [v2:172.21.15.131:3300/0,v1:172.21.15.131:6789/0] conn(0x7fa9c0107b20 0x7fa9c0109f10 unknown :-1 s=HELLO_CONNECTING pgs=0 cs=0 l=0 rev1=1 crypto rx=0 tx=0 comp rx=0 tx=0).handle_hello peer v2:172.21.15.131:3300/0 says I am v2:172.21.15.131:43990/0 (socket says 172.21.15.131:43990)
2023-12-07T14:31:46.871 INFO:teuthology.orchestra.run.smithi131.stdout:/usr/bin/ceph: stderr
2023-12-07T14:31:46.261+0000 7fa9beffd700 1 -- 172.21.15.131:0/3929817090 learned_addr learned my addr 172.21.15.131:0/3929817090 (peer_addr_for_me v2:172.21.15.131:0/0)
2023-12-07T14:31:46.871 INFO:teuthology.orchestra.run.smithi131.stdout:/usr/bin/ceph: stderr
2023-12-07T14:31:46.261+0000 7fa9beffd700 1 -- 172.21.15.131:0/3929817090 --> [v2:172.21.15.131:3300/0,v1:172.21.15.131:6789/0] -- mon_subscribe({config=0+,monmap=0+}) v3 -- 0x7fa9c010a450 con 0x7fa9c0107b20
2023-12-07T14:31:46.871 INFO:teuthology.orchestra.run.smithi131.stdout:/usr/bin/ceph: stderr
2023-12-07T14:31:46.261+0000 7fa9beffd700 1 --2- 172.21.15.131:0/3929817090 >> [v2:172.21.15.131:3300/0,v1:172.21.15.131:6789/0] conn(0x7fa9c0107b20 0x7fa9c0109f10 secure :-1 s=READY pgs=43 cs=0 l=1 rev1=1 crypto rx=0x7fa9b40098a0 tx=0x7fa9b4009bb0 comp rx=0 tx=0).ready entity=mon.0 client_cookie=b8179eb3cd0cc60e server_cookie=0 in_seq=0 out_seq=0
2023-12-07T14:31:46.871 INFO:teuthology.orchestra.run.smithi131.stdout:/usr/bin/ceph: stderr
2023-12-07T14:31:46.261+0000 7fa9bdffb700 1 -- 172.21.15.131:0/3929817090 <== mon.0 v2:172.21.15.131:3300/0 1 ==== mon_map magic: 0 v1 ==== 205+0+0 (secure 0 0 0) 0x7fa9b4004160 con 0x7fa9c0107b20
2023-12-07T14:31:46.871 INFO:teuthology.orchestra.run.smithi131.stdout:/usr/bin/ceph: stderr
2023-12-07T14:31:46.261+0000 7fa9bdffb700 1 -- 172.21.15.131:0/3929817090 <== mon.0 v2:172.21.15.131:3300/0 2 ==== config(27 keys) v1 ==== 1108+0+0 (secure 0 0 0) 0x7fa9b40042c0 con 0x7fa9c0107b20
2023-12-07T14:31:46.871 INFO:teuthology.orchestra.run.smithi131.stdout:/usr/bin/ceph: stderr
2023-12-07T14:31:46.261+0000 7fa9bdffb700 1 -- 172.21.15.131:0/3929817090 <== mon.0 v2:172.21.15.131:3300/0 3 ==== mon_map magic: 0 v1 ==== 205+0+0 (secure 0 0 0) 0x7fa9b4011ac0 con 0x7fa9c0107b20
2023-12-07T14:31:46.871 INFO:teuthology.orchestra.run.smithi131.stdout:/usr/bin/ceph: stderr
2023-12-07T14:31:46.262+0000 7fa9c5a2e700 1 -- 172.21.15.131:0/3929817090 >> [v2:172.21.15.131:3300/0,v1:172.21.15.131:6789/0] conn(0x7fa9c0107b20 msgr2=0x7fa9c0109f10 secure :-1 s=STATE_CONNECTION_ESTABLISHED l=1).mark_down
2023-12-07T14:31:46.871 INFO:teuthology.orchestra.run.smithi131.stdout:/usr/bin/ceph: stderr
2023-12-07T14:31:46.262+0000 7fa9c5a2e700 1 --2- 172.21.15.131:0/3929817090 >> [v2:172.21.15.131:3300/0,v1:172.21.15.131:6789/0] conn(0x7fa9c0107b20 0x7fa9c0109f10 secure :-1 s=READY pgs=43 cs=0 l=1 rev1=1 crypto rx=0x7fa9b40098a0 tx=0x7fa9b4009bb0 comp rx=0 tx=0).stop
2023-12-07T14:31:46.873 INFO:teuthology.orchestra.run.smithi131.stdout:/usr/bin/ceph: stderr
2023-12-07T14:31:46.262+0000 7fa9c5a2e700 1 -- 172.21.15.131:0/3929817090 shutdown_connections
2023-12-07T14:31:46.873 INFO:teuthology.orchestra.run.smithi131.stdout:/usr/bin/ceph: stderr
2023-12-07T14:31:46.262+0000 7fa9c5a2e700 1 --2- 172.21.15.131:0/3929817090 >> [v2:172.21.15.131:3300/0,v1:172.21.15.131:6789/0] conn(0x7fa9c0107b20 0x7fa9c0109f10 unknown :-1 s=CLOSED pgs=43 cs=0 l=1 rev1=1 crypto rx=0 tx=0 comp rx=0 tx=0).stop
2023-12-07T14:31:46.873 INFO:teuthology.orchestra.run.smithi131.stdout:/usr/bin/ceph: stderr
2023-12-07T14:31:46.262+0000 7fa9c5a2e700 1 -- 172.21.15.131:0/3929817090 >> 172.21.15.131:0/3929817090 conn(0x7fa9c0101510 msgr2=0x7fa9c0103950 unknown :-1 s=STATE_NONE l=0).mark_down
2023-12-07T14:31:46.873 INFO:teuthology.orchestra.run.smithi131.stdout:/usr/bin/ceph: stderr
2023-12-07T14:31:46.262+0000 7fa9c5a2e700 1 -- 172.21.15.131:0/3929817090 shutdown_connections
2023-12-07T14:31:46.874 INFO:teuthology.orchestra.run.smithi131.stdout:/usr/bin/ceph: stderr
