2023-12-07T14:31:46.262+0000 7fa9c5a2e700 1 -- 172.21.15.131:0/3929817090 wait complete.
2023-12-07T14:31:46.874 INFO:teuthology.orchestra.run.smithi131.stdout:/usr/bin/ceph: stderr
2023-12-07T14:31:46.262+0000 7fa9c5a2e700 1 Processor -- start
2023-12-07T14:31:46.874 INFO:teuthology.orchestra.run.smithi131.stdout:/usr/bin/ceph: stderr
2023-12-07T14:31:46.263+0000 7fa9c5a2e700 1 -- start start
2023-12-07T14:31:46.874 INFO:teuthology.orchestra.run.smithi131.stdout:/usr/bin/ceph: stderr
2023-12-07T14:31:46.263+0000 7fa9c5a2e700 1 --2- >> [v2:172.21.15.131:3300/0,v1:172.21.15.131:6789/0] conn(0x7fa9c0107b20 0x7fa9c019ae30 unknown :-1 s=NONE pgs=0 cs=0 l=1 rev1=0 crypto rx=0 tx=0 comp rx=0 tx=0).connect
2023-12-07T14:31:46.874 INFO:teuthology.orchestra.run.smithi131.stdout:/usr/bin/ceph: stderr
2023-12-07T14:31:46.263+0000 7fa9c5a2e700 1 -- --> [v2:172.21.15.131:3300/0,v1:172.21.15.131:6789/0] -- mon_getmap magic: 0 v1 -- 0x7fa9c019b370 con 0x7fa9c0107b20
2023-12-07T14:31:46.875 INFO:teuthology.orchestra.run.smithi131.stdout:/usr/bin/ceph: stderr
2023-12-07T14:31:46.263+0000 7fa9beffd700 1 --2- >> [v2:172.21.15.131:3300/0,v1:172.21.15.131:6789/0] conn(0x7fa9c0107b20 0x7fa9c019ae30 unknown :-1 s=BANNER_CONNECTING pgs=0 cs=0 l=1 rev1=0 crypto rx=0 tx=0 comp rx=0 tx=0)._handle_peer_banner_payload supported=3 required=0
2023-12-07T14:31:46.875 INFO:teuthology.orchestra.run.smithi131.stdout:/usr/bin/ceph: stderr
2023-12-07T14:31:46.263+0000 7fa9beffd700 1 --2- >> [v2:172.21.15.131:3300/0,v1:172.21.15.131:6789/0] conn(0x7fa9c0107b20 0x7fa9c019ae30 unknown :-1 s=HELLO_CONNECTING pgs=0 cs=0 l=1 rev1=1 crypto rx=0 tx=0 comp rx=0 tx=0).handle_hello peer v2:172.21.15.131:3300/0 says I am v2:172.21.15.131:43992/0 (socket says 172.21.15.131:43992)
2023-12-07T14:31:46.875 INFO:teuthology.orchestra.run.smithi131.stdout:/usr/bin/ceph: stderr
2023-12-07T14:31:46.263+0000 7fa9beffd700 1 -- 172.21.15.131:0/836947450 learned_addr learned my addr 172.21.15.131:0/836947450 (peer_addr_for_me v2:172.21.15.131:0/0)
2023-12-07T14:31:46.875 INFO:teuthology.orchestra.run.smithi131.stdout:/usr/bin/ceph: stderr
2023-12-07T14:31:46.263+0000 7fa9beffd700 1 -- 172.21.15.131:0/836947450 --> [v2:172.21.15.131:3300/0,v1:172.21.15.131:6789/0] -- mon_subscribe({config=0+,monmap=0+}) v3 -- 0x7fa9b4009550 con 0x7fa9c0107b20
2023-12-07T14:31:46.875 INFO:teuthology.orchestra.run.smithi131.stdout:/usr/bin/ceph: stderr
2023-12-07T14:31:46.263+0000 7fa9beffd700 1 --2- 172.21.15.131:0/836947450 >> [v2:172.21.15.131:3300/0,v1:172.21.15.131:6789/0] conn(0x7fa9c0107b20 0x7fa9c019ae30 secure :-1 s=READY pgs=44 cs=0 l=1 rev1=1 crypto rx=0x7fa9b4009130 tx=0x7fa9b4011b40 comp rx=0 tx=0).ready entity=mon.0 client_cookie=0 server_cookie=0 in_seq=0 out_seq=0
2023-12-07T14:31:46.875 INFO:teuthology.orchestra.run.smithi131.stdout:/usr/bin/ceph: stderr
2023-12-07T14:31:46.263+0000 7fa9c4a2c700 1 -- 172.21.15.131:0/836947450 <== mon.0 v2:172.21.15.131:3300/0 1 ==== mon_map magic: 0 v1 ==== 205+0+0 (secure 0 0 0) 0x7fa9b4003aa0 con 0x7fa9c0107b20
2023-12-07T14:31:46.876 INFO:teuthology.orchestra.run.smithi131.stdout:/usr/bin/ceph: stderr
2023-12-07T14:31:46.263+0000 7fa9c4a2c700 1 -- 172.21.15.131:0/836947450 <== mon.0 v2:172.21.15.131:3300/0 2 ==== config(27 keys) v1 ==== 1108+0+0 (secure 0 0 0) 0x7fa9b4003c00 con 0x7fa9c0107b20
2023-12-07T14:31:46.876 INFO:teuthology.orchestra.run.smithi131.stdout:/usr/bin/ceph: stderr
2023-12-07T14:31:46.263+0000 7fa9c5a2e700 1 -- 172.21.15.131:0/836947450 --> [v2:172.21.15.131:3300/0,v1:172.21.15.131:6789/0] -- mon_subscribe({mgrmap=0+}) v3 -- 0x7fa9c019b570 con 0x7fa9c0107b20
2023-12-07T14:31:46.876 INFO:teuthology.orchestra.run.smithi131.stdout:/usr/bin/ceph: stderr
2023-12-07T14:31:46.263+0000 7fa9c4a2c700 1 -- 172.21.15.131:0/836947450 <== mon.0 v2:172.21.15.131:3300/0 3 ==== mon_map magic: 0 v1 ==== 205+0+0 (secure 0 0 0) 0x7fa9b4024800 con 0x7fa9c0107b20
2023-12-07T14:31:46.877 INFO:teuthology.orchestra.run.smithi131.stdout:/usr/bin/ceph: stderr
2023-12-07T14:31:46.263+0000 7fa9c5a2e700 1 -- 172.21.15.131:0/836947450 --> [v2:172.21.15.131:3300/0,v1:172.21.15.131:6789/0] -- mon_subscribe({osdmap=0}) v3 -- 0x7fa9c019ba10 con 0x7fa9c0107b20
2023-12-07T14:31:46.877 INFO:teuthology.orchestra.run.smithi131.stdout:/usr/bin/ceph: stderr
2023-12-07T14:31:46.264+0000 7fa9c5a2e700 1 -- 172.21.15.131:0/836947450 --> [v2:172.21.15.131:3300/0,v1:172.21.15.131:6789/0] -- mon_command({"prefix": "get_command_descriptions"} v 0) v1 -- 0x7fa9c010b250 con 0x7fa9c0107b20
2023-12-07T14:31:46.877 INFO:teuthology.orchestra.run.smithi131.stdout:/usr/bin/ceph: stderr
2023-12-07T14:31:46.264+0000 7fa9c4a2c700 1 -- 172.21.15.131:0/836947450 <== mon.0 v2:172.21.15.131:3300/0 4 ==== mgrmap(e 8) v1 ==== 45580+0+0 (secure 0 0 0) 0x7fa9b401abd0 con 0x7fa9c0107b20
2023-12-07T14:31:46.877 INFO:teuthology.orchestra.run.smithi131.stdout:/usr/bin/ceph: stderr
2023-12-07T14:31:46.265+0000 7fa9c4a2c700 1 --2- 172.21.15.131:0/836947450 >> [v2:172.21.15.131:6800/1469680763,v1:172.21.15.131:6801/1469680763] conn(0x7fa9a8038870 0x7fa9a803ad30 unknown :-1 s=NONE pgs=0 cs=0 l=1 rev1=0 crypto rx=0 tx=0 comp rx=0 tx=0).connect
2023-12-07T14:31:46.877 INFO:teuthology.orchestra.run.smithi131.stdout:/usr/bin/ceph: stderr
2023-12-07T14:31:46.265+0000 7fa9c4a2c700 1 -- 172.21.15.131:0/836947450 <== mon.0 v2:172.21.15.131:3300/0 5 ==== osd_map(2..2 src has 1..2) v4 ==== 940+0+0 (secure 0 0 0) 0x7fa9b404c9e0 con 0x7fa9c0107b20
2023-12-07T14:31:46.877 INFO:teuthology.orchestra.run.smithi131.stdout:/usr/bin/ceph: stderr
2023-12-07T14:31:46.265+0000 7fa9be7fc700 1 --2- 172.21.15.131:0/836947450 >> [v2:172.21.15.131:6800/1469680763,v1:172.21.15.131:6801/1469680763] conn(0x7fa9a8038870 0x7fa9a803ad30 unknown :-1 s=BANNER_CONNECTING pgs=0 cs=0 l=1 rev1=0 crypto rx=0 tx=0 comp rx=0 tx=0)._handle_peer_banner_payload supported=3 required=0
2023-12-07T14:31:46.878 INFO:teuthology.orchestra.run.smithi131.stdout:/usr/bin/ceph: stderr
2023-12-07T14:31:46.265+0000 7fa9be7fc700 1 --2- 172.21.15.131:0/836947450 >> [v2:172.21.15.131:6800/1469680763,v1:172.21.15.131:6801/1469680763] conn(0x7fa9a8038870 0x7fa9a803ad30 secure :-1 s=READY pgs=10 cs=0 l=1 rev1=1 crypto rx=0x7fa9b0006fd0 tx=0x7fa9b0006e40 comp rx=0 tx=0).ready entity=mgr.14120 client_cookie=0 server_cookie=0 in_seq=0 out_seq=0
2023-12-07T14:31:46.878 INFO:teuthology.orchestra.run.smithi131.stdout:/usr/bin/ceph: stderr
2023-12-07T14:31:46.269+0000 7fa9c4a2c700 1 -- 172.21.15.131:0/836947450 <== mon.0 v2:172.21.15.131:3300/0 6 ==== mon_command_ack([{"prefix": "get_command_descriptions"}]=0 v0) v1 ==== 72+0+180949 (secure 0 0 0) 0x7fa9b4018760 con 0x7fa9c0107b20
2023-12-07T14:31:46.878 INFO:teuthology.orchestra.run.smithi131.stdout:/usr/bin/ceph: stderr
2023-12-07T14:31:46.454+0000 7fa9c5a2e700 1 -- 172.21.15.131:0/836947450 --> [v2:172.21.15.131:6800/1469680763,v1:172.21.15.131:6801/1469680763] -- mgr_command(tid 0: {"prefix": "cephadm get-pub-key", "target": ["mon-mgr", ""]}) v1 -- 0x7fa9c019e2a0 con 0x7fa9a8038870
2023-12-07T14:31:46.878 INFO:teuthology.orchestra.run.smithi131.stdout:/usr/bin/ceph: stderr
2023-12-07T14:31:46.455+0000 7fa9c4a2c700 1 -- 172.21.15.131:0/836947450 <== mgr.14120 v2:172.21.15.131:6800/1469680763 1 ==== mgr_command_reply(tid 0: 0 ) v1 ==== 8+0+595 (secure 0 0 0) 0x7fa9c019e2a0 con 0x7fa9a8038870
2023-12-07T14:31:46.878 INFO:teuthology.orchestra.run.smithi131.stdout:/usr/bin/ceph: stderr
2023-12-07T14:31:46.457+0000 7fa9c5a2e700 1 -- 172.21.15.131:0/836947450 >> [v2:172.21.15.131:6800/1469680763,v1:172.21.15.131:6801/1469680763] conn(0x7fa9a8038870 msgr2=0x7fa9a803ad30 secure :-1 s=STATE_CONNECTION_ESTABLISHED l=1).mark_down
2023-12-07T14:31:46.878 INFO:teuthology.orchestra.run.smithi131.stdout:/usr/bin/ceph: stderr
2023-12-07T14:31:46.457+0000 7fa9c5a2e700 1 --2- 172.21.15.131:0/836947450 >> [v2:172.21.15.131:6800/1469680763,v1:172.21.15.131:6801/1469680763] conn(0x7fa9a8038870 0x7fa9a803ad30 secure :-1 s=READY pgs=10 cs=0 l=1 rev1=1 crypto rx=0x7fa9b0006fd0 tx=0x7fa9b0006e40 comp rx=0 tx=0).stop
2023-12-07T14:31:46.879 INFO:teuthology.orchestra.run.smithi131.stdout:/usr/bin/ceph: stderr
2023-12-07T14:31:46.457+0000 7fa9c5a2e700 1 -- 172.21.15.131:0/836947450 >> [v2:172.21.15.131:3300/0,v1:172.21.15.131:6789/0] conn(0x7fa9c0107b20 msgr2=0x7fa9c019ae30 secure :-1 s=STATE_CONNECTION_ESTABLISHED l=1).mark_down
2023-12-07T14:31:46.879 INFO:teuthology.orchestra.run.smithi131.stdout:/usr/bin/ceph: stderr
2023-12-07T14:31:46.457+0000 7fa9c5a2e700 1 --2- 172.21.15.131:0/836947450 >> [v2:172.21.15.131:3300/0,v1:172.21.15.131:6789/0] conn(0x7fa9c0107b20 0x7fa9c019ae30 secure :-1 s=READY pgs=44 cs=0 l=1 rev1=1 crypto rx=0x7fa9b4009130 tx=0x7fa9b4011b40 comp rx=0 tx=0).stop
2023-12-07T14:31:46.879 INFO:teuthology.orchestra.run.smithi131.stdout:/usr/bin/ceph: stderr
2023-12-07T14:31:46.457+0000 7fa9c5a2e700 1 -- 172.21.15.131:0/836947450 shutdown_connections
2023-12-07T14:31:46.879 INFO:teuthology.orchestra.run.smithi131.stdout:/usr/bin/ceph: stderr
2023-12-07T14:31:46.457+0000 7fa9c5a2e700 1 --2- 172.21.15.131:0/836947450 >> [v2:172.21.15.131:6800/1469680763,v1:172.21.15.131:6801/1469680763] conn(0x7fa9a8038870 0x7fa9a803ad30 unknown :-1 s=CLOSED pgs=10 cs=0 l=1 rev1=1 crypto rx=0 tx=0 comp rx=0 tx=0).stop
2023-12-07T14:31:46.879 INFO:teuthology.orchestra.run.smithi131.stdout:/usr/bin/ceph: stderr
2023-12-07T14:31:46.457+0000 7fa9c5a2e700 1 --2- 172.21.15.131:0/836947450 >> [v2:172.21.15.131:3300/0,v1:172.21.15.131:6789/0] conn(0x7fa9c0107b20 0x7fa9c019ae30 unknown :-1 s=CLOSED pgs=44 cs=0 l=1 rev1=1 crypto rx=0 tx=0 comp rx=0 tx=0).stop
2023-12-07T14:31:46.879 INFO:teuthology.orchestra.run.smithi131.stdout:/usr/bin/ceph: stderr
2023-12-07T14:31:46.457+0000 7fa9c5a2e700 1 -- 172.21.15.131:0/836947450 >> 172.21.15.131:0/836947450 conn(0x7fa9c0101510 msgr2=0x7fa9c0102070 unknown :-1 s=STATE_NONE l=0).mark_down
2023-12-07T14:31:46.879 INFO:teuthology.orchestra.run.smithi131.stdout:/usr/bin/ceph: stderr
2023-12-07T14:31:46.457+0000 7fa9c5a2e700 1 -- 172.21.15.131:0/836947450 shutdown_connections
2023-12-07T14:31:46.879 INFO:teuthology.orchestra.run.smithi131.stdout:/usr/bin/ceph: stderr
2023-12-07T14:31:46.457+0000 7fa9c5a2e700 1 -- 172.21.15.131:0/836947450 wait complete.
2023-12-07T14:31:46.880 INFO:teuthology.orchestra.run.smithi131.stdout:Wrote public SSH key to /home/ubuntu/cephtest/ceph.pub
2023-12-07T14:31:46.880 INFO:teuthology.orchestra.run.smithi131.stdout:Adding key to root@localhost authorized_keys...
2023-12-07T14:31:46.880 INFO:teuthology.orchestra.run.smithi131.stdout:Adding host smithi131...
2023-12-07T14:31:47.604 INFO:journalctl@ceph.mon.a.smithi131.stdout:Dec 07 14:31:47 smithi131 ceph-mon[98931]: from='client.14138 -' entity='client.admin' cmd=[{"prefix": "cephadm get-pub-key", "target": ["mon-mgr", ""]}]: dispatch
2023-12-07T14:31:48.390 INFO:journalctl@ceph.mon.a.smithi131.stdout:Dec 07 14:31:48 smithi131 ceph-mon[98931]: from='client.14140 -' entity='client.admin' cmd=[{"prefix": "orch host add", "hostname": "smithi131", "addr": "172.21.15.131", "target": ["mon-mgr", ""]}]: dispatch
2023-12-07T14:31:49.604 INFO:journalctl@ceph.mon.a.smithi131.stdout:Dec 07 14:31:49 smithi131 ceph-mon[98931]: Deploying cephadm binary to smithi131
2023-12-07T14:31:51.927 INFO:teuthology.orchestra.run.smithi131.stdout:/usr/bin/ceph: stdout Added host 'smithi131' with addr '172.21.15.131'
2023-12-07T14:31:51.927 INFO:teuthology.orchestra.run.smithi131.stdout:/usr/bin/ceph: stderr
2023-12-07T14:31:47.389+0000 7f0e6df3c700 1 Processor -- start
2023-12-07T14:31:51.927 INFO:teuthology.orchestra.run.smithi131.stdout:/usr/bin/ceph: stderr
2023-12-07T14:31:47.389+0000 7f0e6df3c700 1 -- start start
2023-12-07T14:31:51.927 INFO:teuthology.orchestra.run.smithi131.stdout:/usr/bin/ceph: stderr
2023-12-07T14:31:47.389+0000 7f0e6df3c700 1 --2- >> [v2:172.21.15.131:3300/0,v1:172.21.15.131:6789/0] conn(0x7f0e68105290 0x7f0e681056b0 unknown :-1 s=NONE pgs=0 cs=0 l=0 rev1=0 crypto rx=0 tx=0 comp rx=0 tx=0).connect
2023-12-07T14:31:51.928 INFO:teuthology.orchestra.run.smithi131.stdout:/usr/bin/ceph: stderr
2023-12-07T14:31:47.389+0000 7f0e6df3c700 1 -- --> [v2:172.21.15.131:3300/0,v1:172.21.15.131:6789/0] -- mon_getmap magic: 0 v1 -- 0x7f0e68105c80 con 0x7f0e68105290
2023-12-07T14:31:51.928 INFO:teuthology.orchestra.run.smithi131.stdout:/usr/bin/ceph: stderr
2023-12-07T14:31:47.389+0000 7f0e677fe700 1 --2- >> [v2:172.21.15.131:3300/0,v1:172.21.15.131:6789/0] conn(0x7f0e68105290 0x7f0e681056b0 unknown :-1 s=BANNER_CONNECTING pgs=0 cs=0 l=0 rev1=0 crypto rx=0 tx=0 comp rx=0 tx=0)._handle_peer_banner_payload supported=3 required=0
2023-12-07T14:31:51.928 INFO:teuthology.orchestra.run.smithi131.stdout:/usr/bin/ceph: stderr
2023-12-07T14:31:47.389+0000 7f0e677fe700 1 --2- >> [v2:172.21.15.131:3300/0,v1:172.21.15.131:6789/0] conn(0x7f0e68105290 0x7f0e681056b0 unknown :-1 s=HELLO_CONNECTING pgs=0 cs=0 l=0 rev1=1 crypto rx=0 tx=0 comp rx=0 tx=0).handle_hello peer v2:172.21.15.131:3300/0 says I am v2:172.21.15.131:43996/0 (socket says 172.21.15.131:43996)
2023-12-07T14:31:51.928 INFO:teuthology.orchestra.run.smithi131.stdout:/usr/bin/ceph: stderr
2023-12-07T14:31:47.389+0000 7f0e677fe700 1 -- 172.21.15.131:0/4120679063 learned_addr learned my addr 172.21.15.131:0/4120679063 (peer_addr_for_me v2:172.21.15.131:0/0)
2023-12-07T14:31:51.928 INFO:teuthology.orchestra.run.smithi131.stdout:/usr/bin/ceph: stderr
2023-12-07T14:31:47.389+0000 7f0e677fe700 1 -- 172.21.15.131:0/4120679063 --> [v2:172.21.15.131:3300/0,v1:172.21.15.131:6789/0] -- mon_subscribe({config=0+,monmap=0+}) v3 -- 0x7f0e68105dc0 con 0x7f0e68105290
2023-12-07T14:31:51.928 INFO:teuthology.orchestra.run.smithi131.stdout:/usr/bin/ceph: stderr
2023-12-07T14:31:47.390+0000 7f0e677fe700 1 --2- 172.21.15.131:0/4120679063 >> [v2:172.21.15.131:3300/0,v1:172.21.15.131:6789/0] conn(0x7f0e68105290 0x7f0e681056b0 secure :-1 s=READY pgs=45 cs=0 l=1 rev1=1 crypto rx=0x7f0e580098a0 tx=0x7f0e58009bb0 comp rx=0 tx=0).ready entity=mon.0 client_cookie=205f7ba137ddc40b server_cookie=0 in_seq=0 out_seq=0
2023-12-07T14:31:51.928 INFO:teuthology.orchestra.run.smithi131.stdout:/usr/bin/ceph: stderr
2023-12-07T14:31:47.390+0000 7f0e667fc700 1 -- 172.21.15.131:0/4120679063 <== mon.0 v2:172.21.15.131:3300/0 1 ==== mon_map magic: 0 v1 ==== 205+0+0 (secure 0 0 0) 0x7f0e58004160 con 0x7f0e68105290
2023-12-07T14:31:51.928 INFO:teuthology.orchestra.run.smithi131.stdout:/usr/bin/ceph: stderr
2023-12-07T14:31:47.390+0000 7f0e667fc700 1 -- 172.21.15.131:0/4120679063 <== mon.0 v2:172.21.15.131:3300/0 2 ==== config(27 keys) v1 ==== 1108+0+0 (secure 0 0 0) 0x7f0e580042c0 con 0x7f0e68105290
2023-12-07T14:31:51.928 INFO:teuthology.orchestra.run.smithi131.stdout:/usr/bin/ceph: stderr
2023-12-07T14:31:47.390+0000 7f0e667fc700 1 -- 172.21.15.131:0/4120679063 <== mon.0 v2:172.21.15.131:3300/0 3 ==== mon_map magic: 0 v1 ==== 205+0+0 (secure 0 0 0) 0x7f0e58011ac0 con 0x7f0e68105290
2023-12-07T14:31:51.928 INFO:teuthology.orchestra.run.smithi131.stdout:/usr/bin/ceph: stderr
2023-12-07T14:31:47.390+0000 7f0e6df3c700 1 -- 172.21.15.131:0/4120679063 >> [v2:172.21.15.131:3300/0,v1:172.21.15.131:6789/0] conn(0x7f0e68105290 msgr2=0x7f0e681056b0 secure :-1 s=STATE_CONNECTION_ESTABLISHED l=1).mark_down
2023-12-07T14:31:51.928 INFO:teuthology.orchestra.run.smithi131.stdout:/usr/bin/ceph: stderr
2023-12-07T14:31:47.390+0000 7f0e6df3c700 1 --2- 172.21.15.131:0/4120679063 >> [v2:172.21.15.131:3300/0,v1:172.21.15.131:6789/0] conn(0x7f0e68105290 0x7f0e681056b0 secure :-1 s=READY pgs=45 cs=0 l=1 rev1=1 crypto rx=0x7f0e580098a0 tx=0x7f0e58009bb0 comp rx=0 tx=0).stop
2023-12-07T14:31:51.928 INFO:teuthology.orchestra.run.smithi131.stdout:/usr/bin/ceph: stderr
2023-12-07T14:31:47.390+0000 7f0e6df3c700 1 -- 172.21.15.131:0/4120679063 shutdown_connections
2023-12-07T14:31:51.928 INFO:teuthology.orchestra.run.smithi131.stdout:/usr/bin/ceph: stderr
2023-12-07T14:31:47.390+0000 7f0e6df3c700 1 --2- 172.21.15.131:0/4120679063 >> [v2:172.21.15.131:3300/0,v1:172.21.15.131:6789/0] conn(0x7f0e68105290 0x7f0e681056b0 unknown :-1 s=CLOSED pgs=45 cs=0 l=1 rev1=1 crypto rx=0 tx=0 comp rx=0 tx=0).stop
2023-12-07T14:31:51.928 INFO:teuthology.orchestra.run.smithi131.stdout:/usr/bin/ceph: stderr
2023-12-07T14:31:47.390+0000 7f0e6df3c700 1 -- 172.21.15.131:0/4120679063 >> 172.21.15.131:0/4120679063 conn(0x7f0e68100d40 msgr2=0x7f0e68103160 unknown :-1 s=STATE_NONE l=0).mark_down
2023-12-07T14:31:51.928 INFO:teuthology.orchestra.run.smithi131.stdout:/usr/bin/ceph: stderr
2023-12-07T14:31:47.390+0000 7f0e6df3c700 1 -- 172.21.15.131:0/4120679063 shutdown_connections
2023-12-07T14:31:51.929 INFO:teuthology.orchestra.run.smithi131.stdout:/usr/bin/ceph: stderr
2023-12-07T14:31:47.390+0000 7f0e6df3c700 1 -- 172.21.15.131:0/4120679063 wait complete.
2023-12-07T14:31:51.929 INFO:teuthology.orchestra.run.smithi131.stdout:/usr/bin/ceph: stderr
2023-12-07T14:31:47.391+0000 7f0e6df3c700 1 Processor -- start
2023-12-07T14:31:51.929 INFO:teuthology.orchestra.run.smithi131.stdout:/usr/bin/ceph: stderr
2023-12-07T14:31:47.391+0000 7f0e6df3c700 1 -- start start
2023-12-07T14:31:51.929 INFO:teuthology.orchestra.run.smithi131.stdout:/usr/bin/ceph: stderr
2023-12-07T14:31:47.391+0000 7f0e6df3c700 1 --2- >> [v2:172.21.15.131:3300/0,v1:172.21.15.131:6789/0] conn(0x7f0e68105290 0x7f0e68107b30 unknown :-1 s=NONE pgs=0 cs=0 l=1 rev1=0 crypto rx=0 tx=0 comp rx=0 tx=0).connect
2023-12-07T14:31:51.929 INFO:teuthology.orchestra.run.smithi131.stdout:/usr/bin/ceph: stderr
2023-12-07T14:31:47.391+0000 7f0e6df3c700 1 -- --> [v2:172.21.15.131:3300/0,v1:172.21.15.131:6789/0] -- mon_getmap magic: 0 v1 -- 0x7f0e68108070 con 0x7f0e68105290
2023-12-07T14:31:51.929 INFO:teuthology.orchestra.run.smithi131.stdout:/usr/bin/ceph: stderr
2023-12-07T14:31:47.392+0000 7f0e677fe700 1 --2- >> [v2:172.21.15.131:3300/0,v1:172.21.15.131:6789/0] conn(0x7f0e68105290 0x7f0e68107b30 unknown :-1 s=BANNER_CONNECTING pgs=0 cs=0 l=1 rev1=0 crypto rx=0 tx=0 comp rx=0 tx=0)._handle_peer_banner_payload supported=3 required=0
2023-12-07T14:31:51.929 INFO:teuthology.orchestra.run.smithi131.stdout:/usr/bin/ceph: stderr
2023-12-07T14:31:47.392+0000 7f0e677fe700 1 --2- >> [v2:172.21.15.131:3300/0,v1:172.21.15.131:6789/0] conn(0x7f0e68105290 0x7f0e68107b30 unknown :-1 s=HELLO_CONNECTING pgs=0 cs=0 l=1 rev1=1 crypto rx=0 tx=0 comp rx=0 tx=0).handle_hello peer v2:172.21.15.131:3300/0 says I am v2:172.21.15.131:43998/0 (socket says 172.21.15.131:43998)
2023-12-07T14:31:51.929 INFO:teuthology.orchestra.run.smithi131.stdout:/usr/bin/ceph: stderr
2023-12-07T14:31:47.392+0000 7f0e677fe700 1 -- 172.21.15.131:0/2229133853 learned_addr learned my addr 172.21.15.131:0/2229133853 (peer_addr_for_me v2:172.21.15.131:0/0)
2023-12-07T14:31:51.929 INFO:teuthology.orchestra.run.smithi131.stdout:/usr/bin/ceph: stderr
2023-12-07T14:31:47.392+0000 7f0e677fe700 1 -- 172.21.15.131:0/2229133853 --> [v2:172.21.15.131:3300/0,v1:172.21.15.131:6789/0] -- mon_subscribe({config=0+,monmap=0+}) v3 -- 0x7f0e58009550 con 0x7f0e68105290
2023-12-07T14:31:51.929 INFO:teuthology.orchestra.run.smithi131.stdout:/usr/bin/ceph: stderr
2023-12-07T14:31:47.392+0000 7f0e677fe700 1 --2- 172.21.15.131:0/2229133853 >> [v2:172.21.15.131:3300/0,v1:172.21.15.131:6789/0] conn(0x7f0e68105290 0x7f0e68107b30 secure :-1 s=READY pgs=46 cs=0 l=1 rev1=1 crypto rx=0x7f0e58003f70 tx=0x7f0e58011b40 comp rx=0 tx=0).ready entity=mon.0 client_cookie=0 server_cookie=0 in_seq=0 out_seq=0
2023-12-07T14:31:51.929 INFO:teuthology.orchestra.run.smithi131.stdout:/usr/bin/ceph: stderr
2023-12-07T14:31:47.392+0000 7f0e64ff9700 1 -- 172.21.15.131:0/2229133853 <== mon.0 v2:172.21.15.131:3300/0 1 ==== mon_map magic: 0 v1 ==== 205+0+0 (secure 0 0 0) 0x7f0e580039f0 con 0x7f0e68105290
2023-12-07T14:31:51.929 INFO:teuthology.orchestra.run.smithi131.stdout:/usr/bin/ceph: stderr
2023-12-07T14:31:47.392+0000 7f0e64ff9700 1 -- 172.21.15.131:0/2229133853 <== mon.0 v2:172.21.15.131:3300/0 2 ==== config(27 keys) v1 ==== 1108+0+0 (secure 0 0 0) 0x7f0e58003b50 con 0x7f0e68105290
2023-12-07T14:31:51.929 INFO:teuthology.orchestra.run.smithi131.stdout:/usr/bin/ceph: stderr
2023-12-07T14:31:47.392+0000 7f0e6df3c700 1 -- 172.21.15.131:0/2229133853 --> [v2:172.21.15.131:3300/0,v1:172.21.15.131:6789/0] -- mon_subscribe({mgrmap=0+}) v3 -- 0x7f0e681062b0 con 0x7f0e68105290
2023-12-07T14:31:51.929 INFO:teuthology.orchestra.run.smithi131.stdout:/usr/bin/ceph: stderr
2023-12-07T14:31:47.392+0000 7f0e64ff9700 1 -- 172.21.15.131:0/2229133853 <== mon.0 v2:172.21.15.131:3300/0 3 ==== mon_map magic: 0 v1 ==== 205+0+0 (secure 0 0 0) 0x7f0e5801a690 con 0x7f0e68105290
2023-12-07T14:31:51.930 INFO:teuthology.orchestra.run.smithi131.stdout:/usr/bin/ceph: stderr
2023-12-07T14:31:47.392+0000 7f0e6df3c700 1 -- 172.21.15.131:0/2229133853 --> [v2:172.21.15.131:3300/0,v1:172.21.15.131:6789/0] -- mon_subscribe({osdmap=0}) v3 -- 0x7f0e68106750 con 0x7f0e68105290
2023-12-07T14:31:51.930 INFO:teuthology.orchestra.run.smithi131.stdout:/usr/bin/ceph: stderr
2023-12-07T14:31:47.393+0000 7f0e64ff9700 1 -- 172.21.15.131:0/2229133853 <== mon.0 v2:172.21.15.131:3300/0 4 ==== mgrmap(e 8) v1 ==== 45580+0+0 (secure 0 0 0) 0x7f0e5801a900 con 0x7f0e68105290
2023-12-07T14:31:51.930 INFO:teuthology.orchestra.run.smithi131.stdout:/usr/bin/ceph: stderr
2023-12-07T14:31:47.393+0000 7f0e64ff9700 1 --2- 172.21.15.131:0/2229133853 >> [v2:172.21.15.131:6800/1469680763,v1:172.21.15.131:6801/1469680763] conn(0x7f0e50038820 0x7f0e5003ace0 unknown :-1 s=NONE pgs=0 cs=0 l=1 rev1=0 crypto rx=0 tx=0 comp rx=0 tx=0).connect
2023-12-07T14:31:51.930 INFO:teuthology.orchestra.run.smithi131.stdout:/usr/bin/ceph: stderr
2023-12-07T14:31:47.393+0000 7f0e6df3c700 1 -- 172.21.15.131:0/2229133853 --> [v2:172.21.15.131:3300/0,v1:172.21.15.131:6789/0] -- mon_command({"prefix": "get_command_descriptions"} v 0) v1 -- 0x7f0e68062c00 con 0x7f0e68105290
2023-12-07T14:31:51.930 INFO:teuthology.orchestra.run.smithi131.stdout:/usr/bin/ceph: stderr
2023-12-07T14:31:47.393+0000 7f0e66ffd700 1 --2- 172.21.15.131:0/2229133853 >> [v2:172.21.15.131:6800/1469680763,v1:172.21.15.131:6801/1469680763] conn(0x7f0e50038820 0x7f0e5003ace0 unknown :-1 s=BANNER_CONNECTING pgs=0 cs=0 l=1 rev1=0 crypto rx=0 tx=0 comp rx=0 tx=0)._handle_peer_banner_payload supported=3 required=0
2023-12-07T14:31:51.930 INFO:teuthology.orchestra.run.smithi131.stdout:/usr/bin/ceph: stderr
2023-12-07T14:31:47.393+0000 7f0e64ff9700 1 -- 172.21.15.131:0/2229133853 <== mon.0 v2:172.21.15.131:3300/0 5 ==== osd_map(2..2 src has 1..2) v4 ==== 940+0+0 (secure 0 0 0) 0x7f0e5804cc00 con 0x7f0e68105290
2023-12-07T14:31:51.931 INFO:teuthology.orchestra.run.smithi131.stdout:/usr/bin/ceph: stderr
2023-12-07T14:31:47.394+0000 7f0e66ffd700 1 --2- 172.21.15.131:0/2229133853 >> [v2:172.21.15.131:6800/1469680763,v1:172.21.15.131:6801/1469680763] conn(0x7f0e50038820 0x7f0e5003ace0 secure :-1 s=READY pgs=11 cs=0 l=1 rev1=1 crypto rx=0x7f0e5c006fd0 tx=0x7f0e5c006e40 comp rx=0 tx=0).ready entity=mgr.14120 client_cookie=0 server_cookie=0 in_seq=0 out_seq=0
2023-12-07T14:31:51.931 INFO:teuthology.orchestra.run.smithi131.stdout:/usr/bin/ceph: stderr
2023-12-07T14:31:47.398+0000 7f0e64ff9700 1 -- 172.21.15.131:0/2229133853 <== mon.0 v2:172.21.15.131:3300/0 6 ==== mon_command_ack([{"prefix": "get_command_descriptions"}]=0 v0) v1 ==== 72+0+180949 (secure 0 0 0) 0x7f0e5807c2f0 con 0x7f0e68105290
2023-12-07T14:31:51.931 INFO:teuthology.orchestra.run.smithi131.stdout:/usr/bin/ceph: stderr
2023-12-07T14:31:47.589+0000 7f0e6df3c700 1 -- 172.21.15.131:0/2229133853 --> [v2:172.21.15.131:6800/1469680763,v1:172.21.15.131:6801/1469680763] -- mgr_command(tid 0: {"prefix": "orch host add", "hostname": "smithi131", "addr": "172.21.15.131", "target": ["mon-mgr", ""]}) v1 -- 0x7f0e68106f10 con 0x7f0e50038820
2023-12-07T14:31:51.931 INFO:teuthology.orchestra.run.smithi131.stdout:/usr/bin/ceph: stderr
2023-12-07T14:31:51.436+0000 7f0e64ff9700 1 -- 172.21.15.131:0/2229133853 <== mgr.14120 v2:172.21.15.131:6800/1469680763 1 ==== mgr_command_reply(tid 0: 0 ) v1 ==== 8+0+49 (secure 0 0 0) 0x7f0e68106f10 con 0x7f0e50038820
2023-12-07T14:31:51.931 INFO:teuthology.orchestra.run.smithi131.stdout:/usr/bin/ceph: stderr
2023-12-07T14:31:51.438+0000 7f0e6df3c700 1 -- 172.21.15.131:0/2229133853 >> [v2:172.21.15.131:6800/1469680763,v1:172.21.15.131:6801/1469680763] conn(0x7f0e50038820 msgr2=0x7f0e5003ace0 secure :-1 s=STATE_CONNECTION_ESTABLISHED l=1).mark_down
2023-12-07T14:31:51.931 INFO:teuthology.orchestra.run.smithi131.stdout:/usr/bin/ceph: stderr
2023-12-07T14:31:51.438+0000 7f0e6df3c700 1 --2- 172.21.15.131:0/2229133853 >> [v2:172.21.15.131:6800/1469680763,v1:172.21.15.131:6801/1469680763] conn(0x7f0e50038820 0x7f0e5003ace0 secure :-1 s=READY pgs=11 cs=0 l=1 rev1=1 crypto rx=0x7f0e5c006fd0 tx=0x7f0e5c006e40 comp rx=0 tx=0).stop
2023-12-07T14:31:51.931 INFO:teuthology.orchestra.run.smithi131.stdout:/usr/bin/ceph: stderr
2023-12-07T14:31:51.439+0000 7f0e6df3c700 1 -- 172.21.15.131:0/2229133853 >> [v2:172.21.15.131:3300/0,v1:172.21.15.131:6789/0] conn(0x7f0e68105290 msgr2=0x7f0e68107b30 secure :-1 s=STATE_CONNECTION_ESTABLISHED l=1).mark_down
2023-12-07T14:31:51.931 INFO:teuthology.orchestra.run.smithi131.stdout:/usr/bin/ceph: stderr
2023-12-07T14:31:51.439+0000 7f0e6df3c700 1 --2- 172.21.15.131:0/2229133853 >> [v2:172.21.15.131:3300/0,v1:172.21.15.131:6789/0] conn(0x7f0e68105290 0x7f0e68107b30 secure :-1 s=READY pgs=46 cs=0 l=1 rev1=1 crypto rx=0x7f0e58003f70 tx=0x7f0e58011b40 comp rx=0 tx=0).stop
2023-12-07T14:31:51.932 INFO:teuthology.orchestra.run.smithi131.stdout:/usr/bin/ceph: stderr
2023-12-07T14:31:51.439+0000 7f0e6df3c700 1 -- 172.21.15.131:0/2229133853 shutdown_connections
2023-12-07T14:31:51.932 INFO:teuthology.orchestra.run.smithi131.stdout:/usr/bin/ceph: stderr
2023-12-07T14:31:51.439+0000 7f0e6df3c700 1 --2- 172.21.15.131:0/2229133853 >> [v2:172.21.15.131:6800/1469680763,v1:172.21.15.131:6801/1469680763] conn(0x7f0e50038820 0x7f0e5003ace0 unknown :-1 s=CLOSED pgs=11 cs=0 l=1 rev1=1 crypto rx=0 tx=0 comp rx=0 tx=0).stop
2023-12-07T14:31:51.932 INFO:teuthology.orchestra.run.smithi131.stdout:/usr/bin/ceph: stderr
2023-12-07T14:31:51.439+0000 7f0e6df3c700 1 --2- 172.21.15.131:0/2229133853 >> [v2:172.21.15.131:3300/0,v1:172.21.15.131:6789/0] conn(0x7f0e68105290 0x7f0e68107b30 unknown :-1 s=CLOSED pgs=46 cs=0 l=1 rev1=1 crypto rx=0 tx=0 comp rx=0 tx=0).stop
2023-12-07T14:31:51.932 INFO:teuthology.orchestra.run.smithi131.stdout:/usr/bin/ceph: stderr
2023-12-07T14:31:51.439+0000 7f0e6df3c700 1 -- 172.21.15.131:0/2229133853 >> 172.21.15.131:0/2229133853 conn(0x7f0e68100d40 msgr2=0x7f0e681018d0 unknown :-1 s=STATE_NONE l=0).mark_down
2023-12-07T14:31:51.932 INFO:teuthology.orchestra.run.smithi131.stdout:/usr/bin/ceph: stderr
2023-12-07T14:31:51.439+0000 7f0e6df3c700 1 -- 172.21.15.131:0/2229133853 shutdown_connections
2023-12-07T14:31:51.932 INFO:teuthology.orchestra.run.smithi131.stdout:/usr/bin/ceph: stderr
2023-12-07T14:31:51.439+0000 7f0e6df3c700 1 -- 172.21.15.131:0/2229133853 wait complete.
2023-12-07T14:31:51.932 INFO:teuthology.orchestra.run.smithi131.stdout:Deploying unmanaged mon service...
2023-12-07T14:31:52.716 INFO:journalctl@ceph.mon.a.smithi131.stdout:Dec 07 14:31:52 smithi131 ceph-mon[98931]: from='mgr.14120 172.21.15.131:0/149770810' entity='mgr.x'
2023-12-07T14:31:52.716 INFO:journalctl@ceph.mon.a.smithi131.stdout:Dec 07 14:31:52 smithi131 ceph-mon[98931]: Added host smithi131
2023-12-07T14:31:52.716 INFO:journalctl@ceph.mon.a.smithi131.stdout:Dec 07 14:31:52 smithi131 ceph-mon[98931]: from='mgr.14120 172.21.15.131:0/149770810' entity='mgr.x' cmd=[{"prefix": "config dump", "format": "json"}]: dispatch
2023-12-07T14:31:53.276 INFO:teuthology.orchestra.run.smithi131.stdout:/usr/bin/ceph: stdout Scheduled mon update...
2023-12-07T14:31:53.276 INFO:teuthology.orchestra.run.smithi131.stdout:/usr/bin/ceph: stderr
2023-12-07T14:31:52.466+0000 7f1a68658700 1 Processor -- start
2023-12-07T14:31:53.277 INFO:teuthology.orchestra.run.smithi131.stdout:/usr/bin/ceph: stderr
2023-12-07T14:31:52.466+0000 7f1a68658700 1 -- start start
2023-12-07T14:31:53.277 INFO:teuthology.orchestra.run.smithi131.stdout:/usr/bin/ceph: stderr
2023-12-07T14:31:52.466+0000 7f1a68658700 1 --2- >> [v2:172.21.15.131:3300/0,v1:172.21.15.131:6789/0] conn(0x7f1a60105f70 0x7f1a60106390 unknown :-1 s=NONE pgs=0 cs=0 l=0 rev1=0 crypto rx=0 tx=0 comp rx=0 tx=0).connect
2023-12-07T14:31:53.277 INFO:teuthology.orchestra.run.smithi131.stdout:/usr/bin/ceph: stderr
2023-12-07T14:31:52.466+0000 7f1a68658700 1 -- --> [v2:172.21.15.131:3300/0,v1:172.21.15.131:6789/0] -- mon_getmap magic: 0 v1 -- 0x7f1a60106960 con 0x7f1a60105f70
2023-12-07T14:31:53.277 INFO:teuthology.orchestra.run.smithi131.stdout:/usr/bin/ceph: stderr
2023-12-07T14:31:52.466+0000 7f1a663f4700 1 --2- >> [v2:172.21.15.131:3300/0,v1:172.21.15.131:6789/0] conn(0x7f1a60105f70 0x7f1a60106390 unknown :-1 s=BANNER_CONNECTING pgs=0 cs=0 l=0 rev1=0 crypto rx=0 tx=0 comp rx=0 tx=0)._handle_peer_banner_payload supported=3 required=0
2023-12-07T14:31:53.277 INFO:teuthology.orchestra.run.smithi131.stdout:/usr/bin/ceph: stderr
2023-12-07T14:31:52.466+0000 7f1a663f4700 1 --2- >> [v2:172.21.15.131:3300/0,v1:172.21.15.131:6789/0] conn(0x7f1a60105f70 0x7f1a60106390 unknown :-1 s=HELLO_CONNECTING pgs=0 cs=0 l=0 rev1=1 crypto rx=0 tx=0 comp rx=0 tx=0).handle_hello peer v2:172.21.15.131:3300/0 says I am v2:172.21.15.131:44032/0 (socket says 172.21.15.131:44032)
2023-12-07T14:31:53.277 INFO:teuthology.orchestra.run.smithi131.stdout:/usr/bin/ceph: stderr
2023-12-07T14:31:52.466+0000 7f1a663f4700 1 -- 172.21.15.131:0/3414044744 learned_addr learned my addr 172.21.15.131:0/3414044744 (peer_addr_for_me v2:172.21.15.131:0/0)
2023-12-07T14:31:53.277 INFO:teuthology.orchestra.run.smithi131.stdout:/usr/bin/ceph: stderr
2023-12-07T14:31:52.467+0000 7f1a663f4700 1 -- 172.21.15.131:0/3414044744 --> [v2:172.21.15.131:3300/0,v1:172.21.15.131:6789/0] -- mon_subscribe({config=0+,monmap=0+}) v3 -- 0x7f1a60107170 con 0x7f1a60105f70
2023-12-07T14:31:53.278 INFO:teuthology.orchestra.run.smithi131.stdout:/usr/bin/ceph: stderr
2023-12-07T14:31:52.467+0000 7f1a663f4700 1 --2- 172.21.15.131:0/3414044744 >> [v2:172.21.15.131:3300/0,v1:172.21.15.131:6789/0] conn(0x7f1a60105f70 0x7f1a60106390 secure :-1 s=READY pgs=47 cs=0 l=1 rev1=1 crypto rx=0x7f1a5c0098a0 tx=0x7f1a5c009bb0 comp rx=0 tx=0).ready entity=mon.0 client_cookie=f60d51aaf0a7eaf4 server_cookie=0 in_seq=0 out_seq=0
2023-12-07T14:31:53.278 INFO:teuthology.orchestra.run.smithi131.stdout:/usr/bin/ceph: stderr
2023-12-07T14:31:52.467+0000 7f1a653f2700 1 -- 172.21.15.131:0/3414044744 <== mon.0 v2:172.21.15.131:3300/0 1 ==== mon_map magic: 0 v1 ==== 205+0+0 (secure 0 0 0) 0x7f1a5c004160 con 0x7f1a60105f70
2023-12-07T14:31:53.278 INFO:teuthology.orchestra.run.smithi131.stdout:/usr/bin/ceph: stderr
2023-12-07T14:31:52.467+0000 7f1a653f2700 1 -- 172.21.15.131:0/3414044744 <== mon.0 v2:172.21.15.131:3300/0 2 ==== config(27 keys) v1 ==== 1108+0+0 (secure 0 0 0) 0x7f1a5c0042c0 con 0x7f1a60105f70
2023-12-07T14:31:53.281 INFO:teuthology.orchestra.run.smithi131.stdout:/usr/bin/ceph: stderr
2023-12-07T14:31:52.467+0000 7f1a653f2700 1 -- 172.21.15.131:0/3414044744 <== mon.0 v2:172.21.15.131:3300/0 3 ==== mon_map magic: 0 v1 ==== 205+0+0 (secure 0 0 0) 0x7f1a5c011ac0 con 0x7f1a60105f70
2023-12-07T14:31:53.281 INFO:teuthology.orchestra.run.smithi131.stdout:/usr/bin/ceph: stderr
2023-12-07T14:31:52.468+0000 7f1a68658700 1 -- 172.21.15.131:0/3414044744 >> [v2:172.21.15.131:3300/0,v1:172.21.15.131:6789/0] conn(0x7f1a60105f70 msgr2=0x7f1a60106390 secure :-1 s=STATE_CONNECTION_ESTABLISHED l=1).mark_down
2023-12-07T14:31:53.281 INFO:teuthology.orchestra.run.smithi131.stdout:/usr/bin/ceph: stderr
2023-12-07T14:31:52.468+0000 7f1a68658700 1 --2- 172.21.15.131:0/3414044744 >> [v2:172.21.15.131:3300/0,v1:172.21.15.131:6789/0] conn(0x7f1a60105f70 0x7f1a60106390 secure :-1 s=READY pgs=47 cs=0 l=1 rev1=1 crypto rx=0x7f1a5c0098a0 tx=0x7f1a5c009bb0 comp rx=0 tx=0).stop
2023-12-07T14:31:53.284 INFO:teuthology.orchestra.run.smithi131.stdout:/usr/bin/ceph: stderr
2023-12-07T14:31:52.468+0000 7f1a68658700 1 -- 172.21.15.131:0/3414044744 shutdown_connections
2023-12-07T14:31:53.284 INFO:teuthology.orchestra.run.smithi131.stdout:/usr/bin/ceph: stderr
2023-12-07T14:31:52.468+0000 7f1a68658700 1 --2- 172.21.15.131:0/3414044744 >> [v2:172.21.15.131:3300/0,v1:172.21.15.131:6789/0] conn(0x7f1a60105f70 0x7f1a60106390 unknown :-1 s=CLOSED pgs=47 cs=0 l=1 rev1=1 crypto rx=0 tx=0 comp rx=0 tx=0).stop
2023-12-07T14:31:53.284 INFO:teuthology.orchestra.run.smithi131.stdout:/usr/bin/ceph: stderr
2023-12-07T14:31:52.468+0000 7f1a68658700 1 -- 172.21.15.131:0/3414044744 >> 172.21.15.131:0/3414044744 conn(0x7f1a60101570 msgr2=0x7f1a60103990 unknown :-1 s=STATE_NONE l=0).mark_down
2023-12-07T14:31:53.284 INFO:teuthology.orchestra.run.smithi131.stdout:/usr/bin/ceph: stderr
2023-12-07T14:31:52.468+0000 7f1a68658700 1 -- 172.21.15.131:0/3414044744 shutdown_connections
2023-12-07T14:31:53.284 INFO:teuthology.orchestra.run.smithi131.stdout:/usr/bin/ceph: stderr
2023-12-07T14:31:52.468+0000 7f1a68658700 1 -- 172.21.15.131:0/3414044744 wait complete.
2023-12-07T14:31:53.284 INFO:teuthology.orchestra.run.smithi131.stdout:/usr/bin/ceph: stderr
2023-12-07T14:31:52.468+0000 7f1a68658700 1 Processor -- start
2023-12-07T14:31:53.285 INFO:teuthology.orchestra.run.smithi131.stdout:/usr/bin/ceph: stderr
2023-12-07T14:31:52.468+0000 7f1a68658700 1 -- start start
2023-12-07T14:31:53.285 INFO:teuthology.orchestra.run.smithi131.stdout:/usr/bin/ceph: stderr
2023-12-07T14:31:52.469+0000 7f1a68658700 1 --2- >> [v2:172.21.15.131:3300/0,v1:172.21.15.131:6789/0] conn(0x7f1a60105f70 0x7f1a6007aa30 unknown :-1 s=NONE pgs=0 cs=0 l=1 rev1=0 crypto rx=0 tx=0 comp rx=0 tx=0).connect
2023-12-07T14:31:53.285 INFO:teuthology.orchestra.run.smithi131.stdout:/usr/bin/ceph: stderr
2023-12-07T14:31:52.469+0000 7f1a68658700 1 -- --> [v2:172.21.15.131:3300/0,v1:172.21.15.131:6789/0] -- mon_getmap magic: 0 v1 -- 0x7f1a6007af70 con 0x7f1a60105f70
2023-12-07T14:31:53.285 INFO:teuthology.orchestra.run.smithi131.stdout:/usr/bin/ceph: stderr
2023-12-07T14:31:52.469+0000 7f1a663f4700 1 --2- >> [v2:172.21.15.131:3300/0,v1:172.21.15.131:6789/0] conn(0x7f1a60105f70 0x7f1a6007aa30 unknown :-1 s=BANNER_CONNECTING pgs=0 cs=0 l=1 rev1=0 crypto rx=0 tx=0 comp rx=0 tx=0)._handle_peer_banner_payload supported=3 required=0
2023-12-07T14:31:53.285 INFO:teuthology.orchestra.run.smithi131.stdout:/usr/bin/ceph: stderr
2023-12-07T14:31:52.469+0000 7f1a663f4700 1 --2- >> [v2:172.21.15.131:3300/0,v1:172.21.15.131:6789/0] conn(0x7f1a60105f70 0x7f1a6007aa30 unknown :-1 s=HELLO_CONNECTING pgs=0 cs=0 l=1 rev1=1 crypto rx=0 tx=0 comp rx=0 tx=0).handle_hello peer v2:172.21.15.131:3300/0 says I am v2:172.21.15.131:44034/0 (socket says 172.21.15.131:44034)
2023-12-07T14:31:53.285 INFO:teuthology.orchestra.run.smithi131.stdout:/usr/bin/ceph: stderr
2023-12-07T14:31:52.469+0000 7f1a663f4700 1 -- 172.21.15.131:0/3626444004 learned_addr learned my addr 172.21.15.131:0/3626444004 (peer_addr_for_me v2:172.21.15.131:0/0)
2023-12-07T14:31:53.285 INFO:teuthology.orchestra.run.smithi131.stdout:/usr/bin/ceph: stderr
2023-12-07T14:31:52.469+0000 7f1a663f4700 1 -- 172.21.15.131:0/3626444004 --> [v2:172.21.15.131:3300/0,v1:172.21.15.131:6789/0] -- mon_subscribe({config=0+,monmap=0+}) v3 -- 0x7f1a5c009550 con 0x7f1a60105f70
2023-12-07T14:31:53.285 INFO:teuthology.orchestra.run.smithi131.stdout:/usr/bin/ceph: stderr
2023-12-07T14:31:52.469+0000 7f1a663f4700 1 --2- 172.21.15.131:0/3626444004 >> [v2:172.21.15.131:3300/0,v1:172.21.15.131:6789/0] conn(0x7f1a60105f70 0x7f1a6007aa30 secure :-1 s=READY pgs=48 cs=0 l=1 rev1=1 crypto rx=0x7f1a5c003f70 tx=0x7f1a5c011b40 comp rx=0 tx=0).ready entity=mon.0 client_cookie=0 server_cookie=0 in_seq=0 out_seq=0
2023-12-07T14:31:53.285 INFO:teuthology.orchestra.run.smithi131.stdout:/usr/bin/ceph: stderr
2023-12-07T14:31:52.469+0000 7f1a577fe700 1 -- 172.21.15.131:0/3626444004 <== mon.0 v2:172.21.15.131:3300/0 1 ==== mon_map magic: 0 v1 ==== 205+0+0 (secure 0 0 0) 0x7f1a5c0039f0 con 0x7f1a60105f70
2023-12-07T14:31:53.286 INFO:teuthology.orchestra.run.smithi131.stdout:/usr/bin/ceph: stderr
2023-12-07T14:31:52.469+0000 7f1a577fe700 1 -- 172.21.15.131:0/3626444004 <== mon.0 v2:172.21.15.131:3300/0 2 ==== config(27 keys) v1 ==== 1108+0+0 (secure 0 0 0) 0x7f1a5c003b50 con 0x7f1a60105f70
2023-12-07T14:31:53.286 INFO:teuthology.orchestra.run.smithi131.stdout:/usr/bin/ceph: stderr
2023-12-07T14:31:52.469+0000 7f1a68658700 1 -- 172.21.15.131:0/3626444004 --> [v2:172.21.15.131:3300/0,v1:172.21.15.131:6789/0] -- mon_subscribe({mgrmap=0+}) v3 -- 0x7f1a6019db80 con 0x7f1a60105f70
2023-12-07T14:31:53.286 INFO:teuthology.orchestra.run.smithi131.stdout:/usr/bin/ceph: stderr
2023-12-07T14:31:52.469+0000 7f1a577fe700 1 -- 172.21.15.131:0/3626444004 <== mon.0 v2:172.21.15.131:3300/0 3 ==== mon_map magic: 0 v1 ==== 205+0+0 (secure 0 0 0) 0x7f1a5c01a690 con 0x7f1a60105f70
2023-12-07T14:31:53.286 INFO:teuthology.orchestra.run.smithi131.stdout:/usr/bin/ceph: stderr
2023-12-07T14:31:52.469+0000 7f1a68658700 1 -- 172.21.15.131:0/3626444004 --> [v2:172.21.15.131:3300/0,v1:172.21.15.131:6789/0] -- mon_subscribe({osdmap=0}) v3 -- 0x7f1a6019dfa0 con 0x7f1a60105f70
2023-12-07T14:31:53.286 INFO:teuthology.orchestra.run.smithi131.stdout:/usr/bin/ceph: stderr
2023-12-07T14:31:52.470+0000 7f1a577fe700 1 -- 172.21.15.131:0/3626444004 <== mon.0 v2:172.21.15.131:3300/0 4 ==== mgrmap(e 8) v1 ==== 45580+0+0 (secure 0 0 0) 0x7f1a5c024430 con 0x7f1a60105f70
2023-12-07T14:31:53.286 INFO:teuthology.orchestra.run.smithi131.stdout:/usr/bin/ceph: stderr
2023-12-07T14:31:52.470+0000 7f1a68658700 1 -- 172.21.15.131:0/3626444004 --> [v2:172.21.15.131:3300/0,v1:172.21.15.131:6789/0] -- mon_command({"prefix": "get_command_descriptions"} v 0) v1 -- 0x7f1a44005320 con 0x7f1a60105f70
2023-12-07T14:31:53.286 INFO:teuthology.orchestra.run.smithi131.stdout:/usr/bin/ceph: stderr
2023-12-07T14:31:52.470+0000 7f1a577fe700 1 --2- 172.21.15.131:0/3626444004 >> [v2:172.21.15.131:6800/1469680763,v1:172.21.15.131:6801/1469680763] conn(0x7f1a4c038820 0x7f1a4c03ace0 unknown :-1 s=NONE pgs=0 cs=0 l=1 rev1=0 crypto rx=0 tx=0 comp rx=0 tx=0).connect
2023-12-07T14:31:53.286 INFO:teuthology.orchestra.run.smithi131.stdout:/usr/bin/ceph: stderr
2023-12-07T14:31:52.470+0000 7f1a577fe700 1 -- 172.21.15.131:0/3626444004 <== mon.0 v2:172.21.15.131:3300/0 5 ==== osd_map(2..2 src has 1..2) v4 ==== 940+0+0 (secure 0 0 0) 0x7f1a5c04c8e0 con 0x7f1a60105f70
2023-12-07T14:31:53.286 INFO:teuthology.orchestra.run.smithi131.stdout:/usr/bin/ceph: stderr
2023-12-07T14:31:52.470+0000 7f1a65bf3700 1 --2- 172.21.15.131:0/3626444004 >> [v2:172.21.15.131:6800/1469680763,v1:172.21.15.131:6801/1469680763] conn(0x7f1a4c038820 0x7f1a4c03ace0 unknown :-1 s=BANNER_CONNECTING pgs=0 cs=0 l=1 rev1=0 crypto rx=0 tx=0 comp rx=0 tx=0)._handle_peer_banner_payload supported=3 required=0
2023-12-07T14:31:53.286 INFO:teuthology.orchestra.run.smithi131.stdout:/usr/bin/ceph: stderr
2023-12-07T14:31:52.471+0000 7f1a65bf3700 1 --2- 172.21.15.131:0/3626444004 >> [v2:172.21.15.131:6800/1469680763,v1:172.21.15.131:6801/1469680763] conn(0x7f1a4c038820 0x7f1a4c03ace0 secure :-1 s=READY pgs=12 cs=0 l=1 rev1=1 crypto rx=0x7f1a50006fd0 tx=0x7f1a50006e40 comp rx=0 tx=0).ready entity=mgr.14120 client_cookie=0 server_cookie=0 in_seq=0 out_seq=0
2023-12-07T14:31:53.286 INFO:teuthology.orchestra.run.smithi131.stdout:/usr/bin/ceph: stderr
2023-12-07T14:31:52.475+0000 7f1a577fe700 1 -- 172.21.15.131:0/3626444004 <== mon.0 v2:172.21.15.131:3300/0 6 ==== mon_command_ack([{"prefix": "get_command_descriptions"}]=0 v0) v1 ==== 72+0+180949 (secure 0 0 0) 0x7f1a5c0189a0 con 0x7f1a60105f70
2023-12-07T14:31:53.287 INFO:teuthology.orchestra.run.smithi131.stdout:/usr/bin/ceph: stderr
2023-12-07T14:31:52.685+0000 7f1a68658700 1 -- 172.21.15.131:0/3626444004 --> [v2:172.21.15.131:6800/1469680763,v1:172.21.15.131:6801/1469680763] -- mgr_command(tid 0: {"prefix": "orch apply", "service_type": "mon", "unmanaged": true, "target": ["mon-mgr", ""]}) v1 -- 0x7f1a44000bf0 con 0x7f1a4c038820
2023-12-07T14:31:53.287 INFO:teuthology.orchestra.run.smithi131.stdout:/usr/bin/ceph: stderr
2023-12-07T14:31:52.690+0000 7f1a577fe700 1 -- 172.21.15.131:0/3626444004 <== mgr.14120 v2:172.21.15.131:6800/1469680763 1 ==== mgr_command_reply(tid 0: 0 ) v1 ==== 8+0+24 (secure 0 0 0) 0x7f1a44000bf0 con 0x7f1a4c038820
2023-12-07T14:31:53.287 INFO:teuthology.orchestra.run.smithi131.stdout:/usr/bin/ceph: stderr
2023-12-07T14:31:52.692+0000 7f1a68658700 1 -- 172.21.15.131:0/3626444004 >> [v2:172.21.15.131:6800/1469680763,v1:172.21.15.131:6801/1469680763] conn(0x7f1a4c038820 msgr2=0x7f1a4c03ace0 secure :-1 s=STATE_CONNECTION_ESTABLISHED l=1).mark_down
2023-12-07T14:31:53.287 INFO:teuthology.orchestra.run.smithi131.stdout:/usr/bin/ceph: stderr
2023-12-07T14:31:52.692+0000 7f1a68658700 1 --2- 172.21.15.131:0/3626444004 >> [v2:172.21.15.131:6800/1469680763,v1:172.21.15.131:6801/1469680763] conn(0x7f1a4c038820 0x7f1a4c03ace0 secure :-1 s=READY pgs=12 cs=0 l=1 rev1=1 crypto rx=0x7f1a50006fd0 tx=0x7f1a50006e40 comp rx=0 tx=0).stop
2023-12-07T14:31:53.287 INFO:teuthology.orchestra.run.smithi131.stdout:/usr/bin/ceph: stderr
2023-12-07T14:31:52.692+0000 7f1a68658700 1 -- 172.21.15.131:0/3626444004 >> [v2:172.21.15.131:3300/0,v1:172.21.15.131:6789/0] conn(0x7f1a60105f70 msgr2=0x7f1a6007aa30 secure :-1 s=STATE_CONNECTION_ESTABLISHED l=1).mark_down
2023-12-07T14:31:53.287 INFO:teuthology.orchestra.run.smithi131.stdout:/usr/bin/ceph: stderr
2023-12-07T14:31:52.692+0000 7f1a68658700 1 --2- 172.21.15.131:0/3626444004 >> [v2:172.21.15.131:3300/0,v1:172.21.15.131:6789/0] conn(0x7f1a60105f70 0x7f1a6007aa30 secure :-1 s=READY pgs=48 cs=0 l=1 rev1=1 crypto rx=0x7f1a5c003f70 tx=0x7f1a5c011b40 comp rx=0 tx=0).stop
2023-12-07T14:31:53.287 INFO:teuthology.orchestra.run.smithi131.stdout:/usr/bin/ceph: stderr
2023-12-07T14:31:52.692+0000 7f1a68658700 1 -- 172.21.15.131:0/3626444004 shutdown_connections
2023-12-07T14:31:53.287 INFO:teuthology.orchestra.run.smithi131.stdout:/usr/bin/ceph: stderr
2023-12-07T14:31:52.692+0000 7f1a68658700 1 --2- 172.21.15.131:0/3626444004 >> [v2:172.21.15.131:6800/1469680763,v1:172.21.15.131:6801/1469680763] conn(0x7f1a4c038820 0x7f1a4c03ace0 unknown :-1 s=CLOSED pgs=12 cs=0 l=1 rev1=1 crypto rx=0 tx=0 comp rx=0 tx=0).stop
2023-12-07T14:31:53.287 INFO:teuthology.orchestra.run.smithi131.stdout:/usr/bin/ceph: stderr
2023-12-07T14:31:52.692+0000 7f1a68658700 1 --2- 172.21.15.131:0/3626444004 >> [v2:172.21.15.131:3300/0,v1:172.21.15.131:6789/0] conn(0x7f1a60105f70 0x7f1a6007aa30 unknown :-1 s=CLOSED pgs=48 cs=0 l=1 rev1=1 crypto rx=0 tx=0 comp rx=0 tx=0).stop
2023-12-07T14:31:53.287 INFO:teuthology.orchestra.run.smithi131.stdout:/usr/bin/ceph: stderr
2023-12-07T14:31:52.692+0000 7f1a68658700 1 -- 172.21.15.131:0/3626444004 >> 172.21.15.131:0/3626444004 conn(0x7f1a60101570 msgr2=0x7f1a601021b0 unknown :-1 s=STATE_NONE l=0).mark_down
2023-12-07T14:31:53.288 INFO:teuthology.orchestra.run.smithi131.stdout:/usr/bin/ceph: stderr
2023-12-07T14:31:52.692+0000 7f1a68658700 1 -- 172.21.15.131:0/3626444004 shutdown_connections
2023-12-07T14:31:53.288 INFO:teuthology.orchestra.run.smithi131.stdout:/usr/bin/ceph: stderr
2023-12-07T14:31:52.692+0000 7f1a68658700 1 -- 172.21.15.131:0/3626444004 wait complete.
2023-12-07T14:31:53.288 INFO:teuthology.orchestra.run.smithi131.stdout:Deploying unmanaged mgr service...
2023-12-07T14:31:53.767 INFO:journalctl@ceph.mon.a.smithi131.stdout:Dec 07 14:31:53 smithi131 ceph-mon[98931]: from='client.14142 -' entity='client.admin' cmd=[{"prefix": "orch apply", "service_type": "mon", "unmanaged": true, "target": ["mon-mgr", ""]}]: dispatch
2023-12-07T14:31:53.767 INFO:journalctl@ceph.mon.a.smithi131.stdout:Dec 07 14:31:53 smithi131 ceph-mon[98931]: Saving service mon spec with placement count:5
2023-12-07T14:31:53.767 INFO:journalctl@ceph.mon.a.smithi131.stdout:Dec 07 14:31:53 smithi131 ceph-mon[98931]: from='mgr.14120 172.21.15.131:0/149770810' entity='mgr.x'
2023-12-07T14:31:53.767 INFO:journalctl@ceph.mon.a.smithi131.stdout:Dec 07 14:31:53 smithi131 ceph-mon[98931]: from='mgr.14120 172.21.15.131:0/149770810' entity='mgr.x'
2023-12-07T14:31:54.675 INFO:teuthology.orchestra.run.smithi131.stdout:/usr/bin/ceph: stdout Scheduled mgr update...
2023-12-07T14:31:54.709 INFO:teuthology.orchestra.run.smithi131.stdout:/usr/bin/ceph: stderr
2023-12-07T14:31:53.980+0000 7fad72f1e700 1 Processor -- start
2023-12-07T14:31:54.709 INFO:teuthology.orchestra.run.smithi131.stdout:/usr/bin/ceph: stderr
2023-12-07T14:31:53.980+0000 7fad72f1e700 1 -- start start
2023-12-07T14:31:54.709 INFO:teuthology.orchestra.run.smithi131.stdout:/usr/bin/ceph: stderr
2023-12-07T14:31:53.980+0000 7fad72f1e700 1 --2- >> [v2:172.21.15.131:3300/0,v1:172.21.15.131:6789/0] conn(0x7fad6c107b20 0x7fad6c109f10 unknown :-1 s=NONE pgs=0 cs=0 l=0 rev1=0 crypto rx=0 tx=0 comp rx=0 tx=0).connect
2023-12-07T14:31:54.709 INFO:teuthology.orchestra.run.smithi131.stdout:/usr/bin/ceph: stderr
2023-12-07T14:31:53.980+0000 7fad72f1e700 1 -- --> [v2:172.21.15.131:3300/0,v1:172.21.15.131:6789/0] -- mon_getmap magic: 0 v1 -- 0x7fad6c07ae80 con 0x7fad6c107b20
2023-12-07T14:31:54.709 INFO:teuthology.orchestra.run.smithi131.stdout:/usr/bin/ceph: stderr
2023-12-07T14:31:53.980+0000 7fad70cba700 1 --2- >> [v2:172.21.15.131:3300/0,v1:172.21.15.131:6789/0] conn(0x7fad6c107b20 0x7fad6c109f10 unknown :-1 s=BANNER_CONNECTING pgs=0 cs=0 l=0 rev1=0 crypto rx=0 tx=0 comp rx=0 tx=0)._handle_peer_banner_payload supported=3 required=0
2023-12-07T14:31:54.709 INFO:teuthology.orchestra.run.smithi131.stdout:/usr/bin/ceph: stderr
2023-12-07T14:31:53.980+0000 7fad70cba700 1 --2- >> [v2:172.21.15.131:3300/0,v1:172.21.15.131:6789/0] conn(0x7fad6c107b20 0x7fad6c109f10 unknown :-1 s=HELLO_CONNECTING pgs=0 cs=0 l=0 rev1=1 crypto rx=0 tx=0 comp rx=0 tx=0).handle_hello peer v2:172.21.15.131:3300/0 says I am v2:172.21.15.131:44038/0 (socket says 172.21.15.131:44038)
2023-12-07T14:31:54.709 INFO:teuthology.orchestra.run.smithi131.stdout:/usr/bin/ceph: stderr
2023-12-07T14:31:53.980+0000 7fad70cba700 1 -- 172.21.15.131:0/4221645472 learned_addr learned my addr 172.21.15.131:0/4221645472 (peer_addr_for_me v2:172.21.15.131:0/0)
2023-12-07T14:31:54.709 INFO:teuthology.orchestra.run.smithi131.stdout:/usr/bin/ceph: stderr
2023-12-07T14:31:53.980+0000 7fad70cba700 1 -- 172.21.15.131:0/4221645472 --> [v2:172.21.15.131:3300/0,v1:172.21.15.131:6789/0] -- mon_subscribe({config=0+,monmap=0+}) v3 -- 0x7fad6c10a450 con 0x7fad6c107b20
2023-12-07T14:31:54.709 INFO:teuthology.orchestra.run.smithi131.stdout:/usr/bin/ceph: stderr
2023-12-07T14:31:53.981+0000 7fad70cba700 1 --2- 172.21.15.131:0/4221645472 >> [v2:172.21.15.131:3300/0,v1:172.21.15.131:6789/0] conn(0x7fad6c107b20 0x7fad6c109f10 secure :-1 s=READY pgs=49 cs=0 l=1 rev1=1 crypto rx=0x7fad64009e80 tx=0x7fad6400b330 comp rx=0 tx=0).ready entity=mon.0 client_cookie=8b2fc13fabb3b52b server_cookie=0 in_seq=0 out_seq=0
2023-12-07T14:31:54.709 INFO:teuthology.orchestra.run.smithi131.stdout:/usr/bin/ceph: stderr
2023-12-07T14:31:53.981+0000 7fad6b7fe700 1 -- 172.21.15.131:0/4221645472 <== mon.0 v2:172.21.15.131:3300/0 1 ==== mon_map magic: 0 v1 ==== 205+0+0 (secure 0 0 0) 0x7fad6400e070 con 0x7fad6c107b20
2023-12-07T14:31:54.709 INFO:teuthology.orchestra.run.smithi131.stdout:/usr/bin/ceph: stderr
2023-12-07T14:31:53.981+0000 7fad6b7fe700 1 -- 172.21.15.131:0/4221645472 <== mon.0 v2:172.21.15.131:3300/0 2 ==== config(27 keys) v1 ==== 1139+0+0 (secure 0 0 0) 0x7fad6400b8c0 con 0x7fad6c107b20
2023-12-07T14:31:54.710 INFO:teuthology.orchestra.run.smithi131.stdout:/usr/bin/ceph: stderr
2023-12-07T14:31:53.981+0000 7fad6b7fe700 1 -- 172.21.15.131:0/4221645472 <== mon.0 v2:172.21.15.131:3300/0 3 ==== mon_map magic: 0 v1 ==== 205+0+0 (secure 0 0 0) 0x7fad640044a0 con 0x7fad6c107b20
2023-12-07T14:31:54.710 INFO:teuthology.orchestra.run.smithi131.stdout:/usr/bin/ceph: stderr
2023-12-07T14:31:53.981+0000 7fad72f1e700 1 -- 172.21.15.131:0/4221645472 >> [v2:172.21.15.131:3300/0,v1:172.21.15.131:6789/0] conn(0x7fad6c107b20 msgr2=0x7fad6c109f10 secure :-1 s=STATE_CONNECTION_ESTABLISHED l=1).mark_down
2023-12-07T14:31:54.710 INFO:teuthology.orchestra.run.smithi131.stdout:/usr/bin/ceph: stderr
2023-12-07T14:31:53.981+0000 7fad72f1e700 1 --2- 172.21.15.131:0/4221645472 >> [v2:172.21.15.131:3300/0,v1:172.21.15.131:6789/0] conn(0x7fad6c107b20 0x7fad6c109f10 secure :-1 s=READY pgs=49 cs=0 l=1 rev1=1 crypto rx=0x7fad64009e80 tx=0x7fad6400b330 comp rx=0 tx=0).stop
2023-12-07T14:31:54.710 INFO:teuthology.orchestra.run.smithi131.stdout:/usr/bin/ceph: stderr
2023-12-07T14:31:53.981+0000 7fad72f1e700 1 -- 172.21.15.131:0/4221645472 shutdown_connections
2023-12-07T14:31:54.710 INFO:teuthology.orchestra.run.smithi131.stdout:/usr/bin/ceph: stderr
2023-12-07T14:31:53.981+0000 7fad72f1e700 1 --2- 172.21.15.131:0/4221645472 >> [v2:172.21.15.131:3300/0,v1:172.21.15.131:6789/0] conn(0x7fad6c107b20 0x7fad6c109f10 unknown :-1 s=CLOSED pgs=49 cs=0 l=1 rev1=1 crypto rx=0 tx=0 comp rx=0 tx=0).stop
2023-12-07T14:31:54.710 INFO:teuthology.orchestra.run.smithi131.stdout:/usr/bin/ceph: stderr
2023-12-07T14:31:53.981+0000 7fad72f1e700 1 -- 172.21.15.131:0/4221645472 >> 172.21.15.131:0/4221645472 conn(0x7fad6c101530 msgr2=0x7fad6c103950 unknown :-1 s=STATE_NONE l=0).mark_down
2023-12-07T14:31:54.710 INFO:teuthology.orchestra.run.smithi131.stdout:/usr/bin/ceph: stderr
2023-12-07T14:31:53.981+0000 7fad72f1e700 1 -- 172.21.15.131:0/4221645472 shutdown_connections
2023-12-07T14:31:54.711 INFO:teuthology.orchestra.run.smithi131.stdout:/usr/bin/ceph: stderr
2023-12-07T14:31:53.981+0000 7fad72f1e700 1 -- 172.21.15.131:0/4221645472 wait complete.
2023-12-07T14:31:54.711 INFO:teuthology.orchestra.run.smithi131.stdout:/usr/bin/ceph: stderr
2023-12-07T14:31:53.982+0000 7fad72f1e700 1 Processor -- start
