2023-12-07T10:10:46.730 INFO:journalctl@ceph.mon.a.smithi119.stdout:Dec 07 10:10:46 smithi119 ceph-mon[97908]: from='client.14140 -' entity='client.admin' cmd=[{"prefix": "orch apply", "service_type": "mon", "unmanaged": true, "target": ["mon-mgr", ""]}]: dispatch
2023-12-07T10:10:46.730 INFO:journalctl@ceph.mon.a.smithi119.stdout:Dec 07 10:10:46 smithi119 ceph-mon[97908]: Saving service mon spec with placement count:5
2023-12-07T10:10:46.730 INFO:journalctl@ceph.mon.a.smithi119.stdout:Dec 07 10:10:46 smithi119 ceph-mon[97908]: from='mgr.14118 172.21.15.119:0/725582431' entity='mgr.x'
2023-12-07T10:10:47.558 INFO:teuthology.orchestra.run.smithi119.stdout:/usr/bin/ceph: stdout Scheduled mgr update...
2023-12-07T10:10:47.558 INFO:teuthology.orchestra.run.smithi119.stdout:/usr/bin/ceph: stderr
2023-12-07T10:10:46.769+0000 7f294dd01700 1 Processor -- start
2023-12-07T10:10:47.558 INFO:teuthology.orchestra.run.smithi119.stdout:/usr/bin/ceph: stderr
2023-12-07T10:10:46.769+0000 7f294dd01700 1 -- start start
2023-12-07T10:10:47.558 INFO:teuthology.orchestra.run.smithi119.stdout:/usr/bin/ceph: stderr
2023-12-07T10:10:46.769+0000 7f294dd01700 1 --2- >> [v2:172.21.15.119:3300/0,v1:172.21.15.119:6789/0] conn(0x7f2948106c20 0x7f2948107040 unknown :-1 s=NONE pgs=0 cs=0 l=0 rev1=0 crypto rx=0 tx=0 comp rx=0 tx=0).connect
2023-12-07T10:10:47.558 INFO:teuthology.orchestra.run.smithi119.stdout:/usr/bin/ceph: stderr
2023-12-07T10:10:46.769+0000 7f294dd01700 1 -- --> [v2:172.21.15.119:3300/0,v1:172.21.15.119:6789/0] -- mon_getmap magic: 0 v1 -- 0x7f2948107610 con 0x7f2948106c20
2023-12-07T10:10:47.558 INFO:teuthology.orchestra.run.smithi119.stdout:/usr/bin/ceph: stderr
2023-12-07T10:10:46.770+0000 7f29477fe700 1 --2- >> [v2:172.21.15.119:3300/0,v1:172.21.15.119:6789/0] conn(0x7f2948106c20 0x7f2948107040 unknown :-1 s=BANNER_CONNECTING pgs=0 cs=0 l=0 rev1=0 crypto rx=0 tx=0 comp rx=0 tx=0)._handle_peer_banner_payload supported=3 required=0
2023-12-07T10:10:47.558 INFO:teuthology.orchestra.run.smithi119.stdout:/usr/bin/ceph: stderr
2023-12-07T10:10:46.770+0000 7f29477fe700 1 --2- >> [v2:172.21.15.119:3300/0,v1:172.21.15.119:6789/0] conn(0x7f2948106c20 0x7f2948107040 unknown :-1 s=HELLO_CONNECTING pgs=0 cs=0 l=0 rev1=1 crypto rx=0 tx=0 comp rx=0 tx=0).handle_hello peer v2:172.21.15.119:3300/0 says I am v2:172.21.15.119:56618/0 (socket says 172.21.15.119:56618)
2023-12-07T10:10:47.558 INFO:teuthology.orchestra.run.smithi119.stdout:/usr/bin/ceph: stderr
2023-12-07T10:10:46.770+0000 7f29477fe700 1 -- 172.21.15.119:0/3651100255 learned_addr learned my addr 172.21.15.119:0/3651100255 (peer_addr_for_me v2:172.21.15.119:0/0)
2023-12-07T10:10:47.558 INFO:teuthology.orchestra.run.smithi119.stdout:/usr/bin/ceph: stderr
2023-12-07T10:10:46.770+0000 7f29477fe700 1 -- 172.21.15.119:0/3651100255 --> [v2:172.21.15.119:3300/0,v1:172.21.15.119:6789/0] -- mon_subscribe({config=0+,monmap=0+}) v3 -- 0x7f2948107e20 con 0x7f2948106c20
2023-12-07T10:10:47.558 INFO:teuthology.orchestra.run.smithi119.stdout:/usr/bin/ceph: stderr
2023-12-07T10:10:46.771+0000 7f29477fe700 1 --2- 172.21.15.119:0/3651100255 >> [v2:172.21.15.119:3300/0,v1:172.21.15.119:6789/0] conn(0x7f2948106c20 0x7f2948107040 secure :-1 s=READY pgs=47 cs=0 l=1 rev1=1 crypto rx=0x7f29380098a0 tx=0x7f2938009bb0 comp rx=0 tx=0).ready entity=mon.0 client_cookie=dc5068fbd4fabf52 server_cookie=0 in_seq=0 out_seq=0
2023-12-07T10:10:47.559 INFO:teuthology.orchestra.run.smithi119.stdout:/usr/bin/ceph: stderr
2023-12-07T10:10:46.771+0000 7f29467fc700 1 -- 172.21.15.119:0/3651100255 <== mon.0 v2:172.21.15.119:3300/0 1 ==== mon_map magic: 0 v1 ==== 205+0+0 (secure 0 0 0) 0x7f2938004160 con 0x7f2948106c20
2023-12-07T10:10:47.559 INFO:teuthology.orchestra.run.smithi119.stdout:/usr/bin/ceph: stderr
2023-12-07T10:10:46.771+0000 7f29467fc700 1 -- 172.21.15.119:0/3651100255 <== mon.0 v2:172.21.15.119:3300/0 2 ==== config(26 keys) v1 ==== 1074+0+0 (secure 0 0 0) 0x7f29380042c0 con 0x7f2948106c20
2023-12-07T10:10:47.559 INFO:teuthology.orchestra.run.smithi119.stdout:/usr/bin/ceph: stderr
2023-12-07T10:10:46.771+0000 7f29467fc700 1 -- 172.21.15.119:0/3651100255 <== mon.0 v2:172.21.15.119:3300/0 3 ==== mon_map magic: 0 v1 ==== 205+0+0 (secure 0 0 0) 0x7f2938011a00 con 0x7f2948106c20
2023-12-07T10:10:47.559 INFO:teuthology.orchestra.run.smithi119.stdout:/usr/bin/ceph: stderr
2023-12-07T10:10:46.771+0000 7f294dd01700 1 -- 172.21.15.119:0/3651100255 >> [v2:172.21.15.119:3300/0,v1:172.21.15.119:6789/0] conn(0x7f2948106c20 msgr2=0x7f2948107040 secure :-1 s=STATE_CONNECTION_ESTABLISHED l=1).mark_down
2023-12-07T10:10:47.559 INFO:teuthology.orchestra.run.smithi119.stdout:/usr/bin/ceph: stderr
2023-12-07T10:10:46.771+0000 7f294dd01700 1 --2- 172.21.15.119:0/3651100255 >> [v2:172.21.15.119:3300/0,v1:172.21.15.119:6789/0] conn(0x7f2948106c20 0x7f2948107040 secure :-1 s=READY pgs=47 cs=0 l=1 rev1=1 crypto rx=0x7f29380098a0 tx=0x7f2938009bb0 comp rx=0 tx=0).stop
2023-12-07T10:10:47.559 INFO:teuthology.orchestra.run.smithi119.stdout:/usr/bin/ceph: stderr
2023-12-07T10:10:46.772+0000 7f294dd01700 1 -- 172.21.15.119:0/3651100255 shutdown_connections
2023-12-07T10:10:47.559 INFO:teuthology.orchestra.run.smithi119.stdout:/usr/bin/ceph: stderr
2023-12-07T10:10:46.772+0000 7f294dd01700 1 --2- 172.21.15.119:0/3651100255 >> [v2:172.21.15.119:3300/0,v1:172.21.15.119:6789/0] conn(0x7f2948106c20 0x7f2948107040 unknown :-1 s=CLOSED pgs=47 cs=0 l=1 rev1=1 crypto rx=0 tx=0 comp rx=0 tx=0).stop
2023-12-07T10:10:47.559 INFO:teuthology.orchestra.run.smithi119.stdout:/usr/bin/ceph: stderr
2023-12-07T10:10:46.772+0000 7f294dd01700 1 -- 172.21.15.119:0/3651100255 >> 172.21.15.119:0/3651100255 conn(0x7f2948102200 msgr2=0x7f2948104620 unknown :-1 s=STATE_NONE l=0).mark_down
2023-12-07T10:10:47.559 INFO:teuthology.orchestra.run.smithi119.stdout:/usr/bin/ceph: stderr
2023-12-07T10:10:46.772+0000 7f294dd01700 1 -- 172.21.15.119:0/3651100255 shutdown_connections
2023-12-07T10:10:47.559 INFO:teuthology.orchestra.run.smithi119.stdout:/usr/bin/ceph: stderr
2023-12-07T10:10:46.772+0000 7f294dd01700 1 -- 172.21.15.119:0/3651100255 wait complete.
2023-12-07T10:10:47.559 INFO:teuthology.orchestra.run.smithi119.stdout:/usr/bin/ceph: stderr
2023-12-07T10:10:46.773+0000 7f294dd01700 1 Processor -- start
2023-12-07T10:10:47.559 INFO:teuthology.orchestra.run.smithi119.stdout:/usr/bin/ceph: stderr
2023-12-07T10:10:46.773+0000 7f294dd01700 1 -- start start
2023-12-07T10:10:47.559 INFO:teuthology.orchestra.run.smithi119.stdout:/usr/bin/ceph: stderr
2023-12-07T10:10:46.773+0000 7f294dd01700 1 --2- >> [v2:172.21.15.119:3300/0,v1:172.21.15.119:6789/0] conn(0x7f2948106c20 0x7f294807cb10 unknown :-1 s=NONE pgs=0 cs=0 l=1 rev1=0 crypto rx=0 tx=0 comp rx=0 tx=0).connect
2023-12-07T10:10:47.559 INFO:teuthology.orchestra.run.smithi119.stdout:/usr/bin/ceph: stderr
2023-12-07T10:10:46.773+0000 7f294dd01700 1 -- --> [v2:172.21.15.119:3300/0,v1:172.21.15.119:6789/0] -- mon_getmap magic: 0 v1 -- 0x7f294807d050 con 0x7f2948106c20
2023-12-07T10:10:47.560 INFO:teuthology.orchestra.run.smithi119.stdout:/usr/bin/ceph: stderr
2023-12-07T10:10:46.773+0000 7f29477fe700 1 --2- >> [v2:172.21.15.119:3300/0,v1:172.21.15.119:6789/0] conn(0x7f2948106c20 0x7f294807cb10 unknown :-1 s=BANNER_CONNECTING pgs=0 cs=0 l=1 rev1=0 crypto rx=0 tx=0 comp rx=0 tx=0)._handle_peer_banner_payload supported=3 required=0
2023-12-07T10:10:47.560 INFO:teuthology.orchestra.run.smithi119.stdout:/usr/bin/ceph: stderr
2023-12-07T10:10:46.773+0000 7f29477fe700 1 --2- >> [v2:172.21.15.119:3300/0,v1:172.21.15.119:6789/0] conn(0x7f2948106c20 0x7f294807cb10 unknown :-1 s=HELLO_CONNECTING pgs=0 cs=0 l=1 rev1=1 crypto rx=0 tx=0 comp rx=0 tx=0).handle_hello peer v2:172.21.15.119:3300/0 says I am v2:172.21.15.119:56626/0 (socket says 172.21.15.119:56626)
2023-12-07T10:10:47.560 INFO:teuthology.orchestra.run.smithi119.stdout:/usr/bin/ceph: stderr
2023-12-07T10:10:46.773+0000 7f29477fe700 1 -- 172.21.15.119:0/2396492080 learned_addr learned my addr 172.21.15.119:0/2396492080 (peer_addr_for_me v2:172.21.15.119:0/0)
2023-12-07T10:10:47.560 INFO:teuthology.orchestra.run.smithi119.stdout:/usr/bin/ceph: stderr
2023-12-07T10:10:46.774+0000 7f29477fe700 1 -- 172.21.15.119:0/2396492080 --> [v2:172.21.15.119:3300/0,v1:172.21.15.119:6789/0] -- mon_subscribe({config=0+,monmap=0+}) v3 -- 0x7f2938009550 con 0x7f2948106c20
2023-12-07T10:10:47.560 INFO:teuthology.orchestra.run.smithi119.stdout:/usr/bin/ceph: stderr
2023-12-07T10:10:46.774+0000 7f29477fe700 1 --2- 172.21.15.119:0/2396492080 >> [v2:172.21.15.119:3300/0,v1:172.21.15.119:6789/0] conn(0x7f2948106c20 0x7f294807cb10 secure :-1 s=READY pgs=48 cs=0 l=1 rev1=1 crypto rx=0x7f2938009130 tx=0x7f2938011ad0 comp rx=0 tx=0).ready entity=mon.0 client_cookie=0 server_cookie=0 in_seq=0 out_seq=0
2023-12-07T10:10:47.560 INFO:teuthology.orchestra.run.smithi119.stdout:/usr/bin/ceph: stderr
2023-12-07T10:10:46.774+0000 7f2944ff9700 1 -- 172.21.15.119:0/2396492080 <== mon.0 v2:172.21.15.119:3300/0 1 ==== mon_map magic: 0 v1 ==== 205+0+0 (secure 0 0 0) 0x7f2938003ab0 con 0x7f2948106c20
2023-12-07T10:10:47.560 INFO:teuthology.orchestra.run.smithi119.stdout:/usr/bin/ceph: stderr
2023-12-07T10:10:46.774+0000 7f2944ff9700 1 -- 172.21.15.119:0/2396492080 <== mon.0 v2:172.21.15.119:3300/0 2 ==== config(26 keys) v1 ==== 1074+0+0 (secure 0 0 0) 0x7f2938003c10 con 0x7f2948106c20
2023-12-07T10:10:47.560 INFO:teuthology.orchestra.run.smithi119.stdout:/usr/bin/ceph: stderr
2023-12-07T10:10:46.774+0000 7f294dd01700 1 -- 172.21.15.119:0/2396492080 --> [v2:172.21.15.119:3300/0,v1:172.21.15.119:6789/0] -- mon_subscribe({mgrmap=0+}) v3 -- 0x7f294807b290 con 0x7f2948106c20
2023-12-07T10:10:47.560 INFO:teuthology.orchestra.run.smithi119.stdout:/usr/bin/ceph: stderr
2023-12-07T10:10:46.774+0000 7f2944ff9700 1 -- 172.21.15.119:0/2396492080 <== mon.0 v2:172.21.15.119:3300/0 3 ==== mon_map magic: 0 v1 ==== 205+0+0 (secure 0 0 0) 0x7f29380247d0 con 0x7f2948106c20
2023-12-07T10:10:47.560 INFO:teuthology.orchestra.run.smithi119.stdout:/usr/bin/ceph: stderr
2023-12-07T10:10:46.774+0000 7f294dd01700 1 -- 172.21.15.119:0/2396492080 --> [v2:172.21.15.119:3300/0,v1:172.21.15.119:6789/0] -- mon_subscribe({osdmap=0}) v3 -- 0x7f294807b730 con 0x7f2948106c20
2023-12-07T10:10:47.560 INFO:teuthology.orchestra.run.smithi119.stdout:/usr/bin/ceph: stderr
2023-12-07T10:10:46.776+0000 7f2944ff9700 1 -- 172.21.15.119:0/2396492080 <== mon.0 v2:172.21.15.119:3300/0 4 ==== mgrmap(e 8) v1 ==== 45739+0+0 (secure 0 0 0) 0x7f293802d3f0 con 0x7f2948106c20
2023-12-07T10:10:47.560 INFO:teuthology.orchestra.run.smithi119.stdout:/usr/bin/ceph: stderr
2023-12-07T10:10:46.776+0000 7f294dd01700 1 -- 172.21.15.119:0/2396492080 --> [v2:172.21.15.119:3300/0,v1:172.21.15.119:6789/0] -- mon_command({"prefix": "get_command_descriptions"} v 0) v1 -- 0x7f2948062c40 con 0x7f2948106c20
2023-12-07T10:10:47.560 INFO:teuthology.orchestra.run.smithi119.stdout:/usr/bin/ceph: stderr
2023-12-07T10:10:46.776+0000 7f2944ff9700 1 --2- 172.21.15.119:0/2396492080 >> [v2:172.21.15.119:6800/1355617847,v1:172.21.15.119:6801/1355617847] conn(0x7f2930038aa0 0x7f293003af60 unknown :-1 s=NONE pgs=0 cs=0 l=1 rev1=0 crypto rx=0 tx=0 comp rx=0 tx=0).connect
2023-12-07T10:10:47.560 INFO:teuthology.orchestra.run.smithi119.stdout:/usr/bin/ceph: stderr
2023-12-07T10:10:46.776+0000 7f2944ff9700 1 -- 172.21.15.119:0/2396492080 <== mon.0 v2:172.21.15.119:3300/0 5 ==== osd_map(2..2 src has 1..2) v4 ==== 940+0+0 (secure 0 0 0) 0x7f293804cc40 con 0x7f2948106c20
2023-12-07T10:10:47.561 INFO:teuthology.orchestra.run.smithi119.stdout:/usr/bin/ceph: stderr
2023-12-07T10:10:46.777+0000 7f2946ffd700 1 --2- 172.21.15.119:0/2396492080 >> [v2:172.21.15.119:6800/1355617847,v1:172.21.15.119:6801/1355617847] conn(0x7f2930038aa0 0x7f293003af60 unknown :-1 s=BANNER_CONNECTING pgs=0 cs=0 l=1 rev1=0 crypto rx=0 tx=0 comp rx=0 tx=0)._handle_peer_banner_payload supported=3 required=0
2023-12-07T10:10:47.561 INFO:teuthology.orchestra.run.smithi119.stdout:/usr/bin/ceph: stderr
2023-12-07T10:10:46.777+0000 7f2946ffd700 1 --2- 172.21.15.119:0/2396492080 >> [v2:172.21.15.119:6800/1355617847,v1:172.21.15.119:6801/1355617847] conn(0x7f2930038aa0 0x7f293003af60 secure :-1 s=READY pgs=13 cs=0 l=1 rev1=1 crypto rx=0x7f293c006fd0 tx=0x7f293c006e40 comp rx=0 tx=0).ready entity=mgr.14118 client_cookie=0 server_cookie=0 in_seq=0 out_seq=0
2023-12-07T10:10:47.561 INFO:teuthology.orchestra.run.smithi119.stdout:/usr/bin/ceph: stderr
2023-12-07T10:10:46.781+0000 7f2944ff9700 1 -- 172.21.15.119:0/2396492080 <== mon.0 v2:172.21.15.119:3300/0 6 ==== mon_command_ack([{"prefix": "get_command_descriptions"}]=0 v0) v1 ==== 72+0+180949 (secure 0 0 0) 0x7f2938010970 con 0x7f2948106c20
2023-12-07T10:10:47.561 INFO:teuthology.orchestra.run.smithi119.stdout:/usr/bin/ceph: stderr
2023-12-07T10:10:47.013+0000 7f294dd01700 1 -- 172.21.15.119:0/2396492080 --> [v2:172.21.15.119:6800/1355617847,v1:172.21.15.119:6801/1355617847] -- mgr_command(tid 0: {"prefix": "orch apply", "service_type": "mgr", "unmanaged": true, "target": ["mon-mgr", ""]}) v1 -- 0x7f294807bd60 con 0x7f2930038aa0
2023-12-07T10:10:47.561 INFO:teuthology.orchestra.run.smithi119.stdout:/usr/bin/ceph: stderr
2023-12-07T10:10:47.021+0000 7f2944ff9700 1 -- 172.21.15.119:0/2396492080 <== mgr.14118 v2:172.21.15.119:6800/1355617847 1 ==== mgr_command_reply(tid 0: 0 ) v1 ==== 8+0+24 (secure 0 0 0) 0x7f294807bd60 con 0x7f2930038aa0
2023-12-07T10:10:47.561 INFO:teuthology.orchestra.run.smithi119.stdout:/usr/bin/ceph: stderr
2023-12-07T10:10:47.023+0000 7f294dd01700 1 -- 172.21.15.119:0/2396492080 >> [v2:172.21.15.119:6800/1355617847,v1:172.21.15.119:6801/1355617847] conn(0x7f2930038aa0 msgr2=0x7f293003af60 secure :-1 s=STATE_CONNECTION_ESTABLISHED l=1).mark_down
2023-12-07T10:10:47.561 INFO:teuthology.orchestra.run.smithi119.stdout:/usr/bin/ceph: stderr
2023-12-07T10:10:47.023+0000 7f294dd01700 1 --2- 172.21.15.119:0/2396492080 >> [v2:172.21.15.119:6800/1355617847,v1:172.21.15.119:6801/1355617847] conn(0x7f2930038aa0 0x7f293003af60 secure :-1 s=READY pgs=13 cs=0 l=1 rev1=1 crypto rx=0x7f293c006fd0 tx=0x7f293c006e40 comp rx=0 tx=0).stop
2023-12-07T10:10:47.561 INFO:teuthology.orchestra.run.smithi119.stdout:/usr/bin/ceph: stderr
2023-12-07T10:10:47.023+0000 7f294dd01700 1 -- 172.21.15.119:0/2396492080 >> [v2:172.21.15.119:3300/0,v1:172.21.15.119:6789/0] conn(0x7f2948106c20 msgr2=0x7f294807cb10 secure :-1 s=STATE_CONNECTION_ESTABLISHED l=1).mark_down
2023-12-07T10:10:47.561 INFO:teuthology.orchestra.run.smithi119.stdout:/usr/bin/ceph: stderr
2023-12-07T10:10:47.023+0000 7f294dd01700 1 --2- 172.21.15.119:0/2396492080 >> [v2:172.21.15.119:3300/0,v1:172.21.15.119:6789/0] conn(0x7f2948106c20 0x7f294807cb10 secure :-1 s=READY pgs=48 cs=0 l=1 rev1=1 crypto rx=0x7f2938009130 tx=0x7f2938011ad0 comp rx=0 tx=0).stop
2023-12-07T10:10:47.561 INFO:teuthology.orchestra.run.smithi119.stdout:/usr/bin/ceph: stderr
2023-12-07T10:10:47.023+0000 7f294dd01700 1 -- 172.21.15.119:0/2396492080 shutdown_connections
2023-12-07T10:10:47.561 INFO:teuthology.orchestra.run.smithi119.stdout:/usr/bin/ceph: stderr
2023-12-07T10:10:47.023+0000 7f294dd01700 1 --2- 172.21.15.119:0/2396492080 >> [v2:172.21.15.119:6800/1355617847,v1:172.21.15.119:6801/1355617847] conn(0x7f2930038aa0 0x7f293003af60 unknown :-1 s=CLOSED pgs=13 cs=0 l=1 rev1=1 crypto rx=0 tx=0 comp rx=0 tx=0).stop
2023-12-07T10:10:47.561 INFO:teuthology.orchestra.run.smithi119.stdout:/usr/bin/ceph: stderr
2023-12-07T10:10:47.023+0000 7f294dd01700 1 --2- 172.21.15.119:0/2396492080 >> [v2:172.21.15.119:3300/0,v1:172.21.15.119:6789/0] conn(0x7f2948106c20 0x7f294807cb10 unknown :-1 s=CLOSED pgs=48 cs=0 l=1 rev1=1 crypto rx=0 tx=0 comp rx=0 tx=0).stop
2023-12-07T10:10:47.561 INFO:teuthology.orchestra.run.smithi119.stdout:/usr/bin/ceph: stderr
2023-12-07T10:10:47.023+0000 7f294dd01700 1 -- 172.21.15.119:0/2396492080 >> 172.21.15.119:0/2396492080 conn(0x7f2948102200 msgr2=0x7f2948102e00 unknown :-1 s=STATE_NONE l=0).mark_down
2023-12-07T10:10:47.561 INFO:teuthology.orchestra.run.smithi119.stdout:/usr/bin/ceph: stderr
2023-12-07T10:10:47.023+0000 7f294dd01700 1 -- 172.21.15.119:0/2396492080 shutdown_connections
2023-12-07T10:10:47.561 INFO:teuthology.orchestra.run.smithi119.stdout:/usr/bin/ceph: stderr
2023-12-07T10:10:47.023+0000 7f294dd01700 1 -- 172.21.15.119:0/2396492080 wait complete.
2023-12-07T10:10:48.230 INFO:journalctl@ceph.mon.a.smithi119.stdout:Dec 07 10:10:48 smithi119 ceph-mon[97908]: from='client.14142 -' entity='client.admin' cmd=[{"prefix": "orch apply", "service_type": "mgr", "unmanaged": true, "target": ["mon-mgr", ""]}]: dispatch
2023-12-07T10:10:48.230 INFO:journalctl@ceph.mon.a.smithi119.stdout:Dec 07 10:10:48 smithi119 ceph-mon[97908]: Saving service mgr spec with placement count:2
2023-12-07T10:10:48.230 INFO:journalctl@ceph.mon.a.smithi119.stdout:Dec 07 10:10:48 smithi119 ceph-mon[97908]: from='mgr.14118 172.21.15.119:0/725582431' entity='mgr.x'
2023-12-07T10:10:48.943 INFO:teuthology.orchestra.run.smithi119.stdout:/usr/bin/ceph: stderr
2023-12-07T10:10:48.325+0000 7f6968d2c700 1 Processor -- start
2023-12-07T10:10:48.944 INFO:teuthology.orchestra.run.smithi119.stdout:/usr/bin/ceph: stderr
2023-12-07T10:10:48.326+0000 7f6968d2c700 1 -- start start
2023-12-07T10:10:48.944 INFO:teuthology.orchestra.run.smithi119.stdout:/usr/bin/ceph: stderr
2023-12-07T10:10:48.326+0000 7f6968d2c700 1 --2- >> [v2:172.21.15.119:3300/0,v1:172.21.15.119:6789/0] conn(0x7f6964108e60 0x7f6964109280 unknown :-1 s=NONE pgs=0 cs=0 l=0 rev1=0 crypto rx=0 tx=0 comp rx=0 tx=0).connect
2023-12-07T10:10:48.944 INFO:teuthology.orchestra.run.smithi119.stdout:/usr/bin/ceph: stderr
2023-12-07T10:10:48.326+0000 7f6968d2c700 1 -- --> [v2:172.21.15.119:3300/0,v1:172.21.15.119:6789/0] -- mon_getmap magic: 0 v1 -- 0x7f69641097c0 con 0x7f6964108e60
2023-12-07T10:10:48.944 INFO:teuthology.orchestra.run.smithi119.stdout:/usr/bin/ceph: stderr
2023-12-07T10:10:48.326+0000 7f696259c700 1 --2- >> [v2:172.21.15.119:3300/0,v1:172.21.15.119:6789/0] conn(0x7f6964108e60 0x7f6964109280 unknown :-1 s=BANNER_CONNECTING pgs=0 cs=0 l=0 rev1=0 crypto rx=0 tx=0 comp rx=0 tx=0)._handle_peer_banner_payload supported=3 required=0
2023-12-07T10:10:48.944 INFO:teuthology.orchestra.run.smithi119.stdout:/usr/bin/ceph: stderr
2023-12-07T10:10:48.326+0000 7f696259c700 1 --2- >> [v2:172.21.15.119:3300/0,v1:172.21.15.119:6789/0] conn(0x7f6964108e60 0x7f6964109280 unknown :-1 s=HELLO_CONNECTING pgs=0 cs=0 l=0 rev1=1 crypto rx=0 tx=0 comp rx=0 tx=0).handle_hello peer v2:172.21.15.119:3300/0 says I am v2:172.21.15.119:56630/0 (socket says 172.21.15.119:56630)
2023-12-07T10:10:48.944 INFO:teuthology.orchestra.run.smithi119.stdout:/usr/bin/ceph: stderr
2023-12-07T10:10:48.326+0000 7f696259c700 1 -- 172.21.15.119:0/1539514646 learned_addr learned my addr 172.21.15.119:0/1539514646 (peer_addr_for_me v2:172.21.15.119:0/0)
2023-12-07T10:10:48.944 INFO:teuthology.orchestra.run.smithi119.stdout:/usr/bin/ceph: stderr
2023-12-07T10:10:48.327+0000 7f696259c700 1 -- 172.21.15.119:0/1539514646 --> [v2:172.21.15.119:3300/0,v1:172.21.15.119:6789/0] -- mon_subscribe({config=0+,monmap=0+}) v3 -- 0x7f6964109900 con 0x7f6964108e60
2023-12-07T10:10:48.944 INFO:teuthology.orchestra.run.smithi119.stdout:/usr/bin/ceph: stderr
2023-12-07T10:10:48.327+0000 7f696259c700 1 --2- 172.21.15.119:0/1539514646 >> [v2:172.21.15.119:3300/0,v1:172.21.15.119:6789/0] conn(0x7f6964108e60 0x7f6964109280 secure :-1 s=READY pgs=49 cs=0 l=1 rev1=1 crypto rx=0x7f69540098a0 tx=0x7f6954009bb0 comp rx=0 tx=0).ready entity=mon.0 client_cookie=5f29462320d3d8f9 server_cookie=0 in_seq=0 out_seq=0
2023-12-07T10:10:48.945 INFO:teuthology.orchestra.run.smithi119.stdout:/usr/bin/ceph: stderr
2023-12-07T10:10:48.327+0000 7f696159a700 1 -- 172.21.15.119:0/1539514646 <== mon.0 v2:172.21.15.119:3300/0 1 ==== mon_map magic: 0 v1 ==== 205+0+0 (secure 0 0 0) 0x7f6954004160 con 0x7f6964108e60
2023-12-07T10:10:48.945 INFO:teuthology.orchestra.run.smithi119.stdout:/usr/bin/ceph: stderr
2023-12-07T10:10:48.327+0000 7f696159a700 1 -- 172.21.15.119:0/1539514646 <== mon.0 v2:172.21.15.119:3300/0 2 ==== config(26 keys) v1 ==== 1105+0+0 (secure 0 0 0) 0x7f69540042c0 con 0x7f6964108e60
2023-12-07T10:10:48.945 INFO:teuthology.orchestra.run.smithi119.stdout:/usr/bin/ceph: stderr
2023-12-07T10:10:48.327+0000 7f696159a700 1 -- 172.21.15.119:0/1539514646 <== mon.0 v2:172.21.15.119:3300/0 3 ==== mon_map magic: 0 v1 ==== 205+0+0 (secure 0 0 0) 0x7f69540119b0 con 0x7f6964108e60
2023-12-07T10:10:48.945 INFO:teuthology.orchestra.run.smithi119.stdout:/usr/bin/ceph: stderr
2023-12-07T10:10:48.328+0000 7f6968d2c700 1 -- 172.21.15.119:0/1539514646 >> [v2:172.21.15.119:3300/0,v1:172.21.15.119:6789/0] conn(0x7f6964108e60 msgr2=0x7f6964109280 secure :-1 s=STATE_CONNECTION_ESTABLISHED l=1).mark_down
2023-12-07T10:10:48.945 INFO:teuthology.orchestra.run.smithi119.stdout:/usr/bin/ceph: stderr
2023-12-07T10:10:48.328+0000 7f6968d2c700 1 --2- 172.21.15.119:0/1539514646 >> [v2:172.21.15.119:3300/0,v1:172.21.15.119:6789/0] conn(0x7f6964108e60 0x7f6964109280 secure :-1 s=READY pgs=49 cs=0 l=1 rev1=1 crypto rx=0x7f69540098a0 tx=0x7f6954009bb0 comp rx=0 tx=0).stop
2023-12-07T10:10:48.945 INFO:teuthology.orchestra.run.smithi119.stdout:/usr/bin/ceph: stderr
2023-12-07T10:10:48.328+0000 7f6968d2c700 1 -- 172.21.15.119:0/1539514646 shutdown_connections
2023-12-07T10:10:48.945 INFO:teuthology.orchestra.run.smithi119.stdout:/usr/bin/ceph: stderr
2023-12-07T10:10:48.328+0000 7f6968d2c700 1 --2- 172.21.15.119:0/1539514646 >> [v2:172.21.15.119:3300/0,v1:172.21.15.119:6789/0] conn(0x7f6964108e60 0x7f6964109280 unknown :-1 s=CLOSED pgs=49 cs=0 l=1 rev1=1 crypto rx=0 tx=0 comp rx=0 tx=0).stop
2023-12-07T10:10:48.946 INFO:teuthology.orchestra.run.smithi119.stdout:/usr/bin/ceph: stderr
2023-12-07T10:10:48.328+0000 7f6968d2c700 1 -- 172.21.15.119:0/1539514646 >> 172.21.15.119:0/1539514646 conn(0x7f696407c240 msgr2=0x7f696407c650 unknown :-1 s=STATE_NONE l=0).mark_down
2023-12-07T10:10:48.946 INFO:teuthology.orchestra.run.smithi119.stdout:/usr/bin/ceph: stderr
2023-12-07T10:10:48.328+0000 7f6968d2c700 1 -- 172.21.15.119:0/1539514646 shutdown_connections
2023-12-07T10:10:48.946 INFO:teuthology.orchestra.run.smithi119.stdout:/usr/bin/ceph: stderr
2023-12-07T10:10:48.328+0000 7f6968d2c700 1 -- 172.21.15.119:0/1539514646 wait complete.
2023-12-07T10:10:48.946 INFO:teuthology.orchestra.run.smithi119.stdout:/usr/bin/ceph: stderr
2023-12-07T10:10:48.329+0000 7f6968d2c700 1 Processor -- start
2023-12-07T10:10:48.946 INFO:teuthology.orchestra.run.smithi119.stdout:/usr/bin/ceph: stderr
2023-12-07T10:10:48.329+0000 7f6968d2c700 1 -- start start
2023-12-07T10:10:48.946 INFO:teuthology.orchestra.run.smithi119.stdout:/usr/bin/ceph: stderr
2023-12-07T10:10:48.329+0000 7f6968d2c700 1 --2- >> [v2:172.21.15.119:3300/0,v1:172.21.15.119:6789/0] conn(0x7f6964108e60 0x7f696419cbc0 unknown :-1 s=NONE pgs=0 cs=0 l=1 rev1=0 crypto rx=0 tx=0 comp rx=0 tx=0).connect
2023-12-07T10:10:48.946 INFO:teuthology.orchestra.run.smithi119.stdout:/usr/bin/ceph: stderr
2023-12-07T10:10:48.329+0000 7f6968d2c700 1 -- --> [v2:172.21.15.119:3300/0,v1:172.21.15.119:6789/0] -- mon_getmap magic: 0 v1 -- 0x7f696419d100 con 0x7f6964108e60
2023-12-07T10:10:48.946 INFO:teuthology.orchestra.run.smithi119.stdout:/usr/bin/ceph: stderr
2023-12-07T10:10:48.330+0000 7f696259c700 1 --2- >> [v2:172.21.15.119:3300/0,v1:172.21.15.119:6789/0] conn(0x7f6964108e60 0x7f696419cbc0 unknown :-1 s=BANNER_CONNECTING pgs=0 cs=0 l=1 rev1=0 crypto rx=0 tx=0 comp rx=0 tx=0)._handle_peer_banner_payload supported=3 required=0
2023-12-07T10:10:48.947 INFO:teuthology.orchestra.run.smithi119.stdout:/usr/bin/ceph: stderr
2023-12-07T10:10:48.330+0000 7f696259c700 1 --2- >> [v2:172.21.15.119:3300/0,v1:172.21.15.119:6789/0] conn(0x7f6964108e60 0x7f696419cbc0 unknown :-1 s=HELLO_CONNECTING pgs=0 cs=0 l=1 rev1=1 crypto rx=0 tx=0 comp rx=0 tx=0).handle_hello peer v2:172.21.15.119:3300/0 says I am v2:172.21.15.119:56634/0 (socket says 172.21.15.119:56634)
2023-12-07T10:10:48.947 INFO:teuthology.orchestra.run.smithi119.stdout:/usr/bin/ceph: stderr
2023-12-07T10:10:48.330+0000 7f696259c700 1 -- 172.21.15.119:0/3387271664 learned_addr learned my addr 172.21.15.119:0/3387271664 (peer_addr_for_me v2:172.21.15.119:0/0)
2023-12-07T10:10:48.947 INFO:teuthology.orchestra.run.smithi119.stdout:/usr/bin/ceph: stderr
2023-12-07T10:10:48.330+0000 7f696259c700 1 -- 172.21.15.119:0/3387271664 --> [v2:172.21.15.119:3300/0,v1:172.21.15.119:6789/0] -- mon_subscribe({config=0+,monmap=0+}) v3 -- 0x7f6954009550 con 0x7f6964108e60
2023-12-07T10:10:48.947 INFO:teuthology.orchestra.run.smithi119.stdout:/usr/bin/ceph: stderr
2023-12-07T10:10:48.330+0000 7f696259c700 1 --2- 172.21.15.119:0/3387271664 >> [v2:172.21.15.119:3300/0,v1:172.21.15.119:6789/0] conn(0x7f6964108e60 0x7f696419cbc0 secure :-1 s=READY pgs=50 cs=0 l=1 rev1=1 crypto rx=0x7f6954011670 tx=0x7f6954011a30 comp rx=0 tx=0).ready entity=mon.0 client_cookie=0 server_cookie=0 in_seq=0 out_seq=0
2023-12-07T10:10:48.947 INFO:teuthology.orchestra.run.smithi119.stdout:/usr/bin/ceph: stderr
2023-12-07T10:10:48.330+0000 7f69537fe700 1 -- 172.21.15.119:0/3387271664 <== mon.0 v2:172.21.15.119:3300/0 1 ==== mon_map magic: 0 v1 ==== 205+0+0 (secure 0 0 0) 0x7f6954003b20 con 0x7f6964108e60
2023-12-07T10:10:48.947 INFO:teuthology.orchestra.run.smithi119.stdout:/usr/bin/ceph: stderr
2023-12-07T10:10:48.330+0000 7f69537fe700 1 -- 172.21.15.119:0/3387271664 <== mon.0 v2:172.21.15.119:3300/0 2 ==== config(26 keys) v1 ==== 1105+0+0 (secure 0 0 0) 0x7f6954003c80 con 0x7f6964108e60
2023-12-07T10:10:48.947 INFO:teuthology.orchestra.run.smithi119.stdout:/usr/bin/ceph: stderr
2023-12-07T10:10:48.330+0000 7f69537fe700 1 -- 172.21.15.119:0/3387271664 <== mon.0 v2:172.21.15.119:3300/0 3 ==== mon_map magic: 0 v1 ==== 205+0+0 (secure 0 0 0) 0x7f6954019770 con 0x7f6964108e60
2023-12-07T10:10:48.947 INFO:teuthology.orchestra.run.smithi119.stdout:/usr/bin/ceph: stderr
2023-12-07T10:10:48.330+0000 7f6968d2c700 1 -- 172.21.15.119:0/3387271664 --> [v2:172.21.15.119:3300/0,v1:172.21.15.119:6789/0] -- mon_subscribe({mgrmap=0+}) v3 -- 0x7f696419d300 con 0x7f6964108e60
2023-12-07T10:10:48.948 INFO:teuthology.orchestra.run.smithi119.stdout:/usr/bin/ceph: stderr
2023-12-07T10:10:48.331+0000 7f6968d2c700 1 -- 172.21.15.119:0/3387271664 --> [v2:172.21.15.119:3300/0,v1:172.21.15.119:6789/0] -- mon_subscribe({osdmap=0}) v3 -- 0x7f696419d7a0 con 0x7f6964108e60
2023-12-07T10:10:48.948 INFO:teuthology.orchestra.run.smithi119.stdout:/usr/bin/ceph: stderr
2023-12-07T10:10:48.332+0000 7f69537fe700 1 -- 172.21.15.119:0/3387271664 <== mon.0 v2:172.21.15.119:3300/0 4 ==== mgrmap(e 8) v1 ==== 45739+0+0 (secure 0 0 0) 0x7f695401ab60 con 0x7f6964108e60
2023-12-07T10:10:48.948 INFO:teuthology.orchestra.run.smithi119.stdout:/usr/bin/ceph: stderr
2023-12-07T10:10:48.332+0000 7f6968d2c700 1 -- 172.21.15.119:0/3387271664 --> [v2:172.21.15.119:3300/0,v1:172.21.15.119:6789/0] -- mon_command({"prefix": "get_command_descriptions"} v 0) v1 -- 0x7f696410acd0 con 0x7f6964108e60
2023-12-07T10:10:48.948 INFO:teuthology.orchestra.run.smithi119.stdout:/usr/bin/ceph: stderr
2023-12-07T10:10:48.332+0000 7f69537fe700 1 --2- 172.21.15.119:0/3387271664 >> [v2:172.21.15.119:6800/1355617847,v1:172.21.15.119:6801/1355617847] conn(0x7f694c038aa0 0x7f694c03af60 unknown :-1 s=NONE pgs=0 cs=0 l=1 rev1=0 crypto rx=0 tx=0 comp rx=0 tx=0).connect
2023-12-07T10:10:48.948 INFO:teuthology.orchestra.run.smithi119.stdout:/usr/bin/ceph: stderr
2023-12-07T10:10:48.332+0000 7f69537fe700 1 -- 172.21.15.119:0/3387271664 <== mon.0 v2:172.21.15.119:3300/0 5 ==== osd_map(2..2 src has 1..2) v4 ==== 940+0+0 (secure 0 0 0) 0x7f695404cd70 con 0x7f6964108e60
2023-12-07T10:10:48.949 INFO:teuthology.orchestra.run.smithi119.stdout:/usr/bin/ceph: stderr
2023-12-07T10:10:48.332+0000 7f6961d9b700 1 --2- 172.21.15.119:0/3387271664 >> [v2:172.21.15.119:6800/1355617847,v1:172.21.15.119:6801/1355617847] conn(0x7f694c038aa0 0x7f694c03af60 unknown :-1 s=BANNER_CONNECTING pgs=0 cs=0 l=1 rev1=0 crypto rx=0 tx=0 comp rx=0 tx=0)._handle_peer_banner_payload supported=3 required=0
2023-12-07T10:10:48.949 INFO:teuthology.orchestra.run.smithi119.stdout:/usr/bin/ceph: stderr
2023-12-07T10:10:48.333+0000 7f6961d9b700 1 --2- 172.21.15.119:0/3387271664 >> [v2:172.21.15.119:6800/1355617847,v1:172.21.15.119:6801/1355617847] conn(0x7f694c038aa0 0x7f694c03af60 secure :-1 s=READY pgs=14 cs=0 l=1 rev1=1 crypto rx=0x7f6958006fd0 tx=0x7f6958006e40 comp rx=0 tx=0).ready entity=mgr.14118 client_cookie=0 server_cookie=0 in_seq=0 out_seq=0
2023-12-07T10:10:48.949 INFO:teuthology.orchestra.run.smithi119.stdout:/usr/bin/ceph: stderr
2023-12-07T10:10:48.337+0000 7f69537fe700 1 -- 172.21.15.119:0/3387271664 <== mon.0 v2:172.21.15.119:3300/0 6 ==== mon_command_ack([{"prefix": "get_command_descriptions"}]=0 v0) v1 ==== 72+0+180949 (secure 0 0 0) 0x7f6954051070 con 0x7f6964108e60
2023-12-07T10:10:48.949 INFO:teuthology.orchestra.run.smithi119.stdout:/usr/bin/ceph: stderr
2023-12-07T10:10:48.543+0000 7f6968d2c700 1 -- 172.21.15.119:0/3387271664 --> [v2:172.21.15.119:3300/0,v1:172.21.15.119:6789/0] -- mon_command([{prefix=config set, name=mgr/cephadm/container_init}] v 0) v1 -- 0x7f69641a0090 con 0x7f6964108e60
2023-12-07T10:10:48.949 INFO:teuthology.orchestra.run.smithi119.stdout:/usr/bin/ceph: stderr
2023-12-07T10:10:48.546+0000 7f69537fe700 1 -- 172.21.15.119:0/3387271664 <== mon.0 v2:172.21.15.119:3300/0 7 ==== mon_command_ack([{prefix=config set, name=mgr/cephadm/container_init}]=0 v7)=0 v7) v1 ==== 142+0+0 (secure 0 0 0) 0x7f695401a430 con 0x7f6964108e60
2023-12-07T10:10:48.949 INFO:teuthology.orchestra.run.smithi119.stdout:/usr/bin/ceph: stderr
2023-12-07T10:10:48.549+0000 7f6968d2c700 1 -- 172.21.15.119:0/3387271664 >> [v2:172.21.15.119:6800/1355617847,v1:172.21.15.119:6801/1355617847] conn(0x7f694c038aa0 msgr2=0x7f694c03af60 secure :-1 s=STATE_CONNECTION_ESTABLISHED l=1).mark_down
2023-12-07T10:10:48.949 INFO:teuthology.orchestra.run.smithi119.stdout:/usr/bin/ceph: stderr
2023-12-07T10:10:48.549+0000 7f6968d2c700 1 --2- 172.21.15.119:0/3387271664 >> [v2:172.21.15.119:6800/1355617847,v1:172.21.15.119:6801/1355617847] conn(0x7f694c038aa0 0x7f694c03af60 secure :-1 s=READY pgs=14 cs=0 l=1 rev1=1 crypto rx=0x7f6958006fd0 tx=0x7f6958006e40 comp rx=0 tx=0).stop
2023-12-07T10:10:48.949 INFO:teuthology.orchestra.run.smithi119.stdout:/usr/bin/ceph: stderr
2023-12-07T10:10:48.549+0000 7f6968d2c700 1 -- 172.21.15.119:0/3387271664 >> [v2:172.21.15.119:3300/0,v1:172.21.15.119:6789/0] conn(0x7f6964108e60 msgr2=0x7f696419cbc0 secure :-1 s=STATE_CONNECTION_ESTABLISHED l=1).mark_down
2023-12-07T10:10:48.950 INFO:teuthology.orchestra.run.smithi119.stdout:/usr/bin/ceph: stderr
2023-12-07T10:10:48.549+0000 7f6968d2c700 1 --2- 172.21.15.119:0/3387271664 >> [v2:172.21.15.119:3300/0,v1:172.21.15.119:6789/0] conn(0x7f6964108e60 0x7f696419cbc0 secure :-1 s=READY pgs=50 cs=0 l=1 rev1=1 crypto rx=0x7f6954011670 tx=0x7f6954011a30 comp rx=0 tx=0).stop
2023-12-07T10:10:48.950 INFO:teuthology.orchestra.run.smithi119.stdout:/usr/bin/ceph: stderr
2023-12-07T10:10:48.549+0000 7f6968d2c700 1 -- 172.21.15.119:0/3387271664 shutdown_connections
2023-12-07T10:10:48.950 INFO:teuthology.orchestra.run.smithi119.stdout:/usr/bin/ceph: stderr
2023-12-07T10:10:48.549+0000 7f6968d2c700 1 --2- 172.21.15.119:0/3387271664 >> [v2:172.21.15.119:6800/1355617847,v1:172.21.15.119:6801/1355617847] conn(0x7f694c038aa0 0x7f694c03af60 unknown :-1 s=CLOSED pgs=14 cs=0 l=1 rev1=1 crypto rx=0 tx=0 comp rx=0 tx=0).stop
2023-12-07T10:10:48.950 INFO:teuthology.orchestra.run.smithi119.stdout:/usr/bin/ceph: stderr
2023-12-07T10:10:48.549+0000 7f6968d2c700 1 --2- 172.21.15.119:0/3387271664 >> [v2:172.21.15.119:3300/0,v1:172.21.15.119:6789/0] conn(0x7f6964108e60 0x7f696419cbc0 unknown :-1 s=CLOSED pgs=50 cs=0 l=1 rev1=1 crypto rx=0 tx=0 comp rx=0 tx=0).stop
2023-12-07T10:10:48.950 INFO:teuthology.orchestra.run.smithi119.stdout:/usr/bin/ceph: stderr
2023-12-07T10:10:48.549+0000 7f6968d2c700 1 -- 172.21.15.119:0/3387271664 >> 172.21.15.119:0/3387271664 conn(0x7f696407c240 msgr2=0x7f69641064c0 unknown :-1 s=STATE_NONE l=0).mark_down
2023-12-07T10:10:48.950 INFO:teuthology.orchestra.run.smithi119.stdout:/usr/bin/ceph: stderr
2023-12-07T10:10:48.549+0000 7f6968d2c700 1 -- 172.21.15.119:0/3387271664 shutdown_connections
2023-12-07T10:10:48.950 INFO:teuthology.orchestra.run.smithi119.stdout:/usr/bin/ceph: stderr
2023-12-07T10:10:48.549+0000 7f6968d2c700 1 -- 172.21.15.119:0/3387271664 wait complete.
2023-12-07T10:10:49.275 INFO:journalctl@ceph.mon.a.smithi119.stdout:Dec 07 10:10:49 smithi119 ceph-mon[97908]: from='mgr.14118 172.21.15.119:0/725582431' entity='mgr.x'
2023-12-07T10:10:49.276 INFO:journalctl@ceph.mon.a.smithi119.stdout:Dec 07 10:10:49 smithi119 ceph-mon[97908]: from='client.? 172.21.15.119:0/3387271664' entity='client.admin'
2023-12-07T10:10:49.276 INFO:journalctl@ceph.mon.a.smithi119.stdout:Dec 07 10:10:49 smithi119 ceph-mon[97908]: from='mgr.14118 172.21.15.119:0/725582431' entity='mgr.x'
2023-12-07T10:10:50.151 INFO:teuthology.orchestra.run.smithi119.stdout:/usr/bin/ceph: stderr
2023-12-07T10:10:49.513+0000 7f148142d700 1 Processor -- start
2023-12-07T10:10:50.151 INFO:teuthology.orchestra.run.smithi119.stdout:/usr/bin/ceph: stderr
2023-12-07T10:10:49.513+0000 7f148142d700 1 -- start start
2023-12-07T10:10:50.151 INFO:teuthology.orchestra.run.smithi119.stdout:/usr/bin/ceph: stderr
2023-12-07T10:10:49.513+0000 7f148142d700 1 --2- >> [v2:172.21.15.119:3300/0,v1:172.21.15.119:6789/0] conn(0x7f147c07ce70 0x7f147c07b2d0 unknown :-1 s=NONE pgs=0 cs=0 l=0 rev1=0 crypto rx=0 tx=0 comp rx=0 tx=0).connect
2023-12-07T10:10:50.151 INFO:teuthology.orchestra.run.smithi119.stdout:/usr/bin/ceph: stderr
2023-12-07T10:10:49.513+0000 7f148142d700 1 -- --> [v2:172.21.15.119:3300/0,v1:172.21.15.119:6789/0] -- mon_getmap magic: 0 v1 -- 0x7f147c07b8a0 con 0x7f147c07ce70
2023-12-07T10:10:50.151 INFO:teuthology.orchestra.run.smithi119.stdout:/usr/bin/ceph: stderr
2023-12-07T10:10:49.514+0000 7f147affd700 1 --2- >> [v2:172.21.15.119:3300/0,v1:172.21.15.119:6789/0] conn(0x7f147c07ce70 0x7f147c07b2d0 unknown :-1 s=BANNER_CONNECTING pgs=0 cs=0 l=0 rev1=0 crypto rx=0 tx=0 comp rx=0 tx=0)._handle_peer_banner_payload supported=3 required=0
2023-12-07T10:10:50.151 INFO:teuthology.orchestra.run.smithi119.stdout:/usr/bin/ceph: stderr
2023-12-07T10:10:49.514+0000 7f147affd700 1 --2- >> [v2:172.21.15.119:3300/0,v1:172.21.15.119:6789/0] conn(0x7f147c07ce70 0x7f147c07b2d0 unknown :-1 s=HELLO_CONNECTING pgs=0 cs=0 l=0 rev1=1 crypto rx=0 tx=0 comp rx=0 tx=0).handle_hello peer v2:172.21.15.119:3300/0 says I am v2:172.21.15.119:56642/0 (socket says 172.21.15.119:56642)
2023-12-07T10:10:50.151 INFO:teuthology.orchestra.run.smithi119.stdout:/usr/bin/ceph: stderr
2023-12-07T10:10:49.514+0000 7f147affd700 1 -- 172.21.15.119:0/2015411449 learned_addr learned my addr 172.21.15.119:0/2015411449 (peer_addr_for_me v2:172.21.15.119:0/0)
2023-12-07T10:10:50.151 INFO:teuthology.orchestra.run.smithi119.stdout:/usr/bin/ceph: stderr
2023-12-07T10:10:49.514+0000 7f147affd700 1 -- 172.21.15.119:0/2015411449 --> [v2:172.21.15.119:3300/0,v1:172.21.15.119:6789/0] -- mon_subscribe({config=0+,monmap=0+}) v3 -- 0x7f147c07b9e0 con 0x7f147c07ce70
2023-12-07T10:10:50.151 INFO:teuthology.orchestra.run.smithi119.stdout:/usr/bin/ceph: stderr
2023-12-07T10:10:49.515+0000 7f147affd700 1 --2- 172.21.15.119:0/2015411449 >> [v2:172.21.15.119:3300/0,v1:172.21.15.119:6789/0] conn(0x7f147c07ce70 0x7f147c07b2d0 secure :-1 s=READY pgs=51 cs=0 l=1 rev1=1 crypto rx=0x7f146c0098a0 tx=0x7f146c009bb0 comp rx=0 tx=0).ready entity=mon.0 client_cookie=1da8a8a0e10b819d server_cookie=0 in_seq=0 out_seq=0
2023-12-07T10:10:50.151 INFO:teuthology.orchestra.run.smithi119.stdout:/usr/bin/ceph: stderr
2023-12-07T10:10:49.515+0000 7f1479ffb700 1 -- 172.21.15.119:0/2015411449 <== mon.0 v2:172.21.15.119:3300/0 1 ==== mon_map magic: 0 v1 ==== 205+0+0 (secure 0 0 0) 0x7f146c004160 con 0x7f147c07ce70
2023-12-07T10:10:50.151 INFO:teuthology.orchestra.run.smithi119.stdout:/usr/bin/ceph: stderr
2023-12-07T10:10:49.515+0000 7f1479ffb700 1 -- 172.21.15.119:0/2015411449 <== mon.0 v2:172.21.15.119:3300/0 2 ==== config(26 keys) v1 ==== 1105+0+0 (secure 0 0 0) 0x7f146c0042c0 con 0x7f147c07ce70
2023-12-07T10:10:50.152 INFO:teuthology.orchestra.run.smithi119.stdout:/usr/bin/ceph: stderr
2023-12-07T10:10:49.515+0000 7f1479ffb700 1 -- 172.21.15.119:0/2015411449 <== mon.0 v2:172.21.15.119:3300/0 3 ==== mon_map magic: 0 v1 ==== 205+0+0 (secure 0 0 0) 0x7f146c0119b0 con 0x7f147c07ce70
2023-12-07T10:10:50.152 INFO:teuthology.orchestra.run.smithi119.stdout:/usr/bin/ceph: stderr
2023-12-07T10:10:49.515+0000 7f148142d700 1 -- 172.21.15.119:0/2015411449 >> [v2:172.21.15.119:3300/0,v1:172.21.15.119:6789/0] conn(0x7f147c07ce70 msgr2=0x7f147c07b2d0 secure :-1 s=STATE_CONNECTION_ESTABLISHED l=1).mark_down
2023-12-07T10:10:50.152 INFO:teuthology.orchestra.run.smithi119.stdout:/usr/bin/ceph: stderr
2023-12-07T10:10:49.515+0000 7f148142d700 1 --2- 172.21.15.119:0/2015411449 >> [v2:172.21.15.119:3300/0,v1:172.21.15.119:6789/0] conn(0x7f147c07ce70 0x7f147c07b2d0 secure :-1 s=READY pgs=51 cs=0 l=1 rev1=1 crypto rx=0x7f146c0098a0 tx=0x7f146c009bb0 comp rx=0 tx=0).stop
2023-12-07T10:10:50.152 INFO:teuthology.orchestra.run.smithi119.stdout:/usr/bin/ceph: stderr
2023-12-07T10:10:49.516+0000 7f148142d700 1 -- 172.21.15.119:0/2015411449 shutdown_connections
2023-12-07T10:10:50.152 INFO:teuthology.orchestra.run.smithi119.stdout:/usr/bin/ceph: stderr
2023-12-07T10:10:49.516+0000 7f148142d700 1 --2- 172.21.15.119:0/2015411449 >> [v2:172.21.15.119:3300/0,v1:172.21.15.119:6789/0] conn(0x7f147c07ce70 0x7f147c07b2d0 unknown :-1 s=CLOSED pgs=51 cs=0 l=1 rev1=1 crypto rx=0 tx=0 comp rx=0 tx=0).stop
2023-12-07T10:10:50.152 INFO:teuthology.orchestra.run.smithi119.stdout:/usr/bin/ceph: stderr
2023-12-07T10:10:49.516+0000 7f148142d700 1 -- 172.21.15.119:0/2015411449 >> 172.21.15.119:0/2015411449 conn(0x7f147c102220 msgr2=0x7f147c104660 unknown :-1 s=STATE_NONE l=0).mark_down
2023-12-07T10:10:50.152 INFO:teuthology.orchestra.run.smithi119.stdout:/usr/bin/ceph: stderr
2023-12-07T10:10:49.516+0000 7f148142d700 1 -- 172.21.15.119:0/2015411449 shutdown_connections
2023-12-07T10:10:50.152 INFO:teuthology.orchestra.run.smithi119.stdout:/usr/bin/ceph: stderr
2023-12-07T10:10:49.516+0000 7f148142d700 1 -- 172.21.15.119:0/2015411449 wait complete.
2023-12-07T10:10:50.152 INFO:teuthology.orchestra.run.smithi119.stdout:/usr/bin/ceph: stderr
2023-12-07T10:10:49.517+0000 7f148142d700 1 Processor -- start
2023-12-07T10:10:50.152 INFO:teuthology.orchestra.run.smithi119.stdout:/usr/bin/ceph: stderr
2023-12-07T10:10:49.517+0000 7f148142d700 1 -- start start
2023-12-07T10:10:50.152 INFO:teuthology.orchestra.run.smithi119.stdout:/usr/bin/ceph: stderr
2023-12-07T10:10:49.517+0000 7f148142d700 1 --2- >> [v2:172.21.15.119:3300/0,v1:172.21.15.119:6789/0] conn(0x7f147c07ce70 0x7f147c19cc30 unknown :-1 s=NONE pgs=0 cs=0 l=1 rev1=0 crypto rx=0 tx=0 comp rx=0 tx=0).connect
2023-12-07T10:10:50.152 INFO:teuthology.orchestra.run.smithi119.stdout:/usr/bin/ceph: stderr
2023-12-07T10:10:49.517+0000 7f148142d700 1 -- --> [v2:172.21.15.119:3300/0,v1:172.21.15.119:6789/0] -- mon_getmap magic: 0 v1 -- 0x7f147c19d170 con 0x7f147c07ce70
2023-12-07T10:10:50.153 INFO:teuthology.orchestra.run.smithi119.stdout:/usr/bin/ceph: stderr
2023-12-07T10:10:49.517+0000 7f147affd700 1 --2- >> [v2:172.21.15.119:3300/0,v1:172.21.15.119:6789/0] conn(0x7f147c07ce70 0x7f147c19cc30 unknown :-1 s=BANNER_CONNECTING pgs=0 cs=0 l=1 rev1=0 crypto rx=0 tx=0 comp rx=0 tx=0)._handle_peer_banner_payload supported=3 required=0
2023-12-07T10:10:50.153 INFO:teuthology.orchestra.run.smithi119.stdout:/usr/bin/ceph: stderr
2023-12-07T10:10:49.518+0000 7f147affd700 1 --2- >> [v2:172.21.15.119:3300/0,v1:172.21.15.119:6789/0] conn(0x7f147c07ce70 0x7f147c19cc30 unknown :-1 s=HELLO_CONNECTING pgs=0 cs=0 l=1 rev1=1 crypto rx=0 tx=0 comp rx=0 tx=0).handle_hello peer v2:172.21.15.119:3300/0 says I am v2:172.21.15.119:56656/0 (socket says 172.21.15.119:56656)
2023-12-07T10:10:50.153 INFO:teuthology.orchestra.run.smithi119.stdout:/usr/bin/ceph: stderr
2023-12-07T10:10:49.518+0000 7f147affd700 1 -- 172.21.15.119:0/3744292033 learned_addr learned my addr 172.21.15.119:0/3744292033 (peer_addr_for_me v2:172.21.15.119:0/0)
2023-12-07T10:10:50.153 INFO:teuthology.orchestra.run.smithi119.stdout:/usr/bin/ceph: stderr
2023-12-07T10:10:49.518+0000 7f147affd700 1 -- 172.21.15.119:0/3744292033 --> [v2:172.21.15.119:3300/0,v1:172.21.15.119:6789/0] -- mon_subscribe({config=0+,monmap=0+}) v3 -- 0x7f146c009550 con 0x7f147c07ce70
2023-12-07T10:10:50.153 INFO:teuthology.orchestra.run.smithi119.stdout:/usr/bin/ceph: stderr
2023-12-07T10:10:49.518+0000 7f147affd700 1 --2- 172.21.15.119:0/3744292033 >> [v2:172.21.15.119:3300/0,v1:172.21.15.119:6789/0] conn(0x7f147c07ce70 0x7f147c19cc30 secure :-1 s=READY pgs=52 cs=0 l=1 rev1=1 crypto rx=0x7f146c011670 tx=0x7f146c011a30 comp rx=0 tx=0).ready entity=mon.0 client_cookie=0 server_cookie=0 in_seq=0 out_seq=0
2023-12-07T10:10:50.153 INFO:teuthology.orchestra.run.smithi119.stdout:/usr/bin/ceph: stderr
2023-12-07T10:10:49.518+0000 7f1463fff700 1 -- 172.21.15.119:0/3744292033 <== mon.0 v2:172.21.15.119:3300/0 1 ==== mon_map magic: 0 v1 ==== 205+0+0 (secure 0 0 0) 0x7f146c003b20 con 0x7f147c07ce70
2023-12-07T10:10:50.153 INFO:teuthology.orchestra.run.smithi119.stdout:/usr/bin/ceph: stderr
2023-12-07T10:10:49.518+0000 7f1463fff700 1 -- 172.21.15.119:0/3744292033 <== mon.0 v2:172.21.15.119:3300/0 2 ==== config(26 keys) v1 ==== 1105+0+0 (secure 0 0 0) 0x7f146c003c80 con 0x7f147c07ce70
2023-12-07T10:10:50.153 INFO:teuthology.orchestra.run.smithi119.stdout:/usr/bin/ceph: stderr
2023-12-07T10:10:49.518+0000 7f1463fff700 1 -- 172.21.15.119:0/3744292033 <== mon.0 v2:172.21.15.119:3300/0 3 ==== mon_map magic: 0 v1 ==== 205+0+0 (secure 0 0 0) 0x7f146c019770 con 0x7f147c07ce70
2023-12-07T10:10:50.153 INFO:teuthology.orchestra.run.smithi119.stdout:/usr/bin/ceph: stderr
2023-12-07T10:10:49.518+0000 7f148142d700 1 -- 172.21.15.119:0/3744292033 --> [v2:172.21.15.119:3300/0,v1:172.21.15.119:6789/0] -- mon_subscribe({mgrmap=0+}) v3 -- 0x7f147c19d370 con 0x7f147c07ce70
2023-12-07T10:10:50.153 INFO:teuthology.orchestra.run.smithi119.stdout:/usr/bin/ceph: stderr
2023-12-07T10:10:49.519+0000 7f148142d700 1 -- 172.21.15.119:0/3744292033 --> [v2:172.21.15.119:3300/0,v1:172.21.15.119:6789/0] -- mon_subscribe({osdmap=0}) v3 -- 0x7f147c19d810 con 0x7f147c07ce70
2023-12-07T10:10:50.153 INFO:teuthology.orchestra.run.smithi119.stdout:/usr/bin/ceph: stderr
2023-12-07T10:10:49.520+0000 7f1463fff700 1 -- 172.21.15.119:0/3744292033 <== mon.0 v2:172.21.15.119:3300/0 4 ==== mgrmap(e 8) v1 ==== 45739+0+0 (secure 0 0 0) 0x7f146c0199e0 con 0x7f147c07ce70
2023-12-07T10:10:50.153 INFO:teuthology.orchestra.run.smithi119.stdout:/usr/bin/ceph: stderr
2023-12-07T10:10:49.520+0000 7f148142d700 1 -- 172.21.15.119:0/3744292033 --> [v2:172.21.15.119:3300/0,v1:172.21.15.119:6789/0] -- mon_command({"prefix": "get_command_descriptions"} v 0) v1 -- 0x7f147c10d0c0 con 0x7f147c07ce70
2023-12-07T10:10:50.153 INFO:teuthology.orchestra.run.smithi119.stdout:/usr/bin/ceph: stderr
2023-12-07T10:10:49.520+0000 7f1463fff700 1 --2- 172.21.15.119:0/3744292033 >> [v2:172.21.15.119:6800/1355617847,v1:172.21.15.119:6801/1355617847] conn(0x7f1464038aa0 0x7f146403af60 unknown :-1 s=NONE pgs=0 cs=0 l=1 rev1=0 crypto rx=0 tx=0 comp rx=0 tx=0).connect
2023-12-07T10:10:50.154 INFO:teuthology.orchestra.run.smithi119.stdout:/usr/bin/ceph: stderr
2023-12-07T10:10:49.520+0000 7f1463fff700 1 -- 172.21.15.119:0/3744292033 <== mon.0 v2:172.21.15.119:3300/0 5 ==== osd_map(2..2 src has 1..2) v4 ==== 940+0+0 (secure 0 0 0) 0x7f146c04cf60 con 0x7f147c07ce70
2023-12-07T10:10:50.154 INFO:teuthology.orchestra.run.smithi119.stdout:/usr/bin/ceph: stderr
2023-12-07T10:10:49.520+0000 7f147a7fc700 1 --2- 172.21.15.119:0/3744292033 >> [v2:172.21.15.119:6800/1355617847,v1:172.21.15.119:6801/1355617847] conn(0x7f1464038aa0 0x7f146403af60 unknown :-1 s=BANNER_CONNECTING pgs=0 cs=0 l=1 rev1=0 crypto rx=0 tx=0 comp rx=0 tx=0)._handle_peer_banner_payload supported=3 required=0
2023-12-07T10:10:50.154 INFO:teuthology.orchestra.run.smithi119.stdout:/usr/bin/ceph: stderr
2023-12-07T10:10:49.521+0000 7f147a7fc700 1 --2- 172.21.15.119:0/3744292033 >> [v2:172.21.15.119:6800/1355617847,v1:172.21.15.119:6801/1355617847] conn(0x7f1464038aa0 0x7f146403af60 secure :-1 s=READY pgs=15 cs=0 l=1 rev1=1 crypto rx=0x7f1470006fd0 tx=0x7f1470006e40 comp rx=0 tx=0).ready entity=mgr.14118 client_cookie=0 server_cookie=0 in_seq=0 out_seq=0
2023-12-07T10:10:50.154 INFO:teuthology.orchestra.run.smithi119.stdout:/usr/bin/ceph: stderr
2023-12-07T10:10:49.525+0000 7f1463fff700 1 -- 172.21.15.119:0/3744292033 <== mon.0 v2:172.21.15.119:3300/0 6 ==== mon_command_ack([{"prefix": "get_command_descriptions"}]=0 v0) v1 ==== 72+0+180949 (secure 0 0 0) 0x7f146c018ba0 con 0x7f147c07ce70
2023-12-07T10:10:50.154 INFO:teuthology.orchestra.run.smithi119.stdout:/usr/bin/ceph: stderr
2023-12-07T10:10:49.733+0000 7f148142d700 1 -- 172.21.15.119:0/3744292033 --> [v2:172.21.15.119:3300/0,v1:172.21.15.119:6789/0] -- mon_command([{prefix=config set, name=mgr/dashboard/ssl_server_port}] v 0) v1 -- 0x7f147c1a0050 con 0x7f147c07ce70
2023-12-07T10:10:50.154 INFO:teuthology.orchestra.run.smithi119.stdout:/usr/bin/ceph: stderr
2023-12-07T10:10:49.735+0000 7f1463fff700 1 -- 172.21.15.119:0/3744292033 <== mon.0 v2:172.21.15.119:3300/0 7 ==== mon_command_ack([{prefix=config set, name=mgr/dashboard/ssl_server_port}]=0 v8)=0 v8) v1 ==== 130+0+0 (secure 0 0 0) 0x7f146c023e60 con 0x7f147c07ce70
2023-12-07T10:10:50.154 INFO:teuthology.orchestra.run.smithi119.stdout:/usr/bin/ceph: stderr
2023-12-07T10:10:49.738+0000 7f148142d700 1 -- 172.21.15.119:0/3744292033 >> [v2:172.21.15.119:6800/1355617847,v1:172.21.15.119:6801/1355617847] conn(0x7f1464038aa0 msgr2=0x7f146403af60 secure :-1 s=STATE_CONNECTION_ESTABLISHED l=1).mark_down
2023-12-07T10:10:50.154 INFO:teuthology.orchestra.run.smithi119.stdout:/usr/bin/ceph: stderr
2023-12-07T10:10:49.738+0000 7f148142d700 1 --2- 172.21.15.119:0/3744292033 >> [v2:172.21.15.119:6800/1355617847,v1:172.21.15.119:6801/1355617847] conn(0x7f1464038aa0 0x7f146403af60 secure :-1 s=READY pgs=15 cs=0 l=1 rev1=1 crypto rx=0x7f1470006fd0 tx=0x7f1470006e40 comp rx=0 tx=0).stop
2023-12-07T10:10:50.154 INFO:teuthology.orchestra.run.smithi119.stdout:/usr/bin/ceph: stderr
2023-12-07T10:10:49.738+0000 7f148142d700 1 -- 172.21.15.119:0/3744292033 >> [v2:172.21.15.119:3300/0,v1:172.21.15.119:6789/0] conn(0x7f147c07ce70 msgr2=0x7f147c19cc30 secure :-1 s=STATE_CONNECTION_ESTABLISHED l=1).mark_down
2023-12-07T10:10:50.154 INFO:teuthology.orchestra.run.smithi119.stdout:/usr/bin/ceph: stderr
2023-12-07T10:10:49.738+0000 7f148142d700 1 --2- 172.21.15.119:0/3744292033 >> [v2:172.21.15.119:3300/0,v1:172.21.15.119:6789/0] conn(0x7f147c07ce70 0x7f147c19cc30 secure :-1 s=READY pgs=52 cs=0 l=1 rev1=1 crypto rx=0x7f146c011670 tx=0x7f146c011a30 comp rx=0 tx=0).stop
2023-12-07T10:10:50.154 INFO:teuthology.orchestra.run.smithi119.stdout:/usr/bin/ceph: stderr
2023-12-07T10:10:49.738+0000 7f148142d700 1 -- 172.21.15.119:0/3744292033 shutdown_connections
2023-12-07T10:10:50.154 INFO:teuthology.orchestra.run.smithi119.stdout:/usr/bin/ceph: stderr
2023-12-07T10:10:49.738+0000 7f148142d700 1 --2- 172.21.15.119:0/3744292033 >> [v2:172.21.15.119:6800/1355617847,v1:172.21.15.119:6801/1355617847] conn(0x7f1464038aa0 0x7f146403af60 unknown :-1 s=CLOSED pgs=15 cs=0 l=1 rev1=1 crypto rx=0 tx=0 comp rx=0 tx=0).stop
2023-12-07T10:10:50.155 INFO:teuthology.orchestra.run.smithi119.stdout:/usr/bin/ceph: stderr
2023-12-07T10:10:49.738+0000 7f148142d700 1 --2- 172.21.15.119:0/3744292033 >> [v2:172.21.15.119:3300/0,v1:172.21.15.119:6789/0] conn(0x7f147c07ce70 0x7f147c19cc30 unknown :-1 s=CLOSED pgs=52 cs=0 l=1 rev1=1 crypto rx=0 tx=0 comp rx=0 tx=0).stop
2023-12-07T10:10:50.155 INFO:teuthology.orchestra.run.smithi119.stdout:/usr/bin/ceph: stderr
2023-12-07T10:10:49.738+0000 7f148142d700 1 -- 172.21.15.119:0/3744292033 >> 172.21.15.119:0/3744292033 conn(0x7f147c102220 msgr2=0x7f147c102dd0 unknown :-1 s=STATE_NONE l=0).mark_down
2023-12-07T10:10:50.155 INFO:teuthology.orchestra.run.smithi119.stdout:/usr/bin/ceph: stderr
2023-12-07T10:10:49.739+0000 7f148142d700 1 -- 172.21.15.119:0/3744292033 shutdown_connections
2023-12-07T10:10:50.155 INFO:teuthology.orchestra.run.smithi119.stdout:/usr/bin/ceph: stderr
2023-12-07T10:10:49.739+0000 7f148142d700 1 -- 172.21.15.119:0/3744292033 wait complete.
2023-12-07T10:10:50.155 INFO:teuthology.orchestra.run.smithi119.stdout:Enabling the dashboard module...
2023-12-07T10:10:50.980 INFO:journalctl@ceph.mon.a.smithi119.stdout:Dec 07 10:10:50 smithi119 ceph-mon[97908]: from='client.? 172.21.15.119:0/3744292033' entity='client.admin'
2023-12-07T10:10:52.284 INFO:journalctl@ceph.mon.a.smithi119.stdout:Dec 07 10:10:51 smithi119 ceph-mon[97908]: from='mgr.14118 172.21.15.119:0/725582431' entity='mgr.x'
2023-12-07T10:10:52.284 INFO:journalctl@ceph.mon.a.smithi119.stdout:Dec 07 10:10:51 smithi119 ceph-mon[97908]: from='client.? 172.21.15.119:0/1346762240' entity='client.admin' cmd=[{"prefix": "mgr module enable", "module": "dashboard"}]: dispatch
2023-12-07T10:10:52.285 INFO:journalctl@ceph.mgr.x.smithi119.stdout:Dec 07 10:10:52 smithi119 ceph-a4c642c6-94e8-11ee-95a2-87774f69a715-mgr-x[98159]: ignoring --setuser ceph since I am not root
2023-12-07T10:10:52.285 INFO:journalctl@ceph.mgr.x.smithi119.stdout:Dec 07 10:10:52 smithi119 ceph-a4c642c6-94e8-11ee-95a2-87774f69a715-mgr-x[98159]: ignoring --setgroup ceph since I am not root
2023-12-07T10:10:52.436 INFO:teuthology.orchestra.run.smithi119.stdout:/usr/bin/ceph: stderr
2023-12-07T10:10:50.882+0000 7fb0d1ea3700 1 Processor -- start
2023-12-07T10:10:52.436 INFO:teuthology.orchestra.run.smithi119.stdout:/usr/bin/ceph: stderr
