2023-12-07T11:06:04.723+0000 7f314ffff700 1 -- 172.21.15.6:0/3361764362 <== mon.0 v2:172.21.15.6:3300/0 2 ==== config(26 keys) v1 ==== 1105+0+0 (secure 0 0 0) 0x7f31540042c0 con 0x7f315807ced0
2023-12-07T11:06:05.969 INFO:teuthology.orchestra.run.smithi006.stdout:/usr/bin/ceph: stderr
2023-12-07T11:06:04.723+0000 7f314ffff700 1 -- 172.21.15.6:0/3361764362 <== mon.0 v2:172.21.15.6:3300/0 3 ==== mon_map magic: 0 v1 ==== 205+0+0 (secure 0 0 0) 0x7f31540119b0 con 0x7f315807ced0
2023-12-07T11:06:05.969 INFO:teuthology.orchestra.run.smithi006.stdout:/usr/bin/ceph: stderr
2023-12-07T11:06:04.724+0000 7f315f645700 1 -- 172.21.15.6:0/3361764362 >> [v2:172.21.15.6:3300/0,v1:172.21.15.6:6789/0] conn(0x7f315807ced0 msgr2=0x7f315807b330 secure :-1 s=STATE_CONNECTION_ESTABLISHED l=1).mark_down
2023-12-07T11:06:05.969 INFO:teuthology.orchestra.run.smithi006.stdout:/usr/bin/ceph: stderr
2023-12-07T11:06:04.724+0000 7f315f645700 1 --2- 172.21.15.6:0/3361764362 >> [v2:172.21.15.6:3300/0,v1:172.21.15.6:6789/0] conn(0x7f315807ced0 0x7f315807b330 secure :-1 s=READY pgs=53 cs=0 l=1 rev1=1 crypto rx=0x7f31540098a0 tx=0x7f3154009bb0 comp rx=0 tx=0).stop
2023-12-07T11:06:05.969 INFO:teuthology.orchestra.run.smithi006.stdout:/usr/bin/ceph: stderr
2023-12-07T11:06:04.724+0000 7f315f645700 1 -- 172.21.15.6:0/3361764362 shutdown_connections
2023-12-07T11:06:05.969 INFO:teuthology.orchestra.run.smithi006.stdout:/usr/bin/ceph: stderr
2023-12-07T11:06:04.724+0000 7f315f645700 1 --2- 172.21.15.6:0/3361764362 >> [v2:172.21.15.6:3300/0,v1:172.21.15.6:6789/0] conn(0x7f315807ced0 0x7f315807b330 unknown :-1 s=CLOSED pgs=53 cs=0 l=1 rev1=1 crypto rx=0 tx=0 comp rx=0 tx=0).stop
2023-12-07T11:06:05.969 INFO:teuthology.orchestra.run.smithi006.stdout:/usr/bin/ceph: stderr
2023-12-07T11:06:04.724+0000 7f315f645700 1 -- 172.21.15.6:0/3361764362 >> 172.21.15.6:0/3361764362 conn(0x7f3158102310 msgr2=0x7f3158104730 unknown :-1 s=STATE_NONE l=0).mark_down
2023-12-07T11:06:05.969 INFO:teuthology.orchestra.run.smithi006.stdout:/usr/bin/ceph: stderr
2023-12-07T11:06:04.724+0000 7f315f645700 1 -- 172.21.15.6:0/3361764362 shutdown_connections
2023-12-07T11:06:05.969 INFO:teuthology.orchestra.run.smithi006.stdout:/usr/bin/ceph: stderr
2023-12-07T11:06:04.724+0000 7f315f645700 1 -- 172.21.15.6:0/3361764362 wait complete.
2023-12-07T11:06:05.969 INFO:teuthology.orchestra.run.smithi006.stdout:/usr/bin/ceph: stderr
2023-12-07T11:06:04.726+0000 7f315f645700 1 Processor -- start
2023-12-07T11:06:05.969 INFO:teuthology.orchestra.run.smithi006.stdout:/usr/bin/ceph: stderr
2023-12-07T11:06:04.726+0000 7f315f645700 1 -- start start
2023-12-07T11:06:05.969 INFO:teuthology.orchestra.run.smithi006.stdout:/usr/bin/ceph: stderr
2023-12-07T11:06:04.726+0000 7f315f645700 1 --2- >> [v2:172.21.15.6:3300/0,v1:172.21.15.6:6789/0] conn(0x7f315807ced0 0x7f315819cc50 unknown :-1 s=NONE pgs=0 cs=0 l=1 rev1=0 crypto rx=0 tx=0 comp rx=0 tx=0).connect
2023-12-07T11:06:05.969 INFO:teuthology.orchestra.run.smithi006.stdout:/usr/bin/ceph: stderr
2023-12-07T11:06:04.726+0000 7f315f645700 1 -- --> [v2:172.21.15.6:3300/0,v1:172.21.15.6:6789/0] -- mon_getmap magic: 0 v1 -- 0x7f315819d190 con 0x7f315807ced0
2023-12-07T11:06:05.969 INFO:teuthology.orchestra.run.smithi006.stdout:/usr/bin/ceph: stderr
2023-12-07T11:06:04.727+0000 7f315d3e1700 1 --2- >> [v2:172.21.15.6:3300/0,v1:172.21.15.6:6789/0] conn(0x7f315807ced0 0x7f315819cc50 unknown :-1 s=BANNER_CONNECTING pgs=0 cs=0 l=1 rev1=0 crypto rx=0 tx=0 comp rx=0 tx=0)._handle_peer_banner_payload supported=3 required=0
2023-12-07T11:06:05.969 INFO:teuthology.orchestra.run.smithi006.stdout:/usr/bin/ceph: stderr
2023-12-07T11:06:04.727+0000 7f315d3e1700 1 --2- >> [v2:172.21.15.6:3300/0,v1:172.21.15.6:6789/0] conn(0x7f315807ced0 0x7f315819cc50 unknown :-1 s=HELLO_CONNECTING pgs=0 cs=0 l=1 rev1=1 crypto rx=0 tx=0 comp rx=0 tx=0).handle_hello peer v2:172.21.15.6:3300/0 says I am v2:172.21.15.6:44692/0 (socket says 172.21.15.6:44692)
2023-12-07T11:06:05.970 INFO:teuthology.orchestra.run.smithi006.stdout:/usr/bin/ceph: stderr
2023-12-07T11:06:04.727+0000 7f315d3e1700 1 -- 172.21.15.6:0/1246005967 learned_addr learned my addr 172.21.15.6:0/1246005967 (peer_addr_for_me v2:172.21.15.6:0/0)
2023-12-07T11:06:05.970 INFO:teuthology.orchestra.run.smithi006.stdout:/usr/bin/ceph: stderr
2023-12-07T11:06:04.727+0000 7f315d3e1700 1 -- 172.21.15.6:0/1246005967 --> [v2:172.21.15.6:3300/0,v1:172.21.15.6:6789/0] -- mon_subscribe({config=0+,monmap=0+}) v3 -- 0x7f3154009550 con 0x7f315807ced0
2023-12-07T11:06:05.970 INFO:teuthology.orchestra.run.smithi006.stdout:/usr/bin/ceph: stderr
2023-12-07T11:06:04.727+0000 7f315d3e1700 1 --2- 172.21.15.6:0/1246005967 >> [v2:172.21.15.6:3300/0,v1:172.21.15.6:6789/0] conn(0x7f315807ced0 0x7f315819cc50 secure :-1 s=READY pgs=54 cs=0 l=1 rev1=1 crypto rx=0x7f3154003e60 tx=0x7f3154011a30 comp rx=0 tx=0).ready entity=mon.0 client_cookie=0 server_cookie=0 in_seq=0 out_seq=0
2023-12-07T11:06:05.970 INFO:teuthology.orchestra.run.smithi006.stdout:/usr/bin/ceph: stderr
2023-12-07T11:06:04.727+0000 7f314e7fc700 1 -- 172.21.15.6:0/1246005967 <== mon.0 v2:172.21.15.6:3300/0 1 ==== mon_map magic: 0 v1 ==== 205+0+0 (secure 0 0 0) 0x7f3154003a60 con 0x7f315807ced0
2023-12-07T11:06:05.970 INFO:teuthology.orchestra.run.smithi006.stdout:/usr/bin/ceph: stderr
2023-12-07T11:06:04.728+0000 7f314e7fc700 1 -- 172.21.15.6:0/1246005967 <== mon.0 v2:172.21.15.6:3300/0 2 ==== config(26 keys) v1 ==== 1105+0+0 (secure 0 0 0) 0x7f3154003bc0 con 0x7f315807ced0
2023-12-07T11:06:05.970 INFO:teuthology.orchestra.run.smithi006.stdout:/usr/bin/ceph: stderr
2023-12-07T11:06:04.728+0000 7f314e7fc700 1 -- 172.21.15.6:0/1246005967 <== mon.0 v2:172.21.15.6:3300/0 3 ==== mon_map magic: 0 v1 ==== 205+0+0 (secure 0 0 0) 0x7f31540196c0 con 0x7f315807ced0
2023-12-07T11:06:05.970 INFO:teuthology.orchestra.run.smithi006.stdout:/usr/bin/ceph: stderr
2023-12-07T11:06:04.728+0000 7f315f645700 1 -- 172.21.15.6:0/1246005967 --> [v2:172.21.15.6:3300/0,v1:172.21.15.6:6789/0] -- mon_subscribe({mgrmap=0+}) v3 -- 0x7f315819d390 con 0x7f315807ced0
2023-12-07T11:06:05.970 INFO:teuthology.orchestra.run.smithi006.stdout:/usr/bin/ceph: stderr
2023-12-07T11:06:04.728+0000 7f315f645700 1 -- 172.21.15.6:0/1246005967 --> [v2:172.21.15.6:3300/0,v1:172.21.15.6:6789/0] -- mon_subscribe({osdmap=0}) v3 -- 0x7f315819d830 con 0x7f315807ced0
2023-12-07T11:06:05.970 INFO:teuthology.orchestra.run.smithi006.stdout:/usr/bin/ceph: stderr
2023-12-07T11:06:04.729+0000 7f314e7fc700 1 -- 172.21.15.6:0/1246005967 <== mon.0 v2:172.21.15.6:3300/0 4 ==== mgrmap(e 8) v1 ==== 45739+0+0 (secure 0 0 0) 0x7f315401ab60 con 0x7f315807ced0
2023-12-07T11:06:05.970 INFO:teuthology.orchestra.run.smithi006.stdout:/usr/bin/ceph: stderr
2023-12-07T11:06:04.729+0000 7f314e7fc700 1 --2- 172.21.15.6:0/1246005967 >> [v2:172.21.15.6:6800/3734206487,v1:172.21.15.6:6801/3734206487] conn(0x7f3144038a80 0x7f314403af40 unknown :-1 s=NONE pgs=0 cs=0 l=1 rev1=0 crypto rx=0 tx=0 comp rx=0 tx=0).connect
2023-12-07T11:06:05.970 INFO:teuthology.orchestra.run.smithi006.stdout:/usr/bin/ceph: stderr
2023-12-07T11:06:04.729+0000 7f314e7fc700 1 -- 172.21.15.6:0/1246005967 <== mon.0 v2:172.21.15.6:3300/0 5 ==== osd_map(2..2 src has 1..2) v4 ==== 940+0+0 (secure 0 0 0) 0x7f315404cdc0 con 0x7f315807ced0
2023-12-07T11:06:05.970 INFO:teuthology.orchestra.run.smithi006.stdout:/usr/bin/ceph: stderr
2023-12-07T11:06:04.729+0000 7f315f645700 1 -- 172.21.15.6:0/1246005967 --> [v2:172.21.15.6:3300/0,v1:172.21.15.6:6789/0] -- mon_command({"prefix": "get_command_descriptions"} v 0) v1 -- 0x7f315810d130 con 0x7f315807ced0
2023-12-07T11:06:05.970 INFO:teuthology.orchestra.run.smithi006.stdout:/usr/bin/ceph: stderr
2023-12-07T11:06:04.730+0000 7f315cbe0700 1 --2- 172.21.15.6:0/1246005967 >> [v2:172.21.15.6:6800/3734206487,v1:172.21.15.6:6801/3734206487] conn(0x7f3144038a80 0x7f314403af40 unknown :-1 s=BANNER_CONNECTING pgs=0 cs=0 l=1 rev1=0 crypto rx=0 tx=0 comp rx=0 tx=0)._handle_peer_banner_payload supported=3 required=0
2023-12-07T11:06:05.970 INFO:teuthology.orchestra.run.smithi006.stdout:/usr/bin/ceph: stderr
2023-12-07T11:06:04.730+0000 7f315cbe0700 1 --2- 172.21.15.6:0/1246005967 >> [v2:172.21.15.6:6800/3734206487,v1:172.21.15.6:6801/3734206487] conn(0x7f3144038a80 0x7f314403af40 secure :-1 s=READY pgs=16 cs=0 l=1 rev1=1 crypto rx=0x7f3148006fd0 tx=0x7f3148006e40 comp rx=0 tx=0).ready entity=mgr.14118 client_cookie=0 server_cookie=0 in_seq=0 out_seq=0
2023-12-07T11:06:05.971 INFO:teuthology.orchestra.run.smithi006.stdout:/usr/bin/ceph: stderr
2023-12-07T11:06:04.735+0000 7f314e7fc700 1 -- 172.21.15.6:0/1246005967 <== mon.0 v2:172.21.15.6:3300/0 6 ==== mon_command_ack([{"prefix": "get_command_descriptions"}]=0 v0) v1 ==== 72+0+180949 (secure 0 0 0) 0x7f315401a430 con 0x7f315807ced0
2023-12-07T11:06:05.971 INFO:teuthology.orchestra.run.smithi006.stdout:/usr/bin/ceph: stderr
2023-12-07T11:06:05.021+0000 7f315f645700 1 -- 172.21.15.6:0/1246005967 --> [v2:172.21.15.6:3300/0,v1:172.21.15.6:6789/0] -- mon_command({"prefix": "mgr module enable", "module": "dashboard"} v 0) v1 -- 0x7f315810d2f0 con 0x7f315807ced0
2023-12-07T11:06:05.971 INFO:teuthology.orchestra.run.smithi006.stdout:/usr/bin/ceph: stderr
2023-12-07T11:06:05.521+0000 7f314e7fc700 1 -- 172.21.15.6:0/1246005967 <== mon.0 v2:172.21.15.6:3300/0 7 ==== mon_command_ack([{"prefix": "mgr module enable", "module": "dashboard"}]=0 v9) v1 ==== 88+0+0 (secure 0 0 0) 0x7f3154018b00 con 0x7f315807ced0
2023-12-07T11:06:05.971 INFO:teuthology.orchestra.run.smithi006.stdout:/usr/bin/ceph: stderr
2023-12-07T11:06:05.523+0000 7f314e7fc700 1 -- 172.21.15.6:0/1246005967 <== mon.0 v2:172.21.15.6:3300/0 8 ==== mgrmap(e 9) v1 ==== 45752+0+0 (secure 0 0 0) 0x7f315401a7b0 con 0x7f315807ced0
2023-12-07T11:06:05.971 INFO:teuthology.orchestra.run.smithi006.stdout:/usr/bin/ceph: stderr
2023-12-07T11:06:05.525+0000 7f315f645700 1 -- 172.21.15.6:0/1246005967 >> [v2:172.21.15.6:6800/3734206487,v1:172.21.15.6:6801/3734206487] conn(0x7f3144038a80 msgr2=0x7f314403af40 secure :-1 s=STATE_CONNECTION_ESTABLISHED l=1).mark_down
2023-12-07T11:06:05.971 INFO:teuthology.orchestra.run.smithi006.stdout:/usr/bin/ceph: stderr
2023-12-07T11:06:05.525+0000 7f315f645700 1 --2- 172.21.15.6:0/1246005967 >> [v2:172.21.15.6:6800/3734206487,v1:172.21.15.6:6801/3734206487] conn(0x7f3144038a80 0x7f314403af40 secure :-1 s=READY pgs=16 cs=0 l=1 rev1=1 crypto rx=0x7f3148006fd0 tx=0x7f3148006e40 comp rx=0 tx=0).stop
2023-12-07T11:06:05.971 INFO:teuthology.orchestra.run.smithi006.stdout:/usr/bin/ceph: stderr
2023-12-07T11:06:05.525+0000 7f315f645700 1 -- 172.21.15.6:0/1246005967 >> [v2:172.21.15.6:3300/0,v1:172.21.15.6:6789/0] conn(0x7f315807ced0 msgr2=0x7f315819cc50 secure :-1 s=STATE_CONNECTION_ESTABLISHED l=1).mark_down
2023-12-07T11:06:05.971 INFO:teuthology.orchestra.run.smithi006.stdout:/usr/bin/ceph: stderr
2023-12-07T11:06:05.525+0000 7f315f645700 1 --2- 172.21.15.6:0/1246005967 >> [v2:172.21.15.6:3300/0,v1:172.21.15.6:6789/0] conn(0x7f315807ced0 0x7f315819cc50 secure :-1 s=READY pgs=54 cs=0 l=1 rev1=1 crypto rx=0x7f3154003e60 tx=0x7f3154011a30 comp rx=0 tx=0).stop
2023-12-07T11:06:05.971 INFO:teuthology.orchestra.run.smithi006.stdout:/usr/bin/ceph: stderr
2023-12-07T11:06:05.525+0000 7f315f645700 1 -- 172.21.15.6:0/1246005967 shutdown_connections
2023-12-07T11:06:05.971 INFO:teuthology.orchestra.run.smithi006.stdout:/usr/bin/ceph: stderr
2023-12-07T11:06:05.525+0000 7f315f645700 1 --2- 172.21.15.6:0/1246005967 >> [v2:172.21.15.6:6800/3734206487,v1:172.21.15.6:6801/3734206487] conn(0x7f3144038a80 0x7f314403af40 unknown :-1 s=CLOSED pgs=16 cs=0 l=1 rev1=1 crypto rx=0 tx=0 comp rx=0 tx=0).stop
2023-12-07T11:06:05.971 INFO:teuthology.orchestra.run.smithi006.stdout:/usr/bin/ceph: stderr
2023-12-07T11:06:05.525+0000 7f315f645700 1 --2- 172.21.15.6:0/1246005967 >> [v2:172.21.15.6:3300/0,v1:172.21.15.6:6789/0] conn(0x7f315807ced0 0x7f315819cc50 secure :-1 s=CLOSED pgs=54 cs=0 l=1 rev1=1 crypto rx=0x7f3154003e60 tx=0x7f3154011a30 comp rx=0 tx=0).stop
2023-12-07T11:06:05.971 INFO:teuthology.orchestra.run.smithi006.stdout:/usr/bin/ceph: stderr
2023-12-07T11:06:05.525+0000 7f315f645700 1 -- 172.21.15.6:0/1246005967 >> 172.21.15.6:0/1246005967 conn(0x7f3158102310 msgr2=0x7f3158102ec0 unknown :-1 s=STATE_NONE l=0).mark_down
2023-12-07T11:06:05.971 INFO:teuthology.orchestra.run.smithi006.stdout:/usr/bin/ceph: stderr
2023-12-07T11:06:05.526+0000 7f315f645700 1 -- 172.21.15.6:0/1246005967 shutdown_connections
2023-12-07T11:06:05.972 INFO:teuthology.orchestra.run.smithi006.stdout:/usr/bin/ceph: stderr
2023-12-07T11:06:05.526+0000 7f315f645700 1 -- 172.21.15.6:0/1246005967 wait complete.
2023-12-07T11:06:06.224 INFO:journalctl@ceph.mgr.x.smithi006.stdout:Dec 07 11:06:05 smithi006 ceph-5b6e4896-94f0-11ee-95a2-87774f69a715-mgr-x[129020]:
2023-12-07T11:06:05.955+0000 7f0d751dd200 -1 mgr[py] Module osd_support has missing NOTIFY_TYPES member
2023-12-07T11:06:06.224 INFO:journalctl@ceph.mgr.x.smithi006.stdout:Dec 07 11:06:06 smithi006 ceph-5b6e4896-94f0-11ee-95a2-87774f69a715-mgr-x[129020]:
2023-12-07T11:06:06.091+0000 7f0d751dd200 -1 mgr[py] Module snap_schedule has missing NOTIFY_TYPES member
2023-12-07T11:06:06.512 INFO:journalctl@ceph.mgr.x.smithi006.stdout:Dec 07 11:06:06 smithi006 ceph-5b6e4896-94f0-11ee-95a2-87774f69a715-mgr-x[129020]:
2023-12-07T11:06:06.223+0000 7f0d751dd200 -1 mgr[py] Module zabbix has missing NOTIFY_TYPES member
2023-12-07T11:06:06.512 INFO:journalctl@ceph.mgr.x.smithi006.stdout:Dec 07 11:06:06 smithi006 ceph-5b6e4896-94f0-11ee-95a2-87774f69a715-mgr-x[129020]:
2023-12-07T11:06:06.472+0000 7f0d751dd200 -1 mgr[py] Module crash has missing NOTIFY_TYPES member
2023-12-07T11:06:06.829 INFO:journalctl@ceph.mon.a.smithi006.stdout:Dec 07 11:06:06 smithi006 ceph-mon[128772]: from='client.? 172.21.15.6:0/1246005967' entity='client.admin' cmd='[{"prefix": "mgr module enable", "module": "dashboard"}]': finished
2023-12-07T11:06:06.829 INFO:journalctl@ceph.mon.a.smithi006.stdout:Dec 07 11:06:06 smithi006 ceph-mon[128772]: mgrmap e9: x(active, since 19s)
2023-12-07T11:06:07.135 INFO:journalctl@ceph.mgr.x.smithi006.stdout:Dec 07 11:06:06 smithi006 ceph-5b6e4896-94f0-11ee-95a2-87774f69a715-mgr-x[129020]:
2023-12-07T11:06:06.963+0000 7f0d751dd200 -1 mgr[py] Module prometheus has missing NOTIFY_TYPES member
2023-12-07T11:06:07.263 INFO:teuthology.orchestra.run.smithi006.stdout:/usr/bin/ceph: stdout {
2023-12-07T11:06:07.269 INFO:teuthology.orchestra.run.smithi006.stdout:/usr/bin/ceph: stdout "epoch": 9,
2023-12-07T11:06:07.269 INFO:teuthology.orchestra.run.smithi006.stdout:/usr/bin/ceph: stdout "available": true,
2023-12-07T11:06:07.269 INFO:teuthology.orchestra.run.smithi006.stdout:/usr/bin/ceph: stdout "active_name": "x",
2023-12-07T11:06:07.269 INFO:teuthology.orchestra.run.smithi006.stdout:/usr/bin/ceph: stdout "num_standby": 0
2023-12-07T11:06:07.269 INFO:teuthology.orchestra.run.smithi006.stdout:/usr/bin/ceph: stdout }
2023-12-07T11:06:07.269 INFO:teuthology.orchestra.run.smithi006.stdout:/usr/bin/ceph: stderr
2023-12-07T11:06:06.522+0000 7fd7cca60700 1 Processor -- start
2023-12-07T11:06:07.269 INFO:teuthology.orchestra.run.smithi006.stdout:/usr/bin/ceph: stderr
2023-12-07T11:06:06.522+0000 7fd7cca60700 1 -- start start
2023-12-07T11:06:07.270 INFO:teuthology.orchestra.run.smithi006.stdout:/usr/bin/ceph: stderr
2023-12-07T11:06:06.523+0000 7fd7cca60700 1 --2- >> [v2:172.21.15.6:3300/0,v1:172.21.15.6:6789/0] conn(0x7fd7c807ce90 0x7fd7c807b2f0 unknown :-1 s=NONE pgs=0 cs=0 l=0 rev1=0 crypto rx=0 tx=0 comp rx=0 tx=0).connect
2023-12-07T11:06:07.270 INFO:teuthology.orchestra.run.smithi006.stdout:/usr/bin/ceph: stderr
2023-12-07T11:06:06.523+0000 7fd7cca60700 1 -- --> [v2:172.21.15.6:3300/0,v1:172.21.15.6:6789/0] -- mon_getmap magic: 0 v1 -- 0x7fd7c807b8c0 con 0x7fd7c807ce90
2023-12-07T11:06:07.270 INFO:teuthology.orchestra.run.smithi006.stdout:/usr/bin/ceph: stderr
2023-12-07T11:06:06.523+0000 7fd7c659c700 1 --2- >> [v2:172.21.15.6:3300/0,v1:172.21.15.6:6789/0] conn(0x7fd7c807ce90 0x7fd7c807b2f0 unknown :-1 s=BANNER_CONNECTING pgs=0 cs=0 l=0 rev1=0 crypto rx=0 tx=0 comp rx=0 tx=0)._handle_peer_banner_payload supported=3 required=0
2023-12-07T11:06:07.270 INFO:teuthology.orchestra.run.smithi006.stdout:/usr/bin/ceph: stderr
2023-12-07T11:06:06.523+0000 7fd7c659c700 1 --2- >> [v2:172.21.15.6:3300/0,v1:172.21.15.6:6789/0] conn(0x7fd7c807ce90 0x7fd7c807b2f0 unknown :-1 s=HELLO_CONNECTING pgs=0 cs=0 l=0 rev1=1 crypto rx=0 tx=0 comp rx=0 tx=0).handle_hello peer v2:172.21.15.6:3300/0 says I am v2:172.21.15.6:44718/0 (socket says 172.21.15.6:44718)
2023-12-07T11:06:07.270 INFO:teuthology.orchestra.run.smithi006.stdout:/usr/bin/ceph: stderr
2023-12-07T11:06:06.523+0000 7fd7c659c700 1 -- 172.21.15.6:0/3142765149 learned_addr learned my addr 172.21.15.6:0/3142765149 (peer_addr_for_me v2:172.21.15.6:0/0)
2023-12-07T11:06:07.270 INFO:teuthology.orchestra.run.smithi006.stdout:/usr/bin/ceph: stderr
2023-12-07T11:06:06.523+0000 7fd7c659c700 1 -- 172.21.15.6:0/3142765149 --> [v2:172.21.15.6:3300/0,v1:172.21.15.6:6789/0] -- mon_subscribe({config=0+,monmap=0+}) v3 -- 0x7fd7c807ba00 con 0x7fd7c807ce90
2023-12-07T11:06:07.270 INFO:teuthology.orchestra.run.smithi006.stdout:/usr/bin/ceph: stderr
2023-12-07T11:06:06.524+0000 7fd7c659c700 1 --2- 172.21.15.6:0/3142765149 >> [v2:172.21.15.6:3300/0,v1:172.21.15.6:6789/0] conn(0x7fd7c807ce90 0x7fd7c807b2f0 secure :-1 s=READY pgs=57 cs=0 l=1 rev1=1 crypto rx=0x7fd7b80098a0 tx=0x7fd7b8009bb0 comp rx=0 tx=0).ready entity=mon.0 client_cookie=c47a896affc0d3f5 server_cookie=0 in_seq=0 out_seq=0
2023-12-07T11:06:07.270 INFO:teuthology.orchestra.run.smithi006.stdout:/usr/bin/ceph: stderr
2023-12-07T11:06:06.526+0000 7fd7c559a700 1 -- 172.21.15.6:0/3142765149 <== mon.0 v2:172.21.15.6:3300/0 1 ==== mon_map magic: 0 v1 ==== 205+0+0 (secure 0 0 0) 0x7fd7b8004160 con 0x7fd7c807ce90
2023-12-07T11:06:07.270 INFO:teuthology.orchestra.run.smithi006.stdout:/usr/bin/ceph: stderr
2023-12-07T11:06:06.526+0000 7fd7c559a700 1 -- 172.21.15.6:0/3142765149 <== mon.0 v2:172.21.15.6:3300/0 2 ==== config(26 keys) v1 ==== 1105+0+0 (secure 0 0 0) 0x7fd7b80042c0 con 0x7fd7c807ce90
2023-12-07T11:06:07.270 INFO:teuthology.orchestra.run.smithi006.stdout:/usr/bin/ceph: stderr
2023-12-07T11:06:06.526+0000 7fd7c559a700 1 -- 172.21.15.6:0/3142765149 <== mon.0 v2:172.21.15.6:3300/0 3 ==== mon_map magic: 0 v1 ==== 205+0+0 (secure 0 0 0) 0x7fd7b80119b0 con 0x7fd7c807ce90
2023-12-07T11:06:07.270 INFO:teuthology.orchestra.run.smithi006.stdout:/usr/bin/ceph: stderr
2023-12-07T11:06:06.527+0000 7fd7cca60700 1 -- 172.21.15.6:0/3142765149 >> [v2:172.21.15.6:3300/0,v1:172.21.15.6:6789/0] conn(0x7fd7c807ce90 msgr2=0x7fd7c807b2f0 secure :-1 s=STATE_CONNECTION_ESTABLISHED l=1).mark_down
2023-12-07T11:06:07.270 INFO:teuthology.orchestra.run.smithi006.stdout:/usr/bin/ceph: stderr
2023-12-07T11:06:06.527+0000 7fd7cca60700 1 --2- 172.21.15.6:0/3142765149 >> [v2:172.21.15.6:3300/0,v1:172.21.15.6:6789/0] conn(0x7fd7c807ce90 0x7fd7c807b2f0 secure :-1 s=READY pgs=57 cs=0 l=1 rev1=1 crypto rx=0x7fd7b80098a0 tx=0x7fd7b8009bb0 comp rx=0 tx=0).stop
2023-12-07T11:06:07.270 INFO:teuthology.orchestra.run.smithi006.stdout:/usr/bin/ceph: stderr
2023-12-07T11:06:06.527+0000 7fd7cca60700 1 -- 172.21.15.6:0/3142765149 shutdown_connections
2023-12-07T11:06:07.270 INFO:teuthology.orchestra.run.smithi006.stdout:/usr/bin/ceph: stderr
2023-12-07T11:06:06.527+0000 7fd7cca60700 1 --2- 172.21.15.6:0/3142765149 >> [v2:172.21.15.6:3300/0,v1:172.21.15.6:6789/0] conn(0x7fd7c807ce90 0x7fd7c807b2f0 unknown :-1 s=CLOSED pgs=57 cs=0 l=1 rev1=1 crypto rx=0 tx=0 comp rx=0 tx=0).stop
2023-12-07T11:06:07.271 INFO:teuthology.orchestra.run.smithi006.stdout:/usr/bin/ceph: stderr
2023-12-07T11:06:06.527+0000 7fd7cca60700 1 -- 172.21.15.6:0/3142765149 >> 172.21.15.6:0/3142765149 conn(0x7fd7c8102320 msgr2=0x7fd7c8104740 unknown :-1 s=STATE_NONE l=0).mark_down
2023-12-07T11:06:07.271 INFO:teuthology.orchestra.run.smithi006.stdout:/usr/bin/ceph: stderr
2023-12-07T11:06:06.527+0000 7fd7cca60700 1 -- 172.21.15.6:0/3142765149 shutdown_connections
2023-12-07T11:06:07.271 INFO:teuthology.orchestra.run.smithi006.stdout:/usr/bin/ceph: stderr
2023-12-07T11:06:06.528+0000 7fd7cca60700 1 -- 172.21.15.6:0/3142765149 wait complete.
2023-12-07T11:06:07.271 INFO:teuthology.orchestra.run.smithi006.stdout:/usr/bin/ceph: stderr
2023-12-07T11:06:06.529+0000 7fd7cca60700 1 Processor -- start
2023-12-07T11:06:07.271 INFO:teuthology.orchestra.run.smithi006.stdout:/usr/bin/ceph: stderr
2023-12-07T11:06:06.529+0000 7fd7cca60700 1 -- start start
2023-12-07T11:06:07.271 INFO:teuthology.orchestra.run.smithi006.stdout:/usr/bin/ceph: stderr
2023-12-07T11:06:06.529+0000 7fd7cca60700 1 --2- >> [v2:172.21.15.6:3300/0,v1:172.21.15.6:6789/0] conn(0x7fd7c807ce90 0x7fd7c819cc40 unknown :-1 s=NONE pgs=0 cs=0 l=1 rev1=0 crypto rx=0 tx=0 comp rx=0 tx=0).connect
2023-12-07T11:06:07.271 INFO:teuthology.orchestra.run.smithi006.stdout:/usr/bin/ceph: stderr
2023-12-07T11:06:06.529+0000 7fd7cca60700 1 -- --> [v2:172.21.15.6:3300/0,v1:172.21.15.6:6789/0] -- mon_getmap magic: 0 v1 -- 0x7fd7c819d180 con 0x7fd7c807ce90
2023-12-07T11:06:07.271 INFO:teuthology.orchestra.run.smithi006.stdout:/usr/bin/ceph: stderr
2023-12-07T11:06:06.529+0000 7fd7c659c700 1 --2- >> [v2:172.21.15.6:3300/0,v1:172.21.15.6:6789/0] conn(0x7fd7c807ce90 0x7fd7c819cc40 unknown :-1 s=BANNER_CONNECTING pgs=0 cs=0 l=1 rev1=0 crypto rx=0 tx=0 comp rx=0 tx=0)._handle_peer_banner_payload supported=3 required=0
2023-12-07T11:06:07.272 INFO:teuthology.orchestra.run.smithi006.stdout:/usr/bin/ceph: stderr
2023-12-07T11:06:06.529+0000 7fd7c659c700 1 --2- >> [v2:172.21.15.6:3300/0,v1:172.21.15.6:6789/0] conn(0x7fd7c807ce90 0x7fd7c819cc40 unknown :-1 s=HELLO_CONNECTING pgs=0 cs=0 l=1 rev1=1 crypto rx=0 tx=0 comp rx=0 tx=0).handle_hello peer v2:172.21.15.6:3300/0 says I am v2:172.21.15.6:44728/0 (socket says 172.21.15.6:44728)
2023-12-07T11:06:07.272 INFO:teuthology.orchestra.run.smithi006.stdout:/usr/bin/ceph: stderr
2023-12-07T11:06:06.529+0000 7fd7c659c700 1 -- 172.21.15.6:0/2037154606 learned_addr learned my addr 172.21.15.6:0/2037154606 (peer_addr_for_me v2:172.21.15.6:0/0)
2023-12-07T11:06:07.272 INFO:teuthology.orchestra.run.smithi006.stdout:/usr/bin/ceph: stderr
2023-12-07T11:06:06.530+0000 7fd7c659c700 1 -- 172.21.15.6:0/2037154606 --> [v2:172.21.15.6:3300/0,v1:172.21.15.6:6789/0] -- mon_subscribe({config=0+,monmap=0+}) v3 -- 0x7fd7b8009550 con 0x7fd7c807ce90
2023-12-07T11:06:07.272 INFO:teuthology.orchestra.run.smithi006.stdout:/usr/bin/ceph: stderr
2023-12-07T11:06:06.530+0000 7fd7c659c700 1 --2- 172.21.15.6:0/2037154606 >> [v2:172.21.15.6:3300/0,v1:172.21.15.6:6789/0] conn(0x7fd7c807ce90 0x7fd7c819cc40 secure :-1 s=READY pgs=58 cs=0 l=1 rev1=1 crypto rx=0x7fd7b8003e60 tx=0x7fd7b8011a30 comp rx=0 tx=0).ready entity=mon.0 client_cookie=0 server_cookie=0 in_seq=0 out_seq=0
2023-12-07T11:06:07.272 INFO:teuthology.orchestra.run.smithi006.stdout:/usr/bin/ceph: stderr
2023-12-07T11:06:06.530+0000 7fd7b77fe700 1 -- 172.21.15.6:0/2037154606 <== mon.0 v2:172.21.15.6:3300/0 1 ==== mon_map magic: 0 v1 ==== 205+0+0 (secure 0 0 0) 0x7fd7b8003a60 con 0x7fd7c807ce90
2023-12-07T11:06:07.272 INFO:teuthology.orchestra.run.smithi006.stdout:/usr/bin/ceph: stderr
2023-12-07T11:06:06.530+0000 7fd7b77fe700 1 -- 172.21.15.6:0/2037154606 <== mon.0 v2:172.21.15.6:3300/0 2 ==== config(26 keys) v1 ==== 1105+0+0 (secure 0 0 0) 0x7fd7b8003bc0 con 0x7fd7c807ce90
2023-12-07T11:06:07.272 INFO:teuthology.orchestra.run.smithi006.stdout:/usr/bin/ceph: stderr
2023-12-07T11:06:06.530+0000 7fd7b77fe700 1 -- 172.21.15.6:0/2037154606 <== mon.0 v2:172.21.15.6:3300/0 3 ==== mon_map magic: 0 v1 ==== 205+0+0 (secure 0 0 0) 0x7fd7b80196c0 con 0x7fd7c807ce90
2023-12-07T11:06:07.272 INFO:teuthology.orchestra.run.smithi006.stdout:/usr/bin/ceph: stderr
2023-12-07T11:06:06.530+0000 7fd7cca60700 1 -- 172.21.15.6:0/2037154606 --> [v2:172.21.15.6:3300/0,v1:172.21.15.6:6789/0] -- mon_subscribe({mgrmap=0+}) v3 -- 0x7fd7c819d380 con 0x7fd7c807ce90
2023-12-07T11:06:07.272 INFO:teuthology.orchestra.run.smithi006.stdout:/usr/bin/ceph: stderr
2023-12-07T11:06:06.531+0000 7fd7cca60700 1 -- 172.21.15.6:0/2037154606 --> [v2:172.21.15.6:3300/0,v1:172.21.15.6:6789/0] -- mon_subscribe({osdmap=0}) v3 -- 0x7fd7c819d820 con 0x7fd7c807ce90
2023-12-07T11:06:07.272 INFO:teuthology.orchestra.run.smithi006.stdout:/usr/bin/ceph: stderr
2023-12-07T11:06:06.532+0000 7fd7b77fe700 1 -- 172.21.15.6:0/2037154606 <== mon.0 v2:172.21.15.6:3300/0 4 ==== mgrmap(e 9) v1 ==== 45752+0+0 (secure 0 0 0) 0x7fd7b8019980 con 0x7fd7c807ce90
2023-12-07T11:06:07.272 INFO:teuthology.orchestra.run.smithi006.stdout:/usr/bin/ceph: stderr
2023-12-07T11:06:06.532+0000 7fd7cca60700 1 -- 172.21.15.6:0/2037154606 --> [v2:172.21.15.6:3300/0,v1:172.21.15.6:6789/0] -- mon_command({"prefix": "get_command_descriptions"} v 0) v1 -- 0x7fd7c810d180 con 0x7fd7c807ce90
2023-12-07T11:06:07.272 INFO:teuthology.orchestra.run.smithi006.stdout:/usr/bin/ceph: stderr
2023-12-07T11:06:06.532+0000 7fd7b77fe700 1 --2- 172.21.15.6:0/2037154606 >> [v2:172.21.15.6:6800/3734206487,v1:172.21.15.6:6801/3734206487] conn(0x7fd7b0038a80 0x7fd7b003af40 unknown :-1 s=NONE pgs=0 cs=0 l=1 rev1=0 crypto rx=0 tx=0 comp rx=0 tx=0).connect
2023-12-07T11:06:07.273 INFO:teuthology.orchestra.run.smithi006.stdout:/usr/bin/ceph: stderr
2023-12-07T11:06:06.532+0000 7fd7b77fe700 1 -- 172.21.15.6:0/2037154606 <== mon.0 v2:172.21.15.6:3300/0 5 ==== osd_map(2..2 src has 1..2) v4 ==== 940+0+0 (secure 0 0 0) 0x7fd7b804cf20 con 0x7fd7c807ce90
2023-12-07T11:06:07.273 INFO:teuthology.orchestra.run.smithi006.stdout:/usr/bin/ceph: stderr
2023-12-07T11:06:06.532+0000 7fd7c5d9b700 1 -- 172.21.15.6:0/2037154606 >> [v2:172.21.15.6:6800/3734206487,v1:172.21.15.6:6801/3734206487] conn(0x7fd7b0038a80 msgr2=0x7fd7b003af40 unknown :-1 s=STATE_CONNECTING_RE l=1).process reconnect failed to v2:172.21.15.6:6800/3734206487
2023-12-07T11:06:07.273 INFO:teuthology.orchestra.run.smithi006.stdout:/usr/bin/ceph: stderr
2023-12-07T11:06:06.532+0000 7fd7c5d9b700 1 --2- 172.21.15.6:0/2037154606 >> [v2:172.21.15.6:6800/3734206487,v1:172.21.15.6:6801/3734206487] conn(0x7fd7b0038a80 0x7fd7b003af40 unknown :-1 s=START_CONNECT pgs=0 cs=0 l=1 rev1=0 crypto rx=0 tx=0 comp rx=0 tx=0)._fault waiting 0.200000
2023-12-07T11:06:07.273 INFO:teuthology.orchestra.run.smithi006.stdout:/usr/bin/ceph: stderr
2023-12-07T11:06:06.537+0000 7fd7b77fe700 1 -- 172.21.15.6:0/2037154606 <== mon.0 v2:172.21.15.6:3300/0 6 ==== mon_command_ack([{"prefix": "get_command_descriptions"}]=0 v0) v1 ==== 72+0+180949 (secure 0 0 0) 0x7fd7b8023370 con 0x7fd7c807ce90
2023-12-07T11:06:07.273 INFO:teuthology.orchestra.run.smithi006.stdout:/usr/bin/ceph: stderr
2023-12-07T11:06:06.733+0000 7fd7c5d9b700 1 -- 172.21.15.6:0/2037154606 >> [v2:172.21.15.6:6800/3734206487,v1:172.21.15.6:6801/3734206487] conn(0x7fd7b0038a80 msgr2=0x7fd7b003af40 unknown :-1 s=STATE_CONNECTING_RE l=1).process reconnect failed to v2:172.21.15.6:6800/3734206487
2023-12-07T11:06:07.273 INFO:teuthology.orchestra.run.smithi006.stdout:/usr/bin/ceph: stderr
2023-12-07T11:06:06.733+0000 7fd7c5d9b700 1 --2- 172.21.15.6:0/2037154606 >> [v2:172.21.15.6:6800/3734206487,v1:172.21.15.6:6801/3734206487] conn(0x7fd7b0038a80 0x7fd7b003af40 unknown :-1 s=START_CONNECT pgs=0 cs=0 l=1 rev1=0 crypto rx=0 tx=0 comp rx=0 tx=0)._fault waiting 0.400000
2023-12-07T11:06:07.273 INFO:teuthology.orchestra.run.smithi006.stdout:/usr/bin/ceph: stderr
2023-12-07T11:06:06.802+0000 7fd7cca60700 1 -- 172.21.15.6:0/2037154606 --> [v2:172.21.15.6:3300/0,v1:172.21.15.6:6789/0] -- mon_command({"prefix": "mgr stat"} v 0) v1 -- 0x7fd7c81a00b0 con 0x7fd7c807ce90
2023-12-07T11:06:07.273 INFO:teuthology.orchestra.run.smithi006.stdout:/usr/bin/ceph: stderr
2023-12-07T11:06:06.803+0000 7fd7b77fe700 1 -- 172.21.15.6:0/2037154606 <== mon.0 v2:172.21.15.6:3300/0 7 ==== mon_command_ack([{"prefix": "mgr stat"}]=0 v9) v1 ==== 56+0+88 (secure 0 0 0) 0x7fd7b8018350 con 0x7fd7c807ce90
2023-12-07T11:06:07.273 INFO:teuthology.orchestra.run.smithi006.stdout:/usr/bin/ceph: stderr
2023-12-07T11:06:06.805+0000 7fd7cca60700 1 -- 172.21.15.6:0/2037154606 >> [v2:172.21.15.6:6800/3734206487,v1:172.21.15.6:6801/3734206487] conn(0x7fd7b0038a80 msgr2=0x7fd7b003af40 unknown :-1 s=STATE_CONNECTING l=1).mark_down
2023-12-07T11:06:07.273 INFO:teuthology.orchestra.run.smithi006.stdout:/usr/bin/ceph: stderr
2023-12-07T11:06:06.805+0000 7fd7cca60700 1 --2- 172.21.15.6:0/2037154606 >> [v2:172.21.15.6:6800/3734206487,v1:172.21.15.6:6801/3734206487] conn(0x7fd7b0038a80 0x7fd7b003af40 unknown :-1 s=START_CONNECT pgs=0 cs=0 l=1 rev1=0 crypto rx=0 tx=0 comp rx=0 tx=0).stop
2023-12-07T11:06:07.273 INFO:teuthology.orchestra.run.smithi006.stdout:/usr/bin/ceph: stderr
2023-12-07T11:06:06.805+0000 7fd7cca60700 1 -- 172.21.15.6:0/2037154606 >> [v2:172.21.15.6:3300/0,v1:172.21.15.6:6789/0] conn(0x7fd7c807ce90 msgr2=0x7fd7c819cc40 secure :-1 s=STATE_CONNECTION_ESTABLISHED l=1).mark_down
2023-12-07T11:06:07.273 INFO:teuthology.orchestra.run.smithi006.stdout:/usr/bin/ceph: stderr
2023-12-07T11:06:06.805+0000 7fd7cca60700 1 --2- 172.21.15.6:0/2037154606 >> [v2:172.21.15.6:3300/0,v1:172.21.15.6:6789/0] conn(0x7fd7c807ce90 0x7fd7c819cc40 secure :-1 s=READY pgs=58 cs=0 l=1 rev1=1 crypto rx=0x7fd7b8003e60 tx=0x7fd7b8011a30 comp rx=0 tx=0).stop
2023-12-07T11:06:07.273 INFO:teuthology.orchestra.run.smithi006.stdout:/usr/bin/ceph: stderr
2023-12-07T11:06:06.805+0000 7fd7cca60700 1 -- 172.21.15.6:0/2037154606 shutdown_connections
2023-12-07T11:06:07.273 INFO:teuthology.orchestra.run.smithi006.stdout:/usr/bin/ceph: stderr
2023-12-07T11:06:06.805+0000 7fd7cca60700 1 --2- 172.21.15.6:0/2037154606 >> [v2:172.21.15.6:6800/3734206487,v1:172.21.15.6:6801/3734206487] conn(0x7fd7b0038a80 0x7fd7b003af40 unknown :-1 s=CLOSED pgs=0 cs=0 l=1 rev1=0 crypto rx=0 tx=0 comp rx=0 tx=0).stop
2023-12-07T11:06:07.274 INFO:teuthology.orchestra.run.smithi006.stdout:/usr/bin/ceph: stderr
2023-12-07T11:06:06.805+0000 7fd7cca60700 1 --2- 172.21.15.6:0/2037154606 >> [v2:172.21.15.6:3300/0,v1:172.21.15.6:6789/0] conn(0x7fd7c807ce90 0x7fd7c819cc40 unknown :-1 s=CLOSED pgs=58 cs=0 l=1 rev1=1 crypto rx=0 tx=0 comp rx=0 tx=0).stop
2023-12-07T11:06:07.274 INFO:teuthology.orchestra.run.smithi006.stdout:/usr/bin/ceph: stderr
2023-12-07T11:06:06.805+0000 7fd7cca60700 1 -- 172.21.15.6:0/2037154606 >> 172.21.15.6:0/2037154606 conn(0x7fd7c8102320 msgr2=0x7fd7c8102ed0 unknown :-1 s=STATE_NONE l=0).mark_down
2023-12-07T11:06:07.274 INFO:teuthology.orchestra.run.smithi006.stdout:/usr/bin/ceph: stderr
2023-12-07T11:06:06.805+0000 7fd7cca60700 1 -- 172.21.15.6:0/2037154606 shutdown_connections
2023-12-07T11:06:07.274 INFO:teuthology.orchestra.run.smithi006.stdout:/usr/bin/ceph: stderr
2023-12-07T11:06:06.806+0000 7fd7cca60700 1 -- 172.21.15.6:0/2037154606 wait complete.
2023-12-07T11:06:07.274 INFO:teuthology.orchestra.run.smithi006.stdout:Waiting for the mgr to restart...
2023-12-07T11:06:07.274 INFO:teuthology.orchestra.run.smithi006.stdout:Waiting for mgr epoch 9...
2023-12-07T11:06:07.392 INFO:journalctl@ceph.mgr.x.smithi006.stdout:Dec 07 11:06:07 smithi006 ceph-5b6e4896-94f0-11ee-95a2-87774f69a715-mgr-x[129020]:
2023-12-07T11:06:07.134+0000 7f0d751dd200 -1 mgr[py] Module status has missing NOTIFY_TYPES member
2023-12-07T11:06:07.392 INFO:journalctl@ceph.mgr.x.smithi006.stdout:Dec 07 11:06:07 smithi006 ceph-5b6e4896-94f0-11ee-95a2-87774f69a715-mgr-x[129020]:
2023-12-07T11:06:07.256+0000 7f0d751dd200 -1 mgr[py] Module selftest has missing NOTIFY_TYPES member
2023-12-07T11:06:07.762 INFO:journalctl@ceph.mon.a.smithi006.stdout:Dec 07 11:06:07 smithi006 ceph-mon[128772]: from='client.? 172.21.15.6:0/2037154606' entity='client.admin' cmd=[{"prefix": "mgr stat"}]: dispatch
2023-12-07T11:06:07.762 INFO:journalctl@ceph.mgr.x.smithi006.stdout:Dec 07 11:06:07 smithi006 ceph-5b6e4896-94f0-11ee-95a2-87774f69a715-mgr-x[129020]:
2023-12-07T11:06:07.390+0000 7f0d751dd200 -1 mgr[py] Module alerts has missing NOTIFY_TYPES member
2023-12-07T11:06:08.262 INFO:journalctl@ceph.mgr.x.smithi006.stdout:Dec 07 11:06:07 smithi006 ceph-5b6e4896-94f0-11ee-95a2-87774f69a715-mgr-x[129020]:
2023-12-07T11:06:07.968+0000 7f0d751dd200 -1 mgr[py] Module progress has missing NOTIFY_TYPES member
2023-12-07T11:06:09.262 INFO:journalctl@ceph.mgr.x.smithi006.stdout:Dec 07 11:06:08 smithi006 ceph-5b6e4896-94f0-11ee-95a2-87774f69a715-mgr-x[129020]:
2023-12-07T11:06:08.858+0000 7f0d751dd200 -1 mgr[py] Module rook has missing NOTIFY_TYPES member
2023-12-07T11:06:09.262 INFO:journalctl@ceph.mgr.x.smithi006.stdout:Dec 07 11:06:08 smithi006 ceph-5b6e4896-94f0-11ee-95a2-87774f69a715-mgr-x[129020]:
2023-12-07T11:06:08.967+0000 7f0d751dd200 -1 mgr[py] Module iostat has missing NOTIFY_TYPES member
2023-12-07T11:06:10.262 INFO:journalctl@ceph.mgr.x.smithi006.stdout:Dec 07 11:06:09 smithi006 ceph-5b6e4896-94f0-11ee-95a2-87774f69a715-mgr-x[129020]:
2023-12-07T11:06:09.967+0000 7f0d751dd200 -1 mgr[py] Module test_orchestrator has missing NOTIFY_TYPES member
2023-12-07T11:06:10.262 INFO:journalctl@ceph.mgr.x.smithi006.stdout:Dec 07 11:06:10 smithi006 ceph-5b6e4896-94f0-11ee-95a2-87774f69a715-mgr-x[129020]:
2023-12-07T11:06:10.093+0000 7f0d751dd200 -1 mgr[py] Module osd_perf_query has missing NOTIFY_TYPES member
2023-12-07T11:06:10.763 INFO:journalctl@ceph.mgr.x.smithi006.stdout:Dec 07 11:06:10 smithi006 ceph-5b6e4896-94f0-11ee-95a2-87774f69a715-mgr-x[129020]:
2023-12-07T11:06:10.327+0000 7f0d751dd200 -1 mgr[py] Module orchestrator has missing NOTIFY_TYPES member
2023-12-07T11:06:11.204 INFO:journalctl@ceph.mgr.x.smithi006.stdout:Dec 07 11:06:10 smithi006 ceph-5b6e4896-94f0-11ee-95a2-87774f69a715-mgr-x[129020]:
2023-12-07T11:06:10.875+0000 7f0d751dd200 -1 mgr[py] Module rgw has missing NOTIFY_TYPES member
2023-12-07T11:06:11.204 INFO:journalctl@ceph.mgr.x.smithi006.stdout:Dec 07 11:06:10 smithi006 ceph-5b6e4896-94f0-11ee-95a2-87774f69a715-mgr-x[129020]:
2023-12-07T11:06:10.997+0000 7f0d751dd200 -1 mgr[py] Module influx has missing NOTIFY_TYPES member
2023-12-07T11:06:11.512 INFO:journalctl@ceph.mgr.x.smithi006.stdout:Dec 07 11:06:11 smithi006 ceph-5b6e4896-94f0-11ee-95a2-87774f69a715-mgr-x[129020]:
2023-12-07T11:06:11.201+0000 7f0d751dd200 -1 mgr[py] Module telemetry has missing NOTIFY_TYPES member
2023-12-07T11:06:12.012 INFO:journalctl@ceph.mgr.x.smithi006.stdout:Dec 07 11:06:11 smithi006 ceph-5b6e4896-94f0-11ee-95a2-87774f69a715-mgr-x[129020]:
2023-12-07T11:06:11.560+0000 7f0d751dd200 -1 mgr[py] Module telegraf has missing NOTIFY_TYPES member
2023-12-07T11:06:12.981 INFO:journalctl@ceph.mgr.x.smithi006.stdout:Dec 07 11:06:12 smithi006 ceph-5b6e4896-94f0-11ee-95a2-87774f69a715-mgr-x[129020]:
2023-12-07T11:06:12.533+0000 7f0d751dd200 -1 mgr[py] Module balancer has missing NOTIFY_TYPES member
2023-12-07T11:06:12.981 INFO:journalctl@ceph.mgr.x.smithi006.stdout:Dec 07 11:06:12 smithi006 ceph-5b6e4896-94f0-11ee-95a2-87774f69a715-mgr-x[129020]:
2023-12-07T11:06:12.716+0000 7f0d751dd200 -1 mgr[py] Module diskprediction_local has missing NOTIFY_TYPES member
2023-12-07T11:06:13.262 INFO:journalctl@ceph.mgr.x.smithi006.stdout:Dec 07 11:06:12 smithi006 ceph-5b6e4896-94f0-11ee-95a2-87774f69a715-mgr-x[129020]:
2023-12-07T11:06:12.979+0000 7f0d751dd200 -1 mgr[py] Module nfs has missing NOTIFY_TYPES member
2023-12-07T11:06:13.262 INFO:journalctl@ceph.mgr.x.smithi006.stdout:Dec 07 11:06:13 smithi006 ceph-5b6e4896-94f0-11ee-95a2-87774f69a715-mgr-x[129020]:
2023-12-07T11:06:13.132+0000 7f0d751dd200 -1 mgr[py] Module rbd_support has missing NOTIFY_TYPES member
2023-12-07T11:06:13.762 INFO:journalctl@ceph.mgr.x.smithi006.stdout:Dec 07 11:06:13 smithi006 ceph-5b6e4896-94f0-11ee-95a2-87774f69a715-mgr-x[129020]:
2023-12-07T11:06:13.425+0000 7f0d751dd200 -1 mgr[py] Module volumes has missing NOTIFY_TYPES member
2023-12-07T11:06:15.012 INFO:journalctl@ceph.mgr.x.smithi006.stdout:Dec 07 11:06:14 smithi006 ceph-5b6e4896-94f0-11ee-95a2-87774f69a715-mgr-x[129020]:
2023-12-07T11:06:14.543+0000 7f0d751dd200 -1 mgr[py] Module pg_autoscaler has missing NOTIFY_TYPES member
2023-12-07T11:06:15.763 INFO:journalctl@ceph.mon.a.smithi006.stdout:Dec 07 11:06:15 smithi006 ceph-mon[128772]: Active manager daemon x restarted
2023-12-07T11:06:15.763 INFO:journalctl@ceph.mon.a.smithi006.stdout:Dec 07 11:06:15 smithi006 ceph-mon[128772]: Activating manager daemon x
2023-12-07T11:06:15.763 INFO:journalctl@ceph.mon.a.smithi006.stdout:Dec 07 11:06:15 smithi006 ceph-mon[128772]: osdmap e3: 0 total, 0 up, 0 in
2023-12-07T11:06:15.763 INFO:journalctl@ceph.mon.a.smithi006.stdout:Dec 07 11:06:15 smithi006 ceph-mon[128772]: mgrmap e10: x(active, starting, since 0.00851626s)
2023-12-07T11:06:15.763 INFO:journalctl@ceph.mon.a.smithi006.stdout:Dec 07 11:06:15 smithi006 ceph-mon[128772]: from='mgr.14150 172.21.15.6:0/2751144479' entity='mgr.x' cmd=[{"prefix": "mon metadata", "id": "a"}]: dispatch
2023-12-07T11:06:15.763 INFO:journalctl@ceph.mon.a.smithi006.stdout:Dec 07 11:06:15 smithi006 ceph-mon[128772]: from='mgr.14150 172.21.15.6:0/2751144479' entity='mgr.x' cmd=[{"prefix": "mgr metadata", "who": "x", "id": "x"}]: dispatch
2023-12-07T11:06:15.763 INFO:journalctl@ceph.mon.a.smithi006.stdout:Dec 07 11:06:15 smithi006 ceph-mon[128772]: from='mgr.14150 172.21.15.6:0/2751144479' entity='mgr.x' cmd=[{"prefix": "mds metadata"}]: dispatch
2023-12-07T11:06:15.763 INFO:journalctl@ceph.mon.a.smithi006.stdout:Dec 07 11:06:15 smithi006 ceph-mon[128772]: from='mgr.14150 172.21.15.6:0/2751144479' entity='mgr.x' cmd=[{"prefix": "osd metadata"}]: dispatch
2023-12-07T11:06:15.763 INFO:journalctl@ceph.mon.a.smithi006.stdout:Dec 07 11:06:15 smithi006 ceph-mon[128772]: from='mgr.14150 172.21.15.6:0/2751144479' entity='mgr.x' cmd=[{"prefix": "mon metadata"}]: dispatch
2023-12-07T11:06:15.764 INFO:journalctl@ceph.mon.a.smithi006.stdout:Dec 07 11:06:15 smithi006 ceph-mon[128772]: Manager daemon x is now available
2023-12-07T11:06:15.764 INFO:journalctl@ceph.mon.a.smithi006.stdout:Dec 07 11:06:15 smithi006 ceph-mon[128772]: from='mgr.14150 172.21.15.6:0/2751144479' entity='mgr.x' cmd=[{"prefix": "config dump", "format": "json"}]: dispatch
2023-12-07T11:06:15.764 INFO:journalctl@ceph.mon.a.smithi006.stdout:Dec 07 11:06:15 smithi006 ceph-mon[128772]: from='mgr.14150 172.21.15.6:0/2751144479' entity='mgr.x' cmd=[{"prefix": "config dump", "format": "json"}]: dispatch
2023-12-07T11:06:15.764 INFO:journalctl@ceph.mon.a.smithi006.stdout:Dec 07 11:06:15 smithi006 ceph-mon[128772]: from='mgr.14150 172.21.15.6:0/2751144479' entity='mgr.x' cmd=[{"prefix":"config rm","who":"mgr","name":"mgr/rbd_support/x/mirror_snapshot_schedule"}]: dispatch
2023-12-07T11:06:15.764 INFO:journalctl@ceph.mon.a.smithi006.stdout:Dec 07 11:06:15 smithi006 ceph-mon[128772]: from='mgr.14150 172.21.15.6:0/2751144479' entity='mgr.x' cmd=[{"prefix":"config rm","who":"mgr","name":"mgr/rbd_support/x/trash_purge_schedule"}]: dispatch
2023-12-07T11:06:16.172 INFO:teuthology.orchestra.run.smithi006.stdout:/usr/bin/ceph: stdout {
2023-12-07T11:06:16.172 INFO:teuthology.orchestra.run.smithi006.stdout:/usr/bin/ceph: stdout "mgrmap_epoch": 11,
2023-12-07T11:06:16.172 INFO:teuthology.orchestra.run.smithi006.stdout:/usr/bin/ceph: stdout "initialized": true
2023-12-07T11:06:16.172 INFO:teuthology.orchestra.run.smithi006.stdout:/usr/bin/ceph: stdout }
2023-12-07T11:06:16.172 INFO:teuthology.orchestra.run.smithi006.stdout:/usr/bin/ceph: stderr
2023-12-07T11:06:07.801+0000 7f284edde700 1 Processor -- start
2023-12-07T11:06:16.172 INFO:teuthology.orchestra.run.smithi006.stdout:/usr/bin/ceph: stderr
2023-12-07T11:06:07.801+0000 7f284edde700 1 -- start start
2023-12-07T11:06:16.173 INFO:teuthology.orchestra.run.smithi006.stdout:/usr/bin/ceph: stderr
2023-12-07T11:06:07.802+0000 7f284edde700 1 --2- >> [v2:172.21.15.6:3300/0,v1:172.21.15.6:6789/0] conn(0x7f284807ce70 0x7f284807b2d0 unknown :-1 s=NONE pgs=0 cs=0 l=0 rev1=0 crypto rx=0 tx=0 comp rx=0 tx=0).connect
2023-12-07T11:06:16.173 INFO:teuthology.orchestra.run.smithi006.stdout:/usr/bin/ceph: stderr
2023-12-07T11:06:07.802+0000 7f284edde700 1 -- --> [v2:172.21.15.6:3300/0,v1:172.21.15.6:6789/0] -- mon_getmap magic: 0 v1 -- 0x7f284807b8a0 con 0x7f284807ce70
2023-12-07T11:06:16.173 INFO:teuthology.orchestra.run.smithi006.stdout:/usr/bin/ceph: stderr
2023-12-07T11:06:07.802+0000 7f284cb7a700 1 --2- >> [v2:172.21.15.6:3300/0,v1:172.21.15.6:6789/0] conn(0x7f284807ce70 0x7f284807b2d0 unknown :-1 s=BANNER_CONNECTING pgs=0 cs=0 l=0 rev1=0 crypto rx=0 tx=0 comp rx=0 tx=0)._handle_peer_banner_payload supported=3 required=0
2023-12-07T11:06:16.173 INFO:teuthology.orchestra.run.smithi006.stdout:/usr/bin/ceph: stderr
2023-12-07T11:06:07.802+0000 7f284cb7a700 1 --2- >> [v2:172.21.15.6:3300/0,v1:172.21.15.6:6789/0] conn(0x7f284807ce70 0x7f284807b2d0 unknown :-1 s=HELLO_CONNECTING pgs=0 cs=0 l=0 rev1=1 crypto rx=0 tx=0 comp rx=0 tx=0).handle_hello peer v2:172.21.15.6:3300/0 says I am v2:172.21.15.6:44734/0 (socket says 172.21.15.6:44734)
2023-12-07T11:06:16.173 INFO:teuthology.orchestra.run.smithi006.stdout:/usr/bin/ceph: stderr
2023-12-07T11:06:07.802+0000 7f284cb7a700 1 -- 172.21.15.6:0/3635196204 learned_addr learned my addr 172.21.15.6:0/3635196204 (peer_addr_for_me v2:172.21.15.6:0/0)
2023-12-07T11:06:16.173 INFO:teuthology.orchestra.run.smithi006.stdout:/usr/bin/ceph: stderr
2023-12-07T11:06:07.803+0000 7f284cb7a700 1 -- 172.21.15.6:0/3635196204 --> [v2:172.21.15.6:3300/0,v1:172.21.15.6:6789/0] -- mon_subscribe({config=0+,monmap=0+}) v3 -- 0x7f284807b9e0 con 0x7f284807ce70
2023-12-07T11:06:16.173 INFO:teuthology.orchestra.run.smithi006.stdout:/usr/bin/ceph: stderr
2023-12-07T11:06:07.803+0000 7f284cb7a700 1 --2- 172.21.15.6:0/3635196204 >> [v2:172.21.15.6:3300/0,v1:172.21.15.6:6789/0] conn(0x7f284807ce70 0x7f284807b2d0 secure :-1 s=READY pgs=59 cs=0 l=1 rev1=1 crypto rx=0x7f283c0098a0 tx=0x7f283c009bb0 comp rx=0 tx=0).ready entity=mon.0 client_cookie=b68edbaddfb852bf server_cookie=0 in_seq=0 out_seq=0
2023-12-07T11:06:16.173 INFO:teuthology.orchestra.run.smithi006.stdout:/usr/bin/ceph: stderr
2023-12-07T11:06:07.803+0000 7f28477fe700 1 -- 172.21.15.6:0/3635196204 <== mon.0 v2:172.21.15.6:3300/0 1 ==== mon_map magic: 0 v1 ==== 205+0+0 (secure 0 0 0) 0x7f283c004160 con 0x7f284807ce70
2023-12-07T11:06:16.173 INFO:teuthology.orchestra.run.smithi006.stdout:/usr/bin/ceph: stderr
2023-12-07T11:06:07.803+0000 7f28477fe700 1 -- 172.21.15.6:0/3635196204 <== mon.0 v2:172.21.15.6:3300/0 2 ==== config(26 keys) v1 ==== 1105+0+0 (secure 0 0 0) 0x7f283c0042c0 con 0x7f284807ce70
2023-12-07T11:06:16.173 INFO:teuthology.orchestra.run.smithi006.stdout:/usr/bin/ceph: stderr
2023-12-07T11:06:07.803+0000 7f28477fe700 1 -- 172.21.15.6:0/3635196204 <== mon.0 v2:172.21.15.6:3300/0 3 ==== mon_map magic: 0 v1 ==== 205+0+0 (secure 0 0 0) 0x7f283c0119b0 con 0x7f284807ce70
2023-12-07T11:06:16.173 INFO:teuthology.orchestra.run.smithi006.stdout:/usr/bin/ceph: stderr
2023-12-07T11:06:07.804+0000 7f284edde700 1 -- 172.21.15.6:0/3635196204 >> [v2:172.21.15.6:3300/0,v1:172.21.15.6:6789/0] conn(0x7f284807ce70 msgr2=0x7f284807b2d0 secure :-1 s=STATE_CONNECTION_ESTABLISHED l=1).mark_down
2023-12-07T11:06:16.173 INFO:teuthology.orchestra.run.smithi006.stdout:/usr/bin/ceph: stderr
2023-12-07T11:06:07.804+0000 7f284edde700 1 --2- 172.21.15.6:0/3635196204 >> [v2:172.21.15.6:3300/0,v1:172.21.15.6:6789/0] conn(0x7f284807ce70 0x7f284807b2d0 secure :-1 s=READY pgs=59 cs=0 l=1 rev1=1 crypto rx=0x7f283c0098a0 tx=0x7f283c009bb0 comp rx=0 tx=0).stop
2023-12-07T11:06:16.173 INFO:teuthology.orchestra.run.smithi006.stdout:/usr/bin/ceph: stderr
2023-12-07T11:06:07.804+0000 7f284edde700 1 -- 172.21.15.6:0/3635196204 shutdown_connections
2023-12-07T11:06:16.173 INFO:teuthology.orchestra.run.smithi006.stdout:/usr/bin/ceph: stderr
2023-12-07T11:06:07.804+0000 7f284edde700 1 --2- 172.21.15.6:0/3635196204 >> [v2:172.21.15.6:3300/0,v1:172.21.15.6:6789/0] conn(0x7f284807ce70 0x7f284807b2d0 unknown :-1 s=CLOSED pgs=59 cs=0 l=1 rev1=1 crypto rx=0 tx=0 comp rx=0 tx=0).stop
2023-12-07T11:06:16.174 INFO:teuthology.orchestra.run.smithi006.stdout:/usr/bin/ceph: stderr
2023-12-07T11:06:07.804+0000 7f284edde700 1 -- 172.21.15.6:0/3635196204 >> 172.21.15.6:0/3635196204 conn(0x7f2848102320 msgr2=0x7f2848104740 unknown :-1 s=STATE_NONE l=0).mark_down
2023-12-07T11:06:16.174 INFO:teuthology.orchestra.run.smithi006.stdout:/usr/bin/ceph: stderr
2023-12-07T11:06:07.804+0000 7f284edde700 1 -- 172.21.15.6:0/3635196204 shutdown_connections
2023-12-07T11:06:16.174 INFO:teuthology.orchestra.run.smithi006.stdout:/usr/bin/ceph: stderr
2023-12-07T11:06:07.804+0000 7f284edde700 1 -- 172.21.15.6:0/3635196204 wait complete.
2023-12-07T11:06:16.174 INFO:teuthology.orchestra.run.smithi006.stdout:/usr/bin/ceph: stderr
2023-12-07T11:06:07.805+0000 7f284edde700 1 Processor -- start
2023-12-07T11:06:16.174 INFO:teuthology.orchestra.run.smithi006.stdout:/usr/bin/ceph: stderr
2023-12-07T11:06:07.805+0000 7f284edde700 1 -- start start
2023-12-07T11:06:16.174 INFO:teuthology.orchestra.run.smithi006.stdout:/usr/bin/ceph: stderr
2023-12-07T11:06:07.806+0000 7f284edde700 1 --2- >> [v2:172.21.15.6:3300/0,v1:172.21.15.6:6789/0] conn(0x7f284807ce70 0x7f284819cc10 unknown :-1 s=NONE pgs=0 cs=0 l=1 rev1=0 crypto rx=0 tx=0 comp rx=0 tx=0).connect
2023-12-07T11:06:16.174 INFO:teuthology.orchestra.run.smithi006.stdout:/usr/bin/ceph: stderr
2023-12-07T11:06:07.806+0000 7f284edde700 1 -- --> [v2:172.21.15.6:3300/0,v1:172.21.15.6:6789/0] -- mon_getmap magic: 0 v1 -- 0x7f284819d150 con 0x7f284807ce70
2023-12-07T11:06:16.174 INFO:teuthology.orchestra.run.smithi006.stdout:/usr/bin/ceph: stderr
2023-12-07T11:06:07.806+0000 7f284cb7a700 1 --2- >> [v2:172.21.15.6:3300/0,v1:172.21.15.6:6789/0] conn(0x7f284807ce70 0x7f284819cc10 unknown :-1 s=BANNER_CONNECTING pgs=0 cs=0 l=1 rev1=0 crypto rx=0 tx=0 comp rx=0 tx=0)._handle_peer_banner_payload supported=3 required=0
2023-12-07T11:06:16.174 INFO:teuthology.orchestra.run.smithi006.stdout:/usr/bin/ceph: stderr
2023-12-07T11:06:07.806+0000 7f284cb7a700 1 --2- >> [v2:172.21.15.6:3300/0,v1:172.21.15.6:6789/0] conn(0x7f284807ce70 0x7f284819cc10 unknown :-1 s=HELLO_CONNECTING pgs=0 cs=0 l=1 rev1=1 crypto rx=0 tx=0 comp rx=0 tx=0).handle_hello peer v2:172.21.15.6:3300/0 says I am v2:172.21.15.6:44738/0 (socket says 172.21.15.6:44738)
2023-12-07T11:06:16.174 INFO:teuthology.orchestra.run.smithi006.stdout:/usr/bin/ceph: stderr
2023-12-07T11:06:07.806+0000 7f284cb7a700 1 -- 172.21.15.6:0/2025421638 learned_addr learned my addr 172.21.15.6:0/2025421638 (peer_addr_for_me v2:172.21.15.6:0/0)
2023-12-07T11:06:16.174 INFO:teuthology.orchestra.run.smithi006.stdout:/usr/bin/ceph: stderr
2023-12-07T11:06:07.806+0000 7f284cb7a700 1 -- 172.21.15.6:0/2025421638 --> [v2:172.21.15.6:3300/0,v1:172.21.15.6:6789/0] -- mon_subscribe({config=0+,monmap=0+}) v3 -- 0x7f283c009550 con 0x7f284807ce70
2023-12-07T11:06:16.174 INFO:teuthology.orchestra.run.smithi006.stdout:/usr/bin/ceph: stderr
2023-12-07T11:06:07.806+0000 7f284cb7a700 1 --2- 172.21.15.6:0/2025421638 >> [v2:172.21.15.6:3300/0,v1:172.21.15.6:6789/0] conn(0x7f284807ce70 0x7f284819cc10 secure :-1 s=READY pgs=60 cs=0 l=1 rev1=1 crypto rx=0x7f283c011670 tx=0x7f283c011a30 comp rx=0 tx=0).ready entity=mon.0 client_cookie=0 server_cookie=0 in_seq=0 out_seq=0
2023-12-07T11:06:16.174 INFO:teuthology.orchestra.run.smithi006.stdout:/usr/bin/ceph: stderr
2023-12-07T11:06:07.807+0000 7f2845ffb700 1 -- 172.21.15.6:0/2025421638 <== mon.0 v2:172.21.15.6:3300/0 1 ==== mon_map magic: 0 v1 ==== 205+0+0 (secure 0 0 0) 0x7f283c003b20 con 0x7f284807ce70
2023-12-07T11:06:16.174 INFO:teuthology.orchestra.run.smithi006.stdout:/usr/bin/ceph: stderr
2023-12-07T11:06:07.807+0000 7f2845ffb700 1 -- 172.21.15.6:0/2025421638 <== mon.0 v2:172.21.15.6:3300/0 2 ==== config(26 keys) v1 ==== 1105+0+0 (secure 0 0 0) 0x7f283c003c80 con 0x7f284807ce70
2023-12-07T11:06:16.175 INFO:teuthology.orchestra.run.smithi006.stdout:/usr/bin/ceph: stderr
2023-12-07T11:06:07.807+0000 7f284edde700 1 -- 172.21.15.6:0/2025421638 --> [v2:172.21.15.6:3300/0,v1:172.21.15.6:6789/0] -- mon_subscribe({mgrmap=0+}) v3 -- 0x7f284819d350 con 0x7f284807ce70
2023-12-07T11:06:16.175 INFO:teuthology.orchestra.run.smithi006.stdout:/usr/bin/ceph: stderr
2023-12-07T11:06:07.807+0000 7f2845ffb700 1 -- 172.21.15.6:0/2025421638 <== mon.0 v2:172.21.15.6:3300/0 3 ==== mon_map magic: 0 v1 ==== 205+0+0 (secure 0 0 0) 0x7f283c019770 con 0x7f284807ce70
2023-12-07T11:06:16.175 INFO:teuthology.orchestra.run.smithi006.stdout:/usr/bin/ceph: stderr
2023-12-07T11:06:07.807+0000 7f284edde700 1 -- 172.21.15.6:0/2025421638 --> [v2:172.21.15.6:3300/0,v1:172.21.15.6:6789/0] -- mon_subscribe({osdmap=0}) v3 -- 0x7f284819d7f0 con 0x7f284807ce70
2023-12-07T11:06:16.175 INFO:teuthology.orchestra.run.smithi006.stdout:/usr/bin/ceph: stderr
2023-12-07T11:06:07.808+0000 7f2845ffb700 1 -- 172.21.15.6:0/2025421638 <== mon.0 v2:172.21.15.6:3300/0 4 ==== mgrmap(e 9) v1 ==== 45752+0+0 (secure 0 0 0) 0x7f283c0199e0 con 0x7f284807ce70
2023-12-07T11:06:16.175 INFO:teuthology.orchestra.run.smithi006.stdout:/usr/bin/ceph: stderr
2023-12-07T11:06:07.808+0000 7f2845ffb700 1 --2- 172.21.15.6:0/2025421638 >> [v2:172.21.15.6:6800/3734206487,v1:172.21.15.6:6801/3734206487] conn(0x7f2838038af0 0x7f283803afb0 unknown :-1 s=NONE pgs=0 cs=0 l=1 rev1=0 crypto rx=0 tx=0 comp rx=0 tx=0).connect
2023-12-07T11:06:16.175 INFO:teuthology.orchestra.run.smithi006.stdout:/usr/bin/ceph: stderr
2023-12-07T11:06:07.808+0000 7f2845ffb700 1 -- 172.21.15.6:0/2025421638 --> [v2:172.21.15.6:6800/3734206487,v1:172.21.15.6:6801/3734206487] -- command(tid 0: {"prefix": "get_command_descriptions"}) v1 -- 0x7f283803b6c0 con 0x7f2838038af0
2023-12-07T11:06:16.175 INFO:teuthology.orchestra.run.smithi006.stdout:/usr/bin/ceph: stderr
2023-12-07T11:06:07.808+0000 7f2845ffb700 1 -- 172.21.15.6:0/2025421638 <== mon.0 v2:172.21.15.6:3300/0 5 ==== osd_map(2..2 src has 1..2) v4 ==== 940+0+0 (secure 0 0 0) 0x7f283c04cec0 con 0x7f284807ce70
