2023-12-07T11:06:00.739+0000 7f3ecb7fe700 1 -- 172.21.15.6:0/2484410797 learned_addr learned my addr 172.21.15.6:0/2484410797 (peer_addr_for_me v2:172.21.15.6:0/0)
2023-12-07T11:06:01.523 INFO:teuthology.orchestra.run.smithi006.stdout:/usr/bin/ceph: stderr
2023-12-07T11:06:00.740+0000 7f3ecb7fe700 1 -- 172.21.15.6:0/2484410797 --> [v2:172.21.15.6:3300/0,v1:172.21.15.6:6789/0] -- mon_subscribe({config=0+,monmap=0+}) v3 -- 0x7f3ecc07ba00 con 0x7f3ecc07ce90
2023-12-07T11:06:01.523 INFO:teuthology.orchestra.run.smithi006.stdout:/usr/bin/ceph: stderr
2023-12-07T11:06:00.740+0000 7f3ecb7fe700 1 --2- 172.21.15.6:0/2484410797 >> [v2:172.21.15.6:3300/0,v1:172.21.15.6:6789/0] conn(0x7f3ecc07ce90 0x7f3ecc07b2f0 secure :-1 s=READY pgs=47 cs=0 l=1 rev1=1 crypto rx=0x7f3ebc0098a0 tx=0x7f3ebc009bb0 comp rx=0 tx=0).ready entity=mon.0 client_cookie=6b41d9a1b3684372 server_cookie=0 in_seq=0 out_seq=0
2023-12-07T11:06:01.523 INFO:teuthology.orchestra.run.smithi006.stdout:/usr/bin/ceph: stderr
2023-12-07T11:06:00.740+0000 7f3eca7fc700 1 -- 172.21.15.6:0/2484410797 <== mon.0 v2:172.21.15.6:3300/0 1 ==== mon_map magic: 0 v1 ==== 205+0+0 (secure 0 0 0) 0x7f3ebc004160 con 0x7f3ecc07ce90
2023-12-07T11:06:01.523 INFO:teuthology.orchestra.run.smithi006.stdout:/usr/bin/ceph: stderr
2023-12-07T11:06:00.740+0000 7f3eca7fc700 1 -- 172.21.15.6:0/2484410797 <== mon.0 v2:172.21.15.6:3300/0 2 ==== config(26 keys) v1 ==== 1074+0+0 (secure 0 0 0) 0x7f3ebc0042c0 con 0x7f3ecc07ce90
2023-12-07T11:06:01.523 INFO:teuthology.orchestra.run.smithi006.stdout:/usr/bin/ceph: stderr
2023-12-07T11:06:00.740+0000 7f3eca7fc700 1 -- 172.21.15.6:0/2484410797 <== mon.0 v2:172.21.15.6:3300/0 3 ==== mon_map magic: 0 v1 ==== 205+0+0 (secure 0 0 0) 0x7f3ebc011a00 con 0x7f3ecc07ce90
2023-12-07T11:06:01.523 INFO:teuthology.orchestra.run.smithi006.stdout:/usr/bin/ceph: stderr
2023-12-07T11:06:00.741+0000 7f3ed223d700 1 -- 172.21.15.6:0/2484410797 >> [v2:172.21.15.6:3300/0,v1:172.21.15.6:6789/0] conn(0x7f3ecc07ce90 msgr2=0x7f3ecc07b2f0 secure :-1 s=STATE_CONNECTION_ESTABLISHED l=1).mark_down
2023-12-07T11:06:01.523 INFO:teuthology.orchestra.run.smithi006.stdout:/usr/bin/ceph: stderr
2023-12-07T11:06:00.741+0000 7f3ed223d700 1 --2- 172.21.15.6:0/2484410797 >> [v2:172.21.15.6:3300/0,v1:172.21.15.6:6789/0] conn(0x7f3ecc07ce90 0x7f3ecc07b2f0 secure :-1 s=READY pgs=47 cs=0 l=1 rev1=1 crypto rx=0x7f3ebc0098a0 tx=0x7f3ebc009bb0 comp rx=0 tx=0).stop
2023-12-07T11:06:01.523 INFO:teuthology.orchestra.run.smithi006.stdout:/usr/bin/ceph: stderr
2023-12-07T11:06:00.741+0000 7f3ed223d700 1 -- 172.21.15.6:0/2484410797 shutdown_connections
2023-12-07T11:06:01.523 INFO:teuthology.orchestra.run.smithi006.stdout:/usr/bin/ceph: stderr
2023-12-07T11:06:00.741+0000 7f3ed223d700 1 --2- 172.21.15.6:0/2484410797 >> [v2:172.21.15.6:3300/0,v1:172.21.15.6:6789/0] conn(0x7f3ecc07ce90 0x7f3ecc07b2f0 unknown :-1 s=CLOSED pgs=47 cs=0 l=1 rev1=1 crypto rx=0 tx=0 comp rx=0 tx=0).stop
2023-12-07T11:06:01.523 INFO:teuthology.orchestra.run.smithi006.stdout:/usr/bin/ceph: stderr
2023-12-07T11:06:00.741+0000 7f3ed223d700 1 -- 172.21.15.6:0/2484410797 >> 172.21.15.6:0/2484410797 conn(0x7f3ecc102310 msgr2=0x7f3ecc104730 unknown :-1 s=STATE_NONE l=0).mark_down
2023-12-07T11:06:01.523 INFO:teuthology.orchestra.run.smithi006.stdout:/usr/bin/ceph: stderr
2023-12-07T11:06:00.741+0000 7f3ed223d700 1 -- 172.21.15.6:0/2484410797 shutdown_connections
2023-12-07T11:06:01.524 INFO:teuthology.orchestra.run.smithi006.stdout:/usr/bin/ceph: stderr
2023-12-07T11:06:00.741+0000 7f3ed223d700 1 -- 172.21.15.6:0/2484410797 wait complete.
2023-12-07T11:06:01.524 INFO:teuthology.orchestra.run.smithi006.stdout:/usr/bin/ceph: stderr
2023-12-07T11:06:00.743+0000 7f3ed223d700 1 Processor -- start
2023-12-07T11:06:01.524 INFO:teuthology.orchestra.run.smithi006.stdout:/usr/bin/ceph: stderr
2023-12-07T11:06:00.743+0000 7f3ed223d700 1 -- start start
2023-12-07T11:06:01.524 INFO:teuthology.orchestra.run.smithi006.stdout:/usr/bin/ceph: stderr
2023-12-07T11:06:00.743+0000 7f3ed223d700 1 --2- >> [v2:172.21.15.6:3300/0,v1:172.21.15.6:6789/0] conn(0x7f3ecc07ce90 0x7f3ecc19cc10 unknown :-1 s=NONE pgs=0 cs=0 l=1 rev1=0 crypto rx=0 tx=0 comp rx=0 tx=0).connect
2023-12-07T11:06:01.524 INFO:teuthology.orchestra.run.smithi006.stdout:/usr/bin/ceph: stderr
2023-12-07T11:06:00.743+0000 7f3ed223d700 1 -- --> [v2:172.21.15.6:3300/0,v1:172.21.15.6:6789/0] -- mon_getmap magic: 0 v1 -- 0x7f3ecc19d150 con 0x7f3ecc07ce90
2023-12-07T11:06:01.524 INFO:teuthology.orchestra.run.smithi006.stdout:/usr/bin/ceph: stderr
2023-12-07T11:06:00.743+0000 7f3ecb7fe700 1 --2- >> [v2:172.21.15.6:3300/0,v1:172.21.15.6:6789/0] conn(0x7f3ecc07ce90 0x7f3ecc19cc10 unknown :-1 s=BANNER_CONNECTING pgs=0 cs=0 l=1 rev1=0 crypto rx=0 tx=0 comp rx=0 tx=0)._handle_peer_banner_payload supported=3 required=0
2023-12-07T11:06:01.524 INFO:teuthology.orchestra.run.smithi006.stdout:/usr/bin/ceph: stderr
2023-12-07T11:06:00.743+0000 7f3ecb7fe700 1 --2- >> [v2:172.21.15.6:3300/0,v1:172.21.15.6:6789/0] conn(0x7f3ecc07ce90 0x7f3ecc19cc10 unknown :-1 s=HELLO_CONNECTING pgs=0 cs=0 l=1 rev1=1 crypto rx=0 tx=0 comp rx=0 tx=0).handle_hello peer v2:172.21.15.6:3300/0 says I am v2:172.21.15.6:47454/0 (socket says 172.21.15.6:47454)
2023-12-07T11:06:01.524 INFO:teuthology.orchestra.run.smithi006.stdout:/usr/bin/ceph: stderr
2023-12-07T11:06:00.744+0000 7f3ecb7fe700 1 -- 172.21.15.6:0/679364710 learned_addr learned my addr 172.21.15.6:0/679364710 (peer_addr_for_me v2:172.21.15.6:0/0)
2023-12-07T11:06:01.524 INFO:teuthology.orchestra.run.smithi006.stdout:/usr/bin/ceph: stderr
2023-12-07T11:06:00.744+0000 7f3ecb7fe700 1 -- 172.21.15.6:0/679364710 --> [v2:172.21.15.6:3300/0,v1:172.21.15.6:6789/0] -- mon_subscribe({config=0+,monmap=0+}) v3 -- 0x7f3ebc009550 con 0x7f3ecc07ce90
2023-12-07T11:06:01.524 INFO:teuthology.orchestra.run.smithi006.stdout:/usr/bin/ceph: stderr
2023-12-07T11:06:00.744+0000 7f3ecb7fe700 1 --2- 172.21.15.6:0/679364710 >> [v2:172.21.15.6:3300/0,v1:172.21.15.6:6789/0] conn(0x7f3ecc07ce90 0x7f3ecc19cc10 secure :-1 s=READY pgs=48 cs=0 l=1 rev1=1 crypto rx=0x7f3ebc009130 tx=0x7f3ebc011ad0 comp rx=0 tx=0).ready entity=mon.0 client_cookie=0 server_cookie=0 in_seq=0 out_seq=0
2023-12-07T11:06:01.524 INFO:teuthology.orchestra.run.smithi006.stdout:/usr/bin/ceph: stderr
2023-12-07T11:06:00.744+0000 7f3ec8ff9700 1 -- 172.21.15.6:0/679364710 <== mon.0 v2:172.21.15.6:3300/0 1 ==== mon_map magic: 0 v1 ==== 205+0+0 (secure 0 0 0) 0x7f3ebc003ab0 con 0x7f3ecc07ce90
2023-12-07T11:06:01.524 INFO:teuthology.orchestra.run.smithi006.stdout:/usr/bin/ceph: stderr
2023-12-07T11:06:00.744+0000 7f3ec8ff9700 1 -- 172.21.15.6:0/679364710 <== mon.0 v2:172.21.15.6:3300/0 2 ==== config(26 keys) v1 ==== 1074+0+0 (secure 0 0 0) 0x7f3ebc003c10 con 0x7f3ecc07ce90
2023-12-07T11:06:01.524 INFO:teuthology.orchestra.run.smithi006.stdout:/usr/bin/ceph: stderr
2023-12-07T11:06:00.744+0000 7f3ed223d700 1 -- 172.21.15.6:0/679364710 --> [v2:172.21.15.6:3300/0,v1:172.21.15.6:6789/0] -- mon_subscribe({mgrmap=0+}) v3 -- 0x7f3ecc19d350 con 0x7f3ecc07ce90
2023-12-07T11:06:01.525 INFO:teuthology.orchestra.run.smithi006.stdout:/usr/bin/ceph: stderr
2023-12-07T11:06:00.744+0000 7f3ec8ff9700 1 -- 172.21.15.6:0/679364710 <== mon.0 v2:172.21.15.6:3300/0 3 ==== mon_map magic: 0 v1 ==== 205+0+0 (secure 0 0 0) 0x7f3ebc0247d0 con 0x7f3ecc07ce90
2023-12-07T11:06:01.525 INFO:teuthology.orchestra.run.smithi006.stdout:/usr/bin/ceph: stderr
2023-12-07T11:06:00.744+0000 7f3ed223d700 1 -- 172.21.15.6:0/679364710 --> [v2:172.21.15.6:3300/0,v1:172.21.15.6:6789/0] -- mon_subscribe({osdmap=0}) v3 -- 0x7f3ecc19d7f0 con 0x7f3ecc07ce90
2023-12-07T11:06:01.525 INFO:teuthology.orchestra.run.smithi006.stdout:/usr/bin/ceph: stderr
2023-12-07T11:06:00.746+0000 7f3ec8ff9700 1 -- 172.21.15.6:0/679364710 <== mon.0 v2:172.21.15.6:3300/0 4 ==== mgrmap(e 8) v1 ==== 45739+0+0 (secure 0 0 0) 0x7f3ebc01a430 con 0x7f3ecc07ce90
2023-12-07T11:06:01.525 INFO:teuthology.orchestra.run.smithi006.stdout:/usr/bin/ceph: stderr
2023-12-07T11:06:00.746+0000 7f3ed223d700 1 -- 172.21.15.6:0/679364710 --> [v2:172.21.15.6:3300/0,v1:172.21.15.6:6789/0] -- mon_command({"prefix": "get_command_descriptions"} v 0) v1 -- 0x7f3ecc10d0c0 con 0x7f3ecc07ce90
2023-12-07T11:06:01.525 INFO:teuthology.orchestra.run.smithi006.stdout:/usr/bin/ceph: stderr
2023-12-07T11:06:00.746+0000 7f3ec8ff9700 1 --2- 172.21.15.6:0/679364710 >> [v2:172.21.15.6:6800/3734206487,v1:172.21.15.6:6801/3734206487] conn(0x7f3eb4038aa0 0x7f3eb403af60 unknown :-1 s=NONE pgs=0 cs=0 l=1 rev1=0 crypto rx=0 tx=0 comp rx=0 tx=0).connect
2023-12-07T11:06:01.525 INFO:teuthology.orchestra.run.smithi006.stdout:/usr/bin/ceph: stderr
2023-12-07T11:06:00.746+0000 7f3ec8ff9700 1 -- 172.21.15.6:0/679364710 <== mon.0 v2:172.21.15.6:3300/0 5 ==== osd_map(2..2 src has 1..2) v4 ==== 940+0+0 (secure 0 0 0) 0x7f3ebc04cc90 con 0x7f3ecc07ce90
2023-12-07T11:06:01.525 INFO:teuthology.orchestra.run.smithi006.stdout:/usr/bin/ceph: stderr
2023-12-07T11:06:00.746+0000 7f3ecaffd700 1 --2- 172.21.15.6:0/679364710 >> [v2:172.21.15.6:6800/3734206487,v1:172.21.15.6:6801/3734206487] conn(0x7f3eb4038aa0 0x7f3eb403af60 unknown :-1 s=BANNER_CONNECTING pgs=0 cs=0 l=1 rev1=0 crypto rx=0 tx=0 comp rx=0 tx=0)._handle_peer_banner_payload supported=3 required=0
2023-12-07T11:06:01.525 INFO:teuthology.orchestra.run.smithi006.stdout:/usr/bin/ceph: stderr
2023-12-07T11:06:00.747+0000 7f3ecaffd700 1 --2- 172.21.15.6:0/679364710 >> [v2:172.21.15.6:6800/3734206487,v1:172.21.15.6:6801/3734206487] conn(0x7f3eb4038aa0 0x7f3eb403af60 secure :-1 s=READY pgs=13 cs=0 l=1 rev1=1 crypto rx=0x7f3ec0006fd0 tx=0x7f3ec0006e40 comp rx=0 tx=0).ready entity=mgr.14118 client_cookie=0 server_cookie=0 in_seq=0 out_seq=0
2023-12-07T11:06:01.525 INFO:teuthology.orchestra.run.smithi006.stdout:/usr/bin/ceph: stderr
2023-12-07T11:06:00.751+0000 7f3ec8ff9700 1 -- 172.21.15.6:0/679364710 <== mon.0 v2:172.21.15.6:3300/0 6 ==== mon_command_ack([{"prefix": "get_command_descriptions"}]=0 v0) v1 ==== 72+0+180949 (secure 0 0 0) 0x7f3ebc018b40 con 0x7f3ecc07ce90
2023-12-07T11:06:01.525 INFO:teuthology.orchestra.run.smithi006.stdout:/usr/bin/ceph: stderr
2023-12-07T11:06:00.975+0000 7f3ed223d700 1 -- 172.21.15.6:0/679364710 --> [v2:172.21.15.6:6800/3734206487,v1:172.21.15.6:6801/3734206487] -- mgr_command(tid 0: {"prefix": "orch apply", "service_type": "mgr", "unmanaged": true, "target": ["mon-mgr", ""]}) v1 -- 0x7f3ecc1035d0 con 0x7f3eb4038aa0
2023-12-07T11:06:01.525 INFO:teuthology.orchestra.run.smithi006.stdout:/usr/bin/ceph: stderr
2023-12-07T11:06:00.982+0000 7f3ec8ff9700 1 -- 172.21.15.6:0/679364710 <== mgr.14118 v2:172.21.15.6:6800/3734206487 1 ==== mgr_command_reply(tid 0: 0 ) v1 ==== 8+0+24 (secure 0 0 0) 0x7f3ecc1035d0 con 0x7f3eb4038aa0
2023-12-07T11:06:01.525 INFO:teuthology.orchestra.run.smithi006.stdout:/usr/bin/ceph: stderr
2023-12-07T11:06:00.985+0000 7f3ed223d700 1 -- 172.21.15.6:0/679364710 >> [v2:172.21.15.6:6800/3734206487,v1:172.21.15.6:6801/3734206487] conn(0x7f3eb4038aa0 msgr2=0x7f3eb403af60 secure :-1 s=STATE_CONNECTION_ESTABLISHED l=1).mark_down
2023-12-07T11:06:01.525 INFO:teuthology.orchestra.run.smithi006.stdout:/usr/bin/ceph: stderr
2023-12-07T11:06:00.985+0000 7f3ed223d700 1 --2- 172.21.15.6:0/679364710 >> [v2:172.21.15.6:6800/3734206487,v1:172.21.15.6:6801/3734206487] conn(0x7f3eb4038aa0 0x7f3eb403af60 secure :-1 s=READY pgs=13 cs=0 l=1 rev1=1 crypto rx=0x7f3ec0006fd0 tx=0x7f3ec0006e40 comp rx=0 tx=0).stop
2023-12-07T11:06:01.526 INFO:teuthology.orchestra.run.smithi006.stdout:/usr/bin/ceph: stderr
2023-12-07T11:06:00.985+0000 7f3ed223d700 1 -- 172.21.15.6:0/679364710 >> [v2:172.21.15.6:3300/0,v1:172.21.15.6:6789/0] conn(0x7f3ecc07ce90 msgr2=0x7f3ecc19cc10 secure :-1 s=STATE_CONNECTION_ESTABLISHED l=1).mark_down
2023-12-07T11:06:01.526 INFO:teuthology.orchestra.run.smithi006.stdout:/usr/bin/ceph: stderr
2023-12-07T11:06:00.985+0000 7f3ed223d700 1 --2- 172.21.15.6:0/679364710 >> [v2:172.21.15.6:3300/0,v1:172.21.15.6:6789/0] conn(0x7f3ecc07ce90 0x7f3ecc19cc10 secure :-1 s=READY pgs=48 cs=0 l=1 rev1=1 crypto rx=0x7f3ebc009130 tx=0x7f3ebc011ad0 comp rx=0 tx=0).stop
2023-12-07T11:06:01.526 INFO:teuthology.orchestra.run.smithi006.stdout:/usr/bin/ceph: stderr
2023-12-07T11:06:00.985+0000 7f3ed223d700 1 -- 172.21.15.6:0/679364710 shutdown_connections
2023-12-07T11:06:01.526 INFO:teuthology.orchestra.run.smithi006.stdout:/usr/bin/ceph: stderr
2023-12-07T11:06:00.985+0000 7f3ed223d700 1 --2- 172.21.15.6:0/679364710 >> [v2:172.21.15.6:6800/3734206487,v1:172.21.15.6:6801/3734206487] conn(0x7f3eb4038aa0 0x7f3eb403af60 unknown :-1 s=CLOSED pgs=13 cs=0 l=1 rev1=1 crypto rx=0 tx=0 comp rx=0 tx=0).stop
2023-12-07T11:06:01.526 INFO:teuthology.orchestra.run.smithi006.stdout:/usr/bin/ceph: stderr
2023-12-07T11:06:00.985+0000 7f3ed223d700 1 --2- 172.21.15.6:0/679364710 >> [v2:172.21.15.6:3300/0,v1:172.21.15.6:6789/0] conn(0x7f3ecc07ce90 0x7f3ecc19cc10 unknown :-1 s=CLOSED pgs=48 cs=0 l=1 rev1=1 crypto rx=0 tx=0 comp rx=0 tx=0).stop
2023-12-07T11:06:01.526 INFO:teuthology.orchestra.run.smithi006.stdout:/usr/bin/ceph: stderr
2023-12-07T11:06:00.985+0000 7f3ed223d700 1 -- 172.21.15.6:0/679364710 >> 172.21.15.6:0/679364710 conn(0x7f3ecc102310 msgr2=0x7f3ecc102ec0 unknown :-1 s=STATE_NONE l=0).mark_down
2023-12-07T11:06:01.526 INFO:teuthology.orchestra.run.smithi006.stdout:/usr/bin/ceph: stderr
2023-12-07T11:06:00.985+0000 7f3ed223d700 1 -- 172.21.15.6:0/679364710 shutdown_connections
2023-12-07T11:06:01.526 INFO:teuthology.orchestra.run.smithi006.stdout:/usr/bin/ceph: stderr
2023-12-07T11:06:00.985+0000 7f3ed223d700 1 -- 172.21.15.6:0/679364710 wait complete.
2023-12-07T11:06:02.262 INFO:journalctl@ceph.mon.a.smithi006.stdout:Dec 07 11:06:01 smithi006 ceph-mon[128772]: from='client.14142 -' entity='client.admin' cmd=[{"prefix": "orch apply", "service_type": "mgr", "unmanaged": true, "target": ["mon-mgr", ""]}]: dispatch
2023-12-07T11:06:02.262 INFO:journalctl@ceph.mon.a.smithi006.stdout:Dec 07 11:06:01 smithi006 ceph-mon[128772]: Saving service mgr spec with placement count:2
2023-12-07T11:06:02.262 INFO:journalctl@ceph.mon.a.smithi006.stdout:Dec 07 11:06:01 smithi006 ceph-mon[128772]: from='mgr.14118 172.21.15.6:0/2903896608' entity='mgr.x'
2023-12-07T11:06:02.262 INFO:journalctl@ceph.mon.a.smithi006.stdout:Dec 07 11:06:01 smithi006 ceph-mon[128772]: from='mgr.14118 172.21.15.6:0/2903896608' entity='mgr.x'
2023-12-07T11:06:02.722 INFO:teuthology.orchestra.run.smithi006.stdout:/usr/bin/ceph: stderr
2023-12-07T11:06:02.102+0000 7fc71f2ff700 1 Processor -- start
2023-12-07T11:06:02.722 INFO:teuthology.orchestra.run.smithi006.stdout:/usr/bin/ceph: stderr
2023-12-07T11:06:02.102+0000 7fc71f2ff700 1 -- start start
2023-12-07T11:06:02.723 INFO:teuthology.orchestra.run.smithi006.stdout:/usr/bin/ceph: stderr
2023-12-07T11:06:02.102+0000 7fc71f2ff700 1 --2- >> [v2:172.21.15.6:3300/0,v1:172.21.15.6:6789/0] conn(0x7fc71807ce70 0x7fc71807b2d0 unknown :-1 s=NONE pgs=0 cs=0 l=0 rev1=0 crypto rx=0 tx=0 comp rx=0 tx=0).connect
2023-12-07T11:06:02.723 INFO:teuthology.orchestra.run.smithi006.stdout:/usr/bin/ceph: stderr
2023-12-07T11:06:02.102+0000 7fc71f2ff700 1 -- --> [v2:172.21.15.6:3300/0,v1:172.21.15.6:6789/0] -- mon_getmap magic: 0 v1 -- 0x7fc71807b8a0 con 0x7fc71807ce70
2023-12-07T11:06:02.723 INFO:teuthology.orchestra.run.smithi006.stdout:/usr/bin/ceph: stderr
2023-12-07T11:06:02.103+0000 7fc71e2fd700 1 --2- >> [v2:172.21.15.6:3300/0,v1:172.21.15.6:6789/0] conn(0x7fc71807ce70 0x7fc71807b2d0 unknown :-1 s=BANNER_CONNECTING pgs=0 cs=0 l=0 rev1=0 crypto rx=0 tx=0 comp rx=0 tx=0)._handle_peer_banner_payload supported=3 required=0
2023-12-07T11:06:02.723 INFO:teuthology.orchestra.run.smithi006.stdout:/usr/bin/ceph: stderr
2023-12-07T11:06:02.103+0000 7fc71e2fd700 1 --2- >> [v2:172.21.15.6:3300/0,v1:172.21.15.6:6789/0] conn(0x7fc71807ce70 0x7fc71807b2d0 unknown :-1 s=HELLO_CONNECTING pgs=0 cs=0 l=0 rev1=1 crypto rx=0 tx=0 comp rx=0 tx=0).handle_hello peer v2:172.21.15.6:3300/0 says I am v2:172.21.15.6:44654/0 (socket says 172.21.15.6:44654)
2023-12-07T11:06:02.723 INFO:teuthology.orchestra.run.smithi006.stdout:/usr/bin/ceph: stderr
2023-12-07T11:06:02.103+0000 7fc71e2fd700 1 -- 172.21.15.6:0/4115242209 learned_addr learned my addr 172.21.15.6:0/4115242209 (peer_addr_for_me v2:172.21.15.6:0/0)
2023-12-07T11:06:02.723 INFO:teuthology.orchestra.run.smithi006.stdout:/usr/bin/ceph: stderr
2023-12-07T11:06:02.103+0000 7fc71e2fd700 1 -- 172.21.15.6:0/4115242209 --> [v2:172.21.15.6:3300/0,v1:172.21.15.6:6789/0] -- mon_subscribe({config=0+,monmap=0+}) v3 -- 0x7fc71807b9e0 con 0x7fc71807ce70
2023-12-07T11:06:02.723 INFO:teuthology.orchestra.run.smithi006.stdout:/usr/bin/ceph: stderr
2023-12-07T11:06:02.103+0000 7fc71e2fd700 1 --2- 172.21.15.6:0/4115242209 >> [v2:172.21.15.6:3300/0,v1:172.21.15.6:6789/0] conn(0x7fc71807ce70 0x7fc71807b2d0 secure :-1 s=READY pgs=49 cs=0 l=1 rev1=1 crypto rx=0x7fc7140098a0 tx=0x7fc714009bb0 comp rx=0 tx=0).ready entity=mon.0 client_cookie=71a0c4ae1d1f5f8 server_cookie=0 in_seq=0 out_seq=0
2023-12-07T11:06:02.723 INFO:teuthology.orchestra.run.smithi006.stdout:/usr/bin/ceph: stderr
2023-12-07T11:06:02.104+0000 7fc71d2fb700 1 -- 172.21.15.6:0/4115242209 <== mon.0 v2:172.21.15.6:3300/0 1 ==== mon_map magic: 0 v1 ==== 205+0+0 (secure 0 0 0) 0x7fc714004160 con 0x7fc71807ce70
2023-12-07T11:06:02.723 INFO:teuthology.orchestra.run.smithi006.stdout:/usr/bin/ceph: stderr
2023-12-07T11:06:02.104+0000 7fc71d2fb700 1 -- 172.21.15.6:0/4115242209 <== mon.0 v2:172.21.15.6:3300/0 2 ==== config(26 keys) v1 ==== 1105+0+0 (secure 0 0 0) 0x7fc7140042c0 con 0x7fc71807ce70
2023-12-07T11:06:02.723 INFO:teuthology.orchestra.run.smithi006.stdout:/usr/bin/ceph: stderr
2023-12-07T11:06:02.104+0000 7fc71d2fb700 1 -- 172.21.15.6:0/4115242209 <== mon.0 v2:172.21.15.6:3300/0 3 ==== mon_map magic: 0 v1 ==== 205+0+0 (secure 0 0 0) 0x7fc7140119b0 con 0x7fc71807ce70
2023-12-07T11:06:02.723 INFO:teuthology.orchestra.run.smithi006.stdout:/usr/bin/ceph: stderr
2023-12-07T11:06:02.104+0000 7fc71f2ff700 1 -- 172.21.15.6:0/4115242209 >> [v2:172.21.15.6:3300/0,v1:172.21.15.6:6789/0] conn(0x7fc71807ce70 msgr2=0x7fc71807b2d0 secure :-1 s=STATE_CONNECTION_ESTABLISHED l=1).mark_down
2023-12-07T11:06:02.723 INFO:teuthology.orchestra.run.smithi006.stdout:/usr/bin/ceph: stderr
2023-12-07T11:06:02.104+0000 7fc71f2ff700 1 --2- 172.21.15.6:0/4115242209 >> [v2:172.21.15.6:3300/0,v1:172.21.15.6:6789/0] conn(0x7fc71807ce70 0x7fc71807b2d0 secure :-1 s=READY pgs=49 cs=0 l=1 rev1=1 crypto rx=0x7fc7140098a0 tx=0x7fc714009bb0 comp rx=0 tx=0).stop
2023-12-07T11:06:02.723 INFO:teuthology.orchestra.run.smithi006.stdout:/usr/bin/ceph: stderr
2023-12-07T11:06:02.105+0000 7fc71f2ff700 1 -- 172.21.15.6:0/4115242209 shutdown_connections
2023-12-07T11:06:02.723 INFO:teuthology.orchestra.run.smithi006.stdout:/usr/bin/ceph: stderr
2023-12-07T11:06:02.105+0000 7fc71f2ff700 1 --2- 172.21.15.6:0/4115242209 >> [v2:172.21.15.6:3300/0,v1:172.21.15.6:6789/0] conn(0x7fc71807ce70 0x7fc71807b2d0 unknown :-1 s=CLOSED pgs=49 cs=0 l=1 rev1=1 crypto rx=0 tx=0 comp rx=0 tx=0).stop
2023-12-07T11:06:02.724 INFO:teuthology.orchestra.run.smithi006.stdout:/usr/bin/ceph: stderr
2023-12-07T11:06:02.105+0000 7fc71f2ff700 1 -- 172.21.15.6:0/4115242209 >> 172.21.15.6:0/4115242209 conn(0x7fc7181020d0 msgr2=0x7fc718104530 unknown :-1 s=STATE_NONE l=0).mark_down
2023-12-07T11:06:02.724 INFO:teuthology.orchestra.run.smithi006.stdout:/usr/bin/ceph: stderr
2023-12-07T11:06:02.105+0000 7fc71f2ff700 1 -- 172.21.15.6:0/4115242209 shutdown_connections
2023-12-07T11:06:02.724 INFO:teuthology.orchestra.run.smithi006.stdout:/usr/bin/ceph: stderr
2023-12-07T11:06:02.105+0000 7fc71f2ff700 1 -- 172.21.15.6:0/4115242209 wait complete.
2023-12-07T11:06:02.724 INFO:teuthology.orchestra.run.smithi006.stdout:/usr/bin/ceph: stderr
2023-12-07T11:06:02.106+0000 7fc71f2ff700 1 Processor -- start
2023-12-07T11:06:02.724 INFO:teuthology.orchestra.run.smithi006.stdout:/usr/bin/ceph: stderr
2023-12-07T11:06:02.106+0000 7fc71f2ff700 1 -- start start
2023-12-07T11:06:02.724 INFO:teuthology.orchestra.run.smithi006.stdout:/usr/bin/ceph: stderr
2023-12-07T11:06:02.107+0000 7fc71f2ff700 1 --2- >> [v2:172.21.15.6:3300/0,v1:172.21.15.6:6789/0] conn(0x7fc71807ce70 0x7fc71819ca80 unknown :-1 s=NONE pgs=0 cs=0 l=1 rev1=0 crypto rx=0 tx=0 comp rx=0 tx=0).connect
2023-12-07T11:06:02.724 INFO:teuthology.orchestra.run.smithi006.stdout:/usr/bin/ceph: stderr
2023-12-07T11:06:02.107+0000 7fc71f2ff700 1 -- --> [v2:172.21.15.6:3300/0,v1:172.21.15.6:6789/0] -- mon_getmap magic: 0 v1 -- 0x7fc71819cfc0 con 0x7fc71807ce70
2023-12-07T11:06:02.724 INFO:teuthology.orchestra.run.smithi006.stdout:/usr/bin/ceph: stderr
2023-12-07T11:06:02.107+0000 7fc71e2fd700 1 --2- >> [v2:172.21.15.6:3300/0,v1:172.21.15.6:6789/0] conn(0x7fc71807ce70 0x7fc71819ca80 unknown :-1 s=BANNER_CONNECTING pgs=0 cs=0 l=1 rev1=0 crypto rx=0 tx=0 comp rx=0 tx=0)._handle_peer_banner_payload supported=3 required=0
2023-12-07T11:06:02.724 INFO:teuthology.orchestra.run.smithi006.stdout:/usr/bin/ceph: stderr
2023-12-07T11:06:02.107+0000 7fc71e2fd700 1 --2- >> [v2:172.21.15.6:3300/0,v1:172.21.15.6:6789/0] conn(0x7fc71807ce70 0x7fc71819ca80 unknown :-1 s=HELLO_CONNECTING pgs=0 cs=0 l=1 rev1=1 crypto rx=0 tx=0 comp rx=0 tx=0).handle_hello peer v2:172.21.15.6:3300/0 says I am v2:172.21.15.6:44656/0 (socket says 172.21.15.6:44656)
2023-12-07T11:06:02.724 INFO:teuthology.orchestra.run.smithi006.stdout:/usr/bin/ceph: stderr
2023-12-07T11:06:02.107+0000 7fc71e2fd700 1 -- 172.21.15.6:0/4145473923 learned_addr learned my addr 172.21.15.6:0/4145473923 (peer_addr_for_me v2:172.21.15.6:0/0)
2023-12-07T11:06:02.724 INFO:teuthology.orchestra.run.smithi006.stdout:/usr/bin/ceph: stderr
2023-12-07T11:06:02.107+0000 7fc71e2fd700 1 -- 172.21.15.6:0/4145473923 --> [v2:172.21.15.6:3300/0,v1:172.21.15.6:6789/0] -- mon_subscribe({config=0+,monmap=0+}) v3 -- 0x7fc714009550 con 0x7fc71807ce70
2023-12-07T11:06:02.724 INFO:teuthology.orchestra.run.smithi006.stdout:/usr/bin/ceph: stderr
2023-12-07T11:06:02.108+0000 7fc71e2fd700 1 --2- 172.21.15.6:0/4145473923 >> [v2:172.21.15.6:3300/0,v1:172.21.15.6:6789/0] conn(0x7fc71807ce70 0x7fc71819ca80 secure :-1 s=READY pgs=50 cs=0 l=1 rev1=1 crypto rx=0x7fc714011670 tx=0x7fc714011a30 comp rx=0 tx=0).ready entity=mon.0 client_cookie=0 server_cookie=0 in_seq=0 out_seq=0
2023-12-07T11:06:02.724 INFO:teuthology.orchestra.run.smithi006.stdout:/usr/bin/ceph: stderr
2023-12-07T11:06:02.108+0000 7fc70f7fe700 1 -- 172.21.15.6:0/4145473923 <== mon.0 v2:172.21.15.6:3300/0 1 ==== mon_map magic: 0 v1 ==== 205+0+0 (secure 0 0 0) 0x7fc714003b20 con 0x7fc71807ce70
2023-12-07T11:06:02.724 INFO:teuthology.orchestra.run.smithi006.stdout:/usr/bin/ceph: stderr
2023-12-07T11:06:02.108+0000 7fc70f7fe700 1 -- 172.21.15.6:0/4145473923 <== mon.0 v2:172.21.15.6:3300/0 2 ==== config(26 keys) v1 ==== 1105+0+0 (secure 0 0 0) 0x7fc714003c80 con 0x7fc71807ce70
2023-12-07T11:06:02.724 INFO:teuthology.orchestra.run.smithi006.stdout:/usr/bin/ceph: stderr
2023-12-07T11:06:02.108+0000 7fc70f7fe700 1 -- 172.21.15.6:0/4145473923 <== mon.0 v2:172.21.15.6:3300/0 3 ==== mon_map magic: 0 v1 ==== 205+0+0 (secure 0 0 0) 0x7fc714019770 con 0x7fc71807ce70
2023-12-07T11:06:02.725 INFO:teuthology.orchestra.run.smithi006.stdout:/usr/bin/ceph: stderr
2023-12-07T11:06:02.108+0000 7fc71f2ff700 1 -- 172.21.15.6:0/4145473923 --> [v2:172.21.15.6:3300/0,v1:172.21.15.6:6789/0] -- mon_subscribe({mgrmap=0+}) v3 -- 0x7fc71819d1c0 con 0x7fc71807ce70
2023-12-07T11:06:02.725 INFO:teuthology.orchestra.run.smithi006.stdout:/usr/bin/ceph: stderr
2023-12-07T11:06:02.108+0000 7fc71f2ff700 1 -- 172.21.15.6:0/4145473923 --> [v2:172.21.15.6:3300/0,v1:172.21.15.6:6789/0] -- mon_subscribe({osdmap=0}) v3 -- 0x7fc71819d660 con 0x7fc71807ce70
2023-12-07T11:06:02.725 INFO:teuthology.orchestra.run.smithi006.stdout:/usr/bin/ceph: stderr
2023-12-07T11:06:02.109+0000 7fc70f7fe700 1 -- 172.21.15.6:0/4145473923 <== mon.0 v2:172.21.15.6:3300/0 4 ==== mgrmap(e 8) v1 ==== 45739+0+0 (secure 0 0 0) 0x7fc71401ab60 con 0x7fc71807ce70
2023-12-07T11:06:02.725 INFO:teuthology.orchestra.run.smithi006.stdout:/usr/bin/ceph: stderr
2023-12-07T11:06:02.110+0000 7fc71f2ff700 1 -- 172.21.15.6:0/4145473923 --> [v2:172.21.15.6:3300/0,v1:172.21.15.6:6789/0] -- mon_command({"prefix": "get_command_descriptions"} v 0) v1 -- 0x7fc71810cf90 con 0x7fc71807ce70
2023-12-07T11:06:02.725 INFO:teuthology.orchestra.run.smithi006.stdout:/usr/bin/ceph: stderr
2023-12-07T11:06:02.110+0000 7fc70f7fe700 1 --2- 172.21.15.6:0/4145473923 >> [v2:172.21.15.6:6800/3734206487,v1:172.21.15.6:6801/3734206487] conn(0x7fc704038aa0 0x7fc70403af60 unknown :-1 s=NONE pgs=0 cs=0 l=1 rev1=0 crypto rx=0 tx=0 comp rx=0 tx=0).connect
2023-12-07T11:06:02.725 INFO:teuthology.orchestra.run.smithi006.stdout:/usr/bin/ceph: stderr
2023-12-07T11:06:02.110+0000 7fc70f7fe700 1 -- 172.21.15.6:0/4145473923 <== mon.0 v2:172.21.15.6:3300/0 5 ==== osd_map(2..2 src has 1..2) v4 ==== 940+0+0 (secure 0 0 0) 0x7fc71404cdf0 con 0x7fc71807ce70
2023-12-07T11:06:02.726 INFO:teuthology.orchestra.run.smithi006.stdout:/usr/bin/ceph: stderr
2023-12-07T11:06:02.110+0000 7fc71dafc700 1 --2- 172.21.15.6:0/4145473923 >> [v2:172.21.15.6:6800/3734206487,v1:172.21.15.6:6801/3734206487] conn(0x7fc704038aa0 0x7fc70403af60 unknown :-1 s=BANNER_CONNECTING pgs=0 cs=0 l=1 rev1=0 crypto rx=0 tx=0 comp rx=0 tx=0)._handle_peer_banner_payload supported=3 required=0
2023-12-07T11:06:02.726 INFO:teuthology.orchestra.run.smithi006.stdout:/usr/bin/ceph: stderr
2023-12-07T11:06:02.111+0000 7fc71dafc700 1 --2- 172.21.15.6:0/4145473923 >> [v2:172.21.15.6:6800/3734206487,v1:172.21.15.6:6801/3734206487] conn(0x7fc704038aa0 0x7fc70403af60 secure :-1 s=READY pgs=14 cs=0 l=1 rev1=1 crypto rx=0x7fc708006fd0 tx=0x7fc708006e40 comp rx=0 tx=0).ready entity=mgr.14118 client_cookie=0 server_cookie=0 in_seq=0 out_seq=0
2023-12-07T11:06:02.726 INFO:teuthology.orchestra.run.smithi006.stdout:/usr/bin/ceph: stderr
2023-12-07T11:06:02.115+0000 7fc70f7fe700 1 -- 172.21.15.6:0/4145473923 <== mon.0 v2:172.21.15.6:3300/0 6 ==== mon_command_ack([{"prefix": "get_command_descriptions"}]=0 v0) v1 ==== 72+0+180949 (secure 0 0 0) 0x7fc714051070 con 0x7fc71807ce70
2023-12-07T11:06:02.726 INFO:teuthology.orchestra.run.smithi006.stdout:/usr/bin/ceph: stderr
2023-12-07T11:06:02.326+0000 7fc71f2ff700 1 -- 172.21.15.6:0/4145473923 --> [v2:172.21.15.6:3300/0,v1:172.21.15.6:6789/0] -- mon_command([{prefix=config set, name=mgr/cephadm/container_init}] v 0) v1 -- 0x7fc71810d1d0 con 0x7fc71807ce70
2023-12-07T11:06:02.726 INFO:teuthology.orchestra.run.smithi006.stdout:/usr/bin/ceph: stderr
2023-12-07T11:06:02.328+0000 7fc70f7fe700 1 -- 172.21.15.6:0/4145473923 <== mon.0 v2:172.21.15.6:3300/0 7 ==== mon_command_ack([{prefix=config set, name=mgr/cephadm/container_init}]=0 v7)=0 v7) v1 ==== 142+0+0 (secure 0 0 0) 0x7fc71401a430 con 0x7fc71807ce70
2023-12-07T11:06:02.726 INFO:teuthology.orchestra.run.smithi006.stdout:/usr/bin/ceph: stderr
2023-12-07T11:06:02.331+0000 7fc71f2ff700 1 -- 172.21.15.6:0/4145473923 >> [v2:172.21.15.6:6800/3734206487,v1:172.21.15.6:6801/3734206487] conn(0x7fc704038aa0 msgr2=0x7fc70403af60 secure :-1 s=STATE_CONNECTION_ESTABLISHED l=1).mark_down
2023-12-07T11:06:02.726 INFO:teuthology.orchestra.run.smithi006.stdout:/usr/bin/ceph: stderr
2023-12-07T11:06:02.331+0000 7fc71f2ff700 1 --2- 172.21.15.6:0/4145473923 >> [v2:172.21.15.6:6800/3734206487,v1:172.21.15.6:6801/3734206487] conn(0x7fc704038aa0 0x7fc70403af60 secure :-1 s=READY pgs=14 cs=0 l=1 rev1=1 crypto rx=0x7fc708006fd0 tx=0x7fc708006e40 comp rx=0 tx=0).stop
2023-12-07T11:06:02.726 INFO:teuthology.orchestra.run.smithi006.stdout:/usr/bin/ceph: stderr
2023-12-07T11:06:02.331+0000 7fc71f2ff700 1 -- 172.21.15.6:0/4145473923 >> [v2:172.21.15.6:3300/0,v1:172.21.15.6:6789/0] conn(0x7fc71807ce70 msgr2=0x7fc71819ca80 secure :-1 s=STATE_CONNECTION_ESTABLISHED l=1).mark_down
2023-12-07T11:06:02.726 INFO:teuthology.orchestra.run.smithi006.stdout:/usr/bin/ceph: stderr
2023-12-07T11:06:02.331+0000 7fc71f2ff700 1 --2- 172.21.15.6:0/4145473923 >> [v2:172.21.15.6:3300/0,v1:172.21.15.6:6789/0] conn(0x7fc71807ce70 0x7fc71819ca80 secure :-1 s=READY pgs=50 cs=0 l=1 rev1=1 crypto rx=0x7fc714011670 tx=0x7fc714011a30 comp rx=0 tx=0).stop
2023-12-07T11:06:02.726 INFO:teuthology.orchestra.run.smithi006.stdout:/usr/bin/ceph: stderr
2023-12-07T11:06:02.331+0000 7fc71f2ff700 1 -- 172.21.15.6:0/4145473923 shutdown_connections
2023-12-07T11:06:02.726 INFO:teuthology.orchestra.run.smithi006.stdout:/usr/bin/ceph: stderr
2023-12-07T11:06:02.331+0000 7fc71f2ff700 1 --2- 172.21.15.6:0/4145473923 >> [v2:172.21.15.6:6800/3734206487,v1:172.21.15.6:6801/3734206487] conn(0x7fc704038aa0 0x7fc70403af60 unknown :-1 s=CLOSED pgs=14 cs=0 l=1 rev1=1 crypto rx=0 tx=0 comp rx=0 tx=0).stop
2023-12-07T11:06:02.726 INFO:teuthology.orchestra.run.smithi006.stdout:/usr/bin/ceph: stderr
2023-12-07T11:06:02.331+0000 7fc71f2ff700 1 --2- 172.21.15.6:0/4145473923 >> [v2:172.21.15.6:3300/0,v1:172.21.15.6:6789/0] conn(0x7fc71807ce70 0x7fc71819ca80 unknown :-1 s=CLOSED pgs=50 cs=0 l=1 rev1=1 crypto rx=0 tx=0 comp rx=0 tx=0).stop
2023-12-07T11:06:02.726 INFO:teuthology.orchestra.run.smithi006.stdout:/usr/bin/ceph: stderr
2023-12-07T11:06:02.331+0000 7fc71f2ff700 1 -- 172.21.15.6:0/4145473923 >> 172.21.15.6:0/4145473923 conn(0x7fc7181020d0 msgr2=0x7fc718102cf0 unknown :-1 s=STATE_NONE l=0).mark_down
2023-12-07T11:06:02.727 INFO:teuthology.orchestra.run.smithi006.stdout:/usr/bin/ceph: stderr
2023-12-07T11:06:02.331+0000 7fc71f2ff700 1 -- 172.21.15.6:0/4145473923 shutdown_connections
2023-12-07T11:06:02.727 INFO:teuthology.orchestra.run.smithi006.stdout:/usr/bin/ceph: stderr
2023-12-07T11:06:02.332+0000 7fc71f2ff700 1 -- 172.21.15.6:0/4145473923 wait complete.
2023-12-07T11:06:03.512 INFO:journalctl@ceph.mon.a.smithi006.stdout:Dec 07 11:06:03 smithi006 ceph-mon[128772]: from='mgr.14118 172.21.15.6:0/2903896608' entity='mgr.x'
2023-12-07T11:06:03.512 INFO:journalctl@ceph.mon.a.smithi006.stdout:Dec 07 11:06:03 smithi006 ceph-mon[128772]: from='client.? 172.21.15.6:0/4145473923' entity='client.admin'
2023-12-07T11:06:04.114 INFO:teuthology.orchestra.run.smithi006.stdout:/usr/bin/ceph: stderr
2023-12-07T11:06:03.272+0000 7f79477d3700 1 Processor -- start
2023-12-07T11:06:04.115 INFO:teuthology.orchestra.run.smithi006.stdout:/usr/bin/ceph: stderr
2023-12-07T11:06:03.272+0000 7f79477d3700 1 -- start start
2023-12-07T11:06:04.115 INFO:teuthology.orchestra.run.smithi006.stdout:/usr/bin/ceph: stderr
2023-12-07T11:06:03.272+0000 7f79477d3700 1 --2- >> [v2:172.21.15.6:3300/0,v1:172.21.15.6:6789/0] conn(0x7f794007ce50 0x7f794007b2b0 unknown :-1 s=NONE pgs=0 cs=0 l=0 rev1=0 crypto rx=0 tx=0 comp rx=0 tx=0).connect
2023-12-07T11:06:04.115 INFO:teuthology.orchestra.run.smithi006.stdout:/usr/bin/ceph: stderr
2023-12-07T11:06:03.272+0000 7f79477d3700 1 -- --> [v2:172.21.15.6:3300/0,v1:172.21.15.6:6789/0] -- mon_getmap magic: 0 v1 -- 0x7f794007b880 con 0x7f794007ce50
2023-12-07T11:06:04.115 INFO:teuthology.orchestra.run.smithi006.stdout:/usr/bin/ceph: stderr
2023-12-07T11:06:03.273+0000 7f794556f700 1 --2- >> [v2:172.21.15.6:3300/0,v1:172.21.15.6:6789/0] conn(0x7f794007ce50 0x7f794007b2b0 unknown :-1 s=BANNER_CONNECTING pgs=0 cs=0 l=0 rev1=0 crypto rx=0 tx=0 comp rx=0 tx=0)._handle_peer_banner_payload supported=3 required=0
2023-12-07T11:06:04.115 INFO:teuthology.orchestra.run.smithi006.stdout:/usr/bin/ceph: stderr
2023-12-07T11:06:03.273+0000 7f794556f700 1 --2- >> [v2:172.21.15.6:3300/0,v1:172.21.15.6:6789/0] conn(0x7f794007ce50 0x7f794007b2b0 unknown :-1 s=HELLO_CONNECTING pgs=0 cs=0 l=0 rev1=1 crypto rx=0 tx=0 comp rx=0 tx=0).handle_hello peer v2:172.21.15.6:3300/0 says I am v2:172.21.15.6:44668/0 (socket says 172.21.15.6:44668)
2023-12-07T11:06:04.115 INFO:teuthology.orchestra.run.smithi006.stdout:/usr/bin/ceph: stderr
2023-12-07T11:06:03.273+0000 7f794556f700 1 -- 172.21.15.6:0/788824904 learned_addr learned my addr 172.21.15.6:0/788824904 (peer_addr_for_me v2:172.21.15.6:0/0)
2023-12-07T11:06:04.115 INFO:teuthology.orchestra.run.smithi006.stdout:/usr/bin/ceph: stderr
2023-12-07T11:06:03.273+0000 7f794556f700 1 -- 172.21.15.6:0/788824904 --> [v2:172.21.15.6:3300/0,v1:172.21.15.6:6789/0] -- mon_subscribe({config=0+,monmap=0+}) v3 -- 0x7f794007b9c0 con 0x7f794007ce50
2023-12-07T11:06:04.115 INFO:teuthology.orchestra.run.smithi006.stdout:/usr/bin/ceph: stderr
2023-12-07T11:06:03.273+0000 7f794556f700 1 --2- 172.21.15.6:0/788824904 >> [v2:172.21.15.6:3300/0,v1:172.21.15.6:6789/0] conn(0x7f794007ce50 0x7f794007b2b0 secure :-1 s=READY pgs=51 cs=0 l=1 rev1=1 crypto rx=0x7f793c0098a0 tx=0x7f793c009bb0 comp rx=0 tx=0).ready entity=mon.0 client_cookie=f6f143a4575e8a7d server_cookie=0 in_seq=0 out_seq=0
2023-12-07T11:06:04.115 INFO:teuthology.orchestra.run.smithi006.stdout:/usr/bin/ceph: stderr
2023-12-07T11:06:03.273+0000 7f7937fff700 1 -- 172.21.15.6:0/788824904 <== mon.0 v2:172.21.15.6:3300/0 1 ==== mon_map magic: 0 v1 ==== 205+0+0 (secure 0 0 0) 0x7f793c004160 con 0x7f794007ce50
2023-12-07T11:06:04.115 INFO:teuthology.orchestra.run.smithi006.stdout:/usr/bin/ceph: stderr
2023-12-07T11:06:03.273+0000 7f7937fff700 1 -- 172.21.15.6:0/788824904 <== mon.0 v2:172.21.15.6:3300/0 2 ==== config(26 keys) v1 ==== 1105+0+0 (secure 0 0 0) 0x7f793c0042c0 con 0x7f794007ce50
2023-12-07T11:06:04.115 INFO:teuthology.orchestra.run.smithi006.stdout:/usr/bin/ceph: stderr
2023-12-07T11:06:03.273+0000 7f7937fff700 1 -- 172.21.15.6:0/788824904 <== mon.0 v2:172.21.15.6:3300/0 3 ==== mon_map magic: 0 v1 ==== 205+0+0 (secure 0 0 0) 0x7f793c0119b0 con 0x7f794007ce50
2023-12-07T11:06:04.115 INFO:teuthology.orchestra.run.smithi006.stdout:/usr/bin/ceph: stderr
2023-12-07T11:06:03.274+0000 7f79477d3700 1 -- 172.21.15.6:0/788824904 >> [v2:172.21.15.6:3300/0,v1:172.21.15.6:6789/0] conn(0x7f794007ce50 msgr2=0x7f794007b2b0 secure :-1 s=STATE_CONNECTION_ESTABLISHED l=1).mark_down
2023-12-07T11:06:04.115 INFO:teuthology.orchestra.run.smithi006.stdout:/usr/bin/ceph: stderr
2023-12-07T11:06:03.274+0000 7f79477d3700 1 --2- 172.21.15.6:0/788824904 >> [v2:172.21.15.6:3300/0,v1:172.21.15.6:6789/0] conn(0x7f794007ce50 0x7f794007b2b0 secure :-1 s=READY pgs=51 cs=0 l=1 rev1=1 crypto rx=0x7f793c0098a0 tx=0x7f793c009bb0 comp rx=0 tx=0).stop
2023-12-07T11:06:04.116 INFO:teuthology.orchestra.run.smithi006.stdout:/usr/bin/ceph: stderr
2023-12-07T11:06:03.274+0000 7f79477d3700 1 -- 172.21.15.6:0/788824904 shutdown_connections
2023-12-07T11:06:04.116 INFO:teuthology.orchestra.run.smithi006.stdout:/usr/bin/ceph: stderr
2023-12-07T11:06:03.274+0000 7f79477d3700 1 --2- 172.21.15.6:0/788824904 >> [v2:172.21.15.6:3300/0,v1:172.21.15.6:6789/0] conn(0x7f794007ce50 0x7f794007b2b0 unknown :-1 s=CLOSED pgs=51 cs=0 l=1 rev1=1 crypto rx=0 tx=0 comp rx=0 tx=0).stop
2023-12-07T11:06:04.116 INFO:teuthology.orchestra.run.smithi006.stdout:/usr/bin/ceph: stderr
2023-12-07T11:06:03.274+0000 7f79477d3700 1 -- 172.21.15.6:0/788824904 >> 172.21.15.6:0/788824904 conn(0x7f7940102310 msgr2=0x7f7940104730 unknown :-1 s=STATE_NONE l=0).mark_down
2023-12-07T11:06:04.116 INFO:teuthology.orchestra.run.smithi006.stdout:/usr/bin/ceph: stderr
2023-12-07T11:06:03.274+0000 7f79477d3700 1 -- 172.21.15.6:0/788824904 shutdown_connections
2023-12-07T11:06:04.116 INFO:teuthology.orchestra.run.smithi006.stdout:/usr/bin/ceph: stderr
2023-12-07T11:06:03.274+0000 7f79477d3700 1 -- 172.21.15.6:0/788824904 wait complete.
2023-12-07T11:06:04.116 INFO:teuthology.orchestra.run.smithi006.stdout:/usr/bin/ceph: stderr
2023-12-07T11:06:03.275+0000 7f79477d3700 1 Processor -- start
2023-12-07T11:06:04.116 INFO:teuthology.orchestra.run.smithi006.stdout:/usr/bin/ceph: stderr
2023-12-07T11:06:03.275+0000 7f79477d3700 1 -- start start
2023-12-07T11:06:04.116 INFO:teuthology.orchestra.run.smithi006.stdout:/usr/bin/ceph: stderr
2023-12-07T11:06:03.276+0000 7f79477d3700 1 --2- >> [v2:172.21.15.6:3300/0,v1:172.21.15.6:6789/0] conn(0x7f794007ce50 0x7f794019cc40 unknown :-1 s=NONE pgs=0 cs=0 l=1 rev1=0 crypto rx=0 tx=0 comp rx=0 tx=0).connect
2023-12-07T11:06:04.116 INFO:teuthology.orchestra.run.smithi006.stdout:/usr/bin/ceph: stderr
2023-12-07T11:06:03.276+0000 7f79477d3700 1 -- --> [v2:172.21.15.6:3300/0,v1:172.21.15.6:6789/0] -- mon_getmap magic: 0 v1 -- 0x7f794019d180 con 0x7f794007ce50
2023-12-07T11:06:04.116 INFO:teuthology.orchestra.run.smithi006.stdout:/usr/bin/ceph: stderr
2023-12-07T11:06:03.276+0000 7f794556f700 1 --2- >> [v2:172.21.15.6:3300/0,v1:172.21.15.6:6789/0] conn(0x7f794007ce50 0x7f794019cc40 unknown :-1 s=BANNER_CONNECTING pgs=0 cs=0 l=1 rev1=0 crypto rx=0 tx=0 comp rx=0 tx=0)._handle_peer_banner_payload supported=3 required=0
2023-12-07T11:06:04.116 INFO:teuthology.orchestra.run.smithi006.stdout:/usr/bin/ceph: stderr
2023-12-07T11:06:03.276+0000 7f794556f700 1 --2- >> [v2:172.21.15.6:3300/0,v1:172.21.15.6:6789/0] conn(0x7f794007ce50 0x7f794019cc40 unknown :-1 s=HELLO_CONNECTING pgs=0 cs=0 l=1 rev1=1 crypto rx=0 tx=0 comp rx=0 tx=0).handle_hello peer v2:172.21.15.6:3300/0 says I am v2:172.21.15.6:44680/0 (socket says 172.21.15.6:44680)
2023-12-07T11:06:04.116 INFO:teuthology.orchestra.run.smithi006.stdout:/usr/bin/ceph: stderr
2023-12-07T11:06:03.276+0000 7f794556f700 1 -- 172.21.15.6:0/4122131303 learned_addr learned my addr 172.21.15.6:0/4122131303 (peer_addr_for_me v2:172.21.15.6:0/0)
2023-12-07T11:06:04.116 INFO:teuthology.orchestra.run.smithi006.stdout:/usr/bin/ceph: stderr
2023-12-07T11:06:03.276+0000 7f794556f700 1 -- 172.21.15.6:0/4122131303 --> [v2:172.21.15.6:3300/0,v1:172.21.15.6:6789/0] -- mon_subscribe({config=0+,monmap=0+}) v3 -- 0x7f793c009550 con 0x7f794007ce50
2023-12-07T11:06:04.116 INFO:teuthology.orchestra.run.smithi006.stdout:/usr/bin/ceph: stderr
2023-12-07T11:06:03.277+0000 7f794556f700 1 --2- 172.21.15.6:0/4122131303 >> [v2:172.21.15.6:3300/0,v1:172.21.15.6:6789/0] conn(0x7f794007ce50 0x7f794019cc40 secure :-1 s=READY pgs=52 cs=0 l=1 rev1=1 crypto rx=0x7f793c011670 tx=0x7f793c011a30 comp rx=0 tx=0).ready entity=mon.0 client_cookie=0 server_cookie=0 in_seq=0 out_seq=0
2023-12-07T11:06:04.117 INFO:teuthology.orchestra.run.smithi006.stdout:/usr/bin/ceph: stderr
2023-12-07T11:06:03.277+0000 7f79367fc700 1 -- 172.21.15.6:0/4122131303 <== mon.0 v2:172.21.15.6:3300/0 1 ==== mon_map magic: 0 v1 ==== 205+0+0 (secure 0 0 0) 0x7f793c003b20 con 0x7f794007ce50
2023-12-07T11:06:04.117 INFO:teuthology.orchestra.run.smithi006.stdout:/usr/bin/ceph: stderr
2023-12-07T11:06:03.277+0000 7f79367fc700 1 -- 172.21.15.6:0/4122131303 <== mon.0 v2:172.21.15.6:3300/0 2 ==== config(26 keys) v1 ==== 1105+0+0 (secure 0 0 0) 0x7f793c003c80 con 0x7f794007ce50
2023-12-07T11:06:04.117 INFO:teuthology.orchestra.run.smithi006.stdout:/usr/bin/ceph: stderr
2023-12-07T11:06:03.277+0000 7f79367fc700 1 -- 172.21.15.6:0/4122131303 <== mon.0 v2:172.21.15.6:3300/0 3 ==== mon_map magic: 0 v1 ==== 205+0+0 (secure 0 0 0) 0x7f793c019770 con 0x7f794007ce50
2023-12-07T11:06:04.117 INFO:teuthology.orchestra.run.smithi006.stdout:/usr/bin/ceph: stderr
2023-12-07T11:06:03.277+0000 7f79477d3700 1 -- 172.21.15.6:0/4122131303 --> [v2:172.21.15.6:3300/0,v1:172.21.15.6:6789/0] -- mon_subscribe({mgrmap=0+}) v3 -- 0x7f794019d380 con 0x7f794007ce50
2023-12-07T11:06:04.117 INFO:teuthology.orchestra.run.smithi006.stdout:/usr/bin/ceph: stderr
2023-12-07T11:06:03.277+0000 7f79477d3700 1 -- 172.21.15.6:0/4122131303 --> [v2:172.21.15.6:3300/0,v1:172.21.15.6:6789/0] -- mon_subscribe({osdmap=0}) v3 -- 0x7f794019d820 con 0x7f794007ce50
2023-12-07T11:06:04.117 INFO:teuthology.orchestra.run.smithi006.stdout:/usr/bin/ceph: stderr
2023-12-07T11:06:03.278+0000 7f79367fc700 1 -- 172.21.15.6:0/4122131303 <== mon.0 v2:172.21.15.6:3300/0 4 ==== mgrmap(e 8) v1 ==== 45739+0+0 (secure 0 0 0) 0x7f793c01a430 con 0x7f794007ce50
2023-12-07T11:06:04.117 INFO:teuthology.orchestra.run.smithi006.stdout:/usr/bin/ceph: stderr
2023-12-07T11:06:03.278+0000 7f79477d3700 1 -- 172.21.15.6:0/4122131303 --> [v2:172.21.15.6:3300/0,v1:172.21.15.6:6789/0] -- mon_command({"prefix": "get_command_descriptions"} v 0) v1 -- 0x7f794010d150 con 0x7f794007ce50
2023-12-07T11:06:04.117 INFO:teuthology.orchestra.run.smithi006.stdout:/usr/bin/ceph: stderr
2023-12-07T11:06:03.279+0000 7f79367fc700 1 --2- 172.21.15.6:0/4122131303 >> [v2:172.21.15.6:6800/3734206487,v1:172.21.15.6:6801/3734206487] conn(0x7f792c038aa0 0x7f792c03af60 unknown :-1 s=NONE pgs=0 cs=0 l=1 rev1=0 crypto rx=0 tx=0 comp rx=0 tx=0).connect
2023-12-07T11:06:04.117 INFO:teuthology.orchestra.run.smithi006.stdout:/usr/bin/ceph: stderr
2023-12-07T11:06:03.279+0000 7f79367fc700 1 -- 172.21.15.6:0/4122131303 <== mon.0 v2:172.21.15.6:3300/0 5 ==== osd_map(2..2 src has 1..2) v4 ==== 940+0+0 (secure 0 0 0) 0x7f793c04ce40 con 0x7f794007ce50
2023-12-07T11:06:04.117 INFO:teuthology.orchestra.run.smithi006.stdout:/usr/bin/ceph: stderr
2023-12-07T11:06:03.279+0000 7f7944d6e700 1 --2- 172.21.15.6:0/4122131303 >> [v2:172.21.15.6:6800/3734206487,v1:172.21.15.6:6801/3734206487] conn(0x7f792c038aa0 0x7f792c03af60 unknown :-1 s=BANNER_CONNECTING pgs=0 cs=0 l=1 rev1=0 crypto rx=0 tx=0 comp rx=0 tx=0)._handle_peer_banner_payload supported=3 required=0
2023-12-07T11:06:04.117 INFO:teuthology.orchestra.run.smithi006.stdout:/usr/bin/ceph: stderr
2023-12-07T11:06:03.279+0000 7f7944d6e700 1 --2- 172.21.15.6:0/4122131303 >> [v2:172.21.15.6:6800/3734206487,v1:172.21.15.6:6801/3734206487] conn(0x7f792c038aa0 0x7f792c03af60 secure :-1 s=READY pgs=15 cs=0 l=1 rev1=1 crypto rx=0x7f7930006fd0 tx=0x7f7930006e40 comp rx=0 tx=0).ready entity=mgr.14118 client_cookie=0 server_cookie=0 in_seq=0 out_seq=0
2023-12-07T11:06:04.117 INFO:teuthology.orchestra.run.smithi006.stdout:/usr/bin/ceph: stderr
2023-12-07T11:06:03.283+0000 7f79367fc700 1 -- 172.21.15.6:0/4122131303 <== mon.0 v2:172.21.15.6:3300/0 6 ==== mon_command_ack([{"prefix": "get_command_descriptions"}]=0 v0) v1 ==== 72+0+180949 (secure 0 0 0) 0x7f793c02d9a0 con 0x7f794007ce50
2023-12-07T11:06:04.117 INFO:teuthology.orchestra.run.smithi006.stdout:/usr/bin/ceph: stderr
2023-12-07T11:06:03.514+0000 7f79477d3700 1 -- 172.21.15.6:0/4122131303 --> [v2:172.21.15.6:3300/0,v1:172.21.15.6:6789/0] -- mon_command([{prefix=config set, name=mgr/dashboard/ssl_server_port}] v 0) v1 -- 0x7f794010d390 con 0x7f794007ce50
2023-12-07T11:06:04.117 INFO:teuthology.orchestra.run.smithi006.stdout:/usr/bin/ceph: stderr
2023-12-07T11:06:03.517+0000 7f79367fc700 1 -- 172.21.15.6:0/4122131303 <== mon.0 v2:172.21.15.6:3300/0 7 ==== mon_command_ack([{prefix=config set, name=mgr/dashboard/ssl_server_port}]=0 v8)=0 v8) v1 ==== 130+0+0 (secure 0 0 0) 0x7f793c02d350 con 0x7f794007ce50
2023-12-07T11:06:04.118 INFO:teuthology.orchestra.run.smithi006.stdout:/usr/bin/ceph: stderr
2023-12-07T11:06:03.519+0000 7f79477d3700 1 -- 172.21.15.6:0/4122131303 >> [v2:172.21.15.6:6800/3734206487,v1:172.21.15.6:6801/3734206487] conn(0x7f792c038aa0 msgr2=0x7f792c03af60 secure :-1 s=STATE_CONNECTION_ESTABLISHED l=1).mark_down
2023-12-07T11:06:04.118 INFO:teuthology.orchestra.run.smithi006.stdout:/usr/bin/ceph: stderr
2023-12-07T11:06:03.519+0000 7f79477d3700 1 --2- 172.21.15.6:0/4122131303 >> [v2:172.21.15.6:6800/3734206487,v1:172.21.15.6:6801/3734206487] conn(0x7f792c038aa0 0x7f792c03af60 secure :-1 s=READY pgs=15 cs=0 l=1 rev1=1 crypto rx=0x7f7930006fd0 tx=0x7f7930006e40 comp rx=0 tx=0).stop
2023-12-07T11:06:04.118 INFO:teuthology.orchestra.run.smithi006.stdout:/usr/bin/ceph: stderr
2023-12-07T11:06:03.519+0000 7f79477d3700 1 -- 172.21.15.6:0/4122131303 >> [v2:172.21.15.6:3300/0,v1:172.21.15.6:6789/0] conn(0x7f794007ce50 msgr2=0x7f794019cc40 secure :-1 s=STATE_CONNECTION_ESTABLISHED l=1).mark_down
2023-12-07T11:06:04.118 INFO:teuthology.orchestra.run.smithi006.stdout:/usr/bin/ceph: stderr
2023-12-07T11:06:03.519+0000 7f79477d3700 1 --2- 172.21.15.6:0/4122131303 >> [v2:172.21.15.6:3300/0,v1:172.21.15.6:6789/0] conn(0x7f794007ce50 0x7f794019cc40 secure :-1 s=READY pgs=52 cs=0 l=1 rev1=1 crypto rx=0x7f793c011670 tx=0x7f793c011a30 comp rx=0 tx=0).stop
2023-12-07T11:06:04.118 INFO:teuthology.orchestra.run.smithi006.stdout:/usr/bin/ceph: stderr
2023-12-07T11:06:03.520+0000 7f79477d3700 1 -- 172.21.15.6:0/4122131303 shutdown_connections
2023-12-07T11:06:04.118 INFO:teuthology.orchestra.run.smithi006.stdout:/usr/bin/ceph: stderr
2023-12-07T11:06:03.520+0000 7f79477d3700 1 --2- 172.21.15.6:0/4122131303 >> [v2:172.21.15.6:6800/3734206487,v1:172.21.15.6:6801/3734206487] conn(0x7f792c038aa0 0x7f792c03af60 unknown :-1 s=CLOSED pgs=15 cs=0 l=1 rev1=1 crypto rx=0 tx=0 comp rx=0 tx=0).stop
2023-12-07T11:06:04.118 INFO:teuthology.orchestra.run.smithi006.stdout:/usr/bin/ceph: stderr
2023-12-07T11:06:03.520+0000 7f79477d3700 1 --2- 172.21.15.6:0/4122131303 >> [v2:172.21.15.6:3300/0,v1:172.21.15.6:6789/0] conn(0x7f794007ce50 0x7f794019cc40 unknown :-1 s=CLOSED pgs=52 cs=0 l=1 rev1=1 crypto rx=0 tx=0 comp rx=0 tx=0).stop
2023-12-07T11:06:04.118 INFO:teuthology.orchestra.run.smithi006.stdout:/usr/bin/ceph: stderr
2023-12-07T11:06:03.520+0000 7f79477d3700 1 -- 172.21.15.6:0/4122131303 >> 172.21.15.6:0/4122131303 conn(0x7f7940102310 msgr2=0x7f7940102ea0 unknown :-1 s=STATE_NONE l=0).mark_down
2023-12-07T11:06:04.118 INFO:teuthology.orchestra.run.smithi006.stdout:/usr/bin/ceph: stderr
2023-12-07T11:06:03.520+0000 7f79477d3700 1 -- 172.21.15.6:0/4122131303 shutdown_connections
2023-12-07T11:06:04.118 INFO:teuthology.orchestra.run.smithi006.stdout:/usr/bin/ceph: stderr
2023-12-07T11:06:03.520+0000 7f79477d3700 1 -- 172.21.15.6:0/4122131303 wait complete.
2023-12-07T11:06:04.118 INFO:teuthology.orchestra.run.smithi006.stdout:Enabling the dashboard module...
2023-12-07T11:06:04.762 INFO:journalctl@ceph.mon.a.smithi006.stdout:Dec 07 11:06:04 smithi006 ceph-mon[128772]: from='client.? 172.21.15.6:0/4122131303' entity='client.admin'
2023-12-07T11:06:04.762 INFO:journalctl@ceph.mon.a.smithi006.stdout:Dec 07 11:06:04 smithi006 ceph-mon[128772]: from='mgr.14118 172.21.15.6:0/2903896608' entity='mgr.x'
2023-12-07T11:06:05.844 INFO:journalctl@ceph.mon.a.smithi006.stdout:Dec 07 11:06:05 smithi006 ceph-mon[128772]: from='client.? 172.21.15.6:0/1246005967' entity='client.admin' cmd=[{"prefix": "mgr module enable", "module": "dashboard"}]: dispatch
2023-12-07T11:06:05.845 INFO:journalctl@ceph.mgr.x.smithi006.stdout:Dec 07 11:06:05 smithi006 ceph-5b6e4896-94f0-11ee-95a2-87774f69a715-mgr-x[129020]: ignoring --setuser ceph since I am not root
2023-12-07T11:06:05.845 INFO:journalctl@ceph.mgr.x.smithi006.stdout:Dec 07 11:06:05 smithi006 ceph-5b6e4896-94f0-11ee-95a2-87774f69a715-mgr-x[129020]: ignoring --setgroup ceph since I am not root
2023-12-07T11:06:05.845 INFO:journalctl@ceph.mgr.x.smithi006.stdout:Dec 07 11:06:05 smithi006 ceph-5b6e4896-94f0-11ee-95a2-87774f69a715-mgr-x[129020]:
2023-12-07T11:06:05.843+0000 7f0d751dd200 -1 mgr[py] Module devicehealth has missing NOTIFY_TYPES member
2023-12-07T11:06:05.968 INFO:teuthology.orchestra.run.smithi006.stdout:/usr/bin/ceph: stderr
2023-12-07T11:06:04.721+0000 7f315f645700 1 Processor -- start
2023-12-07T11:06:05.968 INFO:teuthology.orchestra.run.smithi006.stdout:/usr/bin/ceph: stderr
2023-12-07T11:06:04.722+0000 7f315f645700 1 -- start start
2023-12-07T11:06:05.968 INFO:teuthology.orchestra.run.smithi006.stdout:/usr/bin/ceph: stderr
2023-12-07T11:06:04.722+0000 7f315f645700 1 --2- >> [v2:172.21.15.6:3300/0,v1:172.21.15.6:6789/0] conn(0x7f315807ced0 0x7f315807b330 unknown :-1 s=NONE pgs=0 cs=0 l=0 rev1=0 crypto rx=0 tx=0 comp rx=0 tx=0).connect
2023-12-07T11:06:05.968 INFO:teuthology.orchestra.run.smithi006.stdout:/usr/bin/ceph: stderr
2023-12-07T11:06:04.722+0000 7f315f645700 1 -- --> [v2:172.21.15.6:3300/0,v1:172.21.15.6:6789/0] -- mon_getmap magic: 0 v1 -- 0x7f315807b900 con 0x7f315807ced0
2023-12-07T11:06:05.968 INFO:teuthology.orchestra.run.smithi006.stdout:/usr/bin/ceph: stderr
2023-12-07T11:06:04.722+0000 7f315d3e1700 1 --2- >> [v2:172.21.15.6:3300/0,v1:172.21.15.6:6789/0] conn(0x7f315807ced0 0x7f315807b330 unknown :-1 s=BANNER_CONNECTING pgs=0 cs=0 l=0 rev1=0 crypto rx=0 tx=0 comp rx=0 tx=0)._handle_peer_banner_payload supported=3 required=0
2023-12-07T11:06:05.968 INFO:teuthology.orchestra.run.smithi006.stdout:/usr/bin/ceph: stderr
2023-12-07T11:06:04.722+0000 7f315d3e1700 1 --2- >> [v2:172.21.15.6:3300/0,v1:172.21.15.6:6789/0] conn(0x7f315807ced0 0x7f315807b330 unknown :-1 s=HELLO_CONNECTING pgs=0 cs=0 l=0 rev1=1 crypto rx=0 tx=0 comp rx=0 tx=0).handle_hello peer v2:172.21.15.6:3300/0 says I am v2:172.21.15.6:44688/0 (socket says 172.21.15.6:44688)
2023-12-07T11:06:05.968 INFO:teuthology.orchestra.run.smithi006.stdout:/usr/bin/ceph: stderr
2023-12-07T11:06:04.722+0000 7f315d3e1700 1 -- 172.21.15.6:0/3361764362 learned_addr learned my addr 172.21.15.6:0/3361764362 (peer_addr_for_me v2:172.21.15.6:0/0)
2023-12-07T11:06:05.968 INFO:teuthology.orchestra.run.smithi006.stdout:/usr/bin/ceph: stderr
2023-12-07T11:06:04.723+0000 7f315d3e1700 1 -- 172.21.15.6:0/3361764362 --> [v2:172.21.15.6:3300/0,v1:172.21.15.6:6789/0] -- mon_subscribe({config=0+,monmap=0+}) v3 -- 0x7f315807ba40 con 0x7f315807ced0
2023-12-07T11:06:05.968 INFO:teuthology.orchestra.run.smithi006.stdout:/usr/bin/ceph: stderr
2023-12-07T11:06:04.723+0000 7f315d3e1700 1 --2- 172.21.15.6:0/3361764362 >> [v2:172.21.15.6:3300/0,v1:172.21.15.6:6789/0] conn(0x7f315807ced0 0x7f315807b330 secure :-1 s=READY pgs=53 cs=0 l=1 rev1=1 crypto rx=0x7f31540098a0 tx=0x7f3154009bb0 comp rx=0 tx=0).ready entity=mon.0 client_cookie=e624d3e15f15203e server_cookie=0 in_seq=0 out_seq=0
2023-12-07T11:06:05.968 INFO:teuthology.orchestra.run.smithi006.stdout:/usr/bin/ceph: stderr
2023-12-07T11:06:04.723+0000 7f314ffff700 1 -- 172.21.15.6:0/3361764362 <== mon.0 v2:172.21.15.6:3300/0 1 ==== mon_map magic: 0 v1 ==== 205+0+0 (secure 0 0 0) 0x7f3154004160 con 0x7f315807ced0
2023-12-07T11:06:05.968 INFO:teuthology.orchestra.run.smithi006.stdout:/usr/bin/ceph: stderr
