2023-12-08T08:52:23.475+0000 7fae527fc700 1 -- 172.21.15.119:0/3804652113 <== mon.0 v2:172.21.15.119:3300/0 2 ==== config(26 keys) v1 ==== 1009+0+0 (secure 0 0 0) 0x7fae4400be30 con 0x7fae54076bc0
2023-12-08T08:52:25.886 INFO:teuthology.orchestra.run.smithi119.stdout:/usr/bin/ceph: stderr
2023-12-08T08:52:23.475+0000 7fae527fc700 1 -- 172.21.15.119:0/3804652113 <== mon.0 v2:172.21.15.119:3300/0 3 ==== mon_map magic: 0 v1 ==== 229+0+0 (secure 0 0 0) 0x7fae44010380 con 0x7fae54076bc0
2023-12-08T08:52:25.886 INFO:teuthology.orchestra.run.smithi119.stdout:/usr/bin/ceph: stderr
2023-12-08T08:52:23.476+0000 7fae5a253700 1 -- 172.21.15.119:0/3804652113 >> [v2:172.21.15.119:3300/0,v1:172.21.15.119:6789/0] conn(0x7fae54076bc0 msgr2=0x7fae54104f40 secure :-1 s=STATE_CONNECTION_ESTABLISHED l=1).mark_down
2023-12-08T08:52:25.886 INFO:teuthology.orchestra.run.smithi119.stdout:/usr/bin/ceph: stderr
2023-12-08T08:52:23.476+0000 7fae5a253700 1 --2- 172.21.15.119:0/3804652113 >> [v2:172.21.15.119:3300/0,v1:172.21.15.119:6789/0] conn(0x7fae54076bc0 0x7fae54104f40 secure :-1 s=READY pgs=22 cs=0 l=1 rev1=1 crypto rx=0x7fae440098e0 tx=0x7fae44009250 comp rx=0 tx=0).stop
2023-12-08T08:52:25.886 INFO:teuthology.orchestra.run.smithi119.stdout:/usr/bin/ceph: stderr
2023-12-08T08:52:23.476+0000 7fae5a253700 1 -- 172.21.15.119:0/3804652113 shutdown_connections
2023-12-08T08:52:25.886 INFO:teuthology.orchestra.run.smithi119.stdout:/usr/bin/ceph: stderr
2023-12-08T08:52:23.476+0000 7fae5a253700 1 --2- 172.21.15.119:0/3804652113 >> [v2:172.21.15.119:3300/0,v1:172.21.15.119:6789/0] conn(0x7fae54076bc0 0x7fae54104f40 unknown :-1 s=CLOSED pgs=22 cs=0 l=1 rev1=1 crypto rx=0 tx=0 comp rx=0 tx=0).stop
2023-12-08T08:52:25.886 INFO:teuthology.orchestra.run.smithi119.stdout:/usr/bin/ceph: stderr
2023-12-08T08:52:23.476+0000 7fae5a253700 1 -- 172.21.15.119:0/3804652113 >> 172.21.15.119:0/3804652113 conn(0x7fae540fc950 msgr2=0x7fae540fed60 unknown :-1 s=STATE_NONE l=0).mark_down
2023-12-08T08:52:25.886 INFO:teuthology.orchestra.run.smithi119.stdout:/usr/bin/ceph: stderr
2023-12-08T08:52:23.476+0000 7fae5a253700 1 -- 172.21.15.119:0/3804652113 shutdown_connections
2023-12-08T08:52:25.886 INFO:teuthology.orchestra.run.smithi119.stdout:/usr/bin/ceph: stderr
2023-12-08T08:52:23.476+0000 7fae5a253700 1 -- 172.21.15.119:0/3804652113 wait complete.
2023-12-08T08:52:25.886 INFO:teuthology.orchestra.run.smithi119.stdout:/usr/bin/ceph: stderr
2023-12-08T08:52:23.476+0000 7fae5a253700 1 Processor -- start
2023-12-08T08:52:25.886 INFO:teuthology.orchestra.run.smithi119.stdout:/usr/bin/ceph: stderr
2023-12-08T08:52:23.476+0000 7fae5a253700 1 -- start start
2023-12-08T08:52:25.886 INFO:teuthology.orchestra.run.smithi119.stdout:/usr/bin/ceph: stderr
2023-12-08T08:52:23.477+0000 7fae5a253700 1 --2- >> [v2:172.21.15.119:3300/0,v1:172.21.15.119:6789/0] conn(0x7fae54076bc0 0x7fae54111130 unknown :-1 s=NONE pgs=0 cs=0 l=1 rev1=0 crypto rx=0 tx=0 comp rx=0 tx=0).connect
2023-12-08T08:52:25.887 INFO:teuthology.orchestra.run.smithi119.stdout:/usr/bin/ceph: stderr
2023-12-08T08:52:23.477+0000 7fae5a253700 1 -- --> [v2:172.21.15.119:3300/0,v1:172.21.15.119:6789/0] -- mon_getmap magic: 0 v1 -- 0x7fae54111670 con 0x7fae54076bc0
2023-12-08T08:52:25.887 INFO:teuthology.orchestra.run.smithi119.stdout:/usr/bin/ceph: stderr
2023-12-08T08:52:23.477+0000 7fae537fe700 1 --2- >> [v2:172.21.15.119:3300/0,v1:172.21.15.119:6789/0] conn(0x7fae54076bc0 0x7fae54111130 unknown :-1 s=BANNER_CONNECTING pgs=0 cs=0 l=1 rev1=0 crypto rx=0 tx=0 comp rx=0 tx=0)._handle_peer_banner_payload supported=3 required=0
2023-12-08T08:52:25.887 INFO:teuthology.orchestra.run.smithi119.stdout:/usr/bin/ceph: stderr
2023-12-08T08:52:23.477+0000 7fae537fe700 1 --2- >> [v2:172.21.15.119:3300/0,v1:172.21.15.119:6789/0] conn(0x7fae54076bc0 0x7fae54111130 unknown :-1 s=HELLO_CONNECTING pgs=0 cs=0 l=1 rev1=1 crypto rx=0 tx=0 comp rx=0 tx=0).handle_hello peer v2:172.21.15.119:3300/0 says I am v2:172.21.15.119:47202/0 (socket says 172.21.15.119:47202)
2023-12-08T08:52:25.887 INFO:teuthology.orchestra.run.smithi119.stdout:/usr/bin/ceph: stderr
2023-12-08T08:52:23.477+0000 7fae537fe700 1 -- 172.21.15.119:0/1323097115 learned_addr learned my addr 172.21.15.119:0/1323097115 (peer_addr_for_me v2:172.21.15.119:0/0)
2023-12-08T08:52:25.887 INFO:teuthology.orchestra.run.smithi119.stdout:/usr/bin/ceph: stderr
2023-12-08T08:52:23.477+0000 7fae537fe700 1 -- 172.21.15.119:0/1323097115 --> [v2:172.21.15.119:3300/0,v1:172.21.15.119:6789/0] -- mon_subscribe({config=0+,monmap=0+}) v3 -- 0x7fae440094f0 con 0x7fae54076bc0
2023-12-08T08:52:25.887 INFO:teuthology.orchestra.run.smithi119.stdout:/usr/bin/ceph: stderr
2023-12-08T08:52:23.477+0000 7fae537fe700 1 --2- 172.21.15.119:0/1323097115 >> [v2:172.21.15.119:3300/0,v1:172.21.15.119:6789/0] conn(0x7fae54076bc0 0x7fae54111130 secure :-1 s=READY pgs=23 cs=0 l=1 rev1=1 crypto rx=0x7fae44006b00 tx=0x7fae44009250 comp rx=0 tx=0).ready entity=mon.0 client_cookie=0 server_cookie=0 in_seq=0 out_seq=0
2023-12-08T08:52:25.887 INFO:teuthology.orchestra.run.smithi119.stdout:/usr/bin/ceph: stderr
2023-12-08T08:52:23.477+0000 7fae3bfff700 1 -- 172.21.15.119:0/1323097115 <== mon.0 v2:172.21.15.119:3300/0 1 ==== mon_map magic: 0 v1 ==== 229+0+0 (secure 0 0 0) 0x7fae44010a80 con 0x7fae54076bc0
2023-12-08T08:52:25.887 INFO:teuthology.orchestra.run.smithi119.stdout:/usr/bin/ceph: stderr
2023-12-08T08:52:23.477+0000 7fae3bfff700 1 -- 172.21.15.119:0/1323097115 <== mon.0 v2:172.21.15.119:3300/0 2 ==== config(26 keys) v1 ==== 1009+0+0 (secure 0 0 0) 0x7fae4401a430 con 0x7fae54076bc0
2023-12-08T08:52:25.887 INFO:teuthology.orchestra.run.smithi119.stdout:/usr/bin/ceph: stderr
2023-12-08T08:52:23.477+0000 7fae3bfff700 1 -- 172.21.15.119:0/1323097115 <== mon.0 v2:172.21.15.119:3300/0 3 ==== mon_map magic: 0 v1 ==== 229+0+0 (secure 0 0 0) 0x7fae440245b0 con 0x7fae54076bc0
2023-12-08T08:52:25.887 INFO:teuthology.orchestra.run.smithi119.stdout:/usr/bin/ceph: stderr
2023-12-08T08:52:23.477+0000 7fae5a253700 1 -- 172.21.15.119:0/1323097115 --> [v2:172.21.15.119:3300/0,v1:172.21.15.119:6789/0] -- mon_subscribe({mgrmap=0+}) v3 -- 0x7fae54111870 con 0x7fae54076bc0
2023-12-08T08:52:25.887 INFO:teuthology.orchestra.run.smithi119.stdout:/usr/bin/ceph: stderr
2023-12-08T08:52:23.477+0000 7fae5a253700 1 -- 172.21.15.119:0/1323097115 --> [v2:172.21.15.119:3300/0,v1:172.21.15.119:6789/0] -- mon_subscribe({osdmap=0}) v3 -- 0x7fae54111c80 con 0x7fae54076bc0
2023-12-08T08:52:25.887 INFO:teuthology.orchestra.run.smithi119.stdout:/usr/bin/ceph: stderr
2023-12-08T08:52:23.478+0000 7fae3bfff700 1 -- 172.21.15.119:0/1323097115 <== mon.0 v2:172.21.15.119:3300/0 4 ==== mgrmap(e 4) v1 ==== 43270+0+0 (secure 0 0 0) 0x7fae440247e0 con 0x7fae54076bc0
2023-12-08T08:52:25.887 INFO:teuthology.orchestra.run.smithi119.stdout:/usr/bin/ceph: stderr
2023-12-08T08:52:23.478+0000 7fae3bfff700 1 --2- 172.21.15.119:0/1323097115 >> [v2:172.21.15.119:6800/77588716,v1:172.21.15.119:6801/77588716] conn(0x7fae3c0365f0 0x7fae3c038aa0 unknown :-1 s=NONE pgs=0 cs=0 l=1 rev1=0 crypto rx=0 tx=0 comp rx=0 tx=0).connect
2023-12-08T08:52:25.887 INFO:teuthology.orchestra.run.smithi119.stdout:/usr/bin/ceph: stderr
2023-12-08T08:52:23.478+0000 7fae3bfff700 1 -- 172.21.15.119:0/1323097115 <== mon.0 v2:172.21.15.119:3300/0 5 ==== osd_map(1..1 src has 1..1) v4 ==== 721+0+0 (secure 0 0 0) 0x7fae4404ab40 con 0x7fae54076bc0
2023-12-08T08:52:25.887 INFO:teuthology.orchestra.run.smithi119.stdout:/usr/bin/ceph: stderr
2023-12-08T08:52:23.478+0000 7fae5a253700 1 -- 172.21.15.119:0/1323097115 --> [v2:172.21.15.119:3300/0,v1:172.21.15.119:6789/0] -- mon_command({"prefix": "get_command_descriptions"} v 0) v1 -- 0x7fae5404bb80 con 0x7fae54076bc0
2023-12-08T08:52:25.888 INFO:teuthology.orchestra.run.smithi119.stdout:/usr/bin/ceph: stderr
2023-12-08T08:52:23.478+0000 7fae52ffd700 1 --2- 172.21.15.119:0/1323097115 >> [v2:172.21.15.119:6800/77588716,v1:172.21.15.119:6801/77588716] conn(0x7fae3c0365f0 0x7fae3c038aa0 unknown :-1 s=BANNER_CONNECTING pgs=0 cs=0 l=1 rev1=0 crypto rx=0 tx=0 comp rx=0 tx=0)._handle_peer_banner_payload supported=3 required=0
2023-12-08T08:52:25.888 INFO:teuthology.orchestra.run.smithi119.stdout:/usr/bin/ceph: stderr
2023-12-08T08:52:23.479+0000 7fae52ffd700 1 --2- 172.21.15.119:0/1323097115 >> [v2:172.21.15.119:6800/77588716,v1:172.21.15.119:6801/77588716] conn(0x7fae3c0365f0 0x7fae3c038aa0 secure :-1 s=READY pgs=8 cs=0 l=1 rev1=1 crypto rx=0x7fae48009990 tx=0x7fae48006e40 comp rx=0 tx=0).ready entity=mgr.14100 client_cookie=0 server_cookie=0 in_seq=0 out_seq=0
2023-12-08T08:52:25.888 INFO:teuthology.orchestra.run.smithi119.stdout:/usr/bin/ceph: stderr
2023-12-08T08:52:23.483+0000 7fae3bfff700 1 -- 172.21.15.119:0/1323097115 <== mon.0 v2:172.21.15.119:3300/0 6 ==== mon_command_ack([{"prefix": "get_command_descriptions"}]=0 v0) v1 ==== 72+0+174570 (secure 0 0 0) 0x7fae4401a5a0 con 0x7fae54076bc0
2023-12-08T08:52:25.888 INFO:teuthology.orchestra.run.smithi119.stdout:/usr/bin/ceph: stderr
2023-12-08T08:52:23.715+0000 7fae5a253700 1 -- 172.21.15.119:0/1323097115 --> [v2:172.21.15.119:3300/0,v1:172.21.15.119:6789/0] -- mon_command({"prefix": "mgr module enable", "module": "cephadm"} v 0) v1 -- 0x7fae5410ad40 con 0x7fae54076bc0
2023-12-08T08:52:25.888 INFO:teuthology.orchestra.run.smithi119.stdout:/usr/bin/ceph: stderr
2023-12-08T08:52:23.898+0000 7fae3bfff700 1 -- 172.21.15.119:0/1323097115 <== mon.0 v2:172.21.15.119:3300/0 7 ==== mgrmap(e 5) v1 ==== 43281+0+0 (secure 0 0 0) 0x7fae4404ad50 con 0x7fae54076bc0
2023-12-08T08:52:25.888 INFO:teuthology.orchestra.run.smithi119.stdout:/usr/bin/ceph: stderr
2023-12-08T08:52:23.899+0000 7fae3bfff700 1 -- 172.21.15.119:0/1323097115 <== mon.0 v2:172.21.15.119:3300/0 8 ==== mon_command_ack([{"prefix": "mgr module enable", "module": "cephadm"}]=0 v5) v1 ==== 86+0+0 (secure 0 0 0) 0x7fae44037770 con 0x7fae54076bc0
2023-12-08T08:52:25.888 INFO:teuthology.orchestra.run.smithi119.stdout:/usr/bin/ceph: stderr
2023-12-08T08:52:23.901+0000 7fae5a253700 1 -- 172.21.15.119:0/1323097115 >> [v2:172.21.15.119:6800/77588716,v1:172.21.15.119:6801/77588716] conn(0x7fae3c0365f0 msgr2=0x7fae3c038aa0 secure :-1 s=STATE_CONNECTION_ESTABLISHED l=1).mark_down
2023-12-08T08:52:25.888 INFO:teuthology.orchestra.run.smithi119.stdout:/usr/bin/ceph: stderr
2023-12-08T08:52:23.901+0000 7fae5a253700 1 --2- 172.21.15.119:0/1323097115 >> [v2:172.21.15.119:6800/77588716,v1:172.21.15.119:6801/77588716] conn(0x7fae3c0365f0 0x7fae3c038aa0 secure :-1 s=READY pgs=8 cs=0 l=1 rev1=1 crypto rx=0x7fae48009990 tx=0x7fae48006e40 comp rx=0 tx=0).stop
2023-12-08T08:52:25.888 INFO:teuthology.orchestra.run.smithi119.stdout:/usr/bin/ceph: stderr
2023-12-08T08:52:23.901+0000 7fae5a253700 1 -- 172.21.15.119:0/1323097115 >> [v2:172.21.15.119:3300/0,v1:172.21.15.119:6789/0] conn(0x7fae54076bc0 msgr2=0x7fae54111130 secure :-1 s=STATE_CONNECTION_ESTABLISHED l=1).mark_down
2023-12-08T08:52:25.888 INFO:teuthology.orchestra.run.smithi119.stdout:/usr/bin/ceph: stderr
2023-12-08T08:52:23.901+0000 7fae5a253700 1 --2- 172.21.15.119:0/1323097115 >> [v2:172.21.15.119:3300/0,v1:172.21.15.119:6789/0] conn(0x7fae54076bc0 0x7fae54111130 secure :-1 s=READY pgs=23 cs=0 l=1 rev1=1 crypto rx=0x7fae44006b00 tx=0x7fae44009250 comp rx=0 tx=0).stop
2023-12-08T08:52:25.888 INFO:teuthology.orchestra.run.smithi119.stdout:/usr/bin/ceph: stderr
2023-12-08T08:52:23.901+0000 7fae5a253700 1 -- 172.21.15.119:0/1323097115 shutdown_connections
2023-12-08T08:52:25.888 INFO:teuthology.orchestra.run.smithi119.stdout:/usr/bin/ceph: stderr
2023-12-08T08:52:23.901+0000 7fae5a253700 1 --2- 172.21.15.119:0/1323097115 >> [v2:172.21.15.119:6800/77588716,v1:172.21.15.119:6801/77588716] conn(0x7fae3c0365f0 0x7fae3c038aa0 unknown :-1 s=CLOSED pgs=8 cs=0 l=1 rev1=1 crypto rx=0 tx=0 comp rx=0 tx=0).stop
2023-12-08T08:52:25.888 INFO:teuthology.orchestra.run.smithi119.stdout:/usr/bin/ceph: stderr
2023-12-08T08:52:23.901+0000 7fae5a253700 1 --2- 172.21.15.119:0/1323097115 >> [v2:172.21.15.119:3300/0,v1:172.21.15.119:6789/0] conn(0x7fae54076bc0 0x7fae54111130 unknown :-1 s=CLOSED pgs=23 cs=0 l=1 rev1=1 crypto rx=0 tx=0 comp rx=0 tx=0).stop
2023-12-08T08:52:25.888 INFO:teuthology.orchestra.run.smithi119.stdout:/usr/bin/ceph: stderr
2023-12-08T08:52:23.901+0000 7fae5a253700 1 -- 172.21.15.119:0/1323097115 >> 172.21.15.119:0/1323097115 conn(0x7fae540fc950 msgr2=0x7fae540fed10 unknown :-1 s=STATE_NONE l=0).mark_down
2023-12-08T08:52:25.889 INFO:teuthology.orchestra.run.smithi119.stdout:/usr/bin/ceph: stderr
2023-12-08T08:52:23.902+0000 7fae5a253700 1 -- 172.21.15.119:0/1323097115 shutdown_connections
2023-12-08T08:52:25.889 INFO:teuthology.orchestra.run.smithi119.stdout:/usr/bin/ceph: stderr
2023-12-08T08:52:23.902+0000 7fae5a253700 1 -- 172.21.15.119:0/1323097115 wait complete.
2023-12-08T08:52:27.310 INFO:journalctl@ceph.mon.smithi119.smithi119.stdout:Dec 08 08:52:27 smithi119 ceph-mon[140727]: from='client.? 172.21.15.119:0/3832667270' entity='client.admin' cmd=[{"prefix": "mgr stat"}]: dispatch
2023-12-08T08:52:29.742 INFO:teuthology.orchestra.run.smithi119.stdout:/usr/bin/ceph: stdout {
2023-12-08T08:52:29.742 INFO:teuthology.orchestra.run.smithi119.stdout:/usr/bin/ceph: stdout "epoch": 5,
2023-12-08T08:52:29.742 INFO:teuthology.orchestra.run.smithi119.stdout:/usr/bin/ceph: stdout "available": true,
2023-12-08T08:52:29.742 INFO:teuthology.orchestra.run.smithi119.stdout:/usr/bin/ceph: stdout "active_name": "smithi119.nxmkzr",
2023-12-08T08:52:29.743 INFO:teuthology.orchestra.run.smithi119.stdout:/usr/bin/ceph: stdout "num_standby": 0
2023-12-08T08:52:29.743 INFO:teuthology.orchestra.run.smithi119.stdout:/usr/bin/ceph: stdout }
2023-12-08T08:52:29.743 INFO:teuthology.orchestra.run.smithi119.stdout:/usr/bin/ceph: stderr
2023-12-08T08:52:26.896+0000 7f6792d0c700 1 Processor -- start
2023-12-08T08:52:29.743 INFO:teuthology.orchestra.run.smithi119.stdout:/usr/bin/ceph: stderr
2023-12-08T08:52:26.896+0000 7f6792d0c700 1 -- start start
2023-12-08T08:52:29.743 INFO:teuthology.orchestra.run.smithi119.stdout:/usr/bin/ceph: stderr
2023-12-08T08:52:26.896+0000 7f6792d0c700 1 --2- >> [v2:172.21.15.119:3300/0,v1:172.21.15.119:6789/0] conn(0x7f678c070f40 0x7f678c104f60 unknown :-1 s=NONE pgs=0 cs=0 l=0 rev1=0 crypto rx=0 tx=0 comp rx=0 tx=0).connect
2023-12-08T08:52:29.743 INFO:teuthology.orchestra.run.smithi119.stdout:/usr/bin/ceph: stderr
2023-12-08T08:52:26.897+0000 7f6792d0c700 1 -- --> [v2:172.21.15.119:3300/0,v1:172.21.15.119:6789/0] -- mon_getmap magic: 0 v1 -- 0x7f678c1054a0 con 0x7f678c070f40
2023-12-08T08:52:29.743 INFO:teuthology.orchestra.run.smithi119.stdout:/usr/bin/ceph: stderr
2023-12-08T08:52:26.897+0000 7f6790aa8700 1 --2- >> [v2:172.21.15.119:3300/0,v1:172.21.15.119:6789/0] conn(0x7f678c070f40 0x7f678c104f60 unknown :-1 s=BANNER_CONNECTING pgs=0 cs=0 l=0 rev1=0 crypto rx=0 tx=0 comp rx=0 tx=0)._handle_peer_banner_payload supported=3 required=0
2023-12-08T08:52:29.743 INFO:teuthology.orchestra.run.smithi119.stdout:/usr/bin/ceph: stderr
2023-12-08T08:52:26.897+0000 7f6790aa8700 1 --2- >> [v2:172.21.15.119:3300/0,v1:172.21.15.119:6789/0] conn(0x7f678c070f40 0x7f678c104f60 unknown :-1 s=HELLO_CONNECTING pgs=0 cs=0 l=0 rev1=1 crypto rx=0 tx=0 comp rx=0 tx=0).handle_hello peer v2:172.21.15.119:3300/0 says I am v2:172.21.15.119:39392/0 (socket says 172.21.15.119:39392)
2023-12-08T08:52:29.743 INFO:teuthology.orchestra.run.smithi119.stdout:/usr/bin/ceph: stderr
2023-12-08T08:52:26.897+0000 7f6790aa8700 1 -- 172.21.15.119:0/3645254943 learned_addr learned my addr 172.21.15.119:0/3645254943 (peer_addr_for_me v2:172.21.15.119:0/0)
2023-12-08T08:52:29.743 INFO:teuthology.orchestra.run.smithi119.stdout:/usr/bin/ceph: stderr
2023-12-08T08:52:26.897+0000 7f6790aa8700 1 -- 172.21.15.119:0/3645254943 --> [v2:172.21.15.119:3300/0,v1:172.21.15.119:6789/0] -- mon_subscribe({config=0+,monmap=0+}) v3 -- 0x7f678c1055e0 con 0x7f678c070f40
2023-12-08T08:52:29.743 INFO:teuthology.orchestra.run.smithi119.stdout:/usr/bin/ceph: stderr
2023-12-08T08:52:26.897+0000 7f6790aa8700 1 --2- 172.21.15.119:0/3645254943 >> [v2:172.21.15.119:3300/0,v1:172.21.15.119:6789/0] conn(0x7f678c070f40 0x7f678c104f60 secure :-1 s=READY pgs=26 cs=0 l=1 rev1=1 crypto rx=0x7f67800098e0 tx=0x7f6780009250 comp rx=0 tx=0).ready entity=mon.0 client_cookie=d755cb7aa5f02fed server_cookie=0 in_seq=0 out_seq=0
2023-12-08T08:52:29.743 INFO:teuthology.orchestra.run.smithi119.stdout:/usr/bin/ceph: stderr
2023-12-08T08:52:26.897+0000 7f678b7fe700 1 -- 172.21.15.119:0/3645254943 <== mon.0 v2:172.21.15.119:3300/0 1 ==== mon_map magic: 0 v1 ==== 229+0+0 (secure 0 0 0) 0x7f678000b8f0 con 0x7f678c070f40
2023-12-08T08:52:29.743 INFO:teuthology.orchestra.run.smithi119.stdout:/usr/bin/ceph: stderr
2023-12-08T08:52:26.897+0000 7f678b7fe700 1 -- 172.21.15.119:0/3645254943 <== mon.0 v2:172.21.15.119:3300/0 2 ==== config(26 keys) v1 ==== 1009+0+0 (secure 0 0 0) 0x7f6780011420 con 0x7f678c070f40
2023-12-08T08:52:29.743 INFO:teuthology.orchestra.run.smithi119.stdout:/usr/bin/ceph: stderr
2023-12-08T08:52:26.897+0000 7f678b7fe700 1 -- 172.21.15.119:0/3645254943 <== mon.0 v2:172.21.15.119:3300/0 3 ==== mon_map magic: 0 v1 ==== 229+0+0 (secure 0 0 0) 0x7f6780010540 con 0x7f678c070f40
2023-12-08T08:52:29.744 INFO:teuthology.orchestra.run.smithi119.stdout:/usr/bin/ceph: stderr
2023-12-08T08:52:26.898+0000 7f6792d0c700 1 -- 172.21.15.119:0/3645254943 >> [v2:172.21.15.119:3300/0,v1:172.21.15.119:6789/0] conn(0x7f678c070f40 msgr2=0x7f678c104f60 secure :-1 s=STATE_CONNECTION_ESTABLISHED l=1).mark_down
2023-12-08T08:52:29.744 INFO:teuthology.orchestra.run.smithi119.stdout:/usr/bin/ceph: stderr
2023-12-08T08:52:26.898+0000 7f6792d0c700 1 --2- 172.21.15.119:0/3645254943 >> [v2:172.21.15.119:3300/0,v1:172.21.15.119:6789/0] conn(0x7f678c070f40 0x7f678c104f60 secure :-1 s=READY pgs=26 cs=0 l=1 rev1=1 crypto rx=0x7f67800098e0 tx=0x7f6780009250 comp rx=0 tx=0).stop
2023-12-08T08:52:29.744 INFO:teuthology.orchestra.run.smithi119.stdout:/usr/bin/ceph: stderr
2023-12-08T08:52:26.898+0000 7f6792d0c700 1 -- 172.21.15.119:0/3645254943 shutdown_connections
2023-12-08T08:52:29.744 INFO:teuthology.orchestra.run.smithi119.stdout:/usr/bin/ceph: stderr
2023-12-08T08:52:26.898+0000 7f6792d0c700 1 --2- 172.21.15.119:0/3645254943 >> [v2:172.21.15.119:3300/0,v1:172.21.15.119:6789/0] conn(0x7f678c070f40 0x7f678c104f60 unknown :-1 s=CLOSED pgs=26 cs=0 l=1 rev1=1 crypto rx=0 tx=0 comp rx=0 tx=0).stop
2023-12-08T08:52:29.744 INFO:teuthology.orchestra.run.smithi119.stdout:/usr/bin/ceph: stderr
2023-12-08T08:52:26.898+0000 7f6792d0c700 1 -- 172.21.15.119:0/3645254943 >> 172.21.15.119:0/3645254943 conn(0x7f678c0fc970 msgr2=0x7f678c0fed80 unknown :-1 s=STATE_NONE l=0).mark_down
2023-12-08T08:52:29.744 INFO:teuthology.orchestra.run.smithi119.stdout:/usr/bin/ceph: stderr
2023-12-08T08:52:26.898+0000 7f6792d0c700 1 -- 172.21.15.119:0/3645254943 shutdown_connections
2023-12-08T08:52:29.744 INFO:teuthology.orchestra.run.smithi119.stdout:/usr/bin/ceph: stderr
2023-12-08T08:52:26.898+0000 7f6792d0c700 1 -- 172.21.15.119:0/3645254943 wait complete.
2023-12-08T08:52:29.744 INFO:teuthology.orchestra.run.smithi119.stdout:/usr/bin/ceph: stderr
2023-12-08T08:52:26.898+0000 7f6792d0c700 1 Processor -- start
2023-12-08T08:52:29.744 INFO:teuthology.orchestra.run.smithi119.stdout:/usr/bin/ceph: stderr
2023-12-08T08:52:26.898+0000 7f6792d0c700 1 -- start start
2023-12-08T08:52:29.744 INFO:teuthology.orchestra.run.smithi119.stdout:/usr/bin/ceph: stderr
2023-12-08T08:52:26.899+0000 7f6792d0c700 1 --2- >> [v2:172.21.15.119:3300/0,v1:172.21.15.119:6789/0] conn(0x7f678c070f40 0x7f678c1029e0 unknown :-1 s=NONE pgs=0 cs=0 l=1 rev1=0 crypto rx=0 tx=0 comp rx=0 tx=0).connect
2023-12-08T08:52:29.744 INFO:teuthology.orchestra.run.smithi119.stdout:/usr/bin/ceph: stderr
2023-12-08T08:52:26.899+0000 7f6792d0c700 1 -- --> [v2:172.21.15.119:3300/0,v1:172.21.15.119:6789/0] -- mon_getmap magic: 0 v1 -- 0x7f678c100e60 con 0x7f678c070f40
2023-12-08T08:52:29.744 INFO:teuthology.orchestra.run.smithi119.stdout:/usr/bin/ceph: stderr
2023-12-08T08:52:26.899+0000 7f6790aa8700 1 --2- >> [v2:172.21.15.119:3300/0,v1:172.21.15.119:6789/0] conn(0x7f678c070f40 0x7f678c1029e0 unknown :-1 s=BANNER_CONNECTING pgs=0 cs=0 l=1 rev1=0 crypto rx=0 tx=0 comp rx=0 tx=0)._handle_peer_banner_payload supported=3 required=0
2023-12-08T08:52:29.744 INFO:teuthology.orchestra.run.smithi119.stdout:/usr/bin/ceph: stderr
2023-12-08T08:52:26.899+0000 7f6790aa8700 1 --2- >> [v2:172.21.15.119:3300/0,v1:172.21.15.119:6789/0] conn(0x7f678c070f40 0x7f678c1029e0 unknown :-1 s=HELLO_CONNECTING pgs=0 cs=0 l=1 rev1=1 crypto rx=0 tx=0 comp rx=0 tx=0).handle_hello peer v2:172.21.15.119:3300/0 says I am v2:172.21.15.119:39394/0 (socket says 172.21.15.119:39394)
2023-12-08T08:52:29.744 INFO:teuthology.orchestra.run.smithi119.stdout:/usr/bin/ceph: stderr
2023-12-08T08:52:26.899+0000 7f6790aa8700 1 -- 172.21.15.119:0/3832667270 learned_addr learned my addr 172.21.15.119:0/3832667270 (peer_addr_for_me v2:172.21.15.119:0/0)
2023-12-08T08:52:29.744 INFO:teuthology.orchestra.run.smithi119.stdout:/usr/bin/ceph: stderr
2023-12-08T08:52:26.899+0000 7f6790aa8700 1 -- 172.21.15.119:0/3832667270 --> [v2:172.21.15.119:3300/0,v1:172.21.15.119:6789/0] -- mon_subscribe({config=0+,monmap=0+}) v3 -- 0x7f67800094f0 con 0x7f678c070f40
2023-12-08T08:52:29.745 INFO:teuthology.orchestra.run.smithi119.stdout:/usr/bin/ceph: stderr
2023-12-08T08:52:26.899+0000 7f6790aa8700 1 --2- 172.21.15.119:0/3832667270 >> [v2:172.21.15.119:3300/0,v1:172.21.15.119:6789/0] conn(0x7f678c070f40 0x7f678c1029e0 secure :-1 s=READY pgs=27 cs=0 l=1 rev1=1 crypto rx=0x7f6780006d40 tx=0x7f6780009250 comp rx=0 tx=0).ready entity=mon.0 client_cookie=0 server_cookie=0 in_seq=0 out_seq=0
2023-12-08T08:52:29.745 INFO:teuthology.orchestra.run.smithi119.stdout:/usr/bin/ceph: stderr
2023-12-08T08:52:26.899+0000 7f67897fa700 1 -- 172.21.15.119:0/3832667270 <== mon.0 v2:172.21.15.119:3300/0 1 ==== mon_map magic: 0 v1 ==== 229+0+0 (secure 0 0 0) 0x7f678000beb0 con 0x7f678c070f40
2023-12-08T08:52:29.745 INFO:teuthology.orchestra.run.smithi119.stdout:/usr/bin/ceph: stderr
2023-12-08T08:52:26.899+0000 7f67897fa700 1 -- 172.21.15.119:0/3832667270 <== mon.0 v2:172.21.15.119:3300/0 2 ==== config(26 keys) v1 ==== 1009+0+0 (secure 0 0 0) 0x7f6780010e80 con 0x7f678c070f40
2023-12-08T08:52:29.745 INFO:teuthology.orchestra.run.smithi119.stdout:/usr/bin/ceph: stderr
2023-12-08T08:52:26.900+0000 7f67897fa700 1 -- 172.21.15.119:0/3832667270 <== mon.0 v2:172.21.15.119:3300/0 3 ==== mon_map magic: 0 v1 ==== 229+0+0 (secure 0 0 0) 0x7f6780024e00 con 0x7f678c070f40
2023-12-08T08:52:29.745 INFO:teuthology.orchestra.run.smithi119.stdout:/usr/bin/ceph: stderr
2023-12-08T08:52:26.900+0000 7f6792d0c700 1 -- 172.21.15.119:0/3832667270 --> [v2:172.21.15.119:3300/0,v1:172.21.15.119:6789/0] -- mon_subscribe({mgrmap=0+}) v3 -- 0x7f678c101060 con 0x7f678c070f40
2023-12-08T08:52:29.745 INFO:teuthology.orchestra.run.smithi119.stdout:/usr/bin/ceph: stderr
2023-12-08T08:52:26.900+0000 7f6792d0c700 1 -- 172.21.15.119:0/3832667270 --> [v2:172.21.15.119:3300/0,v1:172.21.15.119:6789/0] -- mon_subscribe({osdmap=0}) v3 -- 0x7f678c101470 con 0x7f678c070f40
2023-12-08T08:52:29.745 INFO:teuthology.orchestra.run.smithi119.stdout:/usr/bin/ceph: stderr
2023-12-08T08:52:26.900+0000 7f6792d0c700 1 -- 172.21.15.119:0/3832667270 --> [v2:172.21.15.119:3300/0,v1:172.21.15.119:6789/0] -- mon_command({"prefix": "get_command_descriptions"} v 0) v1 -- 0x7f678c04bb80 con 0x7f678c070f40
2023-12-08T08:52:29.745 INFO:teuthology.orchestra.run.smithi119.stdout:/usr/bin/ceph: stderr
2023-12-08T08:52:26.901+0000 7f67897fa700 1 -- 172.21.15.119:0/3832667270 <== mon.0 v2:172.21.15.119:3300/0 4 ==== mgrmap(e 5) v1 ==== 43281+0+0 (secure 0 0 0) 0x7f678001a4a0 con 0x7f678c070f40
2023-12-08T08:52:29.745 INFO:teuthology.orchestra.run.smithi119.stdout:/usr/bin/ceph: stderr
2023-12-08T08:52:26.901+0000 7f67897fa700 1 --2- 172.21.15.119:0/3832667270 >> [v2:172.21.15.119:6800/77588716,v1:172.21.15.119:6801/77588716] conn(0x7f677c036640 0x7f677c038af0 unknown :-1 s=NONE pgs=0 cs=0 l=1 rev1=0 crypto rx=0 tx=0 comp rx=0 tx=0).connect
2023-12-08T08:52:29.745 INFO:teuthology.orchestra.run.smithi119.stdout:/usr/bin/ceph: stderr
2023-12-08T08:52:26.901+0000 7f67897fa700 1 -- 172.21.15.119:0/3832667270 <== mon.0 v2:172.21.15.119:3300/0 5 ==== osd_map(1..1 src has 1..1) v4 ==== 721+0+0 (secure 0 0 0) 0x7f678004a680 con 0x7f678c070f40
2023-12-08T08:52:29.745 INFO:teuthology.orchestra.run.smithi119.stdout:/usr/bin/ceph: stderr
2023-12-08T08:52:26.901+0000 7f678bfff700 1 -- 172.21.15.119:0/3832667270 >> [v2:172.21.15.119:6800/77588716,v1:172.21.15.119:6801/77588716] conn(0x7f677c036640 msgr2=0x7f677c038af0 unknown :-1 s=STATE_CONNECTING_RE l=1).process reconnect failed to v2:172.21.15.119:6800/77588716
2023-12-08T08:52:29.745 INFO:teuthology.orchestra.run.smithi119.stdout:/usr/bin/ceph: stderr
2023-12-08T08:52:26.901+0000 7f678bfff700 1 --2- 172.21.15.119:0/3832667270 >> [v2:172.21.15.119:6800/77588716,v1:172.21.15.119:6801/77588716] conn(0x7f677c036640 0x7f677c038af0 unknown :-1 s=START_CONNECT pgs=0 cs=0 l=1 rev1=0 crypto rx=0 tx=0 comp rx=0 tx=0)._fault waiting 0.200000
2023-12-08T08:52:29.745 INFO:teuthology.orchestra.run.smithi119.stdout:/usr/bin/ceph: stderr
2023-12-08T08:52:26.905+0000 7f67897fa700 1 -- 172.21.15.119:0/3832667270 <== mon.0 v2:172.21.15.119:3300/0 6 ==== mon_command_ack([{"prefix": "get_command_descriptions"}]=0 v0) v1 ==== 72+0+174570 (secure 0 0 0) 0x7f678002d3f0 con 0x7f678c070f40
2023-12-08T08:52:29.745 INFO:teuthology.orchestra.run.smithi119.stdout:/usr/bin/ceph: stderr
2023-12-08T08:52:27.102+0000 7f678bfff700 1 -- 172.21.15.119:0/3832667270 >> [v2:172.21.15.119:6800/77588716,v1:172.21.15.119:6801/77588716] conn(0x7f677c036640 msgr2=0x7f677c038af0 unknown :-1 s=STATE_CONNECTING_RE l=1).process reconnect failed to v2:172.21.15.119:6800/77588716
2023-12-08T08:52:29.745 INFO:teuthology.orchestra.run.smithi119.stdout:/usr/bin/ceph: stderr
2023-12-08T08:52:27.102+0000 7f678bfff700 1 --2- 172.21.15.119:0/3832667270 >> [v2:172.21.15.119:6800/77588716,v1:172.21.15.119:6801/77588716] conn(0x7f677c036640 0x7f677c038af0 unknown :-1 s=START_CONNECT pgs=0 cs=0 l=1 rev1=0 crypto rx=0 tx=0 comp rx=0 tx=0)._fault waiting 0.400000
2023-12-08T08:52:29.746 INFO:teuthology.orchestra.run.smithi119.stdout:/usr/bin/ceph: stderr
2023-12-08T08:52:27.143+0000 7f6792d0c700 1 -- 172.21.15.119:0/3832667270 --> [v2:172.21.15.119:3300/0,v1:172.21.15.119:6789/0] -- mon_command({"prefix": "mgr stat"} v 0) v1 -- 0x7f678c10ad50 con 0x7f678c070f40
2023-12-08T08:52:29.746 INFO:teuthology.orchestra.run.smithi119.stdout:/usr/bin/ceph: stderr
2023-12-08T08:52:27.144+0000 7f67897fa700 1 -- 172.21.15.119:0/3832667270 <== mon.0 v2:172.21.15.119:3300/0 7 ==== mon_command_ack([{"prefix": "mgr stat"}]=0 v5) v1 ==== 56+0+103 (secure 0 0 0) 0x7f6780018350 con 0x7f678c070f40
2023-12-08T08:52:29.746 INFO:teuthology.orchestra.run.smithi119.stdout:/usr/bin/ceph: stderr
2023-12-08T08:52:27.146+0000 7f6792d0c700 1 -- 172.21.15.119:0/3832667270 >> [v2:172.21.15.119:6800/77588716,v1:172.21.15.119:6801/77588716] conn(0x7f677c036640 msgr2=0x7f677c038af0 unknown :-1 s=STATE_CONNECTING l=1).mark_down
2023-12-08T08:52:29.746 INFO:teuthology.orchestra.run.smithi119.stdout:/usr/bin/ceph: stderr
2023-12-08T08:52:27.146+0000 7f6792d0c700 1 --2- 172.21.15.119:0/3832667270 >> [v2:172.21.15.119:6800/77588716,v1:172.21.15.119:6801/77588716] conn(0x7f677c036640 0x7f677c038af0 unknown :-1 s=START_CONNECT pgs=0 cs=0 l=1 rev1=0 crypto rx=0 tx=0 comp rx=0 tx=0).stop
2023-12-08T08:52:29.746 INFO:teuthology.orchestra.run.smithi119.stdout:/usr/bin/ceph: stderr
2023-12-08T08:52:27.146+0000 7f6792d0c700 1 -- 172.21.15.119:0/3832667270 >> [v2:172.21.15.119:3300/0,v1:172.21.15.119:6789/0] conn(0x7f678c070f40 msgr2=0x7f678c1029e0 secure :-1 s=STATE_CONNECTION_ESTABLISHED l=1).mark_down
2023-12-08T08:52:29.746 INFO:teuthology.orchestra.run.smithi119.stdout:/usr/bin/ceph: stderr
2023-12-08T08:52:27.146+0000 7f6792d0c700 1 --2- 172.21.15.119:0/3832667270 >> [v2:172.21.15.119:3300/0,v1:172.21.15.119:6789/0] conn(0x7f678c070f40 0x7f678c1029e0 secure :-1 s=READY pgs=27 cs=0 l=1 rev1=1 crypto rx=0x7f6780006d40 tx=0x7f6780009250 comp rx=0 tx=0).stop
2023-12-08T08:52:29.746 INFO:teuthology.orchestra.run.smithi119.stdout:/usr/bin/ceph: stderr
2023-12-08T08:52:27.146+0000 7f6792d0c700 1 -- 172.21.15.119:0/3832667270 shutdown_connections
2023-12-08T08:52:29.746 INFO:teuthology.orchestra.run.smithi119.stdout:/usr/bin/ceph: stderr
2023-12-08T08:52:27.146+0000 7f6792d0c700 1 --2- 172.21.15.119:0/3832667270 >> [v2:172.21.15.119:6800/77588716,v1:172.21.15.119:6801/77588716] conn(0x7f677c036640 0x7f677c038af0 unknown :-1 s=CLOSED pgs=0 cs=0 l=1 rev1=0 crypto rx=0 tx=0 comp rx=0 tx=0).stop
2023-12-08T08:52:29.746 INFO:teuthology.orchestra.run.smithi119.stdout:/usr/bin/ceph: stderr
2023-12-08T08:52:27.146+0000 7f6792d0c700 1 --2- 172.21.15.119:0/3832667270 >> [v2:172.21.15.119:3300/0,v1:172.21.15.119:6789/0] conn(0x7f678c070f40 0x7f678c1029e0 unknown :-1 s=CLOSED pgs=27 cs=0 l=1 rev1=1 crypto rx=0 tx=0 comp rx=0 tx=0).stop
2023-12-08T08:52:29.746 INFO:teuthology.orchestra.run.smithi119.stdout:/usr/bin/ceph: stderr
2023-12-08T08:52:27.146+0000 7f6792d0c700 1 -- 172.21.15.119:0/3832667270 >> 172.21.15.119:0/3832667270 conn(0x7f678c0fc970 msgr2=0x7f678c0fe1e0 unknown :-1 s=STATE_NONE l=0).mark_down
2023-12-08T08:52:29.746 INFO:teuthology.orchestra.run.smithi119.stdout:/usr/bin/ceph: stderr
2023-12-08T08:52:27.146+0000 7f6792d0c700 1 -- 172.21.15.119:0/3832667270 shutdown_connections
2023-12-08T08:52:29.746 INFO:teuthology.orchestra.run.smithi119.stdout:/usr/bin/ceph: stderr
2023-12-08T08:52:27.146+0000 7f6792d0c700 1 -- 172.21.15.119:0/3832667270 wait complete.
2023-12-08T08:52:29.746 INFO:teuthology.orchestra.run.smithi119.stdout:Waiting for the mgr to restart...
2023-12-08T08:52:29.747 INFO:teuthology.orchestra.run.smithi119.stdout:Waiting for mgr epoch 5...
2023-12-08T08:52:31.244 INFO:journalctl@ceph.mon.smithi119.smithi119.stdout:Dec 08 08:52:30 smithi119 ceph-mon[140727]: Active manager daemon smithi119.nxmkzr restarted
2023-12-08T08:52:31.244 INFO:journalctl@ceph.mon.smithi119.smithi119.stdout:Dec 08 08:52:30 smithi119 ceph-mon[140727]: Activating manager daemon smithi119.nxmkzr
2023-12-08T08:52:31.244 INFO:journalctl@ceph.mon.smithi119.smithi119.stdout:Dec 08 08:52:30 smithi119 ceph-mon[140727]: osdmap e2: 0 total, 0 up, 0 in
2023-12-08T08:52:31.244 INFO:journalctl@ceph.mon.smithi119.smithi119.stdout:Dec 08 08:52:30 smithi119 ceph-mon[140727]: mgrmap e6: smithi119.nxmkzr(active, starting, since 0.00628969s)
2023-12-08T08:52:31.244 INFO:journalctl@ceph.mon.smithi119.smithi119.stdout:Dec 08 08:52:30 smithi119 ceph-mon[140727]: from='mgr.14120 172.21.15.119:0/3358028353' entity='mgr.smithi119.nxmkzr' cmd=[{"prefix": "mon metadata", "id": "smithi119"}]: dispatch
2023-12-08T08:52:31.244 INFO:journalctl@ceph.mon.smithi119.smithi119.stdout:Dec 08 08:52:30 smithi119 ceph-mon[140727]: from='mgr.14120 172.21.15.119:0/3358028353' entity='mgr.smithi119.nxmkzr' cmd=[{"prefix": "mgr metadata", "who": "smithi119.nxmkzr", "id": "smithi119.nxmkzr"}]: dispatch
2023-12-08T08:52:31.244 INFO:journalctl@ceph.mon.smithi119.smithi119.stdout:Dec 08 08:52:30 smithi119 ceph-mon[140727]: from='mgr.14120 172.21.15.119:0/3358028353' entity='mgr.smithi119.nxmkzr' cmd=[{"prefix": "mds metadata"}]: dispatch
2023-12-08T08:52:31.244 INFO:journalctl@ceph.mon.smithi119.smithi119.stdout:Dec 08 08:52:30 smithi119 ceph-mon[140727]: from='mgr.14120 172.21.15.119:0/3358028353' entity='mgr.smithi119.nxmkzr' cmd=[{"prefix": "osd metadata"}]: dispatch
2023-12-08T08:52:31.244 INFO:journalctl@ceph.mon.smithi119.smithi119.stdout:Dec 08 08:52:30 smithi119 ceph-mon[140727]: from='mgr.14120 172.21.15.119:0/3358028353' entity='mgr.smithi119.nxmkzr' cmd=[{"prefix": "mon metadata"}]: dispatch
2023-12-08T08:52:31.244 INFO:journalctl@ceph.mon.smithi119.smithi119.stdout:Dec 08 08:52:30 smithi119 ceph-mon[140727]: Manager daemon smithi119.nxmkzr is now available
2023-12-08T08:52:31.244 INFO:journalctl@ceph.mon.smithi119.smithi119.stdout:Dec 08 08:52:30 smithi119 ceph-mon[140727]: from='mgr.14120 172.21.15.119:0/3358028353' entity='mgr.smithi119.nxmkzr'
2023-12-08T08:52:31.245 INFO:journalctl@ceph.mon.smithi119.smithi119.stdout:Dec 08 08:52:30 smithi119 ceph-mon[140727]: from='mgr.14120 172.21.15.119:0/3358028353' entity='mgr.smithi119.nxmkzr'
2023-12-08T08:52:31.245 INFO:journalctl@ceph.mon.smithi119.smithi119.stdout:Dec 08 08:52:30 smithi119 ceph-mon[140727]: from='mgr.14120 172.21.15.119:0/3358028353' entity='mgr.smithi119.nxmkzr' cmd=[{"prefix": "config dump", "format": "json"}]: dispatch
2023-12-08T08:52:31.245 INFO:journalctl@ceph.mon.smithi119.smithi119.stdout:Dec 08 08:52:30 smithi119 ceph-mon[140727]: from='mgr.14120 172.21.15.119:0/3358028353' entity='mgr.smithi119.nxmkzr' cmd=[{"prefix": "config dump", "format": "json"}]: dispatch
2023-12-08T08:52:31.245 INFO:journalctl@ceph.mon.smithi119.smithi119.stdout:Dec 08 08:52:30 smithi119 ceph-mon[140727]: from='mgr.14120 172.21.15.119:0/3358028353' entity='mgr.smithi119.nxmkzr' cmd=[{"prefix": "config dump", "format": "json"}]: dispatch
2023-12-08T08:52:31.245 INFO:journalctl@ceph.mon.smithi119.smithi119.stdout:Dec 08 08:52:30 smithi119 ceph-mon[140727]: from='mgr.14120 172.21.15.119:0/3358028353' entity='mgr.smithi119.nxmkzr' cmd=[{"prefix":"config rm","who":"mgr","name":"mgr/rbd_support/smithi119.nxmkzr/mirror_snapshot_schedule"}]: dispatch
2023-12-08T08:52:31.245 INFO:journalctl@ceph.mon.smithi119.smithi119.stdout:Dec 08 08:52:30 smithi119 ceph-mon[140727]: from='mgr.14120 172.21.15.119:0/3358028353' entity='mgr.smithi119.nxmkzr' cmd=[{"prefix":"config rm","who":"mgr","name":"mgr/rbd_support/smithi119.nxmkzr/trash_purge_schedule"}]: dispatch
2023-12-08T08:52:32.244 INFO:journalctl@ceph.mon.smithi119.smithi119.stdout:Dec 08 08:52:31 smithi119 ceph-mon[140727]: Found migration_current of "None". Setting to last migration.
2023-12-08T08:52:32.244 INFO:journalctl@ceph.mon.smithi119.smithi119.stdout:Dec 08 08:52:31 smithi119 ceph-mon[140727]: from='mgr.14120 172.21.15.119:0/3358028353' entity='mgr.smithi119.nxmkzr'
2023-12-08T08:52:32.244 INFO:journalctl@ceph.mon.smithi119.smithi119.stdout:Dec 08 08:52:31 smithi119 ceph-mon[140727]: from='mgr.14120 172.21.15.119:0/3358028353' entity='mgr.smithi119.nxmkzr' cmd=[{"prefix": "config dump", "format": "json"}]: dispatch
2023-12-08T08:52:32.244 INFO:journalctl@ceph.mon.smithi119.smithi119.stdout:Dec 08 08:52:31 smithi119 ceph-mon[140727]: mgrmap e7: smithi119.nxmkzr(active, since 1.00752s)
2023-12-08T08:52:33.244 INFO:journalctl@ceph.mon.smithi119.smithi119.stdout:Dec 08 08:52:32 smithi119 ceph-mon[140727]: [08/Dec/2023:08:52:31] ENGINE Bus STARTING
2023-12-08T08:52:33.244 INFO:journalctl@ceph.mon.smithi119.smithi119.stdout:Dec 08 08:52:32 smithi119 ceph-mon[140727]: [08/Dec/2023:08:52:31] ENGINE Serving on https://172.21.15.119:7150
2023-12-08T08:52:33.244 INFO:journalctl@ceph.mon.smithi119.smithi119.stdout:Dec 08 08:52:32 smithi119 ceph-mon[140727]: [08/Dec/2023:08:52:31] ENGINE Bus STARTED
2023-12-08T08:52:33.244 INFO:journalctl@ceph.mon.smithi119.smithi119.stdout:Dec 08 08:52:32 smithi119 ceph-mon[140727]: from='client.14130 -' entity='client.admin' cmd=[{"prefix": "get_command_descriptions"}]: dispatch
2023-12-08T08:52:33.244 INFO:journalctl@ceph.mon.smithi119.smithi119.stdout:Dec 08 08:52:32 smithi119 ceph-mon[140727]: from='client.14130 -' entity='client.admin' cmd=[{"prefix": "mgr_status"}]: dispatch
2023-12-08T08:52:33.271 INFO:teuthology.orchestra.run.smithi119.stdout:/usr/bin/ceph: stdout {
2023-12-08T08:52:33.271 INFO:teuthology.orchestra.run.smithi119.stdout:/usr/bin/ceph: stdout "mgrmap_epoch": 7,
2023-12-08T08:52:33.271 INFO:teuthology.orchestra.run.smithi119.stdout:/usr/bin/ceph: stdout "initialized": true
2023-12-08T08:52:33.272 INFO:teuthology.orchestra.run.smithi119.stdout:/usr/bin/ceph: stdout }
2023-12-08T08:52:33.272 INFO:teuthology.orchestra.run.smithi119.stdout:/usr/bin/ceph: stderr
2023-12-08T08:52:30.819+0000 7f7023c5a700 1 Processor -- start
2023-12-08T08:52:33.272 INFO:teuthology.orchestra.run.smithi119.stdout:/usr/bin/ceph: stderr
2023-12-08T08:52:30.819+0000 7f7023c5a700 1 -- start start
2023-12-08T08:52:33.272 INFO:teuthology.orchestra.run.smithi119.stdout:/usr/bin/ceph: stderr
2023-12-08T08:52:30.819+0000 7f7023c5a700 1 --2- >> [v2:172.21.15.119:3300/0,v1:172.21.15.119:6789/0] conn(0x7f701c100710 0x7f701c100b20 unknown :-1 s=NONE pgs=0 cs=0 l=0 rev1=0 crypto rx=0 tx=0 comp rx=0 tx=0).connect
2023-12-08T08:52:33.272 INFO:teuthology.orchestra.run.smithi119.stdout:/usr/bin/ceph: stderr
2023-12-08T08:52:30.820+0000 7f7023c5a700 1 -- --> [v2:172.21.15.119:3300/0,v1:172.21.15.119:6789/0] -- mon_getmap magic: 0 v1 -- 0x7f701c101060 con 0x7f701c100710
2023-12-08T08:52:33.272 INFO:teuthology.orchestra.run.smithi119.stdout:/usr/bin/ceph: stderr
2023-12-08T08:52:30.820+0000 7f70219f6700 1 --2- >> [v2:172.21.15.119:3300/0,v1:172.21.15.119:6789/0] conn(0x7f701c100710 0x7f701c100b20 unknown :-1 s=BANNER_CONNECTING pgs=0 cs=0 l=0 rev1=0 crypto rx=0 tx=0 comp rx=0 tx=0)._handle_peer_banner_payload supported=3 required=0
2023-12-08T08:52:33.272 INFO:teuthology.orchestra.run.smithi119.stdout:/usr/bin/ceph: stderr
2023-12-08T08:52:30.820+0000 7f70219f6700 1 --2- >> [v2:172.21.15.119:3300/0,v1:172.21.15.119:6789/0] conn(0x7f701c100710 0x7f701c100b20 unknown :-1 s=HELLO_CONNECTING pgs=0 cs=0 l=0 rev1=1 crypto rx=0 tx=0 comp rx=0 tx=0).handle_hello peer v2:172.21.15.119:3300/0 says I am v2:172.21.15.119:39458/0 (socket says 172.21.15.119:39458)
2023-12-08T08:52:33.272 INFO:teuthology.orchestra.run.smithi119.stdout:/usr/bin/ceph: stderr
2023-12-08T08:52:30.820+0000 7f70219f6700 1 -- 172.21.15.119:0/3661793519 learned_addr learned my addr 172.21.15.119:0/3661793519 (peer_addr_for_me v2:172.21.15.119:0/0)
2023-12-08T08:52:33.272 INFO:teuthology.orchestra.run.smithi119.stdout:/usr/bin/ceph: stderr
2023-12-08T08:52:30.820+0000 7f70219f6700 1 -- 172.21.15.119:0/3661793519 --> [v2:172.21.15.119:3300/0,v1:172.21.15.119:6789/0] -- mon_subscribe({config=0+,monmap=0+}) v3 -- 0x7f701c1011a0 con 0x7f701c100710
2023-12-08T08:52:33.272 INFO:teuthology.orchestra.run.smithi119.stdout:/usr/bin/ceph: stderr
2023-12-08T08:52:30.820+0000 7f70219f6700 1 --2- 172.21.15.119:0/3661793519 >> [v2:172.21.15.119:3300/0,v1:172.21.15.119:6789/0] conn(0x7f701c100710 0x7f701c100b20 secure :-1 s=READY pgs=35 cs=0 l=1 rev1=1 crypto rx=0x7f70180098e0 tx=0x7f7018009250 comp rx=0 tx=0).ready entity=mon.0 client_cookie=c06b75671c26faa3 server_cookie=0 in_seq=0 out_seq=0
2023-12-08T08:52:33.272 INFO:teuthology.orchestra.run.smithi119.stdout:/usr/bin/ceph: stderr
2023-12-08T08:52:30.820+0000 7f70209f4700 1 -- 172.21.15.119:0/3661793519 <== mon.0 v2:172.21.15.119:3300/0 1 ==== mon_map magic: 0 v1 ==== 229+0+0 (secure 0 0 0) 0x7f701800b860 con 0x7f701c100710
2023-12-08T08:52:33.272 INFO:teuthology.orchestra.run.smithi119.stdout:/usr/bin/ceph: stderr
2023-12-08T08:52:30.820+0000 7f70209f4700 1 -- 172.21.15.119:0/3661793519 <== mon.0 v2:172.21.15.119:3300/0 2 ==== config(26 keys) v1 ==== 1009+0+0 (secure 0 0 0) 0x7f701800be30 con 0x7f701c100710
2023-12-08T08:52:33.272 INFO:teuthology.orchestra.run.smithi119.stdout:/usr/bin/ceph: stderr
2023-12-08T08:52:30.820+0000 7f70209f4700 1 -- 172.21.15.119:0/3661793519 <== mon.0 v2:172.21.15.119:3300/0 3 ==== mon_map magic: 0 v1 ==== 229+0+0 (secure 0 0 0) 0x7f7018010380 con 0x7f701c100710
2023-12-08T08:52:33.272 INFO:teuthology.orchestra.run.smithi119.stdout:/usr/bin/ceph: stderr
2023-12-08T08:52:30.821+0000 7f7023c5a700 1 -- 172.21.15.119:0/3661793519 >> [v2:172.21.15.119:3300/0,v1:172.21.15.119:6789/0] conn(0x7f701c100710 msgr2=0x7f701c100b20 secure :-1 s=STATE_CONNECTION_ESTABLISHED l=1).mark_down
2023-12-08T08:52:33.273 INFO:teuthology.orchestra.run.smithi119.stdout:/usr/bin/ceph: stderr
2023-12-08T08:52:30.821+0000 7f7023c5a700 1 --2- 172.21.15.119:0/3661793519 >> [v2:172.21.15.119:3300/0,v1:172.21.15.119:6789/0] conn(0x7f701c100710 0x7f701c100b20 secure :-1 s=READY pgs=35 cs=0 l=1 rev1=1 crypto rx=0x7f70180098e0 tx=0x7f7018009250 comp rx=0 tx=0).stop
2023-12-08T08:52:33.273 INFO:teuthology.orchestra.run.smithi119.stdout:/usr/bin/ceph: stderr
2023-12-08T08:52:30.821+0000 7f7023c5a700 1 -- 172.21.15.119:0/3661793519 shutdown_connections
2023-12-08T08:52:33.273 INFO:teuthology.orchestra.run.smithi119.stdout:/usr/bin/ceph: stderr
2023-12-08T08:52:30.821+0000 7f7023c5a700 1 --2- 172.21.15.119:0/3661793519 >> [v2:172.21.15.119:3300/0,v1:172.21.15.119:6789/0] conn(0x7f701c100710 0x7f701c100b20 unknown :-1 s=CLOSED pgs=35 cs=0 l=1 rev1=1 crypto rx=0 tx=0 comp rx=0 tx=0).stop
2023-12-08T08:52:33.273 INFO:teuthology.orchestra.run.smithi119.stdout:/usr/bin/ceph: stderr
2023-12-08T08:52:30.821+0000 7f7023c5a700 1 -- 172.21.15.119:0/3661793519 >> 172.21.15.119:0/3661793519 conn(0x7f701c0fc0b0 msgr2=0x7f701c0fe4e0 unknown :-1 s=STATE_NONE l=0).mark_down
2023-12-08T08:52:33.273 INFO:teuthology.orchestra.run.smithi119.stdout:/usr/bin/ceph: stderr
2023-12-08T08:52:30.821+0000 7f7023c5a700 1 -- 172.21.15.119:0/3661793519 shutdown_connections
2023-12-08T08:52:33.273 INFO:teuthology.orchestra.run.smithi119.stdout:/usr/bin/ceph: stderr
2023-12-08T08:52:30.821+0000 7f7023c5a700 1 -- 172.21.15.119:0/3661793519 wait complete.
2023-12-08T08:52:33.273 INFO:teuthology.orchestra.run.smithi119.stdout:/usr/bin/ceph: stderr
2023-12-08T08:52:30.821+0000 7f7023c5a700 1 Processor -- start
2023-12-08T08:52:33.273 INFO:teuthology.orchestra.run.smithi119.stdout:/usr/bin/ceph: stderr
2023-12-08T08:52:30.821+0000 7f7023c5a700 1 -- start start
2023-12-08T08:52:33.273 INFO:teuthology.orchestra.run.smithi119.stdout:/usr/bin/ceph: stderr
2023-12-08T08:52:30.822+0000 7f7023c5a700 1 --2- >> [v2:172.21.15.119:3300/0,v1:172.21.15.119:6789/0] conn(0x7f701c100710 0x7f701c111170 unknown :-1 s=NONE pgs=0 cs=0 l=1 rev1=0 crypto rx=0 tx=0 comp rx=0 tx=0).connect
2023-12-08T08:52:33.273 INFO:teuthology.orchestra.run.smithi119.stdout:/usr/bin/ceph: stderr
2023-12-08T08:52:30.822+0000 7f7023c5a700 1 -- --> [v2:172.21.15.119:3300/0,v1:172.21.15.119:6789/0] -- mon_getmap magic: 0 v1 -- 0x7f701c1116b0 con 0x7f701c100710
2023-12-08T08:52:33.273 INFO:teuthology.orchestra.run.smithi119.stdout:/usr/bin/ceph: stderr
2023-12-08T08:52:30.822+0000 7f70219f6700 1 --2- >> [v2:172.21.15.119:3300/0,v1:172.21.15.119:6789/0] conn(0x7f701c100710 0x7f701c111170 unknown :-1 s=BANNER_CONNECTING pgs=0 cs=0 l=1 rev1=0 crypto rx=0 tx=0 comp rx=0 tx=0)._handle_peer_banner_payload supported=3 required=0
2023-12-08T08:52:33.273 INFO:teuthology.orchestra.run.smithi119.stdout:/usr/bin/ceph: stderr
2023-12-08T08:52:30.822+0000 7f70219f6700 1 --2- >> [v2:172.21.15.119:3300/0,v1:172.21.15.119:6789/0] conn(0x7f701c100710 0x7f701c111170 unknown :-1 s=HELLO_CONNECTING pgs=0 cs=0 l=1 rev1=1 crypto rx=0 tx=0 comp rx=0 tx=0).handle_hello peer v2:172.21.15.119:3300/0 says I am v2:172.21.15.119:39470/0 (socket says 172.21.15.119:39470)
2023-12-08T08:52:33.273 INFO:teuthology.orchestra.run.smithi119.stdout:/usr/bin/ceph: stderr
2023-12-08T08:52:30.822+0000 7f70219f6700 1 -- 172.21.15.119:0/2629526909 learned_addr learned my addr 172.21.15.119:0/2629526909 (peer_addr_for_me v2:172.21.15.119:0/0)
2023-12-08T08:52:33.273 INFO:teuthology.orchestra.run.smithi119.stdout:/usr/bin/ceph: stderr
2023-12-08T08:52:30.822+0000 7f70219f6700 1 -- 172.21.15.119:0/2629526909 --> [v2:172.21.15.119:3300/0,v1:172.21.15.119:6789/0] -- mon_subscribe({config=0+,monmap=0+}) v3 -- 0x7f70180094f0 con 0x7f701c100710
2023-12-08T08:52:33.273 INFO:teuthology.orchestra.run.smithi119.stdout:/usr/bin/ceph: stderr
2023-12-08T08:52:30.822+0000 7f70219f6700 1 --2- 172.21.15.119:0/2629526909 >> [v2:172.21.15.119:3300/0,v1:172.21.15.119:6789/0] conn(0x7f701c100710 0x7f701c111170 secure :-1 s=READY pgs=36 cs=0 l=1 rev1=1 crypto rx=0x7f7018006b00 tx=0x7f7018009250 comp rx=0 tx=0).ready entity=mon.0 client_cookie=0 server_cookie=0 in_seq=0 out_seq=0
2023-12-08T08:52:33.274 INFO:teuthology.orchestra.run.smithi119.stdout:/usr/bin/ceph: stderr
2023-12-08T08:52:30.822+0000 7f70127fc700 1 -- 172.21.15.119:0/2629526909 <== mon.0 v2:172.21.15.119:3300/0 1 ==== mon_map magic: 0 v1 ==== 229+0+0 (secure 0 0 0) 0x7f70180109b0 con 0x7f701c100710
2023-12-08T08:52:33.274 INFO:teuthology.orchestra.run.smithi119.stdout:/usr/bin/ceph: stderr
2023-12-08T08:52:30.822+0000 7f70127fc700 1 -- 172.21.15.119:0/2629526909 <== mon.0 v2:172.21.15.119:3300/0 2 ==== config(26 keys) v1 ==== 1009+0+0 (secure 0 0 0) 0x7f7018024440 con 0x7f701c100710
2023-12-08T08:52:33.274 INFO:teuthology.orchestra.run.smithi119.stdout:/usr/bin/ceph: stderr
2023-12-08T08:52:30.822+0000 7f70127fc700 1 -- 172.21.15.119:0/2629526909 <== mon.0 v2:172.21.15.119:3300/0 3 ==== mon_map magic: 0 v1 ==== 229+0+0 (secure 0 0 0) 0x7f701801a5f0 con 0x7f701c100710
2023-12-08T08:52:33.274 INFO:teuthology.orchestra.run.smithi119.stdout:/usr/bin/ceph: stderr
2023-12-08T08:52:30.822+0000 7f7023c5a700 1 -- 172.21.15.119:0/2629526909 --> [v2:172.21.15.119:3300/0,v1:172.21.15.119:6789/0] -- mon_subscribe({mgrmap=0+}) v3 -- 0x7f701c1118b0 con 0x7f701c100710
2023-12-08T08:52:33.274 INFO:teuthology.orchestra.run.smithi119.stdout:/usr/bin/ceph: stderr
2023-12-08T08:52:30.822+0000 7f7023c5a700 1 -- 172.21.15.119:0/2629526909 --> [v2:172.21.15.119:3300/0,v1:172.21.15.119:6789/0] -- mon_subscribe({osdmap=0}) v3 -- 0x7f701c111cc0 con 0x7f701c100710
2023-12-08T08:52:33.274 INFO:teuthology.orchestra.run.smithi119.stdout:/usr/bin/ceph: stderr
2023-12-08T08:52:30.823+0000 7f70127fc700 1 -- 172.21.15.119:0/2629526909 <== mon.0 v2:172.21.15.119:3300/0 4 ==== mgrmap(e 6) v1 ==== 43048+0+0 (secure 0 0 0) 0x7f701801a860 con 0x7f701c100710
2023-12-08T08:52:33.274 INFO:teuthology.orchestra.run.smithi119.stdout:/usr/bin/ceph: stderr
2023-12-08T08:52:30.823+0000 7f70127fc700 1 -- 172.21.15.119:0/2629526909 <== mon.0 v2:172.21.15.119:3300/0 5 ==== osd_map(2..2 src has 1..2) v4 ==== 936+0+0 (secure 0 0 0) 0x7f701804a2e0 con 0x7f701c100710
2023-12-08T08:52:33.274 INFO:teuthology.orchestra.run.smithi119.stdout:/usr/bin/ceph: stderr
2023-12-08T08:52:31.339+0000 7f70127fc700 1 -- 172.21.15.119:0/2629526909 <== mon.0 v2:172.21.15.119:3300/0 6 ==== mgrmap(e 7) v1 ==== 43175+0+0 (secure 0 0 0) 0x7f701801acf0 con 0x7f701c100710
2023-12-08T08:52:33.274 INFO:teuthology.orchestra.run.smithi119.stdout:/usr/bin/ceph: stderr
2023-12-08T08:52:31.340+0000 7f70127fc700 1 --2- 172.21.15.119:0/2629526909 >> [v2:172.21.15.119:6800/2049154157,v1:172.21.15.119:6801/2049154157] conn(0x7f7008037180 0x7f7008039560 unknown :-1 s=NONE pgs=0 cs=0 l=1 rev1=0 crypto rx=0 tx=0 comp rx=0 tx=0).connect
2023-12-08T08:52:33.274 INFO:teuthology.orchestra.run.smithi119.stdout:/usr/bin/ceph: stderr
2023-12-08T08:52:31.340+0000 7f70127fc700 1 -- 172.21.15.119:0/2629526909 --> [v2:172.21.15.119:6800/2049154157,v1:172.21.15.119:6801/2049154157] -- command(tid 0: {"prefix": "get_command_descriptions"}) v1 -- 0x7f7008039aa0 con 0x7f7008037180
2023-12-08T08:52:33.274 INFO:teuthology.orchestra.run.smithi119.stdout:/usr/bin/ceph: stderr
2023-12-08T08:52:31.340+0000 7f70211f5700 1 --2- 172.21.15.119:0/2629526909 >> [v2:172.21.15.119:6800/2049154157,v1:172.21.15.119:6801/2049154157] conn(0x7f7008037180 0x7f7008039560 unknown :-1 s=BANNER_CONNECTING pgs=0 cs=0 l=1 rev1=0 crypto rx=0 tx=0 comp rx=0 tx=0)._handle_peer_banner_payload supported=3 required=0
2023-12-08T08:52:33.274 INFO:teuthology.orchestra.run.smithi119.stdout:/usr/bin/ceph: stderr
2023-12-08T08:52:31.340+0000 7f70211f5700 1 --2- 172.21.15.119:0/2629526909 >> [v2:172.21.15.119:6800/2049154157,v1:172.21.15.119:6801/2049154157] conn(0x7f7008037180 0x7f7008039560 secure :-1 s=READY pgs=4 cs=0 l=1 rev1=1 crypto rx=0x7f700c009990 tx=0x7f700c006e40 comp rx=0 tx=0).ready entity=mgr.14120 client_cookie=0 server_cookie=0 in_seq=0 out_seq=0
2023-12-08T08:52:33.274 INFO:teuthology.orchestra.run.smithi119.stdout:/usr/bin/ceph: stderr
2023-12-08T08:52:31.341+0000 7f70127fc700 1 -- 172.21.15.119:0/2629526909 <== mgr.14120 v2:172.21.15.119:6800/2049154157 1 ==== command_reply(tid 0: 0 ) v1 ==== 8+0+6549 (secure 0 0 0) 0x7f7008039aa0 con 0x7f7008037180
2023-12-08T08:52:33.274 INFO:teuthology.orchestra.run.smithi119.stdout:/usr/bin/ceph: stderr
2023-12-08T08:52:31.347+0000 7f7023c5a700 1 -- 172.21.15.119:0/2629526909 --> [v2:172.21.15.119:6800/2049154157,v1:172.21.15.119:6801/2049154157] -- command(tid 1: {"prefix": "mgr_status"}) v1 -- 0x7f701c04bb80 con 0x7f7008037180
2023-12-08T08:52:33.275 INFO:teuthology.orchestra.run.smithi119.stdout:/usr/bin/ceph: stderr
2023-12-08T08:52:31.347+0000 7f70127fc700 1 -- 172.21.15.119:0/2629526909 <== mgr.14120 v2:172.21.15.119:6800/2049154157 2 ==== command_reply(tid 1: 0 ) v1 ==== 8+0+51 (secure 0 0 0) 0x7f701c04bb80 con 0x7f7008037180
2023-12-08T08:52:33.275 INFO:teuthology.orchestra.run.smithi119.stdout:/usr/bin/ceph: stderr
2023-12-08T08:52:31.347+0000 7f7023c5a700 1 -- 172.21.15.119:0/2629526909 >> [v2:172.21.15.119:6800/2049154157,v1:172.21.15.119:6801/2049154157] conn(0x7f7008037180 msgr2=0x7f7008039560 secure :-1 s=STATE_CONNECTION_ESTABLISHED l=1).mark_down
2023-12-08T08:52:33.275 INFO:teuthology.orchestra.run.smithi119.stdout:/usr/bin/ceph: stderr
2023-12-08T08:52:31.347+0000 7f7023c5a700 1 --2- 172.21.15.119:0/2629526909 >> [v2:172.21.15.119:6800/2049154157,v1:172.21.15.119:6801/2049154157] conn(0x7f7008037180 0x7f7008039560 secure :-1 s=READY pgs=4 cs=0 l=1 rev1=1 crypto rx=0x7f700c009990 tx=0x7f700c006e40 comp rx=0 tx=0).stop
2023-12-08T08:52:33.275 INFO:teuthology.orchestra.run.smithi119.stdout:/usr/bin/ceph: stderr
2023-12-08T08:52:31.347+0000 7f7023c5a700 1 -- 172.21.15.119:0/2629526909 >> [v2:172.21.15.119:3300/0,v1:172.21.15.119:6789/0] conn(0x7f701c100710 msgr2=0x7f701c111170 secure :-1 s=STATE_CONNECTION_ESTABLISHED l=1).mark_down
