2023-12-08T09:02:47.052 INFO:journalctl@ceph.mon.smithi134.smithi134.stdout:Dec 08 09:02:46 smithi134 ceph-mon[140716]: from='client.? 172.21.15.134:0/3378781184' entity='client.admin' cmd=[{"prefix": "mgr stat"}]: dispatch
2023-12-08T09:02:47.114 INFO:teuthology.orchestra.run.smithi134.stdout:/usr/bin/ceph: stdout {
2023-12-08T09:02:47.114 INFO:teuthology.orchestra.run.smithi134.stdout:/usr/bin/ceph: stdout "epoch": 9,
2023-12-08T09:02:47.114 INFO:teuthology.orchestra.run.smithi134.stdout:/usr/bin/ceph: stdout "available": true,
2023-12-08T09:02:47.114 INFO:teuthology.orchestra.run.smithi134.stdout:/usr/bin/ceph: stdout "active_name": "smithi134.nlmsfj",
2023-12-08T09:02:47.114 INFO:teuthology.orchestra.run.smithi134.stdout:/usr/bin/ceph: stdout "num_standby": 0
2023-12-08T09:02:47.115 INFO:teuthology.orchestra.run.smithi134.stdout:/usr/bin/ceph: stdout }
2023-12-08T09:02:47.115 INFO:teuthology.orchestra.run.smithi134.stdout:/usr/bin/ceph: stderr
2023-12-08T09:02:46.500+0000 7f59ba90c700 1 Processor -- start
2023-12-08T09:02:47.115 INFO:teuthology.orchestra.run.smithi134.stdout:/usr/bin/ceph: stderr
2023-12-08T09:02:46.500+0000 7f59ba90c700 1 -- start start
2023-12-08T09:02:47.115 INFO:teuthology.orchestra.run.smithi134.stdout:/usr/bin/ceph: stderr
2023-12-08T09:02:46.501+0000 7f59ba90c700 1 --2- >> [v2:172.21.15.134:3300/0,v1:172.21.15.134:6789/0] conn(0x7f59b4076be0 0x7f59b4104f10 unknown :-1 s=NONE pgs=0 cs=0 l=0 rev1=0 crypto rx=0 tx=0 comp rx=0 tx=0).connect
2023-12-08T09:02:47.115 INFO:teuthology.orchestra.run.smithi134.stdout:/usr/bin/ceph: stderr
2023-12-08T09:02:46.501+0000 7f59ba90c700 1 -- --> [v2:172.21.15.134:3300/0,v1:172.21.15.134:6789/0] -- mon_getmap magic: 0 v1 -- 0x7f59b4105450 con 0x7f59b4076be0
2023-12-08T09:02:47.115 INFO:teuthology.orchestra.run.smithi134.stdout:/usr/bin/ceph: stderr
2023-12-08T09:02:46.501+0000 7f59b3fff700 1 --2- >> [v2:172.21.15.134:3300/0,v1:172.21.15.134:6789/0] conn(0x7f59b4076be0 0x7f59b4104f10 unknown :-1 s=BANNER_CONNECTING pgs=0 cs=0 l=0 rev1=0 crypto rx=0 tx=0 comp rx=0 tx=0)._handle_peer_banner_payload supported=3 required=0
2023-12-08T09:02:47.115 INFO:teuthology.orchestra.run.smithi134.stdout:/usr/bin/ceph: stderr
2023-12-08T09:02:46.501+0000 7f59b3fff700 1 --2- >> [v2:172.21.15.134:3300/0,v1:172.21.15.134:6789/0] conn(0x7f59b4076be0 0x7f59b4104f10 unknown :-1 s=HELLO_CONNECTING pgs=0 cs=0 l=0 rev1=1 crypto rx=0 tx=0 comp rx=0 tx=0).handle_hello peer v2:172.21.15.134:3300/0 says I am v2:172.21.15.134:34828/0 (socket says 172.21.15.134:34828)
2023-12-08T09:02:47.115 INFO:teuthology.orchestra.run.smithi134.stdout:/usr/bin/ceph: stderr
2023-12-08T09:02:46.501+0000 7f59b3fff700 1 -- 172.21.15.134:0/2256919660 learned_addr learned my addr 172.21.15.134:0/2256919660 (peer_addr_for_me v2:172.21.15.134:0/0)
2023-12-08T09:02:47.115 INFO:teuthology.orchestra.run.smithi134.stdout:/usr/bin/ceph: stderr
2023-12-08T09:02:46.501+0000 7f59b3fff700 1 -- 172.21.15.134:0/2256919660 --> [v2:172.21.15.134:3300/0,v1:172.21.15.134:6789/0] -- mon_subscribe({config=0+,monmap=0+}) v3 -- 0x7f59b4105590 con 0x7f59b4076be0
2023-12-08T09:02:47.115 INFO:teuthology.orchestra.run.smithi134.stdout:/usr/bin/ceph: stderr
2023-12-08T09:02:46.501+0000 7f59b3fff700 1 --2- 172.21.15.134:0/2256919660 >> [v2:172.21.15.134:3300/0,v1:172.21.15.134:6789/0] conn(0x7f59b4076be0 0x7f59b4104f10 secure :-1 s=READY pgs=69 cs=0 l=1 rev1=1 crypto rx=0x7f59a40098e0 tx=0x7f59a4009250 comp rx=0 tx=0).ready entity=mon.0 client_cookie=ba285100711d77c9 server_cookie=0 in_seq=0 out_seq=0
2023-12-08T09:02:47.115 INFO:teuthology.orchestra.run.smithi134.stdout:/usr/bin/ceph: stderr
2023-12-08T09:02:46.501+0000 7f59b2ffd700 1 -- 172.21.15.134:0/2256919660 <== mon.0 v2:172.21.15.134:3300/0 1 ==== mon_map magic: 0 v1 ==== 229+0+0 (secure 0 0 0) 0x7f59a400b860 con 0x7f59b4076be0
2023-12-08T09:02:47.115 INFO:teuthology.orchestra.run.smithi134.stdout:/usr/bin/ceph: stderr
2023-12-08T09:02:46.501+0000 7f59b2ffd700 1 -- 172.21.15.134:0/2256919660 <== mon.0 v2:172.21.15.134:3300/0 2 ==== config(26 keys) v1 ==== 1074+0+0 (secure 0 0 0) 0x7f59a400be70 con 0x7f59b4076be0
2023-12-08T09:02:47.115 INFO:teuthology.orchestra.run.smithi134.stdout:/usr/bin/ceph: stderr
2023-12-08T09:02:46.501+0000 7f59b2ffd700 1 -- 172.21.15.134:0/2256919660 <== mon.0 v2:172.21.15.134:3300/0 3 ==== mon_map magic: 0 v1 ==== 229+0+0 (secure 0 0 0) 0x7f59a4010380 con 0x7f59b4076be0
2023-12-08T09:02:47.115 INFO:teuthology.orchestra.run.smithi134.stdout:/usr/bin/ceph: stderr
2023-12-08T09:02:46.502+0000 7f59ba90c700 1 -- 172.21.15.134:0/2256919660 >> [v2:172.21.15.134:3300/0,v1:172.21.15.134:6789/0] conn(0x7f59b4076be0 msgr2=0x7f59b4104f10 secure :-1 s=STATE_CONNECTION_ESTABLISHED l=1).mark_down
2023-12-08T09:02:47.116 INFO:teuthology.orchestra.run.smithi134.stdout:/usr/bin/ceph: stderr
2023-12-08T09:02:46.502+0000 7f59ba90c700 1 --2- 172.21.15.134:0/2256919660 >> [v2:172.21.15.134:3300/0,v1:172.21.15.134:6789/0] conn(0x7f59b4076be0 0x7f59b4104f10 secure :-1 s=READY pgs=69 cs=0 l=1 rev1=1 crypto rx=0x7f59a40098e0 tx=0x7f59a4009250 comp rx=0 tx=0).stop
2023-12-08T09:02:47.116 INFO:teuthology.orchestra.run.smithi134.stdout:/usr/bin/ceph: stderr
2023-12-08T09:02:46.502+0000 7f59ba90c700 1 -- 172.21.15.134:0/2256919660 shutdown_connections
2023-12-08T09:02:47.116 INFO:teuthology.orchestra.run.smithi134.stdout:/usr/bin/ceph: stderr
2023-12-08T09:02:46.502+0000 7f59ba90c700 1 --2- 172.21.15.134:0/2256919660 >> [v2:172.21.15.134:3300/0,v1:172.21.15.134:6789/0] conn(0x7f59b4076be0 0x7f59b4104f10 unknown :-1 s=CLOSED pgs=69 cs=0 l=1 rev1=1 crypto rx=0 tx=0 comp rx=0 tx=0).stop
2023-12-08T09:02:47.116 INFO:teuthology.orchestra.run.smithi134.stdout:/usr/bin/ceph: stderr
2023-12-08T09:02:46.502+0000 7f59ba90c700 1 -- 172.21.15.134:0/2256919660 >> 172.21.15.134:0/2256919660 conn(0x7f59b40fc980 msgr2=0x7f59b40fed90 unknown :-1 s=STATE_NONE l=0).mark_down
2023-12-08T09:02:47.116 INFO:teuthology.orchestra.run.smithi134.stdout:/usr/bin/ceph: stderr
2023-12-08T09:02:46.502+0000 7f59ba90c700 1 -- 172.21.15.134:0/2256919660 shutdown_connections
2023-12-08T09:02:47.116 INFO:teuthology.orchestra.run.smithi134.stdout:/usr/bin/ceph: stderr
2023-12-08T09:02:46.502+0000 7f59ba90c700 1 -- 172.21.15.134:0/2256919660 wait complete.
2023-12-08T09:02:47.116 INFO:teuthology.orchestra.run.smithi134.stdout:/usr/bin/ceph: stderr
2023-12-08T09:02:46.503+0000 7f59ba90c700 1 Processor -- start
2023-12-08T09:02:47.116 INFO:teuthology.orchestra.run.smithi134.stdout:/usr/bin/ceph: stderr
2023-12-08T09:02:46.503+0000 7f59ba90c700 1 -- start start
2023-12-08T09:02:47.116 INFO:teuthology.orchestra.run.smithi134.stdout:/usr/bin/ceph: stderr
2023-12-08T09:02:46.503+0000 7f59ba90c700 1 --2- >> [v2:172.21.15.134:3300/0,v1:172.21.15.134:6789/0] conn(0x7f59b4076be0 0x7f59b4111190 unknown :-1 s=NONE pgs=0 cs=0 l=1 rev1=0 crypto rx=0 tx=0 comp rx=0 tx=0).connect
2023-12-08T09:02:47.116 INFO:teuthology.orchestra.run.smithi134.stdout:/usr/bin/ceph: stderr
2023-12-08T09:02:46.503+0000 7f59ba90c700 1 -- --> [v2:172.21.15.134:3300/0,v1:172.21.15.134:6789/0] -- mon_getmap magic: 0 v1 -- 0x7f59b41116d0 con 0x7f59b4076be0
2023-12-08T09:02:47.116 INFO:teuthology.orchestra.run.smithi134.stdout:/usr/bin/ceph: stderr
2023-12-08T09:02:46.503+0000 7f59b3fff700 1 --2- >> [v2:172.21.15.134:3300/0,v1:172.21.15.134:6789/0] conn(0x7f59b4076be0 0x7f59b4111190 unknown :-1 s=BANNER_CONNECTING pgs=0 cs=0 l=1 rev1=0 crypto rx=0 tx=0 comp rx=0 tx=0)._handle_peer_banner_payload supported=3 required=0
2023-12-08T09:02:47.116 INFO:teuthology.orchestra.run.smithi134.stdout:/usr/bin/ceph: stderr
2023-12-08T09:02:46.503+0000 7f59b3fff700 1 --2- >> [v2:172.21.15.134:3300/0,v1:172.21.15.134:6789/0] conn(0x7f59b4076be0 0x7f59b4111190 unknown :-1 s=HELLO_CONNECTING pgs=0 cs=0 l=1 rev1=1 crypto rx=0 tx=0 comp rx=0 tx=0).handle_hello peer v2:172.21.15.134:3300/0 says I am v2:172.21.15.134:34830/0 (socket says 172.21.15.134:34830)
2023-12-08T09:02:47.116 INFO:teuthology.orchestra.run.smithi134.stdout:/usr/bin/ceph: stderr
2023-12-08T09:02:46.503+0000 7f59b3fff700 1 -- 172.21.15.134:0/3378781184 learned_addr learned my addr 172.21.15.134:0/3378781184 (peer_addr_for_me v2:172.21.15.134:0/0)
2023-12-08T09:02:47.116 INFO:teuthology.orchestra.run.smithi134.stdout:/usr/bin/ceph: stderr
2023-12-08T09:02:46.503+0000 7f59b3fff700 1 -- 172.21.15.134:0/3378781184 --> [v2:172.21.15.134:3300/0,v1:172.21.15.134:6789/0] -- mon_subscribe({config=0+,monmap=0+}) v3 -- 0x7f59a40094f0 con 0x7f59b4076be0
2023-12-08T09:02:47.117 INFO:teuthology.orchestra.run.smithi134.stdout:/usr/bin/ceph: stderr
2023-12-08T09:02:46.504+0000 7f59b3fff700 1 --2- 172.21.15.134:0/3378781184 >> [v2:172.21.15.134:3300/0,v1:172.21.15.134:6789/0] conn(0x7f59b4076be0 0x7f59b4111190 secure :-1 s=READY pgs=70 cs=0 l=1 rev1=1 crypto rx=0x7f59a40094c0 tx=0x7f59a4009250 comp rx=0 tx=0).ready entity=mon.0 client_cookie=0 server_cookie=0 in_seq=0 out_seq=0
2023-12-08T09:02:47.117 INFO:teuthology.orchestra.run.smithi134.stdout:/usr/bin/ceph: stderr
2023-12-08T09:02:46.504+0000 7f59b0ff9700 1 -- 172.21.15.134:0/3378781184 <== mon.0 v2:172.21.15.134:3300/0 1 ==== mon_map magic: 0 v1 ==== 229+0+0 (secure 0 0 0) 0x7f59a4010850 con 0x7f59b4076be0
2023-12-08T09:02:47.117 INFO:teuthology.orchestra.run.smithi134.stdout:/usr/bin/ceph: stderr
2023-12-08T09:02:46.504+0000 7f59b0ff9700 1 -- 172.21.15.134:0/3378781184 <== mon.0 v2:172.21.15.134:3300/0 2 ==== config(26 keys) v1 ==== 1074+0+0 (secure 0 0 0) 0x7f59a4010e60 con 0x7f59b4076be0
2023-12-08T09:02:47.117 INFO:teuthology.orchestra.run.smithi134.stdout:/usr/bin/ceph: stderr
2023-12-08T09:02:46.504+0000 7f59ba90c700 1 -- 172.21.15.134:0/3378781184 --> [v2:172.21.15.134:3300/0,v1:172.21.15.134:6789/0] -- mon_subscribe({mgrmap=0+}) v3 -- 0x7f59b41118d0 con 0x7f59b4076be0
2023-12-08T09:02:47.117 INFO:teuthology.orchestra.run.smithi134.stdout:/usr/bin/ceph: stderr
2023-12-08T09:02:46.504+0000 7f59b0ff9700 1 -- 172.21.15.134:0/3378781184 <== mon.0 v2:172.21.15.134:3300/0 3 ==== mon_map magic: 0 v1 ==== 229+0+0 (secure 0 0 0) 0x7f59a401a430 con 0x7f59b4076be0
2023-12-08T09:02:47.117 INFO:teuthology.orchestra.run.smithi134.stdout:/usr/bin/ceph: stderr
2023-12-08T09:02:46.504+0000 7f59ba90c700 1 -- 172.21.15.134:0/3378781184 --> [v2:172.21.15.134:3300/0,v1:172.21.15.134:6789/0] -- mon_subscribe({osdmap=0}) v3 -- 0x7f59b4111ce0 con 0x7f59b4076be0
2023-12-08T09:02:47.117 INFO:teuthology.orchestra.run.smithi134.stdout:/usr/bin/ceph: stderr
2023-12-08T09:02:46.505+0000 7f59b0ff9700 1 -- 172.21.15.134:0/3378781184 <== mon.0 v2:172.21.15.134:3300/0 4 ==== mgrmap(e 9) v1 ==== 43294+0+0 (secure 0 0 0) 0x7f59a401a660 con 0x7f59b4076be0
2023-12-08T09:02:47.117 INFO:teuthology.orchestra.run.smithi134.stdout:/usr/bin/ceph: stderr
2023-12-08T09:02:46.505+0000 7f59ba90c700 1 -- 172.21.15.134:0/3378781184 --> [v2:172.21.15.134:3300/0,v1:172.21.15.134:6789/0] -- mon_command({"prefix": "get_command_descriptions"} v 0) v1 -- 0x7f59b404bb80 con 0x7f59b4076be0
2023-12-08T09:02:47.117 INFO:teuthology.orchestra.run.smithi134.stdout:/usr/bin/ceph: stderr
2023-12-08T09:02:46.505+0000 7f59b0ff9700 1 --2- 172.21.15.134:0/3378781184 >> [v2:172.21.15.134:6800/3301222595,v1:172.21.15.134:6801/3301222595] conn(0x7f599c036690 0x7f599c038b40 unknown :-1 s=NONE pgs=0 cs=0 l=1 rev1=0 crypto rx=0 tx=0 comp rx=0 tx=0).connect
2023-12-08T09:02:47.117 INFO:teuthology.orchestra.run.smithi134.stdout:/usr/bin/ceph: stderr
2023-12-08T09:02:46.505+0000 7f59b0ff9700 1 -- 172.21.15.134:0/3378781184 <== mon.0 v2:172.21.15.134:3300/0 5 ==== osd_map(2..2 src has 1..2) v4 ==== 936+0+0 (secure 0 0 0) 0x7f59a404a4a0 con 0x7f59b4076be0
2023-12-08T09:02:47.117 INFO:teuthology.orchestra.run.smithi134.stdout:/usr/bin/ceph: stderr
2023-12-08T09:02:46.505+0000 7f59b37fe700 1 -- 172.21.15.134:0/3378781184 >> [v2:172.21.15.134:6800/3301222595,v1:172.21.15.134:6801/3301222595] conn(0x7f599c036690 msgr2=0x7f599c038b40 unknown :-1 s=STATE_CONNECTING_RE l=1).process reconnect failed to v2:172.21.15.134:6800/3301222595
2023-12-08T09:02:47.117 INFO:teuthology.orchestra.run.smithi134.stdout:/usr/bin/ceph: stderr
2023-12-08T09:02:46.505+0000 7f59b37fe700 1 --2- 172.21.15.134:0/3378781184 >> [v2:172.21.15.134:6800/3301222595,v1:172.21.15.134:6801/3301222595] conn(0x7f599c036690 0x7f599c038b40 unknown :-1 s=START_CONNECT pgs=0 cs=0 l=1 rev1=0 crypto rx=0 tx=0 comp rx=0 tx=0)._fault waiting 0.200000
2023-12-08T09:02:47.117 INFO:teuthology.orchestra.run.smithi134.stdout:/usr/bin/ceph: stderr
2023-12-08T09:02:46.510+0000 7f59b0ff9700 1 -- 172.21.15.134:0/3378781184 <== mon.0 v2:172.21.15.134:3300/0 6 ==== mon_command_ack([{"prefix": "get_command_descriptions"}]=0 v0) v1 ==== 72+0+174570 (secure 0 0 0) 0x7f59a4022340 con 0x7f59b4076be0
2023-12-08T09:02:47.117 INFO:teuthology.orchestra.run.smithi134.stdout:/usr/bin/ceph: stderr
2023-12-08T09:02:46.706+0000 7f59b37fe700 1 -- 172.21.15.134:0/3378781184 >> [v2:172.21.15.134:6800/3301222595,v1:172.21.15.134:6801/3301222595] conn(0x7f599c036690 msgr2=0x7f599c038b40 unknown :-1 s=STATE_CONNECTING_RE l=1).process reconnect failed to v2:172.21.15.134:6800/3301222595
2023-12-08T09:02:47.118 INFO:teuthology.orchestra.run.smithi134.stdout:/usr/bin/ceph: stderr
2023-12-08T09:02:46.706+0000 7f59b37fe700 1 --2- 172.21.15.134:0/3378781184 >> [v2:172.21.15.134:6800/3301222595,v1:172.21.15.134:6801/3301222595] conn(0x7f599c036690 0x7f599c038b40 unknown :-1 s=START_CONNECT pgs=0 cs=0 l=1 rev1=0 crypto rx=0 tx=0 comp rx=0 tx=0)._fault waiting 0.400000
2023-12-08T09:02:47.118 INFO:teuthology.orchestra.run.smithi134.stdout:/usr/bin/ceph: stderr
2023-12-08T09:02:46.752+0000 7f59ba90c700 1 -- 172.21.15.134:0/3378781184 --> [v2:172.21.15.134:3300/0,v1:172.21.15.134:6789/0] -- mon_command({"prefix": "mgr stat"} v 0) v1 -- 0x7f59b40008d0 con 0x7f59b4076be0
2023-12-08T09:02:47.118 INFO:teuthology.orchestra.run.smithi134.stdout:/usr/bin/ceph: stderr
2023-12-08T09:02:46.752+0000 7f59b0ff9700 1 -- 172.21.15.134:0/3378781184 <== mon.0 v2:172.21.15.134:3300/0 7 ==== mon_command_ack([{"prefix": "mgr stat"}]=0 v9) v1 ==== 56+0+103 (secure 0 0 0) 0x7f59a4018b40 con 0x7f59b4076be0
2023-12-08T09:02:47.118 INFO:teuthology.orchestra.run.smithi134.stdout:/usr/bin/ceph: stderr
2023-12-08T09:02:46.754+0000 7f59ba90c700 1 -- 172.21.15.134:0/3378781184 >> [v2:172.21.15.134:6800/3301222595,v1:172.21.15.134:6801/3301222595] conn(0x7f599c036690 msgr2=0x7f599c038b40 unknown :-1 s=STATE_CONNECTING l=1).mark_down
2023-12-08T09:02:47.118 INFO:teuthology.orchestra.run.smithi134.stdout:/usr/bin/ceph: stderr
2023-12-08T09:02:46.754+0000 7f59ba90c700 1 --2- 172.21.15.134:0/3378781184 >> [v2:172.21.15.134:6800/3301222595,v1:172.21.15.134:6801/3301222595] conn(0x7f599c036690 0x7f599c038b40 unknown :-1 s=START_CONNECT pgs=0 cs=0 l=1 rev1=0 crypto rx=0 tx=0 comp rx=0 tx=0).stop
2023-12-08T09:02:47.118 INFO:teuthology.orchestra.run.smithi134.stdout:/usr/bin/ceph: stderr
2023-12-08T09:02:46.754+0000 7f59ba90c700 1 -- 172.21.15.134:0/3378781184 >> [v2:172.21.15.134:3300/0,v1:172.21.15.134:6789/0] conn(0x7f59b4076be0 msgr2=0x7f59b4111190 secure :-1 s=STATE_CONNECTION_ESTABLISHED l=1).mark_down
2023-12-08T09:02:47.118 INFO:teuthology.orchestra.run.smithi134.stdout:/usr/bin/ceph: stderr
2023-12-08T09:02:46.754+0000 7f59ba90c700 1 --2- 172.21.15.134:0/3378781184 >> [v2:172.21.15.134:3300/0,v1:172.21.15.134:6789/0] conn(0x7f59b4076be0 0x7f59b4111190 secure :-1 s=READY pgs=70 cs=0 l=1 rev1=1 crypto rx=0x7f59a40094c0 tx=0x7f59a4009250 comp rx=0 tx=0).stop
2023-12-08T09:02:47.118 INFO:teuthology.orchestra.run.smithi134.stdout:/usr/bin/ceph: stderr
2023-12-08T09:02:46.754+0000 7f59ba90c700 1 -- 172.21.15.134:0/3378781184 shutdown_connections
2023-12-08T09:02:47.118 INFO:teuthology.orchestra.run.smithi134.stdout:/usr/bin/ceph: stderr
2023-12-08T09:02:46.754+0000 7f59ba90c700 1 --2- 172.21.15.134:0/3378781184 >> [v2:172.21.15.134:6800/3301222595,v1:172.21.15.134:6801/3301222595] conn(0x7f599c036690 0x7f599c038b40 unknown :-1 s=CLOSED pgs=0 cs=0 l=1 rev1=0 crypto rx=0 tx=0 comp rx=0 tx=0).stop
2023-12-08T09:02:47.118 INFO:teuthology.orchestra.run.smithi134.stdout:/usr/bin/ceph: stderr
2023-12-08T09:02:46.754+0000 7f59ba90c700 1 --2- 172.21.15.134:0/3378781184 >> [v2:172.21.15.134:3300/0,v1:172.21.15.134:6789/0] conn(0x7f59b4076be0 0x7f59b4111190 unknown :-1 s=CLOSED pgs=70 cs=0 l=1 rev1=1 crypto rx=0 tx=0 comp rx=0 tx=0).stop
2023-12-08T09:02:47.118 INFO:teuthology.orchestra.run.smithi134.stdout:/usr/bin/ceph: stderr
2023-12-08T09:02:46.754+0000 7f59ba90c700 1 -- 172.21.15.134:0/3378781184 >> 172.21.15.134:0/3378781184 conn(0x7f59b40fc980 msgr2=0x7f59b40fe1c0 unknown :-1 s=STATE_NONE l=0).mark_down
2023-12-08T09:02:47.118 INFO:teuthology.orchestra.run.smithi134.stdout:/usr/bin/ceph: stderr
2023-12-08T09:02:46.755+0000 7f59ba90c700 1 -- 172.21.15.134:0/3378781184 shutdown_connections
2023-12-08T09:02:47.118 INFO:teuthology.orchestra.run.smithi134.stdout:/usr/bin/ceph: stderr
2023-12-08T09:02:46.755+0000 7f59ba90c700 1 -- 172.21.15.134:0/3378781184 wait complete.
2023-12-08T09:02:47.118 INFO:teuthology.orchestra.run.smithi134.stdout:Waiting for the mgr to restart...
2023-12-08T09:02:47.118 INFO:teuthology.orchestra.run.smithi134.stdout:Waiting for mgr epoch 9...
2023-12-08T09:02:52.518 INFO:journalctl@ceph.mon.smithi134.smithi134.stdout:Dec 08 09:02:52 smithi134 ceph-mon[140716]: Active manager daemon smithi134.nlmsfj restarted
2023-12-08T09:02:52.518 INFO:journalctl@ceph.mon.smithi134.smithi134.stdout:Dec 08 09:02:52 smithi134 ceph-mon[140716]: Activating manager daemon smithi134.nlmsfj
2023-12-08T09:02:52.519 INFO:journalctl@ceph.mon.smithi134.smithi134.stdout:Dec 08 09:02:52 smithi134 ceph-mon[140716]: osdmap e3: 0 total, 0 up, 0 in
2023-12-08T09:02:52.519 INFO:journalctl@ceph.mon.smithi134.smithi134.stdout:Dec 08 09:02:52 smithi134 ceph-mon[140716]: mgrmap e10: smithi134.nlmsfj(active, starting, since 0.00328753s)
2023-12-08T09:02:52.519 INFO:journalctl@ceph.mon.smithi134.smithi134.stdout:Dec 08 09:02:52 smithi134 ceph-mon[140716]: from='mgr.14162 172.21.15.134:0/16135831' entity='mgr.smithi134.nlmsfj' cmd=[{"prefix": "mon metadata", "id": "smithi134"}]: dispatch
2023-12-08T09:02:52.519 INFO:journalctl@ceph.mon.smithi134.smithi134.stdout:Dec 08 09:02:52 smithi134 ceph-mon[140716]: from='mgr.14162 172.21.15.134:0/16135831' entity='mgr.smithi134.nlmsfj' cmd=[{"prefix": "mgr metadata", "who": "smithi134.nlmsfj", "id": "smithi134.nlmsfj"}]: dispatch
2023-12-08T09:02:52.519 INFO:journalctl@ceph.mon.smithi134.smithi134.stdout:Dec 08 09:02:52 smithi134 ceph-mon[140716]: from='mgr.14162 172.21.15.134:0/16135831' entity='mgr.smithi134.nlmsfj' cmd=[{"prefix": "mds metadata"}]: dispatch
2023-12-08T09:02:52.519 INFO:journalctl@ceph.mon.smithi134.smithi134.stdout:Dec 08 09:02:52 smithi134 ceph-mon[140716]: from='mgr.14162 172.21.15.134:0/16135831' entity='mgr.smithi134.nlmsfj' cmd=[{"prefix": "osd metadata"}]: dispatch
2023-12-08T09:02:52.519 INFO:journalctl@ceph.mon.smithi134.smithi134.stdout:Dec 08 09:02:52 smithi134 ceph-mon[140716]: from='mgr.14162 172.21.15.134:0/16135831' entity='mgr.smithi134.nlmsfj' cmd=[{"prefix": "mon metadata"}]: dispatch
2023-12-08T09:02:52.519 INFO:journalctl@ceph.mon.smithi134.smithi134.stdout:Dec 08 09:02:52 smithi134 ceph-mon[140716]: Manager daemon smithi134.nlmsfj is now available
2023-12-08T09:02:52.519 INFO:journalctl@ceph.mon.smithi134.smithi134.stdout:Dec 08 09:02:52 smithi134 ceph-mon[140716]: from='mgr.14162 172.21.15.134:0/16135831' entity='mgr.smithi134.nlmsfj' cmd=[{"prefix": "config dump", "format": "json"}]: dispatch
2023-12-08T09:02:52.519 INFO:journalctl@ceph.mon.smithi134.smithi134.stdout:Dec 08 09:02:52 smithi134 ceph-mon[140716]: from='mgr.14162 172.21.15.134:0/16135831' entity='mgr.smithi134.nlmsfj' cmd=[{"prefix": "config dump", "format": "json"}]: dispatch
2023-12-08T09:02:53.601 INFO:journalctl@ceph.mon.smithi134.smithi134.stdout:Dec 08 09:02:53 smithi134 ceph-mon[140716]: from='mgr.14162 172.21.15.134:0/16135831' entity='mgr.smithi134.nlmsfj' cmd=[{"prefix":"config rm","who":"mgr","name":"mgr/rbd_support/smithi134.nlmsfj/mirror_snapshot_schedule"}]: dispatch
2023-12-08T09:02:53.602 INFO:journalctl@ceph.mon.smithi134.smithi134.stdout:Dec 08 09:02:53 smithi134 ceph-mon[140716]: from='mgr.14162 172.21.15.134:0/16135831' entity='mgr.smithi134.nlmsfj' cmd=[{"prefix":"config rm","who":"mgr","name":"mgr/rbd_support/smithi134.nlmsfj/trash_purge_schedule"}]: dispatch
2023-12-08T09:02:53.602 INFO:journalctl@ceph.mon.smithi134.smithi134.stdout:Dec 08 09:02:53 smithi134 ceph-mon[140716]: from='mgr.14162 172.21.15.134:0/16135831' entity='mgr.smithi134.nlmsfj'
2023-12-08T09:02:53.602 INFO:journalctl@ceph.mon.smithi134.smithi134.stdout:Dec 08 09:02:53 smithi134 ceph-mon[140716]: from='mgr.14162 172.21.15.134:0/16135831' entity='mgr.smithi134.nlmsfj'
2023-12-08T09:02:53.602 INFO:journalctl@ceph.mon.smithi134.smithi134.stdout:Dec 08 09:02:53 smithi134 ceph-mon[140716]: mgrmap e11: smithi134.nlmsfj(active, since 1.00789s)
2023-12-08T09:02:53.663 INFO:teuthology.orchestra.run.smithi134.stdout:/usr/bin/ceph: stdout {
2023-12-08T09:02:53.663 INFO:teuthology.orchestra.run.smithi134.stdout:/usr/bin/ceph: stdout "mgrmap_epoch": 11,
2023-12-08T09:02:53.663 INFO:teuthology.orchestra.run.smithi134.stdout:/usr/bin/ceph: stdout "initialized": true
2023-12-08T09:02:53.663 INFO:teuthology.orchestra.run.smithi134.stdout:/usr/bin/ceph: stdout }
2023-12-08T09:02:53.663 INFO:teuthology.orchestra.run.smithi134.stdout:/usr/bin/ceph: stderr
2023-12-08T09:02:47.507+0000 7f1ba17f1700 1 Processor -- start
2023-12-08T09:02:53.663 INFO:teuthology.orchestra.run.smithi134.stdout:/usr/bin/ceph: stderr
2023-12-08T09:02:47.507+0000 7f1ba17f1700 1 -- start start
2023-12-08T09:02:53.664 INFO:teuthology.orchestra.run.smithi134.stdout:/usr/bin/ceph: stderr
2023-12-08T09:02:47.507+0000 7f1ba17f1700 1 --2- >> [v2:172.21.15.134:3300/0,v1:172.21.15.134:6789/0] conn(0x7f1b9c076c60 0x7f1b9c104ea0 unknown :-1 s=NONE pgs=0 cs=0 l=0 rev1=0 crypto rx=0 tx=0 comp rx=0 tx=0).connect
2023-12-08T09:02:53.664 INFO:teuthology.orchestra.run.smithi134.stdout:/usr/bin/ceph: stderr
2023-12-08T09:02:47.507+0000 7f1ba17f1700 1 -- --> [v2:172.21.15.134:3300/0,v1:172.21.15.134:6789/0] -- mon_getmap magic: 0 v1 -- 0x7f1b9c1053e0 con 0x7f1b9c076c60
2023-12-08T09:02:53.664 INFO:teuthology.orchestra.run.smithi134.stdout:/usr/bin/ceph: stderr
2023-12-08T09:02:47.507+0000 7f1b9affd700 1 --2- >> [v2:172.21.15.134:3300/0,v1:172.21.15.134:6789/0] conn(0x7f1b9c076c60 0x7f1b9c104ea0 unknown :-1 s=BANNER_CONNECTING pgs=0 cs=0 l=0 rev1=0 crypto rx=0 tx=0 comp rx=0 tx=0)._handle_peer_banner_payload supported=3 required=0
2023-12-08T09:02:53.664 INFO:teuthology.orchestra.run.smithi134.stdout:/usr/bin/ceph: stderr
2023-12-08T09:02:47.507+0000 7f1b9affd700 1 --2- >> [v2:172.21.15.134:3300/0,v1:172.21.15.134:6789/0] conn(0x7f1b9c076c60 0x7f1b9c104ea0 unknown :-1 s=HELLO_CONNECTING pgs=0 cs=0 l=0 rev1=1 crypto rx=0 tx=0 comp rx=0 tx=0).handle_hello peer v2:172.21.15.134:3300/0 says I am v2:172.21.15.134:34840/0 (socket says 172.21.15.134:34840)
2023-12-08T09:02:53.664 INFO:teuthology.orchestra.run.smithi134.stdout:/usr/bin/ceph: stderr
2023-12-08T09:02:47.507+0000 7f1b9affd700 1 -- 172.21.15.134:0/3886730431 learned_addr learned my addr 172.21.15.134:0/3886730431 (peer_addr_for_me v2:172.21.15.134:0/0)
2023-12-08T09:02:53.664 INFO:teuthology.orchestra.run.smithi134.stdout:/usr/bin/ceph: stderr
2023-12-08T09:02:47.508+0000 7f1b9affd700 1 -- 172.21.15.134:0/3886730431 --> [v2:172.21.15.134:3300/0,v1:172.21.15.134:6789/0] -- mon_subscribe({config=0+,monmap=0+}) v3 -- 0x7f1b9c105520 con 0x7f1b9c076c60
2023-12-08T09:02:53.664 INFO:teuthology.orchestra.run.smithi134.stdout:/usr/bin/ceph: stderr
2023-12-08T09:02:47.508+0000 7f1b9affd700 1 --2- 172.21.15.134:0/3886730431 >> [v2:172.21.15.134:3300/0,v1:172.21.15.134:6789/0] conn(0x7f1b9c076c60 0x7f1b9c104ea0 secure :-1 s=READY pgs=71 cs=0 l=1 rev1=1 crypto rx=0x7f1b900098e0 tx=0x7f1b90009250 comp rx=0 tx=0).ready entity=mon.0 client_cookie=c6b5f85c8eb47c8e server_cookie=0 in_seq=0 out_seq=0
2023-12-08T09:02:53.664 INFO:teuthology.orchestra.run.smithi134.stdout:/usr/bin/ceph: stderr
2023-12-08T09:02:47.508+0000 7f1b99ffb700 1 -- 172.21.15.134:0/3886730431 <== mon.0 v2:172.21.15.134:3300/0 1 ==== mon_map magic: 0 v1 ==== 229+0+0 (secure 0 0 0) 0x7f1b9000b860 con 0x7f1b9c076c60
2023-12-08T09:02:53.664 INFO:teuthology.orchestra.run.smithi134.stdout:/usr/bin/ceph: stderr
2023-12-08T09:02:47.508+0000 7f1b99ffb700 1 -- 172.21.15.134:0/3886730431 <== mon.0 v2:172.21.15.134:3300/0 2 ==== config(26 keys) v1 ==== 1074+0+0 (secure 0 0 0) 0x7f1b9000be70 con 0x7f1b9c076c60
2023-12-08T09:02:53.664 INFO:teuthology.orchestra.run.smithi134.stdout:/usr/bin/ceph: stderr
2023-12-08T09:02:47.508+0000 7f1b99ffb700 1 -- 172.21.15.134:0/3886730431 <== mon.0 v2:172.21.15.134:3300/0 3 ==== mon_map magic: 0 v1 ==== 229+0+0 (secure 0 0 0) 0x7f1b90010380 con 0x7f1b9c076c60
2023-12-08T09:02:53.664 INFO:teuthology.orchestra.run.smithi134.stdout:/usr/bin/ceph: stderr
2023-12-08T09:02:47.508+0000 7f1ba17f1700 1 -- 172.21.15.134:0/3886730431 >> [v2:172.21.15.134:3300/0,v1:172.21.15.134:6789/0] conn(0x7f1b9c076c60 msgr2=0x7f1b9c104ea0 secure :-1 s=STATE_CONNECTION_ESTABLISHED l=1).mark_down
2023-12-08T09:02:53.664 INFO:teuthology.orchestra.run.smithi134.stdout:/usr/bin/ceph: stderr
2023-12-08T09:02:47.508+0000 7f1ba17f1700 1 --2- 172.21.15.134:0/3886730431 >> [v2:172.21.15.134:3300/0,v1:172.21.15.134:6789/0] conn(0x7f1b9c076c60 0x7f1b9c104ea0 secure :-1 s=READY pgs=71 cs=0 l=1 rev1=1 crypto rx=0x7f1b900098e0 tx=0x7f1b90009250 comp rx=0 tx=0).stop
2023-12-08T09:02:53.664 INFO:teuthology.orchestra.run.smithi134.stdout:/usr/bin/ceph: stderr
2023-12-08T09:02:47.509+0000 7f1ba17f1700 1 -- 172.21.15.134:0/3886730431 shutdown_connections
2023-12-08T09:02:53.665 INFO:teuthology.orchestra.run.smithi134.stdout:/usr/bin/ceph: stderr
2023-12-08T09:02:47.509+0000 7f1ba17f1700 1 --2- 172.21.15.134:0/3886730431 >> [v2:172.21.15.134:3300/0,v1:172.21.15.134:6789/0] conn(0x7f1b9c076c60 0x7f1b9c104ea0 unknown :-1 s=CLOSED pgs=71 cs=0 l=1 rev1=1 crypto rx=0 tx=0 comp rx=0 tx=0).stop
2023-12-08T09:02:53.665 INFO:teuthology.orchestra.run.smithi134.stdout:/usr/bin/ceph: stderr
2023-12-08T09:02:47.509+0000 7f1ba17f1700 1 -- 172.21.15.134:0/3886730431 >> 172.21.15.134:0/3886730431 conn(0x7f1b9c0fc950 msgr2=0x7f1b9c0fed60 unknown :-1 s=STATE_NONE l=0).mark_down
2023-12-08T09:02:53.665 INFO:teuthology.orchestra.run.smithi134.stdout:/usr/bin/ceph: stderr
2023-12-08T09:02:47.509+0000 7f1ba17f1700 1 -- 172.21.15.134:0/3886730431 shutdown_connections
2023-12-08T09:02:53.665 INFO:teuthology.orchestra.run.smithi134.stdout:/usr/bin/ceph: stderr
2023-12-08T09:02:47.509+0000 7f1ba17f1700 1 -- 172.21.15.134:0/3886730431 wait complete.
2023-12-08T09:02:53.665 INFO:teuthology.orchestra.run.smithi134.stdout:/usr/bin/ceph: stderr
2023-12-08T09:02:47.509+0000 7f1ba17f1700 1 Processor -- start
2023-12-08T09:02:53.665 INFO:teuthology.orchestra.run.smithi134.stdout:/usr/bin/ceph: stderr
2023-12-08T09:02:47.509+0000 7f1ba17f1700 1 -- start start
2023-12-08T09:02:53.665 INFO:teuthology.orchestra.run.smithi134.stdout:/usr/bin/ceph: stderr
2023-12-08T09:02:47.509+0000 7f1ba17f1700 1 --2- >> [v2:172.21.15.134:3300/0,v1:172.21.15.134:6789/0] conn(0x7f1b9c076c60 0x7f1b9c111190 unknown :-1 s=NONE pgs=0 cs=0 l=1 rev1=0 crypto rx=0 tx=0 comp rx=0 tx=0).connect
2023-12-08T09:02:53.665 INFO:teuthology.orchestra.run.smithi134.stdout:/usr/bin/ceph: stderr
2023-12-08T09:02:47.509+0000 7f1ba17f1700 1 -- --> [v2:172.21.15.134:3300/0,v1:172.21.15.134:6789/0] -- mon_getmap magic: 0 v1 -- 0x7f1b9c1116d0 con 0x7f1b9c076c60
2023-12-08T09:02:53.665 INFO:teuthology.orchestra.run.smithi134.stdout:/usr/bin/ceph: stderr
2023-12-08T09:02:47.510+0000 7f1b9affd700 1 --2- >> [v2:172.21.15.134:3300/0,v1:172.21.15.134:6789/0] conn(0x7f1b9c076c60 0x7f1b9c111190 unknown :-1 s=BANNER_CONNECTING pgs=0 cs=0 l=1 rev1=0 crypto rx=0 tx=0 comp rx=0 tx=0)._handle_peer_banner_payload supported=3 required=0
2023-12-08T09:02:53.665 INFO:teuthology.orchestra.run.smithi134.stdout:/usr/bin/ceph: stderr
2023-12-08T09:02:47.510+0000 7f1b9affd700 1 --2- >> [v2:172.21.15.134:3300/0,v1:172.21.15.134:6789/0] conn(0x7f1b9c076c60 0x7f1b9c111190 unknown :-1 s=HELLO_CONNECTING pgs=0 cs=0 l=1 rev1=1 crypto rx=0 tx=0 comp rx=0 tx=0).handle_hello peer v2:172.21.15.134:3300/0 says I am v2:172.21.15.134:34854/0 (socket says 172.21.15.134:34854)
2023-12-08T09:02:53.665 INFO:teuthology.orchestra.run.smithi134.stdout:/usr/bin/ceph: stderr
2023-12-08T09:02:47.510+0000 7f1b9affd700 1 -- 172.21.15.134:0/1242478361 learned_addr learned my addr 172.21.15.134:0/1242478361 (peer_addr_for_me v2:172.21.15.134:0/0)
2023-12-08T09:02:53.665 INFO:teuthology.orchestra.run.smithi134.stdout:/usr/bin/ceph: stderr
2023-12-08T09:02:47.510+0000 7f1b9affd700 1 -- 172.21.15.134:0/1242478361 --> [v2:172.21.15.134:3300/0,v1:172.21.15.134:6789/0] -- mon_subscribe({config=0+,monmap=0+}) v3 -- 0x7f1b900094f0 con 0x7f1b9c076c60
2023-12-08T09:02:53.665 INFO:teuthology.orchestra.run.smithi134.stdout:/usr/bin/ceph: stderr
2023-12-08T09:02:47.510+0000 7f1b9affd700 1 --2- 172.21.15.134:0/1242478361 >> [v2:172.21.15.134:3300/0,v1:172.21.15.134:6789/0] conn(0x7f1b9c076c60 0x7f1b9c111190 secure :-1 s=READY pgs=72 cs=0 l=1 rev1=1 crypto rx=0x7f1b90006d40 tx=0x7f1b90009250 comp rx=0 tx=0).ready entity=mon.0 client_cookie=0 server_cookie=0 in_seq=0 out_seq=0
2023-12-08T09:02:53.665 INFO:teuthology.orchestra.run.smithi134.stdout:/usr/bin/ceph: stderr
2023-12-08T09:02:47.510+0000 7f1b837fe700 1 -- 172.21.15.134:0/1242478361 <== mon.0 v2:172.21.15.134:3300/0 1 ==== mon_map magic: 0 v1 ==== 229+0+0 (secure 0 0 0) 0x7f1b90010960 con 0x7f1b9c076c60
2023-12-08T09:02:53.665 INFO:teuthology.orchestra.run.smithi134.stdout:/usr/bin/ceph: stderr
2023-12-08T09:02:47.510+0000 7f1b837fe700 1 -- 172.21.15.134:0/1242478361 <== mon.0 v2:172.21.15.134:3300/0 2 ==== config(26 keys) v1 ==== 1074+0+0 (secure 0 0 0) 0x7f1b9001a430 con 0x7f1b9c076c60
2023-12-08T09:02:53.666 INFO:teuthology.orchestra.run.smithi134.stdout:/usr/bin/ceph: stderr
2023-12-08T09:02:47.510+0000 7f1ba17f1700 1 -- 172.21.15.134:0/1242478361 --> [v2:172.21.15.134:3300/0,v1:172.21.15.134:6789/0] -- mon_subscribe({mgrmap=0+}) v3 -- 0x7f1b9c1118d0 con 0x7f1b9c076c60
2023-12-08T09:02:53.666 INFO:teuthology.orchestra.run.smithi134.stdout:/usr/bin/ceph: stderr
2023-12-08T09:02:47.510+0000 7f1b837fe700 1 -- 172.21.15.134:0/1242478361 <== mon.0 v2:172.21.15.134:3300/0 3 ==== mon_map magic: 0 v1 ==== 229+0+0 (secure 0 0 0) 0x7f1b900245b0 con 0x7f1b9c076c60
2023-12-08T09:02:53.666 INFO:teuthology.orchestra.run.smithi134.stdout:/usr/bin/ceph: stderr
2023-12-08T09:02:47.510+0000 7f1ba17f1700 1 -- 172.21.15.134:0/1242478361 --> [v2:172.21.15.134:3300/0,v1:172.21.15.134:6789/0] -- mon_subscribe({osdmap=0}) v3 -- 0x7f1b9c111ce0 con 0x7f1b9c076c60
2023-12-08T09:02:53.666 INFO:teuthology.orchestra.run.smithi134.stdout:/usr/bin/ceph: stderr
2023-12-08T09:02:47.511+0000 7f1b837fe700 1 -- 172.21.15.134:0/1242478361 <== mon.0 v2:172.21.15.134:3300/0 4 ==== mgrmap(e 9) v1 ==== 43294+0+0 (secure 0 0 0) 0x7f1b9002d3f0 con 0x7f1b9c076c60
2023-12-08T09:02:53.666 INFO:teuthology.orchestra.run.smithi134.stdout:/usr/bin/ceph: stderr
2023-12-08T09:02:47.511+0000 7f1b837fe700 1 --2- 172.21.15.134:0/1242478361 >> [v2:172.21.15.134:6800/3301222595,v1:172.21.15.134:6801/3301222595] conn(0x7f1b84036690 0x7f1b84038b40 unknown :-1 s=NONE pgs=0 cs=0 l=1 rev1=0 crypto rx=0 tx=0 comp rx=0 tx=0).connect
2023-12-08T09:02:53.666 INFO:teuthology.orchestra.run.smithi134.stdout:/usr/bin/ceph: stderr
2023-12-08T09:02:47.511+0000 7f1ba17f1700 1 -- 172.21.15.134:0/1242478361 --> [v2:172.21.15.134:6800/3301222595,v1:172.21.15.134:6801/3301222595] -- command(tid 0: {"prefix": "get_command_descriptions"}) v1 -- 0x7f1b9c04bb80 con 0x7f1b84036690
2023-12-08T09:02:53.666 INFO:teuthology.orchestra.run.smithi134.stdout:/usr/bin/ceph: stderr
2023-12-08T09:02:47.511+0000 7f1b837fe700 1 -- 172.21.15.134:0/1242478361 <== mon.0 v2:172.21.15.134:3300/0 5 ==== osd_map(2..2 src has 1..2) v4 ==== 936+0+0 (secure 0 0 0) 0x7f1b9004a100 con 0x7f1b9c076c60
2023-12-08T09:02:53.666 INFO:teuthology.orchestra.run.smithi134.stdout:/usr/bin/ceph: stderr
2023-12-08T09:02:47.511+0000 7f1b9a7fc700 1 -- 172.21.15.134:0/1242478361 >> [v2:172.21.15.134:6800/3301222595,v1:172.21.15.134:6801/3301222595] conn(0x7f1b84036690 msgr2=0x7f1b84038b40 unknown :-1 s=STATE_CONNECTING_RE l=1).process reconnect failed to v2:172.21.15.134:6800/3301222595
2023-12-08T09:02:53.666 INFO:teuthology.orchestra.run.smithi134.stdout:/usr/bin/ceph: stderr
2023-12-08T09:02:47.511+0000 7f1b9a7fc700 1 --2- 172.21.15.134:0/1242478361 >> [v2:172.21.15.134:6800/3301222595,v1:172.21.15.134:6801/3301222595] conn(0x7f1b84036690 0x7f1b84038b40 unknown :-1 s=START_CONNECT pgs=0 cs=0 l=1 rev1=0 crypto rx=0 tx=0 comp rx=0 tx=0)._fault waiting 0.200000
2023-12-08T09:02:53.666 INFO:teuthology.orchestra.run.smithi134.stdout:/usr/bin/ceph: stderr
2023-12-08T09:02:47.712+0000 7f1b9a7fc700 1 -- 172.21.15.134:0/1242478361 >> [v2:172.21.15.134:6800/3301222595,v1:172.21.15.134:6801/3301222595] conn(0x7f1b84036690 msgr2=0x7f1b84038b40 unknown :-1 s=STATE_CONNECTING_RE l=1).process reconnect failed to v2:172.21.15.134:6800/3301222595
2023-12-08T09:02:53.666 INFO:teuthology.orchestra.run.smithi134.stdout:/usr/bin/ceph: stderr
2023-12-08T09:02:47.712+0000 7f1b9a7fc700 1 --2- 172.21.15.134:0/1242478361 >> [v2:172.21.15.134:6800/3301222595,v1:172.21.15.134:6801/3301222595] conn(0x7f1b84036690 0x7f1b84038b40 unknown :-1 s=START_CONNECT pgs=0 cs=0 l=1 rev1=0 crypto rx=0 tx=0 comp rx=0 tx=0)._fault waiting 0.400000
2023-12-08T09:02:53.666 INFO:teuthology.orchestra.run.smithi134.stdout:/usr/bin/ceph: stderr
2023-12-08T09:02:48.113+0000 7f1b9a7fc700 1 -- 172.21.15.134:0/1242478361 >> [v2:172.21.15.134:6800/3301222595,v1:172.21.15.134:6801/3301222595] conn(0x7f1b84036690 msgr2=0x7f1b84038b40 unknown :-1 s=STATE_CONNECTING_RE l=1).process reconnect failed to v2:172.21.15.134:6800/3301222595
2023-12-08T09:02:53.666 INFO:teuthology.orchestra.run.smithi134.stdout:/usr/bin/ceph: stderr
2023-12-08T09:02:48.113+0000 7f1b9a7fc700 1 --2- 172.21.15.134:0/1242478361 >> [v2:172.21.15.134:6800/3301222595,v1:172.21.15.134:6801/3301222595] conn(0x7f1b84036690 0x7f1b84038b40 unknown :-1 s=START_CONNECT pgs=0 cs=0 l=1 rev1=0 crypto rx=0 tx=0 comp rx=0 tx=0)._fault waiting 0.800000
2023-12-08T09:02:53.667 INFO:teuthology.orchestra.run.smithi134.stdout:/usr/bin/ceph: stderr
2023-12-08T09:02:48.914+0000 7f1b9a7fc700 1 -- 172.21.15.134:0/1242478361 >> [v2:172.21.15.134:6800/3301222595,v1:172.21.15.134:6801/3301222595] conn(0x7f1b84036690 msgr2=0x7f1b84038b40 unknown :-1 s=STATE_CONNECTING_RE l=1).process reconnect failed to v2:172.21.15.134:6800/3301222595
2023-12-08T09:02:53.667 INFO:teuthology.orchestra.run.smithi134.stdout:/usr/bin/ceph: stderr
2023-12-08T09:02:48.914+0000 7f1b9a7fc700 1 --2- 172.21.15.134:0/1242478361 >> [v2:172.21.15.134:6800/3301222595,v1:172.21.15.134:6801/3301222595] conn(0x7f1b84036690 0x7f1b84038b40 unknown :-1 s=START_CONNECT pgs=0 cs=0 l=1 rev1=0 crypto rx=0 tx=0 comp rx=0 tx=0)._fault waiting 1.600000
2023-12-08T09:02:53.667 INFO:teuthology.orchestra.run.smithi134.stdout:/usr/bin/ceph: stderr
2023-12-08T09:02:50.515+0000 7f1b9a7fc700 1 -- 172.21.15.134:0/1242478361 >> [v2:172.21.15.134:6800/3301222595,v1:172.21.15.134:6801/3301222595] conn(0x7f1b84036690 msgr2=0x7f1b84038b40 unknown :-1 s=STATE_CONNECTING_RE l=1).process reconnect failed to v2:172.21.15.134:6800/3301222595
2023-12-08T09:02:53.667 INFO:teuthology.orchestra.run.smithi134.stdout:/usr/bin/ceph: stderr
2023-12-08T09:02:50.515+0000 7f1b9a7fc700 1 --2- 172.21.15.134:0/1242478361 >> [v2:172.21.15.134:6800/3301222595,v1:172.21.15.134:6801/3301222595] conn(0x7f1b84036690 0x7f1b84038b40 unknown :-1 s=START_CONNECT pgs=0 cs=0 l=1 rev1=0 crypto rx=0 tx=0 comp rx=0 tx=0)._fault waiting 3.200000
2023-12-08T09:02:53.667 INFO:teuthology.orchestra.run.smithi134.stdout:/usr/bin/ceph: stderr
2023-12-08T09:02:52.281+0000 7f1b837fe700 1 -- 172.21.15.134:0/1242478361 <== mon.0 v2:172.21.15.134:3300/0 6 ==== mgrmap(e 10) v1 ==== 43061+0+0 (secure 0 0 0) 0x7f1b9001a9f0 con 0x7f1b9c076c60
2023-12-08T09:02:53.667 INFO:teuthology.orchestra.run.smithi134.stdout:/usr/bin/ceph: stderr
2023-12-08T09:02:52.282+0000 7f1b837fe700 1 -- 172.21.15.134:0/1242478361 >> [v2:172.21.15.134:6800/3301222595,v1:172.21.15.134:6801/3301222595] conn(0x7f1b84036690 msgr2=0x7f1b84038b40 unknown :-1 s=STATE_CONNECTING l=1).mark_down
2023-12-08T09:02:53.667 INFO:teuthology.orchestra.run.smithi134.stdout:/usr/bin/ceph: stderr
2023-12-08T09:02:52.282+0000 7f1b837fe700 1 --2- 172.21.15.134:0/1242478361 >> [v2:172.21.15.134:6800/3301222595,v1:172.21.15.134:6801/3301222595] conn(0x7f1b84036690 0x7f1b84038b40 unknown :-1 s=START_CONNECT pgs=0 cs=0 l=1 rev1=0 crypto rx=0 tx=0 comp rx=0 tx=0).stop
2023-12-08T09:02:53.667 INFO:teuthology.orchestra.run.smithi134.stdout:/usr/bin/ceph: stderr
2023-12-08T09:02:53.285+0000 7f1b837fe700 1 -- 172.21.15.134:0/1242478361 <== mon.0 v2:172.21.15.134:3300/0 7 ==== mgrmap(e 11) v1 ==== 43188+0+0 (secure 0 0 0) 0x7f1b9002dac0 con 0x7f1b9c076c60
2023-12-08T09:02:53.667 INFO:teuthology.orchestra.run.smithi134.stdout:/usr/bin/ceph: stderr
2023-12-08T09:02:53.286+0000 7f1b837fe700 1 --2- 172.21.15.134:0/1242478361 >> [v2:172.21.15.134:6800/3385950973,v1:172.21.15.134:6801/3385950973] conn(0x7f1b84039f90 0x7f1b8403c370 unknown :-1 s=NONE pgs=0 cs=0 l=1 rev1=0 crypto rx=0 tx=0 comp rx=0 tx=0).connect
2023-12-08T09:02:53.667 INFO:teuthology.orchestra.run.smithi134.stdout:/usr/bin/ceph: stderr
2023-12-08T09:02:53.286+0000 7f1b837fe700 1 -- 172.21.15.134:0/1242478361 --> [v2:172.21.15.134:6800/3385950973,v1:172.21.15.134:6801/3385950973] -- command(tid 0: {"prefix": "get_command_descriptions"}) v1 -- 0x7f1b9c04bb80 con 0x7f1b84039f90
2023-12-08T09:02:53.667 INFO:teuthology.orchestra.run.smithi134.stdout:/usr/bin/ceph: stderr
2023-12-08T09:02:53.286+0000 7f1b9a7fc700 1 --2- 172.21.15.134:0/1242478361 >> [v2:172.21.15.134:6800/3385950973,v1:172.21.15.134:6801/3385950973] conn(0x7f1b84039f90 0x7f1b8403c370 unknown :-1 s=BANNER_CONNECTING pgs=0 cs=0 l=1 rev1=0 crypto rx=0 tx=0 comp rx=0 tx=0)._handle_peer_banner_payload supported=3 required=0
2023-12-08T09:02:53.667 INFO:teuthology.orchestra.run.smithi134.stdout:/usr/bin/ceph: stderr
2023-12-08T09:02:53.286+0000 7f1b9a7fc700 1 --2- 172.21.15.134:0/1242478361 >> [v2:172.21.15.134:6800/3385950973,v1:172.21.15.134:6801/3385950973] conn(0x7f1b84039f90 0x7f1b8403c370 secure :-1 s=READY pgs=2 cs=0 l=1 rev1=1 crypto rx=0x7f1b8c0039d0 tx=0x7f1b8c009350 comp rx=0 tx=0).ready entity=mgr.14162 client_cookie=0 server_cookie=0 in_seq=0 out_seq=0
2023-12-08T09:02:53.667 INFO:teuthology.orchestra.run.smithi134.stdout:/usr/bin/ceph: stderr
2023-12-08T09:02:53.287+0000 7f1b837fe700 1 -- 172.21.15.134:0/1242478361 <== mgr.14162 v2:172.21.15.134:6800/3385950973 1 ==== command_reply(tid 0: 0 ) v1 ==== 8+0+6549 (secure 0 0 0) 0x7f1b9c04bb80 con 0x7f1b84039f90
2023-12-08T09:02:53.667 INFO:teuthology.orchestra.run.smithi134.stdout:/usr/bin/ceph: stderr
2023-12-08T09:02:53.293+0000 7f1ba17f1700 1 -- 172.21.15.134:0/1242478361 --> [v2:172.21.15.134:6800/3385950973,v1:172.21.15.134:6801/3385950973] -- command(tid 1: {"prefix": "mgr_status"}) v1 -- 0x7f1b9c106300 con 0x7f1b84039f90
2023-12-08T09:02:53.667 INFO:teuthology.orchestra.run.smithi134.stdout:/usr/bin/ceph: stderr
2023-12-08T09:02:53.293+0000 7f1b837fe700 1 -- 172.21.15.134:0/1242478361 <== mgr.14162 v2:172.21.15.134:6800/3385950973 2 ==== command_reply(tid 1: 0 ) v1 ==== 8+0+52 (secure 0 0 0) 0x7f1b9c106300 con 0x7f1b84039f90
2023-12-08T09:02:53.667 INFO:teuthology.orchestra.run.smithi134.stdout:/usr/bin/ceph: stderr
2023-12-08T09:02:53.294+0000 7f1ba17f1700 1 -- 172.21.15.134:0/1242478361 >> [v2:172.21.15.134:6800/3385950973,v1:172.21.15.134:6801/3385950973] conn(0x7f1b84039f90 msgr2=0x7f1b8403c370 secure :-1 s=STATE_CONNECTION_ESTABLISHED l=1).mark_down
2023-12-08T09:02:53.668 INFO:teuthology.orchestra.run.smithi134.stdout:/usr/bin/ceph: stderr
2023-12-08T09:02:53.294+0000 7f1ba17f1700 1 --2- 172.21.15.134:0/1242478361 >> [v2:172.21.15.134:6800/3385950973,v1:172.21.15.134:6801/3385950973] conn(0x7f1b84039f90 0x7f1b8403c370 secure :-1 s=READY pgs=2 cs=0 l=1 rev1=1 crypto rx=0x7f1b8c0039d0 tx=0x7f1b8c009350 comp rx=0 tx=0).stop
2023-12-08T09:02:53.668 INFO:teuthology.orchestra.run.smithi134.stdout:/usr/bin/ceph: stderr
2023-12-08T09:02:53.294+0000 7f1ba17f1700 1 -- 172.21.15.134:0/1242478361 >> [v2:172.21.15.134:3300/0,v1:172.21.15.134:6789/0] conn(0x7f1b9c076c60 msgr2=0x7f1b9c111190 secure :-1 s=STATE_CONNECTION_ESTABLISHED l=1).mark_down
2023-12-08T09:02:53.668 INFO:teuthology.orchestra.run.smithi134.stdout:/usr/bin/ceph: stderr
2023-12-08T09:02:53.294+0000 7f1ba17f1700 1 --2- 172.21.15.134:0/1242478361 >> [v2:172.21.15.134:3300/0,v1:172.21.15.134:6789/0] conn(0x7f1b9c076c60 0x7f1b9c111190 secure :-1 s=READY pgs=72 cs=0 l=1 rev1=1 crypto rx=0x7f1b90006d40 tx=0x7f1b90009250 comp rx=0 tx=0).stop
2023-12-08T09:02:53.668 INFO:teuthology.orchestra.run.smithi134.stdout:/usr/bin/ceph: stderr
2023-12-08T09:02:53.294+0000 7f1ba17f1700 1 -- 172.21.15.134:0/1242478361 shutdown_connections
2023-12-08T09:02:53.668 INFO:teuthology.orchestra.run.smithi134.stdout:/usr/bin/ceph: stderr
2023-12-08T09:02:53.294+0000 7f1ba17f1700 1 --2- 172.21.15.134:0/1242478361 >> [v2:172.21.15.134:3300/0,v1:172.21.15.134:6789/0] conn(0x7f1b9c076c60 0x7f1b9c111190 unknown :-1 s=CLOSED pgs=72 cs=0 l=1 rev1=1 crypto rx=0 tx=0 comp rx=0 tx=0).stop
2023-12-08T09:02:53.668 INFO:teuthology.orchestra.run.smithi134.stdout:/usr/bin/ceph: stderr
2023-12-08T09:02:53.294+0000 7f1ba17f1700 1 --2- 172.21.15.134:0/1242478361 >> [v2:172.21.15.134:6800/3385950973,v1:172.21.15.134:6801/3385950973] conn(0x7f1b84039f90 0x7f1b8403c370 unknown :-1 s=CLOSED pgs=2 cs=0 l=1 rev1=1 crypto rx=0 tx=0 comp rx=0 tx=0).stop
2023-12-08T09:02:53.668 INFO:teuthology.orchestra.run.smithi134.stdout:/usr/bin/ceph: stderr
2023-12-08T09:02:53.294+0000 7f1ba17f1700 1 --2- 172.21.15.134:0/1242478361 >> [v2:172.21.15.134:6800/3301222595,v1:172.21.15.134:6801/3301222595] conn(0x7f1b84036690 0x7f1b84038b40 unknown :-1 s=CLOSED pgs=0 cs=0 l=1 rev1=0 crypto rx=0 tx=0 comp rx=0 tx=0).stop
2023-12-08T09:02:53.668 INFO:teuthology.orchestra.run.smithi134.stdout:/usr/bin/ceph: stderr
2023-12-08T09:02:53.294+0000 7f1ba17f1700 1 -- 172.21.15.134:0/1242478361 >> 172.21.15.134:0/1242478361 conn(0x7f1b9c0fc950 msgr2=0x7f1b9c0fed50 unknown :-1 s=STATE_NONE l=0).mark_down
2023-12-08T09:02:53.668 INFO:teuthology.orchestra.run.smithi134.stdout:/usr/bin/ceph: stderr
2023-12-08T09:02:53.294+0000 7f1ba17f1700 1 -- 172.21.15.134:0/1242478361 shutdown_connections
2023-12-08T09:02:53.668 INFO:teuthology.orchestra.run.smithi134.stdout:/usr/bin/ceph: stderr
2023-12-08T09:02:53.294+0000 7f1ba17f1700 1 -- 172.21.15.134:0/1242478361 wait complete.
2023-12-08T09:02:53.668 INFO:teuthology.orchestra.run.smithi134.stdout:mgr epoch 9 is available
2023-12-08T09:02:53.668 INFO:teuthology.orchestra.run.smithi134.stdout:Generating a dashboard self-signed certificate...
2023-12-08T09:02:54.597 INFO:journalctl@ceph.mon.smithi134.smithi134.stdout:Dec 08 09:02:54 smithi134 ceph-mon[140716]: [08/Dec/2023:09:02:53] ENGINE Bus STARTING
2023-12-08T09:02:54.597 INFO:journalctl@ceph.mon.smithi134.smithi134.stdout:Dec 08 09:02:54 smithi134 ceph-mon[140716]: [08/Dec/2023:09:02:53] ENGINE Serving on https://172.21.15.134:7150
2023-12-08T09:02:54.598 INFO:journalctl@ceph.mon.smithi134.smithi134.stdout:Dec 08 09:02:54 smithi134 ceph-mon[140716]: [08/Dec/2023:09:02:53] ENGINE Bus STARTED
2023-12-08T09:02:54.598 INFO:journalctl@ceph.mon.smithi134.smithi134.stdout:Dec 08 09:02:54 smithi134 ceph-mon[140716]: from='client.14166 -' entity='client.admin' cmd=[{"prefix": "get_command_descriptions"}]: dispatch
2023-12-08T09:02:54.598 INFO:journalctl@ceph.mon.smithi134.smithi134.stdout:Dec 08 09:02:54 smithi134 ceph-mon[140716]: from='client.14166 -' entity='client.admin' cmd=[{"prefix": "mgr_status"}]: dispatch
2023-12-08T09:02:54.598 INFO:journalctl@ceph.mon.smithi134.smithi134.stdout:Dec 08 09:02:54 smithi134 ceph-mon[140716]: from='mgr.14162 172.21.15.134:0/16135831' entity='mgr.smithi134.nlmsfj'
2023-12-08T09:02:54.846 INFO:teuthology.orchestra.run.smithi134.stdout:/usr/bin/ceph: stdout Self-signed certificate created
2023-12-08T09:02:54.846 INFO:teuthology.orchestra.run.smithi134.stdout:/usr/bin/ceph: stderr
2023-12-08T09:02:54.066+0000 7fec9959b700 1 Processor -- start
2023-12-08T09:02:54.846 INFO:teuthology.orchestra.run.smithi134.stdout:/usr/bin/ceph: stderr
2023-12-08T09:02:54.066+0000 7fec9959b700 1 -- start start
2023-12-08T09:02:54.846 INFO:teuthology.orchestra.run.smithi134.stdout:/usr/bin/ceph: stderr
2023-12-08T09:02:54.067+0000 7fec9959b700 1 --2- >> [v2:172.21.15.134:3300/0,v1:172.21.15.134:6789/0] conn(0x7fec94078ce0 0x7fec940771f0 unknown :-1 s=NONE pgs=0 cs=0 l=0 rev1=0 crypto rx=0 tx=0 comp rx=0 tx=0).connect
2023-12-08T09:02:54.846 INFO:teuthology.orchestra.run.smithi134.stdout:/usr/bin/ceph: stderr
2023-12-08T09:02:54.067+0000 7fec9959b700 1 -- --> [v2:172.21.15.134:3300/0,v1:172.21.15.134:6789/0] -- mon_getmap magic: 0 v1 -- 0x7fec940790f0 con 0x7fec94078ce0
2023-12-08T09:02:54.846 INFO:teuthology.orchestra.run.smithi134.stdout:/usr/bin/ceph: stderr
2023-12-08T09:02:54.067+0000 7fec92ffd700 1 --2- >> [v2:172.21.15.134:3300/0,v1:172.21.15.134:6789/0] conn(0x7fec94078ce0 0x7fec940771f0 unknown :-1 s=BANNER_CONNECTING pgs=0 cs=0 l=0 rev1=0 crypto rx=0 tx=0 comp rx=0 tx=0)._handle_peer_banner_payload supported=3 required=0
2023-12-08T09:02:54.846 INFO:teuthology.orchestra.run.smithi134.stdout:/usr/bin/ceph: stderr
2023-12-08T09:02:54.067+0000 7fec92ffd700 1 --2- >> [v2:172.21.15.134:3300/0,v1:172.21.15.134:6789/0] conn(0x7fec94078ce0 0x7fec940771f0 unknown :-1 s=HELLO_CONNECTING pgs=0 cs=0 l=0 rev1=1 crypto rx=0 tx=0 comp rx=0 tx=0).handle_hello peer v2:172.21.15.134:3300/0 says I am v2:172.21.15.134:49220/0 (socket says 172.21.15.134:49220)
2023-12-08T09:02:54.847 INFO:teuthology.orchestra.run.smithi134.stdout:/usr/bin/ceph: stderr
2023-12-08T09:02:54.067+0000 7fec92ffd700 1 -- 172.21.15.134:0/1459739798 learned_addr learned my addr 172.21.15.134:0/1459739798 (peer_addr_for_me v2:172.21.15.134:0/0)
2023-12-08T09:02:54.847 INFO:teuthology.orchestra.run.smithi134.stdout:/usr/bin/ceph: stderr
2023-12-08T09:02:54.067+0000 7fec92ffd700 1 -- 172.21.15.134:0/1459739798 --> [v2:172.21.15.134:3300/0,v1:172.21.15.134:6789/0] -- mon_subscribe({config=0+,monmap=0+}) v3 -- 0x7fec94077730 con 0x7fec94078ce0
2023-12-08T09:02:54.847 INFO:teuthology.orchestra.run.smithi134.stdout:/usr/bin/ceph: stderr
2023-12-08T09:02:54.067+0000 7fec92ffd700 1 --2- 172.21.15.134:0/1459739798 >> [v2:172.21.15.134:3300/0,v1:172.21.15.134:6789/0] conn(0x7fec94078ce0 0x7fec940771f0 secure :-1 s=READY pgs=80 cs=0 l=1 rev1=1 crypto rx=0x7fec840098e0 tx=0x7fec84009250 comp rx=0 tx=0).ready entity=mon.0 client_cookie=326d2a9bf05cdc1e server_cookie=0 in_seq=0 out_seq=0
2023-12-08T09:02:54.847 INFO:teuthology.orchestra.run.smithi134.stdout:/usr/bin/ceph: stderr
2023-12-08T09:02:54.068+0000 7fec91ffb700 1 -- 172.21.15.134:0/1459739798 <== mon.0 v2:172.21.15.134:3300/0 1 ==== mon_map magic: 0 v1 ==== 229+0+0 (secure 0 0 0) 0x7fec8400b860 con 0x7fec94078ce0
2023-12-08T09:02:54.847 INFO:teuthology.orchestra.run.smithi134.stdout:/usr/bin/ceph: stderr
2023-12-08T09:02:54.068+0000 7fec91ffb700 1 -- 172.21.15.134:0/1459739798 <== mon.0 v2:172.21.15.134:3300/0 2 ==== config(26 keys) v1 ==== 1074+0+0 (secure 0 0 0) 0x7fec8400be70 con 0x7fec94078ce0
2023-12-08T09:02:54.847 INFO:teuthology.orchestra.run.smithi134.stdout:/usr/bin/ceph: stderr
2023-12-08T09:02:54.068+0000 7fec91ffb700 1 -- 172.21.15.134:0/1459739798 <== mon.0 v2:172.21.15.134:3300/0 3 ==== mon_map magic: 0 v1 ==== 229+0+0 (secure 0 0 0) 0x7fec84010380 con 0x7fec94078ce0
2023-12-08T09:02:54.847 INFO:teuthology.orchestra.run.smithi134.stdout:/usr/bin/ceph: stderr
2023-12-08T09:02:54.068+0000 7fec9959b700 1 -- 172.21.15.134:0/1459739798 >> [v2:172.21.15.134:3300/0,v1:172.21.15.134:6789/0] conn(0x7fec94078ce0 msgr2=0x7fec940771f0 secure :-1 s=STATE_CONNECTION_ESTABLISHED l=1).mark_down
2023-12-08T09:02:54.847 INFO:teuthology.orchestra.run.smithi134.stdout:/usr/bin/ceph: stderr
2023-12-08T09:02:54.068+0000 7fec9959b700 1 --2- 172.21.15.134:0/1459739798 >> [v2:172.21.15.134:3300/0,v1:172.21.15.134:6789/0] conn(0x7fec94078ce0 0x7fec940771f0 secure :-1 s=READY pgs=80 cs=0 l=1 rev1=1 crypto rx=0x7fec840098e0 tx=0x7fec84009250 comp rx=0 tx=0).stop
2023-12-08T09:02:54.847 INFO:teuthology.orchestra.run.smithi134.stdout:/usr/bin/ceph: stderr
2023-12-08T09:02:54.068+0000 7fec9959b700 1 -- 172.21.15.134:0/1459739798 shutdown_connections
2023-12-08T09:02:54.847 INFO:teuthology.orchestra.run.smithi134.stdout:/usr/bin/ceph: stderr
2023-12-08T09:02:54.068+0000 7fec9959b700 1 --2- 172.21.15.134:0/1459739798 >> [v2:172.21.15.134:3300/0,v1:172.21.15.134:6789/0] conn(0x7fec94078ce0 0x7fec940771f0 unknown :-1 s=CLOSED pgs=80 cs=0 l=1 rev1=1 crypto rx=0 tx=0 comp rx=0 tx=0).stop
2023-12-08T09:02:54.847 INFO:teuthology.orchestra.run.smithi134.stdout:/usr/bin/ceph: stderr
2023-12-08T09:02:54.068+0000 7fec9959b700 1 -- 172.21.15.134:0/1459739798 >> 172.21.15.134:0/1459739798 conn(0x7fec940fda10 msgr2=0x7fec940ffe40 unknown :-1 s=STATE_NONE l=0).mark_down
2023-12-08T09:02:54.847 INFO:teuthology.orchestra.run.smithi134.stdout:/usr/bin/ceph: stderr
2023-12-08T09:02:54.068+0000 7fec9959b700 1 -- 172.21.15.134:0/1459739798 shutdown_connections
2023-12-08T09:02:54.847 INFO:teuthology.orchestra.run.smithi134.stdout:/usr/bin/ceph: stderr
2023-12-08T09:02:54.068+0000 7fec9959b700 1 -- 172.21.15.134:0/1459739798 wait complete.
