2023-12-08T09:02:21.803 INFO:teuthology.orchestra.run.smithi134.stdout:/usr/bin/ceph: stderr
2023-12-08T09:02:19.880+0000 7f27f959a700 1 -- 172.21.15.134:0/4072943326 <== mon.0 v2:172.21.15.134:3300/0 1 ==== mon_map magic: 0 v1 ==== 229+0+0 (secure 0 0 0) 0x7f27f000b860 con 0x7f27fc102780
2023-12-08T09:02:21.804 INFO:teuthology.orchestra.run.smithi134.stdout:/usr/bin/ceph: stderr
2023-12-08T09:02:19.880+0000 7f27f959a700 1 -- 172.21.15.134:0/4072943326 <== mon.0 v2:172.21.15.134:3300/0 2 ==== config(26 keys) v1 ==== 1009+0+0 (secure 0 0 0) 0x7f27f000be30 con 0x7f27fc102780
2023-12-08T09:02:21.804 INFO:teuthology.orchestra.run.smithi134.stdout:/usr/bin/ceph: stderr
2023-12-08T09:02:19.880+0000 7f27f959a700 1 -- 172.21.15.134:0/4072943326 <== mon.0 v2:172.21.15.134:3300/0 3 ==== mon_map magic: 0 v1 ==== 229+0+0 (secure 0 0 0) 0x7f27f0010380 con 0x7f27fc102780
2023-12-08T09:02:21.804 INFO:teuthology.orchestra.run.smithi134.stdout:/usr/bin/ceph: stderr
2023-12-08T09:02:19.881+0000 7f2800dc4700 1 -- 172.21.15.134:0/4072943326 >> [v2:172.21.15.134:3300/0,v1:172.21.15.134:6789/0] conn(0x7f27fc102780 msgr2=0x7f27fc102b90 secure :-1 s=STATE_CONNECTION_ESTABLISHED l=1).mark_down
2023-12-08T09:02:21.804 INFO:teuthology.orchestra.run.smithi134.stdout:/usr/bin/ceph: stderr
2023-12-08T09:02:19.881+0000 7f2800dc4700 1 --2- 172.21.15.134:0/4072943326 >> [v2:172.21.15.134:3300/0,v1:172.21.15.134:6789/0] conn(0x7f27fc102780 0x7f27fc102b90 secure :-1 s=READY pgs=22 cs=0 l=1 rev1=1 crypto rx=0x7f27f00098e0 tx=0x7f27f0009250 comp rx=0 tx=0).stop
2023-12-08T09:02:21.804 INFO:teuthology.orchestra.run.smithi134.stdout:/usr/bin/ceph: stderr
2023-12-08T09:02:19.881+0000 7f2800dc4700 1 -- 172.21.15.134:0/4072943326 shutdown_connections
2023-12-08T09:02:21.804 INFO:teuthology.orchestra.run.smithi134.stdout:/usr/bin/ceph: stderr
2023-12-08T09:02:19.881+0000 7f2800dc4700 1 --2- 172.21.15.134:0/4072943326 >> [v2:172.21.15.134:3300/0,v1:172.21.15.134:6789/0] conn(0x7f27fc102780 0x7f27fc102b90 unknown :-1 s=CLOSED pgs=22 cs=0 l=1 rev1=1 crypto rx=0 tx=0 comp rx=0 tx=0).stop
2023-12-08T09:02:21.805 INFO:teuthology.orchestra.run.smithi134.stdout:/usr/bin/ceph: stderr
2023-12-08T09:02:19.881+0000 7f2800dc4700 1 -- 172.21.15.134:0/4072943326 >> 172.21.15.134:0/4072943326 conn(0x7f27fc0fc0b0 msgr2=0x7f27fc0fe4e0 unknown :-1 s=STATE_NONE l=0).mark_down
2023-12-08T09:02:21.805 INFO:teuthology.orchestra.run.smithi134.stdout:/usr/bin/ceph: stderr
2023-12-08T09:02:19.881+0000 7f2800dc4700 1 -- 172.21.15.134:0/4072943326 shutdown_connections
2023-12-08T09:02:21.805 INFO:teuthology.orchestra.run.smithi134.stdout:/usr/bin/ceph: stderr
2023-12-08T09:02:19.881+0000 7f2800dc4700 1 -- 172.21.15.134:0/4072943326 wait complete.
2023-12-08T09:02:21.805 INFO:teuthology.orchestra.run.smithi134.stdout:/usr/bin/ceph: stderr
2023-12-08T09:02:19.881+0000 7f2800dc4700 1 Processor -- start
2023-12-08T09:02:21.805 INFO:teuthology.orchestra.run.smithi134.stdout:/usr/bin/ceph: stderr
2023-12-08T09:02:19.881+0000 7f2800dc4700 1 -- start start
2023-12-08T09:02:21.805 INFO:teuthology.orchestra.run.smithi134.stdout:/usr/bin/ceph: stderr
2023-12-08T09:02:19.881+0000 7f2800dc4700 1 --2- >> [v2:172.21.15.134:3300/0,v1:172.21.15.134:6789/0] conn(0x7f27fc102780 0x7f27fc113ed0 unknown :-1 s=NONE pgs=0 cs=0 l=1 rev1=0 crypto rx=0 tx=0 comp rx=0 tx=0).connect
2023-12-08T09:02:21.806 INFO:teuthology.orchestra.run.smithi134.stdout:/usr/bin/ceph: stderr
2023-12-08T09:02:19.881+0000 7f2800dc4700 1 -- --> [v2:172.21.15.134:3300/0,v1:172.21.15.134:6789/0] -- mon_getmap magic: 0 v1 -- 0x7f27fc101010 con 0x7f27fc102780
2023-12-08T09:02:21.806 INFO:teuthology.orchestra.run.smithi134.stdout:/usr/bin/ceph: stderr
2023-12-08T09:02:19.881+0000 7f27fa59c700 1 --2- >> [v2:172.21.15.134:3300/0,v1:172.21.15.134:6789/0] conn(0x7f27fc102780 0x7f27fc113ed0 unknown :-1 s=BANNER_CONNECTING pgs=0 cs=0 l=1 rev1=0 crypto rx=0 tx=0 comp rx=0 tx=0)._handle_peer_banner_payload supported=3 required=0
2023-12-08T09:02:21.806 INFO:teuthology.orchestra.run.smithi134.stdout:/usr/bin/ceph: stderr
2023-12-08T09:02:19.881+0000 7f27fa59c700 1 --2- >> [v2:172.21.15.134:3300/0,v1:172.21.15.134:6789/0] conn(0x7f27fc102780 0x7f27fc113ed0 unknown :-1 s=HELLO_CONNECTING pgs=0 cs=0 l=1 rev1=1 crypto rx=0 tx=0 comp rx=0 tx=0).handle_hello peer v2:172.21.15.134:3300/0 says I am v2:172.21.15.134:48174/0 (socket says 172.21.15.134:48174)
2023-12-08T09:02:21.806 INFO:teuthology.orchestra.run.smithi134.stdout:/usr/bin/ceph: stderr
2023-12-08T09:02:19.881+0000 7f27fa59c700 1 -- 172.21.15.134:0/1841519396 learned_addr learned my addr 172.21.15.134:0/1841519396 (peer_addr_for_me v2:172.21.15.134:0/0)
2023-12-08T09:02:21.806 INFO:teuthology.orchestra.run.smithi134.stdout:/usr/bin/ceph: stderr
2023-12-08T09:02:19.882+0000 7f27fa59c700 1 -- 172.21.15.134:0/1841519396 --> [v2:172.21.15.134:3300/0,v1:172.21.15.134:6789/0] -- mon_subscribe({config=0+,monmap=0+}) v3 -- 0x7f27f00094f0 con 0x7f27fc102780
2023-12-08T09:02:21.806 INFO:teuthology.orchestra.run.smithi134.stdout:/usr/bin/ceph: stderr
2023-12-08T09:02:19.882+0000 7f27fa59c700 1 --2- 172.21.15.134:0/1841519396 >> [v2:172.21.15.134:3300/0,v1:172.21.15.134:6789/0] conn(0x7f27fc102780 0x7f27fc113ed0 secure :-1 s=READY pgs=23 cs=0 l=1 rev1=1 crypto rx=0x7f27f0006b00 tx=0x7f27f0009250 comp rx=0 tx=0).ready entity=mon.0 client_cookie=0 server_cookie=0 in_seq=0 out_seq=0
2023-12-08T09:02:21.806 INFO:teuthology.orchestra.run.smithi134.stdout:/usr/bin/ceph: stderr
2023-12-08T09:02:19.882+0000 7f27eaffd700 1 -- 172.21.15.134:0/1841519396 <== mon.0 v2:172.21.15.134:3300/0 1 ==== mon_map magic: 0 v1 ==== 229+0+0 (secure 0 0 0) 0x7f27f0010a80 con 0x7f27fc102780
2023-12-08T09:02:21.807 INFO:teuthology.orchestra.run.smithi134.stdout:/usr/bin/ceph: stderr
2023-12-08T09:02:19.882+0000 7f27eaffd700 1 -- 172.21.15.134:0/1841519396 <== mon.0 v2:172.21.15.134:3300/0 2 ==== config(26 keys) v1 ==== 1009+0+0 (secure 0 0 0) 0x7f27f001a430 con 0x7f27fc102780
2023-12-08T09:02:21.807 INFO:teuthology.orchestra.run.smithi134.stdout:/usr/bin/ceph: stderr
2023-12-08T09:02:19.882+0000 7f27eaffd700 1 -- 172.21.15.134:0/1841519396 <== mon.0 v2:172.21.15.134:3300/0 3 ==== mon_map magic: 0 v1 ==== 229+0+0 (secure 0 0 0) 0x7f27f00245b0 con 0x7f27fc102780
2023-12-08T09:02:21.807 INFO:teuthology.orchestra.run.smithi134.stdout:/usr/bin/ceph: stderr
2023-12-08T09:02:19.882+0000 7f2800dc4700 1 -- 172.21.15.134:0/1841519396 --> [v2:172.21.15.134:3300/0,v1:172.21.15.134:6789/0] -- mon_subscribe({mgrmap=0+}) v3 -- 0x7f27fc101210 con 0x7f27fc102780
2023-12-08T09:02:21.807 INFO:teuthology.orchestra.run.smithi134.stdout:/usr/bin/ceph: stderr
2023-12-08T09:02:19.882+0000 7f2800dc4700 1 -- 172.21.15.134:0/1841519396 --> [v2:172.21.15.134:3300/0,v1:172.21.15.134:6789/0] -- mon_subscribe({osdmap=0}) v3 -- 0x7f27fc1145d0 con 0x7f27fc102780
2023-12-08T09:02:21.807 INFO:teuthology.orchestra.run.smithi134.stdout:/usr/bin/ceph: stderr
2023-12-08T09:02:19.883+0000 7f27eaffd700 1 -- 172.21.15.134:0/1841519396 <== mon.0 v2:172.21.15.134:3300/0 4 ==== mgrmap(e 4) v1 ==== 43270+0+0 (secure 0 0 0) 0x7f27f0010be0 con 0x7f27fc102780
2023-12-08T09:02:21.807 INFO:teuthology.orchestra.run.smithi134.stdout:/usr/bin/ceph: stderr
2023-12-08T09:02:19.883+0000 7f27eaffd700 1 --2- 172.21.15.134:0/1841519396 >> [v2:172.21.15.134:6800/3399269782,v1:172.21.15.134:6801/3399269782] conn(0x7f27e40365a0 0x7f27e4038a50 unknown :-1 s=NONE pgs=0 cs=0 l=1 rev1=0 crypto rx=0 tx=0 comp rx=0 tx=0).connect
2023-12-08T09:02:21.807 INFO:teuthology.orchestra.run.smithi134.stdout:/usr/bin/ceph: stderr
2023-12-08T09:02:19.883+0000 7f2800dc4700 1 -- 172.21.15.134:0/1841519396 --> [v2:172.21.15.134:3300/0,v1:172.21.15.134:6789/0] -- mon_command({"prefix": "get_command_descriptions"} v 0) v1 -- 0x7f27fc10a040 con 0x7f27fc102780
2023-12-08T09:02:21.808 INFO:teuthology.orchestra.run.smithi134.stdout:/usr/bin/ceph: stderr
2023-12-08T09:02:19.883+0000 7f27eaffd700 1 -- 172.21.15.134:0/1841519396 <== mon.0 v2:172.21.15.134:3300/0 5 ==== osd_map(1..1 src has 1..1) v4 ==== 721+0+0 (secure 0 0 0) 0x7f27f004aaa0 con 0x7f27fc102780
2023-12-08T09:02:21.808 INFO:teuthology.orchestra.run.smithi134.stdout:/usr/bin/ceph: stderr
2023-12-08T09:02:19.883+0000 7f27f9d9b700 1 --2- 172.21.15.134:0/1841519396 >> [v2:172.21.15.134:6800/3399269782,v1:172.21.15.134:6801/3399269782] conn(0x7f27e40365a0 0x7f27e4038a50 unknown :-1 s=BANNER_CONNECTING pgs=0 cs=0 l=1 rev1=0 crypto rx=0 tx=0 comp rx=0 tx=0)._handle_peer_banner_payload supported=3 required=0
2023-12-08T09:02:21.808 INFO:teuthology.orchestra.run.smithi134.stdout:/usr/bin/ceph: stderr
2023-12-08T09:02:19.883+0000 7f27f9d9b700 1 --2- 172.21.15.134:0/1841519396 >> [v2:172.21.15.134:6800/3399269782,v1:172.21.15.134:6801/3399269782] conn(0x7f27e40365a0 0x7f27e4038a50 secure :-1 s=READY pgs=8 cs=0 l=1 rev1=1 crypto rx=0x7f27ec009990 tx=0x7f27ec006e40 comp rx=0 tx=0).ready entity=mgr.14100 client_cookie=0 server_cookie=0 in_seq=0 out_seq=0
2023-12-08T09:02:21.808 INFO:teuthology.orchestra.run.smithi134.stdout:/usr/bin/ceph: stderr
2023-12-08T09:02:19.888+0000 7f27eaffd700 1 -- 172.21.15.134:0/1841519396 <== mon.0 v2:172.21.15.134:3300/0 6 ==== mon_command_ack([{"prefix": "get_command_descriptions"}]=0 v0) v1 ==== 72+0+174570 (secure 0 0 0) 0x7f27f002e440 con 0x7f27fc102780
2023-12-08T09:02:21.808 INFO:teuthology.orchestra.run.smithi134.stdout:/usr/bin/ceph: stderr
2023-12-08T09:02:20.119+0000 7f2800dc4700 1 -- 172.21.15.134:0/1841519396 --> [v2:172.21.15.134:3300/0,v1:172.21.15.134:6789/0] -- mon_command({"prefix": "mgr module enable", "module": "cephadm"} v 0) v1 -- 0x7f27fc04bb80 con 0x7f27fc102780
2023-12-08T09:02:21.808 INFO:teuthology.orchestra.run.smithi134.stdout:/usr/bin/ceph: stderr
2023-12-08T09:02:20.188+0000 7f27eaffd700 1 -- 172.21.15.134:0/1841519396 <== mon.0 v2:172.21.15.134:3300/0 7 ==== mgrmap(e 5) v1 ==== 43281+0+0 (secure 0 0 0) 0x7f27f000fd90 con 0x7f27fc102780
2023-12-08T09:02:21.808 INFO:teuthology.orchestra.run.smithi134.stdout:/usr/bin/ceph: stderr
2023-12-08T09:02:20.189+0000 7f27eaffd700 1 -- 172.21.15.134:0/1841519396 <== mon.0 v2:172.21.15.134:3300/0 8 ==== mon_command_ack([{"prefix": "mgr module enable", "module": "cephadm"}]=0 v5) v1 ==== 86+0+0 (secure 0 0 0) 0x7f27f000f510 con 0x7f27fc102780
2023-12-08T09:02:21.808 INFO:teuthology.orchestra.run.smithi134.stdout:/usr/bin/ceph: stderr
2023-12-08T09:02:20.192+0000 7f2800dc4700 1 -- 172.21.15.134:0/1841519396 >> [v2:172.21.15.134:6800/3399269782,v1:172.21.15.134:6801/3399269782] conn(0x7f27e40365a0 msgr2=0x7f27e4038a50 secure :-1 s=STATE_CONNECTION_ESTABLISHED l=1).mark_down
2023-12-08T09:02:21.809 INFO:teuthology.orchestra.run.smithi134.stdout:/usr/bin/ceph: stderr
2023-12-08T09:02:20.192+0000 7f2800dc4700 1 --2- 172.21.15.134:0/1841519396 >> [v2:172.21.15.134:6800/3399269782,v1:172.21.15.134:6801/3399269782] conn(0x7f27e40365a0 0x7f27e4038a50 secure :-1 s=READY pgs=8 cs=0 l=1 rev1=1 crypto rx=0x7f27ec009990 tx=0x7f27ec006e40 comp rx=0 tx=0).stop
2023-12-08T09:02:21.809 INFO:teuthology.orchestra.run.smithi134.stdout:/usr/bin/ceph: stderr
2023-12-08T09:02:20.192+0000 7f2800dc4700 1 -- 172.21.15.134:0/1841519396 >> [v2:172.21.15.134:3300/0,v1:172.21.15.134:6789/0] conn(0x7f27fc102780 msgr2=0x7f27fc113ed0 secure :-1 s=STATE_CONNECTION_ESTABLISHED l=1).mark_down
2023-12-08T09:02:21.809 INFO:teuthology.orchestra.run.smithi134.stdout:/usr/bin/ceph: stderr
2023-12-08T09:02:20.192+0000 7f2800dc4700 1 --2- 172.21.15.134:0/1841519396 >> [v2:172.21.15.134:3300/0,v1:172.21.15.134:6789/0] conn(0x7f27fc102780 0x7f27fc113ed0 secure :-1 s=READY pgs=23 cs=0 l=1 rev1=1 crypto rx=0x7f27f0006b00 tx=0x7f27f0009250 comp rx=0 tx=0).stop
2023-12-08T09:02:21.809 INFO:teuthology.orchestra.run.smithi134.stdout:/usr/bin/ceph: stderr
2023-12-08T09:02:20.192+0000 7f2800dc4700 1 -- 172.21.15.134:0/1841519396 shutdown_connections
2023-12-08T09:02:21.809 INFO:teuthology.orchestra.run.smithi134.stdout:/usr/bin/ceph: stderr
2023-12-08T09:02:20.192+0000 7f2800dc4700 1 --2- 172.21.15.134:0/1841519396 >> [v2:172.21.15.134:6800/3399269782,v1:172.21.15.134:6801/3399269782] conn(0x7f27e40365a0 0x7f27e4038a50 unknown :-1 s=CLOSED pgs=8 cs=0 l=1 rev1=1 crypto rx=0 tx=0 comp rx=0 tx=0).stop
2023-12-08T09:02:21.809 INFO:teuthology.orchestra.run.smithi134.stdout:/usr/bin/ceph: stderr
2023-12-08T09:02:20.192+0000 7f2800dc4700 1 --2- 172.21.15.134:0/1841519396 >> [v2:172.21.15.134:3300/0,v1:172.21.15.134:6789/0] conn(0x7f27fc102780 0x7f27fc113ed0 unknown :-1 s=CLOSED pgs=23 cs=0 l=1 rev1=1 crypto rx=0 tx=0 comp rx=0 tx=0).stop
2023-12-08T09:02:21.809 INFO:teuthology.orchestra.run.smithi134.stdout:/usr/bin/ceph: stderr
2023-12-08T09:02:20.192+0000 7f2800dc4700 1 -- 172.21.15.134:0/1841519396 >> 172.21.15.134:0/1841519396 conn(0x7f27fc0fc0b0 msgr2=0x7f27fc0fd900 unknown :-1 s=STATE_NONE l=0).mark_down
2023-12-08T09:02:21.809 INFO:teuthology.orchestra.run.smithi134.stdout:/usr/bin/ceph: stderr
2023-12-08T09:02:20.192+0000 7f2800dc4700 1 -- 172.21.15.134:0/1841519396 shutdown_connections
2023-12-08T09:02:21.809 INFO:teuthology.orchestra.run.smithi134.stdout:/usr/bin/ceph: stderr
2023-12-08T09:02:20.192+0000 7f2800dc4700 1 -- 172.21.15.134:0/1841519396 wait complete.
2023-12-08T09:02:23.575 INFO:journalctl@ceph.mon.smithi134.smithi134.stdout:Dec 08 09:02:23 smithi134 ceph-mon[140716]: from='client.? 172.21.15.134:0/4183492960' entity='client.admin' cmd=[{"prefix": "mgr stat"}]: dispatch
2023-12-08T09:02:25.800 INFO:teuthology.orchestra.run.smithi134.stdout:/usr/bin/ceph: stdout {
2023-12-08T09:02:25.800 INFO:teuthology.orchestra.run.smithi134.stdout:/usr/bin/ceph: stdout "epoch": 5,
2023-12-08T09:02:25.800 INFO:teuthology.orchestra.run.smithi134.stdout:/usr/bin/ceph: stdout "available": true,
2023-12-08T09:02:25.800 INFO:teuthology.orchestra.run.smithi134.stdout:/usr/bin/ceph: stdout "active_name": "smithi134.nlmsfj",
2023-12-08T09:02:25.800 INFO:teuthology.orchestra.run.smithi134.stdout:/usr/bin/ceph: stdout "num_standby": 0
2023-12-08T09:02:25.800 INFO:teuthology.orchestra.run.smithi134.stdout:/usr/bin/ceph: stdout }
2023-12-08T09:02:25.800 INFO:teuthology.orchestra.run.smithi134.stdout:/usr/bin/ceph: stderr
2023-12-08T09:02:22.984+0000 7ffb9b03f700 1 Processor -- start
2023-12-08T09:02:25.800 INFO:teuthology.orchestra.run.smithi134.stdout:/usr/bin/ceph: stderr
2023-12-08T09:02:22.984+0000 7ffb9b03f700 1 -- start start
2023-12-08T09:02:25.800 INFO:teuthology.orchestra.run.smithi134.stdout:/usr/bin/ceph: stderr
2023-12-08T09:02:22.985+0000 7ffb9b03f700 1 --2- >> [v2:172.21.15.134:3300/0,v1:172.21.15.134:6789/0] conn(0x7ffb941011d0 0x7ffb941015e0 unknown :-1 s=NONE pgs=0 cs=0 l=0 rev1=0 crypto rx=0 tx=0 comp rx=0 tx=0).connect
2023-12-08T09:02:25.800 INFO:teuthology.orchestra.run.smithi134.stdout:/usr/bin/ceph: stderr
2023-12-08T09:02:22.985+0000 7ffb9b03f700 1 -- --> [v2:172.21.15.134:3300/0,v1:172.21.15.134:6789/0] -- mon_getmap magic: 0 v1 -- 0x7ffb94101b20 con 0x7ffb941011d0
2023-12-08T09:02:25.800 INFO:teuthology.orchestra.run.smithi134.stdout:/usr/bin/ceph: stderr
2023-12-08T09:02:22.985+0000 7ffb98ddb700 1 --2- >> [v2:172.21.15.134:3300/0,v1:172.21.15.134:6789/0] conn(0x7ffb941011d0 0x7ffb941015e0 unknown :-1 s=BANNER_CONNECTING pgs=0 cs=0 l=0 rev1=0 crypto rx=0 tx=0 comp rx=0 tx=0)._handle_peer_banner_payload supported=3 required=0
2023-12-08T09:02:25.800 INFO:teuthology.orchestra.run.smithi134.stdout:/usr/bin/ceph: stderr
2023-12-08T09:02:22.985+0000 7ffb98ddb700 1 --2- >> [v2:172.21.15.134:3300/0,v1:172.21.15.134:6789/0] conn(0x7ffb941011d0 0x7ffb941015e0 unknown :-1 s=HELLO_CONNECTING pgs=0 cs=0 l=0 rev1=1 crypto rx=0 tx=0 comp rx=0 tx=0).handle_hello peer v2:172.21.15.134:3300/0 says I am v2:172.21.15.134:39430/0 (socket says 172.21.15.134:39430)
2023-12-08T09:02:25.800 INFO:teuthology.orchestra.run.smithi134.stdout:/usr/bin/ceph: stderr
2023-12-08T09:02:22.985+0000 7ffb98ddb700 1 -- 172.21.15.134:0/4159959263 learned_addr learned my addr 172.21.15.134:0/4159959263 (peer_addr_for_me v2:172.21.15.134:0/0)
2023-12-08T09:02:25.801 INFO:teuthology.orchestra.run.smithi134.stdout:/usr/bin/ceph: stderr
2023-12-08T09:02:22.985+0000 7ffb98ddb700 1 -- 172.21.15.134:0/4159959263 --> [v2:172.21.15.134:3300/0,v1:172.21.15.134:6789/0] -- mon_subscribe({config=0+,monmap=0+}) v3 -- 0x7ffb94101c60 con 0x7ffb941011d0
2023-12-08T09:02:25.801 INFO:teuthology.orchestra.run.smithi134.stdout:/usr/bin/ceph: stderr
2023-12-08T09:02:22.985+0000 7ffb98ddb700 1 --2- 172.21.15.134:0/4159959263 >> [v2:172.21.15.134:3300/0,v1:172.21.15.134:6789/0] conn(0x7ffb941011d0 0x7ffb941015e0 secure :-1 s=READY pgs=26 cs=0 l=1 rev1=1 crypto rx=0x7ffb880098e0 tx=0x7ffb88009250 comp rx=0 tx=0).ready entity=mon.0 client_cookie=8724663f30da2160 server_cookie=0 in_seq=0 out_seq=0
2023-12-08T09:02:25.801 INFO:teuthology.orchestra.run.smithi134.stdout:/usr/bin/ceph: stderr
2023-12-08T09:02:22.985+0000 7ffb937fe700 1 -- 172.21.15.134:0/4159959263 <== mon.0 v2:172.21.15.134:3300/0 1 ==== mon_map magic: 0 v1 ==== 229+0+0 (secure 0 0 0) 0x7ffb8800b860 con 0x7ffb941011d0
2023-12-08T09:02:25.801 INFO:teuthology.orchestra.run.smithi134.stdout:/usr/bin/ceph: stderr
2023-12-08T09:02:22.985+0000 7ffb937fe700 1 -- 172.21.15.134:0/4159959263 <== mon.0 v2:172.21.15.134:3300/0 2 ==== config(26 keys) v1 ==== 1009+0+0 (secure 0 0 0) 0x7ffb8800be30 con 0x7ffb941011d0
2023-12-08T09:02:25.801 INFO:teuthology.orchestra.run.smithi134.stdout:/usr/bin/ceph: stderr
2023-12-08T09:02:22.985+0000 7ffb937fe700 1 -- 172.21.15.134:0/4159959263 <== mon.0 v2:172.21.15.134:3300/0 3 ==== mon_map magic: 0 v1 ==== 229+0+0 (secure 0 0 0) 0x7ffb88010380 con 0x7ffb941011d0
2023-12-08T09:02:25.801 INFO:teuthology.orchestra.run.smithi134.stdout:/usr/bin/ceph: stderr
2023-12-08T09:02:22.986+0000 7ffb9b03f700 1 -- 172.21.15.134:0/4159959263 >> [v2:172.21.15.134:3300/0,v1:172.21.15.134:6789/0] conn(0x7ffb941011d0 msgr2=0x7ffb941015e0 secure :-1 s=STATE_CONNECTION_ESTABLISHED l=1).mark_down
2023-12-08T09:02:25.801 INFO:teuthology.orchestra.run.smithi134.stdout:/usr/bin/ceph: stderr
2023-12-08T09:02:22.986+0000 7ffb9b03f700 1 --2- 172.21.15.134:0/4159959263 >> [v2:172.21.15.134:3300/0,v1:172.21.15.134:6789/0] conn(0x7ffb941011d0 0x7ffb941015e0 secure :-1 s=READY pgs=26 cs=0 l=1 rev1=1 crypto rx=0x7ffb880098e0 tx=0x7ffb88009250 comp rx=0 tx=0).stop
2023-12-08T09:02:25.801 INFO:teuthology.orchestra.run.smithi134.stdout:/usr/bin/ceph: stderr
2023-12-08T09:02:22.986+0000 7ffb9b03f700 1 -- 172.21.15.134:0/4159959263 shutdown_connections
2023-12-08T09:02:25.801 INFO:teuthology.orchestra.run.smithi134.stdout:/usr/bin/ceph: stderr
2023-12-08T09:02:22.986+0000 7ffb9b03f700 1 --2- 172.21.15.134:0/4159959263 >> [v2:172.21.15.134:3300/0,v1:172.21.15.134:6789/0] conn(0x7ffb941011d0 0x7ffb941015e0 unknown :-1 s=CLOSED pgs=26 cs=0 l=1 rev1=1 crypto rx=0 tx=0 comp rx=0 tx=0).stop
2023-12-08T09:02:25.801 INFO:teuthology.orchestra.run.smithi134.stdout:/usr/bin/ceph: stderr
2023-12-08T09:02:22.986+0000 7ffb9b03f700 1 -- 172.21.15.134:0/4159959263 >> 172.21.15.134:0/4159959263 conn(0x7ffb940fc970 msgr2=0x7ffb940fed80 unknown :-1 s=STATE_NONE l=0).mark_down
2023-12-08T09:02:25.801 INFO:teuthology.orchestra.run.smithi134.stdout:/usr/bin/ceph: stderr
2023-12-08T09:02:22.986+0000 7ffb9b03f700 1 -- 172.21.15.134:0/4159959263 shutdown_connections
2023-12-08T09:02:25.801 INFO:teuthology.orchestra.run.smithi134.stdout:/usr/bin/ceph: stderr
2023-12-08T09:02:22.986+0000 7ffb9b03f700 1 -- 172.21.15.134:0/4159959263 wait complete.
2023-12-08T09:02:25.801 INFO:teuthology.orchestra.run.smithi134.stdout:/usr/bin/ceph: stderr
2023-12-08T09:02:22.987+0000 7ffb9b03f700 1 Processor -- start
2023-12-08T09:02:25.801 INFO:teuthology.orchestra.run.smithi134.stdout:/usr/bin/ceph: stderr
2023-12-08T09:02:22.987+0000 7ffb9b03f700 1 -- start start
2023-12-08T09:02:25.801 INFO:teuthology.orchestra.run.smithi134.stdout:/usr/bin/ceph: stderr
2023-12-08T09:02:22.987+0000 7ffb9b03f700 1 --2- >> [v2:172.21.15.134:3300/0,v1:172.21.15.134:6789/0] conn(0x7ffb941011d0 0x7ffb94113e50 unknown :-1 s=NONE pgs=0 cs=0 l=1 rev1=0 crypto rx=0 tx=0 comp rx=0 tx=0).connect
2023-12-08T09:02:25.802 INFO:teuthology.orchestra.run.smithi134.stdout:/usr/bin/ceph: stderr
2023-12-08T09:02:22.987+0000 7ffb9b03f700 1 -- --> [v2:172.21.15.134:3300/0,v1:172.21.15.134:6789/0] -- mon_getmap magic: 0 v1 -- 0x7ffb94070f90 con 0x7ffb941011d0
2023-12-08T09:02:25.802 INFO:teuthology.orchestra.run.smithi134.stdout:/usr/bin/ceph: stderr
2023-12-08T09:02:22.987+0000 7ffb98ddb700 1 --2- >> [v2:172.21.15.134:3300/0,v1:172.21.15.134:6789/0] conn(0x7ffb941011d0 0x7ffb94113e50 unknown :-1 s=BANNER_CONNECTING pgs=0 cs=0 l=1 rev1=0 crypto rx=0 tx=0 comp rx=0 tx=0)._handle_peer_banner_payload supported=3 required=0
2023-12-08T09:02:25.802 INFO:teuthology.orchestra.run.smithi134.stdout:/usr/bin/ceph: stderr
2023-12-08T09:02:22.987+0000 7ffb98ddb700 1 --2- >> [v2:172.21.15.134:3300/0,v1:172.21.15.134:6789/0] conn(0x7ffb941011d0 0x7ffb94113e50 unknown :-1 s=HELLO_CONNECTING pgs=0 cs=0 l=1 rev1=1 crypto rx=0 tx=0 comp rx=0 tx=0).handle_hello peer v2:172.21.15.134:3300/0 says I am v2:172.21.15.134:39444/0 (socket says 172.21.15.134:39444)
2023-12-08T09:02:25.802 INFO:teuthology.orchestra.run.smithi134.stdout:/usr/bin/ceph: stderr
2023-12-08T09:02:22.987+0000 7ffb98ddb700 1 -- 172.21.15.134:0/4183492960 learned_addr learned my addr 172.21.15.134:0/4183492960 (peer_addr_for_me v2:172.21.15.134:0/0)
2023-12-08T09:02:25.802 INFO:teuthology.orchestra.run.smithi134.stdout:/usr/bin/ceph: stderr
2023-12-08T09:02:22.988+0000 7ffb98ddb700 1 -- 172.21.15.134:0/4183492960 --> [v2:172.21.15.134:3300/0,v1:172.21.15.134:6789/0] -- mon_subscribe({config=0+,monmap=0+}) v3 -- 0x7ffb880094f0 con 0x7ffb941011d0
2023-12-08T09:02:25.802 INFO:teuthology.orchestra.run.smithi134.stdout:/usr/bin/ceph: stderr
2023-12-08T09:02:22.988+0000 7ffb98ddb700 1 --2- 172.21.15.134:0/4183492960 >> [v2:172.21.15.134:3300/0,v1:172.21.15.134:6789/0] conn(0x7ffb941011d0 0x7ffb94113e50 secure :-1 s=READY pgs=27 cs=0 l=1 rev1=1 crypto rx=0x7ffb88006b00 tx=0x7ffb88009250 comp rx=0 tx=0).ready entity=mon.0 client_cookie=0 server_cookie=0 in_seq=0 out_seq=0
2023-12-08T09:02:25.802 INFO:teuthology.orchestra.run.smithi134.stdout:/usr/bin/ceph: stderr
2023-12-08T09:02:22.988+0000 7ffb917fa700 1 -- 172.21.15.134:0/4183492960 <== mon.0 v2:172.21.15.134:3300/0 1 ==== mon_map magic: 0 v1 ==== 229+0+0 (secure 0 0 0) 0x7ffb880109b0 con 0x7ffb941011d0
2023-12-08T09:02:25.802 INFO:teuthology.orchestra.run.smithi134.stdout:/usr/bin/ceph: stderr
2023-12-08T09:02:22.988+0000 7ffb917fa700 1 -- 172.21.15.134:0/4183492960 <== mon.0 v2:172.21.15.134:3300/0 2 ==== config(26 keys) v1 ==== 1009+0+0 (secure 0 0 0) 0x7ffb88024440 con 0x7ffb941011d0
2023-12-08T09:02:25.802 INFO:teuthology.orchestra.run.smithi134.stdout:/usr/bin/ceph: stderr
2023-12-08T09:02:22.988+0000 7ffb9b03f700 1 -- 172.21.15.134:0/4183492960 --> [v2:172.21.15.134:3300/0,v1:172.21.15.134:6789/0] -- mon_subscribe({mgrmap=0+}) v3 -- 0x7ffb94071190 con 0x7ffb941011d0
2023-12-08T09:02:25.802 INFO:teuthology.orchestra.run.smithi134.stdout:/usr/bin/ceph: stderr
2023-12-08T09:02:22.988+0000 7ffb917fa700 1 -- 172.21.15.134:0/4183492960 <== mon.0 v2:172.21.15.134:3300/0 3 ==== mon_map magic: 0 v1 ==== 229+0+0 (secure 0 0 0) 0x7ffb8801a5f0 con 0x7ffb941011d0
2023-12-08T09:02:25.802 INFO:teuthology.orchestra.run.smithi134.stdout:/usr/bin/ceph: stderr
2023-12-08T09:02:22.988+0000 7ffb9b03f700 1 -- 172.21.15.134:0/4183492960 --> [v2:172.21.15.134:3300/0,v1:172.21.15.134:6789/0] -- mon_subscribe({osdmap=0}) v3 -- 0x7ffb94114550 con 0x7ffb941011d0
2023-12-08T09:02:25.802 INFO:teuthology.orchestra.run.smithi134.stdout:/usr/bin/ceph: stderr
2023-12-08T09:02:22.989+0000 7ffb917fa700 1 -- 172.21.15.134:0/4183492960 <== mon.0 v2:172.21.15.134:3300/0 4 ==== mgrmap(e 5) v1 ==== 43281+0+0 (secure 0 0 0) 0x7ffb8801a860 con 0x7ffb941011d0
2023-12-08T09:02:25.802 INFO:teuthology.orchestra.run.smithi134.stdout:/usr/bin/ceph: stderr
2023-12-08T09:02:22.989+0000 7ffb9b03f700 1 -- 172.21.15.134:0/4183492960 --> [v2:172.21.15.134:3300/0,v1:172.21.15.134:6789/0] -- mon_command({"prefix": "get_command_descriptions"} v 0) v1 -- 0x7ffb9410a050 con 0x7ffb941011d0
2023-12-08T09:02:25.803 INFO:teuthology.orchestra.run.smithi134.stdout:/usr/bin/ceph: stderr
2023-12-08T09:02:22.989+0000 7ffb917fa700 1 --2- 172.21.15.134:0/4183492960 >> [v2:172.21.15.134:6800/3399269782,v1:172.21.15.134:6801/3399269782] conn(0x7ffb84036640 0x7ffb84038af0 unknown :-1 s=NONE pgs=0 cs=0 l=1 rev1=0 crypto rx=0 tx=0 comp rx=0 tx=0).connect
2023-12-08T09:02:25.803 INFO:teuthology.orchestra.run.smithi134.stdout:/usr/bin/ceph: stderr
2023-12-08T09:02:22.989+0000 7ffb917fa700 1 -- 172.21.15.134:0/4183492960 <== mon.0 v2:172.21.15.134:3300/0 5 ==== osd_map(1..1 src has 1..1) v4 ==== 721+0+0 (secure 0 0 0) 0x7ffb8804b150 con 0x7ffb941011d0
2023-12-08T09:02:25.803 INFO:teuthology.orchestra.run.smithi134.stdout:/usr/bin/ceph: stderr
2023-12-08T09:02:22.989+0000 7ffb93fff700 1 -- 172.21.15.134:0/4183492960 >> [v2:172.21.15.134:6800/3399269782,v1:172.21.15.134:6801/3399269782] conn(0x7ffb84036640 msgr2=0x7ffb84038af0 unknown :-1 s=STATE_CONNECTING_RE l=1).process reconnect failed to v2:172.21.15.134:6800/3399269782
2023-12-08T09:02:25.803 INFO:teuthology.orchestra.run.smithi134.stdout:/usr/bin/ceph: stderr
2023-12-08T09:02:22.989+0000 7ffb93fff700 1 --2- 172.21.15.134:0/4183492960 >> [v2:172.21.15.134:6800/3399269782,v1:172.21.15.134:6801/3399269782] conn(0x7ffb84036640 0x7ffb84038af0 unknown :-1 s=START_CONNECT pgs=0 cs=0 l=1 rev1=0 crypto rx=0 tx=0 comp rx=0 tx=0)._fault waiting 0.200000
2023-12-08T09:02:25.803 INFO:teuthology.orchestra.run.smithi134.stdout:/usr/bin/ceph: stderr
2023-12-08T09:02:22.994+0000 7ffb917fa700 1 -- 172.21.15.134:0/4183492960 <== mon.0 v2:172.21.15.134:3300/0 6 ==== mon_command_ack([{"prefix": "get_command_descriptions"}]=0 v0) v1 ==== 72+0+174570 (secure 0 0 0) 0x7ffb88022340 con 0x7ffb941011d0
2023-12-08T09:02:25.803 INFO:teuthology.orchestra.run.smithi134.stdout:/usr/bin/ceph: stderr
2023-12-08T09:02:23.190+0000 7ffb93fff700 1 -- 172.21.15.134:0/4183492960 >> [v2:172.21.15.134:6800/3399269782,v1:172.21.15.134:6801/3399269782] conn(0x7ffb84036640 msgr2=0x7ffb84038af0 unknown :-1 s=STATE_CONNECTING_RE l=1).process reconnect failed to v2:172.21.15.134:6800/3399269782
2023-12-08T09:02:25.803 INFO:teuthology.orchestra.run.smithi134.stdout:/usr/bin/ceph: stderr
2023-12-08T09:02:23.190+0000 7ffb93fff700 1 --2- 172.21.15.134:0/4183492960 >> [v2:172.21.15.134:6800/3399269782,v1:172.21.15.134:6801/3399269782] conn(0x7ffb84036640 0x7ffb84038af0 unknown :-1 s=START_CONNECT pgs=0 cs=0 l=1 rev1=0 crypto rx=0 tx=0 comp rx=0 tx=0)._fault waiting 0.400000
2023-12-08T09:02:25.803 INFO:teuthology.orchestra.run.smithi134.stdout:/usr/bin/ceph: stderr
2023-12-08T09:02:23.241+0000 7ffb9b03f700 1 -- 172.21.15.134:0/4183492960 --> [v2:172.21.15.134:3300/0,v1:172.21.15.134:6789/0] -- mon_command({"prefix": "mgr stat"} v 0) v1 -- 0x7ffb9402b1b0 con 0x7ffb941011d0
2023-12-08T09:02:25.803 INFO:teuthology.orchestra.run.smithi134.stdout:/usr/bin/ceph: stderr
2023-12-08T09:02:23.242+0000 7ffb917fa700 1 -- 172.21.15.134:0/4183492960 <== mon.0 v2:172.21.15.134:3300/0 7 ==== mon_command_ack([{"prefix": "mgr stat"}]=0 v5) v1 ==== 56+0+103 (secure 0 0 0) 0x7ffb88020e90 con 0x7ffb941011d0
2023-12-08T09:02:25.803 INFO:teuthology.orchestra.run.smithi134.stdout:/usr/bin/ceph: stderr
2023-12-08T09:02:23.244+0000 7ffb9b03f700 1 -- 172.21.15.134:0/4183492960 >> [v2:172.21.15.134:6800/3399269782,v1:172.21.15.134:6801/3399269782] conn(0x7ffb84036640 msgr2=0x7ffb84038af0 unknown :-1 s=STATE_CONNECTING l=1).mark_down
2023-12-08T09:02:25.803 INFO:teuthology.orchestra.run.smithi134.stdout:/usr/bin/ceph: stderr
2023-12-08T09:02:23.244+0000 7ffb9b03f700 1 --2- 172.21.15.134:0/4183492960 >> [v2:172.21.15.134:6800/3399269782,v1:172.21.15.134:6801/3399269782] conn(0x7ffb84036640 0x7ffb84038af0 unknown :-1 s=START_CONNECT pgs=0 cs=0 l=1 rev1=0 crypto rx=0 tx=0 comp rx=0 tx=0).stop
2023-12-08T09:02:25.803 INFO:teuthology.orchestra.run.smithi134.stdout:/usr/bin/ceph: stderr
2023-12-08T09:02:23.244+0000 7ffb9b03f700 1 -- 172.21.15.134:0/4183492960 >> [v2:172.21.15.134:3300/0,v1:172.21.15.134:6789/0] conn(0x7ffb941011d0 msgr2=0x7ffb94113e50 secure :-1 s=STATE_CONNECTION_ESTABLISHED l=1).mark_down
2023-12-08T09:02:25.803 INFO:teuthology.orchestra.run.smithi134.stdout:/usr/bin/ceph: stderr
2023-12-08T09:02:23.244+0000 7ffb9b03f700 1 --2- 172.21.15.134:0/4183492960 >> [v2:172.21.15.134:3300/0,v1:172.21.15.134:6789/0] conn(0x7ffb941011d0 0x7ffb94113e50 secure :-1 s=READY pgs=27 cs=0 l=1 rev1=1 crypto rx=0x7ffb88006b00 tx=0x7ffb88009250 comp rx=0 tx=0).stop
2023-12-08T09:02:25.803 INFO:teuthology.orchestra.run.smithi134.stdout:/usr/bin/ceph: stderr
2023-12-08T09:02:23.244+0000 7ffb9b03f700 1 -- 172.21.15.134:0/4183492960 shutdown_connections
2023-12-08T09:02:25.804 INFO:teuthology.orchestra.run.smithi134.stdout:/usr/bin/ceph: stderr
2023-12-08T09:02:23.244+0000 7ffb9b03f700 1 --2- 172.21.15.134:0/4183492960 >> [v2:172.21.15.134:6800/3399269782,v1:172.21.15.134:6801/3399269782] conn(0x7ffb84036640 0x7ffb84038af0 unknown :-1 s=CLOSED pgs=0 cs=0 l=1 rev1=0 crypto rx=0 tx=0 comp rx=0 tx=0).stop
2023-12-08T09:02:25.804 INFO:teuthology.orchestra.run.smithi134.stdout:/usr/bin/ceph: stderr
2023-12-08T09:02:23.244+0000 7ffb9b03f700 1 --2- 172.21.15.134:0/4183492960 >> [v2:172.21.15.134:3300/0,v1:172.21.15.134:6789/0] conn(0x7ffb941011d0 0x7ffb94113e50 unknown :-1 s=CLOSED pgs=27 cs=0 l=1 rev1=1 crypto rx=0 tx=0 comp rx=0 tx=0).stop
2023-12-08T09:02:25.804 INFO:teuthology.orchestra.run.smithi134.stdout:/usr/bin/ceph: stderr
2023-12-08T09:02:23.244+0000 7ffb9b03f700 1 -- 172.21.15.134:0/4183492960 >> 172.21.15.134:0/4183492960 conn(0x7ffb940fc970 msgr2=0x7ffb940fe170 unknown :-1 s=STATE_NONE l=0).mark_down
2023-12-08T09:02:25.804 INFO:teuthology.orchestra.run.smithi134.stdout:/usr/bin/ceph: stderr
2023-12-08T09:02:23.244+0000 7ffb9b03f700 1 -- 172.21.15.134:0/4183492960 shutdown_connections
2023-12-08T09:02:25.804 INFO:teuthology.orchestra.run.smithi134.stdout:/usr/bin/ceph: stderr
2023-12-08T09:02:23.244+0000 7ffb9b03f700 1 -- 172.21.15.134:0/4183492960 wait complete.
2023-12-08T09:02:25.804 INFO:teuthology.orchestra.run.smithi134.stdout:Waiting for the mgr to restart...
2023-12-08T09:02:25.804 INFO:teuthology.orchestra.run.smithi134.stdout:Waiting for mgr epoch 5...
2023-12-08T09:02:27.268 INFO:journalctl@ceph.mon.smithi134.smithi134.stdout:Dec 08 09:02:26 smithi134 ceph-mon[140716]: Active manager daemon smithi134.nlmsfj restarted
2023-12-08T09:02:27.268 INFO:journalctl@ceph.mon.smithi134.smithi134.stdout:Dec 08 09:02:26 smithi134 ceph-mon[140716]: Activating manager daemon smithi134.nlmsfj
2023-12-08T09:02:27.268 INFO:journalctl@ceph.mon.smithi134.smithi134.stdout:Dec 08 09:02:26 smithi134 ceph-mon[140716]: osdmap e2: 0 total, 0 up, 0 in
2023-12-08T09:02:27.268 INFO:journalctl@ceph.mon.smithi134.smithi134.stdout:Dec 08 09:02:26 smithi134 ceph-mon[140716]: mgrmap e6: smithi134.nlmsfj(active, starting, since 0.0030457s)
2023-12-08T09:02:27.268 INFO:journalctl@ceph.mon.smithi134.smithi134.stdout:Dec 08 09:02:26 smithi134 ceph-mon[140716]: from='mgr.14120 172.21.15.134:0/3374513422' entity='mgr.smithi134.nlmsfj' cmd=[{"prefix": "mon metadata", "id": "smithi134"}]: dispatch
2023-12-08T09:02:27.268 INFO:journalctl@ceph.mon.smithi134.smithi134.stdout:Dec 08 09:02:26 smithi134 ceph-mon[140716]: from='mgr.14120 172.21.15.134:0/3374513422' entity='mgr.smithi134.nlmsfj' cmd=[{"prefix": "mgr metadata", "who": "smithi134.nlmsfj", "id": "smithi134.nlmsfj"}]: dispatch
2023-12-08T09:02:27.268 INFO:journalctl@ceph.mon.smithi134.smithi134.stdout:Dec 08 09:02:26 smithi134 ceph-mon[140716]: from='mgr.14120 172.21.15.134:0/3374513422' entity='mgr.smithi134.nlmsfj' cmd=[{"prefix": "mds metadata"}]: dispatch
2023-12-08T09:02:27.269 INFO:journalctl@ceph.mon.smithi134.smithi134.stdout:Dec 08 09:02:26 smithi134 ceph-mon[140716]: from='mgr.14120 172.21.15.134:0/3374513422' entity='mgr.smithi134.nlmsfj' cmd=[{"prefix": "osd metadata"}]: dispatch
2023-12-08T09:02:27.269 INFO:journalctl@ceph.mon.smithi134.smithi134.stdout:Dec 08 09:02:26 smithi134 ceph-mon[140716]: from='mgr.14120 172.21.15.134:0/3374513422' entity='mgr.smithi134.nlmsfj' cmd=[{"prefix": "mon metadata"}]: dispatch
2023-12-08T09:02:27.269 INFO:journalctl@ceph.mon.smithi134.smithi134.stdout:Dec 08 09:02:26 smithi134 ceph-mon[140716]: Manager daemon smithi134.nlmsfj is now available
2023-12-08T09:02:27.269 INFO:journalctl@ceph.mon.smithi134.smithi134.stdout:Dec 08 09:02:26 smithi134 ceph-mon[140716]: from='mgr.14120 172.21.15.134:0/3374513422' entity='mgr.smithi134.nlmsfj'
2023-12-08T09:02:27.269 INFO:journalctl@ceph.mon.smithi134.smithi134.stdout:Dec 08 09:02:26 smithi134 ceph-mon[140716]: from='mgr.14120 172.21.15.134:0/3374513422' entity='mgr.smithi134.nlmsfj'
2023-12-08T09:02:27.269 INFO:journalctl@ceph.mon.smithi134.smithi134.stdout:Dec 08 09:02:26 smithi134 ceph-mon[140716]: from='mgr.14120 172.21.15.134:0/3374513422' entity='mgr.smithi134.nlmsfj' cmd=[{"prefix": "config dump", "format": "json"}]: dispatch
2023-12-08T09:02:27.269 INFO:journalctl@ceph.mon.smithi134.smithi134.stdout:Dec 08 09:02:26 smithi134 ceph-mon[140716]: from='mgr.14120 172.21.15.134:0/3374513422' entity='mgr.smithi134.nlmsfj' cmd=[{"prefix": "config dump", "format": "json"}]: dispatch
2023-12-08T09:02:27.269 INFO:journalctl@ceph.mon.smithi134.smithi134.stdout:Dec 08 09:02:26 smithi134 ceph-mon[140716]: from='mgr.14120 172.21.15.134:0/3374513422' entity='mgr.smithi134.nlmsfj' cmd=[{"prefix": "config dump", "format": "json"}]: dispatch
2023-12-08T09:02:27.269 INFO:journalctl@ceph.mon.smithi134.smithi134.stdout:Dec 08 09:02:26 smithi134 ceph-mon[140716]: from='mgr.14120 172.21.15.134:0/3374513422' entity='mgr.smithi134.nlmsfj' cmd=[{"prefix":"config rm","who":"mgr","name":"mgr/rbd_support/smithi134.nlmsfj/mirror_snapshot_schedule"}]: dispatch
2023-12-08T09:02:27.269 INFO:journalctl@ceph.mon.smithi134.smithi134.stdout:Dec 08 09:02:26 smithi134 ceph-mon[140716]: from='mgr.14120 172.21.15.134:0/3374513422' entity='mgr.smithi134.nlmsfj' cmd=[{"prefix":"config rm","who":"mgr","name":"mgr/rbd_support/smithi134.nlmsfj/trash_purge_schedule"}]: dispatch
2023-12-08T09:02:28.268 INFO:journalctl@ceph.mon.smithi134.smithi134.stdout:Dec 08 09:02:27 smithi134 ceph-mon[140716]: Found migration_current of "None". Setting to last migration.
2023-12-08T09:02:28.268 INFO:journalctl@ceph.mon.smithi134.smithi134.stdout:Dec 08 09:02:27 smithi134 ceph-mon[140716]: mgrmap e7: smithi134.nlmsfj(active, since 1.00532s)
2023-12-08T09:02:29.191 INFO:teuthology.orchestra.run.smithi134.stdout:/usr/bin/ceph: stdout {
2023-12-08T09:02:29.191 INFO:teuthology.orchestra.run.smithi134.stdout:/usr/bin/ceph: stdout "mgrmap_epoch": 7,
2023-12-08T09:02:29.191 INFO:teuthology.orchestra.run.smithi134.stdout:/usr/bin/ceph: stdout "initialized": true
2023-12-08T09:02:29.191 INFO:teuthology.orchestra.run.smithi134.stdout:/usr/bin/ceph: stdout }
2023-12-08T09:02:29.191 INFO:teuthology.orchestra.run.smithi134.stdout:/usr/bin/ceph: stderr
2023-12-08T09:02:26.850+0000 7fb59fad8700 1 Processor -- start
2023-12-08T09:02:29.191 INFO:teuthology.orchestra.run.smithi134.stdout:/usr/bin/ceph: stderr
2023-12-08T09:02:26.850+0000 7fb59fad8700 1 -- start start
2023-12-08T09:02:29.191 INFO:teuthology.orchestra.run.smithi134.stdout:/usr/bin/ceph: stderr
2023-12-08T09:02:26.850+0000 7fb59fad8700 1 --2- >> [v2:172.21.15.134:3300/0,v1:172.21.15.134:6789/0] conn(0x7fb5981011d0 0x7fb5981015e0 unknown :-1 s=NONE pgs=0 cs=0 l=0 rev1=0 crypto rx=0 tx=0 comp rx=0 tx=0).connect
2023-12-08T09:02:29.191 INFO:teuthology.orchestra.run.smithi134.stdout:/usr/bin/ceph: stderr
2023-12-08T09:02:26.850+0000 7fb59fad8700 1 -- --> [v2:172.21.15.134:3300/0,v1:172.21.15.134:6789/0] -- mon_getmap magic: 0 v1 -- 0x7fb598101b20 con 0x7fb5981011d0
2023-12-08T09:02:29.191 INFO:teuthology.orchestra.run.smithi134.stdout:/usr/bin/ceph: stderr
2023-12-08T09:02:26.851+0000 7fb59d874700 1 --2- >> [v2:172.21.15.134:3300/0,v1:172.21.15.134:6789/0] conn(0x7fb5981011d0 0x7fb5981015e0 unknown :-1 s=BANNER_CONNECTING pgs=0 cs=0 l=0 rev1=0 crypto rx=0 tx=0 comp rx=0 tx=0)._handle_peer_banner_payload supported=3 required=0
2023-12-08T09:02:29.191 INFO:teuthology.orchestra.run.smithi134.stdout:/usr/bin/ceph: stderr
2023-12-08T09:02:26.851+0000 7fb59d874700 1 --2- >> [v2:172.21.15.134:3300/0,v1:172.21.15.134:6789/0] conn(0x7fb5981011d0 0x7fb5981015e0 unknown :-1 s=HELLO_CONNECTING pgs=0 cs=0 l=0 rev1=1 crypto rx=0 tx=0 comp rx=0 tx=0).handle_hello peer v2:172.21.15.134:3300/0 says I am v2:172.21.15.134:39516/0 (socket says 172.21.15.134:39516)
2023-12-08T09:02:29.192 INFO:teuthology.orchestra.run.smithi134.stdout:/usr/bin/ceph: stderr
2023-12-08T09:02:26.851+0000 7fb59d874700 1 -- 172.21.15.134:0/3219400687 learned_addr learned my addr 172.21.15.134:0/3219400687 (peer_addr_for_me v2:172.21.15.134:0/0)
2023-12-08T09:02:29.192 INFO:teuthology.orchestra.run.smithi134.stdout:/usr/bin/ceph: stderr
2023-12-08T09:02:26.851+0000 7fb59d874700 1 -- 172.21.15.134:0/3219400687 --> [v2:172.21.15.134:3300/0,v1:172.21.15.134:6789/0] -- mon_subscribe({config=0+,monmap=0+}) v3 -- 0x7fb598101c60 con 0x7fb5981011d0
2023-12-08T09:02:29.192 INFO:teuthology.orchestra.run.smithi134.stdout:/usr/bin/ceph: stderr
2023-12-08T09:02:26.851+0000 7fb59d874700 1 --2- 172.21.15.134:0/3219400687 >> [v2:172.21.15.134:3300/0,v1:172.21.15.134:6789/0] conn(0x7fb5981011d0 0x7fb5981015e0 secure :-1 s=READY pgs=35 cs=0 l=1 rev1=1 crypto rx=0x7fb59400bb80 tx=0x7fb59400b4f0 comp rx=0 tx=0).ready entity=mon.0 client_cookie=65330f1be17f207f server_cookie=0 in_seq=0 out_seq=0
2023-12-08T09:02:29.192 INFO:teuthology.orchestra.run.smithi134.stdout:/usr/bin/ceph: stderr
2023-12-08T09:02:26.851+0000 7fb59c872700 1 -- 172.21.15.134:0/3219400687 <== mon.0 v2:172.21.15.134:3300/0 1 ==== mon_map magic: 0 v1 ==== 229+0+0 (secure 0 0 0) 0x7fb59400dd00 con 0x7fb5981011d0
2023-12-08T09:02:29.192 INFO:teuthology.orchestra.run.smithi134.stdout:/usr/bin/ceph: stderr
2023-12-08T09:02:26.851+0000 7fb59c872700 1 -- 172.21.15.134:0/3219400687 <== mon.0 v2:172.21.15.134:3300/0 2 ==== config(26 keys) v1 ==== 1009+0+0 (secure 0 0 0) 0x7fb59400de60 con 0x7fb5981011d0
2023-12-08T09:02:29.192 INFO:teuthology.orchestra.run.smithi134.stdout:/usr/bin/ceph: stderr
2023-12-08T09:02:26.851+0000 7fb59c872700 1 -- 172.21.15.134:0/3219400687 <== mon.0 v2:172.21.15.134:3300/0 3 ==== mon_map magic: 0 v1 ==== 229+0+0 (secure 0 0 0) 0x7fb594018840 con 0x7fb5981011d0
2023-12-08T09:02:29.192 INFO:teuthology.orchestra.run.smithi134.stdout:/usr/bin/ceph: stderr
2023-12-08T09:02:26.852+0000 7fb59fad8700 1 -- 172.21.15.134:0/3219400687 >> [v2:172.21.15.134:3300/0,v1:172.21.15.134:6789/0] conn(0x7fb5981011d0 msgr2=0x7fb5981015e0 secure :-1 s=STATE_CONNECTION_ESTABLISHED l=1).mark_down
2023-12-08T09:02:29.192 INFO:teuthology.orchestra.run.smithi134.stdout:/usr/bin/ceph: stderr
2023-12-08T09:02:26.852+0000 7fb59fad8700 1 --2- 172.21.15.134:0/3219400687 >> [v2:172.21.15.134:3300/0,v1:172.21.15.134:6789/0] conn(0x7fb5981011d0 0x7fb5981015e0 secure :-1 s=READY pgs=35 cs=0 l=1 rev1=1 crypto rx=0x7fb59400bb80 tx=0x7fb59400b4f0 comp rx=0 tx=0).stop
2023-12-08T09:02:29.192 INFO:teuthology.orchestra.run.smithi134.stdout:/usr/bin/ceph: stderr
2023-12-08T09:02:26.852+0000 7fb59fad8700 1 -- 172.21.15.134:0/3219400687 shutdown_connections
2023-12-08T09:02:29.192 INFO:teuthology.orchestra.run.smithi134.stdout:/usr/bin/ceph: stderr
2023-12-08T09:02:26.852+0000 7fb59fad8700 1 --2- 172.21.15.134:0/3219400687 >> [v2:172.21.15.134:3300/0,v1:172.21.15.134:6789/0] conn(0x7fb5981011d0 0x7fb5981015e0 unknown :-1 s=CLOSED pgs=35 cs=0 l=1 rev1=1 crypto rx=0 tx=0 comp rx=0 tx=0).stop
2023-12-08T09:02:29.192 INFO:teuthology.orchestra.run.smithi134.stdout:/usr/bin/ceph: stderr
2023-12-08T09:02:26.852+0000 7fb59fad8700 1 -- 172.21.15.134:0/3219400687 >> 172.21.15.134:0/3219400687 conn(0x7fb5980fc970 msgr2=0x7fb5980fed80 unknown :-1 s=STATE_NONE l=0).mark_down
2023-12-08T09:02:29.193 INFO:teuthology.orchestra.run.smithi134.stdout:/usr/bin/ceph: stderr
2023-12-08T09:02:26.852+0000 7fb59fad8700 1 -- 172.21.15.134:0/3219400687 shutdown_connections
2023-12-08T09:02:29.193 INFO:teuthology.orchestra.run.smithi134.stdout:/usr/bin/ceph: stderr
2023-12-08T09:02:26.852+0000 7fb59fad8700 1 -- 172.21.15.134:0/3219400687 wait complete.
2023-12-08T09:02:29.193 INFO:teuthology.orchestra.run.smithi134.stdout:/usr/bin/ceph: stderr
2023-12-08T09:02:26.852+0000 7fb59fad8700 1 Processor -- start
2023-12-08T09:02:29.193 INFO:teuthology.orchestra.run.smithi134.stdout:/usr/bin/ceph: stderr
2023-12-08T09:02:26.852+0000 7fb59fad8700 1 -- start start
2023-12-08T09:02:29.193 INFO:teuthology.orchestra.run.smithi134.stdout:/usr/bin/ceph: stderr
2023-12-08T09:02:26.852+0000 7fb59fad8700 1 --2- >> [v2:172.21.15.134:3300/0,v1:172.21.15.134:6789/0] conn(0x7fb5981011d0 0x7fb59810ef10 unknown :-1 s=NONE pgs=0 cs=0 l=1 rev1=0 crypto rx=0 tx=0 comp rx=0 tx=0).connect
2023-12-08T09:02:29.193 INFO:teuthology.orchestra.run.smithi134.stdout:/usr/bin/ceph: stderr
2023-12-08T09:02:26.852+0000 7fb59fad8700 1 -- --> [v2:172.21.15.134:3300/0,v1:172.21.15.134:6789/0] -- mon_getmap magic: 0 v1 -- 0x7fb59810f450 con 0x7fb5981011d0
2023-12-08T09:02:29.193 INFO:teuthology.orchestra.run.smithi134.stdout:/usr/bin/ceph: stderr
2023-12-08T09:02:26.853+0000 7fb59d874700 1 --2- >> [v2:172.21.15.134:3300/0,v1:172.21.15.134:6789/0] conn(0x7fb5981011d0 0x7fb59810ef10 unknown :-1 s=BANNER_CONNECTING pgs=0 cs=0 l=1 rev1=0 crypto rx=0 tx=0 comp rx=0 tx=0)._handle_peer_banner_payload supported=3 required=0
2023-12-08T09:02:29.193 INFO:teuthology.orchestra.run.smithi134.stdout:/usr/bin/ceph: stderr
2023-12-08T09:02:26.853+0000 7fb59d874700 1 --2- >> [v2:172.21.15.134:3300/0,v1:172.21.15.134:6789/0] conn(0x7fb5981011d0 0x7fb59810ef10 unknown :-1 s=HELLO_CONNECTING pgs=0 cs=0 l=1 rev1=1 crypto rx=0 tx=0 comp rx=0 tx=0).handle_hello peer v2:172.21.15.134:3300/0 says I am v2:172.21.15.134:39532/0 (socket says 172.21.15.134:39532)
2023-12-08T09:02:29.193 INFO:teuthology.orchestra.run.smithi134.stdout:/usr/bin/ceph: stderr
2023-12-08T09:02:26.853+0000 7fb59d874700 1 -- 172.21.15.134:0/233496656 learned_addr learned my addr 172.21.15.134:0/233496656 (peer_addr_for_me v2:172.21.15.134:0/0)
2023-12-08T09:02:29.193 INFO:teuthology.orchestra.run.smithi134.stdout:/usr/bin/ceph: stderr
2023-12-08T09:02:26.853+0000 7fb59d874700 1 -- 172.21.15.134:0/233496656 --> [v2:172.21.15.134:3300/0,v1:172.21.15.134:6789/0] -- mon_subscribe({config=0+,monmap=0+}) v3 -- 0x7fb59400b790 con 0x7fb5981011d0
2023-12-08T09:02:29.193 INFO:teuthology.orchestra.run.smithi134.stdout:/usr/bin/ceph: stderr
2023-12-08T09:02:26.853+0000 7fb59d874700 1 --2- 172.21.15.134:0/233496656 >> [v2:172.21.15.134:3300/0,v1:172.21.15.134:6789/0] conn(0x7fb5981011d0 0x7fb59810ef10 secure :-1 s=READY pgs=36 cs=0 l=1 rev1=1 crypto rx=0x7fb59400d650 tx=0x7fb59400b4f0 comp rx=0 tx=0).ready entity=mon.0 client_cookie=0 server_cookie=0 in_seq=0 out_seq=0
2023-12-08T09:02:29.193 INFO:teuthology.orchestra.run.smithi134.stdout:/usr/bin/ceph: stderr
2023-12-08T09:02:26.853+0000 7fb58e7fc700 1 -- 172.21.15.134:0/233496656 <== mon.0 v2:172.21.15.134:3300/0 1 ==== mon_map magic: 0 v1 ==== 229+0+0 (secure 0 0 0) 0x7fb5940108e0 con 0x7fb5981011d0
2023-12-08T09:02:29.193 INFO:teuthology.orchestra.run.smithi134.stdout:/usr/bin/ceph: stderr
2023-12-08T09:02:26.853+0000 7fb59fad8700 1 -- 172.21.15.134:0/233496656 --> [v2:172.21.15.134:3300/0,v1:172.21.15.134:6789/0] -- mon_subscribe({mgrmap=0+}) v3 -- 0x7fb59810f650 con 0x7fb5981011d0
2023-12-08T09:02:29.193 INFO:teuthology.orchestra.run.smithi134.stdout:/usr/bin/ceph: stderr
2023-12-08T09:02:26.853+0000 7fb58e7fc700 1 -- 172.21.15.134:0/233496656 <== mon.0 v2:172.21.15.134:3300/0 2 ==== config(26 keys) v1 ==== 1009+0+0 (secure 0 0 0) 0x7fb59401d050 con 0x7fb5981011d0
2023-12-08T09:02:29.194 INFO:teuthology.orchestra.run.smithi134.stdout:/usr/bin/ceph: stderr
2023-12-08T09:02:26.853+0000 7fb58e7fc700 1 -- 172.21.15.134:0/233496656 <== mon.0 v2:172.21.15.134:3300/0 3 ==== mon_map magic: 0 v1 ==== 229+0+0 (secure 0 0 0) 0x7fb594022590 con 0x7fb5981011d0
2023-12-08T09:02:29.194 INFO:teuthology.orchestra.run.smithi134.stdout:/usr/bin/ceph: stderr
2023-12-08T09:02:26.853+0000 7fb59fad8700 1 -- 172.21.15.134:0/233496656 --> [v2:172.21.15.134:3300/0,v1:172.21.15.134:6789/0] -- mon_subscribe({osdmap=0}) v3 -- 0x7fb59810fa60 con 0x7fb5981011d0
2023-12-08T09:02:29.194 INFO:teuthology.orchestra.run.smithi134.stdout:/usr/bin/ceph: stderr
2023-12-08T09:02:26.854+0000 7fb58e7fc700 1 -- 172.21.15.134:0/233496656 <== mon.0 v2:172.21.15.134:3300/0 4 ==== mgrmap(e 6) v1 ==== 43048+0+0 (secure 0 0 0) 0x7fb594010a40 con 0x7fb5981011d0
2023-12-08T09:02:29.194 INFO:teuthology.orchestra.run.smithi134.stdout:/usr/bin/ceph: stderr
2023-12-08T09:02:26.854+0000 7fb58e7fc700 1 -- 172.21.15.134:0/233496656 <== mon.0 v2:172.21.15.134:3300/0 5 ==== osd_map(2..2 src has 1..2) v4 ==== 936+0+0 (secure 0 0 0) 0x7fb594014070 con 0x7fb5981011d0
2023-12-08T09:02:29.194 INFO:teuthology.orchestra.run.smithi134.stdout:/usr/bin/ceph: stderr
2023-12-08T09:02:27.611+0000 7fb58e7fc700 1 -- 172.21.15.134:0/233496656 <== mon.0 v2:172.21.15.134:3300/0 6 ==== mgrmap(e 7) v1 ==== 43175+0+0 (secure 0 0 0) 0x7fb59404c120 con 0x7fb5981011d0
2023-12-08T09:02:29.194 INFO:teuthology.orchestra.run.smithi134.stdout:/usr/bin/ceph: stderr
2023-12-08T09:02:27.611+0000 7fb58e7fc700 1 --2- 172.21.15.134:0/233496656 >> [v2:172.21.15.134:6800/3301222595,v1:172.21.15.134:6801/3301222595] conn(0x7fb5840370e0 0x7fb5840394c0 unknown :-1 s=NONE pgs=0 cs=0 l=1 rev1=0 crypto rx=0 tx=0 comp rx=0 tx=0).connect
2023-12-08T09:02:29.194 INFO:teuthology.orchestra.run.smithi134.stdout:/usr/bin/ceph: stderr
2023-12-08T09:02:27.611+0000 7fb58e7fc700 1 -- 172.21.15.134:0/233496656 --> [v2:172.21.15.134:6800/3301222595,v1:172.21.15.134:6801/3301222595] -- command(tid 0: {"prefix": "get_command_descriptions"}) v1 -- 0x7fb584039a00 con 0x7fb5840370e0
2023-12-08T09:02:29.194 INFO:teuthology.orchestra.run.smithi134.stdout:/usr/bin/ceph: stderr
2023-12-08T09:02:27.611+0000 7fb59d073700 1 --2- 172.21.15.134:0/233496656 >> [v2:172.21.15.134:6800/3301222595,v1:172.21.15.134:6801/3301222595] conn(0x7fb5840370e0 0x7fb5840394c0 unknown :-1 s=BANNER_CONNECTING pgs=0 cs=0 l=1 rev1=0 crypto rx=0 tx=0 comp rx=0 tx=0)._handle_peer_banner_payload supported=3 required=0
2023-12-08T09:02:29.194 INFO:teuthology.orchestra.run.smithi134.stdout:/usr/bin/ceph: stderr
2023-12-08T09:02:27.612+0000 7fb59d073700 1 --2- 172.21.15.134:0/233496656 >> [v2:172.21.15.134:6800/3301222595,v1:172.21.15.134:6801/3301222595] conn(0x7fb5840370e0 0x7fb5840394c0 secure :-1 s=READY pgs=5 cs=0 l=1 rev1=1 crypto rx=0x7fb588009990 tx=0x7fb588006e40 comp rx=0 tx=0).ready entity=mgr.14120 client_cookie=0 server_cookie=0 in_seq=0 out_seq=0
2023-12-08T09:02:29.194 INFO:teuthology.orchestra.run.smithi134.stdout:/usr/bin/ceph: stderr
2023-12-08T09:02:27.612+0000 7fb58e7fc700 1 -- 172.21.15.134:0/233496656 <== mgr.14120 v2:172.21.15.134:6800/3301222595 1 ==== command_reply(tid 0: 0 ) v1 ==== 8+0+6549 (secure 0 0 0) 0x7fb584039a00 con 0x7fb5840370e0
2023-12-08T09:02:29.194 INFO:teuthology.orchestra.run.smithi134.stdout:/usr/bin/ceph: stderr
2023-12-08T09:02:27.618+0000 7fb59fad8700 1 -- 172.21.15.134:0/233496656 --> [v2:172.21.15.134:6800/3301222595,v1:172.21.15.134:6801/3301222595] -- command(tid 1: {"prefix": "mgr_status"}) v1 -- 0x7fb59804bb80 con 0x7fb5840370e0
2023-12-08T09:02:29.194 INFO:teuthology.orchestra.run.smithi134.stdout:/usr/bin/ceph: stderr
2023-12-08T09:02:27.618+0000 7fb58e7fc700 1 -- 172.21.15.134:0/233496656 <== mgr.14120 v2:172.21.15.134:6800/3301222595 2 ==== command_reply(tid 1: 0 ) v1 ==== 8+0+51 (secure 0 0 0) 0x7fb59804bb80 con 0x7fb5840370e0
2023-12-08T09:02:29.194 INFO:teuthology.orchestra.run.smithi134.stdout:/usr/bin/ceph: stderr
2023-12-08T09:02:27.619+0000 7fb59fad8700 1 -- 172.21.15.134:0/233496656 >> [v2:172.21.15.134:6800/3301222595,v1:172.21.15.134:6801/3301222595] conn(0x7fb5840370e0 msgr2=0x7fb5840394c0 secure :-1 s=STATE_CONNECTION_ESTABLISHED l=1).mark_down
2023-12-08T09:02:29.195 INFO:journalctl@ceph.mon.smithi134.smithi134.stdout:Dec 08 09:02:29 smithi134 ceph-mon[140716]: from='client.14130 -' entity='client.admin' cmd=[{"prefix": "get_command_descriptions"}]: dispatch
2023-12-08T09:02:29.195 INFO:journalctl@ceph.mon.smithi134.smithi134.stdout:Dec 08 09:02:29 smithi134 ceph-mon[140716]: from='client.14130 -' entity='client.admin' cmd=[{"prefix": "mgr_status"}]: dispatch
2023-12-08T09:02:29.195 INFO:journalctl@ceph.mon.smithi134.smithi134.stdout:Dec 08 09:02:29 smithi134 ceph-mon[140716]: [08/Dec/2023:09:02:27] ENGINE Bus STARTING
2023-12-08T09:02:29.195 INFO:journalctl@ceph.mon.smithi134.smithi134.stdout:Dec 08 09:02:29 smithi134 ceph-mon[140716]: [08/Dec/2023:09:02:28] ENGINE Serving on https://172.21.15.134:7150
2023-12-08T09:02:29.195 INFO:journalctl@ceph.mon.smithi134.smithi134.stdout:Dec 08 09:02:29 smithi134 ceph-mon[140716]: [08/Dec/2023:09:02:28] ENGINE Bus STARTED
2023-12-08T09:02:29.195 INFO:journalctl@ceph.mon.smithi134.smithi134.stdout:Dec 08 09:02:29 smithi134 ceph-mon[140716]: from='mgr.14120 172.21.15.134:0/3374513422' entity='mgr.smithi134.nlmsfj'
2023-12-08T09:02:29.195 INFO:journalctl@ceph.mon.smithi134.smithi134.stdout:Dec 08 09:02:29 smithi134 ceph-mon[140716]: from='mgr.14120 172.21.15.134:0/3374513422' entity='mgr.smithi134.nlmsfj' cmd=[{"prefix": "config dump", "format": "json"}]: dispatch
2023-12-08T09:02:29.196 INFO:teuthology.orchestra.run.smithi134.stdout:/usr/bin/ceph: stderr
