2023-12-08T09:02:42.949+0000 7fe3ad9d3700 1 --2- 172.21.15.134:0/1780832 >> [v2:172.21.15.134:6800/3301222595,v1:172.21.15.134:6801/3301222595] conn(0x7fe3940365f0 0x7fe394038aa0 unknown :-1 s=CLOSED pgs=18 cs=0 l=1 rev1=1 crypto rx=0 tx=0 comp rx=0 tx=0).stop
2023-12-08T09:02:43.314 INFO:teuthology.orchestra.run.smithi134.stdout:/usr/bin/ceph: stderr
2023-12-08T09:02:42.949+0000 7fe3ad9d3700 1 --2- 172.21.15.134:0/1780832 >> [v2:172.21.15.134:3300/0,v1:172.21.15.134:6789/0] conn(0x7fe3a81039b0 0x7fe3a81031f0 unknown :-1 s=CLOSED pgs=60 cs=0 l=1 rev1=1 crypto rx=0 tx=0 comp rx=0 tx=0).stop
2023-12-08T09:02:43.314 INFO:teuthology.orchestra.run.smithi134.stdout:/usr/bin/ceph: stderr
2023-12-08T09:02:42.949+0000 7fe3ad9d3700 1 -- 172.21.15.134:0/1780832 >> 172.21.15.134:0/1780832 conn(0x7fe3a80fc0b0 msgr2=0x7fe3a80fe4b0 unknown :-1 s=STATE_NONE l=0).mark_down
2023-12-08T09:02:43.314 INFO:teuthology.orchestra.run.smithi134.stdout:/usr/bin/ceph: stderr
2023-12-08T09:02:42.949+0000 7fe3ad9d3700 1 -- 172.21.15.134:0/1780832 shutdown_connections
2023-12-08T09:02:43.314 INFO:teuthology.orchestra.run.smithi134.stdout:/usr/bin/ceph: stderr
2023-12-08T09:02:42.949+0000 7fe3ad9d3700 1 -- 172.21.15.134:0/1780832 wait complete.
2023-12-08T09:02:44.205 INFO:teuthology.orchestra.run.smithi134.stdout:/usr/bin/ceph: stderr
2023-12-08T09:02:43.653+0000 7f3b3cfb7700 1 Processor -- start
2023-12-08T09:02:44.205 INFO:teuthology.orchestra.run.smithi134.stdout:/usr/bin/ceph: stderr
2023-12-08T09:02:43.653+0000 7f3b3cfb7700 1 -- start start
2023-12-08T09:02:44.205 INFO:teuthology.orchestra.run.smithi134.stdout:/usr/bin/ceph: stderr
2023-12-08T09:02:43.653+0000 7f3b3cfb7700 1 --2- >> [v2:172.21.15.134:3300/0,v1:172.21.15.134:6789/0] conn(0x7f3b381011d0 0x7f3b381015e0 unknown :-1 s=NONE pgs=0 cs=0 l=0 rev1=0 crypto rx=0 tx=0 comp rx=0 tx=0).connect
2023-12-08T09:02:44.205 INFO:teuthology.orchestra.run.smithi134.stdout:/usr/bin/ceph: stderr
2023-12-08T09:02:43.653+0000 7f3b3cfb7700 1 -- --> [v2:172.21.15.134:3300/0,v1:172.21.15.134:6789/0] -- mon_getmap magic: 0 v1 -- 0x7f3b38101b20 con 0x7f3b381011d0
2023-12-08T09:02:44.205 INFO:teuthology.orchestra.run.smithi134.stdout:/usr/bin/ceph: stderr
2023-12-08T09:02:43.653+0000 7f3b3659c700 1 --2- >> [v2:172.21.15.134:3300/0,v1:172.21.15.134:6789/0] conn(0x7f3b381011d0 0x7f3b381015e0 unknown :-1 s=BANNER_CONNECTING pgs=0 cs=0 l=0 rev1=0 crypto rx=0 tx=0 comp rx=0 tx=0)._handle_peer_banner_payload supported=3 required=0
2023-12-08T09:02:44.205 INFO:teuthology.orchestra.run.smithi134.stdout:/usr/bin/ceph: stderr
2023-12-08T09:02:43.653+0000 7f3b3659c700 1 --2- >> [v2:172.21.15.134:3300/0,v1:172.21.15.134:6789/0] conn(0x7f3b381011d0 0x7f3b381015e0 unknown :-1 s=HELLO_CONNECTING pgs=0 cs=0 l=0 rev1=1 crypto rx=0 tx=0 comp rx=0 tx=0).handle_hello peer v2:172.21.15.134:3300/0 says I am v2:172.21.15.134:34764/0 (socket says 172.21.15.134:34764)
2023-12-08T09:02:44.205 INFO:teuthology.orchestra.run.smithi134.stdout:/usr/bin/ceph: stderr
2023-12-08T09:02:43.653+0000 7f3b3659c700 1 -- 172.21.15.134:0/3119438962 learned_addr learned my addr 172.21.15.134:0/3119438962 (peer_addr_for_me v2:172.21.15.134:0/0)
2023-12-08T09:02:44.205 INFO:teuthology.orchestra.run.smithi134.stdout:/usr/bin/ceph: stderr
2023-12-08T09:02:43.653+0000 7f3b3659c700 1 -- 172.21.15.134:0/3119438962 --> [v2:172.21.15.134:3300/0,v1:172.21.15.134:6789/0] -- mon_subscribe({config=0+,monmap=0+}) v3 -- 0x7f3b38101c60 con 0x7f3b381011d0
2023-12-08T09:02:44.206 INFO:teuthology.orchestra.run.smithi134.stdout:/usr/bin/ceph: stderr
2023-12-08T09:02:43.654+0000 7f3b3659c700 1 --2- 172.21.15.134:0/3119438962 >> [v2:172.21.15.134:3300/0,v1:172.21.15.134:6789/0] conn(0x7f3b381011d0 0x7f3b381015e0 secure :-1 s=READY pgs=61 cs=0 l=1 rev1=1 crypto rx=0x7f3b280098e0 tx=0x7f3b28009250 comp rx=0 tx=0).ready entity=mon.0 client_cookie=bac191bf898bec9c server_cookie=0 in_seq=0 out_seq=0
2023-12-08T09:02:44.206 INFO:teuthology.orchestra.run.smithi134.stdout:/usr/bin/ceph: stderr
2023-12-08T09:02:43.654+0000 7f3b3559a700 1 -- 172.21.15.134:0/3119438962 <== mon.0 v2:172.21.15.134:3300/0 1 ==== mon_map magic: 0 v1 ==== 229+0+0 (secure 0 0 0) 0x7f3b2800b860 con 0x7f3b381011d0
2023-12-08T09:02:44.206 INFO:teuthology.orchestra.run.smithi134.stdout:/usr/bin/ceph: stderr
2023-12-08T09:02:43.654+0000 7f3b3559a700 1 -- 172.21.15.134:0/3119438962 <== mon.0 v2:172.21.15.134:3300/0 2 ==== config(26 keys) v1 ==== 1074+0+0 (secure 0 0 0) 0x7f3b2800be70 con 0x7f3b381011d0
2023-12-08T09:02:44.206 INFO:teuthology.orchestra.run.smithi134.stdout:/usr/bin/ceph: stderr
2023-12-08T09:02:43.654+0000 7f3b3559a700 1 -- 172.21.15.134:0/3119438962 <== mon.0 v2:172.21.15.134:3300/0 3 ==== mon_map magic: 0 v1 ==== 229+0+0 (secure 0 0 0) 0x7f3b28010380 con 0x7f3b381011d0
2023-12-08T09:02:44.206 INFO:teuthology.orchestra.run.smithi134.stdout:/usr/bin/ceph: stderr
2023-12-08T09:02:43.654+0000 7f3b3cfb7700 1 -- 172.21.15.134:0/3119438962 >> [v2:172.21.15.134:3300/0,v1:172.21.15.134:6789/0] conn(0x7f3b381011d0 msgr2=0x7f3b381015e0 secure :-1 s=STATE_CONNECTION_ESTABLISHED l=1).mark_down
2023-12-08T09:02:44.206 INFO:teuthology.orchestra.run.smithi134.stdout:/usr/bin/ceph: stderr
2023-12-08T09:02:43.654+0000 7f3b3cfb7700 1 --2- 172.21.15.134:0/3119438962 >> [v2:172.21.15.134:3300/0,v1:172.21.15.134:6789/0] conn(0x7f3b381011d0 0x7f3b381015e0 secure :-1 s=READY pgs=61 cs=0 l=1 rev1=1 crypto rx=0x7f3b280098e0 tx=0x7f3b28009250 comp rx=0 tx=0).stop
2023-12-08T09:02:44.206 INFO:teuthology.orchestra.run.smithi134.stdout:/usr/bin/ceph: stderr
2023-12-08T09:02:43.654+0000 7f3b3cfb7700 1 -- 172.21.15.134:0/3119438962 shutdown_connections
2023-12-08T09:02:44.206 INFO:teuthology.orchestra.run.smithi134.stdout:/usr/bin/ceph: stderr
2023-12-08T09:02:43.654+0000 7f3b3cfb7700 1 --2- 172.21.15.134:0/3119438962 >> [v2:172.21.15.134:3300/0,v1:172.21.15.134:6789/0] conn(0x7f3b381011d0 0x7f3b381015e0 unknown :-1 s=CLOSED pgs=61 cs=0 l=1 rev1=1 crypto rx=0 tx=0 comp rx=0 tx=0).stop
2023-12-08T09:02:44.206 INFO:teuthology.orchestra.run.smithi134.stdout:/usr/bin/ceph: stderr
2023-12-08T09:02:43.654+0000 7f3b3cfb7700 1 -- 172.21.15.134:0/3119438962 >> 172.21.15.134:0/3119438962 conn(0x7f3b380fc970 msgr2=0x7f3b380fed80 unknown :-1 s=STATE_NONE l=0).mark_down
2023-12-08T09:02:44.206 INFO:teuthology.orchestra.run.smithi134.stdout:/usr/bin/ceph: stderr
2023-12-08T09:02:43.654+0000 7f3b3cfb7700 1 -- 172.21.15.134:0/3119438962 shutdown_connections
2023-12-08T09:02:44.206 INFO:teuthology.orchestra.run.smithi134.stdout:/usr/bin/ceph: stderr
2023-12-08T09:02:43.654+0000 7f3b3cfb7700 1 -- 172.21.15.134:0/3119438962 wait complete.
2023-12-08T09:02:44.206 INFO:teuthology.orchestra.run.smithi134.stdout:/usr/bin/ceph: stderr
2023-12-08T09:02:43.655+0000 7f3b3cfb7700 1 Processor -- start
2023-12-08T09:02:44.206 INFO:teuthology.orchestra.run.smithi134.stdout:/usr/bin/ceph: stderr
2023-12-08T09:02:43.655+0000 7f3b3cfb7700 1 -- start start
2023-12-08T09:02:44.206 INFO:teuthology.orchestra.run.smithi134.stdout:/usr/bin/ceph: stderr
2023-12-08T09:02:43.655+0000 7f3b3cfb7700 1 --2- >> [v2:172.21.15.134:3300/0,v1:172.21.15.134:6789/0] conn(0x7f3b381011d0 0x7f3b381111c0 unknown :-1 s=NONE pgs=0 cs=0 l=1 rev1=0 crypto rx=0 tx=0 comp rx=0 tx=0).connect
2023-12-08T09:02:44.207 INFO:teuthology.orchestra.run.smithi134.stdout:/usr/bin/ceph: stderr
2023-12-08T09:02:43.655+0000 7f3b3cfb7700 1 -- --> [v2:172.21.15.134:3300/0,v1:172.21.15.134:6789/0] -- mon_getmap magic: 0 v1 -- 0x7f3b38111700 con 0x7f3b381011d0
2023-12-08T09:02:44.207 INFO:teuthology.orchestra.run.smithi134.stdout:/usr/bin/ceph: stderr
2023-12-08T09:02:43.655+0000 7f3b3659c700 1 --2- >> [v2:172.21.15.134:3300/0,v1:172.21.15.134:6789/0] conn(0x7f3b381011d0 0x7f3b381111c0 unknown :-1 s=BANNER_CONNECTING pgs=0 cs=0 l=1 rev1=0 crypto rx=0 tx=0 comp rx=0 tx=0)._handle_peer_banner_payload supported=3 required=0
2023-12-08T09:02:44.207 INFO:teuthology.orchestra.run.smithi134.stdout:/usr/bin/ceph: stderr
2023-12-08T09:02:43.655+0000 7f3b3659c700 1 --2- >> [v2:172.21.15.134:3300/0,v1:172.21.15.134:6789/0] conn(0x7f3b381011d0 0x7f3b381111c0 unknown :-1 s=HELLO_CONNECTING pgs=0 cs=0 l=1 rev1=1 crypto rx=0 tx=0 comp rx=0 tx=0).handle_hello peer v2:172.21.15.134:3300/0 says I am v2:172.21.15.134:34776/0 (socket says 172.21.15.134:34776)
2023-12-08T09:02:44.207 INFO:teuthology.orchestra.run.smithi134.stdout:/usr/bin/ceph: stderr
2023-12-08T09:02:43.655+0000 7f3b3659c700 1 -- 172.21.15.134:0/1322141656 learned_addr learned my addr 172.21.15.134:0/1322141656 (peer_addr_for_me v2:172.21.15.134:0/0)
2023-12-08T09:02:44.207 INFO:teuthology.orchestra.run.smithi134.stdout:/usr/bin/ceph: stderr
2023-12-08T09:02:43.655+0000 7f3b3659c700 1 -- 172.21.15.134:0/1322141656 --> [v2:172.21.15.134:3300/0,v1:172.21.15.134:6789/0] -- mon_subscribe({config=0+,monmap=0+}) v3 -- 0x7f3b280094f0 con 0x7f3b381011d0
2023-12-08T09:02:44.207 INFO:teuthology.orchestra.run.smithi134.stdout:/usr/bin/ceph: stderr
2023-12-08T09:02:43.656+0000 7f3b3659c700 1 --2- 172.21.15.134:0/1322141656 >> [v2:172.21.15.134:3300/0,v1:172.21.15.134:6789/0] conn(0x7f3b381011d0 0x7f3b381111c0 secure :-1 s=READY pgs=62 cs=0 l=1 rev1=1 crypto rx=0x7f3b28011b60 tx=0x7f3b28009250 comp rx=0 tx=0).ready entity=mon.0 client_cookie=0 server_cookie=0 in_seq=0 out_seq=0
2023-12-08T09:02:44.207 INFO:teuthology.orchestra.run.smithi134.stdout:/usr/bin/ceph: stderr
2023-12-08T09:02:43.656+0000 7f3b26ffd700 1 -- 172.21.15.134:0/1322141656 <== mon.0 v2:172.21.15.134:3300/0 1 ==== mon_map magic: 0 v1 ==== 229+0+0 (secure 0 0 0) 0x7f3b28010850 con 0x7f3b381011d0
2023-12-08T09:02:44.207 INFO:teuthology.orchestra.run.smithi134.stdout:/usr/bin/ceph: stderr
2023-12-08T09:02:43.656+0000 7f3b26ffd700 1 -- 172.21.15.134:0/1322141656 <== mon.0 v2:172.21.15.134:3300/0 2 ==== config(26 keys) v1 ==== 1074+0+0 (secure 0 0 0) 0x7f3b28010e60 con 0x7f3b381011d0
2023-12-08T09:02:44.207 INFO:teuthology.orchestra.run.smithi134.stdout:/usr/bin/ceph: stderr
2023-12-08T09:02:43.656+0000 7f3b26ffd700 1 -- 172.21.15.134:0/1322141656 <== mon.0 v2:172.21.15.134:3300/0 3 ==== mon_map magic: 0 v1 ==== 229+0+0 (secure 0 0 0) 0x7f3b2801ae20 con 0x7f3b381011d0
2023-12-08T09:02:44.207 INFO:teuthology.orchestra.run.smithi134.stdout:/usr/bin/ceph: stderr
2023-12-08T09:02:43.656+0000 7f3b3cfb7700 1 -- 172.21.15.134:0/1322141656 --> [v2:172.21.15.134:3300/0,v1:172.21.15.134:6789/0] -- mon_subscribe({mgrmap=0+}) v3 -- 0x7f3b38111900 con 0x7f3b381011d0
2023-12-08T09:02:44.207 INFO:teuthology.orchestra.run.smithi134.stdout:/usr/bin/ceph: stderr
2023-12-08T09:02:43.656+0000 7f3b3cfb7700 1 -- 172.21.15.134:0/1322141656 --> [v2:172.21.15.134:3300/0,v1:172.21.15.134:6789/0] -- mon_subscribe({osdmap=0}) v3 -- 0x7f3b38111d10 con 0x7f3b381011d0
2023-12-08T09:02:44.207 INFO:teuthology.orchestra.run.smithi134.stdout:/usr/bin/ceph: stderr
2023-12-08T09:02:43.656+0000 7f3b26ffd700 1 -- 172.21.15.134:0/1322141656 <== mon.0 v2:172.21.15.134:3300/0 4 ==== mgrmap(e 8) v1 ==== 43281+0+0 (secure 0 0 0) 0x7f3b2802d3f0 con 0x7f3b381011d0
2023-12-08T09:02:44.207 INFO:teuthology.orchestra.run.smithi134.stdout:/usr/bin/ceph: stderr
2023-12-08T09:02:43.657+0000 7f3b26ffd700 1 --2- 172.21.15.134:0/1322141656 >> [v2:172.21.15.134:6800/3301222595,v1:172.21.15.134:6801/3301222595] conn(0x7f3b200365f0 0x7f3b20038aa0 unknown :-1 s=NONE pgs=0 cs=0 l=1 rev1=0 crypto rx=0 tx=0 comp rx=0 tx=0).connect
2023-12-08T09:02:44.207 INFO:teuthology.orchestra.run.smithi134.stdout:/usr/bin/ceph: stderr
2023-12-08T09:02:43.657+0000 7f3b3cfb7700 1 -- 172.21.15.134:0/1322141656 --> [v2:172.21.15.134:3300/0,v1:172.21.15.134:6789/0] -- mon_command({"prefix": "get_command_descriptions"} v 0) v1 -- 0x7f3b3804bb80 con 0x7f3b381011d0
2023-12-08T09:02:44.207 INFO:teuthology.orchestra.run.smithi134.stdout:/usr/bin/ceph: stderr
2023-12-08T09:02:43.657+0000 7f3b26ffd700 1 -- 172.21.15.134:0/1322141656 <== mon.0 v2:172.21.15.134:3300/0 5 ==== osd_map(2..2 src has 1..2) v4 ==== 936+0+0 (secure 0 0 0) 0x7f3b2804a240 con 0x7f3b381011d0
2023-12-08T09:02:44.208 INFO:teuthology.orchestra.run.smithi134.stdout:/usr/bin/ceph: stderr
2023-12-08T09:02:43.657+0000 7f3b35d9b700 1 --2- 172.21.15.134:0/1322141656 >> [v2:172.21.15.134:6800/3301222595,v1:172.21.15.134:6801/3301222595] conn(0x7f3b200365f0 0x7f3b20038aa0 unknown :-1 s=BANNER_CONNECTING pgs=0 cs=0 l=1 rev1=0 crypto rx=0 tx=0 comp rx=0 tx=0)._handle_peer_banner_payload supported=3 required=0
2023-12-08T09:02:44.208 INFO:teuthology.orchestra.run.smithi134.stdout:/usr/bin/ceph: stderr
2023-12-08T09:02:43.657+0000 7f3b35d9b700 1 --2- 172.21.15.134:0/1322141656 >> [v2:172.21.15.134:6800/3301222595,v1:172.21.15.134:6801/3301222595] conn(0x7f3b200365f0 0x7f3b20038aa0 secure :-1 s=READY pgs=19 cs=0 l=1 rev1=1 crypto rx=0x7f3b2c009990 tx=0x7f3b2c006e40 comp rx=0 tx=0).ready entity=mgr.14120 client_cookie=0 server_cookie=0 in_seq=0 out_seq=0
2023-12-08T09:02:44.208 INFO:teuthology.orchestra.run.smithi134.stdout:/usr/bin/ceph: stderr
2023-12-08T09:02:43.661+0000 7f3b26ffd700 1 -- 172.21.15.134:0/1322141656 <== mon.0 v2:172.21.15.134:3300/0 6 ==== mon_command_ack([{"prefix": "get_command_descriptions"}]=0 v0) v1 ==== 72+0+174570 (secure 0 0 0) 0x7f3b280109b0 con 0x7f3b381011d0
2023-12-08T09:02:44.208 INFO:teuthology.orchestra.run.smithi134.stdout:/usr/bin/ceph: stderr
2023-12-08T09:02:43.842+0000 7f3b3cfb7700 1 -- 172.21.15.134:0/1322141656 --> [v2:172.21.15.134:3300/0,v1:172.21.15.134:6789/0] -- mon_command([{prefix=config set, name=mgr/cephadm/container_init}] v 0) v1 -- 0x7f3b38102fb0 con 0x7f3b381011d0
2023-12-08T09:02:44.208 INFO:teuthology.orchestra.run.smithi134.stdout:/usr/bin/ceph: stderr
2023-12-08T09:02:43.845+0000 7f3b26ffd700 1 -- 172.21.15.134:0/1322141656 <== mon.0 v2:172.21.15.134:3300/0 7 ==== mon_command_ack([{prefix=config set, name=mgr/cephadm/container_init}]=0 v7)=0 v7) v1 ==== 142+0+0 (secure 0 0 0) 0x7f3b280109b0 con 0x7f3b381011d0
2023-12-08T09:02:44.208 INFO:teuthology.orchestra.run.smithi134.stdout:/usr/bin/ceph: stderr
2023-12-08T09:02:43.847+0000 7f3b3cfb7700 1 -- 172.21.15.134:0/1322141656 >> [v2:172.21.15.134:6800/3301222595,v1:172.21.15.134:6801/3301222595] conn(0x7f3b200365f0 msgr2=0x7f3b20038aa0 secure :-1 s=STATE_CONNECTION_ESTABLISHED l=1).mark_down
2023-12-08T09:02:44.208 INFO:teuthology.orchestra.run.smithi134.stdout:/usr/bin/ceph: stderr
2023-12-08T09:02:43.847+0000 7f3b3cfb7700 1 --2- 172.21.15.134:0/1322141656 >> [v2:172.21.15.134:6800/3301222595,v1:172.21.15.134:6801/3301222595] conn(0x7f3b200365f0 0x7f3b20038aa0 secure :-1 s=READY pgs=19 cs=0 l=1 rev1=1 crypto rx=0x7f3b2c009990 tx=0x7f3b2c006e40 comp rx=0 tx=0).stop
2023-12-08T09:02:44.208 INFO:teuthology.orchestra.run.smithi134.stdout:/usr/bin/ceph: stderr
2023-12-08T09:02:43.847+0000 7f3b3cfb7700 1 -- 172.21.15.134:0/1322141656 >> [v2:172.21.15.134:3300/0,v1:172.21.15.134:6789/0] conn(0x7f3b381011d0 msgr2=0x7f3b381111c0 secure :-1 s=STATE_CONNECTION_ESTABLISHED l=1).mark_down
2023-12-08T09:02:44.208 INFO:teuthology.orchestra.run.smithi134.stdout:/usr/bin/ceph: stderr
2023-12-08T09:02:43.847+0000 7f3b3cfb7700 1 --2- 172.21.15.134:0/1322141656 >> [v2:172.21.15.134:3300/0,v1:172.21.15.134:6789/0] conn(0x7f3b381011d0 0x7f3b381111c0 secure :-1 s=READY pgs=62 cs=0 l=1 rev1=1 crypto rx=0x7f3b28011b60 tx=0x7f3b28009250 comp rx=0 tx=0).stop
2023-12-08T09:02:44.208 INFO:teuthology.orchestra.run.smithi134.stdout:/usr/bin/ceph: stderr
2023-12-08T09:02:43.847+0000 7f3b3cfb7700 1 -- 172.21.15.134:0/1322141656 shutdown_connections
2023-12-08T09:02:44.208 INFO:teuthology.orchestra.run.smithi134.stdout:/usr/bin/ceph: stderr
2023-12-08T09:02:43.847+0000 7f3b3cfb7700 1 --2- 172.21.15.134:0/1322141656 >> [v2:172.21.15.134:6800/3301222595,v1:172.21.15.134:6801/3301222595] conn(0x7f3b200365f0 0x7f3b20038aa0 unknown :-1 s=CLOSED pgs=19 cs=0 l=1 rev1=1 crypto rx=0 tx=0 comp rx=0 tx=0).stop
2023-12-08T09:02:44.208 INFO:teuthology.orchestra.run.smithi134.stdout:/usr/bin/ceph: stderr
2023-12-08T09:02:43.847+0000 7f3b3cfb7700 1 --2- 172.21.15.134:0/1322141656 >> [v2:172.21.15.134:3300/0,v1:172.21.15.134:6789/0] conn(0x7f3b381011d0 0x7f3b381111c0 unknown :-1 s=CLOSED pgs=62 cs=0 l=1 rev1=1 crypto rx=0 tx=0 comp rx=0 tx=0).stop
2023-12-08T09:02:44.208 INFO:teuthology.orchestra.run.smithi134.stdout:/usr/bin/ceph: stderr
2023-12-08T09:02:43.847+0000 7f3b3cfb7700 1 -- 172.21.15.134:0/1322141656 >> 172.21.15.134:0/1322141656 conn(0x7f3b380fc970 msgr2=0x7f3b38070b90 unknown :-1 s=STATE_NONE l=0).mark_down
2023-12-08T09:02:44.208 INFO:teuthology.orchestra.run.smithi134.stdout:/usr/bin/ceph: stderr
2023-12-08T09:02:43.847+0000 7f3b3cfb7700 1 -- 172.21.15.134:0/1322141656 shutdown_connections
2023-12-08T09:02:44.209 INFO:teuthology.orchestra.run.smithi134.stdout:/usr/bin/ceph: stderr
2023-12-08T09:02:43.848+0000 7f3b3cfb7700 1 -- 172.21.15.134:0/1322141656 wait complete.
2023-12-08T09:02:44.518 INFO:journalctl@ceph.mon.smithi134.smithi134.stdout:Dec 08 09:02:44 smithi134 ceph-mon[140716]: from='client.14154 -' entity='client.admin' cmd=[{"prefix": "orch apply", "service_type": "alertmanager", "target": ["mon-mgr", ""]}]: dispatch
2023-12-08T09:02:44.518 INFO:journalctl@ceph.mon.smithi134.smithi134.stdout:Dec 08 09:02:44 smithi134 ceph-mon[140716]: Saving service alertmanager spec with placement count:1
2023-12-08T09:02:44.518 INFO:journalctl@ceph.mon.smithi134.smithi134.stdout:Dec 08 09:02:44 smithi134 ceph-mon[140716]: from='client.? 172.21.15.134:0/1322141656' entity='client.admin'
2023-12-08T09:02:45.121 INFO:teuthology.orchestra.run.smithi134.stdout:/usr/bin/ceph: stderr
2023-12-08T09:02:44.572+0000 7f62eda95700 1 Processor -- start
2023-12-08T09:02:45.122 INFO:teuthology.orchestra.run.smithi134.stdout:/usr/bin/ceph: stderr
2023-12-08T09:02:44.572+0000 7f62eda95700 1 -- start start
2023-12-08T09:02:45.122 INFO:teuthology.orchestra.run.smithi134.stdout:/usr/bin/ceph: stderr
2023-12-08T09:02:44.572+0000 7f62eda95700 1 --2- >> [v2:172.21.15.134:3300/0,v1:172.21.15.134:6789/0] conn(0x7f62e81011d0 0x7f62e81015e0 unknown :-1 s=NONE pgs=0 cs=0 l=0 rev1=0 crypto rx=0 tx=0 comp rx=0 tx=0).connect
2023-12-08T09:02:45.122 INFO:teuthology.orchestra.run.smithi134.stdout:/usr/bin/ceph: stderr
2023-12-08T09:02:44.572+0000 7f62eda95700 1 -- --> [v2:172.21.15.134:3300/0,v1:172.21.15.134:6789/0] -- mon_getmap magic: 0 v1 -- 0x7f62e8101b20 con 0x7f62e81011d0
2023-12-08T09:02:45.122 INFO:teuthology.orchestra.run.smithi134.stdout:/usr/bin/ceph: stderr
2023-12-08T09:02:44.572+0000 7f62e77fe700 1 --2- >> [v2:172.21.15.134:3300/0,v1:172.21.15.134:6789/0] conn(0x7f62e81011d0 0x7f62e81015e0 unknown :-1 s=BANNER_CONNECTING pgs=0 cs=0 l=0 rev1=0 crypto rx=0 tx=0 comp rx=0 tx=0)._handle_peer_banner_payload supported=3 required=0
2023-12-08T09:02:45.122 INFO:teuthology.orchestra.run.smithi134.stdout:/usr/bin/ceph: stderr
2023-12-08T09:02:44.572+0000 7f62e77fe700 1 --2- >> [v2:172.21.15.134:3300/0,v1:172.21.15.134:6789/0] conn(0x7f62e81011d0 0x7f62e81015e0 unknown :-1 s=HELLO_CONNECTING pgs=0 cs=0 l=0 rev1=1 crypto rx=0 tx=0 comp rx=0 tx=0).handle_hello peer v2:172.21.15.134:3300/0 says I am v2:172.21.15.134:34790/0 (socket says 172.21.15.134:34790)
2023-12-08T09:02:45.122 INFO:teuthology.orchestra.run.smithi134.stdout:/usr/bin/ceph: stderr
2023-12-08T09:02:44.572+0000 7f62e77fe700 1 -- 172.21.15.134:0/21846354 learned_addr learned my addr 172.21.15.134:0/21846354 (peer_addr_for_me v2:172.21.15.134:0/0)
2023-12-08T09:02:45.122 INFO:teuthology.orchestra.run.smithi134.stdout:/usr/bin/ceph: stderr
2023-12-08T09:02:44.572+0000 7f62e77fe700 1 -- 172.21.15.134:0/21846354 --> [v2:172.21.15.134:3300/0,v1:172.21.15.134:6789/0] -- mon_subscribe({config=0+,monmap=0+}) v3 -- 0x7f62e8101c60 con 0x7f62e81011d0
2023-12-08T09:02:45.122 INFO:teuthology.orchestra.run.smithi134.stdout:/usr/bin/ceph: stderr
2023-12-08T09:02:44.572+0000 7f62e77fe700 1 --2- 172.21.15.134:0/21846354 >> [v2:172.21.15.134:3300/0,v1:172.21.15.134:6789/0] conn(0x7f62e81011d0 0x7f62e81015e0 secure :-1 s=READY pgs=63 cs=0 l=1 rev1=1 crypto rx=0x7f62d80098e0 tx=0x7f62d8009250 comp rx=0 tx=0).ready entity=mon.0 client_cookie=1f0a3c5635d615ff server_cookie=0 in_seq=0 out_seq=0
2023-12-08T09:02:45.122 INFO:teuthology.orchestra.run.smithi134.stdout:/usr/bin/ceph: stderr
2023-12-08T09:02:44.573+0000 7f62e67fc700 1 -- 172.21.15.134:0/21846354 <== mon.0 v2:172.21.15.134:3300/0 1 ==== mon_map magic: 0 v1 ==== 229+0+0 (secure 0 0 0) 0x7f62d800b860 con 0x7f62e81011d0
2023-12-08T09:02:45.122 INFO:teuthology.orchestra.run.smithi134.stdout:/usr/bin/ceph: stderr
2023-12-08T09:02:44.573+0000 7f62e67fc700 1 -- 172.21.15.134:0/21846354 <== mon.0 v2:172.21.15.134:3300/0 2 ==== config(26 keys) v1 ==== 1074+0+0 (secure 0 0 0) 0x7f62d800be70 con 0x7f62e81011d0
2023-12-08T09:02:45.122 INFO:teuthology.orchestra.run.smithi134.stdout:/usr/bin/ceph: stderr
2023-12-08T09:02:44.573+0000 7f62e67fc700 1 -- 172.21.15.134:0/21846354 <== mon.0 v2:172.21.15.134:3300/0 3 ==== mon_map magic: 0 v1 ==== 229+0+0 (secure 0 0 0) 0x7f62d8010380 con 0x7f62e81011d0
2023-12-08T09:02:45.122 INFO:teuthology.orchestra.run.smithi134.stdout:/usr/bin/ceph: stderr
2023-12-08T09:02:44.573+0000 7f62eda95700 1 -- 172.21.15.134:0/21846354 >> [v2:172.21.15.134:3300/0,v1:172.21.15.134:6789/0] conn(0x7f62e81011d0 msgr2=0x7f62e81015e0 secure :-1 s=STATE_CONNECTION_ESTABLISHED l=1).mark_down
2023-12-08T09:02:45.123 INFO:teuthology.orchestra.run.smithi134.stdout:/usr/bin/ceph: stderr
2023-12-08T09:02:44.573+0000 7f62eda95700 1 --2- 172.21.15.134:0/21846354 >> [v2:172.21.15.134:3300/0,v1:172.21.15.134:6789/0] conn(0x7f62e81011d0 0x7f62e81015e0 secure :-1 s=READY pgs=63 cs=0 l=1 rev1=1 crypto rx=0x7f62d80098e0 tx=0x7f62d8009250 comp rx=0 tx=0).stop
2023-12-08T09:02:45.123 INFO:teuthology.orchestra.run.smithi134.stdout:/usr/bin/ceph: stderr
2023-12-08T09:02:44.573+0000 7f62eda95700 1 -- 172.21.15.134:0/21846354 shutdown_connections
2023-12-08T09:02:45.123 INFO:teuthology.orchestra.run.smithi134.stdout:/usr/bin/ceph: stderr
2023-12-08T09:02:44.573+0000 7f62eda95700 1 --2- 172.21.15.134:0/21846354 >> [v2:172.21.15.134:3300/0,v1:172.21.15.134:6789/0] conn(0x7f62e81011d0 0x7f62e81015e0 unknown :-1 s=CLOSED pgs=63 cs=0 l=1 rev1=1 crypto rx=0 tx=0 comp rx=0 tx=0).stop
2023-12-08T09:02:45.123 INFO:teuthology.orchestra.run.smithi134.stdout:/usr/bin/ceph: stderr
2023-12-08T09:02:44.573+0000 7f62eda95700 1 -- 172.21.15.134:0/21846354 >> 172.21.15.134:0/21846354 conn(0x7f62e80fc970 msgr2=0x7f62e80fed80 unknown :-1 s=STATE_NONE l=0).mark_down
2023-12-08T09:02:45.123 INFO:teuthology.orchestra.run.smithi134.stdout:/usr/bin/ceph: stderr
2023-12-08T09:02:44.573+0000 7f62eda95700 1 -- 172.21.15.134:0/21846354 shutdown_connections
2023-12-08T09:02:45.123 INFO:teuthology.orchestra.run.smithi134.stdout:/usr/bin/ceph: stderr
2023-12-08T09:02:44.573+0000 7f62eda95700 1 -- 172.21.15.134:0/21846354 wait complete.
2023-12-08T09:02:45.123 INFO:teuthology.orchestra.run.smithi134.stdout:/usr/bin/ceph: stderr
2023-12-08T09:02:44.574+0000 7f62eda95700 1 Processor -- start
2023-12-08T09:02:45.123 INFO:teuthology.orchestra.run.smithi134.stdout:/usr/bin/ceph: stderr
2023-12-08T09:02:44.574+0000 7f62eda95700 1 -- start start
2023-12-08T09:02:45.123 INFO:teuthology.orchestra.run.smithi134.stdout:/usr/bin/ceph: stderr
2023-12-08T09:02:44.574+0000 7f62eda95700 1 --2- >> [v2:172.21.15.134:3300/0,v1:172.21.15.134:6789/0] conn(0x7f62e81011d0 0x7f62e81111b0 unknown :-1 s=NONE pgs=0 cs=0 l=1 rev1=0 crypto rx=0 tx=0 comp rx=0 tx=0).connect
2023-12-08T09:02:45.123 INFO:teuthology.orchestra.run.smithi134.stdout:/usr/bin/ceph: stderr
2023-12-08T09:02:44.574+0000 7f62eda95700 1 -- --> [v2:172.21.15.134:3300/0,v1:172.21.15.134:6789/0] -- mon_getmap magic: 0 v1 -- 0x7f62e81116f0 con 0x7f62e81011d0
2023-12-08T09:02:45.123 INFO:teuthology.orchestra.run.smithi134.stdout:/usr/bin/ceph: stderr
2023-12-08T09:02:44.574+0000 7f62e77fe700 1 --2- >> [v2:172.21.15.134:3300/0,v1:172.21.15.134:6789/0] conn(0x7f62e81011d0 0x7f62e81111b0 unknown :-1 s=BANNER_CONNECTING pgs=0 cs=0 l=1 rev1=0 crypto rx=0 tx=0 comp rx=0 tx=0)._handle_peer_banner_payload supported=3 required=0
2023-12-08T09:02:45.123 INFO:teuthology.orchestra.run.smithi134.stdout:/usr/bin/ceph: stderr
2023-12-08T09:02:44.574+0000 7f62e77fe700 1 --2- >> [v2:172.21.15.134:3300/0,v1:172.21.15.134:6789/0] conn(0x7f62e81011d0 0x7f62e81111b0 unknown :-1 s=HELLO_CONNECTING pgs=0 cs=0 l=1 rev1=1 crypto rx=0 tx=0 comp rx=0 tx=0).handle_hello peer v2:172.21.15.134:3300/0 says I am v2:172.21.15.134:34800/0 (socket says 172.21.15.134:34800)
2023-12-08T09:02:45.123 INFO:teuthology.orchestra.run.smithi134.stdout:/usr/bin/ceph: stderr
2023-12-08T09:02:44.574+0000 7f62e77fe700 1 -- 172.21.15.134:0/1234653081 learned_addr learned my addr 172.21.15.134:0/1234653081 (peer_addr_for_me v2:172.21.15.134:0/0)
2023-12-08T09:02:45.123 INFO:teuthology.orchestra.run.smithi134.stdout:/usr/bin/ceph: stderr
2023-12-08T09:02:44.574+0000 7f62e77fe700 1 -- 172.21.15.134:0/1234653081 --> [v2:172.21.15.134:3300/0,v1:172.21.15.134:6789/0] -- mon_subscribe({config=0+,monmap=0+}) v3 -- 0x7f62d80094f0 con 0x7f62e81011d0
2023-12-08T09:02:45.124 INFO:teuthology.orchestra.run.smithi134.stdout:/usr/bin/ceph: stderr
2023-12-08T09:02:44.575+0000 7f62e77fe700 1 --2- 172.21.15.134:0/1234653081 >> [v2:172.21.15.134:3300/0,v1:172.21.15.134:6789/0] conn(0x7f62e81011d0 0x7f62e81111b0 secure :-1 s=READY pgs=64 cs=0 l=1 rev1=1 crypto rx=0x7f62d8011b60 tx=0x7f62d8009250 comp rx=0 tx=0).ready entity=mon.0 client_cookie=0 server_cookie=0 in_seq=0 out_seq=0
2023-12-08T09:02:45.124 INFO:teuthology.orchestra.run.smithi134.stdout:/usr/bin/ceph: stderr
2023-12-08T09:02:44.575+0000 7f62cffff700 1 -- 172.21.15.134:0/1234653081 <== mon.0 v2:172.21.15.134:3300/0 1 ==== mon_map magic: 0 v1 ==== 229+0+0 (secure 0 0 0) 0x7f62d8010850 con 0x7f62e81011d0
2023-12-08T09:02:45.124 INFO:teuthology.orchestra.run.smithi134.stdout:/usr/bin/ceph: stderr
2023-12-08T09:02:44.575+0000 7f62cffff700 1 -- 172.21.15.134:0/1234653081 <== mon.0 v2:172.21.15.134:3300/0 2 ==== config(26 keys) v1 ==== 1074+0+0 (secure 0 0 0) 0x7f62d8010e60 con 0x7f62e81011d0
2023-12-08T09:02:45.124 INFO:teuthology.orchestra.run.smithi134.stdout:/usr/bin/ceph: stderr
2023-12-08T09:02:44.575+0000 7f62eda95700 1 -- 172.21.15.134:0/1234653081 --> [v2:172.21.15.134:3300/0,v1:172.21.15.134:6789/0] -- mon_subscribe({mgrmap=0+}) v3 -- 0x7f62e81118f0 con 0x7f62e81011d0
2023-12-08T09:02:45.124 INFO:teuthology.orchestra.run.smithi134.stdout:/usr/bin/ceph: stderr
2023-12-08T09:02:44.575+0000 7f62cffff700 1 -- 172.21.15.134:0/1234653081 <== mon.0 v2:172.21.15.134:3300/0 3 ==== mon_map magic: 0 v1 ==== 229+0+0 (secure 0 0 0) 0x7f62d80243f0 con 0x7f62e81011d0
2023-12-08T09:02:45.124 INFO:teuthology.orchestra.run.smithi134.stdout:/usr/bin/ceph: stderr
2023-12-08T09:02:44.575+0000 7f62eda95700 1 -- 172.21.15.134:0/1234653081 --> [v2:172.21.15.134:3300/0,v1:172.21.15.134:6789/0] -- mon_subscribe({osdmap=0}) v3 -- 0x7f62e8111d00 con 0x7f62e81011d0
2023-12-08T09:02:45.124 INFO:teuthology.orchestra.run.smithi134.stdout:/usr/bin/ceph: stderr
2023-12-08T09:02:44.576+0000 7f62cffff700 1 -- 172.21.15.134:0/1234653081 <== mon.0 v2:172.21.15.134:3300/0 4 ==== mgrmap(e 8) v1 ==== 43281+0+0 (secure 0 0 0) 0x7f62d80246b0 con 0x7f62e81011d0
2023-12-08T09:02:45.124 INFO:teuthology.orchestra.run.smithi134.stdout:/usr/bin/ceph: stderr
2023-12-08T09:02:44.576+0000 7f62cffff700 1 --2- 172.21.15.134:0/1234653081 >> [v2:172.21.15.134:6800/3301222595,v1:172.21.15.134:6801/3301222595] conn(0x7f62d00365f0 0x7f62d0038aa0 unknown :-1 s=NONE pgs=0 cs=0 l=1 rev1=0 crypto rx=0 tx=0 comp rx=0 tx=0).connect
2023-12-08T09:02:45.124 INFO:teuthology.orchestra.run.smithi134.stdout:/usr/bin/ceph: stderr
2023-12-08T09:02:44.576+0000 7f62eda95700 1 -- 172.21.15.134:0/1234653081 --> [v2:172.21.15.134:3300/0,v1:172.21.15.134:6789/0] -- mon_command({"prefix": "get_command_descriptions"} v 0) v1 -- 0x7f62e804bb80 con 0x7f62e81011d0
2023-12-08T09:02:45.124 INFO:teuthology.orchestra.run.smithi134.stdout:/usr/bin/ceph: stderr
2023-12-08T09:02:44.576+0000 7f62cffff700 1 -- 172.21.15.134:0/1234653081 <== mon.0 v2:172.21.15.134:3300/0 5 ==== osd_map(2..2 src has 1..2) v4 ==== 936+0+0 (secure 0 0 0) 0x7f62d804a710 con 0x7f62e81011d0
2023-12-08T09:02:45.124 INFO:teuthology.orchestra.run.smithi134.stdout:/usr/bin/ceph: stderr
2023-12-08T09:02:44.576+0000 7f62e6ffd700 1 --2- 172.21.15.134:0/1234653081 >> [v2:172.21.15.134:6800/3301222595,v1:172.21.15.134:6801/3301222595] conn(0x7f62d00365f0 0x7f62d0038aa0 unknown :-1 s=BANNER_CONNECTING pgs=0 cs=0 l=1 rev1=0 crypto rx=0 tx=0 comp rx=0 tx=0)._handle_peer_banner_payload supported=3 required=0
2023-12-08T09:02:45.124 INFO:teuthology.orchestra.run.smithi134.stdout:/usr/bin/ceph: stderr
2023-12-08T09:02:44.576+0000 7f62e6ffd700 1 --2- 172.21.15.134:0/1234653081 >> [v2:172.21.15.134:6800/3301222595,v1:172.21.15.134:6801/3301222595] conn(0x7f62d00365f0 0x7f62d0038aa0 secure :-1 s=READY pgs=20 cs=0 l=1 rev1=1 crypto rx=0x7f62dc009990 tx=0x7f62dc006e40 comp rx=0 tx=0).ready entity=mgr.14120 client_cookie=0 server_cookie=0 in_seq=0 out_seq=0
2023-12-08T09:02:45.124 INFO:teuthology.orchestra.run.smithi134.stdout:/usr/bin/ceph: stderr
2023-12-08T09:02:44.580+0000 7f62cffff700 1 -- 172.21.15.134:0/1234653081 <== mon.0 v2:172.21.15.134:3300/0 6 ==== mon_command_ack([{"prefix": "get_command_descriptions"}]=0 v0) v1 ==== 72+0+174570 (secure 0 0 0) 0x7f62d8018710 con 0x7f62e81011d0
2023-12-08T09:02:45.124 INFO:teuthology.orchestra.run.smithi134.stdout:/usr/bin/ceph: stderr
2023-12-08T09:02:44.763+0000 7f62eda95700 1 -- 172.21.15.134:0/1234653081 --> [v2:172.21.15.134:3300/0,v1:172.21.15.134:6789/0] -- mon_command([{prefix=config set, name=mgr/dashboard/ssl_server_port}] v 0) v1 -- 0x7f62e8112830 con 0x7f62e81011d0
2023-12-08T09:02:45.125 INFO:teuthology.orchestra.run.smithi134.stdout:/usr/bin/ceph: stderr
2023-12-08T09:02:44.766+0000 7f62cffff700 1 -- 172.21.15.134:0/1234653081 <== mon.0 v2:172.21.15.134:3300/0 7 ==== mon_command_ack([{prefix=config set, name=mgr/dashboard/ssl_server_port}]=0 v8)=0 v8) v1 ==== 130+0+0 (secure 0 0 0) 0x7f62d8018350 con 0x7f62e81011d0
2023-12-08T09:02:45.125 INFO:teuthology.orchestra.run.smithi134.stdout:/usr/bin/ceph: stderr
2023-12-08T09:02:44.769+0000 7f62eda95700 1 -- 172.21.15.134:0/1234653081 >> [v2:172.21.15.134:6800/3301222595,v1:172.21.15.134:6801/3301222595] conn(0x7f62d00365f0 msgr2=0x7f62d0038aa0 secure :-1 s=STATE_CONNECTION_ESTABLISHED l=1).mark_down
2023-12-08T09:02:45.125 INFO:teuthology.orchestra.run.smithi134.stdout:/usr/bin/ceph: stderr
2023-12-08T09:02:44.769+0000 7f62eda95700 1 --2- 172.21.15.134:0/1234653081 >> [v2:172.21.15.134:6800/3301222595,v1:172.21.15.134:6801/3301222595] conn(0x7f62d00365f0 0x7f62d0038aa0 secure :-1 s=READY pgs=20 cs=0 l=1 rev1=1 crypto rx=0x7f62dc009990 tx=0x7f62dc006e40 comp rx=0 tx=0).stop
2023-12-08T09:02:45.125 INFO:teuthology.orchestra.run.smithi134.stdout:/usr/bin/ceph: stderr
2023-12-08T09:02:44.769+0000 7f62eda95700 1 -- 172.21.15.134:0/1234653081 >> [v2:172.21.15.134:3300/0,v1:172.21.15.134:6789/0] conn(0x7f62e81011d0 msgr2=0x7f62e81111b0 secure :-1 s=STATE_CONNECTION_ESTABLISHED l=1).mark_down
2023-12-08T09:02:45.125 INFO:teuthology.orchestra.run.smithi134.stdout:/usr/bin/ceph: stderr
2023-12-08T09:02:44.769+0000 7f62eda95700 1 --2- 172.21.15.134:0/1234653081 >> [v2:172.21.15.134:3300/0,v1:172.21.15.134:6789/0] conn(0x7f62e81011d0 0x7f62e81111b0 secure :-1 s=READY pgs=64 cs=0 l=1 rev1=1 crypto rx=0x7f62d8011b60 tx=0x7f62d8009250 comp rx=0 tx=0).stop
2023-12-08T09:02:45.125 INFO:teuthology.orchestra.run.smithi134.stdout:/usr/bin/ceph: stderr
2023-12-08T09:02:44.769+0000 7f62eda95700 1 -- 172.21.15.134:0/1234653081 shutdown_connections
2023-12-08T09:02:45.125 INFO:teuthology.orchestra.run.smithi134.stdout:/usr/bin/ceph: stderr
2023-12-08T09:02:44.769+0000 7f62eda95700 1 --2- 172.21.15.134:0/1234653081 >> [v2:172.21.15.134:6800/3301222595,v1:172.21.15.134:6801/3301222595] conn(0x7f62d00365f0 0x7f62d0038aa0 unknown :-1 s=CLOSED pgs=20 cs=0 l=1 rev1=1 crypto rx=0 tx=0 comp rx=0 tx=0).stop
2023-12-08T09:02:45.125 INFO:teuthology.orchestra.run.smithi134.stdout:/usr/bin/ceph: stderr
2023-12-08T09:02:44.769+0000 7f62eda95700 1 --2- 172.21.15.134:0/1234653081 >> [v2:172.21.15.134:3300/0,v1:172.21.15.134:6789/0] conn(0x7f62e81011d0 0x7f62e81111b0 unknown :-1 s=CLOSED pgs=64 cs=0 l=1 rev1=1 crypto rx=0 tx=0 comp rx=0 tx=0).stop
2023-12-08T09:02:45.125 INFO:teuthology.orchestra.run.smithi134.stdout:/usr/bin/ceph: stderr
2023-12-08T09:02:44.769+0000 7f62eda95700 1 -- 172.21.15.134:0/1234653081 >> 172.21.15.134:0/1234653081 conn(0x7f62e80fc970 msgr2=0x7f62e8070b90 unknown :-1 s=STATE_NONE l=0).mark_down
2023-12-08T09:02:45.125 INFO:teuthology.orchestra.run.smithi134.stdout:/usr/bin/ceph: stderr
2023-12-08T09:02:44.769+0000 7f62eda95700 1 -- 172.21.15.134:0/1234653081 shutdown_connections
2023-12-08T09:02:45.125 INFO:teuthology.orchestra.run.smithi134.stdout:/usr/bin/ceph: stderr
2023-12-08T09:02:44.769+0000 7f62eda95700 1 -- 172.21.15.134:0/1234653081 wait complete.
2023-12-08T09:02:45.125 INFO:teuthology.orchestra.run.smithi134.stdout:Enabling the dashboard module...
2023-12-08T09:02:46.018 INFO:journalctl@ceph.mon.smithi134.smithi134.stdout:Dec 08 09:02:45 smithi134 ceph-mon[140716]: from='client.? 172.21.15.134:0/1234653081' entity='client.admin'
2023-12-08T09:02:46.018 INFO:journalctl@ceph.mon.smithi134.smithi134.stdout:Dec 08 09:02:45 smithi134 ceph-mon[140716]: from='client.? 172.21.15.134:0/2810944541' entity='client.admin' cmd=[{"prefix": "mgr module enable", "module": "dashboard"}]: dispatch
2023-12-08T09:02:46.100 INFO:teuthology.orchestra.run.smithi134.stdout:/usr/bin/ceph: stderr
2023-12-08T09:02:45.468+0000 7f0b36251700 1 Processor -- start
2023-12-08T09:02:46.100 INFO:teuthology.orchestra.run.smithi134.stdout:/usr/bin/ceph: stderr
2023-12-08T09:02:45.468+0000 7f0b36251700 1 -- start start
2023-12-08T09:02:46.101 INFO:teuthology.orchestra.run.smithi134.stdout:/usr/bin/ceph: stderr
2023-12-08T09:02:45.468+0000 7f0b36251700 1 --2- >> [v2:172.21.15.134:3300/0,v1:172.21.15.134:6789/0] conn(0x7f0b30102780 0x7f0b30102b90 unknown :-1 s=NONE pgs=0 cs=0 l=0 rev1=0 crypto rx=0 tx=0 comp rx=0 tx=0).connect
2023-12-08T09:02:46.101 INFO:teuthology.orchestra.run.smithi134.stdout:/usr/bin/ceph: stderr
2023-12-08T09:02:45.468+0000 7f0b36251700 1 -- --> [v2:172.21.15.134:3300/0,v1:172.21.15.134:6789/0] -- mon_getmap magic: 0 v1 -- 0x7f0b301030d0 con 0x7f0b30102780
2023-12-08T09:02:46.101 INFO:teuthology.orchestra.run.smithi134.stdout:/usr/bin/ceph: stderr
2023-12-08T09:02:45.469+0000 7f0b2f7fe700 1 --2- >> [v2:172.21.15.134:3300/0,v1:172.21.15.134:6789/0] conn(0x7f0b30102780 0x7f0b30102b90 unknown :-1 s=BANNER_CONNECTING pgs=0 cs=0 l=0 rev1=0 crypto rx=0 tx=0 comp rx=0 tx=0)._handle_peer_banner_payload supported=3 required=0
2023-12-08T09:02:46.101 INFO:teuthology.orchestra.run.smithi134.stdout:/usr/bin/ceph: stderr
2023-12-08T09:02:45.469+0000 7f0b2f7fe700 1 --2- >> [v2:172.21.15.134:3300/0,v1:172.21.15.134:6789/0] conn(0x7f0b30102780 0x7f0b30102b90 unknown :-1 s=HELLO_CONNECTING pgs=0 cs=0 l=0 rev1=1 crypto rx=0 tx=0 comp rx=0 tx=0).handle_hello peer v2:172.21.15.134:3300/0 says I am v2:172.21.15.134:34802/0 (socket says 172.21.15.134:34802)
2023-12-08T09:02:46.101 INFO:teuthology.orchestra.run.smithi134.stdout:/usr/bin/ceph: stderr
2023-12-08T09:02:45.469+0000 7f0b2f7fe700 1 -- 172.21.15.134:0/2046320973 learned_addr learned my addr 172.21.15.134:0/2046320973 (peer_addr_for_me v2:172.21.15.134:0/0)
2023-12-08T09:02:46.101 INFO:teuthology.orchestra.run.smithi134.stdout:/usr/bin/ceph: stderr
2023-12-08T09:02:45.469+0000 7f0b2f7fe700 1 -- 172.21.15.134:0/2046320973 --> [v2:172.21.15.134:3300/0,v1:172.21.15.134:6789/0] -- mon_subscribe({config=0+,monmap=0+}) v3 -- 0x7f0b30103210 con 0x7f0b30102780
2023-12-08T09:02:46.101 INFO:teuthology.orchestra.run.smithi134.stdout:/usr/bin/ceph: stderr
2023-12-08T09:02:45.469+0000 7f0b2f7fe700 1 --2- 172.21.15.134:0/2046320973 >> [v2:172.21.15.134:3300/0,v1:172.21.15.134:6789/0] conn(0x7f0b30102780 0x7f0b30102b90 secure :-1 s=READY pgs=65 cs=0 l=1 rev1=1 crypto rx=0x7f0b240098e0 tx=0x7f0b24009250 comp rx=0 tx=0).ready entity=mon.0 client_cookie=bf5b4a0c074a9e97 server_cookie=0 in_seq=0 out_seq=0
2023-12-08T09:02:46.101 INFO:teuthology.orchestra.run.smithi134.stdout:/usr/bin/ceph: stderr
2023-12-08T09:02:45.469+0000 7f0b2e7fc700 1 -- 172.21.15.134:0/2046320973 <== mon.0 v2:172.21.15.134:3300/0 1 ==== mon_map magic: 0 v1 ==== 229+0+0 (secure 0 0 0) 0x7f0b2400b860 con 0x7f0b30102780
2023-12-08T09:02:46.101 INFO:teuthology.orchestra.run.smithi134.stdout:/usr/bin/ceph: stderr
2023-12-08T09:02:45.469+0000 7f0b2e7fc700 1 -- 172.21.15.134:0/2046320973 <== mon.0 v2:172.21.15.134:3300/0 2 ==== config(26 keys) v1 ==== 1074+0+0 (secure 0 0 0) 0x7f0b2400be70 con 0x7f0b30102780
2023-12-08T09:02:46.101 INFO:teuthology.orchestra.run.smithi134.stdout:/usr/bin/ceph: stderr
2023-12-08T09:02:45.469+0000 7f0b2e7fc700 1 -- 172.21.15.134:0/2046320973 <== mon.0 v2:172.21.15.134:3300/0 3 ==== mon_map magic: 0 v1 ==== 229+0+0 (secure 0 0 0) 0x7f0b24010380 con 0x7f0b30102780
2023-12-08T09:02:46.101 INFO:teuthology.orchestra.run.smithi134.stdout:/usr/bin/ceph: stderr
2023-12-08T09:02:45.470+0000 7f0b36251700 1 -- 172.21.15.134:0/2046320973 >> [v2:172.21.15.134:3300/0,v1:172.21.15.134:6789/0] conn(0x7f0b30102780 msgr2=0x7f0b30102b90 secure :-1 s=STATE_CONNECTION_ESTABLISHED l=1).mark_down
2023-12-08T09:02:46.101 INFO:teuthology.orchestra.run.smithi134.stdout:/usr/bin/ceph: stderr
2023-12-08T09:02:45.470+0000 7f0b36251700 1 --2- 172.21.15.134:0/2046320973 >> [v2:172.21.15.134:3300/0,v1:172.21.15.134:6789/0] conn(0x7f0b30102780 0x7f0b30102b90 secure :-1 s=READY pgs=65 cs=0 l=1 rev1=1 crypto rx=0x7f0b240098e0 tx=0x7f0b24009250 comp rx=0 tx=0).stop
2023-12-08T09:02:46.101 INFO:teuthology.orchestra.run.smithi134.stdout:/usr/bin/ceph: stderr
2023-12-08T09:02:45.470+0000 7f0b36251700 1 -- 172.21.15.134:0/2046320973 shutdown_connections
2023-12-08T09:02:46.102 INFO:teuthology.orchestra.run.smithi134.stdout:/usr/bin/ceph: stderr
2023-12-08T09:02:45.470+0000 7f0b36251700 1 --2- 172.21.15.134:0/2046320973 >> [v2:172.21.15.134:3300/0,v1:172.21.15.134:6789/0] conn(0x7f0b30102780 0x7f0b30102b90 unknown :-1 s=CLOSED pgs=65 cs=0 l=1 rev1=1 crypto rx=0 tx=0 comp rx=0 tx=0).stop
2023-12-08T09:02:46.102 INFO:teuthology.orchestra.run.smithi134.stdout:/usr/bin/ceph: stderr
2023-12-08T09:02:45.470+0000 7f0b36251700 1 -- 172.21.15.134:0/2046320973 >> 172.21.15.134:0/2046320973 conn(0x7f0b300fc0b0 msgr2=0x7f0b300fe4e0 unknown :-1 s=STATE_NONE l=0).mark_down
2023-12-08T09:02:46.102 INFO:teuthology.orchestra.run.smithi134.stdout:/usr/bin/ceph: stderr
2023-12-08T09:02:45.470+0000 7f0b36251700 1 -- 172.21.15.134:0/2046320973 shutdown_connections
2023-12-08T09:02:46.102 INFO:teuthology.orchestra.run.smithi134.stdout:/usr/bin/ceph: stderr
2023-12-08T09:02:45.470+0000 7f0b36251700 1 -- 172.21.15.134:0/2046320973 wait complete.
2023-12-08T09:02:46.102 INFO:teuthology.orchestra.run.smithi134.stdout:/usr/bin/ceph: stderr
2023-12-08T09:02:45.470+0000 7f0b36251700 1 Processor -- start
2023-12-08T09:02:46.102 INFO:teuthology.orchestra.run.smithi134.stdout:/usr/bin/ceph: stderr
2023-12-08T09:02:45.470+0000 7f0b36251700 1 -- start start
2023-12-08T09:02:46.102 INFO:teuthology.orchestra.run.smithi134.stdout:/usr/bin/ceph: stderr
2023-12-08T09:02:45.471+0000 7f0b36251700 1 --2- >> [v2:172.21.15.134:3300/0,v1:172.21.15.134:6789/0] conn(0x7f0b30102780 0x7f0b30113ea0 unknown :-1 s=NONE pgs=0 cs=0 l=1 rev1=0 crypto rx=0 tx=0 comp rx=0 tx=0).connect
2023-12-08T09:02:46.102 INFO:teuthology.orchestra.run.smithi134.stdout:/usr/bin/ceph: stderr
2023-12-08T09:02:45.471+0000 7f0b36251700 1 -- --> [v2:172.21.15.134:3300/0,v1:172.21.15.134:6789/0] -- mon_getmap magic: 0 v1 -- 0x7f0b30101030 con 0x7f0b30102780
2023-12-08T09:02:46.102 INFO:teuthology.orchestra.run.smithi134.stdout:/usr/bin/ceph: stderr
2023-12-08T09:02:45.471+0000 7f0b2f7fe700 1 --2- >> [v2:172.21.15.134:3300/0,v1:172.21.15.134:6789/0] conn(0x7f0b30102780 0x7f0b30113ea0 unknown :-1 s=BANNER_CONNECTING pgs=0 cs=0 l=1 rev1=0 crypto rx=0 tx=0 comp rx=0 tx=0)._handle_peer_banner_payload supported=3 required=0
2023-12-08T09:02:46.102 INFO:teuthology.orchestra.run.smithi134.stdout:/usr/bin/ceph: stderr
2023-12-08T09:02:45.471+0000 7f0b2f7fe700 1 --2- >> [v2:172.21.15.134:3300/0,v1:172.21.15.134:6789/0] conn(0x7f0b30102780 0x7f0b30113ea0 unknown :-1 s=HELLO_CONNECTING pgs=0 cs=0 l=1 rev1=1 crypto rx=0 tx=0 comp rx=0 tx=0).handle_hello peer v2:172.21.15.134:3300/0 says I am v2:172.21.15.134:34804/0 (socket says 172.21.15.134:34804)
2023-12-08T09:02:46.102 INFO:teuthology.orchestra.run.smithi134.stdout:/usr/bin/ceph: stderr
2023-12-08T09:02:45.471+0000 7f0b2f7fe700 1 -- 172.21.15.134:0/2810944541 learned_addr learned my addr 172.21.15.134:0/2810944541 (peer_addr_for_me v2:172.21.15.134:0/0)
2023-12-08T09:02:46.102 INFO:teuthology.orchestra.run.smithi134.stdout:/usr/bin/ceph: stderr
2023-12-08T09:02:45.471+0000 7f0b2f7fe700 1 -- 172.21.15.134:0/2810944541 --> [v2:172.21.15.134:3300/0,v1:172.21.15.134:6789/0] -- mon_subscribe({config=0+,monmap=0+}) v3 -- 0x7f0b240094f0 con 0x7f0b30102780
2023-12-08T09:02:46.102 INFO:teuthology.orchestra.run.smithi134.stdout:/usr/bin/ceph: stderr
2023-12-08T09:02:45.471+0000 7f0b2f7fe700 1 --2- 172.21.15.134:0/2810944541 >> [v2:172.21.15.134:3300/0,v1:172.21.15.134:6789/0] conn(0x7f0b30102780 0x7f0b30113ea0 secure :-1 s=READY pgs=66 cs=0 l=1 rev1=1 crypto rx=0x7f0b240094c0 tx=0x7f0b24009250 comp rx=0 tx=0).ready entity=mon.0 client_cookie=0 server_cookie=0 in_seq=0 out_seq=0
2023-12-08T09:02:46.102 INFO:teuthology.orchestra.run.smithi134.stdout:/usr/bin/ceph: stderr
2023-12-08T09:02:45.471+0000 7f0b17fff700 1 -- 172.21.15.134:0/2810944541 <== mon.0 v2:172.21.15.134:3300/0 1 ==== mon_map magic: 0 v1 ==== 229+0+0 (secure 0 0 0) 0x7f0b24010850 con 0x7f0b30102780
2023-12-08T09:02:46.102 INFO:teuthology.orchestra.run.smithi134.stdout:/usr/bin/ceph: stderr
2023-12-08T09:02:45.471+0000 7f0b17fff700 1 -- 172.21.15.134:0/2810944541 <== mon.0 v2:172.21.15.134:3300/0 2 ==== config(26 keys) v1 ==== 1074+0+0 (secure 0 0 0) 0x7f0b24010e60 con 0x7f0b30102780
2023-12-08T09:02:46.103 INFO:teuthology.orchestra.run.smithi134.stdout:/usr/bin/ceph: stderr
2023-12-08T09:02:45.471+0000 7f0b36251700 1 -- 172.21.15.134:0/2810944541 --> [v2:172.21.15.134:3300/0,v1:172.21.15.134:6789/0] -- mon_subscribe({mgrmap=0+}) v3 -- 0x7f0b30101230 con 0x7f0b30102780
2023-12-08T09:02:46.103 INFO:teuthology.orchestra.run.smithi134.stdout:/usr/bin/ceph: stderr
2023-12-08T09:02:45.471+0000 7f0b17fff700 1 -- 172.21.15.134:0/2810944541 <== mon.0 v2:172.21.15.134:3300/0 3 ==== mon_map magic: 0 v1 ==== 229+0+0 (secure 0 0 0) 0x7f0b2401a430 con 0x7f0b30102780
2023-12-08T09:02:46.103 INFO:teuthology.orchestra.run.smithi134.stdout:/usr/bin/ceph: stderr
2023-12-08T09:02:45.471+0000 7f0b36251700 1 -- 172.21.15.134:0/2810944541 --> [v2:172.21.15.134:3300/0,v1:172.21.15.134:6789/0] -- mon_subscribe({osdmap=0}) v3 -- 0x7f0b301145a0 con 0x7f0b30102780
2023-12-08T09:02:46.103 INFO:teuthology.orchestra.run.smithi134.stdout:/usr/bin/ceph: stderr
2023-12-08T09:02:45.472+0000 7f0b17fff700 1 -- 172.21.15.134:0/2810944541 <== mon.0 v2:172.21.15.134:3300/0 4 ==== mgrmap(e 8) v1 ==== 43281+0+0 (secure 0 0 0) 0x7f0b2401a6b0 con 0x7f0b30102780
2023-12-08T09:02:46.103 INFO:teuthology.orchestra.run.smithi134.stdout:/usr/bin/ceph: stderr
2023-12-08T09:02:45.472+0000 7f0b17fff700 1 --2- 172.21.15.134:0/2810944541 >> [v2:172.21.15.134:6800/3301222595,v1:172.21.15.134:6801/3301222595] conn(0x7f0b180365f0 0x7f0b18038aa0 unknown :-1 s=NONE pgs=0 cs=0 l=1 rev1=0 crypto rx=0 tx=0 comp rx=0 tx=0).connect
2023-12-08T09:02:46.103 INFO:teuthology.orchestra.run.smithi134.stdout:/usr/bin/ceph: stderr
2023-12-08T09:02:45.472+0000 7f0b17fff700 1 -- 172.21.15.134:0/2810944541 <== mon.0 v2:172.21.15.134:3300/0 5 ==== osd_map(2..2 src has 1..2) v4 ==== 936+0+0 (secure 0 0 0) 0x7f0b2404a560 con 0x7f0b30102780
2023-12-08T09:02:46.103 INFO:teuthology.orchestra.run.smithi134.stdout:/usr/bin/ceph: stderr
2023-12-08T09:02:45.472+0000 7f0b36251700 1 -- 172.21.15.134:0/2810944541 --> [v2:172.21.15.134:3300/0,v1:172.21.15.134:6789/0] -- mon_command({"prefix": "get_command_descriptions"} v 0) v1 -- 0x7f0b3010a0b0 con 0x7f0b30102780
2023-12-08T09:02:46.103 INFO:teuthology.orchestra.run.smithi134.stdout:/usr/bin/ceph: stderr
2023-12-08T09:02:45.472+0000 7f0b2effd700 1 --2- 172.21.15.134:0/2810944541 >> [v2:172.21.15.134:6800/3301222595,v1:172.21.15.134:6801/3301222595] conn(0x7f0b180365f0 0x7f0b18038aa0 unknown :-1 s=BANNER_CONNECTING pgs=0 cs=0 l=1 rev1=0 crypto rx=0 tx=0 comp rx=0 tx=0)._handle_peer_banner_payload supported=3 required=0
2023-12-08T09:02:46.103 INFO:teuthology.orchestra.run.smithi134.stdout:/usr/bin/ceph: stderr
2023-12-08T09:02:45.473+0000 7f0b2effd700 1 --2- 172.21.15.134:0/2810944541 >> [v2:172.21.15.134:6800/3301222595,v1:172.21.15.134:6801/3301222595] conn(0x7f0b180365f0 0x7f0b18038aa0 secure :-1 s=READY pgs=21 cs=0 l=1 rev1=1 crypto rx=0x7f0b20009990 tx=0x7f0b20006e40 comp rx=0 tx=0).ready entity=mgr.14120 client_cookie=0 server_cookie=0 in_seq=0 out_seq=0
2023-12-08T09:02:46.103 INFO:teuthology.orchestra.run.smithi134.stdout:/usr/bin/ceph: stderr
2023-12-08T09:02:45.477+0000 7f0b17fff700 1 -- 172.21.15.134:0/2810944541 <== mon.0 v2:172.21.15.134:3300/0 6 ==== mon_command_ack([{"prefix": "get_command_descriptions"}]=0 v0) v1 ==== 72+0+174570 (secure 0 0 0) 0x7f0b240188f0 con 0x7f0b30102780
2023-12-08T09:02:46.103 INFO:teuthology.orchestra.run.smithi134.stdout:/usr/bin/ceph: stderr
2023-12-08T09:02:45.710+0000 7f0b36251700 1 -- 172.21.15.134:0/2810944541 --> [v2:172.21.15.134:3300/0,v1:172.21.15.134:6789/0] -- mon_command({"prefix": "mgr module enable", "module": "dashboard"} v 0) v1 -- 0x7f0b3004bb80 con 0x7f0b30102780
2023-12-08T09:02:46.103 INFO:teuthology.orchestra.run.smithi134.stdout:/usr/bin/ceph: stderr
2023-12-08T09:02:45.769+0000 7f0b17fff700 1 -- 172.21.15.134:0/2810944541 <== mon.0 v2:172.21.15.134:3300/0 7 ==== mgrmap(e 9) v1 ==== 43294+0+0 (secure 0 0 0) 0x7f0b240247b0 con 0x7f0b30102780
2023-12-08T09:02:46.103 INFO:teuthology.orchestra.run.smithi134.stdout:/usr/bin/ceph: stderr
2023-12-08T09:02:45.770+0000 7f0b17fff700 1 -- 172.21.15.134:0/2810944541 <== mon.0 v2:172.21.15.134:3300/0 8 ==== mon_command_ack([{"prefix": "mgr module enable", "module": "dashboard"}]=0 v9) v1 ==== 88+0+0 (secure 0 0 0) 0x7f0b240498f0 con 0x7f0b30102780
2023-12-08T09:02:46.103 INFO:teuthology.orchestra.run.smithi134.stdout:/usr/bin/ceph: stderr
2023-12-08T09:02:45.772+0000 7f0b36251700 1 -- 172.21.15.134:0/2810944541 >> [v2:172.21.15.134:6800/3301222595,v1:172.21.15.134:6801/3301222595] conn(0x7f0b180365f0 msgr2=0x7f0b18038aa0 secure :-1 s=STATE_CONNECTION_ESTABLISHED l=1).mark_down
2023-12-08T09:02:46.103 INFO:teuthology.orchestra.run.smithi134.stdout:/usr/bin/ceph: stderr
2023-12-08T09:02:45.772+0000 7f0b36251700 1 --2- 172.21.15.134:0/2810944541 >> [v2:172.21.15.134:6800/3301222595,v1:172.21.15.134:6801/3301222595] conn(0x7f0b180365f0 0x7f0b18038aa0 secure :-1 s=READY pgs=21 cs=0 l=1 rev1=1 crypto rx=0x7f0b20009990 tx=0x7f0b20006e40 comp rx=0 tx=0).stop
2023-12-08T09:02:46.104 INFO:teuthology.orchestra.run.smithi134.stdout:/usr/bin/ceph: stderr
2023-12-08T09:02:45.772+0000 7f0b36251700 1 -- 172.21.15.134:0/2810944541 >> [v2:172.21.15.134:3300/0,v1:172.21.15.134:6789/0] conn(0x7f0b30102780 msgr2=0x7f0b30113ea0 secure :-1 s=STATE_CONNECTION_ESTABLISHED l=1).mark_down
2023-12-08T09:02:46.104 INFO:teuthology.orchestra.run.smithi134.stdout:/usr/bin/ceph: stderr
2023-12-08T09:02:45.772+0000 7f0b36251700 1 --2- 172.21.15.134:0/2810944541 >> [v2:172.21.15.134:3300/0,v1:172.21.15.134:6789/0] conn(0x7f0b30102780 0x7f0b30113ea0 secure :-1 s=READY pgs=66 cs=0 l=1 rev1=1 crypto rx=0x7f0b240094c0 tx=0x7f0b24009250 comp rx=0 tx=0).stop
2023-12-08T09:02:46.104 INFO:teuthology.orchestra.run.smithi134.stdout:/usr/bin/ceph: stderr
2023-12-08T09:02:45.772+0000 7f0b36251700 1 -- 172.21.15.134:0/2810944541 shutdown_connections
2023-12-08T09:02:46.104 INFO:teuthology.orchestra.run.smithi134.stdout:/usr/bin/ceph: stderr
2023-12-08T09:02:45.772+0000 7f0b36251700 1 --2- 172.21.15.134:0/2810944541 >> [v2:172.21.15.134:6800/3301222595,v1:172.21.15.134:6801/3301222595] conn(0x7f0b180365f0 0x7f0b18038aa0 unknown :-1 s=CLOSED pgs=21 cs=0 l=1 rev1=1 crypto rx=0 tx=0 comp rx=0 tx=0).stop
2023-12-08T09:02:46.104 INFO:teuthology.orchestra.run.smithi134.stdout:/usr/bin/ceph: stderr
2023-12-08T09:02:45.772+0000 7f0b36251700 1 --2- 172.21.15.134:0/2810944541 >> [v2:172.21.15.134:3300/0,v1:172.21.15.134:6789/0] conn(0x7f0b30102780 0x7f0b30113ea0 unknown :-1 s=CLOSED pgs=66 cs=0 l=1 rev1=1 crypto rx=0 tx=0 comp rx=0 tx=0).stop
2023-12-08T09:02:46.104 INFO:teuthology.orchestra.run.smithi134.stdout:/usr/bin/ceph: stderr
2023-12-08T09:02:45.772+0000 7f0b36251700 1 -- 172.21.15.134:0/2810944541 >> 172.21.15.134:0/2810944541 conn(0x7f0b300fc0b0 msgr2=0x7f0b300fe4a0 unknown :-1 s=STATE_NONE l=0).mark_down
2023-12-08T09:02:46.104 INFO:teuthology.orchestra.run.smithi134.stdout:/usr/bin/ceph: stderr
2023-12-08T09:02:45.772+0000 7f0b36251700 1 -- 172.21.15.134:0/2810944541 shutdown_connections
2023-12-08T09:02:46.104 INFO:teuthology.orchestra.run.smithi134.stdout:/usr/bin/ceph: stderr
2023-12-08T09:02:45.772+0000 7f0b36251700 1 -- 172.21.15.134:0/2810944541 wait complete.
2023-12-08T09:02:47.051 INFO:journalctl@ceph.mon.smithi134.smithi134.stdout:Dec 08 09:02:46 smithi134 ceph-mon[140716]: from='client.? 172.21.15.134:0/2810944541' entity='client.admin' cmd='[{"prefix": "mgr module enable", "module": "dashboard"}]': finished
2023-12-08T09:02:47.052 INFO:journalctl@ceph.mon.smithi134.smithi134.stdout:Dec 08 09:02:46 smithi134 ceph-mon[140716]: mgrmap e9: smithi134.nlmsfj(active, since 19s)
