2023-12-13T14:44:28.112+0000 7f2d25db3700 1 --2- 172.21.15.87:0/2041647293 >> [v2:172.21.15.87:6800/3247303527,v1:172.21.15.87:6801/3247303527] conn(0x7f2d04030f40 0x7f2d04033400 unknown :-1 s=CLOSED pgs=6 cs=0 l=1 rev1=1 rx=0 tx=0).stop
2023-12-13T14:44:28.100 INFO:teuthology.orchestra.run.smithi087.stderr:/usr/bin/ceph:
2023-12-13T14:44:28.112+0000 7f2d25db3700 1 --2- 172.21.15.87:0/2041647293 >> [v2:172.21.15.87:3300/0,v1:172.21.15.87:6789/0] conn(0x7f2d2006ad60 0x7f2d2010cd60 unknown :-1 s=CLOSED pgs=30 cs=0 l=1 rev1=1 rx=0 tx=0).stop
2023-12-13T14:44:28.100 INFO:teuthology.orchestra.run.smithi087.stderr:/usr/bin/ceph:
2023-12-13T14:44:28.112+0000 7f2d25db3700 1 -- 172.21.15.87:0/2041647293 >> 172.21.15.87:0/2041647293 conn(0x7f2d200f63c0 msgr2=0x7f2d200f7fa0 unknown :-1 s=STATE_NONE l=0).mark_down
2023-12-13T14:44:28.100 INFO:teuthology.orchestra.run.smithi087.stderr:/usr/bin/ceph:
2023-12-13T14:44:28.112+0000 7f2d25db3700 1 -- 172.21.15.87:0/2041647293 shutdown_connections
2023-12-13T14:44:28.100 INFO:teuthology.orchestra.run.smithi087.stderr:/usr/bin/ceph:
2023-12-13T14:44:28.112+0000 7f2d25db3700 1 -- 172.21.15.87:0/2041647293 wait complete.
2023-12-13T14:44:28.437 INFO:journalctl@ceph.mon.smithi087.smithi087.stdout:Dec 13 14:44:28 smithi087 ceph-f3cf52cc-99c5-11ee-95a3-87774f69a715-mon-smithi087[107110]: audit
2023-12-13T14:44:27.179246+0000 mgr.smithi087.vbtizo (mgr.14114) 1 : audit [DBG] from='client.14118 -' entity='client.admin' cmd=[{"prefix": "get_command_descriptions"}]: dispatch
2023-12-13T14:44:28.438 INFO:journalctl@ceph.mon.smithi087.smithi087.stdout:Dec 13 14:44:28 smithi087 ceph-f3cf52cc-99c5-11ee-95a3-87774f69a715-mon-smithi087[107110]: cluster
2023-12-13T14:44:27.179564+0000 mon.smithi087 (mon.0) 48 : cluster [DBG] mgrmap e7: smithi087.vbtizo(active, since 1.06365s)
2023-12-13T14:44:28.438 INFO:journalctl@ceph.mon.smithi087.smithi087.stdout:Dec 13 14:44:28 smithi087 ceph-f3cf52cc-99c5-11ee-95a3-87774f69a715-mon-smithi087[107110]: audit
2023-12-13T14:44:27.186900+0000 mgr.smithi087.vbtizo (mgr.14114) 2 : audit [DBG] from='client.14118 -' entity='client.admin' cmd=[{"prefix": "mgr_status"}]: dispatch
2023-12-13T14:44:28.438 INFO:journalctl@ceph.mon.smithi087.smithi087.stdout:Dec 13 14:44:28 smithi087 ceph-f3cf52cc-99c5-11ee-95a3-87774f69a715-mon-smithi087[107110]: audit
2023-12-13T14:44:28.110756+0000 mon.smithi087 (mon.0) 49 : audit [INF] from='mgr.14114 172.21.15.87:0/1299244365' entity='mgr.smithi087.vbtizo'
2023-12-13T14:44:28.438 INFO:journalctl@ceph.mon.smithi087.smithi087.stdout:Dec 13 14:44:28 smithi087 ceph-f3cf52cc-99c5-11ee-95a3-87774f69a715-mon-smithi087[107110]: audit
2023-12-13T14:44:28.113979+0000 mon.smithi087 (mon.0) 50 : audit [DBG] from='mgr.14114 172.21.15.87:0/1299244365' entity='mgr.smithi087.vbtizo' cmd=[{"prefix": "config dump", "format": "json"}]: dispatch
2023-12-13T14:44:28.824 INFO:teuthology.orchestra.run.smithi087.stderr:/usr/bin/ceph:
2023-12-13T14:44:28.836+0000 7ff741f3a700 1 Processor -- start
2023-12-13T14:44:28.824 INFO:teuthology.orchestra.run.smithi087.stderr:/usr/bin/ceph:
2023-12-13T14:44:28.836+0000 7ff741f3a700 1 -- start start
2023-12-13T14:44:28.824 INFO:teuthology.orchestra.run.smithi087.stderr:/usr/bin/ceph:
2023-12-13T14:44:28.837+0000 7ff741f3a700 1 --2- >> [v2:172.21.15.87:3300/0,v1:172.21.15.87:6789/0] conn(0x7ff73c06ad00 0x7ff73c0fea60 unknown :-1 s=NONE pgs=0 cs=0 l=0 rev1=0 rx=0 tx=0).connect
2023-12-13T14:44:28.824 INFO:teuthology.orchestra.run.smithi087.stderr:/usr/bin/ceph:
2023-12-13T14:44:28.837+0000 7ff741f3a700 1 -- --> [v2:172.21.15.87:3300/0,v1:172.21.15.87:6789/0] -- mon_getmap magic: 0 v1 -- 0x7ff73c0fef50 con 0x7ff73c06ad00
2023-12-13T14:44:28.824 INFO:teuthology.orchestra.run.smithi087.stderr:/usr/bin/ceph:
2023-12-13T14:44:28.837+0000 7ff740f38700 1 --2- >> [v2:172.21.15.87:3300/0,v1:172.21.15.87:6789/0] conn(0x7ff73c06ad00 0x7ff73c0fea60 unknown :-1 s=BANNER_CONNECTING pgs=0 cs=0 l=0 rev1=0 rx=0 tx=0)._handle_peer_banner_payload supported=1 required=0
2023-12-13T14:44:28.824 INFO:teuthology.orchestra.run.smithi087.stderr:/usr/bin/ceph:
2023-12-13T14:44:28.837+0000 7ff740f38700 1 --2- >> [v2:172.21.15.87:3300/0,v1:172.21.15.87:6789/0] conn(0x7ff73c06ad00 0x7ff73c0fea60 unknown :-1 s=HELLO_CONNECTING pgs=0 cs=0 l=0 rev1=1 rx=0 tx=0).handle_hello peer v2:172.21.15.87:3300/0 says I am v2:172.21.15.87:57550/0 (socket says 172.21.15.87:57550)
2023-12-13T14:44:28.824 INFO:teuthology.orchestra.run.smithi087.stderr:/usr/bin/ceph:
2023-12-13T14:44:28.837+0000 7ff740f38700 1 -- 172.21.15.87:0/2827461731 learned_addr learned my addr 172.21.15.87:0/2827461731 (peer_addr_for_me v2:172.21.15.87:0/0)
2023-12-13T14:44:28.826 INFO:teuthology.orchestra.run.smithi087.stderr:/usr/bin/ceph:
2023-12-13T14:44:28.837+0000 7ff740f38700 1 -- 172.21.15.87:0/2827461731 --> [v2:172.21.15.87:3300/0,v1:172.21.15.87:6789/0] -- mon_subscribe({config=0+,monmap=0+}) v3 -- 0x7ff73c0ff090 con 0x7ff73c06ad00
2023-12-13T14:44:28.826 INFO:teuthology.orchestra.run.smithi087.stderr:/usr/bin/ceph:
2023-12-13T14:44:28.838+0000 7ff740f38700 1 --2- 172.21.15.87:0/2827461731 >> [v2:172.21.15.87:3300/0,v1:172.21.15.87:6789/0] conn(0x7ff73c06ad00 0x7ff73c0fea60 secure :-1 s=READY pgs=31 cs=0 l=1 rev1=1 rx=0x7ff73000b5f0 tx=0x7ff730006ee0).ready entity=mon.0 client_cookie=75b7243c3e7d2ffb server_cookie=0 in_seq=0 out_seq=0
2023-12-13T14:44:28.826 INFO:teuthology.orchestra.run.smithi087.stderr:/usr/bin/ceph:
2023-12-13T14:44:28.838+0000 7ff73b7fe700 1 -- 172.21.15.87:0/2827461731 <== mon.0 v2:172.21.15.87:3300/0 1 ==== mon_map magic: 0 v1 ==== 229+0+0 (secure 0 0 0) 0x7ff73000d600 con 0x7ff73c06ad00
2023-12-13T14:44:28.826 INFO:teuthology.orchestra.run.smithi087.stderr:/usr/bin/ceph:
2023-12-13T14:44:28.838+0000 7ff73b7fe700 1 -- 172.21.15.87:0/2827461731 <== mon.0 v2:172.21.15.87:3300/0 2 ==== config(25 keys) v1 ==== 997+0+0 (secure 0 0 0) 0x7ff73000dbc0 con 0x7ff73c06ad00
2023-12-13T14:44:28.826 INFO:teuthology.orchestra.run.smithi087.stderr:/usr/bin/ceph:
2023-12-13T14:44:28.838+0000 7ff73b7fe700 1 -- 172.21.15.87:0/2827461731 <== mon.0 v2:172.21.15.87:3300/0 3 ==== mon_map magic: 0 v1 ==== 229+0+0 (secure 0 0 0) 0x7ff730011b90 con 0x7ff73c06ad00
2023-12-13T14:44:28.826 INFO:teuthology.orchestra.run.smithi087.stderr:/usr/bin/ceph:
2023-12-13T14:44:28.839+0000 7ff741f3a700 1 -- 172.21.15.87:0/2827461731 >> [v2:172.21.15.87:3300/0,v1:172.21.15.87:6789/0] conn(0x7ff73c06ad00 msgr2=0x7ff73c0fea60 secure :-1 s=STATE_CONNECTION_ESTABLISHED l=1).mark_down
2023-12-13T14:44:28.826 INFO:teuthology.orchestra.run.smithi087.stderr:/usr/bin/ceph:
2023-12-13T14:44:28.839+0000 7ff741f3a700 1 --2- 172.21.15.87:0/2827461731 >> [v2:172.21.15.87:3300/0,v1:172.21.15.87:6789/0] conn(0x7ff73c06ad00 0x7ff73c0fea60 secure :-1 s=READY pgs=31 cs=0 l=1 rev1=1 rx=0x7ff73000b5f0 tx=0x7ff730006ee0).stop
2023-12-13T14:44:28.826 INFO:teuthology.orchestra.run.smithi087.stderr:/usr/bin/ceph:
2023-12-13T14:44:28.839+0000 7ff741f3a700 1 -- 172.21.15.87:0/2827461731 shutdown_connections
2023-12-13T14:44:28.826 INFO:teuthology.orchestra.run.smithi087.stderr:/usr/bin/ceph:
2023-12-13T14:44:28.839+0000 7ff741f3a700 1 --2- 172.21.15.87:0/2827461731 >> [v2:172.21.15.87:3300/0,v1:172.21.15.87:6789/0] conn(0x7ff73c06ad00 0x7ff73c0fea60 unknown :-1 s=CLOSED pgs=31 cs=0 l=1 rev1=1 rx=0 tx=0).stop
2023-12-13T14:44:28.827 INFO:teuthology.orchestra.run.smithi087.stderr:/usr/bin/ceph:
2023-12-13T14:44:28.839+0000 7ff741f3a700 1 -- 172.21.15.87:0/2827461731 >> 172.21.15.87:0/2827461731 conn(0x7ff73c0f63c0 msgr2=0x7ff73c0f8840 unknown :-1 s=STATE_NONE l=0).mark_down
2023-12-13T14:44:28.827 INFO:teuthology.orchestra.run.smithi087.stderr:/usr/bin/ceph:
2023-12-13T14:44:28.839+0000 7ff741f3a700 1 -- 172.21.15.87:0/2827461731 shutdown_connections
2023-12-13T14:44:28.827 INFO:teuthology.orchestra.run.smithi087.stderr:/usr/bin/ceph:
2023-12-13T14:44:28.839+0000 7ff741f3a700 1 -- 172.21.15.87:0/2827461731 wait complete.
2023-12-13T14:44:28.828 INFO:teuthology.orchestra.run.smithi087.stderr:/usr/bin/ceph:
2023-12-13T14:44:28.840+0000 7ff741f3a700 1 Processor -- start
2023-12-13T14:44:28.828 INFO:teuthology.orchestra.run.smithi087.stderr:/usr/bin/ceph:
2023-12-13T14:44:28.840+0000 7ff741f3a700 1 -- start start
2023-12-13T14:44:28.828 INFO:teuthology.orchestra.run.smithi087.stderr:/usr/bin/ceph:
2023-12-13T14:44:28.841+0000 7ff741f3a700 1 --2- >> [v2:172.21.15.87:3300/0,v1:172.21.15.87:6789/0] conn(0x7ff73c06ad00 0x7ff73c10ab00 unknown :-1 s=NONE pgs=0 cs=0 l=1 rev1=0 rx=0 tx=0).connect
2023-12-13T14:44:28.828 INFO:teuthology.orchestra.run.smithi087.stderr:/usr/bin/ceph:
2023-12-13T14:44:28.841+0000 7ff741f3a700 1 -- --> [v2:172.21.15.87:3300/0,v1:172.21.15.87:6789/0] -- mon_getmap magic: 0 v1 -- 0x7ff73c10aff0 con 0x7ff73c06ad00
2023-12-13T14:44:28.828 INFO:teuthology.orchestra.run.smithi087.stderr:/usr/bin/ceph:
2023-12-13T14:44:28.841+0000 7ff740f38700 1 --2- >> [v2:172.21.15.87:3300/0,v1:172.21.15.87:6789/0] conn(0x7ff73c06ad00 0x7ff73c10ab00 unknown :-1 s=BANNER_CONNECTING pgs=0 cs=0 l=1 rev1=0 rx=0 tx=0)._handle_peer_banner_payload supported=1 required=0
2023-12-13T14:44:28.828 INFO:teuthology.orchestra.run.smithi087.stderr:/usr/bin/ceph:
2023-12-13T14:44:28.841+0000 7ff740f38700 1 --2- >> [v2:172.21.15.87:3300/0,v1:172.21.15.87:6789/0] conn(0x7ff73c06ad00 0x7ff73c10ab00 unknown :-1 s=HELLO_CONNECTING pgs=0 cs=0 l=1 rev1=1 rx=0 tx=0).handle_hello peer v2:172.21.15.87:3300/0 says I am v2:172.21.15.87:57558/0 (socket says 172.21.15.87:57558)
2023-12-13T14:44:28.828 INFO:teuthology.orchestra.run.smithi087.stderr:/usr/bin/ceph:
2023-12-13T14:44:28.841+0000 7ff740f38700 1 -- 172.21.15.87:0/1734872905 learned_addr learned my addr 172.21.15.87:0/1734872905 (peer_addr_for_me v2:172.21.15.87:0/0)
2023-12-13T14:44:28.828 INFO:teuthology.orchestra.run.smithi087.stderr:/usr/bin/ceph:
2023-12-13T14:44:28.841+0000 7ff740f38700 1 -- 172.21.15.87:0/1734872905 --> [v2:172.21.15.87:3300/0,v1:172.21.15.87:6789/0] -- mon_subscribe({config=0+,monmap=0+}) v3 -- 0x7ff73000b200 con 0x7ff73c06ad00
2023-12-13T14:44:28.828 INFO:teuthology.orchestra.run.smithi087.stderr:/usr/bin/ceph:
2023-12-13T14:44:28.842+0000 7ff740f38700 1 --2- 172.21.15.87:0/1734872905 >> [v2:172.21.15.87:3300/0,v1:172.21.15.87:6789/0] conn(0x7ff73c06ad00 0x7ff73c10ab00 secure :-1 s=READY pgs=32 cs=0 l=1 rev1=1 rx=0x7ff730000c00 tx=0x7ff730006ee0).ready entity=mon.0 client_cookie=0 server_cookie=0 in_seq=0 out_seq=0
2023-12-13T14:44:28.829 INFO:teuthology.orchestra.run.smithi087.stderr:/usr/bin/ceph:
2023-12-13T14:44:28.842+0000 7ff7397fa700 1 -- 172.21.15.87:0/1734872905 <== mon.0 v2:172.21.15.87:3300/0 1 ==== mon_map magic: 0 v1 ==== 229+0+0 (secure 0 0 0) 0x7ff73000de00 con 0x7ff73c06ad00
2023-12-13T14:44:28.829 INFO:teuthology.orchestra.run.smithi087.stderr:/usr/bin/ceph:
2023-12-13T14:44:28.842+0000 7ff741f3a700 1 -- 172.21.15.87:0/1734872905 --> [v2:172.21.15.87:3300/0,v1:172.21.15.87:6789/0] -- mon_subscribe({mgrmap=0+}) v3 -- 0x7ff73c10b1f0 con 0x7ff73c06ad00
2023-12-13T14:44:28.829 INFO:teuthology.orchestra.run.smithi087.stderr:/usr/bin/ceph:
2023-12-13T14:44:28.842+0000 7ff7397fa700 1 -- 172.21.15.87:0/1734872905 <== mon.0 v2:172.21.15.87:3300/0 2 ==== config(25 keys) v1 ==== 997+0+0 (secure 0 0 0) 0x7ff73001b870 con 0x7ff73c06ad00
2023-12-13T14:44:28.829 INFO:teuthology.orchestra.run.smithi087.stderr:/usr/bin/ceph:
2023-12-13T14:44:28.842+0000 7ff7397fa700 1 -- 172.21.15.87:0/1734872905 <== mon.0 v2:172.21.15.87:3300/0 3 ==== mon_map magic: 0 v1 ==== 229+0+0 (secure 0 0 0) 0x7ff73001a670 con 0x7ff73c06ad00
2023-12-13T14:44:28.829 INFO:teuthology.orchestra.run.smithi087.stderr:/usr/bin/ceph:
2023-12-13T14:44:28.842+0000 7ff741f3a700 1 -- 172.21.15.87:0/1734872905 --> [v2:172.21.15.87:3300/0,v1:172.21.15.87:6789/0] -- mon_subscribe({osdmap=0}) v3 -- 0x7ff73c10b680 con 0x7ff73c06ad00
2023-12-13T14:44:28.830 INFO:teuthology.orchestra.run.smithi087.stderr:/usr/bin/ceph:
2023-12-13T14:44:28.843+0000 7ff7397fa700 1 -- 172.21.15.87:0/1734872905 <== mon.0 v2:172.21.15.87:3300/0 4 ==== mgrmap(e 7) v1 ==== 37015+0+0 (secure 0 0 0) 0x7ff73002b070 con 0x7ff73c06ad00
2023-12-13T14:44:28.830 INFO:teuthology.orchestra.run.smithi087.stderr:/usr/bin/ceph:
2023-12-13T14:44:28.843+0000 7ff741f3a700 1 -- 172.21.15.87:0/1734872905 --> [v2:172.21.15.87:3300/0,v1:172.21.15.87:6789/0] -- mon_command({"prefix": "get_command_descriptions"} v 0) v1 -- 0x7ff73c045bb0 con 0x7ff73c06ad00
2023-12-13T14:44:28.831 INFO:teuthology.orchestra.run.smithi087.stderr:/usr/bin/ceph:
2023-12-13T14:44:28.843+0000 7ff7397fa700 1 --2- 172.21.15.87:0/1734872905 >> [v2:172.21.15.87:6800/3247303527,v1:172.21.15.87:6801/3247303527] conn(0x7ff720030ee0 0x7ff7200333a0 unknown :-1 s=NONE pgs=0 cs=0 l=1 rev1=0 rx=0 tx=0).connect
2023-12-13T14:44:28.831 INFO:teuthology.orchestra.run.smithi087.stderr:/usr/bin/ceph:
2023-12-13T14:44:28.843+0000 7ff7397fa700 1 -- 172.21.15.87:0/1734872905 <== mon.0 v2:172.21.15.87:3300/0 5 ==== osd_map(2..2 src has 1..2) v4 ==== 893+0+0 (secure 0 0 0) 0x7ff730042b90 con 0x7ff73c06ad00
2023-12-13T14:44:28.831 INFO:teuthology.orchestra.run.smithi087.stderr:/usr/bin/ceph:
2023-12-13T14:44:28.844+0000 7ff73bfff700 1 --2- 172.21.15.87:0/1734872905 >> [v2:172.21.15.87:6800/3247303527,v1:172.21.15.87:6801/3247303527] conn(0x7ff720030ee0 0x7ff7200333a0 unknown :-1 s=BANNER_CONNECTING pgs=0 cs=0 l=1 rev1=0 rx=0 tx=0)._handle_peer_banner_payload supported=1 required=0
2023-12-13T14:44:28.831 INFO:teuthology.orchestra.run.smithi087.stderr:/usr/bin/ceph:
2023-12-13T14:44:28.844+0000 7ff73bfff700 1 --2- 172.21.15.87:0/1734872905 >> [v2:172.21.15.87:6800/3247303527,v1:172.21.15.87:6801/3247303527] conn(0x7ff720030ee0 0x7ff7200333a0 secure :-1 s=READY pgs=7 cs=0 l=1 rev1=1 rx=0x7ff7280096a0 tx=0x7ff728006b40).ready entity=mgr.14114 client_cookie=0 server_cookie=0 in_seq=0 out_seq=0
2023-12-13T14:44:28.834 INFO:teuthology.orchestra.run.smithi087.stderr:/usr/bin/ceph:
2023-12-13T14:44:28.848+0000 7ff7397fa700 1 -- 172.21.15.87:0/1734872905 <== mon.0 v2:172.21.15.87:3300/0 6 ==== mon_command_ack([{"prefix": "get_command_descriptions"}]=0 v0) v1 ==== 72+0+153237 (secure 0 0 0) 0x7ff73001b410 con 0x7ff73c06ad00
2023-12-13T14:44:28.993 INFO:teuthology.orchestra.run.smithi087.stderr:/usr/bin/ceph:
2023-12-13T14:44:29.007+0000 7ff741f3a700 1 -- 172.21.15.87:0/1734872905 --> [v2:172.21.15.87:6800/3247303527,v1:172.21.15.87:6801/3247303527] -- mgr_command(tid 0: {"prefix": "cephadm set-user", "user": "root", "target": ["mon-mgr", ""]}) v1 -- 0x7ff73c10bfa0 con 0x7ff720030ee0
2023-12-13T14:44:28.994 INFO:teuthology.orchestra.run.smithi087.stderr:/usr/bin/ceph:
2023-12-13T14:44:29.007+0000 7ff7397fa700 1 -- 172.21.15.87:0/1734872905 <== mgr.14114 v2:172.21.15.87:6800/3247303527 1 ==== mgr_command_reply(tid 0: 0 ) v1 ==== 8+0+16 (secure 0 0 0) 0x7ff73c10bfa0 con 0x7ff720030ee0
2023-12-13T14:44:28.994 INFO:teuthology.orchestra.run.smithi087.stderr:/usr/bin/ceph: value unchanged
2023-12-13T14:44:28.996 INFO:teuthology.orchestra.run.smithi087.stderr:/usr/bin/ceph:
2023-12-13T14:44:29.009+0000 7ff741f3a700 1 -- 172.21.15.87:0/1734872905 >> [v2:172.21.15.87:6800/3247303527,v1:172.21.15.87:6801/3247303527] conn(0x7ff720030ee0 msgr2=0x7ff7200333a0 secure :-1 s=STATE_CONNECTION_ESTABLISHED l=1).mark_down
2023-12-13T14:44:28.996 INFO:teuthology.orchestra.run.smithi087.stderr:/usr/bin/ceph:
2023-12-13T14:44:29.009+0000 7ff741f3a700 1 --2- 172.21.15.87:0/1734872905 >> [v2:172.21.15.87:6800/3247303527,v1:172.21.15.87:6801/3247303527] conn(0x7ff720030ee0 0x7ff7200333a0 secure :-1 s=READY pgs=7 cs=0 l=1 rev1=1 rx=0x7ff7280096a0 tx=0x7ff728006b40).stop
2023-12-13T14:44:28.997 INFO:teuthology.orchestra.run.smithi087.stderr:/usr/bin/ceph:
2023-12-13T14:44:29.009+0000 7ff741f3a700 1 -- 172.21.15.87:0/1734872905 >> [v2:172.21.15.87:3300/0,v1:172.21.15.87:6789/0] conn(0x7ff73c06ad00 msgr2=0x7ff73c10ab00 secure :-1 s=STATE_CONNECTION_ESTABLISHED l=1).mark_down
2023-12-13T14:44:28.997 INFO:teuthology.orchestra.run.smithi087.stderr:/usr/bin/ceph:
2023-12-13T14:44:29.009+0000 7ff741f3a700 1 --2- 172.21.15.87:0/1734872905 >> [v2:172.21.15.87:3300/0,v1:172.21.15.87:6789/0] conn(0x7ff73c06ad00 0x7ff73c10ab00 secure :-1 s=READY pgs=32 cs=0 l=1 rev1=1 rx=0x7ff730000c00 tx=0x7ff730006ee0).stop
2023-12-13T14:44:28.997 INFO:teuthology.orchestra.run.smithi087.stderr:/usr/bin/ceph:
2023-12-13T14:44:29.009+0000 7ff741f3a700 1 -- 172.21.15.87:0/1734872905 shutdown_connections
2023-12-13T14:44:28.997 INFO:teuthology.orchestra.run.smithi087.stderr:/usr/bin/ceph:
2023-12-13T14:44:29.009+0000 7ff741f3a700 1 --2- 172.21.15.87:0/1734872905 >> [v2:172.21.15.87:6800/3247303527,v1:172.21.15.87:6801/3247303527] conn(0x7ff720030ee0 0x7ff7200333a0 unknown :-1 s=CLOSED pgs=7 cs=0 l=1 rev1=1 rx=0 tx=0).stop
2023-12-13T14:44:28.997 INFO:teuthology.orchestra.run.smithi087.stderr:/usr/bin/ceph:
2023-12-13T14:44:29.009+0000 7ff741f3a700 1 --2- 172.21.15.87:0/1734872905 >> [v2:172.21.15.87:3300/0,v1:172.21.15.87:6789/0] conn(0x7ff73c06ad00 0x7ff73c10ab00 unknown :-1 s=CLOSED pgs=32 cs=0 l=1 rev1=1 rx=0 tx=0).stop
2023-12-13T14:44:28.997 INFO:teuthology.orchestra.run.smithi087.stderr:/usr/bin/ceph:
2023-12-13T14:44:29.009+0000 7ff741f3a700 1 -- 172.21.15.87:0/1734872905 >> 172.21.15.87:0/1734872905 conn(0x7ff73c0f63c0 msgr2=0x7ff73c0f7f90 unknown :-1 s=STATE_NONE l=0).mark_down
2023-12-13T14:44:28.997 INFO:teuthology.orchestra.run.smithi087.stderr:/usr/bin/ceph:
2023-12-13T14:44:29.009+0000 7ff741f3a700 1 -- 172.21.15.87:0/1734872905 shutdown_connections
2023-12-13T14:44:28.997 INFO:teuthology.orchestra.run.smithi087.stderr:/usr/bin/ceph:
2023-12-13T14:44:29.009+0000 7ff741f3a700 1 -- 172.21.15.87:0/1734872905 wait complete.
2023-12-13T14:44:29.326 INFO:teuthology.orchestra.run.smithi087.stderr:Generating ssh key...
2023-12-13T14:44:29.326 INFO:journalctl@ceph.mon.smithi087.smithi087.stdout:Dec 13 14:44:29 smithi087 ceph-f3cf52cc-99c5-11ee-95a3-87774f69a715-mon-smithi087[107110]: audit
2023-12-13T14:44:28.106217+0000 mgr.smithi087.vbtizo (mgr.14114) 3 : audit [DBG] from='client.14124 -' entity='client.admin' cmd=[{"prefix": "orch set backend", "module_name": "cephadm", "target": ["mon-mgr", ""]}]: dispatch
2023-12-13T14:44:29.326 INFO:journalctl@ceph.mon.smithi087.smithi087.stdout:Dec 13 14:44:29 smithi087 ceph-f3cf52cc-99c5-11ee-95a3-87774f69a715-mon-smithi087[107110]: cluster
2023-12-13T14:44:29.111868+0000 mon.smithi087 (mon.0) 51 : cluster [DBG] mgrmap e8: smithi087.vbtizo(active, since 2s)
2023-12-13T14:44:29.701 INFO:teuthology.orchestra.run.smithi087.stderr:/usr/bin/ceph:
2023-12-13T14:44:29.711+0000 7f302f59e700 1 Processor -- start
2023-12-13T14:44:29.701 INFO:teuthology.orchestra.run.smithi087.stderr:/usr/bin/ceph:
2023-12-13T14:44:29.711+0000 7f302f59e700 1 -- start start
2023-12-13T14:44:29.701 INFO:teuthology.orchestra.run.smithi087.stderr:/usr/bin/ceph:
2023-12-13T14:44:29.712+0000 7f302f59e700 1 --2- >> [v2:172.21.15.87:3300/0,v1:172.21.15.87:6789/0] conn(0x7f303006ade0 0x7f30300fe980 unknown :-1 s=NONE pgs=0 cs=0 l=0 rev1=0 rx=0 tx=0).connect
2023-12-13T14:44:29.701 INFO:teuthology.orchestra.run.smithi087.stderr:/usr/bin/ceph:
2023-12-13T14:44:29.712+0000 7f302f59e700 1 -- --> [v2:172.21.15.87:3300/0,v1:172.21.15.87:6789/0] -- mon_getmap magic: 0 v1 -- 0x7f30300fee70 con 0x7f303006ade0
2023-12-13T14:44:29.701 INFO:teuthology.orchestra.run.smithi087.stderr:/usr/bin/ceph:
2023-12-13T14:44:29.712+0000 7f302e59c700 1 --2- >> [v2:172.21.15.87:3300/0,v1:172.21.15.87:6789/0] conn(0x7f303006ade0 0x7f30300fe980 unknown :-1 s=BANNER_CONNECTING pgs=0 cs=0 l=0 rev1=0 rx=0 tx=0)._handle_peer_banner_payload supported=1 required=0
2023-12-13T14:44:29.701 INFO:teuthology.orchestra.run.smithi087.stderr:/usr/bin/ceph:
2023-12-13T14:44:29.712+0000 7f302e59c700 1 --2- >> [v2:172.21.15.87:3300/0,v1:172.21.15.87:6789/0] conn(0x7f303006ade0 0x7f30300fe980 unknown :-1 s=HELLO_CONNECTING pgs=0 cs=0 l=0 rev1=1 rx=0 tx=0).handle_hello peer v2:172.21.15.87:3300/0 says I am v2:172.21.15.87:57564/0 (socket says 172.21.15.87:57564)
2023-12-13T14:44:29.701 INFO:teuthology.orchestra.run.smithi087.stderr:/usr/bin/ceph:
2023-12-13T14:44:29.712+0000 7f302e59c700 1 -- 172.21.15.87:0/3600434163 learned_addr learned my addr 172.21.15.87:0/3600434163 (peer_addr_for_me v2:172.21.15.87:0/0)
2023-12-13T14:44:29.702 INFO:teuthology.orchestra.run.smithi087.stderr:/usr/bin/ceph:
2023-12-13T14:44:29.713+0000 7f302e59c700 1 -- 172.21.15.87:0/3600434163 --> [v2:172.21.15.87:3300/0,v1:172.21.15.87:6789/0] -- mon_subscribe({config=0+,monmap=0+}) v3 -- 0x7f30300fefb0 con 0x7f303006ade0
2023-12-13T14:44:29.702 INFO:teuthology.orchestra.run.smithi087.stderr:/usr/bin/ceph:
2023-12-13T14:44:29.713+0000 7f302e59c700 1 --2- 172.21.15.87:0/3600434163 >> [v2:172.21.15.87:3300/0,v1:172.21.15.87:6789/0] conn(0x7f303006ade0 0x7f30300fe980 secure :-1 s=READY pgs=33 cs=0 l=1 rev1=1 rx=0x7f302000b5f0 tx=0x7f3020006ee0).ready entity=mon.0 client_cookie=48c72461f12ffb94 server_cookie=0 in_seq=0 out_seq=0
2023-12-13T14:44:29.702 INFO:teuthology.orchestra.run.smithi087.stderr:/usr/bin/ceph:
2023-12-13T14:44:29.713+0000 7f302d59a700 1 -- 172.21.15.87:0/3600434163 <== mon.0 v2:172.21.15.87:3300/0 1 ==== mon_map magic: 0 v1 ==== 229+0+0 (secure 0 0 0) 0x7f302000d600 con 0x7f303006ade0
2023-12-13T14:44:29.702 INFO:teuthology.orchestra.run.smithi087.stderr:/usr/bin/ceph:
2023-12-13T14:44:29.713+0000 7f302d59a700 1 -- 172.21.15.87:0/3600434163 <== mon.0 v2:172.21.15.87:3300/0 2 ==== config(25 keys) v1 ==== 997+0+0 (secure 0 0 0) 0x7f302000dbc0 con 0x7f303006ade0
2023-12-13T14:44:29.702 INFO:teuthology.orchestra.run.smithi087.stderr:/usr/bin/ceph:
2023-12-13T14:44:29.713+0000 7f302d59a700 1 -- 172.21.15.87:0/3600434163 <== mon.0 v2:172.21.15.87:3300/0 3 ==== mon_map magic: 0 v1 ==== 229+0+0 (secure 0 0 0) 0x7f3020011b90 con 0x7f303006ade0
2023-12-13T14:44:29.702 INFO:teuthology.orchestra.run.smithi087.stderr:/usr/bin/ceph:
2023-12-13T14:44:29.713+0000 7f302f59e700 1 -- 172.21.15.87:0/3600434163 >> [v2:172.21.15.87:3300/0,v1:172.21.15.87:6789/0] conn(0x7f303006ade0 msgr2=0x7f30300fe980 secure :-1 s=STATE_CONNECTION_ESTABLISHED l=1).mark_down
2023-12-13T14:44:29.702 INFO:teuthology.orchestra.run.smithi087.stderr:/usr/bin/ceph:
2023-12-13T14:44:29.713+0000 7f302f59e700 1 --2- 172.21.15.87:0/3600434163 >> [v2:172.21.15.87:3300/0,v1:172.21.15.87:6789/0] conn(0x7f303006ade0 0x7f30300fe980 secure :-1 s=READY pgs=33 cs=0 l=1 rev1=1 rx=0x7f302000b5f0 tx=0x7f3020006ee0).stop
2023-12-13T14:44:29.702 INFO:teuthology.orchestra.run.smithi087.stderr:/usr/bin/ceph:
2023-12-13T14:44:29.714+0000 7f302f59e700 1 -- 172.21.15.87:0/3600434163 shutdown_connections
2023-12-13T14:44:29.702 INFO:teuthology.orchestra.run.smithi087.stderr:/usr/bin/ceph:
2023-12-13T14:44:29.714+0000 7f302f59e700 1 --2- 172.21.15.87:0/3600434163 >> [v2:172.21.15.87:3300/0,v1:172.21.15.87:6789/0] conn(0x7f303006ade0 0x7f30300fe980 unknown :-1 s=CLOSED pgs=33 cs=0 l=1 rev1=1 rx=0 tx=0).stop
2023-12-13T14:44:29.702 INFO:teuthology.orchestra.run.smithi087.stderr:/usr/bin/ceph:
2023-12-13T14:44:29.714+0000 7f302f59e700 1 -- 172.21.15.87:0/3600434163 >> 172.21.15.87:0/3600434163 conn(0x7f30300f63c0 msgr2=0x7f30300f8840 unknown :-1 s=STATE_NONE l=0).mark_down
2023-12-13T14:44:29.702 INFO:teuthology.orchestra.run.smithi087.stderr:/usr/bin/ceph:
2023-12-13T14:44:29.714+0000 7f302f59e700 1 -- 172.21.15.87:0/3600434163 shutdown_connections
2023-12-13T14:44:29.702 INFO:teuthology.orchestra.run.smithi087.stderr:/usr/bin/ceph:
2023-12-13T14:44:29.714+0000 7f302f59e700 1 -- 172.21.15.87:0/3600434163 wait complete.
2023-12-13T14:44:29.704 INFO:teuthology.orchestra.run.smithi087.stderr:/usr/bin/ceph:
2023-12-13T14:44:29.715+0000 7f302f59e700 1 Processor -- start
2023-12-13T14:44:29.704 INFO:teuthology.orchestra.run.smithi087.stderr:/usr/bin/ceph:
2023-12-13T14:44:29.715+0000 7f302f59e700 1 -- start start
2023-12-13T14:44:29.704 INFO:teuthology.orchestra.run.smithi087.stderr:/usr/bin/ceph:
2023-12-13T14:44:29.716+0000 7f302f59e700 1 --2- >> [v2:172.21.15.87:3300/0,v1:172.21.15.87:6789/0] conn(0x7f303006ade0 0x7f303010cd30 unknown :-1 s=NONE pgs=0 cs=0 l=1 rev1=0 rx=0 tx=0).connect
2023-12-13T14:44:29.704 INFO:teuthology.orchestra.run.smithi087.stderr:/usr/bin/ceph:
2023-12-13T14:44:29.716+0000 7f302f59e700 1 -- --> [v2:172.21.15.87:3300/0,v1:172.21.15.87:6789/0] -- mon_getmap magic: 0 v1 -- 0x7f303010d220 con 0x7f303006ade0
2023-12-13T14:44:29.704 INFO:teuthology.orchestra.run.smithi087.stderr:/usr/bin/ceph:
2023-12-13T14:44:29.716+0000 7f302e59c700 1 --2- >> [v2:172.21.15.87:3300/0,v1:172.21.15.87:6789/0] conn(0x7f303006ade0 0x7f303010cd30 unknown :-1 s=BANNER_CONNECTING pgs=0 cs=0 l=1 rev1=0 rx=0 tx=0)._handle_peer_banner_payload supported=1 required=0
2023-12-13T14:44:29.704 INFO:teuthology.orchestra.run.smithi087.stderr:/usr/bin/ceph:
2023-12-13T14:44:29.716+0000 7f302e59c700 1 --2- >> [v2:172.21.15.87:3300/0,v1:172.21.15.87:6789/0] conn(0x7f303006ade0 0x7f303010cd30 unknown :-1 s=HELLO_CONNECTING pgs=0 cs=0 l=1 rev1=1 rx=0 tx=0).handle_hello peer v2:172.21.15.87:3300/0 says I am v2:172.21.15.87:57580/0 (socket says 172.21.15.87:57580)
2023-12-13T14:44:29.704 INFO:teuthology.orchestra.run.smithi087.stderr:/usr/bin/ceph:
2023-12-13T14:44:29.716+0000 7f302e59c700 1 -- 172.21.15.87:0/3191982168 learned_addr learned my addr 172.21.15.87:0/3191982168 (peer_addr_for_me v2:172.21.15.87:0/0)
2023-12-13T14:44:29.704 INFO:teuthology.orchestra.run.smithi087.stderr:/usr/bin/ceph:
2023-12-13T14:44:29.716+0000 7f302e59c700 1 -- 172.21.15.87:0/3191982168 --> [v2:172.21.15.87:3300/0,v1:172.21.15.87:6789/0] -- mon_subscribe({config=0+,monmap=0+}) v3 -- 0x7f302000b200 con 0x7f303006ade0
2023-12-13T14:44:29.704 INFO:teuthology.orchestra.run.smithi087.stderr:/usr/bin/ceph:
2023-12-13T14:44:29.716+0000 7f302e59c700 1 --2- 172.21.15.87:0/3191982168 >> [v2:172.21.15.87:3300/0,v1:172.21.15.87:6789/0] conn(0x7f303006ade0 0x7f303010cd30 secure :-1 s=READY pgs=34 cs=0 l=1 rev1=1 rx=0x7f3020006800 tx=0x7f3020006ee0).ready entity=mon.0 client_cookie=0 server_cookie=0 in_seq=0 out_seq=0
2023-12-13T14:44:29.704 INFO:teuthology.orchestra.run.smithi087.stderr:/usr/bin/ceph:
2023-12-13T14:44:29.716+0000 7f301effd700 1 -- 172.21.15.87:0/3191982168 <== mon.0 v2:172.21.15.87:3300/0 1 ==== mon_map magic: 0 v1 ==== 229+0+0 (secure 0 0 0) 0x7f302000de50 con 0x7f303006ade0
2023-12-13T14:44:29.705 INFO:teuthology.orchestra.run.smithi087.stderr:/usr/bin/ceph:
2023-12-13T14:44:29.717+0000 7f301effd700 1 -- 172.21.15.87:0/3191982168 <== mon.0 v2:172.21.15.87:3300/0 2 ==== config(25 keys) v1 ==== 997+0+0 (secure 0 0 0) 0x7f302001b870 con 0x7f303006ade0
2023-12-13T14:44:29.705 INFO:teuthology.orchestra.run.smithi087.stderr:/usr/bin/ceph:
2023-12-13T14:44:29.717+0000 7f302f59e700 1 -- 172.21.15.87:0/3191982168 --> [v2:172.21.15.87:3300/0,v1:172.21.15.87:6789/0] -- mon_subscribe({mgrmap=0+}) v3 -- 0x7f303010d420 con 0x7f303006ade0
2023-12-13T14:44:29.705 INFO:teuthology.orchestra.run.smithi087.stderr:/usr/bin/ceph:
2023-12-13T14:44:29.717+0000 7f301effd700 1 -- 172.21.15.87:0/3191982168 <== mon.0 v2:172.21.15.87:3300/0 3 ==== mon_map magic: 0 v1 ==== 229+0+0 (secure 0 0 0) 0x7f302001a7a0 con 0x7f303006ade0
2023-12-13T14:44:29.705 INFO:teuthology.orchestra.run.smithi087.stderr:/usr/bin/ceph:
2023-12-13T14:44:29.717+0000 7f302f59e700 1 -- 172.21.15.87:0/3191982168 --> [v2:172.21.15.87:3300/0,v1:172.21.15.87:6789/0] -- mon_subscribe({osdmap=0}) v3 -- 0x7f303010e030 con 0x7f303006ade0
2023-12-13T14:44:29.706 INFO:teuthology.orchestra.run.smithi087.stderr:/usr/bin/ceph:
2023-12-13T14:44:29.718+0000 7f302f59e700 1 -- 172.21.15.87:0/3191982168 --> [v2:172.21.15.87:3300/0,v1:172.21.15.87:6789/0] -- mon_command({"prefix": "get_command_descriptions"} v 0) v1 -- 0x7f30300591e0 con 0x7f303006ade0
2023-12-13T14:44:29.706 INFO:teuthology.orchestra.run.smithi087.stderr:/usr/bin/ceph:
2023-12-13T14:44:29.718+0000 7f301effd700 1 -- 172.21.15.87:0/3191982168 <== mon.0 v2:172.21.15.87:3300/0 4 ==== mgrmap(e 8) v1 ==== 37095+0+0 (secure 0 0 0) 0x7f302000f070 con 0x7f303006ade0
2023-12-13T14:44:29.706 INFO:teuthology.orchestra.run.smithi087.stderr:/usr/bin/ceph:
2023-12-13T14:44:29.718+0000 7f301effd700 1 --2- 172.21.15.87:0/3191982168 >> [v2:172.21.15.87:6800/3247303527,v1:172.21.15.87:6801/3247303527] conn(0x7f3014030ff0 0x7f30140334b0 unknown :-1 s=NONE pgs=0 cs=0 l=1 rev1=0 rx=0 tx=0).connect
2023-12-13T14:44:29.706 INFO:teuthology.orchestra.run.smithi087.stderr:/usr/bin/ceph:
2023-12-13T14:44:29.718+0000 7f301effd700 1 -- 172.21.15.87:0/3191982168 <== mon.0 v2:172.21.15.87:3300/0 5 ==== osd_map(2..2 src has 1..2) v4 ==== 893+0+0 (secure 0 0 0) 0x7f3020042b80 con 0x7f303006ade0
2023-12-13T14:44:29.706 INFO:teuthology.orchestra.run.smithi087.stderr:/usr/bin/ceph:
2023-12-13T14:44:29.718+0000 7f302dd9b700 1 --2- 172.21.15.87:0/3191982168 >> [v2:172.21.15.87:6800/3247303527,v1:172.21.15.87:6801/3247303527] conn(0x7f3014030ff0 0x7f30140334b0 unknown :-1 s=BANNER_CONNECTING pgs=0 cs=0 l=1 rev1=0 rx=0 tx=0)._handle_peer_banner_payload supported=1 required=0
2023-12-13T14:44:29.706 INFO:teuthology.orchestra.run.smithi087.stderr:/usr/bin/ceph:
2023-12-13T14:44:29.719+0000 7f302dd9b700 1 --2- 172.21.15.87:0/3191982168 >> [v2:172.21.15.87:6800/3247303527,v1:172.21.15.87:6801/3247303527] conn(0x7f3014030ff0 0x7f30140334b0 secure :-1 s=READY pgs=8 cs=0 l=1 rev1=1 rx=0x7f30240096a0 tx=0x7f3024006b40).ready entity=mgr.14114 client_cookie=0 server_cookie=0 in_seq=0 out_seq=0
2023-12-13T14:44:29.709 INFO:teuthology.orchestra.run.smithi087.stderr:/usr/bin/ceph:
2023-12-13T14:44:29.723+0000 7f301effd700 1 -- 172.21.15.87:0/3191982168 <== mon.0 v2:172.21.15.87:3300/0 6 ==== mon_command_ack([{"prefix": "get_command_descriptions"}]=0 v0) v1 ==== 72+0+153237 (secure 0 0 0) 0x7f302001b410 con 0x7f303006ade0
2023-12-13T14:44:29.867 INFO:teuthology.orchestra.run.smithi087.stderr:/usr/bin/ceph:
2023-12-13T14:44:29.880+0000 7f302f59e700 1 -- 172.21.15.87:0/3191982168 --> [v2:172.21.15.87:6800/3247303527,v1:172.21.15.87:6801/3247303527] -- mgr_command(tid 0: {"prefix": "cephadm generate-key", "target": ["mon-mgr", ""]}) v1 -- 0x7f303010e270 con 0x7f3014030ff0
2023-12-13T14:44:30.125 INFO:teuthology.orchestra.run.smithi087.stderr:/usr/bin/ceph:
2023-12-13T14:44:30.138+0000 7f301effd700 1 -- 172.21.15.87:0/3191982168 <== mgr.14114 v2:172.21.15.87:6800/3247303527 1 ==== mgr_command_reply(tid 0: 0 ) v1 ==== 8+0+0 (secure 0 0 0) 0x7f303010e270 con 0x7f3014030ff0
2023-12-13T14:44:30.127 INFO:teuthology.orchestra.run.smithi087.stderr:/usr/bin/ceph:
2023-12-13T14:44:30.140+0000 7f302f59e700 1 -- 172.21.15.87:0/3191982168 >> [v2:172.21.15.87:6800/3247303527,v1:172.21.15.87:6801/3247303527] conn(0x7f3014030ff0 msgr2=0x7f30140334b0 secure :-1 s=STATE_CONNECTION_ESTABLISHED l=1).mark_down
2023-12-13T14:44:30.128 INFO:teuthology.orchestra.run.smithi087.stderr:/usr/bin/ceph:
2023-12-13T14:44:30.140+0000 7f302f59e700 1 --2- 172.21.15.87:0/3191982168 >> [v2:172.21.15.87:6800/3247303527,v1:172.21.15.87:6801/3247303527] conn(0x7f3014030ff0 0x7f30140334b0 secure :-1 s=READY pgs=8 cs=0 l=1 rev1=1 rx=0x7f30240096a0 tx=0x7f3024006b40).stop
2023-12-13T14:44:30.128 INFO:teuthology.orchestra.run.smithi087.stderr:/usr/bin/ceph:
2023-12-13T14:44:30.140+0000 7f302f59e700 1 -- 172.21.15.87:0/3191982168 >> [v2:172.21.15.87:3300/0,v1:172.21.15.87:6789/0] conn(0x7f303006ade0 msgr2=0x7f303010cd30 secure :-1 s=STATE_CONNECTION_ESTABLISHED l=1).mark_down
2023-12-13T14:44:30.128 INFO:teuthology.orchestra.run.smithi087.stderr:/usr/bin/ceph:
2023-12-13T14:44:30.140+0000 7f302f59e700 1 --2- 172.21.15.87:0/3191982168 >> [v2:172.21.15.87:3300/0,v1:172.21.15.87:6789/0] conn(0x7f303006ade0 0x7f303010cd30 secure :-1 s=READY pgs=34 cs=0 l=1 rev1=1 rx=0x7f3020006800 tx=0x7f3020006ee0).stop
2023-12-13T14:44:30.128 INFO:teuthology.orchestra.run.smithi087.stderr:/usr/bin/ceph:
2023-12-13T14:44:30.140+0000 7f302f59e700 1 -- 172.21.15.87:0/3191982168 shutdown_connections
2023-12-13T14:44:30.128 INFO:teuthology.orchestra.run.smithi087.stderr:/usr/bin/ceph:
2023-12-13T14:44:30.140+0000 7f302f59e700 1 --2- 172.21.15.87:0/3191982168 >> [v2:172.21.15.87:6800/3247303527,v1:172.21.15.87:6801/3247303527] conn(0x7f3014030ff0 0x7f30140334b0 unknown :-1 s=CLOSED pgs=8 cs=0 l=1 rev1=1 rx=0 tx=0).stop
2023-12-13T14:44:30.128 INFO:teuthology.orchestra.run.smithi087.stderr:/usr/bin/ceph:
2023-12-13T14:44:30.140+0000 7f302f59e700 1 --2- 172.21.15.87:0/3191982168 >> [v2:172.21.15.87:3300/0,v1:172.21.15.87:6789/0] conn(0x7f303006ade0 0x7f303010cd30 unknown :-1 s=CLOSED pgs=34 cs=0 l=1 rev1=1 rx=0 tx=0).stop
2023-12-13T14:44:30.128 INFO:teuthology.orchestra.run.smithi087.stderr:/usr/bin/ceph:
2023-12-13T14:44:30.140+0000 7f302f59e700 1 -- 172.21.15.87:0/3191982168 >> 172.21.15.87:0/3191982168 conn(0x7f30300f63c0 msgr2=0x7f30300f7f50 unknown :-1 s=STATE_NONE l=0).mark_down
2023-12-13T14:44:30.128 INFO:teuthology.orchestra.run.smithi087.stderr:/usr/bin/ceph:
2023-12-13T14:44:30.140+0000 7f302f59e700 1 -- 172.21.15.87:0/3191982168 shutdown_connections
2023-12-13T14:44:30.128 INFO:teuthology.orchestra.run.smithi087.stderr:/usr/bin/ceph:
2023-12-13T14:44:30.141+0000 7f302f59e700 1 -- 172.21.15.87:0/3191982168 wait complete.
2023-12-13T14:44:30.846 INFO:journalctl@ceph.mon.smithi087.smithi087.stdout:Dec 13 14:44:30 smithi087 ceph-f3cf52cc-99c5-11ee-95a3-87774f69a715-mon-smithi087[107110]: audit
2023-12-13T14:44:29.008873+0000 mgr.smithi087.vbtizo (mgr.14114) 4 : audit [DBG] from='client.14126 -' entity='client.admin' cmd=[{"prefix": "cephadm set-user", "user": "root", "target": ["mon-mgr", ""]}]: dispatch
2023-12-13T14:44:30.846 INFO:journalctl@ceph.mon.smithi087.smithi087.stdout:Dec 13 14:44:30 smithi087 ceph-f3cf52cc-99c5-11ee-95a3-87774f69a715-mon-smithi087[107110]: audit
2023-12-13T14:44:30.136082+0000 mon.smithi087 (mon.0) 52 : audit [INF] from='mgr.14114 172.21.15.87:0/1299244365' entity='mgr.smithi087.vbtizo'
2023-12-13T14:44:30.846 INFO:journalctl@ceph.mon.smithi087.smithi087.stdout:Dec 13 14:44:30 smithi087 ceph-f3cf52cc-99c5-11ee-95a3-87774f69a715-mon-smithi087[107110]: audit
2023-12-13T14:44:30.138062+0000 mon.smithi087 (mon.0) 53 : audit [INF] from='mgr.14114 172.21.15.87:0/1299244365' entity='mgr.smithi087.vbtizo'
2023-12-13T14:44:30.850 INFO:teuthology.orchestra.run.smithi087.stderr:/usr/bin/ceph:
2023-12-13T14:44:30.862+0000 7f436d445700 1 Processor -- start
2023-12-13T14:44:30.850 INFO:teuthology.orchestra.run.smithi087.stderr:/usr/bin/ceph:
2023-12-13T14:44:30.862+0000 7f436d445700 1 -- start start
2023-12-13T14:44:30.850 INFO:teuthology.orchestra.run.smithi087.stderr:/usr/bin/ceph:
2023-12-13T14:44:30.863+0000 7f436d445700 1 --2- >> [v2:172.21.15.87:3300/0,v1:172.21.15.87:6789/0] conn(0x7f43680275b0 0x7f43680febd0 unknown :-1 s=NONE pgs=0 cs=0 l=0 rev1=0 rx=0 tx=0).connect
2023-12-13T14:44:30.851 INFO:teuthology.orchestra.run.smithi087.stderr:/usr/bin/ceph:
2023-12-13T14:44:30.863+0000 7f436d445700 1 -- --> [v2:172.21.15.87:3300/0,v1:172.21.15.87:6789/0] -- mon_getmap magic: 0 v1 -- 0x7f43680ff0c0 con 0x7f43680275b0
2023-12-13T14:44:30.851 INFO:teuthology.orchestra.run.smithi087.stderr:/usr/bin/ceph:
2023-12-13T14:44:30.863+0000 7f4366ffd700 1 --2- >> [v2:172.21.15.87:3300/0,v1:172.21.15.87:6789/0] conn(0x7f43680275b0 0x7f43680febd0 unknown :-1 s=BANNER_CONNECTING pgs=0 cs=0 l=0 rev1=0 rx=0 tx=0)._handle_peer_banner_payload supported=1 required=0
2023-12-13T14:44:30.851 INFO:teuthology.orchestra.run.smithi087.stderr:/usr/bin/ceph:
2023-12-13T14:44:30.863+0000 7f4366ffd700 1 --2- >> [v2:172.21.15.87:3300/0,v1:172.21.15.87:6789/0] conn(0x7f43680275b0 0x7f43680febd0 unknown :-1 s=HELLO_CONNECTING pgs=0 cs=0 l=0 rev1=1 rx=0 tx=0).handle_hello peer v2:172.21.15.87:3300/0 says I am v2:172.21.15.87:57582/0 (socket says 172.21.15.87:57582)
2023-12-13T14:44:30.851 INFO:teuthology.orchestra.run.smithi087.stderr:/usr/bin/ceph:
2023-12-13T14:44:30.863+0000 7f4366ffd700 1 -- 172.21.15.87:0/1544372148 learned_addr learned my addr 172.21.15.87:0/1544372148 (peer_addr_for_me v2:172.21.15.87:0/0)
2023-12-13T14:44:30.851 INFO:teuthology.orchestra.run.smithi087.stderr:/usr/bin/ceph:
2023-12-13T14:44:30.863+0000 7f4366ffd700 1 -- 172.21.15.87:0/1544372148 --> [v2:172.21.15.87:3300/0,v1:172.21.15.87:6789/0] -- mon_subscribe({config=0+,monmap=0+}) v3 -- 0x7f43680ff200 con 0x7f43680275b0
2023-12-13T14:44:30.851 INFO:teuthology.orchestra.run.smithi087.stderr:/usr/bin/ceph:
2023-12-13T14:44:30.864+0000 7f4366ffd700 1 --2- 172.21.15.87:0/1544372148 >> [v2:172.21.15.87:3300/0,v1:172.21.15.87:6789/0] conn(0x7f43680275b0 0x7f43680febd0 secure :-1 s=READY pgs=35 cs=0 l=1 rev1=1 rx=0x7f435800b5f0 tx=0x7f4358006ee0).ready entity=mon.0 client_cookie=4d0b205cf6c84782 server_cookie=0 in_seq=0 out_seq=0
2023-12-13T14:44:30.851 INFO:teuthology.orchestra.run.smithi087.stderr:/usr/bin/ceph:
2023-12-13T14:44:30.864+0000 7f43667fc700 1 -- 172.21.15.87:0/1544372148 <== mon.0 v2:172.21.15.87:3300/0 1 ==== mon_map magic: 0 v1 ==== 229+0+0 (secure 0 0 0) 0x7f435800d600 con 0x7f43680275b0
2023-12-13T14:44:30.851 INFO:teuthology.orchestra.run.smithi087.stderr:/usr/bin/ceph:
2023-12-13T14:44:30.864+0000 7f43667fc700 1 -- 172.21.15.87:0/1544372148 <== mon.0 v2:172.21.15.87:3300/0 2 ==== config(25 keys) v1 ==== 997+0+0 (secure 0 0 0) 0x7f435800dbc0 con 0x7f43680275b0
2023-12-13T14:44:30.851 INFO:teuthology.orchestra.run.smithi087.stderr:/usr/bin/ceph:
2023-12-13T14:44:30.864+0000 7f43667fc700 1 -- 172.21.15.87:0/1544372148 <== mon.0 v2:172.21.15.87:3300/0 3 ==== mon_map magic: 0 v1 ==== 229+0+0 (secure 0 0 0) 0x7f4358011b90 con 0x7f43680275b0
2023-12-13T14:44:30.853 INFO:teuthology.orchestra.run.smithi087.stderr:/usr/bin/ceph:
2023-12-13T14:44:30.864+0000 7f436d445700 1 -- 172.21.15.87:0/1544372148 >> [v2:172.21.15.87:3300/0,v1:172.21.15.87:6789/0] conn(0x7f43680275b0 msgr2=0x7f43680febd0 secure :-1 s=STATE_CONNECTION_ESTABLISHED l=1).mark_down
2023-12-13T14:44:30.853 INFO:teuthology.orchestra.run.smithi087.stderr:/usr/bin/ceph:
2023-12-13T14:44:30.864+0000 7f436d445700 1 --2- 172.21.15.87:0/1544372148 >> [v2:172.21.15.87:3300/0,v1:172.21.15.87:6789/0] conn(0x7f43680275b0 0x7f43680febd0 secure :-1 s=READY pgs=35 cs=0 l=1 rev1=1 rx=0x7f435800b5f0 tx=0x7f4358006ee0).stop
2023-12-13T14:44:30.853 INFO:teuthology.orchestra.run.smithi087.stderr:/usr/bin/ceph:
2023-12-13T14:44:30.864+0000 7f436d445700 1 -- 172.21.15.87:0/1544372148 shutdown_connections
2023-12-13T14:44:30.854 INFO:teuthology.orchestra.run.smithi087.stderr:/usr/bin/ceph:
2023-12-13T14:44:30.864+0000 7f436d445700 1 --2- 172.21.15.87:0/1544372148 >> [v2:172.21.15.87:3300/0,v1:172.21.15.87:6789/0] conn(0x7f43680275b0 0x7f43680febd0 unknown :-1 s=CLOSED pgs=35 cs=0 l=1 rev1=1 rx=0 tx=0).stop
2023-12-13T14:44:30.854 INFO:teuthology.orchestra.run.smithi087.stderr:/usr/bin/ceph:
2023-12-13T14:44:30.864+0000 7f436d445700 1 -- 172.21.15.87:0/1544372148 >> 172.21.15.87:0/1544372148 conn(0x7f43680f6590 msgr2=0x7f43680f89d0 unknown :-1 s=STATE_NONE l=0).mark_down
2023-12-13T14:44:30.854 INFO:teuthology.orchestra.run.smithi087.stderr:/usr/bin/ceph:
2023-12-13T14:44:30.865+0000 7f436d445700 1 -- 172.21.15.87:0/1544372148 shutdown_connections
2023-12-13T14:44:30.854 INFO:teuthology.orchestra.run.smithi087.stderr:/usr/bin/ceph:
2023-12-13T14:44:30.865+0000 7f436d445700 1 -- 172.21.15.87:0/1544372148 wait complete.
2023-12-13T14:44:30.854 INFO:teuthology.orchestra.run.smithi087.stderr:/usr/bin/ceph:
2023-12-13T14:44:30.865+0000 7f436d445700 1 Processor -- start
2023-12-13T14:44:30.854 INFO:teuthology.orchestra.run.smithi087.stderr:/usr/bin/ceph:
2023-12-13T14:44:30.865+0000 7f436d445700 1 -- start start
2023-12-13T14:44:30.854 INFO:teuthology.orchestra.run.smithi087.stderr:/usr/bin/ceph:
2023-12-13T14:44:30.866+0000 7f436d445700 1 --2- >> [v2:172.21.15.87:3300/0,v1:172.21.15.87:6789/0] conn(0x7f43680275b0 0x7f436810ce90 unknown :-1 s=NONE pgs=0 cs=0 l=1 rev1=0 rx=0 tx=0).connect
2023-12-13T14:44:30.854 INFO:teuthology.orchestra.run.smithi087.stderr:/usr/bin/ceph:
2023-12-13T14:44:30.866+0000 7f436d445700 1 -- --> [v2:172.21.15.87:3300/0,v1:172.21.15.87:6789/0] -- mon_getmap magic: 0 v1 -- 0x7f436810d380 con 0x7f43680275b0
2023-12-13T14:44:30.854 INFO:teuthology.orchestra.run.smithi087.stderr:/usr/bin/ceph:
2023-12-13T14:44:30.866+0000 7f4366ffd700 1 --2- >> [v2:172.21.15.87:3300/0,v1:172.21.15.87:6789/0] conn(0x7f43680275b0 0x7f436810ce90 unknown :-1 s=BANNER_CONNECTING pgs=0 cs=0 l=1 rev1=0 rx=0 tx=0)._handle_peer_banner_payload supported=1 required=0
2023-12-13T14:44:30.854 INFO:teuthology.orchestra.run.smithi087.stderr:/usr/bin/ceph:
2023-12-13T14:44:30.866+0000 7f4366ffd700 1 --2- >> [v2:172.21.15.87:3300/0,v1:172.21.15.87:6789/0] conn(0x7f43680275b0 0x7f436810ce90 unknown :-1 s=HELLO_CONNECTING pgs=0 cs=0 l=1 rev1=1 rx=0 tx=0).handle_hello peer v2:172.21.15.87:3300/0 says I am v2:172.21.15.87:57596/0 (socket says 172.21.15.87:57596)
2023-12-13T14:44:30.854 INFO:teuthology.orchestra.run.smithi087.stderr:/usr/bin/ceph:
2023-12-13T14:44:30.866+0000 7f4366ffd700 1 -- 172.21.15.87:0/1070703922 learned_addr learned my addr 172.21.15.87:0/1070703922 (peer_addr_for_me v2:172.21.15.87:0/0)
2023-12-13T14:44:30.854 INFO:teuthology.orchestra.run.smithi087.stderr:/usr/bin/ceph:
2023-12-13T14:44:30.866+0000 7f4366ffd700 1 -- 172.21.15.87:0/1070703922 --> [v2:172.21.15.87:3300/0,v1:172.21.15.87:6789/0] -- mon_subscribe({config=0+,monmap=0+}) v3 -- 0x7f435800b200 con 0x7f43680275b0
2023-12-13T14:44:30.854 INFO:teuthology.orchestra.run.smithi087.stderr:/usr/bin/ceph:
2023-12-13T14:44:30.866+0000 7f4366ffd700 1 --2- 172.21.15.87:0/1070703922 >> [v2:172.21.15.87:3300/0,v1:172.21.15.87:6789/0] conn(0x7f43680275b0 0x7f436810ce90 secure :-1 s=READY pgs=36 cs=0 l=1 rev1=1 rx=0x7f4358000c00 tx=0x7f4358006ee0).ready entity=mon.0 client_cookie=0 server_cookie=0 in_seq=0 out_seq=0
2023-12-13T14:44:30.854 INFO:teuthology.orchestra.run.smithi087.stderr:/usr/bin/ceph:
2023-12-13T14:44:30.867+0000 7f435f7fe700 1 -- 172.21.15.87:0/1070703922 <== mon.0 v2:172.21.15.87:3300/0 1 ==== mon_map magic: 0 v1 ==== 229+0+0 (secure 0 0 0) 0x7f435800de00 con 0x7f43680275b0
2023-12-13T14:44:30.855 INFO:teuthology.orchestra.run.smithi087.stderr:/usr/bin/ceph:
2023-12-13T14:44:30.867+0000 7f435f7fe700 1 -- 172.21.15.87:0/1070703922 <== mon.0 v2:172.21.15.87:3300/0 2 ==== config(25 keys) v1 ==== 997+0+0 (secure 0 0 0) 0x7f435801b870 con 0x7f43680275b0
2023-12-13T14:44:30.855 INFO:teuthology.orchestra.run.smithi087.stderr:/usr/bin/ceph:
2023-12-13T14:44:30.867+0000 7f435f7fe700 1 -- 172.21.15.87:0/1070703922 <== mon.0 v2:172.21.15.87:3300/0 3 ==== mon_map magic: 0 v1 ==== 229+0+0 (secure 0 0 0) 0x7f435801a670 con 0x7f43680275b0
2023-12-13T14:44:30.856 INFO:teuthology.orchestra.run.smithi087.stderr:/usr/bin/ceph:
2023-12-13T14:44:30.867+0000 7f436d445700 1 -- 172.21.15.87:0/1070703922 --> [v2:172.21.15.87:3300/0,v1:172.21.15.87:6789/0] -- mon_subscribe({mgrmap=0+}) v3 -- 0x7f436810d580 con 0x7f43680275b0
2023-12-13T14:44:30.856 INFO:teuthology.orchestra.run.smithi087.stderr:/usr/bin/ceph:
2023-12-13T14:44:30.867+0000 7f436d445700 1 -- 172.21.15.87:0/1070703922 --> [v2:172.21.15.87:3300/0,v1:172.21.15.87:6789/0] -- mon_subscribe({osdmap=0}) v3 -- 0x7f436810da10 con 0x7f43680275b0
2023-12-13T14:44:30.856 INFO:teuthology.orchestra.run.smithi087.stderr:/usr/bin/ceph:
2023-12-13T14:44:30.868+0000 7f435f7fe700 1 -- 172.21.15.87:0/1070703922 <== mon.0 v2:172.21.15.87:3300/0 4 ==== mgrmap(e 8) v1 ==== 37095+0+0 (secure 0 0 0) 0x7f435802b070 con 0x7f43680275b0
2023-12-13T14:44:30.856 INFO:teuthology.orchestra.run.smithi087.stderr:/usr/bin/ceph:
2023-12-13T14:44:30.868+0000 7f436d445700 1 -- 172.21.15.87:0/1070703922 --> [v2:172.21.15.87:3300/0,v1:172.21.15.87:6789/0] -- mon_command({"prefix": "get_command_descriptions"} v 0) v1 -- 0x7f4368045bb0 con 0x7f43680275b0
2023-12-13T14:44:30.856 INFO:teuthology.orchestra.run.smithi087.stderr:/usr/bin/ceph:
2023-12-13T14:44:30.868+0000 7f435f7fe700 1 --2- 172.21.15.87:0/1070703922 >> [v2:172.21.15.87:6800/3247303527,v1:172.21.15.87:6801/3247303527] conn(0x7f4348030fa0 0x7f4348033460 unknown :-1 s=NONE pgs=0 cs=0 l=1 rev1=0 rx=0 tx=0).connect
2023-12-13T14:44:30.856 INFO:teuthology.orchestra.run.smithi087.stderr:/usr/bin/ceph:
2023-12-13T14:44:30.868+0000 7f435f7fe700 1 -- 172.21.15.87:0/1070703922 <== mon.0 v2:172.21.15.87:3300/0 5 ==== osd_map(2..2 src has 1..2) v4 ==== 893+0+0 (secure 0 0 0) 0x7f4358042ca0 con 0x7f43680275b0
2023-12-13T14:44:30.856 INFO:teuthology.orchestra.run.smithi087.stderr:/usr/bin/ceph:
2023-12-13T14:44:30.869+0000 7f435ffff700 1 --2- 172.21.15.87:0/1070703922 >> [v2:172.21.15.87:6800/3247303527,v1:172.21.15.87:6801/3247303527] conn(0x7f4348030fa0 0x7f4348033460 unknown :-1 s=BANNER_CONNECTING pgs=0 cs=0 l=1 rev1=0 rx=0 tx=0)._handle_peer_banner_payload supported=1 required=0
2023-12-13T14:44:30.856 INFO:teuthology.orchestra.run.smithi087.stderr:/usr/bin/ceph:
2023-12-13T14:44:30.869+0000 7f435ffff700 1 --2- 172.21.15.87:0/1070703922 >> [v2:172.21.15.87:6800/3247303527,v1:172.21.15.87:6801/3247303527] conn(0x7f4348030fa0 0x7f4348033460 secure :-1 s=READY pgs=9 cs=0 l=1 rev1=1 rx=0x7f43500096a0 tx=0x7f4350006b40).ready entity=mgr.14114 client_cookie=0 server_cookie=0 in_seq=0 out_seq=0
2023-12-13T14:44:30.859 INFO:teuthology.orchestra.run.smithi087.stderr:/usr/bin/ceph:
2023-12-13T14:44:30.873+0000 7f435f7fe700 1 -- 172.21.15.87:0/1070703922 <== mon.0 v2:172.21.15.87:3300/0 6 ==== mon_command_ack([{"prefix": "get_command_descriptions"}]=0 v0) v1 ==== 72+0+153237 (secure 0 0 0) 0x7f435802b950 con 0x7f43680275b0
2023-12-13T14:44:31.021 INFO:teuthology.orchestra.run.smithi087.stderr:/usr/bin/ceph:
2023-12-13T14:44:31.034+0000 7f436d445700 1 -- 172.21.15.87:0/1070703922 --> [v2:172.21.15.87:6800/3247303527,v1:172.21.15.87:6801/3247303527] -- mgr_command(tid 0: {"prefix": "cephadm get-pub-key", "target": ["mon-mgr", ""]}) v1 -- 0x7f436810e270 con 0x7f4348030fa0
2023-12-13T14:44:31.021 INFO:teuthology.orchestra.run.smithi087.stderr:/usr/bin/ceph:
2023-12-13T14:44:31.035+0000 7f435f7fe700 1 -- 172.21.15.87:0/1070703922 <== mgr.14114 v2:172.21.15.87:6800/3247303527 1 ==== mgr_command_reply(tid 0: 0 ) v1 ==== 8+0+595 (secure 0 0 0) 0x7f436810e270 con 0x7f4348030fa0
2023-12-13T14:44:31.022 INFO:teuthology.orchestra.run.smithi087.stderr:/usr/bin/ceph: ssh-rsa AAAAB3NzaC1yc2EAAAADAQABAAABgQDvg1CD9ux6odBdQ1ckSGMFRnAQCq5+EXzdpl4awmDud9i6m1+29rIQ+yUp15ADGSnM0J1p5hmpCWpm+vGJxJ1Pr5dFMcHRhTLdrDQwfeb6HgmtDh+Q/QZnjyc17MYugL5KNOlJI/yUhbkxHnXb8Wo25g0lcAlBXGx5DAddNoG82/JCq6CTLp7bhDUtMMl5KfzNFUbZdPuodikMCuayYHrS9muhX9R6IP2kAGuH1+28m2T/j9C40XE6JK+yJAc/y/NLarJyoLsbyVZsy0s/QAfrn9NjOgVHmm0dokIm0UTj5+78PKdjj0nSmsaX5MBD6n6Jc34dasQ2RbhxY05D8NTA8E6c3QNGy5oahaBol+lYD/iPBGWL/0C2VEXSMcJlgvS787xVNvuYqQrLqL/jJSDKeoSURNpiteAQuxEF2I7T8080s8F/1P5YaAF8lAeAhoXyofrENNhJAUsQp0bhUUKBzY6aTxCRwZVgI7KHmjuYVSnuNjTZ6LMihGtUouzaFjc= ceph-f3cf52cc-99c5-11ee-95a3-87774f69a715
2023-12-13T14:44:31.024 INFO:teuthology.orchestra.run.smithi087.stderr:/usr/bin/ceph:
2023-12-13T14:44:31.037+0000 7f436d445700 1 -- 172.21.15.87:0/1070703922 >> [v2:172.21.15.87:6800/3247303527,v1:172.21.15.87:6801/3247303527] conn(0x7f4348030fa0 msgr2=0x7f4348033460 secure :-1 s=STATE_CONNECTION_ESTABLISHED l=1).mark_down
2023-12-13T14:44:31.024 INFO:teuthology.orchestra.run.smithi087.stderr:/usr/bin/ceph:
2023-12-13T14:44:31.037+0000 7f436d445700 1 --2- 172.21.15.87:0/1070703922 >> [v2:172.21.15.87:6800/3247303527,v1:172.21.15.87:6801/3247303527] conn(0x7f4348030fa0 0x7f4348033460 secure :-1 s=READY pgs=9 cs=0 l=1 rev1=1 rx=0x7f43500096a0 tx=0x7f4350006b40).stop
2023-12-13T14:44:31.024 INFO:teuthology.orchestra.run.smithi087.stderr:/usr/bin/ceph:
2023-12-13T14:44:31.037+0000 7f436d445700 1 -- 172.21.15.87:0/1070703922 >> [v2:172.21.15.87:3300/0,v1:172.21.15.87:6789/0] conn(0x7f43680275b0 msgr2=0x7f436810ce90 secure :-1 s=STATE_CONNECTION_ESTABLISHED l=1).mark_down
2023-12-13T14:44:31.024 INFO:teuthology.orchestra.run.smithi087.stderr:/usr/bin/ceph:
2023-12-13T14:44:31.037+0000 7f436d445700 1 --2- 172.21.15.87:0/1070703922 >> [v2:172.21.15.87:3300/0,v1:172.21.15.87:6789/0] conn(0x7f43680275b0 0x7f436810ce90 secure :-1 s=READY pgs=36 cs=0 l=1 rev1=1 rx=0x7f4358000c00 tx=0x7f4358006ee0).stop
2023-12-13T14:44:31.024 INFO:teuthology.orchestra.run.smithi087.stderr:/usr/bin/ceph:
2023-12-13T14:44:31.037+0000 7f436d445700 1 -- 172.21.15.87:0/1070703922 shutdown_connections
2023-12-13T14:44:31.024 INFO:teuthology.orchestra.run.smithi087.stderr:/usr/bin/ceph:
2023-12-13T14:44:31.037+0000 7f436d445700 1 --2- 172.21.15.87:0/1070703922 >> [v2:172.21.15.87:6800/3247303527,v1:172.21.15.87:6801/3247303527] conn(0x7f4348030fa0 0x7f4348033460 unknown :-1 s=CLOSED pgs=9 cs=0 l=1 rev1=1 rx=0 tx=0).stop
2023-12-13T14:44:31.025 INFO:teuthology.orchestra.run.smithi087.stderr:/usr/bin/ceph:
2023-12-13T14:44:31.037+0000 7f436d445700 1 --2- 172.21.15.87:0/1070703922 >> [v2:172.21.15.87:3300/0,v1:172.21.15.87:6789/0] conn(0x7f43680275b0 0x7f436810ce90 unknown :-1 s=CLOSED pgs=36 cs=0 l=1 rev1=1 rx=0 tx=0).stop
2023-12-13T14:44:31.025 INFO:teuthology.orchestra.run.smithi087.stderr:/usr/bin/ceph:
2023-12-13T14:44:31.037+0000 7f436d445700 1 -- 172.21.15.87:0/1070703922 >> 172.21.15.87:0/1070703922 conn(0x7f43680f6590 msgr2=0x7f43680f8020 unknown :-1 s=STATE_NONE l=0).mark_down
2023-12-13T14:44:31.025 INFO:teuthology.orchestra.run.smithi087.stderr:/usr/bin/ceph:
2023-12-13T14:44:31.037+0000 7f436d445700 1 -- 172.21.15.87:0/1070703922 shutdown_connections
2023-12-13T14:44:31.025 INFO:teuthology.orchestra.run.smithi087.stderr:/usr/bin/ceph:
2023-12-13T14:44:31.037+0000 7f436d445700 1 -- 172.21.15.87:0/1070703922 wait complete.
2023-12-13T14:44:31.426 INFO:teuthology.orchestra.run.smithi087.stderr:Wrote public SSH key to /home/ubuntu/cephtest/ceph.pub
2023-12-13T14:44:31.426 INFO:teuthology.orchestra.run.smithi087.stderr:Adding key to root@localhost authorized_keys...
2023-12-13T14:44:31.427 INFO:teuthology.orchestra.run.smithi087.stderr:Adding host smithi087...
