2024-01-22T07:35:07.461+0000 7fe0c3c00700 1 --2- 172.21.15.16:0/3772818950 >> [v2:172.21.15.16:3300/0,v1:172.21.15.16:6789/0] conn(0x7fe0bc07cce0 0x7fe0bc19d280 secure :-1 s=READY pgs=46 cs=0 l=1 rev1=1 crypto rx=0x7fe0ac011b40 tx=0x7fe0ac011c20 comp rx=0 tx=0).stop
2024-01-22T07:35:07.807 INFO:teuthology.orchestra.run.smithi016.stdout:/usr/bin/ceph: stderr
2024-01-22T07:35:07.461+0000 7fe0c3c00700 1 -- 172.21.15.16:0/3772818950 shutdown_connections
2024-01-22T07:35:07.807 INFO:teuthology.orchestra.run.smithi016.stdout:/usr/bin/ceph: stderr
2024-01-22T07:35:07.461+0000 7fe0c3c00700 1 --2- 172.21.15.16:0/3772818950 >> [v2:172.21.15.16:6800/1660197916,v1:172.21.15.16:6801/1660197916] conn(0x7fe09c038cc0 0x7fe09c03b180 unknown :-1 s=CLOSED pgs=12 cs=0 l=1 rev1=1 crypto rx=0 tx=0 comp rx=0 tx=0).stop
2024-01-22T07:35:07.807 INFO:teuthology.orchestra.run.smithi016.stdout:/usr/bin/ceph: stderr
2024-01-22T07:35:07.461+0000 7fe0c3c00700 1 --2- 172.21.15.16:0/3772818950 >> [v2:172.21.15.16:3300/0,v1:172.21.15.16:6789/0] conn(0x7fe0bc07cce0 0x7fe0bc19d280 unknown :-1 s=CLOSED pgs=46 cs=0 l=1 rev1=1 crypto rx=0 tx=0 comp rx=0 tx=0).stop
2024-01-22T07:35:07.807 INFO:teuthology.orchestra.run.smithi016.stdout:/usr/bin/ceph: stderr
2024-01-22T07:35:07.461+0000 7fe0c3c00700 1 -- 172.21.15.16:0/3772818950 >> 172.21.15.16:0/3772818950 conn(0x7fe0bc1029f0 msgr2=0x7fe0bc103580 unknown :-1 s=STATE_NONE l=0).mark_down
2024-01-22T07:35:07.807 INFO:teuthology.orchestra.run.smithi016.stdout:/usr/bin/ceph: stderr
2024-01-22T07:35:07.461+0000 7fe0c3c00700 1 -- 172.21.15.16:0/3772818950 shutdown_connections
2024-01-22T07:35:07.807 INFO:teuthology.orchestra.run.smithi016.stdout:/usr/bin/ceph: stderr
2024-01-22T07:35:07.461+0000 7fe0c3c00700 1 -- 172.21.15.16:0/3772818950 wait complete.
2024-01-22T07:35:07.807 INFO:teuthology.orchestra.run.smithi016.stdout:Deploying unmanaged mgr service...
2024-01-22T07:35:08.849 INFO:journalctl@ceph.mon.a.smithi016.stdout:Jan 22 07:35:08 smithi016 ceph-mon[35304]: from='client.14140 -' entity='client.admin' cmd=[{"prefix": "orch apply", "service_type": "mon", "unmanaged": true, "target": ["mon-mgr", ""]}]: dispatch
2024-01-22T07:35:08.849 INFO:journalctl@ceph.mon.a.smithi016.stdout:Jan 22 07:35:08 smithi016 ceph-mon[35304]: Saving service mon spec with placement count:5
2024-01-22T07:35:09.117 INFO:teuthology.orchestra.run.smithi016.stdout:/usr/bin/ceph: stdout Scheduled mgr update...
2024-01-22T07:35:09.117 INFO:teuthology.orchestra.run.smithi016.stdout:/usr/bin/ceph: stderr
2024-01-22T07:35:08.425+0000 7f3611600700 1 Processor -- start
2024-01-22T07:35:09.117 INFO:teuthology.orchestra.run.smithi016.stdout:/usr/bin/ceph: stderr
2024-01-22T07:35:08.426+0000 7f3611600700 1 -- start start
2024-01-22T07:35:09.122 INFO:teuthology.orchestra.run.smithi016.stdout:/usr/bin/ceph: stderr
2024-01-22T07:35:08.426+0000 7f3611600700 1 --2- >> [v2:172.21.15.16:3300/0,v1:172.21.15.16:6789/0] conn(0x7f360c07ccc0 0x7f360c07b280 unknown :-1 s=NONE pgs=0 cs=0 l=0 rev1=0 crypto rx=0 tx=0 comp rx=0 tx=0).connect
2024-01-22T07:35:09.122 INFO:teuthology.orchestra.run.smithi016.stdout:/usr/bin/ceph: stderr
2024-01-22T07:35:08.426+0000 7f3611600700 1 -- --> [v2:172.21.15.16:3300/0,v1:172.21.15.16:6789/0] -- mon_getmap magic: 0 v1 -- 0x7f360c07d0e0 con 0x7f360c07ccc0
2024-01-22T07:35:09.123 INFO:teuthology.orchestra.run.smithi016.stdout:/usr/bin/ceph: stderr
2024-01-22T07:35:08.426+0000 7f360aa00700 1 --2- >> [v2:172.21.15.16:3300/0,v1:172.21.15.16:6789/0] conn(0x7f360c07ccc0 0x7f360c07b280 unknown :-1 s=BANNER_CONNECTING pgs=0 cs=0 l=0 rev1=0 crypto rx=0 tx=0 comp rx=0 tx=0)._handle_peer_banner_payload supported=3 required=0
2024-01-22T07:35:09.123 INFO:teuthology.orchestra.run.smithi016.stdout:/usr/bin/ceph: stderr
2024-01-22T07:35:08.427+0000 7f360aa00700 1 --2- >> [v2:172.21.15.16:3300/0,v1:172.21.15.16:6789/0] conn(0x7f360c07ccc0 0x7f360c07b280 unknown :-1 s=HELLO_CONNECTING pgs=0 cs=0 l=0 rev1=1 crypto rx=0 tx=0 comp rx=0 tx=0).handle_hello peer v2:172.21.15.16:3300/0 says I am v2:172.21.15.16:36460/0 (socket says 172.21.15.16:36460)
2024-01-22T07:35:09.123 INFO:teuthology.orchestra.run.smithi016.stdout:/usr/bin/ceph: stderr
2024-01-22T07:35:08.427+0000 7f360aa00700 1 -- 172.21.15.16:0/3294802506 learned_addr learned my addr 172.21.15.16:0/3294802506 (peer_addr_for_me v2:172.21.15.16:0/0)
2024-01-22T07:35:09.123 INFO:teuthology.orchestra.run.smithi016.stdout:/usr/bin/ceph: stderr
2024-01-22T07:35:08.427+0000 7f360aa00700 1 -- 172.21.15.16:0/3294802506 --> [v2:172.21.15.16:3300/0,v1:172.21.15.16:6789/0] -- mon_subscribe({config=0+,monmap=0+}) v3 -- 0x7f360c07b7c0 con 0x7f360c07ccc0
2024-01-22T07:35:09.123 INFO:teuthology.orchestra.run.smithi016.stdout:/usr/bin/ceph: stderr
2024-01-22T07:35:08.427+0000 7f360aa00700 1 --2- 172.21.15.16:0/3294802506 >> [v2:172.21.15.16:3300/0,v1:172.21.15.16:6789/0] conn(0x7f360c07ccc0 0x7f360c07b280 secure :-1 s=READY pgs=47 cs=0 l=1 rev1=1 crypto rx=0x7f35fc0098a0 tx=0x7f35fc009bb0 comp rx=0 tx=0).ready entity=mon.0 client_cookie=ffa2e2593eed12ba server_cookie=0 in_seq=0 out_seq=0
2024-01-22T07:35:09.123 INFO:teuthology.orchestra.run.smithi016.stdout:/usr/bin/ceph: stderr
2024-01-22T07:35:08.427+0000 7f3609600700 1 -- 172.21.15.16:0/3294802506 <== mon.0 v2:172.21.15.16:3300/0 1 ==== mon_map magic: 0 v1 ==== 205+0+0 (secure 0 0 0) 0x7f35fc004160 con 0x7f360c07ccc0
2024-01-22T07:35:09.123 INFO:teuthology.orchestra.run.smithi016.stdout:/usr/bin/ceph: stderr
2024-01-22T07:35:08.427+0000 7f3609600700 1 -- 172.21.15.16:0/3294802506 <== mon.0 v2:172.21.15.16:3300/0 2 ==== config(28 keys) v1 ==== 1143+0+0 (secure 0 0 0) 0x7f35fc0042c0 con 0x7f360c07ccc0
2024-01-22T07:35:09.123 INFO:teuthology.orchestra.run.smithi016.stdout:/usr/bin/ceph: stderr
2024-01-22T07:35:08.428+0000 7f3609600700 1 -- 172.21.15.16:0/3294802506 <== mon.0 v2:172.21.15.16:3300/0 3 ==== mon_map magic: 0 v1 ==== 205+0+0 (secure 0 0 0) 0x7f35fc011b70 con 0x7f360c07ccc0
2024-01-22T07:35:09.123 INFO:teuthology.orchestra.run.smithi016.stdout:/usr/bin/ceph: stderr
2024-01-22T07:35:08.428+0000 7f3611600700 1 -- 172.21.15.16:0/3294802506 >> [v2:172.21.15.16:3300/0,v1:172.21.15.16:6789/0] conn(0x7f360c07ccc0 msgr2=0x7f360c07b280 secure :-1 s=STATE_CONNECTION_ESTABLISHED l=1).mark_down
2024-01-22T07:35:09.123 INFO:teuthology.orchestra.run.smithi016.stdout:/usr/bin/ceph: stderr
2024-01-22T07:35:08.428+0000 7f3611600700 1 --2- 172.21.15.16:0/3294802506 >> [v2:172.21.15.16:3300/0,v1:172.21.15.16:6789/0] conn(0x7f360c07ccc0 0x7f360c07b280 secure :-1 s=READY pgs=47 cs=0 l=1 rev1=1 crypto rx=0x7f35fc0098a0 tx=0x7f35fc009bb0 comp rx=0 tx=0).stop
2024-01-22T07:35:09.123 INFO:teuthology.orchestra.run.smithi016.stdout:/usr/bin/ceph: stderr
2024-01-22T07:35:08.428+0000 7f3611600700 1 -- 172.21.15.16:0/3294802506 shutdown_connections
2024-01-22T07:35:09.123 INFO:teuthology.orchestra.run.smithi016.stdout:/usr/bin/ceph: stderr
2024-01-22T07:35:08.428+0000 7f3611600700 1 --2- 172.21.15.16:0/3294802506 >> [v2:172.21.15.16:3300/0,v1:172.21.15.16:6789/0] conn(0x7f360c07ccc0 0x7f360c07b280 unknown :-1 s=CLOSED pgs=47 cs=0 l=1 rev1=1 crypto rx=0 tx=0 comp rx=0 tx=0).stop
2024-01-22T07:35:09.124 INFO:teuthology.orchestra.run.smithi016.stdout:/usr/bin/ceph: stderr
2024-01-22T07:35:08.428+0000 7f3611600700 1 -- 172.21.15.16:0/3294802506 >> 172.21.15.16:0/3294802506 conn(0x7f360c1029f0 msgr2=0x7f360c104e10 unknown :-1 s=STATE_NONE l=0).mark_down
2024-01-22T07:35:09.124 INFO:teuthology.orchestra.run.smithi016.stdout:/usr/bin/ceph: stderr
2024-01-22T07:35:08.428+0000 7f3611600700 1 -- 172.21.15.16:0/3294802506 shutdown_connections
2024-01-22T07:35:09.124 INFO:teuthology.orchestra.run.smithi016.stdout:/usr/bin/ceph: stderr
2024-01-22T07:35:08.428+0000 7f3611600700 1 -- 172.21.15.16:0/3294802506 wait complete.
2024-01-22T07:35:09.124 INFO:teuthology.orchestra.run.smithi016.stdout:/usr/bin/ceph: stderr
2024-01-22T07:35:08.429+0000 7f3611600700 1 Processor -- start
2024-01-22T07:35:09.124 INFO:teuthology.orchestra.run.smithi016.stdout:/usr/bin/ceph: stderr
2024-01-22T07:35:08.430+0000 7f3611600700 1 -- start start
2024-01-22T07:35:09.124 INFO:teuthology.orchestra.run.smithi016.stdout:/usr/bin/ceph: stderr
2024-01-22T07:35:08.430+0000 7f3611600700 1 --2- >> [v2:172.21.15.16:3300/0,v1:172.21.15.16:6789/0] conn(0x7f360c07ccc0 0x7f360c19d280 unknown :-1 s=NONE pgs=0 cs=0 l=1 rev1=0 crypto rx=0 tx=0 comp rx=0 tx=0).connect
2024-01-22T07:35:09.124 INFO:teuthology.orchestra.run.smithi016.stdout:/usr/bin/ceph: stderr
2024-01-22T07:35:08.430+0000 7f3611600700 1 -- --> [v2:172.21.15.16:3300/0,v1:172.21.15.16:6789/0] -- mon_getmap magic: 0 v1 -- 0x7f360c19d7c0 con 0x7f360c07ccc0
2024-01-22T07:35:09.124 INFO:teuthology.orchestra.run.smithi016.stdout:/usr/bin/ceph: stderr
2024-01-22T07:35:08.430+0000 7f360aa00700 1 --2- >> [v2:172.21.15.16:3300/0,v1:172.21.15.16:6789/0] conn(0x7f360c07ccc0 0x7f360c19d280 unknown :-1 s=BANNER_CONNECTING pgs=0 cs=0 l=1 rev1=0 crypto rx=0 tx=0 comp rx=0 tx=0)._handle_peer_banner_payload supported=3 required=0
2024-01-22T07:35:09.124 INFO:teuthology.orchestra.run.smithi016.stdout:/usr/bin/ceph: stderr
2024-01-22T07:35:08.430+0000 7f360aa00700 1 --2- >> [v2:172.21.15.16:3300/0,v1:172.21.15.16:6789/0] conn(0x7f360c07ccc0 0x7f360c19d280 unknown :-1 s=HELLO_CONNECTING pgs=0 cs=0 l=1 rev1=1 crypto rx=0 tx=0 comp rx=0 tx=0).handle_hello peer v2:172.21.15.16:3300/0 says I am v2:172.21.15.16:36472/0 (socket says 172.21.15.16:36472)
2024-01-22T07:35:09.124 INFO:teuthology.orchestra.run.smithi016.stdout:/usr/bin/ceph: stderr
2024-01-22T07:35:08.430+0000 7f360aa00700 1 -- 172.21.15.16:0/734461736 learned_addr learned my addr 172.21.15.16:0/734461736 (peer_addr_for_me v2:172.21.15.16:0/0)
2024-01-22T07:35:09.124 INFO:teuthology.orchestra.run.smithi016.stdout:/usr/bin/ceph: stderr
2024-01-22T07:35:08.431+0000 7f360aa00700 1 -- 172.21.15.16:0/734461736 --> [v2:172.21.15.16:3300/0,v1:172.21.15.16:6789/0] -- mon_subscribe({config=0+,monmap=0+}) v3 -- 0x7f35fc009550 con 0x7f360c07ccc0
2024-01-22T07:35:09.124 INFO:teuthology.orchestra.run.smithi016.stdout:/usr/bin/ceph: stderr
2024-01-22T07:35:08.431+0000 7f360aa00700 1 --2- 172.21.15.16:0/734461736 >> [v2:172.21.15.16:3300/0,v1:172.21.15.16:6789/0] conn(0x7f360c07ccc0 0x7f360c19d280 secure :-1 s=READY pgs=48 cs=0 l=1 rev1=1 crypto rx=0x7f35fc011850 tx=0x7f35fc011bf0 comp rx=0 tx=0).ready entity=mon.0 client_cookie=0 server_cookie=0 in_seq=0 out_seq=0
2024-01-22T07:35:09.124 INFO:teuthology.orchestra.run.smithi016.stdout:/usr/bin/ceph: stderr
2024-01-22T07:35:08.431+0000 7f3603400700 1 -- 172.21.15.16:0/734461736 <== mon.0 v2:172.21.15.16:3300/0 1 ==== mon_map magic: 0 v1 ==== 205+0+0 (secure 0 0 0) 0x7f35fc0039c0 con 0x7f360c07ccc0
2024-01-22T07:35:09.124 INFO:teuthology.orchestra.run.smithi016.stdout:/usr/bin/ceph: stderr
2024-01-22T07:35:08.431+0000 7f3603400700 1 -- 172.21.15.16:0/734461736 <== mon.0 v2:172.21.15.16:3300/0 2 ==== config(28 keys) v1 ==== 1143+0+0 (secure 0 0 0) 0x7f35fc003b20 con 0x7f360c07ccc0
2024-01-22T07:35:09.125 INFO:teuthology.orchestra.run.smithi016.stdout:/usr/bin/ceph: stderr
2024-01-22T07:35:08.431+0000 7f3603400700 1 -- 172.21.15.16:0/734461736 <== mon.0 v2:172.21.15.16:3300/0 3 ==== mon_map magic: 0 v1 ==== 205+0+0 (secure 0 0 0) 0x7f35fc01a760 con 0x7f360c07ccc0
2024-01-22T07:35:09.125 INFO:teuthology.orchestra.run.smithi016.stdout:/usr/bin/ceph: stderr
2024-01-22T07:35:08.431+0000 7f3611600700 1 -- 172.21.15.16:0/734461736 --> [v2:172.21.15.16:3300/0,v1:172.21.15.16:6789/0] -- mon_subscribe({mgrmap=0+}) v3 -- 0x7f360c19d9c0 con 0x7f360c07ccc0
2024-01-22T07:35:09.125 INFO:teuthology.orchestra.run.smithi016.stdout:/usr/bin/ceph: stderr
2024-01-22T07:35:08.431+0000 7f3611600700 1 -- 172.21.15.16:0/734461736 --> [v2:172.21.15.16:3300/0,v1:172.21.15.16:6789/0] -- mon_subscribe({osdmap=0}) v3 -- 0x7f360c19de60 con 0x7f360c07ccc0
2024-01-22T07:35:09.125 INFO:teuthology.orchestra.run.smithi016.stdout:/usr/bin/ceph: stderr
2024-01-22T07:35:08.432+0000 7f3611600700 1 -- 172.21.15.16:0/734461736 --> [v2:172.21.15.16:3300/0,v1:172.21.15.16:6789/0] -- mon_command({"prefix": "get_command_descriptions"} v 0) v1 -- 0x7f360c10d610 con 0x7f360c07ccc0
2024-01-22T07:35:09.125 INFO:teuthology.orchestra.run.smithi016.stdout:/usr/bin/ceph: stderr
2024-01-22T07:35:08.433+0000 7f3603400700 1 -- 172.21.15.16:0/734461736 <== mon.0 v2:172.21.15.16:3300/0 4 ==== mgrmap(e 8) v1 ==== 45792+0+0 (secure 0 0 0) 0x7f35fc01a9d0 con 0x7f360c07ccc0
2024-01-22T07:35:09.125 INFO:teuthology.orchestra.run.smithi016.stdout:/usr/bin/ceph: stderr
2024-01-22T07:35:08.433+0000 7f3603400700 1 --2- 172.21.15.16:0/734461736 >> [v2:172.21.15.16:6800/1660197916,v1:172.21.15.16:6801/1660197916] conn(0x7f35ec038c70 0x7f35ec03b130 unknown :-1 s=NONE pgs=0 cs=0 l=1 rev1=0 crypto rx=0 tx=0 comp rx=0 tx=0).connect
2024-01-22T07:35:09.125 INFO:teuthology.orchestra.run.smithi016.stdout:/usr/bin/ceph: stderr
2024-01-22T07:35:08.433+0000 7f3603400700 1 -- 172.21.15.16:0/734461736 <== mon.0 v2:172.21.15.16:3300/0 5 ==== osd_map(2..2 src has 1..2) v4 ==== 940+0+0 (secure 0 0 0) 0x7f35fc04cf80 con 0x7f360c07ccc0
2024-01-22T07:35:09.125 INFO:teuthology.orchestra.run.smithi016.stdout:/usr/bin/ceph: stderr
2024-01-22T07:35:08.433+0000 7f360a000700 1 --2- 172.21.15.16:0/734461736 >> [v2:172.21.15.16:6800/1660197916,v1:172.21.15.16:6801/1660197916] conn(0x7f35ec038c70 0x7f35ec03b130 unknown :-1 s=BANNER_CONNECTING pgs=0 cs=0 l=1 rev1=0 crypto rx=0 tx=0 comp rx=0 tx=0)._handle_peer_banner_payload supported=3 required=0
2024-01-22T07:35:09.125 INFO:teuthology.orchestra.run.smithi016.stdout:/usr/bin/ceph: stderr
2024-01-22T07:35:08.434+0000 7f360a000700 1 --2- 172.21.15.16:0/734461736 >> [v2:172.21.15.16:6800/1660197916,v1:172.21.15.16:6801/1660197916] conn(0x7f35ec038c70 0x7f35ec03b130 secure :-1 s=READY pgs=13 cs=0 l=1 rev1=1 crypto rx=0x7f35f4006fd0 tx=0x7f35f4006e40 comp rx=0 tx=0).ready entity=mgr.14118 client_cookie=0 server_cookie=0 in_seq=0 out_seq=0
2024-01-22T07:35:09.125 INFO:teuthology.orchestra.run.smithi016.stdout:/usr/bin/ceph: stderr
2024-01-22T07:35:08.438+0000 7f3603400700 1 -- 172.21.15.16:0/734461736 <== mon.0 v2:172.21.15.16:3300/0 6 ==== mon_command_ack([{"prefix": "get_command_descriptions"}]=0 v0) v1 ==== 72+0+181534 (secure 0 0 0) 0x7f35fc01ae60 con 0x7f360c07ccc0
2024-01-22T07:35:09.125 INFO:teuthology.orchestra.run.smithi016.stdout:/usr/bin/ceph: stderr
2024-01-22T07:35:08.663+0000 7f3611600700 1 -- 172.21.15.16:0/734461736 --> [v2:172.21.15.16:6800/1660197916,v1:172.21.15.16:6801/1660197916] -- mgr_command(tid 0: {"prefix": "orch apply", "service_type": "mgr", "unmanaged": true, "target": ["mon-mgr", ""]}) v1 -- 0x7f360c103ca0 con 0x7f35ec038c70
2024-01-22T07:35:09.125 INFO:teuthology.orchestra.run.smithi016.stdout:/usr/bin/ceph: stderr
2024-01-22T07:35:08.667+0000 7f3603400700 1 -- 172.21.15.16:0/734461736 <== mgr.14118 v2:172.21.15.16:6800/1660197916 1 ==== mgr_command_reply(tid 0: 0 ) v1 ==== 8+0+24 (secure 0 0 0) 0x7f360c103ca0 con 0x7f35ec038c70
2024-01-22T07:35:09.125 INFO:teuthology.orchestra.run.smithi016.stdout:/usr/bin/ceph: stderr
2024-01-22T07:35:08.670+0000 7f3611600700 1 -- 172.21.15.16:0/734461736 >> [v2:172.21.15.16:6800/1660197916,v1:172.21.15.16:6801/1660197916] conn(0x7f35ec038c70 msgr2=0x7f35ec03b130 secure :-1 s=STATE_CONNECTION_ESTABLISHED l=1).mark_down
2024-01-22T07:35:09.126 INFO:teuthology.orchestra.run.smithi016.stdout:/usr/bin/ceph: stderr
2024-01-22T07:35:08.670+0000 7f3611600700 1 --2- 172.21.15.16:0/734461736 >> [v2:172.21.15.16:6800/1660197916,v1:172.21.15.16:6801/1660197916] conn(0x7f35ec038c70 0x7f35ec03b130 secure :-1 s=READY pgs=13 cs=0 l=1 rev1=1 crypto rx=0x7f35f4006fd0 tx=0x7f35f4006e40 comp rx=0 tx=0).stop
2024-01-22T07:35:09.126 INFO:teuthology.orchestra.run.smithi016.stdout:/usr/bin/ceph: stderr
2024-01-22T07:35:08.670+0000 7f3611600700 1 -- 172.21.15.16:0/734461736 >> [v2:172.21.15.16:3300/0,v1:172.21.15.16:6789/0] conn(0x7f360c07ccc0 msgr2=0x7f360c19d280 secure :-1 s=STATE_CONNECTION_ESTABLISHED l=1).mark_down
2024-01-22T07:35:09.126 INFO:teuthology.orchestra.run.smithi016.stdout:/usr/bin/ceph: stderr
2024-01-22T07:35:08.670+0000 7f3611600700 1 --2- 172.21.15.16:0/734461736 >> [v2:172.21.15.16:3300/0,v1:172.21.15.16:6789/0] conn(0x7f360c07ccc0 0x7f360c19d280 secure :-1 s=READY pgs=48 cs=0 l=1 rev1=1 crypto rx=0x7f35fc011850 tx=0x7f35fc011bf0 comp rx=0 tx=0).stop
2024-01-22T07:35:09.126 INFO:teuthology.orchestra.run.smithi016.stdout:/usr/bin/ceph: stderr
2024-01-22T07:35:08.670+0000 7f3611600700 1 -- 172.21.15.16:0/734461736 shutdown_connections
2024-01-22T07:35:09.126 INFO:teuthology.orchestra.run.smithi016.stdout:/usr/bin/ceph: stderr
2024-01-22T07:35:08.670+0000 7f3611600700 1 --2- 172.21.15.16:0/734461736 >> [v2:172.21.15.16:6800/1660197916,v1:172.21.15.16:6801/1660197916] conn(0x7f35ec038c70 0x7f35ec03b130 unknown :-1 s=CLOSED pgs=13 cs=0 l=1 rev1=1 crypto rx=0 tx=0 comp rx=0 tx=0).stop
2024-01-22T07:35:09.126 INFO:teuthology.orchestra.run.smithi016.stdout:/usr/bin/ceph: stderr
2024-01-22T07:35:08.670+0000 7f3611600700 1 --2- 172.21.15.16:0/734461736 >> [v2:172.21.15.16:3300/0,v1:172.21.15.16:6789/0] conn(0x7f360c07ccc0 0x7f360c19d280 unknown :-1 s=CLOSED pgs=48 cs=0 l=1 rev1=1 crypto rx=0 tx=0 comp rx=0 tx=0).stop
2024-01-22T07:35:09.126 INFO:teuthology.orchestra.run.smithi016.stdout:/usr/bin/ceph: stderr
2024-01-22T07:35:08.670+0000 7f3611600700 1 -- 172.21.15.16:0/734461736 >> 172.21.15.16:0/734461736 conn(0x7f360c1029f0 msgr2=0x7f360c103590 unknown :-1 s=STATE_NONE l=0).mark_down
2024-01-22T07:35:09.126 INFO:teuthology.orchestra.run.smithi016.stdout:/usr/bin/ceph: stderr
2024-01-22T07:35:08.670+0000 7f3611600700 1 -- 172.21.15.16:0/734461736 shutdown_connections
2024-01-22T07:35:09.126 INFO:teuthology.orchestra.run.smithi016.stdout:/usr/bin/ceph: stderr
2024-01-22T07:35:08.670+0000 7f3611600700 1 -- 172.21.15.16:0/734461736 wait complete.
2024-01-22T07:35:09.940 INFO:journalctl@ceph.mon.a.smithi016.stdout:Jan 22 07:35:09 smithi016 ceph-mon[35304]: from='client.14142 -' entity='client.admin' cmd=[{"prefix": "orch apply", "service_type": "mgr", "unmanaged": true, "target": ["mon-mgr", ""]}]: dispatch
2024-01-22T07:35:09.940 INFO:journalctl@ceph.mon.a.smithi016.stdout:Jan 22 07:35:09 smithi016 ceph-mon[35304]: Saving service mgr spec with placement count:2
2024-01-22T07:35:09.940 INFO:journalctl@ceph.mon.a.smithi016.stdout:Jan 22 07:35:09 smithi016 ceph-mon[35304]: from='mgr.14118 172.21.15.16:0/3549126866' entity='mgr.x'
2024-01-22T07:35:09.940 INFO:journalctl@ceph.mon.a.smithi016.stdout:Jan 22 07:35:09 smithi016 ceph-mon[35304]: from='mgr.14118 172.21.15.16:0/3549126866' entity='mgr.x'
2024-01-22T07:35:09.940 INFO:journalctl@ceph.mon.a.smithi016.stdout:Jan 22 07:35:09 smithi016 ceph-mon[35304]: from='mgr.14118 172.21.15.16:0/3549126866' entity='mgr.x'
2024-01-22T07:35:10.114 INFO:teuthology.orchestra.run.smithi016.stdout:/usr/bin/ceph: stderr
2024-01-22T07:35:09.514+0000 7f59e9a00700 1 Processor -- start
2024-01-22T07:35:10.115 INFO:teuthology.orchestra.run.smithi016.stdout:/usr/bin/ceph: stderr
2024-01-22T07:35:09.515+0000 7f59e9a00700 1 -- start start
2024-01-22T07:35:10.115 INFO:teuthology.orchestra.run.smithi016.stdout:/usr/bin/ceph: stderr
2024-01-22T07:35:09.515+0000 7f59e9a00700 1 --2- >> [v2:172.21.15.16:3300/0,v1:172.21.15.16:6789/0] conn(0x7f59e407ccc0 0x7f59e407b280 unknown :-1 s=NONE pgs=0 cs=0 l=0 rev1=0 crypto rx=0 tx=0 comp rx=0 tx=0).connect
2024-01-22T07:35:10.115 INFO:teuthology.orchestra.run.smithi016.stdout:/usr/bin/ceph: stderr
2024-01-22T07:35:09.515+0000 7f59e9a00700 1 -- --> [v2:172.21.15.16:3300/0,v1:172.21.15.16:6789/0] -- mon_getmap magic: 0 v1 -- 0x7f59e407d0e0 con 0x7f59e407ccc0
2024-01-22T07:35:10.115 INFO:teuthology.orchestra.run.smithi016.stdout:/usr/bin/ceph: stderr
2024-01-22T07:35:09.515+0000 7f59e2a00700 1 --2- >> [v2:172.21.15.16:3300/0,v1:172.21.15.16:6789/0] conn(0x7f59e407ccc0 0x7f59e407b280 unknown :-1 s=BANNER_CONNECTING pgs=0 cs=0 l=0 rev1=0 crypto rx=0 tx=0 comp rx=0 tx=0)._handle_peer_banner_payload supported=3 required=0
2024-01-22T07:35:10.115 INFO:teuthology.orchestra.run.smithi016.stdout:/usr/bin/ceph: stderr
2024-01-22T07:35:09.515+0000 7f59e2a00700 1 --2- >> [v2:172.21.15.16:3300/0,v1:172.21.15.16:6789/0] conn(0x7f59e407ccc0 0x7f59e407b280 unknown :-1 s=HELLO_CONNECTING pgs=0 cs=0 l=0 rev1=1 crypto rx=0 tx=0 comp rx=0 tx=0).handle_hello peer v2:172.21.15.16:3300/0 says I am v2:172.21.15.16:36486/0 (socket says 172.21.15.16:36486)
2024-01-22T07:35:10.115 INFO:teuthology.orchestra.run.smithi016.stdout:/usr/bin/ceph: stderr
2024-01-22T07:35:09.515+0000 7f59e2a00700 1 -- 172.21.15.16:0/4139614100 learned_addr learned my addr 172.21.15.16:0/4139614100 (peer_addr_for_me v2:172.21.15.16:0/0)
2024-01-22T07:35:10.115 INFO:teuthology.orchestra.run.smithi016.stdout:/usr/bin/ceph: stderr
2024-01-22T07:35:09.516+0000 7f59e2a00700 1 -- 172.21.15.16:0/4139614100 --> [v2:172.21.15.16:3300/0,v1:172.21.15.16:6789/0] -- mon_subscribe({config=0+,monmap=0+}) v3 -- 0x7f59e407b7c0 con 0x7f59e407ccc0
2024-01-22T07:35:10.115 INFO:teuthology.orchestra.run.smithi016.stdout:/usr/bin/ceph: stderr
2024-01-22T07:35:09.516+0000 7f59e2a00700 1 --2- 172.21.15.16:0/4139614100 >> [v2:172.21.15.16:3300/0,v1:172.21.15.16:6789/0] conn(0x7f59e407ccc0 0x7f59e407b280 secure :-1 s=READY pgs=49 cs=0 l=1 rev1=1 crypto rx=0x7f59d40098a0 tx=0x7f59d4009bb0 comp rx=0 tx=0).ready entity=mon.0 client_cookie=dcd920d67294b487 server_cookie=0 in_seq=0 out_seq=0
2024-01-22T07:35:10.115 INFO:teuthology.orchestra.run.smithi016.stdout:/usr/bin/ceph: stderr
2024-01-22T07:35:09.516+0000 7f59e1600700 1 -- 172.21.15.16:0/4139614100 <== mon.0 v2:172.21.15.16:3300/0 1 ==== mon_map magic: 0 v1 ==== 205+0+0 (secure 0 0 0) 0x7f59d4004160 con 0x7f59e407ccc0
2024-01-22T07:35:10.115 INFO:teuthology.orchestra.run.smithi016.stdout:/usr/bin/ceph: stderr
2024-01-22T07:35:09.516+0000 7f59e1600700 1 -- 172.21.15.16:0/4139614100 <== mon.0 v2:172.21.15.16:3300/0 2 ==== config(28 keys) v1 ==== 1174+0+0 (secure 0 0 0) 0x7f59d40042c0 con 0x7f59e407ccc0
2024-01-22T07:35:10.115 INFO:teuthology.orchestra.run.smithi016.stdout:/usr/bin/ceph: stderr
2024-01-22T07:35:09.516+0000 7f59e1600700 1 -- 172.21.15.16:0/4139614100 <== mon.0 v2:172.21.15.16:3300/0 3 ==== mon_map magic: 0 v1 ==== 205+0+0 (secure 0 0 0) 0x7f59d4011b90 con 0x7f59e407ccc0
2024-01-22T07:35:10.115 INFO:teuthology.orchestra.run.smithi016.stdout:/usr/bin/ceph: stderr
2024-01-22T07:35:09.517+0000 7f59e9a00700 1 -- 172.21.15.16:0/4139614100 >> [v2:172.21.15.16:3300/0,v1:172.21.15.16:6789/0] conn(0x7f59e407ccc0 msgr2=0x7f59e407b280 secure :-1 s=STATE_CONNECTION_ESTABLISHED l=1).mark_down
2024-01-22T07:35:10.116 INFO:teuthology.orchestra.run.smithi016.stdout:/usr/bin/ceph: stderr
2024-01-22T07:35:09.517+0000 7f59e9a00700 1 --2- 172.21.15.16:0/4139614100 >> [v2:172.21.15.16:3300/0,v1:172.21.15.16:6789/0] conn(0x7f59e407ccc0 0x7f59e407b280 secure :-1 s=READY pgs=49 cs=0 l=1 rev1=1 crypto rx=0x7f59d40098a0 tx=0x7f59d4009bb0 comp rx=0 tx=0).stop
2024-01-22T07:35:10.116 INFO:teuthology.orchestra.run.smithi016.stdout:/usr/bin/ceph: stderr
2024-01-22T07:35:09.517+0000 7f59e9a00700 1 -- 172.21.15.16:0/4139614100 shutdown_connections
2024-01-22T07:35:10.116 INFO:teuthology.orchestra.run.smithi016.stdout:/usr/bin/ceph: stderr
2024-01-22T07:35:09.517+0000 7f59e9a00700 1 --2- 172.21.15.16:0/4139614100 >> [v2:172.21.15.16:3300/0,v1:172.21.15.16:6789/0] conn(0x7f59e407ccc0 0x7f59e407b280 unknown :-1 s=CLOSED pgs=49 cs=0 l=1 rev1=1 crypto rx=0 tx=0 comp rx=0 tx=0).stop
2024-01-22T07:35:10.116 INFO:teuthology.orchestra.run.smithi016.stdout:/usr/bin/ceph: stderr
2024-01-22T07:35:09.517+0000 7f59e9a00700 1 -- 172.21.15.16:0/4139614100 >> 172.21.15.16:0/4139614100 conn(0x7f59e41029f0 msgr2=0x7f59e4104e10 unknown :-1 s=STATE_NONE l=0).mark_down
2024-01-22T07:35:10.116 INFO:teuthology.orchestra.run.smithi016.stdout:/usr/bin/ceph: stderr
2024-01-22T07:35:09.517+0000 7f59e9a00700 1 -- 172.21.15.16:0/4139614100 shutdown_connections
2024-01-22T07:35:10.116 INFO:teuthology.orchestra.run.smithi016.stdout:/usr/bin/ceph: stderr
2024-01-22T07:35:09.517+0000 7f59e9a00700 1 -- 172.21.15.16:0/4139614100 wait complete.
2024-01-22T07:35:10.116 INFO:teuthology.orchestra.run.smithi016.stdout:/usr/bin/ceph: stderr
2024-01-22T07:35:09.518+0000 7f59e9a00700 1 Processor -- start
2024-01-22T07:35:10.116 INFO:teuthology.orchestra.run.smithi016.stdout:/usr/bin/ceph: stderr
2024-01-22T07:35:09.518+0000 7f59e9a00700 1 -- start start
2024-01-22T07:35:10.116 INFO:teuthology.orchestra.run.smithi016.stdout:/usr/bin/ceph: stderr
2024-01-22T07:35:09.519+0000 7f59e9a00700 1 --2- >> [v2:172.21.15.16:3300/0,v1:172.21.15.16:6789/0] conn(0x7f59e407ccc0 0x7f59e419d2b0 unknown :-1 s=NONE pgs=0 cs=0 l=1 rev1=0 crypto rx=0 tx=0 comp rx=0 tx=0).connect
2024-01-22T07:35:10.116 INFO:teuthology.orchestra.run.smithi016.stdout:/usr/bin/ceph: stderr
2024-01-22T07:35:09.519+0000 7f59e9a00700 1 -- --> [v2:172.21.15.16:3300/0,v1:172.21.15.16:6789/0] -- mon_getmap magic: 0 v1 -- 0x7f59e419d7f0 con 0x7f59e407ccc0
2024-01-22T07:35:10.116 INFO:teuthology.orchestra.run.smithi016.stdout:/usr/bin/ceph: stderr
2024-01-22T07:35:09.519+0000 7f59e2a00700 1 --2- >> [v2:172.21.15.16:3300/0,v1:172.21.15.16:6789/0] conn(0x7f59e407ccc0 0x7f59e419d2b0 unknown :-1 s=BANNER_CONNECTING pgs=0 cs=0 l=1 rev1=0 crypto rx=0 tx=0 comp rx=0 tx=0)._handle_peer_banner_payload supported=3 required=0
2024-01-22T07:35:10.116 INFO:teuthology.orchestra.run.smithi016.stdout:/usr/bin/ceph: stderr
2024-01-22T07:35:09.519+0000 7f59e2a00700 1 --2- >> [v2:172.21.15.16:3300/0,v1:172.21.15.16:6789/0] conn(0x7f59e407ccc0 0x7f59e419d2b0 unknown :-1 s=HELLO_CONNECTING pgs=0 cs=0 l=1 rev1=1 crypto rx=0 tx=0 comp rx=0 tx=0).handle_hello peer v2:172.21.15.16:3300/0 says I am v2:172.21.15.16:36502/0 (socket says 172.21.15.16:36502)
2024-01-22T07:35:10.116 INFO:teuthology.orchestra.run.smithi016.stdout:/usr/bin/ceph: stderr
2024-01-22T07:35:09.519+0000 7f59e2a00700 1 -- 172.21.15.16:0/3278749117 learned_addr learned my addr 172.21.15.16:0/3278749117 (peer_addr_for_me v2:172.21.15.16:0/0)
2024-01-22T07:35:10.117 INFO:teuthology.orchestra.run.smithi016.stdout:/usr/bin/ceph: stderr
2024-01-22T07:35:09.519+0000 7f59e2a00700 1 -- 172.21.15.16:0/3278749117 --> [v2:172.21.15.16:3300/0,v1:172.21.15.16:6789/0] -- mon_subscribe({config=0+,monmap=0+}) v3 -- 0x7f59d4009550 con 0x7f59e407ccc0
2024-01-22T07:35:10.117 INFO:teuthology.orchestra.run.smithi016.stdout:/usr/bin/ceph: stderr
2024-01-22T07:35:09.520+0000 7f59e2a00700 1 --2- 172.21.15.16:0/3278749117 >> [v2:172.21.15.16:3300/0,v1:172.21.15.16:6789/0] conn(0x7f59e407ccc0 0x7f59e419d2b0 secure :-1 s=READY pgs=50 cs=0 l=1 rev1=1 crypto rx=0x7f59d4011b40 tx=0x7f59d4011c20 comp rx=0 tx=0).ready entity=mon.0 client_cookie=0 server_cookie=0 in_seq=0 out_seq=0
2024-01-22T07:35:10.117 INFO:teuthology.orchestra.run.smithi016.stdout:/usr/bin/ceph: stderr
2024-01-22T07:35:09.520+0000 7f59db400700 1 -- 172.21.15.16:0/3278749117 <== mon.0 v2:172.21.15.16:3300/0 1 ==== mon_map magic: 0 v1 ==== 205+0+0 (secure 0 0 0) 0x7f59d4003aa0 con 0x7f59e407ccc0
2024-01-22T07:35:10.117 INFO:teuthology.orchestra.run.smithi016.stdout:/usr/bin/ceph: stderr
2024-01-22T07:35:09.520+0000 7f59e9a00700 1 -- 172.21.15.16:0/3278749117 --> [v2:172.21.15.16:3300/0,v1:172.21.15.16:6789/0] -- mon_subscribe({mgrmap=0+}) v3 -- 0x7f59e419d9f0 con 0x7f59e407ccc0
2024-01-22T07:35:10.117 INFO:teuthology.orchestra.run.smithi016.stdout:/usr/bin/ceph: stderr
2024-01-22T07:35:09.520+0000 7f59db400700 1 -- 172.21.15.16:0/3278749117 <== mon.0 v2:172.21.15.16:3300/0 2 ==== config(28 keys) v1 ==== 1174+0+0 (secure 0 0 0) 0x7f59d4003c00 con 0x7f59e407ccc0
2024-01-22T07:35:10.117 INFO:teuthology.orchestra.run.smithi016.stdout:/usr/bin/ceph: stderr
2024-01-22T07:35:09.520+0000 7f59db400700 1 -- 172.21.15.16:0/3278749117 <== mon.0 v2:172.21.15.16:3300/0 3 ==== mon_map magic: 0 v1 ==== 205+0+0 (secure 0 0 0) 0x7f59d4024800 con 0x7f59e407ccc0
2024-01-22T07:35:10.117 INFO:teuthology.orchestra.run.smithi016.stdout:/usr/bin/ceph: stderr
2024-01-22T07:35:09.520+0000 7f59e9a00700 1 -- 172.21.15.16:0/3278749117 --> [v2:172.21.15.16:3300/0,v1:172.21.15.16:6789/0] -- mon_subscribe({osdmap=0}) v3 -- 0x7f59e419de90 con 0x7f59e407ccc0
2024-01-22T07:35:10.117 INFO:teuthology.orchestra.run.smithi016.stdout:/usr/bin/ceph: stderr
2024-01-22T07:35:09.521+0000 7f59e9a00700 1 -- 172.21.15.16:0/3278749117 --> [v2:172.21.15.16:3300/0,v1:172.21.15.16:6789/0] -- mon_command({"prefix": "get_command_descriptions"} v 0) v1 -- 0x7f59e410d660 con 0x7f59e407ccc0
2024-01-22T07:35:10.117 INFO:teuthology.orchestra.run.smithi016.stdout:/usr/bin/ceph: stderr
2024-01-22T07:35:09.522+0000 7f59db400700 1 -- 172.21.15.16:0/3278749117 <== mon.0 v2:172.21.15.16:3300/0 4 ==== mgrmap(e 8) v1 ==== 45792+0+0 (secure 0 0 0) 0x7f59d4024a70 con 0x7f59e407ccc0
2024-01-22T07:35:10.117 INFO:teuthology.orchestra.run.smithi016.stdout:/usr/bin/ceph: stderr
2024-01-22T07:35:09.522+0000 7f59db400700 1 --2- 172.21.15.16:0/3278749117 >> [v2:172.21.15.16:6800/1660197916,v1:172.21.15.16:6801/1660197916] conn(0x7f59c4038cc0 0x7f59c403b180 unknown :-1 s=NONE pgs=0 cs=0 l=1 rev1=0 crypto rx=0 tx=0 comp rx=0 tx=0).connect
2024-01-22T07:35:10.117 INFO:teuthology.orchestra.run.smithi016.stdout:/usr/bin/ceph: stderr
2024-01-22T07:35:09.522+0000 7f59db400700 1 -- 172.21.15.16:0/3278749117 <== mon.0 v2:172.21.15.16:3300/0 5 ==== osd_map(2..2 src has 1..2) v4 ==== 940+0+0 (secure 0 0 0) 0x7f59d404cdb0 con 0x7f59e407ccc0
2024-01-22T07:35:10.117 INFO:teuthology.orchestra.run.smithi016.stdout:/usr/bin/ceph: stderr
2024-01-22T07:35:09.522+0000 7f59e2000700 1 --2- 172.21.15.16:0/3278749117 >> [v2:172.21.15.16:6800/1660197916,v1:172.21.15.16:6801/1660197916] conn(0x7f59c4038cc0 0x7f59c403b180 unknown :-1 s=BANNER_CONNECTING pgs=0 cs=0 l=1 rev1=0 crypto rx=0 tx=0 comp rx=0 tx=0)._handle_peer_banner_payload supported=3 required=0
2024-01-22T07:35:10.117 INFO:teuthology.orchestra.run.smithi016.stdout:/usr/bin/ceph: stderr
2024-01-22T07:35:09.523+0000 7f59e2000700 1 --2- 172.21.15.16:0/3278749117 >> [v2:172.21.15.16:6800/1660197916,v1:172.21.15.16:6801/1660197916] conn(0x7f59c4038cc0 0x7f59c403b180 secure :-1 s=READY pgs=14 cs=0 l=1 rev1=1 crypto rx=0x7f59cc006fd0 tx=0x7f59cc006e40 comp rx=0 tx=0).ready entity=mgr.14118 client_cookie=0 server_cookie=0 in_seq=0 out_seq=0
2024-01-22T07:35:10.118 INFO:teuthology.orchestra.run.smithi016.stdout:/usr/bin/ceph: stderr
2024-01-22T07:35:09.527+0000 7f59db400700 1 -- 172.21.15.16:0/3278749117 <== mon.0 v2:172.21.15.16:3300/0 6 ==== mon_command_ack([{"prefix": "get_command_descriptions"}]=0 v0) v1 ==== 72+0+181534 (secure 0 0 0) 0x7f59d401aba0 con 0x7f59e407ccc0
2024-01-22T07:35:10.118 INFO:teuthology.orchestra.run.smithi016.stdout:/usr/bin/ceph: stderr
2024-01-22T07:35:09.755+0000 7f59e9a00700 1 -- 172.21.15.16:0/3278749117 --> [v2:172.21.15.16:3300/0,v1:172.21.15.16:6789/0] -- mon_command([{prefix=config set, name=mgr/cephadm/container_init}] v 0) v1 -- 0x7f59e410d870 con 0x7f59e407ccc0
2024-01-22T07:35:10.118 INFO:teuthology.orchestra.run.smithi016.stdout:/usr/bin/ceph: stderr
2024-01-22T07:35:09.759+0000 7f59db400700 1 -- 172.21.15.16:0/3278749117 <== mon.0 v2:172.21.15.16:3300/0 7 ==== mon_command_ack([{prefix=config set, name=mgr/cephadm/container_init}]=0 v7)=0 v7) v1 ==== 142+0+0 (secure 0 0 0) 0x7f59d40172b0 con 0x7f59e407ccc0
2024-01-22T07:35:10.118 INFO:teuthology.orchestra.run.smithi016.stdout:/usr/bin/ceph: stderr
2024-01-22T07:35:09.761+0000 7f59e9a00700 1 -- 172.21.15.16:0/3278749117 >> [v2:172.21.15.16:6800/1660197916,v1:172.21.15.16:6801/1660197916] conn(0x7f59c4038cc0 msgr2=0x7f59c403b180 secure :-1 s=STATE_CONNECTION_ESTABLISHED l=1).mark_down
2024-01-22T07:35:10.118 INFO:teuthology.orchestra.run.smithi016.stdout:/usr/bin/ceph: stderr
2024-01-22T07:35:09.761+0000 7f59e9a00700 1 --2- 172.21.15.16:0/3278749117 >> [v2:172.21.15.16:6800/1660197916,v1:172.21.15.16:6801/1660197916] conn(0x7f59c4038cc0 0x7f59c403b180 secure :-1 s=READY pgs=14 cs=0 l=1 rev1=1 crypto rx=0x7f59cc006fd0 tx=0x7f59cc006e40 comp rx=0 tx=0).stop
2024-01-22T07:35:10.118 INFO:teuthology.orchestra.run.smithi016.stdout:/usr/bin/ceph: stderr
2024-01-22T07:35:09.761+0000 7f59e9a00700 1 -- 172.21.15.16:0/3278749117 >> [v2:172.21.15.16:3300/0,v1:172.21.15.16:6789/0] conn(0x7f59e407ccc0 msgr2=0x7f59e419d2b0 secure :-1 s=STATE_CONNECTION_ESTABLISHED l=1).mark_down
2024-01-22T07:35:10.118 INFO:teuthology.orchestra.run.smithi016.stdout:/usr/bin/ceph: stderr
2024-01-22T07:35:09.761+0000 7f59e9a00700 1 --2- 172.21.15.16:0/3278749117 >> [v2:172.21.15.16:3300/0,v1:172.21.15.16:6789/0] conn(0x7f59e407ccc0 0x7f59e419d2b0 secure :-1 s=READY pgs=50 cs=0 l=1 rev1=1 crypto rx=0x7f59d4011b40 tx=0x7f59d4011c20 comp rx=0 tx=0).stop
2024-01-22T07:35:10.118 INFO:teuthology.orchestra.run.smithi016.stdout:/usr/bin/ceph: stderr
2024-01-22T07:35:09.761+0000 7f59e9a00700 1 -- 172.21.15.16:0/3278749117 shutdown_connections
2024-01-22T07:35:10.118 INFO:teuthology.orchestra.run.smithi016.stdout:/usr/bin/ceph: stderr
2024-01-22T07:35:09.761+0000 7f59e9a00700 1 --2- 172.21.15.16:0/3278749117 >> [v2:172.21.15.16:6800/1660197916,v1:172.21.15.16:6801/1660197916] conn(0x7f59c4038cc0 0x7f59c403b180 unknown :-1 s=CLOSED pgs=14 cs=0 l=1 rev1=1 crypto rx=0 tx=0 comp rx=0 tx=0).stop
2024-01-22T07:35:10.118 INFO:teuthology.orchestra.run.smithi016.stdout:/usr/bin/ceph: stderr
2024-01-22T07:35:09.761+0000 7f59e9a00700 1 --2- 172.21.15.16:0/3278749117 >> [v2:172.21.15.16:3300/0,v1:172.21.15.16:6789/0] conn(0x7f59e407ccc0 0x7f59e419d2b0 unknown :-1 s=CLOSED pgs=50 cs=0 l=1 rev1=1 crypto rx=0 tx=0 comp rx=0 tx=0).stop
2024-01-22T07:35:10.118 INFO:teuthology.orchestra.run.smithi016.stdout:/usr/bin/ceph: stderr
2024-01-22T07:35:09.761+0000 7f59e9a00700 1 -- 172.21.15.16:0/3278749117 >> 172.21.15.16:0/3278749117 conn(0x7f59e41029f0 msgr2=0x7f59e4103590 unknown :-1 s=STATE_NONE l=0).mark_down
2024-01-22T07:35:10.118 INFO:teuthology.orchestra.run.smithi016.stdout:/usr/bin/ceph: stderr
2024-01-22T07:35:09.762+0000 7f59e9a00700 1 -- 172.21.15.16:0/3278749117 shutdown_connections
2024-01-22T07:35:10.118 INFO:teuthology.orchestra.run.smithi016.stdout:/usr/bin/ceph: stderr
2024-01-22T07:35:09.762+0000 7f59e9a00700 1 -- 172.21.15.16:0/3278749117 wait complete.
2024-01-22T07:35:11.010 INFO:journalctl@ceph.mon.a.smithi016.stdout:Jan 22 07:35:10 smithi016 ceph-mon[35304]: from='client.? 172.21.15.16:0/3278749117' entity='client.admin'
2024-01-22T07:35:11.011 INFO:journalctl@ceph.mon.a.smithi016.stdout:Jan 22 07:35:10 smithi016 ceph-mon[35304]: from='client.? 172.21.15.16:0/1646327575' entity='client.admin'
2024-01-22T07:35:11.144 INFO:teuthology.orchestra.run.smithi016.stdout:/usr/bin/ceph: stderr
2024-01-22T07:35:10.510+0000 7fb943e00700 1 Processor -- start
2024-01-22T07:35:11.144 INFO:teuthology.orchestra.run.smithi016.stdout:/usr/bin/ceph: stderr
2024-01-22T07:35:10.510+0000 7fb943e00700 1 -- start start
2024-01-22T07:35:11.144 INFO:teuthology.orchestra.run.smithi016.stdout:/usr/bin/ceph: stderr
2024-01-22T07:35:10.511+0000 7fb943e00700 1 --2- >> [v2:172.21.15.16:3300/0,v1:172.21.15.16:6789/0] conn(0x7fb93c107d80 0x7fb93c10a170 unknown :-1 s=NONE pgs=0 cs=0 l=0 rev1=0 crypto rx=0 tx=0 comp rx=0 tx=0).connect
2024-01-22T07:35:11.145 INFO:teuthology.orchestra.run.smithi016.stdout:/usr/bin/ceph: stderr
2024-01-22T07:35:10.511+0000 7fb943e00700 1 -- --> [v2:172.21.15.16:3300/0,v1:172.21.15.16:6789/0] -- mon_getmap magic: 0 v1 -- 0x7fb93c07ae00 con 0x7fb93c107d80
2024-01-22T07:35:11.145 INFO:teuthology.orchestra.run.smithi016.stdout:/usr/bin/ceph: stderr
2024-01-22T07:35:10.511+0000 7fb941400700 1 --2- >> [v2:172.21.15.16:3300/0,v1:172.21.15.16:6789/0] conn(0x7fb93c107d80 0x7fb93c10a170 unknown :-1 s=BANNER_CONNECTING pgs=0 cs=0 l=0 rev1=0 crypto rx=0 tx=0 comp rx=0 tx=0)._handle_peer_banner_payload supported=3 required=0
2024-01-22T07:35:11.145 INFO:teuthology.orchestra.run.smithi016.stdout:/usr/bin/ceph: stderr
2024-01-22T07:35:10.511+0000 7fb941400700 1 --2- >> [v2:172.21.15.16:3300/0,v1:172.21.15.16:6789/0] conn(0x7fb93c107d80 0x7fb93c10a170 unknown :-1 s=HELLO_CONNECTING pgs=0 cs=0 l=0 rev1=1 crypto rx=0 tx=0 comp rx=0 tx=0).handle_hello peer v2:172.21.15.16:3300/0 says I am v2:172.21.15.16:36504/0 (socket says 172.21.15.16:36504)
2024-01-22T07:35:11.145 INFO:teuthology.orchestra.run.smithi016.stdout:/usr/bin/ceph: stderr
2024-01-22T07:35:10.511+0000 7fb941400700 1 -- 172.21.15.16:0/3489259860 learned_addr learned my addr 172.21.15.16:0/3489259860 (peer_addr_for_me v2:172.21.15.16:0/0)
2024-01-22T07:35:11.145 INFO:teuthology.orchestra.run.smithi016.stdout:/usr/bin/ceph: stderr
2024-01-22T07:35:10.512+0000 7fb941400700 1 -- 172.21.15.16:0/3489259860 --> [v2:172.21.15.16:3300/0,v1:172.21.15.16:6789/0] -- mon_subscribe({config=0+,monmap=0+}) v3 -- 0x7fb93c10a6b0 con 0x7fb93c107d80
2024-01-22T07:35:11.145 INFO:teuthology.orchestra.run.smithi016.stdout:/usr/bin/ceph: stderr
2024-01-22T07:35:10.512+0000 7fb941400700 1 --2- 172.21.15.16:0/3489259860 >> [v2:172.21.15.16:3300/0,v1:172.21.15.16:6789/0] conn(0x7fb93c107d80 0x7fb93c10a170 secure :-1 s=READY pgs=51 cs=0 l=1 rev1=1 crypto rx=0x7fb92c0098a0 tx=0x7fb92c009bb0 comp rx=0 tx=0).ready entity=mon.0 client_cookie=4a7645680bb59b0a server_cookie=0 in_seq=0 out_seq=0
2024-01-22T07:35:11.145 INFO:teuthology.orchestra.run.smithi016.stdout:/usr/bin/ceph: stderr
2024-01-22T07:35:10.512+0000 7fb93be00700 1 -- 172.21.15.16:0/3489259860 <== mon.0 v2:172.21.15.16:3300/0 1 ==== mon_map magic: 0 v1 ==== 205+0+0 (secure 0 0 0) 0x7fb92c004160 con 0x7fb93c107d80
2024-01-22T07:35:11.145 INFO:teuthology.orchestra.run.smithi016.stdout:/usr/bin/ceph: stderr
2024-01-22T07:35:10.513+0000 7fb93be00700 1 -- 172.21.15.16:0/3489259860 <== mon.0 v2:172.21.15.16:3300/0 2 ==== config(28 keys) v1 ==== 1174+0+0 (secure 0 0 0) 0x7fb92c0042c0 con 0x7fb93c107d80
2024-01-22T07:35:11.145 INFO:teuthology.orchestra.run.smithi016.stdout:/usr/bin/ceph: stderr
2024-01-22T07:35:10.513+0000 7fb93be00700 1 -- 172.21.15.16:0/3489259860 <== mon.0 v2:172.21.15.16:3300/0 3 ==== mon_map magic: 0 v1 ==== 205+0+0 (secure 0 0 0) 0x7fb92c011b90 con 0x7fb93c107d80
2024-01-22T07:35:11.145 INFO:teuthology.orchestra.run.smithi016.stdout:/usr/bin/ceph: stderr
2024-01-22T07:35:10.513+0000 7fb943e00700 1 -- 172.21.15.16:0/3489259860 >> [v2:172.21.15.16:3300/0,v1:172.21.15.16:6789/0] conn(0x7fb93c107d80 msgr2=0x7fb93c10a170 secure :-1 s=STATE_CONNECTION_ESTABLISHED l=1).mark_down
2024-01-22T07:35:11.145 INFO:teuthology.orchestra.run.smithi016.stdout:/usr/bin/ceph: stderr
2024-01-22T07:35:10.513+0000 7fb943e00700 1 --2- 172.21.15.16:0/3489259860 >> [v2:172.21.15.16:3300/0,v1:172.21.15.16:6789/0] conn(0x7fb93c107d80 0x7fb93c10a170 secure :-1 s=READY pgs=51 cs=0 l=1 rev1=1 crypto rx=0x7fb92c0098a0 tx=0x7fb92c009bb0 comp rx=0 tx=0).stop
2024-01-22T07:35:11.145 INFO:teuthology.orchestra.run.smithi016.stdout:/usr/bin/ceph: stderr
2024-01-22T07:35:10.513+0000 7fb943e00700 1 -- 172.21.15.16:0/3489259860 shutdown_connections
2024-01-22T07:35:11.145 INFO:teuthology.orchestra.run.smithi016.stdout:/usr/bin/ceph: stderr
2024-01-22T07:35:10.513+0000 7fb943e00700 1 --2- 172.21.15.16:0/3489259860 >> [v2:172.21.15.16:3300/0,v1:172.21.15.16:6789/0] conn(0x7fb93c107d80 0x7fb93c10a170 unknown :-1 s=CLOSED pgs=51 cs=0 l=1 rev1=1 crypto rx=0 tx=0 comp rx=0 tx=0).stop
2024-01-22T07:35:11.145 INFO:teuthology.orchestra.run.smithi016.stdout:/usr/bin/ceph: stderr
2024-01-22T07:35:10.513+0000 7fb943e00700 1 -- 172.21.15.16:0/3489259860 >> 172.21.15.16:0/3489259860 conn(0x7fb93c1017d0 msgr2=0x7fb93c103bf0 unknown :-1 s=STATE_NONE l=0).mark_down
2024-01-22T07:35:11.146 INFO:teuthology.orchestra.run.smithi016.stdout:/usr/bin/ceph: stderr
2024-01-22T07:35:10.513+0000 7fb943e00700 1 -- 172.21.15.16:0/3489259860 shutdown_connections
2024-01-22T07:35:11.146 INFO:teuthology.orchestra.run.smithi016.stdout:/usr/bin/ceph: stderr
2024-01-22T07:35:10.514+0000 7fb943e00700 1 -- 172.21.15.16:0/3489259860 wait complete.
2024-01-22T07:35:11.146 INFO:teuthology.orchestra.run.smithi016.stdout:/usr/bin/ceph: stderr
2024-01-22T07:35:10.515+0000 7fb943e00700 1 Processor -- start
2024-01-22T07:35:11.146 INFO:teuthology.orchestra.run.smithi016.stdout:/usr/bin/ceph: stderr
2024-01-22T07:35:10.515+0000 7fb943e00700 1 -- start start
2024-01-22T07:35:11.146 INFO:teuthology.orchestra.run.smithi016.stdout:/usr/bin/ceph: stderr
2024-01-22T07:35:10.516+0000 7fb943e00700 1 --2- >> [v2:172.21.15.16:3300/0,v1:172.21.15.16:6789/0] conn(0x7fb93c107d80 0x7fb93c19d310 unknown :-1 s=NONE pgs=0 cs=0 l=1 rev1=0 crypto rx=0 tx=0 comp rx=0 tx=0).connect
2024-01-22T07:35:11.146 INFO:teuthology.orchestra.run.smithi016.stdout:/usr/bin/ceph: stderr
2024-01-22T07:35:10.516+0000 7fb943e00700 1 -- --> [v2:172.21.15.16:3300/0,v1:172.21.15.16:6789/0] -- mon_getmap magic: 0 v1 -- 0x7fb93c19d850 con 0x7fb93c107d80
2024-01-22T07:35:11.146 INFO:teuthology.orchestra.run.smithi016.stdout:/usr/bin/ceph: stderr
2024-01-22T07:35:10.516+0000 7fb941400700 1 --2- >> [v2:172.21.15.16:3300/0,v1:172.21.15.16:6789/0] conn(0x7fb93c107d80 0x7fb93c19d310 unknown :-1 s=BANNER_CONNECTING pgs=0 cs=0 l=1 rev1=0 crypto rx=0 tx=0 comp rx=0 tx=0)._handle_peer_banner_payload supported=3 required=0
2024-01-22T07:35:11.146 INFO:teuthology.orchestra.run.smithi016.stdout:/usr/bin/ceph: stderr
2024-01-22T07:35:10.516+0000 7fb941400700 1 --2- >> [v2:172.21.15.16:3300/0,v1:172.21.15.16:6789/0] conn(0x7fb93c107d80 0x7fb93c19d310 unknown :-1 s=HELLO_CONNECTING pgs=0 cs=0 l=1 rev1=1 crypto rx=0 tx=0 comp rx=0 tx=0).handle_hello peer v2:172.21.15.16:3300/0 says I am v2:172.21.15.16:36510/0 (socket says 172.21.15.16:36510)
2024-01-22T07:35:11.146 INFO:teuthology.orchestra.run.smithi016.stdout:/usr/bin/ceph: stderr
2024-01-22T07:35:10.516+0000 7fb941400700 1 -- 172.21.15.16:0/1646327575 learned_addr learned my addr 172.21.15.16:0/1646327575 (peer_addr_for_me v2:172.21.15.16:0/0)
2024-01-22T07:35:11.146 INFO:teuthology.orchestra.run.smithi016.stdout:/usr/bin/ceph: stderr
2024-01-22T07:35:10.516+0000 7fb941400700 1 -- 172.21.15.16:0/1646327575 --> [v2:172.21.15.16:3300/0,v1:172.21.15.16:6789/0] -- mon_subscribe({config=0+,monmap=0+}) v3 -- 0x7fb92c009550 con 0x7fb93c107d80
2024-01-22T07:35:11.146 INFO:teuthology.orchestra.run.smithi016.stdout:/usr/bin/ceph: stderr
2024-01-22T07:35:10.517+0000 7fb941400700 1 --2- 172.21.15.16:0/1646327575 >> [v2:172.21.15.16:3300/0,v1:172.21.15.16:6789/0] conn(0x7fb93c107d80 0x7fb93c19d310 secure :-1 s=READY pgs=52 cs=0 l=1 rev1=1 crypto rx=0x7fb92c011b40 tx=0x7fb92c011c20 comp rx=0 tx=0).ready entity=mon.0 client_cookie=0 server_cookie=0 in_seq=0 out_seq=0
2024-01-22T07:35:11.146 INFO:teuthology.orchestra.run.smithi016.stdout:/usr/bin/ceph: stderr
2024-01-22T07:35:10.519+0000 7fb93a000700 1 -- 172.21.15.16:0/1646327575 <== mon.0 v2:172.21.15.16:3300/0 1 ==== mon_map magic: 0 v1 ==== 205+0+0 (secure 0 0 0) 0x7fb92c003aa0 con 0x7fb93c107d80
2024-01-22T07:35:11.146 INFO:teuthology.orchestra.run.smithi016.stdout:/usr/bin/ceph: stderr
2024-01-22T07:35:10.519+0000 7fb93a000700 1 -- 172.21.15.16:0/1646327575 <== mon.0 v2:172.21.15.16:3300/0 2 ==== config(28 keys) v1 ==== 1174+0+0 (secure 0 0 0) 0x7fb92c003c00 con 0x7fb93c107d80
2024-01-22T07:35:11.146 INFO:teuthology.orchestra.run.smithi016.stdout:/usr/bin/ceph: stderr
2024-01-22T07:35:10.519+0000 7fb93a000700 1 -- 172.21.15.16:0/1646327575 <== mon.0 v2:172.21.15.16:3300/0 3 ==== mon_map magic: 0 v1 ==== 205+0+0 (secure 0 0 0) 0x7fb92c024800 con 0x7fb93c107d80
2024-01-22T07:35:11.146 INFO:teuthology.orchestra.run.smithi016.stdout:/usr/bin/ceph: stderr
2024-01-22T07:35:10.519+0000 7fb943e00700 1 -- 172.21.15.16:0/1646327575 --> [v2:172.21.15.16:3300/0,v1:172.21.15.16:6789/0] -- mon_subscribe({mgrmap=0+}) v3 -- 0x7fb93c19da50 con 0x7fb93c107d80
2024-01-22T07:35:11.147 INFO:teuthology.orchestra.run.smithi016.stdout:/usr/bin/ceph: stderr
2024-01-22T07:35:10.519+0000 7fb943e00700 1 -- 172.21.15.16:0/1646327575 --> [v2:172.21.15.16:3300/0,v1:172.21.15.16:6789/0] -- mon_subscribe({osdmap=0}) v3 -- 0x7fb93c19def0 con 0x7fb93c107d80
2024-01-22T07:35:11.147 INFO:teuthology.orchestra.run.smithi016.stdout:/usr/bin/ceph: stderr
2024-01-22T07:35:10.520+0000 7fb93a000700 1 -- 172.21.15.16:0/1646327575 <== mon.0 v2:172.21.15.16:3300/0 4 ==== mgrmap(e 8) v1 ==== 45792+0+0 (secure 0 0 0) 0x7fb92c01a430 con 0x7fb93c107d80
2024-01-22T07:35:11.147 INFO:teuthology.orchestra.run.smithi016.stdout:/usr/bin/ceph: stderr
2024-01-22T07:35:10.520+0000 7fb943e00700 1 -- 172.21.15.16:0/1646327575 --> [v2:172.21.15.16:3300/0,v1:172.21.15.16:6789/0] -- mon_command({"prefix": "get_command_descriptions"} v 0) v1 -- 0x7fb93c10b550 con 0x7fb93c107d80
2024-01-22T07:35:11.147 INFO:teuthology.orchestra.run.smithi016.stdout:/usr/bin/ceph: stderr
2024-01-22T07:35:10.520+0000 7fb93a000700 1 --2- 172.21.15.16:0/1646327575 >> [v2:172.21.15.16:6800/1660197916,v1:172.21.15.16:6801/1660197916] conn(0x7fb91c038d20 0x7fb91c03b1e0 unknown :-1 s=NONE pgs=0 cs=0 l=1 rev1=0 crypto rx=0 tx=0 comp rx=0 tx=0).connect
2024-01-22T07:35:11.147 INFO:teuthology.orchestra.run.smithi016.stdout:/usr/bin/ceph: stderr
2024-01-22T07:35:10.520+0000 7fb93a000700 1 -- 172.21.15.16:0/1646327575 <== mon.0 v2:172.21.15.16:3300/0 5 ==== osd_map(2..2 src has 1..2) v4 ==== 940+0+0 (secure 0 0 0) 0x7fb92c04cdf0 con 0x7fb93c107d80
2024-01-22T07:35:11.147 INFO:teuthology.orchestra.run.smithi016.stdout:/usr/bin/ceph: stderr
2024-01-22T07:35:10.521+0000 7fb940a00700 1 --2- 172.21.15.16:0/1646327575 >> [v2:172.21.15.16:6800/1660197916,v1:172.21.15.16:6801/1660197916] conn(0x7fb91c038d20 0x7fb91c03b1e0 unknown :-1 s=BANNER_CONNECTING pgs=0 cs=0 l=1 rev1=0 crypto rx=0 tx=0 comp rx=0 tx=0)._handle_peer_banner_payload supported=3 required=0
2024-01-22T07:35:11.147 INFO:teuthology.orchestra.run.smithi016.stdout:/usr/bin/ceph: stderr
2024-01-22T07:35:10.522+0000 7fb940a00700 1 --2- 172.21.15.16:0/1646327575 >> [v2:172.21.15.16:6800/1660197916,v1:172.21.15.16:6801/1660197916] conn(0x7fb91c038d20 0x7fb91c03b1e0 secure :-1 s=READY pgs=15 cs=0 l=1 rev1=1 crypto rx=0x7fb924006fd0 tx=0x7fb924006e40 comp rx=0 tx=0).ready entity=mgr.14118 client_cookie=0 server_cookie=0 in_seq=0 out_seq=0
2024-01-22T07:35:11.147 INFO:teuthology.orchestra.run.smithi016.stdout:/usr/bin/ceph: stderr
2024-01-22T07:35:10.526+0000 7fb93a000700 1 -- 172.21.15.16:0/1646327575 <== mon.0 v2:172.21.15.16:3300/0 6 ==== mon_command_ack([{"prefix": "get_command_descriptions"}]=0 v0) v1 ==== 72+0+181534 (secure 0 0 0) 0x7fb92c01aba0 con 0x7fb93c107d80
2024-01-22T07:35:11.147 INFO:teuthology.orchestra.run.smithi016.stdout:/usr/bin/ceph: stderr
2024-01-22T07:35:10.742+0000 7fb943e00700 1 -- 172.21.15.16:0/1646327575 --> [v2:172.21.15.16:3300/0,v1:172.21.15.16:6789/0] -- mon_command([{prefix=config set, name=mgr/dashboard/ssl_server_port}] v 0) v1 -- 0x7fb93c1a07d0 con 0x7fb93c107d80
2024-01-22T07:35:11.147 INFO:teuthology.orchestra.run.smithi016.stdout:/usr/bin/ceph: stderr
2024-01-22T07:35:10.744+0000 7fb93a000700 1 -- 172.21.15.16:0/1646327575 <== mon.0 v2:172.21.15.16:3300/0 7 ==== mon_command_ack([{prefix=config set, name=mgr/dashboard/ssl_server_port}]=0 v8)=0 v8) v1 ==== 130+0+0 (secure 0 0 0) 0x7fb92c018350 con 0x7fb93c107d80
2024-01-22T07:35:11.147 INFO:teuthology.orchestra.run.smithi016.stdout:/usr/bin/ceph: stderr
2024-01-22T07:35:10.747+0000 7fb943e00700 1 -- 172.21.15.16:0/1646327575 >> [v2:172.21.15.16:6800/1660197916,v1:172.21.15.16:6801/1660197916] conn(0x7fb91c038d20 msgr2=0x7fb91c03b1e0 secure :-1 s=STATE_CONNECTION_ESTABLISHED l=1).mark_down
2024-01-22T07:35:11.148 INFO:teuthology.orchestra.run.smithi016.stdout:/usr/bin/ceph: stderr
2024-01-22T07:35:10.747+0000 7fb943e00700 1 --2- 172.21.15.16:0/1646327575 >> [v2:172.21.15.16:6800/1660197916,v1:172.21.15.16:6801/1660197916] conn(0x7fb91c038d20 0x7fb91c03b1e0 secure :-1 s=READY pgs=15 cs=0 l=1 rev1=1 crypto rx=0x7fb924006fd0 tx=0x7fb924006e40 comp rx=0 tx=0).stop
2024-01-22T07:35:11.148 INFO:teuthology.orchestra.run.smithi016.stdout:/usr/bin/ceph: stderr
2024-01-22T07:35:10.747+0000 7fb943e00700 1 -- 172.21.15.16:0/1646327575 >> [v2:172.21.15.16:3300/0,v1:172.21.15.16:6789/0] conn(0x7fb93c107d80 msgr2=0x7fb93c19d310 secure :-1 s=STATE_CONNECTION_ESTABLISHED l=1).mark_down
2024-01-22T07:35:11.148 INFO:teuthology.orchestra.run.smithi016.stdout:/usr/bin/ceph: stderr
2024-01-22T07:35:10.747+0000 7fb943e00700 1 --2- 172.21.15.16:0/1646327575 >> [v2:172.21.15.16:3300/0,v1:172.21.15.16:6789/0] conn(0x7fb93c107d80 0x7fb93c19d310 secure :-1 s=READY pgs=52 cs=0 l=1 rev1=1 crypto rx=0x7fb92c011b40 tx=0x7fb92c011c20 comp rx=0 tx=0).stop
2024-01-22T07:35:11.148 INFO:teuthology.orchestra.run.smithi016.stdout:/usr/bin/ceph: stderr
2024-01-22T07:35:10.747+0000 7fb943e00700 1 -- 172.21.15.16:0/1646327575 shutdown_connections
2024-01-22T07:35:11.148 INFO:teuthology.orchestra.run.smithi016.stdout:/usr/bin/ceph: stderr
2024-01-22T07:35:10.747+0000 7fb943e00700 1 --2- 172.21.15.16:0/1646327575 >> [v2:172.21.15.16:6800/1660197916,v1:172.21.15.16:6801/1660197916] conn(0x7fb91c038d20 0x7fb91c03b1e0 unknown :-1 s=CLOSED pgs=15 cs=0 l=1 rev1=1 crypto rx=0 tx=0 comp rx=0 tx=0).stop
2024-01-22T07:35:11.148 INFO:teuthology.orchestra.run.smithi016.stdout:/usr/bin/ceph: stderr
2024-01-22T07:35:10.747+0000 7fb943e00700 1 --2- 172.21.15.16:0/1646327575 >> [v2:172.21.15.16:3300/0,v1:172.21.15.16:6789/0] conn(0x7fb93c107d80 0x7fb93c19d310 unknown :-1 s=CLOSED pgs=52 cs=0 l=1 rev1=1 crypto rx=0 tx=0 comp rx=0 tx=0).stop
2024-01-22T07:35:11.148 INFO:teuthology.orchestra.run.smithi016.stdout:/usr/bin/ceph: stderr
2024-01-22T07:35:10.748+0000 7fb943e00700 1 -- 172.21.15.16:0/1646327575 >> 172.21.15.16:0/1646327575 conn(0x7fb93c1017d0 msgr2=0x7fb93c102250 unknown :-1 s=STATE_NONE l=0).mark_down
2024-01-22T07:35:11.148 INFO:teuthology.orchestra.run.smithi016.stdout:/usr/bin/ceph: stderr
