2024-01-22T07:34:48.042 INFO:journalctl@ceph.mon.a.smithi016.stdout:Jan 22 07:34:47 smithi016 ceph-mon[35304]: from='client.? 172.21.15.16:0/3445799805' entity='client.admin' cmd='[{"prefix": "mgr module enable", "module": "cephadm"}]': finished
2024-01-22T07:34:48.042 INFO:journalctl@ceph.mon.a.smithi016.stdout:Jan 22 07:34:47 smithi016 ceph-mon[35304]: mgrmap e5: x(active, since 7s)
2024-01-22T07:34:48.043 INFO:journalctl@ceph.mgr.x.smithi016.stdout:Jan 22 07:34:47 smithi016 ceph-89011c3a-b8f8-11ee-95b0-87774f69a715-mgr-x[35554]:
2024-01-22T07:34:47.784+0000 7f149a5f9200 -1 mgr[py] Module progress has missing NOTIFY_TYPES member
2024-01-22T07:34:48.182 INFO:teuthology.orchestra.run.smithi016.stdout:/usr/bin/ceph: stdout {
2024-01-22T07:34:48.182 INFO:teuthology.orchestra.run.smithi016.stdout:/usr/bin/ceph: stdout "epoch": 5,
2024-01-22T07:34:48.182 INFO:teuthology.orchestra.run.smithi016.stdout:/usr/bin/ceph: stdout "available": true,
2024-01-22T07:34:48.182 INFO:teuthology.orchestra.run.smithi016.stdout:/usr/bin/ceph: stdout "active_name": "x",
2024-01-22T07:34:48.182 INFO:teuthology.orchestra.run.smithi016.stdout:/usr/bin/ceph: stdout "num_standby": 0
2024-01-22T07:34:48.182 INFO:teuthology.orchestra.run.smithi016.stdout:/usr/bin/ceph: stdout }
2024-01-22T07:34:48.182 INFO:teuthology.orchestra.run.smithi016.stdout:/usr/bin/ceph: stderr
2024-01-22T07:34:47.567+0000 7f1844400700 1 Processor -- start
2024-01-22T07:34:48.182 INFO:teuthology.orchestra.run.smithi016.stdout:/usr/bin/ceph: stderr
2024-01-22T07:34:47.567+0000 7f1844400700 1 -- start start
2024-01-22T07:34:48.183 INFO:teuthology.orchestra.run.smithi016.stdout:/usr/bin/ceph: stderr
2024-01-22T07:34:47.567+0000 7f1844400700 1 --2- >> [v2:172.21.15.16:3300/0,v1:172.21.15.16:6789/0] conn(0x7f183c07ccc0 0x7f183c07b280 unknown :-1 s=NONE pgs=0 cs=0 l=0 rev1=0 crypto rx=0 tx=0 comp rx=0 tx=0).connect
2024-01-22T07:34:48.183 INFO:teuthology.orchestra.run.smithi016.stdout:/usr/bin/ceph: stderr
2024-01-22T07:34:47.567+0000 7f1844400700 1 -- --> [v2:172.21.15.16:3300/0,v1:172.21.15.16:6789/0] -- mon_getmap magic: 0 v1 -- 0x7f183c07d0e0 con 0x7f183c07ccc0
2024-01-22T07:34:48.183 INFO:teuthology.orchestra.run.smithi016.stdout:/usr/bin/ceph: stderr
2024-01-22T07:34:47.567+0000 7f1841a00700 1 --2- >> [v2:172.21.15.16:3300/0,v1:172.21.15.16:6789/0] conn(0x7f183c07ccc0 0x7f183c07b280 unknown :-1 s=BANNER_CONNECTING pgs=0 cs=0 l=0 rev1=0 crypto rx=0 tx=0 comp rx=0 tx=0)._handle_peer_banner_payload supported=3 required=0
2024-01-22T07:34:48.183 INFO:teuthology.orchestra.run.smithi016.stdout:/usr/bin/ceph: stderr
2024-01-22T07:34:47.568+0000 7f1841a00700 1 --2- >> [v2:172.21.15.16:3300/0,v1:172.21.15.16:6789/0] conn(0x7f183c07ccc0 0x7f183c07b280 unknown :-1 s=HELLO_CONNECTING pgs=0 cs=0 l=0 rev1=1 crypto rx=0 tx=0 comp rx=0 tx=0).handle_hello peer v2:172.21.15.16:3300/0 says I am v2:172.21.15.16:34376/0 (socket says 172.21.15.16:34376)
2024-01-22T07:34:48.183 INFO:teuthology.orchestra.run.smithi016.stdout:/usr/bin/ceph: stderr
2024-01-22T07:34:47.568+0000 7f1841a00700 1 -- 172.21.15.16:0/2173304440 learned_addr learned my addr 172.21.15.16:0/2173304440 (peer_addr_for_me v2:172.21.15.16:0/0)
2024-01-22T07:34:48.183 INFO:teuthology.orchestra.run.smithi016.stdout:/usr/bin/ceph: stderr
2024-01-22T07:34:47.568+0000 7f1841a00700 1 -- 172.21.15.16:0/2173304440 --> [v2:172.21.15.16:3300/0,v1:172.21.15.16:6789/0] -- mon_subscribe({config=0+,monmap=0+}) v3 -- 0x7f183c07b7c0 con 0x7f183c07ccc0
2024-01-22T07:34:48.183 INFO:teuthology.orchestra.run.smithi016.stdout:/usr/bin/ceph: stderr
2024-01-22T07:34:47.568+0000 7f1841a00700 1 --2- 172.21.15.16:0/2173304440 >> [v2:172.21.15.16:3300/0,v1:172.21.15.16:6789/0] conn(0x7f183c07ccc0 0x7f183c07b280 secure :-1 s=READY pgs=24 cs=0 l=1 rev1=1 crypto rx=0x7f182c0098a0 tx=0x7f182c009bb0 comp rx=0 tx=0).ready entity=mon.0 client_cookie=d051483e4f7a43bd server_cookie=0 in_seq=0 out_seq=0
2024-01-22T07:34:48.183 INFO:teuthology.orchestra.run.smithi016.stdout:/usr/bin/ceph: stderr
2024-01-22T07:34:47.568+0000 7f183be00700 1 -- 172.21.15.16:0/2173304440 <== mon.0 v2:172.21.15.16:3300/0 1 ==== mon_map magic: 0 v1 ==== 205+0+0 (secure 0 0 0) 0x7f182c004160 con 0x7f183c07ccc0
2024-01-22T07:34:48.183 INFO:teuthology.orchestra.run.smithi016.stdout:/usr/bin/ceph: stderr
2024-01-22T07:34:47.568+0000 7f183be00700 1 -- 172.21.15.16:0/2173304440 <== mon.0 v2:172.21.15.16:3300/0 2 ==== config(28 keys) v1 ==== 1143+0+0 (secure 0 0 0) 0x7f182c0042c0 con 0x7f183c07ccc0
2024-01-22T07:34:48.183 INFO:teuthology.orchestra.run.smithi016.stdout:/usr/bin/ceph: stderr
2024-01-22T07:34:47.568+0000 7f183be00700 1 -- 172.21.15.16:0/2173304440 <== mon.0 v2:172.21.15.16:3300/0 3 ==== mon_map magic: 0 v1 ==== 205+0+0 (secure 0 0 0) 0x7f182c011b70 con 0x7f183c07ccc0
2024-01-22T07:34:48.183 INFO:teuthology.orchestra.run.smithi016.stdout:/usr/bin/ceph: stderr
2024-01-22T07:34:47.569+0000 7f1844400700 1 -- 172.21.15.16:0/2173304440 >> [v2:172.21.15.16:3300/0,v1:172.21.15.16:6789/0] conn(0x7f183c07ccc0 msgr2=0x7f183c07b280 secure :-1 s=STATE_CONNECTION_ESTABLISHED l=1).mark_down
2024-01-22T07:34:48.183 INFO:teuthology.orchestra.run.smithi016.stdout:/usr/bin/ceph: stderr
2024-01-22T07:34:47.569+0000 7f1844400700 1 --2- 172.21.15.16:0/2173304440 >> [v2:172.21.15.16:3300/0,v1:172.21.15.16:6789/0] conn(0x7f183c07ccc0 0x7f183c07b280 secure :-1 s=READY pgs=24 cs=0 l=1 rev1=1 crypto rx=0x7f182c0098a0 tx=0x7f182c009bb0 comp rx=0 tx=0).stop
2024-01-22T07:34:48.183 INFO:teuthology.orchestra.run.smithi016.stdout:/usr/bin/ceph: stderr
2024-01-22T07:34:47.569+0000 7f1844400700 1 -- 172.21.15.16:0/2173304440 shutdown_connections
2024-01-22T07:34:48.183 INFO:teuthology.orchestra.run.smithi016.stdout:/usr/bin/ceph: stderr
2024-01-22T07:34:47.569+0000 7f1844400700 1 --2- 172.21.15.16:0/2173304440 >> [v2:172.21.15.16:3300/0,v1:172.21.15.16:6789/0] conn(0x7f183c07ccc0 0x7f183c07b280 unknown :-1 s=CLOSED pgs=24 cs=0 l=1 rev1=1 crypto rx=0 tx=0 comp rx=0 tx=0).stop
2024-01-22T07:34:48.184 INFO:teuthology.orchestra.run.smithi016.stdout:/usr/bin/ceph: stderr
2024-01-22T07:34:47.569+0000 7f1844400700 1 -- 172.21.15.16:0/2173304440 >> 172.21.15.16:0/2173304440 conn(0x7f183c1029f0 msgr2=0x7f183c104e10 unknown :-1 s=STATE_NONE l=0).mark_down
2024-01-22T07:34:48.184 INFO:teuthology.orchestra.run.smithi016.stdout:/usr/bin/ceph: stderr
2024-01-22T07:34:47.569+0000 7f1844400700 1 -- 172.21.15.16:0/2173304440 shutdown_connections
2024-01-22T07:34:48.184 INFO:teuthology.orchestra.run.smithi016.stdout:/usr/bin/ceph: stderr
2024-01-22T07:34:47.569+0000 7f1844400700 1 -- 172.21.15.16:0/2173304440 wait complete.
2024-01-22T07:34:48.184 INFO:teuthology.orchestra.run.smithi016.stdout:/usr/bin/ceph: stderr
2024-01-22T07:34:47.570+0000 7f1844400700 1 Processor -- start
2024-01-22T07:34:48.184 INFO:teuthology.orchestra.run.smithi016.stdout:/usr/bin/ceph: stderr
2024-01-22T07:34:47.570+0000 7f1844400700 1 -- start start
2024-01-22T07:34:48.184 INFO:teuthology.orchestra.run.smithi016.stdout:/usr/bin/ceph: stderr
2024-01-22T07:34:47.571+0000 7f1844400700 1 --2- >> [v2:172.21.15.16:3300/0,v1:172.21.15.16:6789/0] conn(0x7f183c07ccc0 0x7f183c19d280 unknown :-1 s=NONE pgs=0 cs=0 l=1 rev1=0 crypto rx=0 tx=0 comp rx=0 tx=0).connect
2024-01-22T07:34:48.184 INFO:teuthology.orchestra.run.smithi016.stdout:/usr/bin/ceph: stderr
2024-01-22T07:34:47.571+0000 7f1844400700 1 -- --> [v2:172.21.15.16:3300/0,v1:172.21.15.16:6789/0] -- mon_getmap magic: 0 v1 -- 0x7f183c19d7c0 con 0x7f183c07ccc0
2024-01-22T07:34:48.184 INFO:teuthology.orchestra.run.smithi016.stdout:/usr/bin/ceph: stderr
2024-01-22T07:34:47.571+0000 7f1841a00700 1 --2- >> [v2:172.21.15.16:3300/0,v1:172.21.15.16:6789/0] conn(0x7f183c07ccc0 0x7f183c19d280 unknown :-1 s=BANNER_CONNECTING pgs=0 cs=0 l=1 rev1=0 crypto rx=0 tx=0 comp rx=0 tx=0)._handle_peer_banner_payload supported=3 required=0
2024-01-22T07:34:48.184 INFO:teuthology.orchestra.run.smithi016.stdout:/usr/bin/ceph: stderr
2024-01-22T07:34:47.571+0000 7f1841a00700 1 --2- >> [v2:172.21.15.16:3300/0,v1:172.21.15.16:6789/0] conn(0x7f183c07ccc0 0x7f183c19d280 unknown :-1 s=HELLO_CONNECTING pgs=0 cs=0 l=1 rev1=1 crypto rx=0 tx=0 comp rx=0 tx=0).handle_hello peer v2:172.21.15.16:3300/0 says I am v2:172.21.15.16:34388/0 (socket says 172.21.15.16:34388)
2024-01-22T07:34:48.184 INFO:teuthology.orchestra.run.smithi016.stdout:/usr/bin/ceph: stderr
2024-01-22T07:34:47.571+0000 7f1841a00700 1 -- 172.21.15.16:0/745778758 learned_addr learned my addr 172.21.15.16:0/745778758 (peer_addr_for_me v2:172.21.15.16:0/0)
2024-01-22T07:34:48.184 INFO:teuthology.orchestra.run.smithi016.stdout:/usr/bin/ceph: stderr
2024-01-22T07:34:47.571+0000 7f1841a00700 1 -- 172.21.15.16:0/745778758 --> [v2:172.21.15.16:3300/0,v1:172.21.15.16:6789/0] -- mon_subscribe({config=0+,monmap=0+}) v3 -- 0x7f182c009550 con 0x7f183c07ccc0
2024-01-22T07:34:48.184 INFO:teuthology.orchestra.run.smithi016.stdout:/usr/bin/ceph: stderr
2024-01-22T07:34:47.572+0000 7f1841a00700 1 --2- 172.21.15.16:0/745778758 >> [v2:172.21.15.16:3300/0,v1:172.21.15.16:6789/0] conn(0x7f183c07ccc0 0x7f183c19d280 secure :-1 s=READY pgs=25 cs=0 l=1 rev1=1 crypto rx=0x7f182c011b40 tx=0x7f182c011c20 comp rx=0 tx=0).ready entity=mon.0 client_cookie=0 server_cookie=0 in_seq=0 out_seq=0
2024-01-22T07:34:48.185 INFO:teuthology.orchestra.run.smithi016.stdout:/usr/bin/ceph: stderr
2024-01-22T07:34:47.572+0000 7f183a000700 1 -- 172.21.15.16:0/745778758 <== mon.0 v2:172.21.15.16:3300/0 1 ==== mon_map magic: 0 v1 ==== 205+0+0 (secure 0 0 0) 0x7f182c003b20 con 0x7f183c07ccc0
2024-01-22T07:34:48.185 INFO:teuthology.orchestra.run.smithi016.stdout:/usr/bin/ceph: stderr
2024-01-22T07:34:47.572+0000 7f183a000700 1 -- 172.21.15.16:0/745778758 <== mon.0 v2:172.21.15.16:3300/0 2 ==== config(28 keys) v1 ==== 1143+0+0 (secure 0 0 0) 0x7f182c003c80 con 0x7f183c07ccc0
2024-01-22T07:34:48.185 INFO:teuthology.orchestra.run.smithi016.stdout:/usr/bin/ceph: stderr
2024-01-22T07:34:47.572+0000 7f183a000700 1 -- 172.21.15.16:0/745778758 <== mon.0 v2:172.21.15.16:3300/0 3 ==== mon_map magic: 0 v1 ==== 205+0+0 (secure 0 0 0) 0x7f182c0247c0 con 0x7f183c07ccc0
2024-01-22T07:34:48.185 INFO:teuthology.orchestra.run.smithi016.stdout:/usr/bin/ceph: stderr
2024-01-22T07:34:47.572+0000 7f1844400700 1 -- 172.21.15.16:0/745778758 --> [v2:172.21.15.16:3300/0,v1:172.21.15.16:6789/0] -- mon_subscribe({mgrmap=0+}) v3 -- 0x7f183c19d9c0 con 0x7f183c07ccc0
2024-01-22T07:34:48.185 INFO:teuthology.orchestra.run.smithi016.stdout:/usr/bin/ceph: stderr
2024-01-22T07:34:47.572+0000 7f1844400700 1 -- 172.21.15.16:0/745778758 --> [v2:172.21.15.16:3300/0,v1:172.21.15.16:6789/0] -- mon_subscribe({osdmap=0}) v3 -- 0x7f183c19de60 con 0x7f183c07ccc0
2024-01-22T07:34:48.185 INFO:teuthology.orchestra.run.smithi016.stdout:/usr/bin/ceph: stderr
2024-01-22T07:34:47.573+0000 7f183a000700 1 -- 172.21.15.16:0/745778758 <== mon.0 v2:172.21.15.16:3300/0 4 ==== mgrmap(e 5) v1 ==== 45792+0+0 (secure 0 0 0) 0x7f182c01a430 con 0x7f183c07ccc0
2024-01-22T07:34:48.185 INFO:teuthology.orchestra.run.smithi016.stdout:/usr/bin/ceph: stderr
2024-01-22T07:34:47.573+0000 7f1844400700 1 -- 172.21.15.16:0/745778758 --> [v2:172.21.15.16:3300/0,v1:172.21.15.16:6789/0] -- mon_command({"prefix": "get_command_descriptions"} v 0) v1 -- 0x7f183c10d610 con 0x7f183c07ccc0
2024-01-22T07:34:48.185 INFO:teuthology.orchestra.run.smithi016.stdout:/usr/bin/ceph: stderr
2024-01-22T07:34:47.574+0000 7f183a000700 1 --2- 172.21.15.16:0/745778758 >> [v2:172.21.15.16:6800/3892273401,v1:172.21.15.16:6801/3892273401] conn(0x7f181c038c70 0x7f181c03b130 unknown :-1 s=NONE pgs=0 cs=0 l=1 rev1=0 crypto rx=0 tx=0 comp rx=0 tx=0).connect
2024-01-22T07:34:48.185 INFO:teuthology.orchestra.run.smithi016.stdout:/usr/bin/ceph: stderr
2024-01-22T07:34:47.574+0000 7f183a000700 1 -- 172.21.15.16:0/745778758 <== mon.0 v2:172.21.15.16:3300/0 5 ==== osd_map(1..1 src has 1..1) v4 ==== 725+0+0 (secure 0 0 0) 0x7f182c04caf0 con 0x7f183c07ccc0
2024-01-22T07:34:48.185 INFO:teuthology.orchestra.run.smithi016.stdout:/usr/bin/ceph: stderr
2024-01-22T07:34:47.574+0000 7f1841000700 1 -- 172.21.15.16:0/745778758 >> [v2:172.21.15.16:6800/3892273401,v1:172.21.15.16:6801/3892273401] conn(0x7f181c038c70 msgr2=0x7f181c03b130 unknown :-1 s=STATE_CONNECTING_RE l=1).process reconnect failed to v2:172.21.15.16:6800/3892273401
2024-01-22T07:34:48.185 INFO:teuthology.orchestra.run.smithi016.stdout:/usr/bin/ceph: stderr
2024-01-22T07:34:47.574+0000 7f1841000700 1 --2- 172.21.15.16:0/745778758 >> [v2:172.21.15.16:6800/3892273401,v1:172.21.15.16:6801/3892273401] conn(0x7f181c038c70 0x7f181c03b130 unknown :-1 s=START_CONNECT pgs=0 cs=0 l=1 rev1=0 crypto rx=0 tx=0 comp rx=0 tx=0)._fault waiting 0.200000
2024-01-22T07:34:48.185 INFO:teuthology.orchestra.run.smithi016.stdout:/usr/bin/ceph: stderr
2024-01-22T07:34:47.579+0000 7f183a000700 1 -- 172.21.15.16:0/745778758 <== mon.0 v2:172.21.15.16:3300/0 6 ==== mon_command_ack([{"prefix": "get_command_descriptions"}]=0 v0) v1 ==== 72+0+181534 (secure 0 0 0) 0x7f182c010380 con 0x7f183c07ccc0
2024-01-22T07:34:48.185 INFO:teuthology.orchestra.run.smithi016.stdout:/usr/bin/ceph: stderr
2024-01-22T07:34:47.775+0000 7f1841000700 1 -- 172.21.15.16:0/745778758 >> [v2:172.21.15.16:6800/3892273401,v1:172.21.15.16:6801/3892273401] conn(0x7f181c038c70 msgr2=0x7f181c03b130 unknown :-1 s=STATE_CONNECTING_RE l=1).process reconnect failed to v2:172.21.15.16:6800/3892273401
2024-01-22T07:34:48.185 INFO:teuthology.orchestra.run.smithi016.stdout:/usr/bin/ceph: stderr
2024-01-22T07:34:47.775+0000 7f1841000700 1 --2- 172.21.15.16:0/745778758 >> [v2:172.21.15.16:6800/3892273401,v1:172.21.15.16:6801/3892273401] conn(0x7f181c038c70 0x7f181c03b130 unknown :-1 s=START_CONNECT pgs=0 cs=0 l=1 rev1=0 crypto rx=0 tx=0 comp rx=0 tx=0)._fault waiting 0.400000
2024-01-22T07:34:48.185 INFO:teuthology.orchestra.run.smithi016.stdout:/usr/bin/ceph: stderr
2024-01-22T07:34:47.852+0000 7f1844400700 1 -- 172.21.15.16:0/745778758 --> [v2:172.21.15.16:3300/0,v1:172.21.15.16:6789/0] -- mon_command({"prefix": "mgr stat"} v 0) v1 -- 0x7f183c1a07a0 con 0x7f183c07ccc0
2024-01-22T07:34:48.186 INFO:teuthology.orchestra.run.smithi016.stdout:/usr/bin/ceph: stderr
2024-01-22T07:34:47.852+0000 7f183a000700 1 -- 172.21.15.16:0/745778758 <== mon.0 v2:172.21.15.16:3300/0 7 ==== mon_command_ack([{"prefix": "mgr stat"}]=0 v5) v1 ==== 56+0+88 (secure 0 0 0) 0x7f182c018b40 con 0x7f183c07ccc0
2024-01-22T07:34:48.186 INFO:teuthology.orchestra.run.smithi016.stdout:/usr/bin/ceph: stderr
2024-01-22T07:34:47.855+0000 7f1844400700 1 -- 172.21.15.16:0/745778758 >> [v2:172.21.15.16:6800/3892273401,v1:172.21.15.16:6801/3892273401] conn(0x7f181c038c70 msgr2=0x7f181c03b130 unknown :-1 s=STATE_CONNECTING l=1).mark_down
2024-01-22T07:34:48.186 INFO:teuthology.orchestra.run.smithi016.stdout:/usr/bin/ceph: stderr
2024-01-22T07:34:47.855+0000 7f1844400700 1 --2- 172.21.15.16:0/745778758 >> [v2:172.21.15.16:6800/3892273401,v1:172.21.15.16:6801/3892273401] conn(0x7f181c038c70 0x7f181c03b130 unknown :-1 s=START_CONNECT pgs=0 cs=0 l=1 rev1=0 crypto rx=0 tx=0 comp rx=0 tx=0).stop
2024-01-22T07:34:48.186 INFO:teuthology.orchestra.run.smithi016.stdout:/usr/bin/ceph: stderr
2024-01-22T07:34:47.855+0000 7f1844400700 1 -- 172.21.15.16:0/745778758 >> [v2:172.21.15.16:3300/0,v1:172.21.15.16:6789/0] conn(0x7f183c07ccc0 msgr2=0x7f183c19d280 secure :-1 s=STATE_CONNECTION_ESTABLISHED l=1).mark_down
2024-01-22T07:34:48.186 INFO:teuthology.orchestra.run.smithi016.stdout:/usr/bin/ceph: stderr
2024-01-22T07:34:47.855+0000 7f1844400700 1 --2- 172.21.15.16:0/745778758 >> [v2:172.21.15.16:3300/0,v1:172.21.15.16:6789/0] conn(0x7f183c07ccc0 0x7f183c19d280 secure :-1 s=READY pgs=25 cs=0 l=1 rev1=1 crypto rx=0x7f182c011b40 tx=0x7f182c011c20 comp rx=0 tx=0).stop
2024-01-22T07:34:48.186 INFO:teuthology.orchestra.run.smithi016.stdout:/usr/bin/ceph: stderr
2024-01-22T07:34:47.855+0000 7f1844400700 1 -- 172.21.15.16:0/745778758 shutdown_connections
2024-01-22T07:34:48.186 INFO:teuthology.orchestra.run.smithi016.stdout:/usr/bin/ceph: stderr
2024-01-22T07:34:47.855+0000 7f1844400700 1 --2- 172.21.15.16:0/745778758 >> [v2:172.21.15.16:6800/3892273401,v1:172.21.15.16:6801/3892273401] conn(0x7f181c038c70 0x7f181c03b130 unknown :-1 s=CLOSED pgs=0 cs=0 l=1 rev1=0 crypto rx=0 tx=0 comp rx=0 tx=0).stop
2024-01-22T07:34:48.186 INFO:teuthology.orchestra.run.smithi016.stdout:/usr/bin/ceph: stderr
2024-01-22T07:34:47.855+0000 7f1844400700 1 --2- 172.21.15.16:0/745778758 >> [v2:172.21.15.16:3300/0,v1:172.21.15.16:6789/0] conn(0x7f183c07ccc0 0x7f183c19d280 unknown :-1 s=CLOSED pgs=25 cs=0 l=1 rev1=1 crypto rx=0 tx=0 comp rx=0 tx=0).stop
2024-01-22T07:34:48.186 INFO:teuthology.orchestra.run.smithi016.stdout:/usr/bin/ceph: stderr
2024-01-22T07:34:47.855+0000 7f1844400700 1 -- 172.21.15.16:0/745778758 >> 172.21.15.16:0/745778758 conn(0x7f183c1029f0 msgr2=0x7f183c103590 unknown :-1 s=STATE_NONE l=0).mark_down
2024-01-22T07:34:48.186 INFO:teuthology.orchestra.run.smithi016.stdout:/usr/bin/ceph: stderr
2024-01-22T07:34:47.855+0000 7f1844400700 1 -- 172.21.15.16:0/745778758 shutdown_connections
2024-01-22T07:34:48.186 INFO:teuthology.orchestra.run.smithi016.stdout:/usr/bin/ceph: stderr
2024-01-22T07:34:47.855+0000 7f1844400700 1 -- 172.21.15.16:0/745778758 wait complete.
2024-01-22T07:34:48.186 INFO:teuthology.orchestra.run.smithi016.stdout:Waiting for the mgr to restart...
2024-01-22T07:34:48.186 INFO:teuthology.orchestra.run.smithi016.stdout:Waiting for mgr epoch 5...
2024-01-22T07:34:48.980 INFO:journalctl@ceph.mon.a.smithi016.stdout:Jan 22 07:34:48 smithi016 ceph-mon[35304]: from='client.? 172.21.15.16:0/745778758' entity='client.admin' cmd=[{"prefix": "mgr stat"}]: dispatch
2024-01-22T07:34:48.981 INFO:journalctl@ceph.mgr.x.smithi016.stdout:Jan 22 07:34:48 smithi016 ceph-89011c3a-b8f8-11ee-95b0-87774f69a715-mgr-x[35554]:
2024-01-22T07:34:48.671+0000 7f149a5f9200 -1 mgr[py] Module orchestrator has missing NOTIFY_TYPES member
2024-01-22T07:34:49.236 INFO:journalctl@ceph.mgr.x.smithi016.stdout:Jan 22 07:34:48 smithi016 ceph-89011c3a-b8f8-11ee-95b0-87774f69a715-mgr-x[35554]:
2024-01-22T07:34:48.981+0000 7f149a5f9200 -1 mgr[py] Module nfs has missing NOTIFY_TYPES member
2024-01-22T07:34:49.236 INFO:journalctl@ceph.mgr.x.smithi016.stdout:Jan 22 07:34:49 smithi016 ceph-89011c3a-b8f8-11ee-95b0-87774f69a715-mgr-x[35554]:
2024-01-22T07:34:49.096+0000 7f149a5f9200 -1 mgr[py] Module zabbix has missing NOTIFY_TYPES member
2024-01-22T07:34:49.615 INFO:journalctl@ceph.mgr.x.smithi016.stdout:Jan 22 07:34:49 smithi016 ceph-89011c3a-b8f8-11ee-95b0-87774f69a715-mgr-x[35554]:
2024-01-22T07:34:49.240+0000 7f149a5f9200 -1 mgr[py] Module rbd_support has missing NOTIFY_TYPES member
2024-01-22T07:34:49.615 INFO:journalctl@ceph.mgr.x.smithi016.stdout:Jan 22 07:34:49 smithi016 ceph-89011c3a-b8f8-11ee-95b0-87774f69a715-mgr-x[35554]:
2024-01-22T07:34:49.442+0000 7f149a5f9200 -1 mgr[py] Module status has missing NOTIFY_TYPES member
2024-01-22T07:34:49.986 INFO:journalctl@ceph.mgr.x.smithi016.stdout:Jan 22 07:34:49 smithi016 ceph-89011c3a-b8f8-11ee-95b0-87774f69a715-mgr-x[35554]:
2024-01-22T07:34:49.615+0000 7f149a5f9200 -1 mgr[py] Module diskprediction_local has missing NOTIFY_TYPES member
2024-01-22T07:34:49.986 INFO:journalctl@ceph.mgr.x.smithi016.stdout:Jan 22 07:34:49 smithi016 ceph-89011c3a-b8f8-11ee-95b0-87774f69a715-mgr-x[35554]:
2024-01-22T07:34:49.732+0000 7f149a5f9200 -1 mgr[py] Module telegraf has missing NOTIFY_TYPES member
2024-01-22T07:34:50.486 INFO:journalctl@ceph.mgr.x.smithi016.stdout:Jan 22 07:34:50 smithi016 ceph-89011c3a-b8f8-11ee-95b0-87774f69a715-mgr-x[35554]:
2024-01-22T07:34:50.217+0000 7f149a5f9200 -1 mgr[py] Module influx has missing NOTIFY_TYPES member
2024-01-22T07:34:50.942 INFO:journalctl@ceph.mgr.x.smithi016.stdout:Jan 22 07:34:50 smithi016 ceph-89011c3a-b8f8-11ee-95b0-87774f69a715-mgr-x[35554]:
2024-01-22T07:34:50.578+0000 7f149a5f9200 -1 mgr[py] Module pg_autoscaler has missing NOTIFY_TYPES member
2024-01-22T07:34:51.236 INFO:journalctl@ceph.mgr.x.smithi016.stdout:Jan 22 07:34:50 smithi016 ceph-89011c3a-b8f8-11ee-95b0-87774f69a715-mgr-x[35554]:
2024-01-22T07:34:50.943+0000 7f149a5f9200 -1 mgr[py] Module rgw has missing NOTIFY_TYPES member
2024-01-22T07:34:51.236 INFO:journalctl@ceph.mgr.x.smithi016.stdout:Jan 22 07:34:51 smithi016 ceph-89011c3a-b8f8-11ee-95b0-87774f69a715-mgr-x[35554]:
2024-01-22T07:34:51.072+0000 7f149a5f9200 -1 mgr[py] Module balancer has missing NOTIFY_TYPES member
2024-01-22T07:34:52.390 INFO:journalctl@ceph.mgr.x.smithi016.stdout:Jan 22 07:34:52 smithi016 ceph-89011c3a-b8f8-11ee-95b0-87774f69a715-mgr-x[35554]:
2024-01-22T07:34:52.057+0000 7f149a5f9200 -1 mgr[py] Module iostat has missing NOTIFY_TYPES member
2024-01-22T07:34:52.390 INFO:journalctl@ceph.mgr.x.smithi016.stdout:Jan 22 07:34:52 smithi016 ceph-89011c3a-b8f8-11ee-95b0-87774f69a715-mgr-x[35554]:
2024-01-22T07:34:52.189+0000 7f149a5f9200 -1 mgr[py] Module snap_schedule has missing NOTIFY_TYPES member
2024-01-22T07:34:52.736 INFO:journalctl@ceph.mgr.x.smithi016.stdout:Jan 22 07:34:52 smithi016 ceph-89011c3a-b8f8-11ee-95b0-87774f69a715-mgr-x[35554]:
2024-01-22T07:34:52.390+0000 7f149a5f9200 -1 mgr[py] Module telemetry has missing NOTIFY_TYPES member
2024-01-22T07:34:53.488 INFO:journalctl@ceph.mgr.x.smithi016.stdout:Jan 22 07:34:53 smithi016 ceph-89011c3a-b8f8-11ee-95b0-87774f69a715-mgr-x[35554]:
2024-01-22T07:34:53.238+0000 7f149a5f9200 -1 mgr[py] Module rook has missing NOTIFY_TYPES member
2024-01-22T07:34:53.751 INFO:journalctl@ceph.mgr.x.smithi016.stdout:Jan 22 07:34:53 smithi016 ceph-89011c3a-b8f8-11ee-95b0-87774f69a715-mgr-x[35554]:
2024-01-22T07:34:53.489+0000 7f149a5f9200 -1 mgr[py] Module selftest has missing NOTIFY_TYPES member
2024-01-22T07:34:54.236 INFO:journalctl@ceph.mgr.x.smithi016.stdout:Jan 22 07:34:53 smithi016 ceph-89011c3a-b8f8-11ee-95b0-87774f69a715-mgr-x[35554]:
2024-01-22T07:34:53.751+0000 7f149a5f9200 -1 mgr[py] Module devicehealth has missing NOTIFY_TYPES member
2024-01-22T07:34:55.236 INFO:journalctl@ceph.mgr.x.smithi016.stdout:Jan 22 07:34:54 smithi016 ceph-89011c3a-b8f8-11ee-95b0-87774f69a715-mgr-x[35554]:
2024-01-22T07:34:54.918+0000 7f149a5f9200 -1 mgr[py] Module volumes has missing NOTIFY_TYPES member
2024-01-22T07:34:55.666 INFO:journalctl@ceph.mgr.x.smithi016.stdout:Jan 22 07:34:55 smithi016 ceph-89011c3a-b8f8-11ee-95b0-87774f69a715-mgr-x[35554]:
2024-01-22T07:34:55.286+0000 7f149a5f9200 -1 mgr[py] Module test_orchestrator has missing NOTIFY_TYPES member
2024-01-22T07:34:55.666 INFO:journalctl@ceph.mgr.x.smithi016.stdout:Jan 22 07:34:55 smithi016 ceph-89011c3a-b8f8-11ee-95b0-87774f69a715-mgr-x[35554]:
2024-01-22T07:34:55.408+0000 7f149a5f9200 -1 mgr[py] Module osd_support has missing NOTIFY_TYPES member
2024-01-22T07:34:55.986 INFO:journalctl@ceph.mgr.x.smithi016.stdout:Jan 22 07:34:55 smithi016 ceph-89011c3a-b8f8-11ee-95b0-87774f69a715-mgr-x[35554]:
2024-01-22T07:34:55.666+0000 7f149a5f9200 -1 mgr[py] Module crash has missing NOTIFY_TYPES member
2024-01-22T07:34:55.987 INFO:journalctl@ceph.mon.a.smithi016.stdout:Jan 22 07:34:55 smithi016 ceph-mon[35304]: Active manager daemon x restarted
2024-01-22T07:34:55.987 INFO:journalctl@ceph.mon.a.smithi016.stdout:Jan 22 07:34:55 smithi016 ceph-mon[35304]: Activating manager daemon x
2024-01-22T07:34:55.987 INFO:journalctl@ceph.mon.a.smithi016.stdout:Jan 22 07:34:55 smithi016 ceph-mon[35304]: osdmap e2: 0 total, 0 up, 0 in
2024-01-22T07:34:55.987 INFO:journalctl@ceph.mon.a.smithi016.stdout:Jan 22 07:34:55 smithi016 ceph-mon[35304]: mgrmap e6: x(active, starting, since 0.00423147s)
2024-01-22T07:34:55.987 INFO:journalctl@ceph.mon.a.smithi016.stdout:Jan 22 07:34:55 smithi016 ceph-mon[35304]: from='mgr.14118 172.21.15.16:0/3549126866' entity='mgr.x' cmd=[{"prefix": "mon metadata", "id": "a"}]: dispatch
2024-01-22T07:34:55.987 INFO:journalctl@ceph.mon.a.smithi016.stdout:Jan 22 07:34:55 smithi016 ceph-mon[35304]: from='mgr.14118 172.21.15.16:0/3549126866' entity='mgr.x' cmd=[{"prefix": "mgr metadata", "who": "x", "id": "x"}]: dispatch
2024-01-22T07:34:55.987 INFO:journalctl@ceph.mon.a.smithi016.stdout:Jan 22 07:34:55 smithi016 ceph-mon[35304]: from='mgr.14118 172.21.15.16:0/3549126866' entity='mgr.x' cmd=[{"prefix": "mds metadata"}]: dispatch
2024-01-22T07:34:55.987 INFO:journalctl@ceph.mon.a.smithi016.stdout:Jan 22 07:34:55 smithi016 ceph-mon[35304]: from='mgr.14118 172.21.15.16:0/3549126866' entity='mgr.x' cmd=[{"prefix": "osd metadata"}]: dispatch
2024-01-22T07:34:55.987 INFO:journalctl@ceph.mon.a.smithi016.stdout:Jan 22 07:34:55 smithi016 ceph-mon[35304]: from='mgr.14118 172.21.15.16:0/3549126866' entity='mgr.x' cmd=[{"prefix": "mon metadata"}]: dispatch
2024-01-22T07:34:55.987 INFO:journalctl@ceph.mon.a.smithi016.stdout:Jan 22 07:34:55 smithi016 ceph-mon[35304]: Manager daemon x is now available
2024-01-22T07:34:55.987 INFO:journalctl@ceph.mon.a.smithi016.stdout:Jan 22 07:34:55 smithi016 ceph-mon[35304]: from='mgr.14118 172.21.15.16:0/3549126866' entity='mgr.x'
2024-01-22T07:34:55.987 INFO:journalctl@ceph.mon.a.smithi016.stdout:Jan 22 07:34:55 smithi016 ceph-mon[35304]: from='mgr.14118 172.21.15.16:0/3549126866' entity='mgr.x'
2024-01-22T07:34:55.988 INFO:journalctl@ceph.mon.a.smithi016.stdout:Jan 22 07:34:55 smithi016 ceph-mon[35304]: from='mgr.14118 172.21.15.16:0/3549126866' entity='mgr.x' cmd=[{"prefix": "config dump", "format": "json"}]: dispatch
2024-01-22T07:34:56.986 INFO:journalctl@ceph.mon.a.smithi016.stdout:Jan 22 07:34:56 smithi016 ceph-mon[35304]: Found migration_current of "None". Setting to last migration.
2024-01-22T07:34:56.986 INFO:journalctl@ceph.mon.a.smithi016.stdout:Jan 22 07:34:56 smithi016 ceph-mon[35304]: from='mgr.14118 172.21.15.16:0/3549126866' entity='mgr.x' cmd=[{"prefix": "config dump", "format": "json"}]: dispatch
2024-01-22T07:34:56.986 INFO:journalctl@ceph.mon.a.smithi016.stdout:Jan 22 07:34:56 smithi016 ceph-mon[35304]: from='mgr.14118 172.21.15.16:0/3549126866' entity='mgr.x' cmd=[{"prefix": "config dump", "format": "json"}]: dispatch
2024-01-22T07:34:56.986 INFO:journalctl@ceph.mon.a.smithi016.stdout:Jan 22 07:34:56 smithi016 ceph-mon[35304]: from='mgr.14118 172.21.15.16:0/3549126866' entity='mgr.x' cmd=[{"prefix":"config rm","who":"mgr","name":"mgr/rbd_support/x/mirror_snapshot_schedule"}]: dispatch
2024-01-22T07:34:56.987 INFO:journalctl@ceph.mon.a.smithi016.stdout:Jan 22 07:34:56 smithi016 ceph-mon[35304]: from='mgr.14118 172.21.15.16:0/3549126866' entity='mgr.x' cmd=[{"prefix":"config rm","who":"mgr","name":"mgr/rbd_support/x/trash_purge_schedule"}]: dispatch
2024-01-22T07:34:56.987 INFO:journalctl@ceph.mon.a.smithi016.stdout:Jan 22 07:34:56 smithi016 ceph-mon[35304]: mgrmap e7: x(active, since 1.0072s)
2024-01-22T07:34:57.009 INFO:teuthology.orchestra.run.smithi016.stdout:/usr/bin/ceph: stdout {
2024-01-22T07:34:57.009 INFO:teuthology.orchestra.run.smithi016.stdout:/usr/bin/ceph: stdout "mgrmap_epoch": 7,
2024-01-22T07:34:57.009 INFO:teuthology.orchestra.run.smithi016.stdout:/usr/bin/ceph: stdout "initialized": true
2024-01-22T07:34:57.009 INFO:teuthology.orchestra.run.smithi016.stdout:/usr/bin/ceph: stdout }
2024-01-22T07:34:57.009 INFO:teuthology.orchestra.run.smithi016.stdout:/usr/bin/ceph: stderr
2024-01-22T07:34:48.557+0000 7f8919c00700 1 Processor -- start
2024-01-22T07:34:57.010 INFO:teuthology.orchestra.run.smithi016.stdout:/usr/bin/ceph: stderr
2024-01-22T07:34:48.558+0000 7f8919c00700 1 -- start start
2024-01-22T07:34:57.010 INFO:teuthology.orchestra.run.smithi016.stdout:/usr/bin/ceph: stderr
2024-01-22T07:34:48.558+0000 7f8919c00700 1 --2- >> [v2:172.21.15.16:3300/0,v1:172.21.15.16:6789/0] conn(0x7f8914107310 0x7f8914107730 unknown :-1 s=NONE pgs=0 cs=0 l=0 rev1=0 crypto rx=0 tx=0 comp rx=0 tx=0).connect
2024-01-22T07:34:57.010 INFO:teuthology.orchestra.run.smithi016.stdout:/usr/bin/ceph: stderr
2024-01-22T07:34:48.558+0000 7f8919c00700 1 -- --> [v2:172.21.15.16:3300/0,v1:172.21.15.16:6789/0] -- mon_getmap magic: 0 v1 -- 0x7f8914107c70 con 0x7f8914107310
2024-01-22T07:34:57.010 INFO:teuthology.orchestra.run.smithi016.stdout:/usr/bin/ceph: stderr
2024-01-22T07:34:48.558+0000 7f8912a00700 1 --2- >> [v2:172.21.15.16:3300/0,v1:172.21.15.16:6789/0] conn(0x7f8914107310 0x7f8914107730 unknown :-1 s=BANNER_CONNECTING pgs=0 cs=0 l=0 rev1=0 crypto rx=0 tx=0 comp rx=0 tx=0)._handle_peer_banner_payload supported=3 required=0
2024-01-22T07:34:57.010 INFO:teuthology.orchestra.run.smithi016.stdout:/usr/bin/ceph: stderr
2024-01-22T07:34:48.558+0000 7f8912a00700 1 --2- >> [v2:172.21.15.16:3300/0,v1:172.21.15.16:6789/0] conn(0x7f8914107310 0x7f8914107730 unknown :-1 s=HELLO_CONNECTING pgs=0 cs=0 l=0 rev1=1 crypto rx=0 tx=0 comp rx=0 tx=0).handle_hello peer v2:172.21.15.16:3300/0 says I am v2:172.21.15.16:34398/0 (socket says 172.21.15.16:34398)
2024-01-22T07:34:57.010 INFO:teuthology.orchestra.run.smithi016.stdout:/usr/bin/ceph: stderr
2024-01-22T07:34:48.558+0000 7f8912a00700 1 -- 172.21.15.16:0/2900385252 learned_addr learned my addr 172.21.15.16:0/2900385252 (peer_addr_for_me v2:172.21.15.16:0/0)
2024-01-22T07:34:57.010 INFO:teuthology.orchestra.run.smithi016.stdout:/usr/bin/ceph: stderr
2024-01-22T07:34:48.559+0000 7f8912a00700 1 -- 172.21.15.16:0/2900385252 --> [v2:172.21.15.16:3300/0,v1:172.21.15.16:6789/0] -- mon_subscribe({config=0+,monmap=0+}) v3 -- 0x7f8914107db0 con 0x7f8914107310
2024-01-22T07:34:57.010 INFO:teuthology.orchestra.run.smithi016.stdout:/usr/bin/ceph: stderr
2024-01-22T07:34:48.559+0000 7f8912a00700 1 --2- 172.21.15.16:0/2900385252 >> [v2:172.21.15.16:3300/0,v1:172.21.15.16:6789/0] conn(0x7f8914107310 0x7f8914107730 secure :-1 s=READY pgs=26 cs=0 l=1 rev1=1 crypto rx=0x7f89040098a0 tx=0x7f8904009bb0 comp rx=0 tx=0).ready entity=mon.0 client_cookie=1b2d59c7900d67b2 server_cookie=0 in_seq=0 out_seq=0
2024-01-22T07:34:57.010 INFO:teuthology.orchestra.run.smithi016.stdout:/usr/bin/ceph: stderr
2024-01-22T07:34:48.559+0000 7f8911600700 1 -- 172.21.15.16:0/2900385252 <== mon.0 v2:172.21.15.16:3300/0 1 ==== mon_map magic: 0 v1 ==== 205+0+0 (secure 0 0 0) 0x7f8904004160 con 0x7f8914107310
2024-01-22T07:34:57.010 INFO:teuthology.orchestra.run.smithi016.stdout:/usr/bin/ceph: stderr
2024-01-22T07:34:48.559+0000 7f8911600700 1 -- 172.21.15.16:0/2900385252 <== mon.0 v2:172.21.15.16:3300/0 2 ==== config(28 keys) v1 ==== 1143+0+0 (secure 0 0 0) 0x7f89040042c0 con 0x7f8914107310
2024-01-22T07:34:57.010 INFO:teuthology.orchestra.run.smithi016.stdout:/usr/bin/ceph: stderr
2024-01-22T07:34:48.559+0000 7f8911600700 1 -- 172.21.15.16:0/2900385252 <== mon.0 v2:172.21.15.16:3300/0 3 ==== mon_map magic: 0 v1 ==== 205+0+0 (secure 0 0 0) 0x7f8904011b70 con 0x7f8914107310
2024-01-22T07:34:57.010 INFO:teuthology.orchestra.run.smithi016.stdout:/usr/bin/ceph: stderr
2024-01-22T07:34:48.560+0000 7f8919c00700 1 -- 172.21.15.16:0/2900385252 >> [v2:172.21.15.16:3300/0,v1:172.21.15.16:6789/0] conn(0x7f8914107310 msgr2=0x7f8914107730 secure :-1 s=STATE_CONNECTION_ESTABLISHED l=1).mark_down
2024-01-22T07:34:57.011 INFO:teuthology.orchestra.run.smithi016.stdout:/usr/bin/ceph: stderr
2024-01-22T07:34:48.560+0000 7f8919c00700 1 --2- 172.21.15.16:0/2900385252 >> [v2:172.21.15.16:3300/0,v1:172.21.15.16:6789/0] conn(0x7f8914107310 0x7f8914107730 secure :-1 s=READY pgs=26 cs=0 l=1 rev1=1 crypto rx=0x7f89040098a0 tx=0x7f8904009bb0 comp rx=0 tx=0).stop
2024-01-22T07:34:57.011 INFO:teuthology.orchestra.run.smithi016.stdout:/usr/bin/ceph: stderr
2024-01-22T07:34:48.560+0000 7f8919c00700 1 -- 172.21.15.16:0/2900385252 shutdown_connections
2024-01-22T07:34:57.011 INFO:teuthology.orchestra.run.smithi016.stdout:/usr/bin/ceph: stderr
2024-01-22T07:34:48.560+0000 7f8919c00700 1 --2- 172.21.15.16:0/2900385252 >> [v2:172.21.15.16:3300/0,v1:172.21.15.16:6789/0] conn(0x7f8914107310 0x7f8914107730 unknown :-1 s=CLOSED pgs=26 cs=0 l=1 rev1=1 crypto rx=0 tx=0 comp rx=0 tx=0).stop
2024-01-22T07:34:57.011 INFO:teuthology.orchestra.run.smithi016.stdout:/usr/bin/ceph: stderr
2024-01-22T07:34:48.560+0000 7f8919c00700 1 -- 172.21.15.16:0/2900385252 >> 172.21.15.16:0/2900385252 conn(0x7f89141029f0 msgr2=0x7f8914104e10 unknown :-1 s=STATE_NONE l=0).mark_down
2024-01-22T07:34:57.011 INFO:teuthology.orchestra.run.smithi016.stdout:/usr/bin/ceph: stderr
2024-01-22T07:34:48.560+0000 7f8919c00700 1 -- 172.21.15.16:0/2900385252 shutdown_connections
2024-01-22T07:34:57.011 INFO:teuthology.orchestra.run.smithi016.stdout:/usr/bin/ceph: stderr
2024-01-22T07:34:48.560+0000 7f8919c00700 1 -- 172.21.15.16:0/2900385252 wait complete.
2024-01-22T07:34:57.011 INFO:teuthology.orchestra.run.smithi016.stdout:/usr/bin/ceph: stderr
2024-01-22T07:34:48.561+0000 7f8919c00700 1 Processor -- start
2024-01-22T07:34:57.011 INFO:teuthology.orchestra.run.smithi016.stdout:/usr/bin/ceph: stderr
2024-01-22T07:34:48.561+0000 7f8919c00700 1 -- start start
2024-01-22T07:34:57.011 INFO:teuthology.orchestra.run.smithi016.stdout:/usr/bin/ceph: stderr
2024-01-22T07:34:48.562+0000 7f8919c00700 1 --2- >> [v2:172.21.15.16:3300/0,v1:172.21.15.16:6789/0] conn(0x7f8914107310 0x7f891419d270 unknown :-1 s=NONE pgs=0 cs=0 l=1 rev1=0 crypto rx=0 tx=0 comp rx=0 tx=0).connect
2024-01-22T07:34:57.011 INFO:teuthology.orchestra.run.smithi016.stdout:/usr/bin/ceph: stderr
2024-01-22T07:34:48.562+0000 7f8919c00700 1 -- --> [v2:172.21.15.16:3300/0,v1:172.21.15.16:6789/0] -- mon_getmap magic: 0 v1 -- 0x7f891419d7b0 con 0x7f8914107310
2024-01-22T07:34:57.011 INFO:teuthology.orchestra.run.smithi016.stdout:/usr/bin/ceph: stderr
2024-01-22T07:34:48.562+0000 7f8912a00700 1 --2- >> [v2:172.21.15.16:3300/0,v1:172.21.15.16:6789/0] conn(0x7f8914107310 0x7f891419d270 unknown :-1 s=BANNER_CONNECTING pgs=0 cs=0 l=1 rev1=0 crypto rx=0 tx=0 comp rx=0 tx=0)._handle_peer_banner_payload supported=3 required=0
2024-01-22T07:34:57.011 INFO:teuthology.orchestra.run.smithi016.stdout:/usr/bin/ceph: stderr
2024-01-22T07:34:48.562+0000 7f8912a00700 1 --2- >> [v2:172.21.15.16:3300/0,v1:172.21.15.16:6789/0] conn(0x7f8914107310 0x7f891419d270 unknown :-1 s=HELLO_CONNECTING pgs=0 cs=0 l=1 rev1=1 crypto rx=0 tx=0 comp rx=0 tx=0).handle_hello peer v2:172.21.15.16:3300/0 says I am v2:172.21.15.16:34410/0 (socket says 172.21.15.16:34410)
2024-01-22T07:34:57.011 INFO:teuthology.orchestra.run.smithi016.stdout:/usr/bin/ceph: stderr
2024-01-22T07:34:48.562+0000 7f8912a00700 1 -- 172.21.15.16:0/3350861930 learned_addr learned my addr 172.21.15.16:0/3350861930 (peer_addr_for_me v2:172.21.15.16:0/0)
2024-01-22T07:34:57.011 INFO:teuthology.orchestra.run.smithi016.stdout:/usr/bin/ceph: stderr
2024-01-22T07:34:48.562+0000 7f8912a00700 1 -- 172.21.15.16:0/3350861930 --> [v2:172.21.15.16:3300/0,v1:172.21.15.16:6789/0] -- mon_subscribe({config=0+,monmap=0+}) v3 -- 0x7f8904009550 con 0x7f8914107310
2024-01-22T07:34:57.012 INFO:teuthology.orchestra.run.smithi016.stdout:/usr/bin/ceph: stderr
2024-01-22T07:34:48.562+0000 7f8912a00700 1 --2- 172.21.15.16:0/3350861930 >> [v2:172.21.15.16:3300/0,v1:172.21.15.16:6789/0] conn(0x7f8914107310 0x7f891419d270 secure :-1 s=READY pgs=27 cs=0 l=1 rev1=1 crypto rx=0x7f8904011b40 tx=0x7f8904011c20 comp rx=0 tx=0).ready entity=mon.0 client_cookie=0 server_cookie=0 in_seq=0 out_seq=0
2024-01-22T07:34:57.012 INFO:teuthology.orchestra.run.smithi016.stdout:/usr/bin/ceph: stderr
2024-01-22T07:34:48.563+0000 7f890b400700 1 -- 172.21.15.16:0/3350861930 <== mon.0 v2:172.21.15.16:3300/0 1 ==== mon_map magic: 0 v1 ==== 205+0+0 (secure 0 0 0) 0x7f8904003b20 con 0x7f8914107310
2024-01-22T07:34:57.012 INFO:teuthology.orchestra.run.smithi016.stdout:/usr/bin/ceph: stderr
2024-01-22T07:34:48.563+0000 7f890b400700 1 -- 172.21.15.16:0/3350861930 <== mon.0 v2:172.21.15.16:3300/0 2 ==== config(28 keys) v1 ==== 1143+0+0 (secure 0 0 0) 0x7f8904003c80 con 0x7f8914107310
2024-01-22T07:34:57.012 INFO:teuthology.orchestra.run.smithi016.stdout:/usr/bin/ceph: stderr
2024-01-22T07:34:48.563+0000 7f8919c00700 1 -- 172.21.15.16:0/3350861930 --> [v2:172.21.15.16:3300/0,v1:172.21.15.16:6789/0] -- mon_subscribe({mgrmap=0+}) v3 -- 0x7f891419d9b0 con 0x7f8914107310
2024-01-22T07:34:57.012 INFO:teuthology.orchestra.run.smithi016.stdout:/usr/bin/ceph: stderr
2024-01-22T07:34:48.563+0000 7f890b400700 1 -- 172.21.15.16:0/3350861930 <== mon.0 v2:172.21.15.16:3300/0 3 ==== mon_map magic: 0 v1 ==== 205+0+0 (secure 0 0 0) 0x7f89040247c0 con 0x7f8914107310
2024-01-22T07:34:57.012 INFO:teuthology.orchestra.run.smithi016.stdout:/usr/bin/ceph: stderr
2024-01-22T07:34:48.563+0000 7f8919c00700 1 -- 172.21.15.16:0/3350861930 --> [v2:172.21.15.16:3300/0,v1:172.21.15.16:6789/0] -- mon_subscribe({osdmap=0}) v3 -- 0x7f891419de50 con 0x7f8914107310
2024-01-22T07:34:57.012 INFO:teuthology.orchestra.run.smithi016.stdout:/usr/bin/ceph: stderr
2024-01-22T07:34:48.564+0000 7f890b400700 1 -- 172.21.15.16:0/3350861930 <== mon.0 v2:172.21.15.16:3300/0 4 ==== mgrmap(e 5) v1 ==== 45792+0+0 (secure 0 0 0) 0x7f890401a430 con 0x7f8914107310
2024-01-22T07:34:57.012 INFO:teuthology.orchestra.run.smithi016.stdout:/usr/bin/ceph: stderr
2024-01-22T07:34:48.564+0000 7f890b400700 1 --2- 172.21.15.16:0/3350861930 >> [v2:172.21.15.16:6800/3892273401,v1:172.21.15.16:6801/3892273401] conn(0x7f88f4038cc0 0x7f88f403b180 unknown :-1 s=NONE pgs=0 cs=0 l=1 rev1=0 crypto rx=0 tx=0 comp rx=0 tx=0).connect
2024-01-22T07:34:57.012 INFO:teuthology.orchestra.run.smithi016.stdout:/usr/bin/ceph: stderr
2024-01-22T07:34:48.564+0000 7f890b400700 1 -- 172.21.15.16:0/3350861930 --> [v2:172.21.15.16:6800/3892273401,v1:172.21.15.16:6801/3892273401] -- command(tid 0: {"prefix": "get_command_descriptions"}) v1 -- 0x7f88f403b890 con 0x7f88f4038cc0
2024-01-22T07:34:57.012 INFO:teuthology.orchestra.run.smithi016.stdout:/usr/bin/ceph: stderr
2024-01-22T07:34:48.564+0000 7f890b400700 1 -- 172.21.15.16:0/3350861930 <== mon.0 v2:172.21.15.16:3300/0 5 ==== osd_map(1..1 src has 1..1) v4 ==== 725+0+0 (secure 0 0 0) 0x7f890404caa0 con 0x7f8914107310
2024-01-22T07:34:57.012 INFO:teuthology.orchestra.run.smithi016.stdout:/usr/bin/ceph: stderr
2024-01-22T07:34:48.564+0000 7f8912000700 1 -- 172.21.15.16:0/3350861930 >> [v2:172.21.15.16:6800/3892273401,v1:172.21.15.16:6801/3892273401] conn(0x7f88f4038cc0 msgr2=0x7f88f403b180 unknown :-1 s=STATE_CONNECTING_RE l=1).process reconnect failed to v2:172.21.15.16:6800/3892273401
2024-01-22T07:34:57.012 INFO:teuthology.orchestra.run.smithi016.stdout:/usr/bin/ceph: stderr
2024-01-22T07:34:48.564+0000 7f8912000700 1 --2- 172.21.15.16:0/3350861930 >> [v2:172.21.15.16:6800/3892273401,v1:172.21.15.16:6801/3892273401] conn(0x7f88f4038cc0 0x7f88f403b180 unknown :-1 s=START_CONNECT pgs=0 cs=0 l=1 rev1=0 crypto rx=0 tx=0 comp rx=0 tx=0)._fault waiting 0.200000
2024-01-22T07:34:57.012 INFO:teuthology.orchestra.run.smithi016.stdout:/usr/bin/ceph: stderr
2024-01-22T07:34:48.765+0000 7f8912000700 1 -- 172.21.15.16:0/3350861930 >> [v2:172.21.15.16:6800/3892273401,v1:172.21.15.16:6801/3892273401] conn(0x7f88f4038cc0 msgr2=0x7f88f403b180 unknown :-1 s=STATE_CONNECTING_RE l=1).process reconnect failed to v2:172.21.15.16:6800/3892273401
2024-01-22T07:34:57.012 INFO:teuthology.orchestra.run.smithi016.stdout:/usr/bin/ceph: stderr
2024-01-22T07:34:48.765+0000 7f8912000700 1 --2- 172.21.15.16:0/3350861930 >> [v2:172.21.15.16:6800/3892273401,v1:172.21.15.16:6801/3892273401] conn(0x7f88f4038cc0 0x7f88f403b180 unknown :-1 s=START_CONNECT pgs=0 cs=0 l=1 rev1=0 crypto rx=0 tx=0 comp rx=0 tx=0)._fault waiting 0.400000
2024-01-22T07:34:57.013 INFO:teuthology.orchestra.run.smithi016.stdout:/usr/bin/ceph: stderr
2024-01-22T07:34:49.166+0000 7f8912000700 1 -- 172.21.15.16:0/3350861930 >> [v2:172.21.15.16:6800/3892273401,v1:172.21.15.16:6801/3892273401] conn(0x7f88f4038cc0 msgr2=0x7f88f403b180 unknown :-1 s=STATE_CONNECTING_RE l=1).process reconnect failed to v2:172.21.15.16:6800/3892273401
2024-01-22T07:34:57.013 INFO:teuthology.orchestra.run.smithi016.stdout:/usr/bin/ceph: stderr
2024-01-22T07:34:49.166+0000 7f8912000700 1 --2- 172.21.15.16:0/3350861930 >> [v2:172.21.15.16:6800/3892273401,v1:172.21.15.16:6801/3892273401] conn(0x7f88f4038cc0 0x7f88f403b180 unknown :-1 s=START_CONNECT pgs=0 cs=0 l=1 rev1=0 crypto rx=0 tx=0 comp rx=0 tx=0)._fault waiting 0.800000
2024-01-22T07:34:57.013 INFO:teuthology.orchestra.run.smithi016.stdout:/usr/bin/ceph: stderr
2024-01-22T07:34:49.967+0000 7f8912000700 1 -- 172.21.15.16:0/3350861930 >> [v2:172.21.15.16:6800/3892273401,v1:172.21.15.16:6801/3892273401] conn(0x7f88f4038cc0 msgr2=0x7f88f403b180 unknown :-1 s=STATE_CONNECTING_RE l=1).process reconnect failed to v2:172.21.15.16:6800/3892273401
2024-01-22T07:34:57.013 INFO:teuthology.orchestra.run.smithi016.stdout:/usr/bin/ceph: stderr
2024-01-22T07:34:49.967+0000 7f8912000700 1 --2- 172.21.15.16:0/3350861930 >> [v2:172.21.15.16:6800/3892273401,v1:172.21.15.16:6801/3892273401] conn(0x7f88f4038cc0 0x7f88f403b180 unknown :-1 s=START_CONNECT pgs=0 cs=0 l=1 rev1=0 crypto rx=0 tx=0 comp rx=0 tx=0)._fault waiting 1.600000
2024-01-22T07:34:57.013 INFO:teuthology.orchestra.run.smithi016.stdout:/usr/bin/ceph: stderr
2024-01-22T07:34:51.568+0000 7f8912000700 1 -- 172.21.15.16:0/3350861930 >> [v2:172.21.15.16:6800/3892273401,v1:172.21.15.16:6801/3892273401] conn(0x7f88f4038cc0 msgr2=0x7f88f403b180 unknown :-1 s=STATE_CONNECTING_RE l=1).process reconnect failed to v2:172.21.15.16:6800/3892273401
2024-01-22T07:34:57.013 INFO:teuthology.orchestra.run.smithi016.stdout:/usr/bin/ceph: stderr
2024-01-22T07:34:51.569+0000 7f8912000700 1 --2- 172.21.15.16:0/3350861930 >> [v2:172.21.15.16:6800/3892273401,v1:172.21.15.16:6801/3892273401] conn(0x7f88f4038cc0 0x7f88f403b180 unknown :-1 s=START_CONNECT pgs=0 cs=0 l=1 rev1=0 crypto rx=0 tx=0 comp rx=0 tx=0)._fault waiting 3.200000
2024-01-22T07:34:57.013 INFO:teuthology.orchestra.run.smithi016.stdout:/usr/bin/ceph: stderr
2024-01-22T07:34:54.772+0000 7f8912000700 1 -- 172.21.15.16:0/3350861930 >> [v2:172.21.15.16:6800/3892273401,v1:172.21.15.16:6801/3892273401] conn(0x7f88f4038cc0 msgr2=0x7f88f403b180 unknown :-1 s=STATE_CONNECTING_RE l=1).process reconnect failed to v2:172.21.15.16:6800/3892273401
2024-01-22T07:34:57.013 INFO:teuthology.orchestra.run.smithi016.stdout:/usr/bin/ceph: stderr
2024-01-22T07:34:54.772+0000 7f8912000700 1 --2- 172.21.15.16:0/3350861930 >> [v2:172.21.15.16:6800/3892273401,v1:172.21.15.16:6801/3892273401] conn(0x7f88f4038cc0 0x7f88f403b180 unknown :-1 s=START_CONNECT pgs=0 cs=0 l=1 rev1=0 crypto rx=0 tx=0 comp rx=0 tx=0)._fault waiting 6.400000
2024-01-22T07:34:57.013 INFO:teuthology.orchestra.run.smithi016.stdout:/usr/bin/ceph: stderr
2024-01-22T07:34:55.671+0000 7f890b400700 1 -- 172.21.15.16:0/3350861930 <== mon.0 v2:172.21.15.16:3300/0 6 ==== mgrmap(e 6) v1 ==== 45559+0+0 (secure 0 0 0) 0x7f890401a730 con 0x7f8914107310
2024-01-22T07:34:57.013 INFO:teuthology.orchestra.run.smithi016.stdout:/usr/bin/ceph: stderr
2024-01-22T07:34:55.671+0000 7f890b400700 1 -- 172.21.15.16:0/3350861930 >> [v2:172.21.15.16:6800/3892273401,v1:172.21.15.16:6801/3892273401] conn(0x7f88f4038cc0 msgr2=0x7f88f403b180 unknown :-1 s=STATE_CONNECTING l=1).mark_down
2024-01-22T07:34:57.013 INFO:teuthology.orchestra.run.smithi016.stdout:/usr/bin/ceph: stderr
2024-01-22T07:34:55.671+0000 7f890b400700 1 --2- 172.21.15.16:0/3350861930 >> [v2:172.21.15.16:6800/3892273401,v1:172.21.15.16:6801/3892273401] conn(0x7f88f4038cc0 0x7f88f403b180 unknown :-1 s=START_CONNECT pgs=0 cs=0 l=1 rev1=0 crypto rx=0 tx=0 comp rx=0 tx=0).stop
2024-01-22T07:34:57.013 INFO:teuthology.orchestra.run.smithi016.stdout:/usr/bin/ceph: stderr
2024-01-22T07:34:56.673+0000 7f890b400700 1 -- 172.21.15.16:0/3350861930 <== mon.0 v2:172.21.15.16:3300/0 7 ==== mgrmap(e 7) v1 ==== 45686+0+0 (secure 0 0 0) 0x7f890400bbe0 con 0x7f8914107310
2024-01-22T07:34:57.013 INFO:teuthology.orchestra.run.smithi016.stdout:/usr/bin/ceph: stderr
2024-01-22T07:34:56.673+0000 7f890b400700 1 --2- 172.21.15.16:0/3350861930 >> [v2:172.21.15.16:6800/1660197916,v1:172.21.15.16:6801/1660197916] conn(0x7f88f403c5a0 0x7f88f403e990 unknown :-1 s=NONE pgs=0 cs=0 l=1 rev1=0 crypto rx=0 tx=0 comp rx=0 tx=0).connect
2024-01-22T07:34:57.013 INFO:teuthology.orchestra.run.smithi016.stdout:/usr/bin/ceph: stderr
2024-01-22T07:34:56.673+0000 7f890b400700 1 -- 172.21.15.16:0/3350861930 --> [v2:172.21.15.16:6800/1660197916,v1:172.21.15.16:6801/1660197916] -- command(tid 0: {"prefix": "get_command_descriptions"}) v1 -- 0x7f88f403b890 con 0x7f88f403c5a0
2024-01-22T07:34:57.014 INFO:teuthology.orchestra.run.smithi016.stdout:/usr/bin/ceph: stderr
2024-01-22T07:34:56.674+0000 7f8912000700 1 --2- 172.21.15.16:0/3350861930 >> [v2:172.21.15.16:6800/1660197916,v1:172.21.15.16:6801/1660197916] conn(0x7f88f403c5a0 0x7f88f403e990 unknown :-1 s=BANNER_CONNECTING pgs=0 cs=0 l=1 rev1=0 crypto rx=0 tx=0 comp rx=0 tx=0)._handle_peer_banner_payload supported=3 required=0
2024-01-22T07:34:57.014 INFO:teuthology.orchestra.run.smithi016.stdout:/usr/bin/ceph: stderr
2024-01-22T07:34:56.675+0000 7f8912000700 1 --2- 172.21.15.16:0/3350861930 >> [v2:172.21.15.16:6800/1660197916,v1:172.21.15.16:6801/1660197916] conn(0x7f88f403c5a0 0x7f88f403e990 secure :-1 s=READY pgs=1 cs=0 l=1 rev1=1 crypto rx=0x7f88fc003a10 tx=0x7f88fc0092b0 comp rx=0 tx=0).ready entity=mgr.14118 client_cookie=0 server_cookie=0 in_seq=0 out_seq=0
2024-01-22T07:34:57.014 INFO:teuthology.orchestra.run.smithi016.stdout:/usr/bin/ceph: stderr
2024-01-22T07:34:56.676+0000 7f890b400700 1 -- 172.21.15.16:0/3350861930 <== mgr.14118 v2:172.21.15.16:6800/1660197916 1 ==== command_reply(tid 0: 0 ) v1 ==== 8+0+7774 (secure 0 0 0) 0x7f88f403b890 con 0x7f88f403c5a0
2024-01-22T07:34:57.014 INFO:teuthology.orchestra.run.smithi016.stdout:/usr/bin/ceph: stderr
2024-01-22T07:34:56.683+0000 7f8919c00700 1 -- 172.21.15.16:0/3350861930 --> [v2:172.21.15.16:6800/1660197916,v1:172.21.15.16:6801/1660197916] -- command(tid 1: {"prefix": "mgr_status"}) v1 -- 0x7f8914062df0 con 0x7f88f403c5a0
2024-01-22T07:34:57.014 INFO:teuthology.orchestra.run.smithi016.stdout:/usr/bin/ceph: stderr
2024-01-22T07:34:56.683+0000 7f890b400700 1 -- 172.21.15.16:0/3350861930 <== mgr.14118 v2:172.21.15.16:6800/1660197916 2 ==== command_reply(tid 1: 0 ) v1 ==== 8+0+51 (secure 0 0 0) 0x7f8914062df0 con 0x7f88f403c5a0
2024-01-22T07:34:57.014 INFO:teuthology.orchestra.run.smithi016.stdout:/usr/bin/ceph: stderr
2024-01-22T07:34:56.684+0000 7f8919c00700 1 -- 172.21.15.16:0/3350861930 >> [v2:172.21.15.16:6800/1660197916,v1:172.21.15.16:6801/1660197916] conn(0x7f88f403c5a0 msgr2=0x7f88f403e990 secure :-1 s=STATE_CONNECTION_ESTABLISHED l=1).mark_down
2024-01-22T07:34:57.014 INFO:teuthology.orchestra.run.smithi016.stdout:/usr/bin/ceph: stderr
2024-01-22T07:34:56.684+0000 7f8919c00700 1 --2- 172.21.15.16:0/3350861930 >> [v2:172.21.15.16:6800/1660197916,v1:172.21.15.16:6801/1660197916] conn(0x7f88f403c5a0 0x7f88f403e990 secure :-1 s=READY pgs=1 cs=0 l=1 rev1=1 crypto rx=0x7f88fc003a10 tx=0x7f88fc0092b0 comp rx=0 tx=0).stop
2024-01-22T07:34:57.014 INFO:teuthology.orchestra.run.smithi016.stdout:/usr/bin/ceph: stderr
2024-01-22T07:34:56.684+0000 7f8919c00700 1 -- 172.21.15.16:0/3350861930 >> [v2:172.21.15.16:3300/0,v1:172.21.15.16:6789/0] conn(0x7f8914107310 msgr2=0x7f891419d270 secure :-1 s=STATE_CONNECTION_ESTABLISHED l=1).mark_down
2024-01-22T07:34:57.014 INFO:teuthology.orchestra.run.smithi016.stdout:/usr/bin/ceph: stderr
2024-01-22T07:34:56.684+0000 7f8919c00700 1 --2- 172.21.15.16:0/3350861930 >> [v2:172.21.15.16:3300/0,v1:172.21.15.16:6789/0] conn(0x7f8914107310 0x7f891419d270 secure :-1 s=READY pgs=27 cs=0 l=1 rev1=1 crypto rx=0x7f8904011b40 tx=0x7f8904011c20 comp rx=0 tx=0).stop
2024-01-22T07:34:57.014 INFO:teuthology.orchestra.run.smithi016.stdout:/usr/bin/ceph: stderr
2024-01-22T07:34:56.684+0000 7f8919c00700 1 -- 172.21.15.16:0/3350861930 shutdown_connections
2024-01-22T07:34:57.014 INFO:teuthology.orchestra.run.smithi016.stdout:/usr/bin/ceph: stderr
2024-01-22T07:34:56.684+0000 7f8919c00700 1 --2- 172.21.15.16:0/3350861930 >> [v2:172.21.15.16:6800/1660197916,v1:172.21.15.16:6801/1660197916] conn(0x7f88f403c5a0 0x7f88f403e990 unknown :-1 s=CLOSED pgs=1 cs=0 l=1 rev1=1 crypto rx=0 tx=0 comp rx=0 tx=0).stop
2024-01-22T07:34:57.014 INFO:teuthology.orchestra.run.smithi016.stdout:/usr/bin/ceph: stderr
2024-01-22T07:34:56.684+0000 7f8919c00700 1 --2- 172.21.15.16:0/3350861930 >> [v2:172.21.15.16:3300/0,v1:172.21.15.16:6789/0] conn(0x7f8914107310 0x7f891419d270 unknown :-1 s=CLOSED pgs=27 cs=0 l=1 rev1=1 crypto rx=0 tx=0 comp rx=0 tx=0).stop
2024-01-22T07:34:57.014 INFO:teuthology.orchestra.run.smithi016.stdout:/usr/bin/ceph: stderr
2024-01-22T07:34:56.684+0000 7f8919c00700 1 --2- 172.21.15.16:0/3350861930 >> [v2:172.21.15.16:6800/3892273401,v1:172.21.15.16:6801/3892273401] conn(0x7f88f4038cc0 0x7f88f403b180 unknown :-1 s=CLOSED pgs=0 cs=0 l=1 rev1=0 crypto rx=0 tx=0 comp rx=0 tx=0).stop
2024-01-22T07:34:57.014 INFO:teuthology.orchestra.run.smithi016.stdout:/usr/bin/ceph: stderr
2024-01-22T07:34:56.684+0000 7f8919c00700 1 -- 172.21.15.16:0/3350861930 >> 172.21.15.16:0/3350861930 conn(0x7f89141029f0 msgr2=0x7f8914103410 unknown :-1 s=STATE_NONE l=0).mark_down
2024-01-22T07:34:57.015 INFO:teuthology.orchestra.run.smithi016.stdout:/usr/bin/ceph: stderr
2024-01-22T07:34:56.684+0000 7f8919c00700 1 -- 172.21.15.16:0/3350861930 shutdown_connections
2024-01-22T07:34:57.015 INFO:teuthology.orchestra.run.smithi016.stdout:/usr/bin/ceph: stderr
2024-01-22T07:34:56.684+0000 7f8919c00700 1 -- 172.21.15.16:0/3350861930 wait complete.
2024-01-22T07:34:57.015 INFO:teuthology.orchestra.run.smithi016.stdout:mgr epoch 5 is available
2024-01-22T07:34:57.015 INFO:teuthology.orchestra.run.smithi016.stdout:Setting orchestrator backend to cephadm...
2024-01-22T07:34:57.986 INFO:journalctl@ceph.mon.a.smithi016.stdout:Jan 22 07:34:57 smithi016 ceph-mon[35304]: from='client.14122 -' entity='client.admin' cmd=[{"prefix": "get_command_descriptions"}]: dispatch
2024-01-22T07:34:57.987 INFO:journalctl@ceph.mon.a.smithi016.stdout:Jan 22 07:34:57 smithi016 ceph-mon[35304]: from='client.14122 -' entity='client.admin' cmd=[{"prefix": "mgr_status"}]: dispatch
