2024-01-22T07:35:24.216+0000 7f54ea600700 1 -- 172.21.15.16:0/2633027768 >> 172.21.15.16:0/2633027768 conn(0x7f54e41029f0 msgr2=0x7f54e4103430 unknown :-1 s=STATE_NONE l=0).mark_down
2024-01-22T07:35:24.969 INFO:teuthology.orchestra.run.smithi016.stdout:/usr/bin/ceph: stderr
2024-01-22T07:35:24.216+0000 7f54ea600700 1 -- 172.21.15.16:0/2633027768 shutdown_connections
2024-01-22T07:35:24.969 INFO:teuthology.orchestra.run.smithi016.stdout:/usr/bin/ceph: stderr
2024-01-22T07:35:24.216+0000 7f54ea600700 1 -- 172.21.15.16:0/2633027768 wait complete.
2024-01-22T07:35:24.969 INFO:teuthology.orchestra.run.smithi016.stdout:Fetching dashboard port number...
2024-01-22T07:35:25.101 INFO:journalctl@ceph.mon.a.smithi016.stdout:Jan 22 07:35:25 smithi016 ceph-mon[35304]: from='client.14164 -' entity='client.admin' cmd=[{"prefix": "dashboard ac-user-create", "username": "admin", "rolename": "administrator", "force_password": true, "pwd_update_required": true, "target": ["mon-mgr", ""]}]: dispatch
2024-01-22T07:35:25.102 INFO:journalctl@ceph.mon.a.smithi016.stdout:Jan 22 07:35:25 smithi016 ceph-mon[35304]: from='mgr.14150 172.21.15.16:0/1059209103' entity='mgr.x'
2024-01-22T07:35:25.893 INFO:teuthology.orchestra.run.smithi016.stdout:/usr/bin/ceph: stdout 8443
2024-01-22T07:35:25.894 INFO:teuthology.orchestra.run.smithi016.stdout:/usr/bin/ceph: stderr
2024-01-22T07:35:25.363+0000 7f82e0400700 1 Processor -- start
2024-01-22T07:35:25.894 INFO:teuthology.orchestra.run.smithi016.stdout:/usr/bin/ceph: stderr
2024-01-22T07:35:25.363+0000 7f82e0400700 1 -- start start
2024-01-22T07:35:25.894 INFO:teuthology.orchestra.run.smithi016.stdout:/usr/bin/ceph: stderr
2024-01-22T07:35:25.363+0000 7f82e0400700 1 --2- >> [v2:172.21.15.16:3300/0,v1:172.21.15.16:6789/0] conn(0x7f82d8105b70 0x7f82d8105f90 unknown :-1 s=NONE pgs=0 cs=0 l=0 rev1=0 crypto rx=0 tx=0 comp rx=0 tx=0).connect
2024-01-22T07:35:25.894 INFO:teuthology.orchestra.run.smithi016.stdout:/usr/bin/ceph: stderr
2024-01-22T07:35:25.363+0000 7f82e0400700 1 -- --> [v2:172.21.15.16:3300/0,v1:172.21.15.16:6789/0] -- mon_getmap magic: 0 v1 -- 0x7f82d807ae00 con 0x7f82d8105b70
2024-01-22T07:35:25.894 INFO:teuthology.orchestra.run.smithi016.stdout:/usr/bin/ceph: stderr
2024-01-22T07:35:25.363+0000 7f82dda00700 1 --2- >> [v2:172.21.15.16:3300/0,v1:172.21.15.16:6789/0] conn(0x7f82d8105b70 0x7f82d8105f90 unknown :-1 s=BANNER_CONNECTING pgs=0 cs=0 l=0 rev1=0 crypto rx=0 tx=0 comp rx=0 tx=0)._handle_peer_banner_payload supported=3 required=0
2024-01-22T07:35:25.894 INFO:teuthology.orchestra.run.smithi016.stdout:/usr/bin/ceph: stderr
2024-01-22T07:35:25.363+0000 7f82dda00700 1 --2- >> [v2:172.21.15.16:3300/0,v1:172.21.15.16:6789/0] conn(0x7f82d8105b70 0x7f82d8105f90 unknown :-1 s=HELLO_CONNECTING pgs=0 cs=0 l=0 rev1=1 crypto rx=0 tx=0 comp rx=0 tx=0).handle_hello peer v2:172.21.15.16:3300/0 says I am v2:172.21.15.16:50290/0 (socket says 172.21.15.16:50290)
2024-01-22T07:35:25.894 INFO:teuthology.orchestra.run.smithi016.stdout:/usr/bin/ceph: stderr
2024-01-22T07:35:25.363+0000 7f82dda00700 1 -- 172.21.15.16:0/4153201482 learned_addr learned my addr 172.21.15.16:0/4153201482 (peer_addr_for_me v2:172.21.15.16:0/0)
2024-01-22T07:35:25.894 INFO:teuthology.orchestra.run.smithi016.stdout:/usr/bin/ceph: stderr
2024-01-22T07:35:25.364+0000 7f82dda00700 1 -- 172.21.15.16:0/4153201482 --> [v2:172.21.15.16:3300/0,v1:172.21.15.16:6789/0] -- mon_subscribe({config=0+,monmap=0+}) v3 -- 0x7f82d81064d0 con 0x7f82d8105b70
2024-01-22T07:35:25.894 INFO:teuthology.orchestra.run.smithi016.stdout:/usr/bin/ceph: stderr
2024-01-22T07:35:25.364+0000 7f82dda00700 1 --2- 172.21.15.16:0/4153201482 >> [v2:172.21.15.16:3300/0,v1:172.21.15.16:6789/0] conn(0x7f82d8105b70 0x7f82d8105f90 secure :-1 s=READY pgs=72 cs=0 l=1 rev1=1 crypto rx=0x7f82c80098a0 tx=0x7f82c8009bb0 comp rx=0 tx=0).ready entity=mon.0 client_cookie=8d2e5639058673d6 server_cookie=0 in_seq=0 out_seq=0
2024-01-22T07:35:25.894 INFO:teuthology.orchestra.run.smithi016.stdout:/usr/bin/ceph: stderr
2024-01-22T07:35:25.364+0000 7f82d7e00700 1 -- 172.21.15.16:0/4153201482 <== mon.0 v2:172.21.15.16:3300/0 1 ==== mon_map magic: 0 v1 ==== 205+0+0 (secure 0 0 0) 0x7f82c8004160 con 0x7f82d8105b70
2024-01-22T07:35:25.894 INFO:teuthology.orchestra.run.smithi016.stdout:/usr/bin/ceph: stderr
2024-01-22T07:35:25.364+0000 7f82d7e00700 1 -- 172.21.15.16:0/4153201482 <== mon.0 v2:172.21.15.16:3300/0 2 ==== config(28 keys) v1 ==== 1174+0+0 (secure 0 0 0) 0x7f82c80042c0 con 0x7f82d8105b70
2024-01-22T07:35:25.895 INFO:teuthology.orchestra.run.smithi016.stdout:/usr/bin/ceph: stderr
2024-01-22T07:35:25.364+0000 7f82d7e00700 1 -- 172.21.15.16:0/4153201482 <== mon.0 v2:172.21.15.16:3300/0 3 ==== mon_map magic: 0 v1 ==== 205+0+0 (secure 0 0 0) 0x7f82c8011b90 con 0x7f82d8105b70
2024-01-22T07:35:25.895 INFO:teuthology.orchestra.run.smithi016.stdout:/usr/bin/ceph: stderr
2024-01-22T07:35:25.365+0000 7f82e0400700 1 -- 172.21.15.16:0/4153201482 >> [v2:172.21.15.16:3300/0,v1:172.21.15.16:6789/0] conn(0x7f82d8105b70 msgr2=0x7f82d8105f90 secure :-1 s=STATE_CONNECTION_ESTABLISHED l=1).mark_down
2024-01-22T07:35:25.895 INFO:teuthology.orchestra.run.smithi016.stdout:/usr/bin/ceph: stderr
2024-01-22T07:35:25.365+0000 7f82e0400700 1 --2- 172.21.15.16:0/4153201482 >> [v2:172.21.15.16:3300/0,v1:172.21.15.16:6789/0] conn(0x7f82d8105b70 0x7f82d8105f90 secure :-1 s=READY pgs=72 cs=0 l=1 rev1=1 crypto rx=0x7f82c80098a0 tx=0x7f82c8009bb0 comp rx=0 tx=0).stop
2024-01-22T07:35:25.895 INFO:teuthology.orchestra.run.smithi016.stdout:/usr/bin/ceph: stderr
2024-01-22T07:35:25.365+0000 7f82e0400700 1 -- 172.21.15.16:0/4153201482 shutdown_connections
2024-01-22T07:35:25.895 INFO:teuthology.orchestra.run.smithi016.stdout:/usr/bin/ceph: stderr
2024-01-22T07:35:25.365+0000 7f82e0400700 1 --2- 172.21.15.16:0/4153201482 >> [v2:172.21.15.16:3300/0,v1:172.21.15.16:6789/0] conn(0x7f82d8105b70 0x7f82d8105f90 unknown :-1 s=CLOSED pgs=72 cs=0 l=1 rev1=1 crypto rx=0 tx=0 comp rx=0 tx=0).stop
2024-01-22T07:35:25.895 INFO:teuthology.orchestra.run.smithi016.stdout:/usr/bin/ceph: stderr
2024-01-22T07:35:25.365+0000 7f82e0400700 1 -- 172.21.15.16:0/4153201482 >> 172.21.15.16:0/4153201482 conn(0x7f82d81017d0 msgr2=0x7f82d8103bf0 unknown :-1 s=STATE_NONE l=0).mark_down
2024-01-22T07:35:25.895 INFO:teuthology.orchestra.run.smithi016.stdout:/usr/bin/ceph: stderr
2024-01-22T07:35:25.365+0000 7f82e0400700 1 -- 172.21.15.16:0/4153201482 shutdown_connections
2024-01-22T07:35:25.895 INFO:teuthology.orchestra.run.smithi016.stdout:/usr/bin/ceph: stderr
2024-01-22T07:35:25.365+0000 7f82e0400700 1 -- 172.21.15.16:0/4153201482 wait complete.
2024-01-22T07:35:25.895 INFO:teuthology.orchestra.run.smithi016.stdout:/usr/bin/ceph: stderr
2024-01-22T07:35:25.366+0000 7f82e0400700 1 Processor -- start
2024-01-22T07:35:25.895 INFO:teuthology.orchestra.run.smithi016.stdout:/usr/bin/ceph: stderr
2024-01-22T07:35:25.366+0000 7f82e0400700 1 -- start start
2024-01-22T07:35:25.895 INFO:teuthology.orchestra.run.smithi016.stdout:/usr/bin/ceph: stderr
2024-01-22T07:35:25.366+0000 7f82e0400700 1 --2- >> [v2:172.21.15.16:3300/0,v1:172.21.15.16:6789/0] conn(0x7f82d8105b70 0x7f82d819d2c0 unknown :-1 s=NONE pgs=0 cs=0 l=1 rev1=0 crypto rx=0 tx=0 comp rx=0 tx=0).connect
2024-01-22T07:35:25.895 INFO:teuthology.orchestra.run.smithi016.stdout:/usr/bin/ceph: stderr
2024-01-22T07:35:25.366+0000 7f82e0400700 1 -- --> [v2:172.21.15.16:3300/0,v1:172.21.15.16:6789/0] -- mon_getmap magic: 0 v1 -- 0x7f82d819d800 con 0x7f82d8105b70
2024-01-22T07:35:25.895 INFO:teuthology.orchestra.run.smithi016.stdout:/usr/bin/ceph: stderr
2024-01-22T07:35:25.367+0000 7f82dda00700 1 --2- >> [v2:172.21.15.16:3300/0,v1:172.21.15.16:6789/0] conn(0x7f82d8105b70 0x7f82d819d2c0 unknown :-1 s=BANNER_CONNECTING pgs=0 cs=0 l=1 rev1=0 crypto rx=0 tx=0 comp rx=0 tx=0)._handle_peer_banner_payload supported=3 required=0
2024-01-22T07:35:25.895 INFO:teuthology.orchestra.run.smithi016.stdout:/usr/bin/ceph: stderr
2024-01-22T07:35:25.367+0000 7f82dda00700 1 --2- >> [v2:172.21.15.16:3300/0,v1:172.21.15.16:6789/0] conn(0x7f82d8105b70 0x7f82d819d2c0 unknown :-1 s=HELLO_CONNECTING pgs=0 cs=0 l=1 rev1=1 crypto rx=0 tx=0 comp rx=0 tx=0).handle_hello peer v2:172.21.15.16:3300/0 says I am v2:172.21.15.16:50304/0 (socket says 172.21.15.16:50304)
2024-01-22T07:35:25.896 INFO:teuthology.orchestra.run.smithi016.stdout:/usr/bin/ceph: stderr
2024-01-22T07:35:25.367+0000 7f82dda00700 1 -- 172.21.15.16:0/1938440969 learned_addr learned my addr 172.21.15.16:0/1938440969 (peer_addr_for_me v2:172.21.15.16:0/0)
2024-01-22T07:35:25.896 INFO:teuthology.orchestra.run.smithi016.stdout:/usr/bin/ceph: stderr
2024-01-22T07:35:25.367+0000 7f82dda00700 1 -- 172.21.15.16:0/1938440969 --> [v2:172.21.15.16:3300/0,v1:172.21.15.16:6789/0] -- mon_subscribe({config=0+,monmap=0+}) v3 -- 0x7f82c8009550 con 0x7f82d8105b70
2024-01-22T07:35:25.896 INFO:teuthology.orchestra.run.smithi016.stdout:/usr/bin/ceph: stderr
2024-01-22T07:35:25.367+0000 7f82dda00700 1 --2- 172.21.15.16:0/1938440969 >> [v2:172.21.15.16:3300/0,v1:172.21.15.16:6789/0] conn(0x7f82d8105b70 0x7f82d819d2c0 secure :-1 s=READY pgs=73 cs=0 l=1 rev1=1 crypto rx=0x7f82c8011b40 tx=0x7f82c8011c20 comp rx=0 tx=0).ready entity=mon.0 client_cookie=0 server_cookie=0 in_seq=0 out_seq=0
2024-01-22T07:35:25.896 INFO:teuthology.orchestra.run.smithi016.stdout:/usr/bin/ceph: stderr
2024-01-22T07:35:25.367+0000 7f82d6000700 1 -- 172.21.15.16:0/1938440969 <== mon.0 v2:172.21.15.16:3300/0 1 ==== mon_map magic: 0 v1 ==== 205+0+0 (secure 0 0 0) 0x7f82c8003aa0 con 0x7f82d8105b70
2024-01-22T07:35:25.896 INFO:teuthology.orchestra.run.smithi016.stdout:/usr/bin/ceph: stderr
2024-01-22T07:35:25.367+0000 7f82d6000700 1 -- 172.21.15.16:0/1938440969 <== mon.0 v2:172.21.15.16:3300/0 2 ==== config(28 keys) v1 ==== 1174+0+0 (secure 0 0 0) 0x7f82c8003c00 con 0x7f82d8105b70
2024-01-22T07:35:25.896 INFO:teuthology.orchestra.run.smithi016.stdout:/usr/bin/ceph: stderr
2024-01-22T07:35:25.367+0000 7f82e0400700 1 -- 172.21.15.16:0/1938440969 --> [v2:172.21.15.16:3300/0,v1:172.21.15.16:6789/0] -- mon_subscribe({mgrmap=0+}) v3 -- 0x7f82d819da00 con 0x7f82d8105b70
2024-01-22T07:35:25.896 INFO:teuthology.orchestra.run.smithi016.stdout:/usr/bin/ceph: stderr
2024-01-22T07:35:25.367+0000 7f82d6000700 1 -- 172.21.15.16:0/1938440969 <== mon.0 v2:172.21.15.16:3300/0 3 ==== mon_map magic: 0 v1 ==== 205+0+0 (secure 0 0 0) 0x7f82c8024800 con 0x7f82d8105b70
2024-01-22T07:35:25.896 INFO:teuthology.orchestra.run.smithi016.stdout:/usr/bin/ceph: stderr
2024-01-22T07:35:25.368+0000 7f82e0400700 1 -- 172.21.15.16:0/1938440969 --> [v2:172.21.15.16:3300/0,v1:172.21.15.16:6789/0] -- mon_subscribe({osdmap=0}) v3 -- 0x7f82d819dea0 con 0x7f82d8105b70
2024-01-22T07:35:25.896 INFO:teuthology.orchestra.run.smithi016.stdout:/usr/bin/ceph: stderr
2024-01-22T07:35:25.369+0000 7f82e0400700 1 -- 172.21.15.16:0/1938440969 --> [v2:172.21.15.16:3300/0,v1:172.21.15.16:6789/0] -- mon_command({"prefix": "get_command_descriptions"} v 0) v1 -- 0x7f82d8196ee0 con 0x7f82d8105b70
2024-01-22T07:35:25.896 INFO:teuthology.orchestra.run.smithi016.stdout:/usr/bin/ceph: stderr
2024-01-22T07:35:25.369+0000 7f82d6000700 1 -- 172.21.15.16:0/1938440969 <== mon.0 v2:172.21.15.16:3300/0 4 ==== mgrmap(e 12) v1 ==== 45805+0+0 (secure 0 0 0) 0x7f82c801a430 con 0x7f82d8105b70
2024-01-22T07:35:25.896 INFO:teuthology.orchestra.run.smithi016.stdout:/usr/bin/ceph: stderr
2024-01-22T07:35:25.369+0000 7f82d6000700 1 --2- 172.21.15.16:0/1938440969 >> [v2:172.21.15.16:6800/2649060573,v1:172.21.15.16:6801/2649060573] conn(0x7f82b8038cc0 0x7f82b803b180 unknown :-1 s=NONE pgs=0 cs=0 l=1 rev1=0 crypto rx=0 tx=0 comp rx=0 tx=0).connect
2024-01-22T07:35:25.896 INFO:teuthology.orchestra.run.smithi016.stdout:/usr/bin/ceph: stderr
2024-01-22T07:35:25.369+0000 7f82d6000700 1 -- 172.21.15.16:0/1938440969 <== mon.0 v2:172.21.15.16:3300/0 5 ==== osd_map(3..3 src has 1..3) v4 ==== 1155+0+0 (secure 0 0 0) 0x7f82c804cf80 con 0x7f82d8105b70
2024-01-22T07:35:25.896 INFO:teuthology.orchestra.run.smithi016.stdout:/usr/bin/ceph: stderr
2024-01-22T07:35:25.369+0000 7f82dd000700 1 --2- 172.21.15.16:0/1938440969 >> [v2:172.21.15.16:6800/2649060573,v1:172.21.15.16:6801/2649060573] conn(0x7f82b8038cc0 0x7f82b803b180 unknown :-1 s=BANNER_CONNECTING pgs=0 cs=0 l=1 rev1=0 crypto rx=0 tx=0 comp rx=0 tx=0)._handle_peer_banner_payload supported=3 required=0
2024-01-22T07:35:25.897 INFO:teuthology.orchestra.run.smithi016.stdout:/usr/bin/ceph: stderr
2024-01-22T07:35:25.370+0000 7f82dd000700 1 --2- 172.21.15.16:0/1938440969 >> [v2:172.21.15.16:6800/2649060573,v1:172.21.15.16:6801/2649060573] conn(0x7f82b8038cc0 0x7f82b803b180 secure :-1 s=READY pgs=9 cs=0 l=1 rev1=1 crypto rx=0x7f82c0006fd0 tx=0x7f82c0006e40 comp rx=0 tx=0).ready entity=mgr.14150 client_cookie=0 server_cookie=0 in_seq=0 out_seq=0
2024-01-22T07:35:25.897 INFO:teuthology.orchestra.run.smithi016.stdout:/usr/bin/ceph: stderr
2024-01-22T07:35:25.375+0000 7f82d6000700 1 -- 172.21.15.16:0/1938440969 <== mon.0 v2:172.21.15.16:3300/0 6 ==== mon_command_ack([{"prefix": "get_command_descriptions"}]=0 v0) v1 ==== 72+0+181534 (secure 0 0 0) 0x7f82c8018940 con 0x7f82d8105b70
2024-01-22T07:35:25.897 INFO:teuthology.orchestra.run.smithi016.stdout:/usr/bin/ceph: stderr
2024-01-22T07:35:25.584+0000 7f82e0400700 1 -- 172.21.15.16:0/1938440969 --> [v2:172.21.15.16:3300/0,v1:172.21.15.16:6789/0] -- mon_command({"prefix": "config get", "who": "mgr", "key": "mgr/dashboard/ssl_server_port"} v 0) v1 -- 0x7f82d8107440 con 0x7f82d8105b70
2024-01-22T07:35:25.897 INFO:teuthology.orchestra.run.smithi016.stdout:/usr/bin/ceph: stderr
2024-01-22T07:35:25.585+0000 7f82d6000700 1 -- 172.21.15.16:0/1938440969 <== mon.0 v2:172.21.15.16:3300/0 7 ==== mon_command_ack([{"prefix": "config get", "who": "mgr", "key": "mgr/dashboard/ssl_server_port"}]=0 v8) v1 ==== 112+0+5 (secure 0 0 0) 0x7f82c8018350 con 0x7f82d8105b70
2024-01-22T07:35:25.897 INFO:teuthology.orchestra.run.smithi016.stdout:/usr/bin/ceph: stderr
2024-01-22T07:35:25.587+0000 7f82e0400700 1 -- 172.21.15.16:0/1938440969 >> [v2:172.21.15.16:6800/2649060573,v1:172.21.15.16:6801/2649060573] conn(0x7f82b8038cc0 msgr2=0x7f82b803b180 secure :-1 s=STATE_CONNECTION_ESTABLISHED l=1).mark_down
2024-01-22T07:35:25.897 INFO:teuthology.orchestra.run.smithi016.stdout:/usr/bin/ceph: stderr
2024-01-22T07:35:25.587+0000 7f82e0400700 1 --2- 172.21.15.16:0/1938440969 >> [v2:172.21.15.16:6800/2649060573,v1:172.21.15.16:6801/2649060573] conn(0x7f82b8038cc0 0x7f82b803b180 secure :-1 s=READY pgs=9 cs=0 l=1 rev1=1 crypto rx=0x7f82c0006fd0 tx=0x7f82c0006e40 comp rx=0 tx=0).stop
2024-01-22T07:35:25.897 INFO:teuthology.orchestra.run.smithi016.stdout:/usr/bin/ceph: stderr
2024-01-22T07:35:25.587+0000 7f82e0400700 1 -- 172.21.15.16:0/1938440969 >> [v2:172.21.15.16:3300/0,v1:172.21.15.16:6789/0] conn(0x7f82d8105b70 msgr2=0x7f82d819d2c0 secure :-1 s=STATE_CONNECTION_ESTABLISHED l=1).mark_down
2024-01-22T07:35:25.897 INFO:teuthology.orchestra.run.smithi016.stdout:/usr/bin/ceph: stderr
2024-01-22T07:35:25.587+0000 7f82e0400700 1 --2- 172.21.15.16:0/1938440969 >> [v2:172.21.15.16:3300/0,v1:172.21.15.16:6789/0] conn(0x7f82d8105b70 0x7f82d819d2c0 secure :-1 s=READY pgs=73 cs=0 l=1 rev1=1 crypto rx=0x7f82c8011b40 tx=0x7f82c8011c20 comp rx=0 tx=0).stop
2024-01-22T07:35:25.897 INFO:teuthology.orchestra.run.smithi016.stdout:/usr/bin/ceph: stderr
2024-01-22T07:35:25.587+0000 7f82e0400700 1 -- 172.21.15.16:0/1938440969 shutdown_connections
2024-01-22T07:35:25.897 INFO:teuthology.orchestra.run.smithi016.stdout:/usr/bin/ceph: stderr
2024-01-22T07:35:25.587+0000 7f82e0400700 1 --2- 172.21.15.16:0/1938440969 >> [v2:172.21.15.16:6800/2649060573,v1:172.21.15.16:6801/2649060573] conn(0x7f82b8038cc0 0x7f82b803b180 unknown :-1 s=CLOSED pgs=9 cs=0 l=1 rev1=1 crypto rx=0 tx=0 comp rx=0 tx=0).stop
2024-01-22T07:35:25.897 INFO:teuthology.orchestra.run.smithi016.stdout:/usr/bin/ceph: stderr
2024-01-22T07:35:25.587+0000 7f82e0400700 1 --2- 172.21.15.16:0/1938440969 >> [v2:172.21.15.16:3300/0,v1:172.21.15.16:6789/0] conn(0x7f82d8105b70 0x7f82d819d2c0 unknown :-1 s=CLOSED pgs=73 cs=0 l=1 rev1=1 crypto rx=0 tx=0 comp rx=0 tx=0).stop
2024-01-22T07:35:25.897 INFO:teuthology.orchestra.run.smithi016.stdout:/usr/bin/ceph: stderr
2024-01-22T07:35:25.587+0000 7f82e0400700 1 -- 172.21.15.16:0/1938440969 >> 172.21.15.16:0/1938440969 conn(0x7f82d81017d0 msgr2=0x7f82d8194020 unknown :-1 s=STATE_NONE l=0).mark_down
2024-01-22T07:35:25.897 INFO:teuthology.orchestra.run.smithi016.stdout:/usr/bin/ceph: stderr
2024-01-22T07:35:25.587+0000 7f82e0400700 1 -- 172.21.15.16:0/1938440969 shutdown_connections
2024-01-22T07:35:25.898 INFO:teuthology.orchestra.run.smithi016.stdout:/usr/bin/ceph: stderr
2024-01-22T07:35:25.587+0000 7f82e0400700 1 -- 172.21.15.16:0/1938440969 wait complete.
2024-01-22T07:35:25.911 INFO:teuthology.orchestra.run.smithi016.stdout:Non-zero exit code 1 from systemctl is-enabled firewalld.service
2024-01-22T07:35:25.911 INFO:teuthology.orchestra.run.smithi016.stdout:systemctl: stdout disabled
2024-01-22T07:35:25.927 INFO:teuthology.orchestra.run.smithi016.stdout:Non-zero exit code 3 from systemctl is-active firewalld.service
2024-01-22T07:35:25.927 INFO:teuthology.orchestra.run.smithi016.stdout:systemctl: stdout inactive
2024-01-22T07:35:25.927 INFO:teuthology.orchestra.run.smithi016.stdout:firewalld.service is not enabled
2024-01-22T07:35:25.927 INFO:teuthology.orchestra.run.smithi016.stdout:Not possible to open ports <[8443]>. firewalld.service is not available
2024-01-22T07:35:25.930 INFO:teuthology.orchestra.run.smithi016.stdout:Ceph Dashboard is now available at:
2024-01-22T07:35:25.930 INFO:teuthology.orchestra.run.smithi016.stdout:
2024-01-22T07:35:25.931 INFO:teuthology.orchestra.run.smithi016.stdout: URL: https://smithi016.front.sepia.ceph.com:8443/
2024-01-22T07:35:25.931 INFO:teuthology.orchestra.run.smithi016.stdout: User: admin
2024-01-22T07:35:25.931 INFO:teuthology.orchestra.run.smithi016.stdout: Password: uessa9yemm
2024-01-22T07:35:25.931 INFO:teuthology.orchestra.run.smithi016.stdout:
2024-01-22T07:35:25.931 INFO:teuthology.orchestra.run.smithi016.stdout:Saving cluster configuration to /var/lib/ceph/89011c3a-b8f8-11ee-95b0-87774f69a715/config directory
2024-01-22T07:35:25.932 INFO:teuthology.orchestra.run.smithi016.stdout:Enabling autotune for osd_memory_target
2024-01-22T07:35:26.237 INFO:journalctl@ceph.mon.a.smithi016.stdout:Jan 22 07:35:26 smithi016 ceph-mon[35304]: from='client.? 172.21.15.16:0/1938440969' entity='client.admin' cmd=[{"prefix": "config get", "who": "mgr", "key": "mgr/dashboard/ssl_server_port"}]: dispatch
2024-01-22T07:35:26.824 INFO:teuthology.orchestra.run.smithi016.stdout:/usr/bin/ceph: stderr
2024-01-22T07:35:26.330+0000 7fec39600700 1 Processor -- start
2024-01-22T07:35:26.824 INFO:teuthology.orchestra.run.smithi016.stdout:/usr/bin/ceph: stderr
2024-01-22T07:35:26.330+0000 7fec39600700 1 -- start start
2024-01-22T07:35:26.824 INFO:teuthology.orchestra.run.smithi016.stdout:/usr/bin/ceph: stderr
2024-01-22T07:35:26.330+0000 7fec39600700 1 --2- >> [v2:172.21.15.16:3300/0,v1:172.21.15.16:6789/0] conn(0x7fec3407ccc0 0x7fec3407b280 unknown :-1 s=NONE pgs=0 cs=0 l=0 rev1=0 crypto rx=0 tx=0 comp rx=0 tx=0).connect
2024-01-22T07:35:26.824 INFO:teuthology.orchestra.run.smithi016.stdout:/usr/bin/ceph: stderr
2024-01-22T07:35:26.330+0000 7fec39600700 1 -- --> [v2:172.21.15.16:3300/0,v1:172.21.15.16:6789/0] -- mon_getmap magic: 0 v1 -- 0x7fec3407d0e0 con 0x7fec3407ccc0
2024-01-22T07:35:26.824 INFO:teuthology.orchestra.run.smithi016.stdout:/usr/bin/ceph: stderr
2024-01-22T07:35:26.331+0000 7fec32a00700 1 --2- >> [v2:172.21.15.16:3300/0,v1:172.21.15.16:6789/0] conn(0x7fec3407ccc0 0x7fec3407b280 unknown :-1 s=BANNER_CONNECTING pgs=0 cs=0 l=0 rev1=0 crypto rx=0 tx=0 comp rx=0 tx=0)._handle_peer_banner_payload supported=3 required=0
2024-01-22T07:35:26.824 INFO:teuthology.orchestra.run.smithi016.stdout:/usr/bin/ceph: stderr
2024-01-22T07:35:26.331+0000 7fec32a00700 1 --2- >> [v2:172.21.15.16:3300/0,v1:172.21.15.16:6789/0] conn(0x7fec3407ccc0 0x7fec3407b280 unknown :-1 s=HELLO_CONNECTING pgs=0 cs=0 l=0 rev1=1 crypto rx=0 tx=0 comp rx=0 tx=0).handle_hello peer v2:172.21.15.16:3300/0 says I am v2:172.21.15.16:50314/0 (socket says 172.21.15.16:50314)
2024-01-22T07:35:26.824 INFO:teuthology.orchestra.run.smithi016.stdout:/usr/bin/ceph: stderr
2024-01-22T07:35:26.331+0000 7fec32a00700 1 -- 172.21.15.16:0/2767022609 learned_addr learned my addr 172.21.15.16:0/2767022609 (peer_addr_for_me v2:172.21.15.16:0/0)
2024-01-22T07:35:26.824 INFO:teuthology.orchestra.run.smithi016.stdout:/usr/bin/ceph: stderr
2024-01-22T07:35:26.331+0000 7fec32a00700 1 -- 172.21.15.16:0/2767022609 --> [v2:172.21.15.16:3300/0,v1:172.21.15.16:6789/0] -- mon_subscribe({config=0+,monmap=0+}) v3 -- 0x7fec3407b7c0 con 0x7fec3407ccc0
2024-01-22T07:35:26.824 INFO:teuthology.orchestra.run.smithi016.stdout:/usr/bin/ceph: stderr
2024-01-22T07:35:26.331+0000 7fec32a00700 1 --2- 172.21.15.16:0/2767022609 >> [v2:172.21.15.16:3300/0,v1:172.21.15.16:6789/0] conn(0x7fec3407ccc0 0x7fec3407b280 secure :-1 s=READY pgs=74 cs=0 l=1 rev1=1 crypto rx=0x7fec240098a0 tx=0x7fec24009bb0 comp rx=0 tx=0).ready entity=mon.0 client_cookie=74c19d7cd3903d24 server_cookie=0 in_seq=0 out_seq=0
2024-01-22T07:35:26.825 INFO:teuthology.orchestra.run.smithi016.stdout:/usr/bin/ceph: stderr
2024-01-22T07:35:26.332+0000 7fec31600700 1 -- 172.21.15.16:0/2767022609 <== mon.0 v2:172.21.15.16:3300/0 1 ==== mon_map magic: 0 v1 ==== 205+0+0 (secure 0 0 0) 0x7fec24004160 con 0x7fec3407ccc0
2024-01-22T07:35:26.825 INFO:teuthology.orchestra.run.smithi016.stdout:/usr/bin/ceph: stderr
2024-01-22T07:35:26.332+0000 7fec31600700 1 -- 172.21.15.16:0/2767022609 <== mon.0 v2:172.21.15.16:3300/0 2 ==== config(28 keys) v1 ==== 1174+0+0 (secure 0 0 0) 0x7fec240042c0 con 0x7fec3407ccc0
2024-01-22T07:35:26.825 INFO:teuthology.orchestra.run.smithi016.stdout:/usr/bin/ceph: stderr
2024-01-22T07:35:26.332+0000 7fec31600700 1 -- 172.21.15.16:0/2767022609 <== mon.0 v2:172.21.15.16:3300/0 3 ==== mon_map magic: 0 v1 ==== 205+0+0 (secure 0 0 0) 0x7fec24011b90 con 0x7fec3407ccc0
2024-01-22T07:35:26.825 INFO:teuthology.orchestra.run.smithi016.stdout:/usr/bin/ceph: stderr
2024-01-22T07:35:26.332+0000 7fec39600700 1 -- 172.21.15.16:0/2767022609 >> [v2:172.21.15.16:3300/0,v1:172.21.15.16:6789/0] conn(0x7fec3407ccc0 msgr2=0x7fec3407b280 secure :-1 s=STATE_CONNECTION_ESTABLISHED l=1).mark_down
2024-01-22T07:35:26.825 INFO:teuthology.orchestra.run.smithi016.stdout:/usr/bin/ceph: stderr
2024-01-22T07:35:26.332+0000 7fec39600700 1 --2- 172.21.15.16:0/2767022609 >> [v2:172.21.15.16:3300/0,v1:172.21.15.16:6789/0] conn(0x7fec3407ccc0 0x7fec3407b280 secure :-1 s=READY pgs=74 cs=0 l=1 rev1=1 crypto rx=0x7fec240098a0 tx=0x7fec24009bb0 comp rx=0 tx=0).stop
2024-01-22T07:35:26.825 INFO:teuthology.orchestra.run.smithi016.stdout:/usr/bin/ceph: stderr
2024-01-22T07:35:26.332+0000 7fec39600700 1 -- 172.21.15.16:0/2767022609 shutdown_connections
2024-01-22T07:35:26.825 INFO:teuthology.orchestra.run.smithi016.stdout:/usr/bin/ceph: stderr
2024-01-22T07:35:26.332+0000 7fec39600700 1 --2- 172.21.15.16:0/2767022609 >> [v2:172.21.15.16:3300/0,v1:172.21.15.16:6789/0] conn(0x7fec3407ccc0 0x7fec3407b280 unknown :-1 s=CLOSED pgs=74 cs=0 l=1 rev1=1 crypto rx=0 tx=0 comp rx=0 tx=0).stop
2024-01-22T07:35:26.825 INFO:teuthology.orchestra.run.smithi016.stdout:/usr/bin/ceph: stderr
2024-01-22T07:35:26.332+0000 7fec39600700 1 -- 172.21.15.16:0/2767022609 >> 172.21.15.16:0/2767022609 conn(0x7fec341029f0 msgr2=0x7fec34104e10 unknown :-1 s=STATE_NONE l=0).mark_down
2024-01-22T07:35:26.825 INFO:teuthology.orchestra.run.smithi016.stdout:/usr/bin/ceph: stderr
2024-01-22T07:35:26.332+0000 7fec39600700 1 -- 172.21.15.16:0/2767022609 shutdown_connections
2024-01-22T07:35:26.825 INFO:teuthology.orchestra.run.smithi016.stdout:/usr/bin/ceph: stderr
2024-01-22T07:35:26.332+0000 7fec39600700 1 -- 172.21.15.16:0/2767022609 wait complete.
2024-01-22T07:35:26.825 INFO:teuthology.orchestra.run.smithi016.stdout:/usr/bin/ceph: stderr
2024-01-22T07:35:26.333+0000 7fec39600700 1 Processor -- start
2024-01-22T07:35:26.825 INFO:teuthology.orchestra.run.smithi016.stdout:/usr/bin/ceph: stderr
2024-01-22T07:35:26.334+0000 7fec39600700 1 -- start start
2024-01-22T07:35:26.825 INFO:teuthology.orchestra.run.smithi016.stdout:/usr/bin/ceph: stderr
2024-01-22T07:35:26.334+0000 7fec39600700 1 --2- >> [v2:172.21.15.16:3300/0,v1:172.21.15.16:6789/0] conn(0x7fec3407ccc0 0x7fec3419d2b0 unknown :-1 s=NONE pgs=0 cs=0 l=1 rev1=0 crypto rx=0 tx=0 comp rx=0 tx=0).connect
2024-01-22T07:35:26.826 INFO:teuthology.orchestra.run.smithi016.stdout:/usr/bin/ceph: stderr
2024-01-22T07:35:26.334+0000 7fec39600700 1 -- --> [v2:172.21.15.16:3300/0,v1:172.21.15.16:6789/0] -- mon_getmap magic: 0 v1 -- 0x7fec3419d7f0 con 0x7fec3407ccc0
2024-01-22T07:35:26.826 INFO:teuthology.orchestra.run.smithi016.stdout:/usr/bin/ceph: stderr
2024-01-22T07:35:26.334+0000 7fec32a00700 1 --2- >> [v2:172.21.15.16:3300/0,v1:172.21.15.16:6789/0] conn(0x7fec3407ccc0 0x7fec3419d2b0 unknown :-1 s=BANNER_CONNECTING pgs=0 cs=0 l=1 rev1=0 crypto rx=0 tx=0 comp rx=0 tx=0)._handle_peer_banner_payload supported=3 required=0
2024-01-22T07:35:26.826 INFO:teuthology.orchestra.run.smithi016.stdout:/usr/bin/ceph: stderr
2024-01-22T07:35:26.334+0000 7fec32a00700 1 --2- >> [v2:172.21.15.16:3300/0,v1:172.21.15.16:6789/0] conn(0x7fec3407ccc0 0x7fec3419d2b0 unknown :-1 s=HELLO_CONNECTING pgs=0 cs=0 l=1 rev1=1 crypto rx=0 tx=0 comp rx=0 tx=0).handle_hello peer v2:172.21.15.16:3300/0 says I am v2:172.21.15.16:50318/0 (socket says 172.21.15.16:50318)
2024-01-22T07:35:26.826 INFO:teuthology.orchestra.run.smithi016.stdout:/usr/bin/ceph: stderr
2024-01-22T07:35:26.334+0000 7fec32a00700 1 -- 172.21.15.16:0/989462787 learned_addr learned my addr 172.21.15.16:0/989462787 (peer_addr_for_me v2:172.21.15.16:0/0)
2024-01-22T07:35:26.826 INFO:teuthology.orchestra.run.smithi016.stdout:/usr/bin/ceph: stderr
2024-01-22T07:35:26.335+0000 7fec32a00700 1 -- 172.21.15.16:0/989462787 --> [v2:172.21.15.16:3300/0,v1:172.21.15.16:6789/0] -- mon_subscribe({config=0+,monmap=0+}) v3 -- 0x7fec24009550 con 0x7fec3407ccc0
2024-01-22T07:35:26.826 INFO:teuthology.orchestra.run.smithi016.stdout:/usr/bin/ceph: stderr
2024-01-22T07:35:26.335+0000 7fec32a00700 1 --2- 172.21.15.16:0/989462787 >> [v2:172.21.15.16:3300/0,v1:172.21.15.16:6789/0] conn(0x7fec3407ccc0 0x7fec3419d2b0 secure :-1 s=READY pgs=75 cs=0 l=1 rev1=1 crypto rx=0x7fec24011670 tx=0x7fec24011bf0 comp rx=0 tx=0).ready entity=mon.0 client_cookie=0 server_cookie=0 in_seq=0 out_seq=0
2024-01-22T07:35:26.826 INFO:teuthology.orchestra.run.smithi016.stdout:/usr/bin/ceph: stderr
2024-01-22T07:35:26.335+0000 7fec2b400700 1 -- 172.21.15.16:0/989462787 <== mon.0 v2:172.21.15.16:3300/0 1 ==== mon_map magic: 0 v1 ==== 205+0+0 (secure 0 0 0) 0x7fec240039c0 con 0x7fec3407ccc0
2024-01-22T07:35:26.826 INFO:teuthology.orchestra.run.smithi016.stdout:/usr/bin/ceph: stderr
2024-01-22T07:35:26.335+0000 7fec2b400700 1 -- 172.21.15.16:0/989462787 <== mon.0 v2:172.21.15.16:3300/0 2 ==== config(28 keys) v1 ==== 1174+0+0 (secure 0 0 0) 0x7fec24003b20 con 0x7fec3407ccc0
2024-01-22T07:35:26.826 INFO:teuthology.orchestra.run.smithi016.stdout:/usr/bin/ceph: stderr
2024-01-22T07:35:26.335+0000 7fec2b400700 1 -- 172.21.15.16:0/989462787 <== mon.0 v2:172.21.15.16:3300/0 3 ==== mon_map magic: 0 v1 ==== 205+0+0 (secure 0 0 0) 0x7fec2401a6d0 con 0x7fec3407ccc0
2024-01-22T07:35:26.826 INFO:teuthology.orchestra.run.smithi016.stdout:/usr/bin/ceph: stderr
2024-01-22T07:35:26.335+0000 7fec39600700 1 -- 172.21.15.16:0/989462787 --> [v2:172.21.15.16:3300/0,v1:172.21.15.16:6789/0] -- mon_subscribe({mgrmap=0+}) v3 -- 0x7fec3419d9f0 con 0x7fec3407ccc0
2024-01-22T07:35:26.826 INFO:teuthology.orchestra.run.smithi016.stdout:/usr/bin/ceph: stderr
2024-01-22T07:35:26.335+0000 7fec39600700 1 -- 172.21.15.16:0/989462787 --> [v2:172.21.15.16:3300/0,v1:172.21.15.16:6789/0] -- mon_subscribe({osdmap=0}) v3 -- 0x7fec3419de90 con 0x7fec3407ccc0
2024-01-22T07:35:26.826 INFO:teuthology.orchestra.run.smithi016.stdout:/usr/bin/ceph: stderr
2024-01-22T07:35:26.336+0000 7fec2b400700 1 -- 172.21.15.16:0/989462787 <== mon.0 v2:172.21.15.16:3300/0 4 ==== mgrmap(e 12) v1 ==== 45805+0+0 (secure 0 0 0) 0x7fec240249c0 con 0x7fec3407ccc0
2024-01-22T07:35:26.826 INFO:teuthology.orchestra.run.smithi016.stdout:/usr/bin/ceph: stderr
2024-01-22T07:35:26.336+0000 7fec39600700 1 -- 172.21.15.16:0/989462787 --> [v2:172.21.15.16:3300/0,v1:172.21.15.16:6789/0] -- mon_command({"prefix": "get_command_descriptions"} v 0) v1 -- 0x7fec3410d660 con 0x7fec3407ccc0
2024-01-22T07:35:26.826 INFO:teuthology.orchestra.run.smithi016.stdout:/usr/bin/ceph: stderr
2024-01-22T07:35:26.337+0000 7fec2b400700 1 --2- 172.21.15.16:0/989462787 >> [v2:172.21.15.16:6800/2649060573,v1:172.21.15.16:6801/2649060573] conn(0x7fec14038c70 0x7fec1403b130 unknown :-1 s=NONE pgs=0 cs=0 l=1 rev1=0 crypto rx=0 tx=0 comp rx=0 tx=0).connect
2024-01-22T07:35:26.827 INFO:teuthology.orchestra.run.smithi016.stdout:/usr/bin/ceph: stderr
2024-01-22T07:35:26.337+0000 7fec2b400700 1 -- 172.21.15.16:0/989462787 <== mon.0 v2:172.21.15.16:3300/0 5 ==== osd_map(3..3 src has 1..3) v4 ==== 1155+0+0 (secure 0 0 0) 0x7fec2404cf90 con 0x7fec3407ccc0
2024-01-22T07:35:26.827 INFO:teuthology.orchestra.run.smithi016.stdout:/usr/bin/ceph: stderr
2024-01-22T07:35:26.337+0000 7fec32000700 1 --2- 172.21.15.16:0/989462787 >> [v2:172.21.15.16:6800/2649060573,v1:172.21.15.16:6801/2649060573] conn(0x7fec14038c70 0x7fec1403b130 unknown :-1 s=BANNER_CONNECTING pgs=0 cs=0 l=1 rev1=0 crypto rx=0 tx=0 comp rx=0 tx=0)._handle_peer_banner_payload supported=3 required=0
2024-01-22T07:35:26.828 INFO:teuthology.orchestra.run.smithi016.stdout:/usr/bin/ceph: stderr
2024-01-22T07:35:26.338+0000 7fec32000700 1 --2- 172.21.15.16:0/989462787 >> [v2:172.21.15.16:6800/2649060573,v1:172.21.15.16:6801/2649060573] conn(0x7fec14038c70 0x7fec1403b130 secure :-1 s=READY pgs=10 cs=0 l=1 rev1=1 crypto rx=0x7fec1c006fd0 tx=0x7fec1c006e40 comp rx=0 tx=0).ready entity=mgr.14150 client_cookie=0 server_cookie=0 in_seq=0 out_seq=0
2024-01-22T07:35:26.828 INFO:teuthology.orchestra.run.smithi016.stdout:/usr/bin/ceph: stderr
2024-01-22T07:35:26.342+0000 7fec2b400700 1 -- 172.21.15.16:0/989462787 <== mon.0 v2:172.21.15.16:3300/0 6 ==== mon_command_ack([{"prefix": "get_command_descriptions"}]=0 v0) v1 ==== 72+0+181534 (secure 0 0 0) 0x7fec24018b80 con 0x7fec3407ccc0
2024-01-22T07:35:26.828 INFO:teuthology.orchestra.run.smithi016.stdout:/usr/bin/ceph: stderr
2024-01-22T07:35:26.553+0000 7fec39600700 1 -- 172.21.15.16:0/989462787 --> [v2:172.21.15.16:3300/0,v1:172.21.15.16:6789/0] -- mon_command([{prefix=config set, name=osd_memory_target_autotune}] v 0) v1 -- 0x7fec341a0770 con 0x7fec3407ccc0
2024-01-22T07:35:26.829 INFO:teuthology.orchestra.run.smithi016.stdout:/usr/bin/ceph: stderr
2024-01-22T07:35:26.553+0000 7fec2b400700 1 -- 172.21.15.16:0/989462787 <== mon.0 v2:172.21.15.16:3300/0 7 ==== mon_command_ack([{prefix=config set, name=osd_memory_target_autotune}]=0 v8)=0 v8) v1 ==== 127+0+0 (secure 0 0 0) 0x7fec24018350 con 0x7fec3407ccc0
2024-01-22T07:35:26.829 INFO:teuthology.orchestra.run.smithi016.stdout:/usr/bin/ceph: stderr
2024-01-22T07:35:26.555+0000 7fec39600700 1 -- 172.21.15.16:0/989462787 >> [v2:172.21.15.16:6800/2649060573,v1:172.21.15.16:6801/2649060573] conn(0x7fec14038c70 msgr2=0x7fec1403b130 secure :-1 s=STATE_CONNECTION_ESTABLISHED l=1).mark_down
2024-01-22T07:35:26.829 INFO:teuthology.orchestra.run.smithi016.stdout:/usr/bin/ceph: stderr
2024-01-22T07:35:26.555+0000 7fec39600700 1 --2- 172.21.15.16:0/989462787 >> [v2:172.21.15.16:6800/2649060573,v1:172.21.15.16:6801/2649060573] conn(0x7fec14038c70 0x7fec1403b130 secure :-1 s=READY pgs=10 cs=0 l=1 rev1=1 crypto rx=0x7fec1c006fd0 tx=0x7fec1c006e40 comp rx=0 tx=0).stop
2024-01-22T07:35:26.829 INFO:teuthology.orchestra.run.smithi016.stdout:/usr/bin/ceph: stderr
2024-01-22T07:35:26.555+0000 7fec39600700 1 -- 172.21.15.16:0/989462787 >> [v2:172.21.15.16:3300/0,v1:172.21.15.16:6789/0] conn(0x7fec3407ccc0 msgr2=0x7fec3419d2b0 secure :-1 s=STATE_CONNECTION_ESTABLISHED l=1).mark_down
2024-01-22T07:35:26.829 INFO:teuthology.orchestra.run.smithi016.stdout:/usr/bin/ceph: stderr
2024-01-22T07:35:26.555+0000 7fec39600700 1 --2- 172.21.15.16:0/989462787 >> [v2:172.21.15.16:3300/0,v1:172.21.15.16:6789/0] conn(0x7fec3407ccc0 0x7fec3419d2b0 secure :-1 s=READY pgs=75 cs=0 l=1 rev1=1 crypto rx=0x7fec24011670 tx=0x7fec24011bf0 comp rx=0 tx=0).stop
2024-01-22T07:35:26.829 INFO:teuthology.orchestra.run.smithi016.stdout:/usr/bin/ceph: stderr
2024-01-22T07:35:26.556+0000 7fec39600700 1 -- 172.21.15.16:0/989462787 shutdown_connections
2024-01-22T07:35:26.829 INFO:teuthology.orchestra.run.smithi016.stdout:/usr/bin/ceph: stderr
2024-01-22T07:35:26.556+0000 7fec39600700 1 --2- 172.21.15.16:0/989462787 >> [v2:172.21.15.16:6800/2649060573,v1:172.21.15.16:6801/2649060573] conn(0x7fec14038c70 0x7fec1403b130 unknown :-1 s=CLOSED pgs=10 cs=0 l=1 rev1=1 crypto rx=0 tx=0 comp rx=0 tx=0).stop
2024-01-22T07:35:26.829 INFO:teuthology.orchestra.run.smithi016.stdout:/usr/bin/ceph: stderr
2024-01-22T07:35:26.556+0000 7fec39600700 1 --2- 172.21.15.16:0/989462787 >> [v2:172.21.15.16:3300/0,v1:172.21.15.16:6789/0] conn(0x7fec3407ccc0 0x7fec3419d2b0 unknown :-1 s=CLOSED pgs=75 cs=0 l=1 rev1=1 crypto rx=0 tx=0 comp rx=0 tx=0).stop
2024-01-22T07:35:26.829 INFO:teuthology.orchestra.run.smithi016.stdout:/usr/bin/ceph: stderr
2024-01-22T07:35:26.556+0000 7fec39600700 1 -- 172.21.15.16:0/989462787 >> 172.21.15.16:0/989462787 conn(0x7fec341029f0 msgr2=0x7fec34103590 unknown :-1 s=STATE_NONE l=0).mark_down
2024-01-22T07:35:26.829 INFO:teuthology.orchestra.run.smithi016.stdout:/usr/bin/ceph: stderr
2024-01-22T07:35:26.556+0000 7fec39600700 1 -- 172.21.15.16:0/989462787 shutdown_connections
2024-01-22T07:35:26.829 INFO:teuthology.orchestra.run.smithi016.stdout:/usr/bin/ceph: stderr
2024-01-22T07:35:26.556+0000 7fec39600700 1 -- 172.21.15.16:0/989462787 wait complete.
2024-01-22T07:35:27.854 INFO:teuthology.orchestra.run.smithi016.stdout:/usr/bin/ceph: stderr
2024-01-22T07:35:27.203+0000 7f4b39e00700 1 Processor -- start
2024-01-22T07:35:27.854 INFO:teuthology.orchestra.run.smithi016.stdout:/usr/bin/ceph: stderr
2024-01-22T07:35:27.204+0000 7f4b39e00700 1 -- start start
2024-01-22T07:35:27.854 INFO:teuthology.orchestra.run.smithi016.stdout:/usr/bin/ceph: stderr
2024-01-22T07:35:27.204+0000 7f4b39e00700 1 --2- >> [v2:172.21.15.16:3300/0,v1:172.21.15.16:6789/0] conn(0x7f4b341073c0 0x7f4b341077e0 unknown :-1 s=NONE pgs=0 cs=0 l=0 rev1=0 crypto rx=0 tx=0 comp rx=0 tx=0).connect
2024-01-22T07:35:27.854 INFO:teuthology.orchestra.run.smithi016.stdout:/usr/bin/ceph: stderr
2024-01-22T07:35:27.204+0000 7f4b39e00700 1 -- --> [v2:172.21.15.16:3300/0,v1:172.21.15.16:6789/0] -- mon_getmap magic: 0 v1 -- 0x7f4b34107d20 con 0x7f4b341073c0
2024-01-22T07:35:27.854 INFO:teuthology.orchestra.run.smithi016.stdout:/usr/bin/ceph: stderr
2024-01-22T07:35:27.204+0000 7f4b32a00700 1 --2- >> [v2:172.21.15.16:3300/0,v1:172.21.15.16:6789/0] conn(0x7f4b341073c0 0x7f4b341077e0 unknown :-1 s=BANNER_CONNECTING pgs=0 cs=0 l=0 rev1=0 crypto rx=0 tx=0 comp rx=0 tx=0)._handle_peer_banner_payload supported=3 required=0
2024-01-22T07:35:27.859 INFO:teuthology.orchestra.run.smithi016.stdout:/usr/bin/ceph: stderr
2024-01-22T07:35:27.204+0000 7f4b32a00700 1 --2- >> [v2:172.21.15.16:3300/0,v1:172.21.15.16:6789/0] conn(0x7f4b341073c0 0x7f4b341077e0 unknown :-1 s=HELLO_CONNECTING pgs=0 cs=0 l=0 rev1=1 crypto rx=0 tx=0 comp rx=0 tx=0).handle_hello peer v2:172.21.15.16:3300/0 says I am v2:172.21.15.16:50334/0 (socket says 172.21.15.16:50334)
2024-01-22T07:35:27.859 INFO:teuthology.orchestra.run.smithi016.stdout:/usr/bin/ceph: stderr
2024-01-22T07:35:27.204+0000 7f4b32a00700 1 -- 172.21.15.16:0/2629120483 learned_addr learned my addr 172.21.15.16:0/2629120483 (peer_addr_for_me v2:172.21.15.16:0/0)
2024-01-22T07:35:27.859 INFO:teuthology.orchestra.run.smithi016.stdout:/usr/bin/ceph: stderr
2024-01-22T07:35:27.205+0000 7f4b32a00700 1 -- 172.21.15.16:0/2629120483 --> [v2:172.21.15.16:3300/0,v1:172.21.15.16:6789/0] -- mon_subscribe({config=0+,monmap=0+}) v3 -- 0x7f4b34107e60 con 0x7f4b341073c0
2024-01-22T07:35:27.859 INFO:teuthology.orchestra.run.smithi016.stdout:/usr/bin/ceph: stderr
2024-01-22T07:35:27.205+0000 7f4b32a00700 1 --2- 172.21.15.16:0/2629120483 >> [v2:172.21.15.16:3300/0,v1:172.21.15.16:6789/0] conn(0x7f4b341073c0 0x7f4b341077e0 secure :-1 s=READY pgs=76 cs=0 l=1 rev1=1 crypto rx=0x7f4b240098a0 tx=0x7f4b24009bb0 comp rx=0 tx=0).ready entity=mon.0 client_cookie=7b24de1df653553b server_cookie=0 in_seq=0 out_seq=0
2024-01-22T07:35:27.859 INFO:teuthology.orchestra.run.smithi016.stdout:/usr/bin/ceph: stderr
2024-01-22T07:35:27.205+0000 7f4b32000700 1 -- 172.21.15.16:0/2629120483 <== mon.0 v2:172.21.15.16:3300/0 1 ==== mon_map magic: 0 v1 ==== 205+0+0 (secure 0 0 0) 0x7f4b24004160 con 0x7f4b341073c0
2024-01-22T07:35:27.859 INFO:teuthology.orchestra.run.smithi016.stdout:/usr/bin/ceph: stderr
2024-01-22T07:35:27.205+0000 7f4b32000700 1 -- 172.21.15.16:0/2629120483 <== mon.0 v2:172.21.15.16:3300/0 2 ==== config(28 keys) v1 ==== 1174+0+0 (secure 0 0 0) 0x7f4b240042c0 con 0x7f4b341073c0
2024-01-22T07:35:27.859 INFO:teuthology.orchestra.run.smithi016.stdout:/usr/bin/ceph: stderr
2024-01-22T07:35:27.205+0000 7f4b32000700 1 -- 172.21.15.16:0/2629120483 <== mon.0 v2:172.21.15.16:3300/0 3 ==== mon_map magic: 0 v1 ==== 205+0+0 (secure 0 0 0) 0x7f4b24011b90 con 0x7f4b341073c0
2024-01-22T07:35:27.859 INFO:teuthology.orchestra.run.smithi016.stdout:/usr/bin/ceph: stderr
2024-01-22T07:35:27.206+0000 7f4b39e00700 1 -- 172.21.15.16:0/2629120483 >> [v2:172.21.15.16:3300/0,v1:172.21.15.16:6789/0] conn(0x7f4b341073c0 msgr2=0x7f4b341077e0 secure :-1 s=STATE_CONNECTION_ESTABLISHED l=1).mark_down
2024-01-22T07:35:27.859 INFO:teuthology.orchestra.run.smithi016.stdout:/usr/bin/ceph: stderr
2024-01-22T07:35:27.206+0000 7f4b39e00700 1 --2- 172.21.15.16:0/2629120483 >> [v2:172.21.15.16:3300/0,v1:172.21.15.16:6789/0] conn(0x7f4b341073c0 0x7f4b341077e0 secure :-1 s=READY pgs=76 cs=0 l=1 rev1=1 crypto rx=0x7f4b240098a0 tx=0x7f4b24009bb0 comp rx=0 tx=0).stop
2024-01-22T07:35:27.859 INFO:teuthology.orchestra.run.smithi016.stdout:/usr/bin/ceph: stderr
2024-01-22T07:35:27.206+0000 7f4b39e00700 1 -- 172.21.15.16:0/2629120483 shutdown_connections
2024-01-22T07:35:27.859 INFO:teuthology.orchestra.run.smithi016.stdout:/usr/bin/ceph: stderr
2024-01-22T07:35:27.206+0000 7f4b39e00700 1 --2- 172.21.15.16:0/2629120483 >> [v2:172.21.15.16:3300/0,v1:172.21.15.16:6789/0] conn(0x7f4b341073c0 0x7f4b341077e0 unknown :-1 s=CLOSED pgs=76 cs=0 l=1 rev1=1 crypto rx=0 tx=0 comp rx=0 tx=0).stop
2024-01-22T07:35:27.860 INFO:teuthology.orchestra.run.smithi016.stdout:/usr/bin/ceph: stderr
2024-01-22T07:35:27.206+0000 7f4b39e00700 1 -- 172.21.15.16:0/2629120483 >> 172.21.15.16:0/2629120483 conn(0x7f4b34102aa0 msgr2=0x7f4b34104ec0 unknown :-1 s=STATE_NONE l=0).mark_down
2024-01-22T07:35:27.860 INFO:teuthology.orchestra.run.smithi016.stdout:/usr/bin/ceph: stderr
2024-01-22T07:35:27.206+0000 7f4b39e00700 1 -- 172.21.15.16:0/2629120483 shutdown_connections
2024-01-22T07:35:27.860 INFO:teuthology.orchestra.run.smithi016.stdout:/usr/bin/ceph: stderr
2024-01-22T07:35:27.206+0000 7f4b39e00700 1 -- 172.21.15.16:0/2629120483 wait complete.
2024-01-22T07:35:27.860 INFO:teuthology.orchestra.run.smithi016.stdout:/usr/bin/ceph: stderr
2024-01-22T07:35:27.207+0000 7f4b39e00700 1 Processor -- start
2024-01-22T07:35:27.860 INFO:teuthology.orchestra.run.smithi016.stdout:/usr/bin/ceph: stderr
2024-01-22T07:35:27.207+0000 7f4b39e00700 1 -- start start
2024-01-22T07:35:27.860 INFO:teuthology.orchestra.run.smithi016.stdout:/usr/bin/ceph: stderr
2024-01-22T07:35:27.207+0000 7f4b39e00700 1 --2- >> [v2:172.21.15.16:3300/0,v1:172.21.15.16:6789/0] conn(0x7f4b341073c0 0x7f4b3419d370 unknown :-1 s=NONE pgs=0 cs=0 l=1 rev1=0 crypto rx=0 tx=0 comp rx=0 tx=0).connect
2024-01-22T07:35:27.860 INFO:teuthology.orchestra.run.smithi016.stdout:/usr/bin/ceph: stderr
2024-01-22T07:35:27.207+0000 7f4b39e00700 1 -- --> [v2:172.21.15.16:3300/0,v1:172.21.15.16:6789/0] -- mon_getmap magic: 0 v1 -- 0x7f4b3419d8b0 con 0x7f4b341073c0
2024-01-22T07:35:27.860 INFO:teuthology.orchestra.run.smithi016.stdout:/usr/bin/ceph: stderr
2024-01-22T07:35:27.208+0000 7f4b32a00700 1 --2- >> [v2:172.21.15.16:3300/0,v1:172.21.15.16:6789/0] conn(0x7f4b341073c0 0x7f4b3419d370 unknown :-1 s=BANNER_CONNECTING pgs=0 cs=0 l=1 rev1=0 crypto rx=0 tx=0 comp rx=0 tx=0)._handle_peer_banner_payload supported=3 required=0
2024-01-22T07:35:27.860 INFO:teuthology.orchestra.run.smithi016.stdout:/usr/bin/ceph: stderr
2024-01-22T07:35:27.208+0000 7f4b32a00700 1 --2- >> [v2:172.21.15.16:3300/0,v1:172.21.15.16:6789/0] conn(0x7f4b341073c0 0x7f4b3419d370 unknown :-1 s=HELLO_CONNECTING pgs=0 cs=0 l=1 rev1=1 crypto rx=0 tx=0 comp rx=0 tx=0).handle_hello peer v2:172.21.15.16:3300/0 says I am v2:172.21.15.16:50340/0 (socket says 172.21.15.16:50340)
2024-01-22T07:35:27.860 INFO:teuthology.orchestra.run.smithi016.stdout:/usr/bin/ceph: stderr
2024-01-22T07:35:27.208+0000 7f4b32a00700 1 -- 172.21.15.16:0/767809422 learned_addr learned my addr 172.21.15.16:0/767809422 (peer_addr_for_me v2:172.21.15.16:0/0)
2024-01-22T07:35:27.860 INFO:teuthology.orchestra.run.smithi016.stdout:/usr/bin/ceph: stderr
2024-01-22T07:35:27.208+0000 7f4b32a00700 1 -- 172.21.15.16:0/767809422 --> [v2:172.21.15.16:3300/0,v1:172.21.15.16:6789/0] -- mon_subscribe({config=0+,monmap=0+}) v3 -- 0x7f4b24009550 con 0x7f4b341073c0
2024-01-22T07:35:27.860 INFO:teuthology.orchestra.run.smithi016.stdout:/usr/bin/ceph: stderr
2024-01-22T07:35:27.208+0000 7f4b32a00700 1 --2- 172.21.15.16:0/767809422 >> [v2:172.21.15.16:3300/0,v1:172.21.15.16:6789/0] conn(0x7f4b341073c0 0x7f4b3419d370 secure :-1 s=READY pgs=77 cs=0 l=1 rev1=1 crypto rx=0x7f4b24011b40 tx=0x7f4b24011c20 comp rx=0 tx=0).ready entity=mon.0 client_cookie=0 server_cookie=0 in_seq=0 out_seq=0
2024-01-22T07:35:27.860 INFO:teuthology.orchestra.run.smithi016.stdout:/usr/bin/ceph: stderr
2024-01-22T07:35:27.208+0000 7f4b38a00700 1 -- 172.21.15.16:0/767809422 <== mon.0 v2:172.21.15.16:3300/0 1 ==== mon_map magic: 0 v1 ==== 205+0+0 (secure 0 0 0) 0x7f4b240039c0 con 0x7f4b341073c0
2024-01-22T07:35:27.861 INFO:teuthology.orchestra.run.smithi016.stdout:/usr/bin/ceph: stderr
2024-01-22T07:35:27.208+0000 7f4b38a00700 1 -- 172.21.15.16:0/767809422 <== mon.0 v2:172.21.15.16:3300/0 2 ==== config(28 keys) v1 ==== 1174+0+0 (secure 0 0 0) 0x7f4b24003b20 con 0x7f4b341073c0
2024-01-22T07:35:27.861 INFO:teuthology.orchestra.run.smithi016.stdout:/usr/bin/ceph: stderr
2024-01-22T07:35:27.208+0000 7f4b39e00700 1 -- 172.21.15.16:0/767809422 --> [v2:172.21.15.16:3300/0,v1:172.21.15.16:6789/0] -- mon_subscribe({mgrmap=0+}) v3 -- 0x7f4b3419dab0 con 0x7f4b341073c0
2024-01-22T07:35:27.861 INFO:teuthology.orchestra.run.smithi016.stdout:/usr/bin/ceph: stderr
2024-01-22T07:35:27.208+0000 7f4b38a00700 1 -- 172.21.15.16:0/767809422 <== mon.0 v2:172.21.15.16:3300/0 3 ==== mon_map magic: 0 v1 ==== 205+0+0 (secure 0 0 0) 0x7f4b240246a0 con 0x7f4b341073c0
2024-01-22T07:35:27.861 INFO:teuthology.orchestra.run.smithi016.stdout:/usr/bin/ceph: stderr
2024-01-22T07:35:27.209+0000 7f4b39e00700 1 -- 172.21.15.16:0/767809422 --> [v2:172.21.15.16:3300/0,v1:172.21.15.16:6789/0] -- mon_subscribe({osdmap=0}) v3 -- 0x7f4b3419df50 con 0x7f4b341073c0
2024-01-22T07:35:27.861 INFO:teuthology.orchestra.run.smithi016.stdout:/usr/bin/ceph: stderr
2024-01-22T07:35:27.210+0000 7f4b38a00700 1 -- 172.21.15.16:0/767809422 <== mon.0 v2:172.21.15.16:3300/0 4 ==== mgrmap(e 13) v1 ==== 45848+0+0 (secure 0 0 0) 0x7f4b2401aa30 con 0x7f4b341073c0
2024-01-22T07:35:27.861 INFO:teuthology.orchestra.run.smithi016.stdout:/usr/bin/ceph: stderr
2024-01-22T07:35:27.210+0000 7f4b39e00700 1 -- 172.21.15.16:0/767809422 --> [v2:172.21.15.16:3300/0,v1:172.21.15.16:6789/0] -- mon_command({"prefix": "get_command_descriptions"} v 0) v1 -- 0x7f4b3410b790 con 0x7f4b341073c0
2024-01-22T07:35:27.861 INFO:teuthology.orchestra.run.smithi016.stdout:/usr/bin/ceph: stderr
2024-01-22T07:35:27.210+0000 7f4b38a00700 1 --2- 172.21.15.16:0/767809422 >> [v2:172.21.15.16:6800/2649060573,v1:172.21.15.16:6801/2649060573] conn(0x7f4b14038d60 0x7f4b1403b220 unknown :-1 s=NONE pgs=0 cs=0 l=1 rev1=0 crypto rx=0 tx=0 comp rx=0 tx=0).connect
2024-01-22T07:35:27.861 INFO:teuthology.orchestra.run.smithi016.stdout:/usr/bin/ceph: stderr
2024-01-22T07:35:27.210+0000 7f4b38a00700 1 -- 172.21.15.16:0/767809422 <== mon.0 v2:172.21.15.16:3300/0 5 ==== osd_map(3..3 src has 1..3) v4 ==== 1155+0+0 (secure 0 0 0) 0x7f4b2404cde0 con 0x7f4b341073c0
2024-01-22T07:35:27.861 INFO:teuthology.orchestra.run.smithi016.stdout:/usr/bin/ceph: stderr
2024-01-22T07:35:27.210+0000 7f4b2be00700 1 --2- 172.21.15.16:0/767809422 >> [v2:172.21.15.16:6800/2649060573,v1:172.21.15.16:6801/2649060573] conn(0x7f4b14038d60 0x7f4b1403b220 unknown :-1 s=BANNER_CONNECTING pgs=0 cs=0 l=1 rev1=0 crypto rx=0 tx=0 comp rx=0 tx=0)._handle_peer_banner_payload supported=3 required=0
2024-01-22T07:35:27.861 INFO:teuthology.orchestra.run.smithi016.stdout:/usr/bin/ceph: stderr
2024-01-22T07:35:27.211+0000 7f4b2be00700 1 --2- 172.21.15.16:0/767809422 >> [v2:172.21.15.16:6800/2649060573,v1:172.21.15.16:6801/2649060573] conn(0x7f4b14038d60 0x7f4b1403b220 secure :-1 s=READY pgs=11 cs=0 l=1 rev1=1 crypto rx=0x7f4b1c006fd0 tx=0x7f4b1c006e40 comp rx=0 tx=0).ready entity=mgr.14150 client_cookie=0 server_cookie=0 in_seq=0 out_seq=0
2024-01-22T07:35:27.861 INFO:teuthology.orchestra.run.smithi016.stdout:/usr/bin/ceph: stderr
2024-01-22T07:35:27.215+0000 7f4b38a00700 1 -- 172.21.15.16:0/767809422 <== mon.0 v2:172.21.15.16:3300/0 6 ==== mon_command_ack([{"prefix": "get_command_descriptions"}]=0 v0) v1 ==== 72+0+181534 (secure 0 0 0) 0x7f4b24018530 con 0x7f4b341073c0
2024-01-22T07:35:27.861 INFO:teuthology.orchestra.run.smithi016.stdout:/usr/bin/ceph: stderr
2024-01-22T07:35:27.536+0000 7f4b39e00700 1 -- 172.21.15.16:0/767809422 --> [v2:172.21.15.16:3300/0,v1:172.21.15.16:6789/0] -- mon_command([{prefix=config-key set, key=mgr/dashboard/cluster/status}] v 0) v1 -- 0x7f4b3410b970 con 0x7f4b341073c0
2024-01-22T07:35:27.861 INFO:teuthology.orchestra.run.smithi016.stdout:/usr/bin/ceph: stderr
2024-01-22T07:35:27.538+0000 7f4b38a00700 1 -- 172.21.15.16:0/767809422 <== mon.0 v2:172.21.15.16:3300/0 7 ==== mon_command_ack([{prefix=config-key set, key=mgr/dashboard/cluster/status}]=0 set mgr/dashboard/cluster/status v27)=0 set mgr/dashboard/cluster/status v27) v1 ==== 153+0+0 (secure 0 0 0) 0x7f4b24018350 con 0x7f4b341073c0
2024-01-22T07:35:27.861 INFO:teuthology.orchestra.run.smithi016.stdout:/usr/bin/ceph: stderr
2024-01-22T07:35:27.541+0000 7f4b39e00700 1 -- 172.21.15.16:0/767809422 >> [v2:172.21.15.16:6800/2649060573,v1:172.21.15.16:6801/2649060573] conn(0x7f4b14038d60 msgr2=0x7f4b1403b220 secure :-1 s=STATE_CONNECTION_ESTABLISHED l=1).mark_down
2024-01-22T07:35:27.862 INFO:teuthology.orchestra.run.smithi016.stdout:/usr/bin/ceph: stderr
2024-01-22T07:35:27.541+0000 7f4b39e00700 1 --2- 172.21.15.16:0/767809422 >> [v2:172.21.15.16:6800/2649060573,v1:172.21.15.16:6801/2649060573] conn(0x7f4b14038d60 0x7f4b1403b220 secure :-1 s=READY pgs=11 cs=0 l=1 rev1=1 crypto rx=0x7f4b1c006fd0 tx=0x7f4b1c006e40 comp rx=0 tx=0).stop
2024-01-22T07:35:27.862 INFO:teuthology.orchestra.run.smithi016.stdout:/usr/bin/ceph: stderr
2024-01-22T07:35:27.541+0000 7f4b39e00700 1 -- 172.21.15.16:0/767809422 >> [v2:172.21.15.16:3300/0,v1:172.21.15.16:6789/0] conn(0x7f4b341073c0 msgr2=0x7f4b3419d370 secure :-1 s=STATE_CONNECTION_ESTABLISHED l=1).mark_down
2024-01-22T07:35:27.862 INFO:teuthology.orchestra.run.smithi016.stdout:/usr/bin/ceph: stderr
2024-01-22T07:35:27.541+0000 7f4b39e00700 1 --2- 172.21.15.16:0/767809422 >> [v2:172.21.15.16:3300/0,v1:172.21.15.16:6789/0] conn(0x7f4b341073c0 0x7f4b3419d370 secure :-1 s=READY pgs=77 cs=0 l=1 rev1=1 crypto rx=0x7f4b24011b40 tx=0x7f4b24011c20 comp rx=0 tx=0).stop
2024-01-22T07:35:27.862 INFO:teuthology.orchestra.run.smithi016.stdout:/usr/bin/ceph: stderr
2024-01-22T07:35:27.541+0000 7f4b39e00700 1 -- 172.21.15.16:0/767809422 shutdown_connections
2024-01-22T07:35:27.862 INFO:teuthology.orchestra.run.smithi016.stdout:/usr/bin/ceph: stderr
2024-01-22T07:35:27.541+0000 7f4b39e00700 1 --2- 172.21.15.16:0/767809422 >> [v2:172.21.15.16:6800/2649060573,v1:172.21.15.16:6801/2649060573] conn(0x7f4b14038d60 0x7f4b1403b220 unknown :-1 s=CLOSED pgs=11 cs=0 l=1 rev1=1 crypto rx=0 tx=0 comp rx=0 tx=0).stop
2024-01-22T07:35:27.862 INFO:teuthology.orchestra.run.smithi016.stdout:/usr/bin/ceph: stderr
2024-01-22T07:35:27.541+0000 7f4b39e00700 1 --2- 172.21.15.16:0/767809422 >> [v2:172.21.15.16:3300/0,v1:172.21.15.16:6789/0] conn(0x7f4b341073c0 0x7f4b3419d370 unknown :-1 s=CLOSED pgs=77 cs=0 l=1 rev1=1 crypto rx=0 tx=0 comp rx=0 tx=0).stop
2024-01-22T07:35:27.862 INFO:teuthology.orchestra.run.smithi016.stdout:/usr/bin/ceph: stderr
2024-01-22T07:35:27.541+0000 7f4b39e00700 1 -- 172.21.15.16:0/767809422 >> 172.21.15.16:0/767809422 conn(0x7f4b34102aa0 msgr2=0x7f4b34103510 unknown :-1 s=STATE_NONE l=0).mark_down
2024-01-22T07:35:27.862 INFO:teuthology.orchestra.run.smithi016.stdout:/usr/bin/ceph: stderr
2024-01-22T07:35:27.541+0000 7f4b39e00700 1 -- 172.21.15.16:0/767809422 shutdown_connections
2024-01-22T07:35:27.862 INFO:teuthology.orchestra.run.smithi016.stdout:/usr/bin/ceph: stderr
2024-01-22T07:35:27.541+0000 7f4b39e00700 1 -- 172.21.15.16:0/767809422 wait complete.
2024-01-22T07:35:27.862 INFO:teuthology.orchestra.run.smithi016.stdout:/usr/bin/ceph: stderr set mgr/dashboard/cluster/status
2024-01-22T07:35:27.862 INFO:teuthology.orchestra.run.smithi016.stdout:You can access the Ceph CLI as following in case of multi-cluster or non-default config:
2024-01-22T07:35:27.862 INFO:teuthology.orchestra.run.smithi016.stdout:
