2024-01-24T13:03:49.369+0000 7f252aa00700 1 --2- 172.21.15.84:0/3235120342 >> [v2:172.21.15.84:3300/0,v1:172.21.15.84:6789/0] conn(0x7f252c1087b0 0x7f252c108bd0 secure :-1 s=READY pgs=26 cs=0 l=1 rev1=1 crypto rx=0x7f251c0098a0 tx=0x7f251c009bb0 comp rx=0 tx=0).ready entity=mon.0 client_cookie=ad65d7ee3cf1f3d9 server_cookie=0 in_seq=0 out_seq=0
2024-01-24T13:03:57.296 INFO:teuthology.orchestra.run.smithi084.stdout:/usr/bin/ceph: stderr
2024-01-24T13:03:49.369+0000 7f2529600700 1 -- 172.21.15.84:0/3235120342 <== mon.0 v2:172.21.15.84:3300/0 1 ==== mon_map magic: 0 v1 ==== 205+0+0 (secure 0 0 0) 0x7f251c004160 con 0x7f252c1087b0
2024-01-24T13:03:57.296 INFO:teuthology.orchestra.run.smithi084.stdout:/usr/bin/ceph: stderr
2024-01-24T13:03:49.369+0000 7f2529600700 1 -- 172.21.15.84:0/3235120342 <== mon.0 v2:172.21.15.84:3300/0 2 ==== config(25 keys) v1 ==== 1036+0+0 (secure 0 0 0) 0x7f251c0042c0 con 0x7f252c1087b0
2024-01-24T13:03:57.297 INFO:teuthology.orchestra.run.smithi084.stdout:/usr/bin/ceph: stderr
2024-01-24T13:03:49.369+0000 7f2529600700 1 -- 172.21.15.84:0/3235120342 <== mon.0 v2:172.21.15.84:3300/0 3 ==== mon_map magic: 0 v1 ==== 205+0+0 (secure 0 0 0) 0x7f251c011940 con 0x7f252c1087b0
2024-01-24T13:03:57.297 INFO:teuthology.orchestra.run.smithi084.stdout:/usr/bin/ceph: stderr
2024-01-24T13:03:49.370+0000 7f2531c00700 1 -- 172.21.15.84:0/3235120342 >> [v2:172.21.15.84:3300/0,v1:172.21.15.84:6789/0] conn(0x7f252c1087b0 msgr2=0x7f252c108bd0 secure :-1 s=STATE_CONNECTION_ESTABLISHED l=1).mark_down
2024-01-24T13:03:57.297 INFO:teuthology.orchestra.run.smithi084.stdout:/usr/bin/ceph: stderr
2024-01-24T13:03:49.370+0000 7f2531c00700 1 --2- 172.21.15.84:0/3235120342 >> [v2:172.21.15.84:3300/0,v1:172.21.15.84:6789/0] conn(0x7f252c1087b0 0x7f252c108bd0 secure :-1 s=READY pgs=26 cs=0 l=1 rev1=1 crypto rx=0x7f251c0098a0 tx=0x7f251c009bb0 comp rx=0 tx=0).stop
2024-01-24T13:03:57.297 INFO:teuthology.orchestra.run.smithi084.stdout:/usr/bin/ceph: stderr
2024-01-24T13:03:49.370+0000 7f2531c00700 1 -- 172.21.15.84:0/3235120342 shutdown_connections
2024-01-24T13:03:57.297 INFO:teuthology.orchestra.run.smithi084.stdout:/usr/bin/ceph: stderr
2024-01-24T13:03:49.370+0000 7f2531c00700 1 --2- 172.21.15.84:0/3235120342 >> [v2:172.21.15.84:3300/0,v1:172.21.15.84:6789/0] conn(0x7f252c1087b0 0x7f252c108bd0 unknown :-1 s=CLOSED pgs=26 cs=0 l=1 rev1=1 crypto rx=0 tx=0 comp rx=0 tx=0).stop
2024-01-24T13:03:57.297 INFO:teuthology.orchestra.run.smithi084.stdout:/usr/bin/ceph: stderr
2024-01-24T13:03:49.370+0000 7f2531c00700 1 -- 172.21.15.84:0/3235120342 >> 172.21.15.84:0/3235120342 conn(0x7f252c103db0 msgr2=0x7f252c1061d0 unknown :-1 s=STATE_NONE l=0).mark_down
2024-01-24T13:03:57.297 INFO:teuthology.orchestra.run.smithi084.stdout:/usr/bin/ceph: stderr
2024-01-24T13:03:49.370+0000 7f2531c00700 1 -- 172.21.15.84:0/3235120342 shutdown_connections
2024-01-24T13:03:57.297 INFO:teuthology.orchestra.run.smithi084.stdout:/usr/bin/ceph: stderr
2024-01-24T13:03:49.370+0000 7f2531c00700 1 -- 172.21.15.84:0/3235120342 wait complete.
2024-01-24T13:03:57.297 INFO:teuthology.orchestra.run.smithi084.stdout:/usr/bin/ceph: stderr
2024-01-24T13:03:49.371+0000 7f2531c00700 1 Processor -- start
2024-01-24T13:03:57.297 INFO:teuthology.orchestra.run.smithi084.stdout:/usr/bin/ceph: stderr
2024-01-24T13:03:49.371+0000 7f2531c00700 1 -- start start
2024-01-24T13:03:57.297 INFO:teuthology.orchestra.run.smithi084.stdout:/usr/bin/ceph: stderr
2024-01-24T13:03:49.372+0000 7f2531c00700 1 --2- >> [v2:172.21.15.84:3300/0,v1:172.21.15.84:6789/0] conn(0x7f252c1087b0 0x7f252c19c3d0 unknown :-1 s=NONE pgs=0 cs=0 l=1 rev1=0 crypto rx=0 tx=0 comp rx=0 tx=0).connect
2024-01-24T13:03:57.297 INFO:teuthology.orchestra.run.smithi084.stdout:/usr/bin/ceph: stderr
2024-01-24T13:03:49.372+0000 7f2531c00700 1 -- --> [v2:172.21.15.84:3300/0,v1:172.21.15.84:6789/0] -- mon_getmap magic: 0 v1 -- 0x7f252c19c910 con 0x7f252c1087b0
2024-01-24T13:03:57.297 INFO:teuthology.orchestra.run.smithi084.stdout:/usr/bin/ceph: stderr
2024-01-24T13:03:49.372+0000 7f252aa00700 1 --2- >> [v2:172.21.15.84:3300/0,v1:172.21.15.84:6789/0] conn(0x7f252c1087b0 0x7f252c19c3d0 unknown :-1 s=BANNER_CONNECTING pgs=0 cs=0 l=1 rev1=0 crypto rx=0 tx=0 comp rx=0 tx=0)._handle_peer_banner_payload supported=3 required=0
2024-01-24T13:03:57.298 INFO:teuthology.orchestra.run.smithi084.stdout:/usr/bin/ceph: stderr
2024-01-24T13:03:49.372+0000 7f252aa00700 1 --2- >> [v2:172.21.15.84:3300/0,v1:172.21.15.84:6789/0] conn(0x7f252c1087b0 0x7f252c19c3d0 unknown :-1 s=HELLO_CONNECTING pgs=0 cs=0 l=1 rev1=1 crypto rx=0 tx=0 comp rx=0 tx=0).handle_hello peer v2:172.21.15.84:3300/0 says I am v2:172.21.15.84:46022/0 (socket says 172.21.15.84:46022)
2024-01-24T13:03:57.298 INFO:teuthology.orchestra.run.smithi084.stdout:/usr/bin/ceph: stderr
2024-01-24T13:03:49.372+0000 7f252aa00700 1 -- 172.21.15.84:0/1719195667 learned_addr learned my addr 172.21.15.84:0/1719195667 (peer_addr_for_me v2:172.21.15.84:0/0)
2024-01-24T13:03:57.298 INFO:teuthology.orchestra.run.smithi084.stdout:/usr/bin/ceph: stderr
2024-01-24T13:03:49.372+0000 7f252aa00700 1 -- 172.21.15.84:0/1719195667 --> [v2:172.21.15.84:3300/0,v1:172.21.15.84:6789/0] -- mon_subscribe({config=0+,monmap=0+}) v3 -- 0x7f251c009550 con 0x7f252c1087b0
2024-01-24T13:03:57.298 INFO:teuthology.orchestra.run.smithi084.stdout:/usr/bin/ceph: stderr
2024-01-24T13:03:49.372+0000 7f252aa00700 1 --2- 172.21.15.84:0/1719195667 >> [v2:172.21.15.84:3300/0,v1:172.21.15.84:6789/0] conn(0x7f252c1087b0 0x7f252c19c3d0 secure :-1 s=READY pgs=27 cs=0 l=1 rev1=1 crypto rx=0x7f251c000c00 tx=0x7f251c011e70 comp rx=0 tx=0).ready entity=mon.0 client_cookie=0 server_cookie=0 in_seq=0 out_seq=0
2024-01-24T13:03:57.298 INFO:teuthology.orchestra.run.smithi084.stdout:/usr/bin/ceph: stderr
2024-01-24T13:03:49.373+0000 7f2523400700 1 -- 172.21.15.84:0/1719195667 <== mon.0 v2:172.21.15.84:3300/0 1 ==== mon_map magic: 0 v1 ==== 205+0+0 (secure 0 0 0) 0x7f251c0036a0 con 0x7f252c1087b0
2024-01-24T13:03:57.298 INFO:teuthology.orchestra.run.smithi084.stdout:/usr/bin/ceph: stderr
2024-01-24T13:03:49.373+0000 7f2523400700 1 -- 172.21.15.84:0/1719195667 <== mon.0 v2:172.21.15.84:3300/0 2 ==== config(25 keys) v1 ==== 1036+0+0 (secure 0 0 0) 0x7f251c003c70 con 0x7f252c1087b0
2024-01-24T13:03:57.298 INFO:teuthology.orchestra.run.smithi084.stdout:/usr/bin/ceph: stderr
2024-01-24T13:03:49.373+0000 7f2531c00700 1 -- 172.21.15.84:0/1719195667 --> [v2:172.21.15.84:3300/0,v1:172.21.15.84:6789/0] -- mon_subscribe({mgrmap=0+}) v3 -- 0x7f252c19cb10 con 0x7f252c1087b0
2024-01-24T13:03:57.298 INFO:teuthology.orchestra.run.smithi084.stdout:/usr/bin/ceph: stderr
2024-01-24T13:03:49.373+0000 7f2523400700 1 -- 172.21.15.84:0/1719195667 <== mon.0 v2:172.21.15.84:3300/0 3 ==== mon_map magic: 0 v1 ==== 205+0+0 (secure 0 0 0) 0x7f251c0193f0 con 0x7f252c1087b0
2024-01-24T13:03:57.298 INFO:teuthology.orchestra.run.smithi084.stdout:/usr/bin/ceph: stderr
2024-01-24T13:03:49.373+0000 7f2531c00700 1 -- 172.21.15.84:0/1719195667 --> [v2:172.21.15.84:3300/0,v1:172.21.15.84:6789/0] -- mon_subscribe({osdmap=0}) v3 -- 0x7f252c19cf30 con 0x7f252c1087b0
2024-01-24T13:03:57.298 INFO:teuthology.orchestra.run.smithi084.stdout:/usr/bin/ceph: stderr
2024-01-24T13:03:49.374+0000 7f2523400700 1 -- 172.21.15.84:0/1719195667 <== mon.0 v2:172.21.15.84:3300/0 4 ==== mgrmap(e 5) v1 ==== 45268+0+0 (secure 0 0 0) 0x7f251c01b440 con 0x7f252c1087b0
2024-01-24T13:03:57.298 INFO:teuthology.orchestra.run.smithi084.stdout:/usr/bin/ceph: stderr
2024-01-24T13:03:49.374+0000 7f2523400700 1 --2- 172.21.15.84:0/1719195667 >> [v2:172.21.15.84:6800/4121464047,v1:172.21.15.84:6801/4121464047] conn(0x7f250c038300 0x7f250c03a7c0 unknown :-1 s=NONE pgs=0 cs=0 l=1 rev1=0 crypto rx=0 tx=0 comp rx=0 tx=0).connect
2024-01-24T13:03:57.298 INFO:teuthology.orchestra.run.smithi084.stdout:/usr/bin/ceph: stderr
2024-01-24T13:03:49.374+0000 7f2523400700 1 -- 172.21.15.84:0/1719195667 --> [v2:172.21.15.84:6800/4121464047,v1:172.21.15.84:6801/4121464047] -- command(tid 0: {"prefix": "get_command_descriptions"}) v1 -- 0x7f250c03aed0 con 0x7f250c038300
2024-01-24T13:03:57.298 INFO:teuthology.orchestra.run.smithi084.stdout:/usr/bin/ceph: stderr
2024-01-24T13:03:49.374+0000 7f2523400700 1 -- 172.21.15.84:0/1719195667 <== mon.0 v2:172.21.15.84:3300/0 5 ==== osd_map(1..1 src has 1..1) v4 ==== 725+0+0 (secure 0 0 0) 0x7f251c04c040 con 0x7f252c1087b0
2024-01-24T13:03:57.298 INFO:teuthology.orchestra.run.smithi084.stdout:/usr/bin/ceph: stderr
2024-01-24T13:03:49.374+0000 7f252a000700 1 -- 172.21.15.84:0/1719195667 >> [v2:172.21.15.84:6800/4121464047,v1:172.21.15.84:6801/4121464047] conn(0x7f250c038300 msgr2=0x7f250c03a7c0 unknown :-1 s=STATE_CONNECTING_RE l=1).process reconnect failed to v2:172.21.15.84:6800/4121464047
2024-01-24T13:03:57.299 INFO:teuthology.orchestra.run.smithi084.stdout:/usr/bin/ceph: stderr
2024-01-24T13:03:49.374+0000 7f252a000700 1 --2- 172.21.15.84:0/1719195667 >> [v2:172.21.15.84:6800/4121464047,v1:172.21.15.84:6801/4121464047] conn(0x7f250c038300 0x7f250c03a7c0 unknown :-1 s=START_CONNECT pgs=0 cs=0 l=1 rev1=0 crypto rx=0 tx=0 comp rx=0 tx=0)._fault waiting 0.200000
2024-01-24T13:03:57.299 INFO:teuthology.orchestra.run.smithi084.stdout:/usr/bin/ceph: stderr
2024-01-24T13:03:49.575+0000 7f252a000700 1 -- 172.21.15.84:0/1719195667 >> [v2:172.21.15.84:6800/4121464047,v1:172.21.15.84:6801/4121464047] conn(0x7f250c038300 msgr2=0x7f250c03a7c0 unknown :-1 s=STATE_CONNECTING_RE l=1).process reconnect failed to v2:172.21.15.84:6800/4121464047
2024-01-24T13:03:57.299 INFO:teuthology.orchestra.run.smithi084.stdout:/usr/bin/ceph: stderr
2024-01-24T13:03:49.575+0000 7f252a000700 1 --2- 172.21.15.84:0/1719195667 >> [v2:172.21.15.84:6800/4121464047,v1:172.21.15.84:6801/4121464047] conn(0x7f250c038300 0x7f250c03a7c0 unknown :-1 s=START_CONNECT pgs=0 cs=0 l=1 rev1=0 crypto rx=0 tx=0 comp rx=0 tx=0)._fault waiting 0.400000
2024-01-24T13:03:57.299 INFO:teuthology.orchestra.run.smithi084.stdout:/usr/bin/ceph: stderr
2024-01-24T13:03:49.976+0000 7f252a000700 1 -- 172.21.15.84:0/1719195667 >> [v2:172.21.15.84:6800/4121464047,v1:172.21.15.84:6801/4121464047] conn(0x7f250c038300 msgr2=0x7f250c03a7c0 unknown :-1 s=STATE_CONNECTING_RE l=1).process reconnect failed to v2:172.21.15.84:6800/4121464047
2024-01-24T13:03:57.299 INFO:teuthology.orchestra.run.smithi084.stdout:/usr/bin/ceph: stderr
2024-01-24T13:03:49.976+0000 7f252a000700 1 --2- 172.21.15.84:0/1719195667 >> [v2:172.21.15.84:6800/4121464047,v1:172.21.15.84:6801/4121464047] conn(0x7f250c038300 0x7f250c03a7c0 unknown :-1 s=START_CONNECT pgs=0 cs=0 l=1 rev1=0 crypto rx=0 tx=0 comp rx=0 tx=0)._fault waiting 0.800000
2024-01-24T13:03:57.299 INFO:teuthology.orchestra.run.smithi084.stdout:/usr/bin/ceph: stderr
2024-01-24T13:03:50.777+0000 7f252a000700 1 -- 172.21.15.84:0/1719195667 >> [v2:172.21.15.84:6800/4121464047,v1:172.21.15.84:6801/4121464047] conn(0x7f250c038300 msgr2=0x7f250c03a7c0 unknown :-1 s=STATE_CONNECTING_RE l=1).process reconnect failed to v2:172.21.15.84:6800/4121464047
2024-01-24T13:03:57.299 INFO:teuthology.orchestra.run.smithi084.stdout:/usr/bin/ceph: stderr
2024-01-24T13:03:50.777+0000 7f252a000700 1 --2- 172.21.15.84:0/1719195667 >> [v2:172.21.15.84:6800/4121464047,v1:172.21.15.84:6801/4121464047] conn(0x7f250c038300 0x7f250c03a7c0 unknown :-1 s=START_CONNECT pgs=0 cs=0 l=1 rev1=0 crypto rx=0 tx=0 comp rx=0 tx=0)._fault waiting 1.600000
2024-01-24T13:03:57.299 INFO:teuthology.orchestra.run.smithi084.stdout:/usr/bin/ceph: stderr
2024-01-24T13:03:52.377+0000 7f252a000700 1 -- 172.21.15.84:0/1719195667 >> [v2:172.21.15.84:6800/4121464047,v1:172.21.15.84:6801/4121464047] conn(0x7f250c038300 msgr2=0x7f250c03a7c0 unknown :-1 s=STATE_CONNECTING_RE l=1).process reconnect failed to v2:172.21.15.84:6800/4121464047
2024-01-24T13:03:57.299 INFO:teuthology.orchestra.run.smithi084.stdout:/usr/bin/ceph: stderr
2024-01-24T13:03:52.377+0000 7f252a000700 1 --2- 172.21.15.84:0/1719195667 >> [v2:172.21.15.84:6800/4121464047,v1:172.21.15.84:6801/4121464047] conn(0x7f250c038300 0x7f250c03a7c0 unknown :-1 s=START_CONNECT pgs=0 cs=0 l=1 rev1=0 crypto rx=0 tx=0 comp rx=0 tx=0)._fault waiting 3.200000
2024-01-24T13:03:57.299 INFO:teuthology.orchestra.run.smithi084.stdout:/usr/bin/ceph: stderr
2024-01-24T13:03:55.581+0000 7f252a000700 1 -- 172.21.15.84:0/1719195667 >> [v2:172.21.15.84:6800/4121464047,v1:172.21.15.84:6801/4121464047] conn(0x7f250c038300 msgr2=0x7f250c03a7c0 unknown :-1 s=STATE_CONNECTING_RE l=1).process reconnect failed to v2:172.21.15.84:6800/4121464047
2024-01-24T13:03:57.299 INFO:teuthology.orchestra.run.smithi084.stdout:/usr/bin/ceph: stderr
2024-01-24T13:03:55.581+0000 7f252a000700 1 --2- 172.21.15.84:0/1719195667 >> [v2:172.21.15.84:6800/4121464047,v1:172.21.15.84:6801/4121464047] conn(0x7f250c038300 0x7f250c03a7c0 unknown :-1 s=START_CONNECT pgs=0 cs=0 l=1 rev1=0 crypto rx=0 tx=0 comp rx=0 tx=0)._fault waiting 6.400000
2024-01-24T13:03:57.299 INFO:teuthology.orchestra.run.smithi084.stdout:/usr/bin/ceph: stderr
2024-01-24T13:03:55.940+0000 7f2523400700 1 -- 172.21.15.84:0/1719195667 <== mon.0 v2:172.21.15.84:3300/0 6 ==== mgrmap(e 6) v1 ==== 45035+0+0 (secure 0 0 0) 0x7f251c02c350 con 0x7f252c1087b0
2024-01-24T13:03:57.299 INFO:teuthology.orchestra.run.smithi084.stdout:/usr/bin/ceph: stderr
2024-01-24T13:03:55.940+0000 7f2523400700 1 -- 172.21.15.84:0/1719195667 >> [v2:172.21.15.84:6800/4121464047,v1:172.21.15.84:6801/4121464047] conn(0x7f250c038300 msgr2=0x7f250c03a7c0 unknown :-1 s=STATE_CONNECTING l=1).mark_down
2024-01-24T13:03:57.299 INFO:teuthology.orchestra.run.smithi084.stdout:/usr/bin/ceph: stderr
2024-01-24T13:03:55.940+0000 7f2523400700 1 --2- 172.21.15.84:0/1719195667 >> [v2:172.21.15.84:6800/4121464047,v1:172.21.15.84:6801/4121464047] conn(0x7f250c038300 0x7f250c03a7c0 unknown :-1 s=START_CONNECT pgs=0 cs=0 l=1 rev1=0 crypto rx=0 tx=0 comp rx=0 tx=0).stop
2024-01-24T13:03:57.299 INFO:teuthology.orchestra.run.smithi084.stdout:/usr/bin/ceph: stderr
2024-01-24T13:03:56.943+0000 7f2523400700 1 -- 172.21.15.84:0/1719195667 <== mon.0 v2:172.21.15.84:3300/0 7 ==== mgrmap(e 7) v1 ==== 45162+0+0 (secure 0 0 0) 0x7f251c021da0 con 0x7f252c1087b0
2024-01-24T13:03:57.300 INFO:teuthology.orchestra.run.smithi084.stdout:/usr/bin/ceph: stderr
2024-01-24T13:03:56.943+0000 7f2523400700 1 --2- 172.21.15.84:0/1719195667 >> [v2:172.21.15.84:6800/1123249005,v1:172.21.15.84:6801/1123249005] conn(0x7f250c03bbe0 0x7f250c03dfd0 unknown :-1 s=NONE pgs=0 cs=0 l=1 rev1=0 crypto rx=0 tx=0 comp rx=0 tx=0).connect
2024-01-24T13:03:57.300 INFO:teuthology.orchestra.run.smithi084.stdout:/usr/bin/ceph: stderr
2024-01-24T13:03:56.943+0000 7f2523400700 1 -- 172.21.15.84:0/1719195667 --> [v2:172.21.15.84:6800/1123249005,v1:172.21.15.84:6801/1123249005] -- command(tid 0: {"prefix": "get_command_descriptions"}) v1 -- 0x7f250c03aed0 con 0x7f250c03bbe0
2024-01-24T13:03:57.300 INFO:teuthology.orchestra.run.smithi084.stdout:/usr/bin/ceph: stderr
2024-01-24T13:03:56.944+0000 7f252a000700 1 --2- 172.21.15.84:0/1719195667 >> [v2:172.21.15.84:6800/1123249005,v1:172.21.15.84:6801/1123249005] conn(0x7f250c03bbe0 0x7f250c03dfd0 unknown :-1 s=BANNER_CONNECTING pgs=0 cs=0 l=1 rev1=0 crypto rx=0 tx=0 comp rx=0 tx=0)._handle_peer_banner_payload supported=3 required=0
2024-01-24T13:03:57.300 INFO:teuthology.orchestra.run.smithi084.stdout:/usr/bin/ceph: stderr
2024-01-24T13:03:56.945+0000 7f252a000700 1 --2- 172.21.15.84:0/1719195667 >> [v2:172.21.15.84:6800/1123249005,v1:172.21.15.84:6801/1123249005] conn(0x7f250c03bbe0 0x7f250c03dfd0 secure :-1 s=READY pgs=2 cs=0 l=1 rev1=1 crypto rx=0x7f2514003a10 tx=0x7f2514009290 comp rx=0 tx=0).ready entity=mgr.14118 client_cookie=0 server_cookie=0 in_seq=0 out_seq=0
2024-01-24T13:03:57.300 INFO:teuthology.orchestra.run.smithi084.stdout:/usr/bin/ceph: stderr
2024-01-24T13:03:56.946+0000 7f2523400700 1 -- 172.21.15.84:0/1719195667 <== mgr.14118 v2:172.21.15.84:6800/1123249005 1 ==== command_reply(tid 0: 0 ) v1 ==== 8+0+6910 (secure 0 0 0) 0x7f250c03aed0 con 0x7f250c03bbe0
2024-01-24T13:03:57.300 INFO:teuthology.orchestra.run.smithi084.stdout:/usr/bin/ceph: stderr
2024-01-24T13:03:56.954+0000 7f2531c00700 1 -- 172.21.15.84:0/1719195667 --> [v2:172.21.15.84:6800/1123249005,v1:172.21.15.84:6801/1123249005] -- command(tid 1: {"prefix": "mgr_status"}) v1 -- 0x7f252c19d710 con 0x7f250c03bbe0
2024-01-24T13:03:57.300 INFO:teuthology.orchestra.run.smithi084.stdout:/usr/bin/ceph: stderr
2024-01-24T13:03:56.954+0000 7f2523400700 1 -- 172.21.15.84:0/1719195667 <== mgr.14118 v2:172.21.15.84:6800/1123249005 2 ==== command_reply(tid 1: 0 ) v1 ==== 8+0+51 (secure 0 0 0) 0x7f252c19d710 con 0x7f250c03bbe0
2024-01-24T13:03:57.300 INFO:teuthology.orchestra.run.smithi084.stdout:/usr/bin/ceph: stderr
2024-01-24T13:03:56.955+0000 7f2531c00700 1 -- 172.21.15.84:0/1719195667 >> [v2:172.21.15.84:6800/1123249005,v1:172.21.15.84:6801/1123249005] conn(0x7f250c03bbe0 msgr2=0x7f250c03dfd0 secure :-1 s=STATE_CONNECTION_ESTABLISHED l=1).mark_down
2024-01-24T13:03:57.300 INFO:teuthology.orchestra.run.smithi084.stdout:/usr/bin/ceph: stderr
2024-01-24T13:03:56.955+0000 7f2531c00700 1 --2- 172.21.15.84:0/1719195667 >> [v2:172.21.15.84:6800/1123249005,v1:172.21.15.84:6801/1123249005] conn(0x7f250c03bbe0 0x7f250c03dfd0 secure :-1 s=READY pgs=2 cs=0 l=1 rev1=1 crypto rx=0x7f2514003a10 tx=0x7f2514009290 comp rx=0 tx=0).stop
2024-01-24T13:03:57.301 INFO:teuthology.orchestra.run.smithi084.stdout:/usr/bin/ceph: stderr
2024-01-24T13:03:56.955+0000 7f2531c00700 1 -- 172.21.15.84:0/1719195667 >> [v2:172.21.15.84:3300/0,v1:172.21.15.84:6789/0] conn(0x7f252c1087b0 msgr2=0x7f252c19c3d0 secure :-1 s=STATE_CONNECTION_ESTABLISHED l=1).mark_down
2024-01-24T13:03:57.301 INFO:teuthology.orchestra.run.smithi084.stdout:/usr/bin/ceph: stderr
2024-01-24T13:03:56.955+0000 7f2531c00700 1 --2- 172.21.15.84:0/1719195667 >> [v2:172.21.15.84:3300/0,v1:172.21.15.84:6789/0] conn(0x7f252c1087b0 0x7f252c19c3d0 secure :-1 s=READY pgs=27 cs=0 l=1 rev1=1 crypto rx=0x7f251c000c00 tx=0x7f251c011e70 comp rx=0 tx=0).stop
2024-01-24T13:03:57.301 INFO:teuthology.orchestra.run.smithi084.stdout:/usr/bin/ceph: stderr
2024-01-24T13:03:56.955+0000 7f2531c00700 1 -- 172.21.15.84:0/1719195667 shutdown_connections
2024-01-24T13:03:57.301 INFO:teuthology.orchestra.run.smithi084.stdout:/usr/bin/ceph: stderr
2024-01-24T13:03:56.955+0000 7f2531c00700 1 --2- 172.21.15.84:0/1719195667 >> [v2:172.21.15.84:6800/1123249005,v1:172.21.15.84:6801/1123249005] conn(0x7f250c03bbe0 0x7f250c03dfd0 unknown :-1 s=CLOSED pgs=2 cs=0 l=1 rev1=1 crypto rx=0 tx=0 comp rx=0 tx=0).stop
2024-01-24T13:03:57.301 INFO:teuthology.orchestra.run.smithi084.stdout:/usr/bin/ceph: stderr
2024-01-24T13:03:56.955+0000 7f2531c00700 1 --2- 172.21.15.84:0/1719195667 >> [v2:172.21.15.84:3300/0,v1:172.21.15.84:6789/0] conn(0x7f252c1087b0 0x7f252c19c3d0 unknown :-1 s=CLOSED pgs=27 cs=0 l=1 rev1=1 crypto rx=0 tx=0 comp rx=0 tx=0).stop
2024-01-24T13:03:57.301 INFO:teuthology.orchestra.run.smithi084.stdout:/usr/bin/ceph: stderr
2024-01-24T13:03:56.955+0000 7f2531c00700 1 --2- 172.21.15.84:0/1719195667 >> [v2:172.21.15.84:6800/4121464047,v1:172.21.15.84:6801/4121464047] conn(0x7f250c038300 0x7f250c03a7c0 unknown :-1 s=CLOSED pgs=0 cs=0 l=1 rev1=0 crypto rx=0 tx=0 comp rx=0 tx=0).stop
2024-01-24T13:03:57.302 INFO:teuthology.orchestra.run.smithi084.stdout:/usr/bin/ceph: stderr
2024-01-24T13:03:56.955+0000 7f2531c00700 1 -- 172.21.15.84:0/1719195667 >> 172.21.15.84:0/1719195667 conn(0x7f252c103db0 msgr2=0x7f252c104ba0 unknown :-1 s=STATE_NONE l=0).mark_down
2024-01-24T13:03:57.302 INFO:teuthology.orchestra.run.smithi084.stdout:/usr/bin/ceph: stderr
2024-01-24T13:03:56.955+0000 7f2531c00700 1 -- 172.21.15.84:0/1719195667 shutdown_connections
2024-01-24T13:03:57.302 INFO:teuthology.orchestra.run.smithi084.stdout:/usr/bin/ceph: stderr
2024-01-24T13:03:56.955+0000 7f2531c00700 1 -- 172.21.15.84:0/1719195667 wait complete.
2024-01-24T13:03:57.302 INFO:teuthology.orchestra.run.smithi084.stdout:mgr epoch 5 is available
2024-01-24T13:03:57.302 INFO:teuthology.orchestra.run.smithi084.stdout:Setting orchestrator backend to cephadm...
2024-01-24T13:03:58.335 INFO:journalctl@ceph.mon.a.smithi084.stdout:Jan 24 13:03:57 smithi084 ceph-mon[35384]: from='client.14122 -' entity='client.admin' cmd=[{"prefix": "get_command_descriptions"}]: dispatch
2024-01-24T13:03:58.335 INFO:journalctl@ceph.mon.a.smithi084.stdout:Jan 24 13:03:57 smithi084 ceph-mon[35384]: from='client.14122 -' entity='client.admin' cmd=[{"prefix": "mgr_status"}]: dispatch
2024-01-24T13:03:58.335 INFO:journalctl@ceph.mon.a.smithi084.stdout:Jan 24 13:03:57 smithi084 ceph-mon[35384]: from='mgr.14118 172.21.15.84:0/2572885719' entity='mgr.x'
2024-01-24T13:03:58.341 INFO:teuthology.orchestra.run.smithi084.stdout:/usr/bin/ceph: stderr
2024-01-24T13:03:57.755+0000 7fb635e00700 1 Processor -- start
2024-01-24T13:03:58.341 INFO:teuthology.orchestra.run.smithi084.stdout:/usr/bin/ceph: stderr
2024-01-24T13:03:57.756+0000 7fb635e00700 1 -- start start
2024-01-24T13:03:58.341 INFO:teuthology.orchestra.run.smithi084.stdout:/usr/bin/ceph: stderr
2024-01-24T13:03:57.756+0000 7fb635e00700 1 --2- >> [v2:172.21.15.84:3300/0,v1:172.21.15.84:6789/0] conn(0x7fb63007ad50 0x7fb6300791b0 unknown :-1 s=NONE pgs=0 cs=0 l=0 rev1=0 crypto rx=0 tx=0 comp rx=0 tx=0).connect
2024-01-24T13:03:58.341 INFO:teuthology.orchestra.run.smithi084.stdout:/usr/bin/ceph: stderr
2024-01-24T13:03:57.756+0000 7fb635e00700 1 -- --> [v2:172.21.15.84:3300/0,v1:172.21.15.84:6789/0] -- mon_getmap magic: 0 v1 -- 0x7fb630079780 con 0x7fb63007ad50
2024-01-24T13:03:58.341 INFO:teuthology.orchestra.run.smithi084.stdout:/usr/bin/ceph: stderr
2024-01-24T13:03:57.756+0000 7fb62ea00700 1 --2- >> [v2:172.21.15.84:3300/0,v1:172.21.15.84:6789/0] conn(0x7fb63007ad50 0x7fb6300791b0 unknown :-1 s=BANNER_CONNECTING pgs=0 cs=0 l=0 rev1=0 crypto rx=0 tx=0 comp rx=0 tx=0)._handle_peer_banner_payload supported=3 required=0
2024-01-24T13:03:58.341 INFO:teuthology.orchestra.run.smithi084.stdout:/usr/bin/ceph: stderr
2024-01-24T13:03:57.756+0000 7fb62ea00700 1 --2- >> [v2:172.21.15.84:3300/0,v1:172.21.15.84:6789/0] conn(0x7fb63007ad50 0x7fb6300791b0 unknown :-1 s=HELLO_CONNECTING pgs=0 cs=0 l=0 rev1=1 crypto rx=0 tx=0 comp rx=0 tx=0).handle_hello peer v2:172.21.15.84:3300/0 says I am v2:172.21.15.84:46076/0 (socket says 172.21.15.84:46076)
2024-01-24T13:03:58.341 INFO:teuthology.orchestra.run.smithi084.stdout:/usr/bin/ceph: stderr
2024-01-24T13:03:57.756+0000 7fb62ea00700 1 -- 172.21.15.84:0/1507991942 learned_addr learned my addr 172.21.15.84:0/1507991942 (peer_addr_for_me v2:172.21.15.84:0/0)
2024-01-24T13:03:58.341 INFO:teuthology.orchestra.run.smithi084.stdout:/usr/bin/ceph: stderr
2024-01-24T13:03:57.757+0000 7fb62ea00700 1 -- 172.21.15.84:0/1507991942 --> [v2:172.21.15.84:3300/0,v1:172.21.15.84:6789/0] -- mon_subscribe({config=0+,monmap=0+}) v3 -- 0x7fb6300798c0 con 0x7fb63007ad50
2024-01-24T13:03:58.341 INFO:teuthology.orchestra.run.smithi084.stdout:/usr/bin/ceph: stderr
2024-01-24T13:03:57.757+0000 7fb62ea00700 1 --2- 172.21.15.84:0/1507991942 >> [v2:172.21.15.84:3300/0,v1:172.21.15.84:6789/0] conn(0x7fb63007ad50 0x7fb6300791b0 secure :-1 s=READY pgs=35 cs=0 l=1 rev1=1 crypto rx=0x7fb6200098a0 tx=0x7fb620009bb0 comp rx=0 tx=0).ready entity=mon.0 client_cookie=ecc79a3b15a28b11 server_cookie=0 in_seq=0 out_seq=0
2024-01-24T13:03:58.341 INFO:teuthology.orchestra.run.smithi084.stdout:/usr/bin/ceph: stderr
2024-01-24T13:03:57.757+0000 7fb62e000700 1 -- 172.21.15.84:0/1507991942 <== mon.0 v2:172.21.15.84:3300/0 1 ==== mon_map magic: 0 v1 ==== 205+0+0 (secure 0 0 0) 0x7fb620004160 con 0x7fb63007ad50
2024-01-24T13:03:58.342 INFO:teuthology.orchestra.run.smithi084.stdout:/usr/bin/ceph: stderr
2024-01-24T13:03:57.757+0000 7fb62e000700 1 -- 172.21.15.84:0/1507991942 <== mon.0 v2:172.21.15.84:3300/0 2 ==== config(25 keys) v1 ==== 1036+0+0 (secure 0 0 0) 0x7fb6200042c0 con 0x7fb63007ad50
2024-01-24T13:03:58.342 INFO:teuthology.orchestra.run.smithi084.stdout:/usr/bin/ceph: stderr
2024-01-24T13:03:57.757+0000 7fb62e000700 1 -- 172.21.15.84:0/1507991942 <== mon.0 v2:172.21.15.84:3300/0 3 ==== mon_map magic: 0 v1 ==== 205+0+0 (secure 0 0 0) 0x7fb620011940 con 0x7fb63007ad50
2024-01-24T13:03:58.342 INFO:teuthology.orchestra.run.smithi084.stdout:/usr/bin/ceph: stderr
2024-01-24T13:03:57.758+0000 7fb635e00700 1 -- 172.21.15.84:0/1507991942 >> [v2:172.21.15.84:3300/0,v1:172.21.15.84:6789/0] conn(0x7fb63007ad50 msgr2=0x7fb6300791b0 secure :-1 s=STATE_CONNECTION_ESTABLISHED l=1).mark_down
2024-01-24T13:03:58.342 INFO:teuthology.orchestra.run.smithi084.stdout:/usr/bin/ceph: stderr
2024-01-24T13:03:57.758+0000 7fb635e00700 1 --2- 172.21.15.84:0/1507991942 >> [v2:172.21.15.84:3300/0,v1:172.21.15.84:6789/0] conn(0x7fb63007ad50 0x7fb6300791b0 secure :-1 s=READY pgs=35 cs=0 l=1 rev1=1 crypto rx=0x7fb6200098a0 tx=0x7fb620009bb0 comp rx=0 tx=0).stop
2024-01-24T13:03:58.342 INFO:teuthology.orchestra.run.smithi084.stdout:/usr/bin/ceph: stderr
2024-01-24T13:03:57.758+0000 7fb635e00700 1 -- 172.21.15.84:0/1507991942 shutdown_connections
2024-01-24T13:03:58.342 INFO:teuthology.orchestra.run.smithi084.stdout:/usr/bin/ceph: stderr
2024-01-24T13:03:57.758+0000 7fb635e00700 1 --2- 172.21.15.84:0/1507991942 >> [v2:172.21.15.84:3300/0,v1:172.21.15.84:6789/0] conn(0x7fb63007ad50 0x7fb6300791b0 unknown :-1 s=CLOSED pgs=35 cs=0 l=1 rev1=1 crypto rx=0 tx=0 comp rx=0 tx=0).stop
2024-01-24T13:03:58.342 INFO:teuthology.orchestra.run.smithi084.stdout:/usr/bin/ceph: stderr
2024-01-24T13:03:57.758+0000 7fb635e00700 1 -- 172.21.15.84:0/1507991942 >> 172.21.15.84:0/1507991942 conn(0x7fb630101b90 msgr2=0x7fb630103fb0 unknown :-1 s=STATE_NONE l=0).mark_down
2024-01-24T13:03:58.342 INFO:teuthology.orchestra.run.smithi084.stdout:/usr/bin/ceph: stderr
2024-01-24T13:03:57.758+0000 7fb635e00700 1 -- 172.21.15.84:0/1507991942 shutdown_connections
2024-01-24T13:03:58.342 INFO:teuthology.orchestra.run.smithi084.stdout:/usr/bin/ceph: stderr
2024-01-24T13:03:57.758+0000 7fb635e00700 1 -- 172.21.15.84:0/1507991942 wait complete.
2024-01-24T13:03:58.342 INFO:teuthology.orchestra.run.smithi084.stdout:/usr/bin/ceph: stderr
2024-01-24T13:03:57.759+0000 7fb635e00700 1 Processor -- start
2024-01-24T13:03:58.342 INFO:teuthology.orchestra.run.smithi084.stdout:/usr/bin/ceph: stderr
2024-01-24T13:03:57.759+0000 7fb635e00700 1 -- start start
2024-01-24T13:03:58.342 INFO:teuthology.orchestra.run.smithi084.stdout:/usr/bin/ceph: stderr
2024-01-24T13:03:57.760+0000 7fb635e00700 1 --2- >> [v2:172.21.15.84:3300/0,v1:172.21.15.84:6789/0] conn(0x7fb63007ad50 0x7fb63019c390 unknown :-1 s=NONE pgs=0 cs=0 l=1 rev1=0 crypto rx=0 tx=0 comp rx=0 tx=0).connect
2024-01-24T13:03:58.343 INFO:teuthology.orchestra.run.smithi084.stdout:/usr/bin/ceph: stderr
2024-01-24T13:03:57.760+0000 7fb635e00700 1 -- --> [v2:172.21.15.84:3300/0,v1:172.21.15.84:6789/0] -- mon_getmap magic: 0 v1 -- 0x7fb63019c8d0 con 0x7fb63007ad50
2024-01-24T13:03:58.343 INFO:teuthology.orchestra.run.smithi084.stdout:/usr/bin/ceph: stderr
2024-01-24T13:03:57.760+0000 7fb62ea00700 1 --2- >> [v2:172.21.15.84:3300/0,v1:172.21.15.84:6789/0] conn(0x7fb63007ad50 0x7fb63019c390 unknown :-1 s=BANNER_CONNECTING pgs=0 cs=0 l=1 rev1=0 crypto rx=0 tx=0 comp rx=0 tx=0)._handle_peer_banner_payload supported=3 required=0
2024-01-24T13:03:58.343 INFO:teuthology.orchestra.run.smithi084.stdout:/usr/bin/ceph: stderr
2024-01-24T13:03:57.760+0000 7fb62ea00700 1 --2- >> [v2:172.21.15.84:3300/0,v1:172.21.15.84:6789/0] conn(0x7fb63007ad50 0x7fb63019c390 unknown :-1 s=HELLO_CONNECTING pgs=0 cs=0 l=1 rev1=1 crypto rx=0 tx=0 comp rx=0 tx=0).handle_hello peer v2:172.21.15.84:3300/0 says I am v2:172.21.15.84:46080/0 (socket says 172.21.15.84:46080)
2024-01-24T13:03:58.343 INFO:teuthology.orchestra.run.smithi084.stdout:/usr/bin/ceph: stderr
2024-01-24T13:03:57.760+0000 7fb62ea00700 1 -- 172.21.15.84:0/4060387609 learned_addr learned my addr 172.21.15.84:0/4060387609 (peer_addr_for_me v2:172.21.15.84:0/0)
2024-01-24T13:03:58.343 INFO:teuthology.orchestra.run.smithi084.stdout:/usr/bin/ceph: stderr
2024-01-24T13:03:57.760+0000 7fb62ea00700 1 -- 172.21.15.84:0/4060387609 --> [v2:172.21.15.84:3300/0,v1:172.21.15.84:6789/0] -- mon_subscribe({config=0+,monmap=0+}) v3 -- 0x7fb620009550 con 0x7fb63007ad50
2024-01-24T13:03:58.343 INFO:teuthology.orchestra.run.smithi084.stdout:/usr/bin/ceph: stderr
2024-01-24T13:03:57.761+0000 7fb62ea00700 1 --2- 172.21.15.84:0/4060387609 >> [v2:172.21.15.84:3300/0,v1:172.21.15.84:6789/0] conn(0x7fb63007ad50 0x7fb63019c390 secure :-1 s=READY pgs=36 cs=0 l=1 rev1=1 crypto rx=0x7fb620011dc0 tx=0x7fb620011ea0 comp rx=0 tx=0).ready entity=mon.0 client_cookie=0 server_cookie=0 in_seq=0 out_seq=0
2024-01-24T13:03:58.343 INFO:teuthology.orchestra.run.smithi084.stdout:/usr/bin/ceph: stderr
2024-01-24T13:03:57.761+0000 7fb634a00700 1 -- 172.21.15.84:0/4060387609 <== mon.0 v2:172.21.15.84:3300/0 1 ==== mon_map magic: 0 v1 ==== 205+0+0 (secure 0 0 0) 0x7fb6200037d0 con 0x7fb63007ad50
2024-01-24T13:03:58.343 INFO:teuthology.orchestra.run.smithi084.stdout:/usr/bin/ceph: stderr
2024-01-24T13:03:57.761+0000 7fb634a00700 1 -- 172.21.15.84:0/4060387609 <== mon.0 v2:172.21.15.84:3300/0 2 ==== config(25 keys) v1 ==== 1036+0+0 (secure 0 0 0) 0x7fb62001b440 con 0x7fb63007ad50
2024-01-24T13:03:58.343 INFO:teuthology.orchestra.run.smithi084.stdout:/usr/bin/ceph: stderr
2024-01-24T13:03:57.761+0000 7fb635e00700 1 -- 172.21.15.84:0/4060387609 --> [v2:172.21.15.84:3300/0,v1:172.21.15.84:6789/0] -- mon_subscribe({mgrmap=0+}) v3 -- 0x7fb63019cad0 con 0x7fb63007ad50
2024-01-24T13:03:58.343 INFO:teuthology.orchestra.run.smithi084.stdout:/usr/bin/ceph: stderr
2024-01-24T13:03:57.761+0000 7fb634a00700 1 -- 172.21.15.84:0/4060387609 <== mon.0 v2:172.21.15.84:3300/0 3 ==== mon_map magic: 0 v1 ==== 205+0+0 (secure 0 0 0) 0x7fb62001a560 con 0x7fb63007ad50
2024-01-24T13:03:58.343 INFO:teuthology.orchestra.run.smithi084.stdout:/usr/bin/ceph: stderr
2024-01-24T13:03:57.761+0000 7fb635e00700 1 -- 172.21.15.84:0/4060387609 --> [v2:172.21.15.84:3300/0,v1:172.21.15.84:6789/0] -- mon_subscribe({osdmap=0}) v3 -- 0x7fb63019cef0 con 0x7fb63007ad50
2024-01-24T13:03:58.343 INFO:teuthology.orchestra.run.smithi084.stdout:/usr/bin/ceph: stderr
2024-01-24T13:03:57.762+0000 7fb635e00700 1 -- 172.21.15.84:0/4060387609 --> [v2:172.21.15.84:3300/0,v1:172.21.15.84:6789/0] -- mon_command({"prefix": "get_command_descriptions"} v 0) v1 -- 0x7fb630062370 con 0x7fb63007ad50
2024-01-24T13:03:58.343 INFO:teuthology.orchestra.run.smithi084.stdout:/usr/bin/ceph: stderr
2024-01-24T13:03:57.762+0000 7fb634a00700 1 -- 172.21.15.84:0/4060387609 <== mon.0 v2:172.21.15.84:3300/0 4 ==== mgrmap(e 7) v1 ==== 45162+0+0 (secure 0 0 0) 0x7fb62001b5b0 con 0x7fb63007ad50
2024-01-24T13:03:58.343 INFO:teuthology.orchestra.run.smithi084.stdout:/usr/bin/ceph: stderr
2024-01-24T13:03:57.763+0000 7fb634a00700 1 --2- 172.21.15.84:0/4060387609 >> [v2:172.21.15.84:6800/1123249005,v1:172.21.15.84:6801/1123249005] conn(0x7fb610038220 0x7fb61003a6e0 unknown :-1 s=NONE pgs=0 cs=0 l=1 rev1=0 crypto rx=0 tx=0 comp rx=0 tx=0).connect
2024-01-24T13:03:58.344 INFO:teuthology.orchestra.run.smithi084.stdout:/usr/bin/ceph: stderr
2024-01-24T13:03:57.763+0000 7fb634a00700 1 -- 172.21.15.84:0/4060387609 <== mon.0 v2:172.21.15.84:3300/0 5 ==== osd_map(2..2 src has 1..2) v4 ==== 940+0+0 (secure 0 0 0) 0x7fb62004bf00 con 0x7fb63007ad50
2024-01-24T13:03:58.344 INFO:teuthology.orchestra.run.smithi084.stdout:/usr/bin/ceph: stderr
2024-01-24T13:03:57.763+0000 7fb627e00700 1 --2- 172.21.15.84:0/4060387609 >> [v2:172.21.15.84:6800/1123249005,v1:172.21.15.84:6801/1123249005] conn(0x7fb610038220 0x7fb61003a6e0 unknown :-1 s=BANNER_CONNECTING pgs=0 cs=0 l=1 rev1=0 crypto rx=0 tx=0 comp rx=0 tx=0)._handle_peer_banner_payload supported=3 required=0
2024-01-24T13:03:58.344 INFO:teuthology.orchestra.run.smithi084.stdout:/usr/bin/ceph: stderr
2024-01-24T13:03:57.763+0000 7fb627e00700 1 --2- 172.21.15.84:0/4060387609 >> [v2:172.21.15.84:6800/1123249005,v1:172.21.15.84:6801/1123249005] conn(0x7fb610038220 0x7fb61003a6e0 secure :-1 s=READY pgs=7 cs=0 l=1 rev1=1 crypto rx=0x7fb618006fd0 tx=0x7fb618006e40 comp rx=0 tx=0).ready entity=mgr.14118 client_cookie=0 server_cookie=0 in_seq=0 out_seq=0
2024-01-24T13:03:58.344 INFO:teuthology.orchestra.run.smithi084.stdout:/usr/bin/ceph: stderr
2024-01-24T13:03:57.769+0000 7fb634a00700 1 -- 172.21.15.84:0/4060387609 <== mon.0 v2:172.21.15.84:3300/0 6 ==== mon_command_ack([{"prefix": "get_command_descriptions"}]=0 v0) v1 ==== 72+0+180484 (secure 0 0 0) 0x7fb620023590 con 0x7fb63007ad50
2024-01-24T13:03:58.344 INFO:teuthology.orchestra.run.smithi084.stdout:/usr/bin/ceph: stderr
2024-01-24T13:03:57.979+0000 7fb635e00700 1 -- 172.21.15.84:0/4060387609 --> [v2:172.21.15.84:6800/1123249005,v1:172.21.15.84:6801/1123249005] -- mgr_command(tid 0: {"prefix": "orch set backend", "module_name": "cephadm", "target": ["mon-mgr", ""]}) v1 -- 0x7fb630103040 con 0x7fb610038220
2024-01-24T13:03:58.344 INFO:teuthology.orchestra.run.smithi084.stdout:/usr/bin/ceph: stderr
2024-01-24T13:03:57.986+0000 7fb634a00700 1 -- 172.21.15.84:0/4060387609 <== mgr.14118 v2:172.21.15.84:6800/1123249005 1 ==== mgr_command_reply(tid 0: 0 ) v1 ==== 8+0+0 (secure 0 0 0) 0x7fb630103040 con 0x7fb610038220
2024-01-24T13:03:58.344 INFO:teuthology.orchestra.run.smithi084.stdout:/usr/bin/ceph: stderr
2024-01-24T13:03:57.988+0000 7fb635e00700 1 -- 172.21.15.84:0/4060387609 >> [v2:172.21.15.84:6800/1123249005,v1:172.21.15.84:6801/1123249005] conn(0x7fb610038220 msgr2=0x7fb61003a6e0 secure :-1 s=STATE_CONNECTION_ESTABLISHED l=1).mark_down
2024-01-24T13:03:58.344 INFO:teuthology.orchestra.run.smithi084.stdout:/usr/bin/ceph: stderr
2024-01-24T13:03:57.988+0000 7fb635e00700 1 --2- 172.21.15.84:0/4060387609 >> [v2:172.21.15.84:6800/1123249005,v1:172.21.15.84:6801/1123249005] conn(0x7fb610038220 0x7fb61003a6e0 secure :-1 s=READY pgs=7 cs=0 l=1 rev1=1 crypto rx=0x7fb618006fd0 tx=0x7fb618006e40 comp rx=0 tx=0).stop
2024-01-24T13:03:58.344 INFO:teuthology.orchestra.run.smithi084.stdout:/usr/bin/ceph: stderr
2024-01-24T13:03:57.988+0000 7fb635e00700 1 -- 172.21.15.84:0/4060387609 >> [v2:172.21.15.84:3300/0,v1:172.21.15.84:6789/0] conn(0x7fb63007ad50 msgr2=0x7fb63019c390 secure :-1 s=STATE_CONNECTION_ESTABLISHED l=1).mark_down
2024-01-24T13:03:58.344 INFO:teuthology.orchestra.run.smithi084.stdout:/usr/bin/ceph: stderr
2024-01-24T13:03:57.988+0000 7fb635e00700 1 --2- 172.21.15.84:0/4060387609 >> [v2:172.21.15.84:3300/0,v1:172.21.15.84:6789/0] conn(0x7fb63007ad50 0x7fb63019c390 secure :-1 s=READY pgs=36 cs=0 l=1 rev1=1 crypto rx=0x7fb620011dc0 tx=0x7fb620011ea0 comp rx=0 tx=0).stop
2024-01-24T13:03:58.344 INFO:teuthology.orchestra.run.smithi084.stdout:/usr/bin/ceph: stderr
2024-01-24T13:03:57.989+0000 7fb635e00700 1 -- 172.21.15.84:0/4060387609 shutdown_connections
2024-01-24T13:03:58.344 INFO:teuthology.orchestra.run.smithi084.stdout:/usr/bin/ceph: stderr
2024-01-24T13:03:57.989+0000 7fb635e00700 1 --2- 172.21.15.84:0/4060387609 >> [v2:172.21.15.84:6800/1123249005,v1:172.21.15.84:6801/1123249005] conn(0x7fb610038220 0x7fb61003a6e0 unknown :-1 s=CLOSED pgs=7 cs=0 l=1 rev1=1 crypto rx=0 tx=0 comp rx=0 tx=0).stop
2024-01-24T13:03:58.344 INFO:teuthology.orchestra.run.smithi084.stdout:/usr/bin/ceph: stderr
2024-01-24T13:03:57.989+0000 7fb635e00700 1 --2- 172.21.15.84:0/4060387609 >> [v2:172.21.15.84:3300/0,v1:172.21.15.84:6789/0] conn(0x7fb63007ad50 0x7fb63019c390 unknown :-1 s=CLOSED pgs=36 cs=0 l=1 rev1=1 crypto rx=0 tx=0 comp rx=0 tx=0).stop
2024-01-24T13:03:58.344 INFO:teuthology.orchestra.run.smithi084.stdout:/usr/bin/ceph: stderr
2024-01-24T13:03:57.989+0000 7fb635e00700 1 -- 172.21.15.84:0/4060387609 >> 172.21.15.84:0/4060387609 conn(0x7fb630101b90 msgr2=0x7fb630102930 unknown :-1 s=STATE_NONE l=0).mark_down
2024-01-24T13:03:58.345 INFO:teuthology.orchestra.run.smithi084.stdout:/usr/bin/ceph: stderr
2024-01-24T13:03:57.989+0000 7fb635e00700 1 -- 172.21.15.84:0/4060387609 shutdown_connections
2024-01-24T13:03:58.345 INFO:teuthology.orchestra.run.smithi084.stdout:/usr/bin/ceph: stderr
2024-01-24T13:03:57.989+0000 7fb635e00700 1 -- 172.21.15.84:0/4060387609 wait complete.
2024-01-24T13:03:59.340 INFO:teuthology.orchestra.run.smithi084.stdout:/usr/bin/ceph: stdout value unchanged
2024-01-24T13:03:59.349 INFO:teuthology.orchestra.run.smithi084.stdout:/usr/bin/ceph: stderr
2024-01-24T13:03:58.736+0000 7fa87d000700 1 Processor -- start
2024-01-24T13:03:59.349 INFO:teuthology.orchestra.run.smithi084.stdout:/usr/bin/ceph: stderr
2024-01-24T13:03:58.736+0000 7fa87d000700 1 -- start start
2024-01-24T13:03:59.349 INFO:teuthology.orchestra.run.smithi084.stdout:/usr/bin/ceph: stderr
2024-01-24T13:03:58.737+0000 7fa87d000700 1 --2- >> [v2:172.21.15.84:3300/0,v1:172.21.15.84:6789/0] conn(0x7fa87807ad70 0x7fa8780791d0 unknown :-1 s=NONE pgs=0 cs=0 l=0 rev1=0 crypto rx=0 tx=0 comp rx=0 tx=0).connect
2024-01-24T13:03:59.349 INFO:teuthology.orchestra.run.smithi084.stdout:/usr/bin/ceph: stderr
2024-01-24T13:03:58.737+0000 7fa87d000700 1 -- --> [v2:172.21.15.84:3300/0,v1:172.21.15.84:6789/0] -- mon_getmap magic: 0 v1 -- 0x7fa8780797a0 con 0x7fa87807ad70
2024-01-24T13:03:59.350 INFO:teuthology.orchestra.run.smithi084.stdout:/usr/bin/ceph: stderr
2024-01-24T13:03:58.737+0000 7fa875e00700 1 --2- >> [v2:172.21.15.84:3300/0,v1:172.21.15.84:6789/0] conn(0x7fa87807ad70 0x7fa8780791d0 unknown :-1 s=BANNER_CONNECTING pgs=0 cs=0 l=0 rev1=0 crypto rx=0 tx=0 comp rx=0 tx=0)._handle_peer_banner_payload supported=3 required=0
2024-01-24T13:03:59.350 INFO:teuthology.orchestra.run.smithi084.stdout:/usr/bin/ceph: stderr
2024-01-24T13:03:58.737+0000 7fa875e00700 1 --2- >> [v2:172.21.15.84:3300/0,v1:172.21.15.84:6789/0] conn(0x7fa87807ad70 0x7fa8780791d0 unknown :-1 s=HELLO_CONNECTING pgs=0 cs=0 l=0 rev1=1 crypto rx=0 tx=0 comp rx=0 tx=0).handle_hello peer v2:172.21.15.84:3300/0 says I am v2:172.21.15.84:41160/0 (socket says 172.21.15.84:41160)
2024-01-24T13:03:59.350 INFO:teuthology.orchestra.run.smithi084.stdout:/usr/bin/ceph: stderr
2024-01-24T13:03:58.737+0000 7fa875e00700 1 -- 172.21.15.84:0/1853739777 learned_addr learned my addr 172.21.15.84:0/1853739777 (peer_addr_for_me v2:172.21.15.84:0/0)
2024-01-24T13:03:59.350 INFO:teuthology.orchestra.run.smithi084.stdout:/usr/bin/ceph: stderr
2024-01-24T13:03:58.737+0000 7fa875e00700 1 -- 172.21.15.84:0/1853739777 --> [v2:172.21.15.84:3300/0,v1:172.21.15.84:6789/0] -- mon_subscribe({config=0+,monmap=0+}) v3 -- 0x7fa8780798e0 con 0x7fa87807ad70
2024-01-24T13:03:59.350 INFO:teuthology.orchestra.run.smithi084.stdout:/usr/bin/ceph: stderr
2024-01-24T13:03:58.738+0000 7fa875e00700 1 --2- 172.21.15.84:0/1853739777 >> [v2:172.21.15.84:3300/0,v1:172.21.15.84:6789/0] conn(0x7fa87807ad70 0x7fa8780791d0 secure :-1 s=READY pgs=37 cs=0 l=1 rev1=1 crypto rx=0x7fa8680098a0 tx=0x7fa868009bb0 comp rx=0 tx=0).ready entity=mon.0 client_cookie=34782d81aa07250d server_cookie=0 in_seq=0 out_seq=0
2024-01-24T13:03:59.350 INFO:teuthology.orchestra.run.smithi084.stdout:/usr/bin/ceph: stderr
2024-01-24T13:03:58.738+0000 7fa875400700 1 -- 172.21.15.84:0/1853739777 <== mon.0 v2:172.21.15.84:3300/0 1 ==== mon_map magic: 0 v1 ==== 205+0+0 (secure 0 0 0) 0x7fa868004160 con 0x7fa87807ad70
2024-01-24T13:03:59.350 INFO:teuthology.orchestra.run.smithi084.stdout:/usr/bin/ceph: stderr
2024-01-24T13:03:58.738+0000 7fa875400700 1 -- 172.21.15.84:0/1853739777 <== mon.0 v2:172.21.15.84:3300/0 2 ==== config(25 keys) v1 ==== 1036+0+0 (secure 0 0 0) 0x7fa8680042c0 con 0x7fa87807ad70
2024-01-24T13:03:59.351 INFO:teuthology.orchestra.run.smithi084.stdout:/usr/bin/ceph: stderr
2024-01-24T13:03:58.738+0000 7fa875400700 1 -- 172.21.15.84:0/1853739777 <== mon.0 v2:172.21.15.84:3300/0 3 ==== mon_map magic: 0 v1 ==== 205+0+0 (secure 0 0 0) 0x7fa868011940 con 0x7fa87807ad70
2024-01-24T13:03:59.351 INFO:teuthology.orchestra.run.smithi084.stdout:/usr/bin/ceph: stderr
2024-01-24T13:03:58.738+0000 7fa87d000700 1 -- 172.21.15.84:0/1853739777 >> [v2:172.21.15.84:3300/0,v1:172.21.15.84:6789/0] conn(0x7fa87807ad70 msgr2=0x7fa8780791d0 secure :-1 s=STATE_CONNECTION_ESTABLISHED l=1).mark_down
2024-01-24T13:03:59.351 INFO:teuthology.orchestra.run.smithi084.stdout:/usr/bin/ceph: stderr
2024-01-24T13:03:58.739+0000 7fa87d000700 1 --2- 172.21.15.84:0/1853739777 >> [v2:172.21.15.84:3300/0,v1:172.21.15.84:6789/0] conn(0x7fa87807ad70 0x7fa8780791d0 secure :-1 s=READY pgs=37 cs=0 l=1 rev1=1 crypto rx=0x7fa8680098a0 tx=0x7fa868009bb0 comp rx=0 tx=0).stop
2024-01-24T13:03:59.351 INFO:teuthology.orchestra.run.smithi084.stdout:/usr/bin/ceph: stderr
2024-01-24T13:03:58.739+0000 7fa87d000700 1 -- 172.21.15.84:0/1853739777 shutdown_connections
2024-01-24T13:03:59.351 INFO:teuthology.orchestra.run.smithi084.stdout:/usr/bin/ceph: stderr
2024-01-24T13:03:58.739+0000 7fa87d000700 1 --2- 172.21.15.84:0/1853739777 >> [v2:172.21.15.84:3300/0,v1:172.21.15.84:6789/0] conn(0x7fa87807ad70 0x7fa8780791d0 unknown :-1 s=CLOSED pgs=37 cs=0 l=1 rev1=1 crypto rx=0 tx=0 comp rx=0 tx=0).stop
2024-01-24T13:03:59.351 INFO:teuthology.orchestra.run.smithi084.stdout:/usr/bin/ceph: stderr
2024-01-24T13:03:58.739+0000 7fa87d000700 1 -- 172.21.15.84:0/1853739777 >> 172.21.15.84:0/1853739777 conn(0x7fa878101b90 msgr2=0x7fa878103fb0 unknown :-1 s=STATE_NONE l=0).mark_down
2024-01-24T13:03:59.352 INFO:teuthology.orchestra.run.smithi084.stdout:/usr/bin/ceph: stderr
2024-01-24T13:03:58.739+0000 7fa87d000700 1 -- 172.21.15.84:0/1853739777 shutdown_connections
2024-01-24T13:03:59.352 INFO:teuthology.orchestra.run.smithi084.stdout:/usr/bin/ceph: stderr
2024-01-24T13:03:58.739+0000 7fa87d000700 1 -- 172.21.15.84:0/1853739777 wait complete.
2024-01-24T13:03:59.352 INFO:teuthology.orchestra.run.smithi084.stdout:/usr/bin/ceph: stderr
2024-01-24T13:03:58.740+0000 7fa87d000700 1 Processor -- start
2024-01-24T13:03:59.352 INFO:teuthology.orchestra.run.smithi084.stdout:/usr/bin/ceph: stderr
2024-01-24T13:03:58.740+0000 7fa87d000700 1 -- start start
2024-01-24T13:03:59.352 INFO:teuthology.orchestra.run.smithi084.stdout:/usr/bin/ceph: stderr
2024-01-24T13:03:58.740+0000 7fa87d000700 1 --2- >> [v2:172.21.15.84:3300/0,v1:172.21.15.84:6789/0] conn(0x7fa87807ad70 0x7fa87819c3d0 unknown :-1 s=NONE pgs=0 cs=0 l=1 rev1=0 crypto rx=0 tx=0 comp rx=0 tx=0).connect
2024-01-24T13:03:59.352 INFO:teuthology.orchestra.run.smithi084.stdout:/usr/bin/ceph: stderr
2024-01-24T13:03:58.740+0000 7fa87d000700 1 -- --> [v2:172.21.15.84:3300/0,v1:172.21.15.84:6789/0] -- mon_getmap magic: 0 v1 -- 0x7fa87819c910 con 0x7fa87807ad70
2024-01-24T13:03:59.352 INFO:teuthology.orchestra.run.smithi084.stdout:/usr/bin/ceph: stderr
2024-01-24T13:03:58.740+0000 7fa875e00700 1 --2- >> [v2:172.21.15.84:3300/0,v1:172.21.15.84:6789/0] conn(0x7fa87807ad70 0x7fa87819c3d0 unknown :-1 s=BANNER_CONNECTING pgs=0 cs=0 l=1 rev1=0 crypto rx=0 tx=0 comp rx=0 tx=0)._handle_peer_banner_payload supported=3 required=0
2024-01-24T13:03:59.352 INFO:teuthology.orchestra.run.smithi084.stdout:/usr/bin/ceph: stderr
2024-01-24T13:03:58.740+0000 7fa875e00700 1 --2- >> [v2:172.21.15.84:3300/0,v1:172.21.15.84:6789/0] conn(0x7fa87807ad70 0x7fa87819c3d0 unknown :-1 s=HELLO_CONNECTING pgs=0 cs=0 l=1 rev1=1 crypto rx=0 tx=0 comp rx=0 tx=0).handle_hello peer v2:172.21.15.84:3300/0 says I am v2:172.21.15.84:41174/0 (socket says 172.21.15.84:41174)
2024-01-24T13:03:59.353 INFO:teuthology.orchestra.run.smithi084.stdout:/usr/bin/ceph: stderr
2024-01-24T13:03:58.740+0000 7fa875e00700 1 -- 172.21.15.84:0/331089372 learned_addr learned my addr 172.21.15.84:0/331089372 (peer_addr_for_me v2:172.21.15.84:0/0)
2024-01-24T13:03:59.353 INFO:teuthology.orchestra.run.smithi084.stdout:/usr/bin/ceph: stderr
2024-01-24T13:03:58.741+0000 7fa875e00700 1 -- 172.21.15.84:0/331089372 --> [v2:172.21.15.84:3300/0,v1:172.21.15.84:6789/0] -- mon_subscribe({config=0+,monmap=0+}) v3 -- 0x7fa868009550 con 0x7fa87807ad70
2024-01-24T13:03:59.353 INFO:teuthology.orchestra.run.smithi084.stdout:/usr/bin/ceph: stderr
2024-01-24T13:03:58.741+0000 7fa875e00700 1 --2- 172.21.15.84:0/331089372 >> [v2:172.21.15.84:3300/0,v1:172.21.15.84:6789/0] conn(0x7fa87807ad70 0x7fa87819c3d0 secure :-1 s=READY pgs=38 cs=0 l=1 rev1=1 crypto rx=0x7fa868000c00 tx=0x7fa868011e70 comp rx=0 tx=0).ready entity=mon.0 client_cookie=0 server_cookie=0 in_seq=0 out_seq=0
2024-01-24T13:03:59.353 INFO:teuthology.orchestra.run.smithi084.stdout:/usr/bin/ceph: stderr
2024-01-24T13:03:58.741+0000 7fa86ea00700 1 -- 172.21.15.84:0/331089372 <== mon.0 v2:172.21.15.84:3300/0 1 ==== mon_map magic: 0 v1 ==== 205+0+0 (secure 0 0 0) 0x7fa8680036a0 con 0x7fa87807ad70
2024-01-24T13:03:59.353 INFO:teuthology.orchestra.run.smithi084.stdout:/usr/bin/ceph: stderr
2024-01-24T13:03:58.741+0000 7fa86ea00700 1 -- 172.21.15.84:0/331089372 <== mon.0 v2:172.21.15.84:3300/0 2 ==== config(25 keys) v1 ==== 1036+0+0 (secure 0 0 0) 0x7fa868003c70 con 0x7fa87807ad70
2024-01-24T13:03:59.353 INFO:teuthology.orchestra.run.smithi084.stdout:/usr/bin/ceph: stderr
2024-01-24T13:03:58.741+0000 7fa87d000700 1 -- 172.21.15.84:0/331089372 --> [v2:172.21.15.84:3300/0,v1:172.21.15.84:6789/0] -- mon_subscribe({mgrmap=0+}) v3 -- 0x7fa87819cb10 con 0x7fa87807ad70
2024-01-24T13:03:59.353 INFO:teuthology.orchestra.run.smithi084.stdout:/usr/bin/ceph: stderr
2024-01-24T13:03:58.741+0000 7fa86ea00700 1 -- 172.21.15.84:0/331089372 <== mon.0 v2:172.21.15.84:3300/0 3 ==== mon_map magic: 0 v1 ==== 205+0+0 (secure 0 0 0) 0x7fa8680193f0 con 0x7fa87807ad70
2024-01-24T13:03:59.353 INFO:teuthology.orchestra.run.smithi084.stdout:/usr/bin/ceph: stderr
2024-01-24T13:03:58.741+0000 7fa87d000700 1 -- 172.21.15.84:0/331089372 --> [v2:172.21.15.84:3300/0,v1:172.21.15.84:6789/0] -- mon_subscribe({osdmap=0}) v3 -- 0x7fa87819cf30 con 0x7fa87807ad70
2024-01-24T13:03:59.353 INFO:teuthology.orchestra.run.smithi084.stdout:/usr/bin/ceph: stderr
2024-01-24T13:03:58.742+0000 7fa87d000700 1 -- 172.21.15.84:0/331089372 --> [v2:172.21.15.84:3300/0,v1:172.21.15.84:6789/0] -- mon_command({"prefix": "get_command_descriptions"} v 0) v1 -- 0x7fa878062370 con 0x7fa87807ad70
2024-01-24T13:03:59.353 INFO:teuthology.orchestra.run.smithi084.stdout:/usr/bin/ceph: stderr
2024-01-24T13:03:58.743+0000 7fa86ea00700 1 -- 172.21.15.84:0/331089372 <== mon.0 v2:172.21.15.84:3300/0 4 ==== mgrmap(e 8) v1 ==== 45268+0+0 (secure 0 0 0) 0x7fa86801b440 con 0x7fa87807ad70
2024-01-24T13:03:59.353 INFO:teuthology.orchestra.run.smithi084.stdout:/usr/bin/ceph: stderr
2024-01-24T13:03:58.743+0000 7fa86ea00700 1 --2- 172.21.15.84:0/331089372 >> [v2:172.21.15.84:6800/1123249005,v1:172.21.15.84:6801/1123249005] conn(0x7fa858038300 0x7fa85803a7c0 unknown :-1 s=NONE pgs=0 cs=0 l=1 rev1=0 crypto rx=0 tx=0 comp rx=0 tx=0).connect
2024-01-24T13:03:59.353 INFO:teuthology.orchestra.run.smithi084.stdout:/usr/bin/ceph: stderr
2024-01-24T13:03:58.743+0000 7fa86ea00700 1 -- 172.21.15.84:0/331089372 <== mon.0 v2:172.21.15.84:3300/0 5 ==== osd_map(2..2 src has 1..2) v4 ==== 940+0+0 (secure 0 0 0) 0x7fa86804c050 con 0x7fa87807ad70
2024-01-24T13:03:59.354 INFO:teuthology.orchestra.run.smithi084.stdout:/usr/bin/ceph: stderr
2024-01-24T13:03:58.744+0000 7fa86fe00700 1 --2- 172.21.15.84:0/331089372 >> [v2:172.21.15.84:6800/1123249005,v1:172.21.15.84:6801/1123249005] conn(0x7fa858038300 0x7fa85803a7c0 unknown :-1 s=BANNER_CONNECTING pgs=0 cs=0 l=1 rev1=0 crypto rx=0 tx=0 comp rx=0 tx=0)._handle_peer_banner_payload supported=3 required=0
2024-01-24T13:03:59.354 INFO:teuthology.orchestra.run.smithi084.stdout:/usr/bin/ceph: stderr
2024-01-24T13:03:58.744+0000 7fa86fe00700 1 --2- 172.21.15.84:0/331089372 >> [v2:172.21.15.84:6800/1123249005,v1:172.21.15.84:6801/1123249005] conn(0x7fa858038300 0x7fa85803a7c0 secure :-1 s=READY pgs=8 cs=0 l=1 rev1=1 crypto rx=0x7fa860006fd0 tx=0x7fa860006e40 comp rx=0 tx=0).ready entity=mgr.14118 client_cookie=0 server_cookie=0 in_seq=0 out_seq=0
2024-01-24T13:03:59.354 INFO:teuthology.orchestra.run.smithi084.stdout:/usr/bin/ceph: stderr
2024-01-24T13:03:58.748+0000 7fa86ea00700 1 -- 172.21.15.84:0/331089372 <== mon.0 v2:172.21.15.84:3300/0 6 ==== mon_command_ack([{"prefix": "get_command_descriptions"}]=0 v0) v1 ==== 72+0+180484 (secure 0 0 0) 0x7fa868022950 con 0x7fa87807ad70
2024-01-24T13:03:59.354 INFO:teuthology.orchestra.run.smithi084.stdout:/usr/bin/ceph: stderr
2024-01-24T13:03:58.946+0000 7fa87d000700 1 -- 172.21.15.84:0/331089372 --> [v2:172.21.15.84:6800/1123249005,v1:172.21.15.84:6801/1123249005] -- mgr_command(tid 0: {"prefix": "cephadm set-user", "user": "root", "target": ["mon-mgr", ""]}) v1 -- 0x7fa878103080 con 0x7fa858038300
2024-01-24T13:03:59.354 INFO:teuthology.orchestra.run.smithi084.stdout:/usr/bin/ceph: stderr
2024-01-24T13:03:58.946+0000 7fa86ea00700 1 -- 172.21.15.84:0/331089372 <== mgr.14118 v2:172.21.15.84:6800/1123249005 1 ==== mgr_command_reply(tid 0: 0 ) v1 ==== 8+0+16 (secure 0 0 0) 0x7fa878103080 con 0x7fa858038300
2024-01-24T13:03:59.354 INFO:teuthology.orchestra.run.smithi084.stdout:/usr/bin/ceph: stderr
2024-01-24T13:03:58.949+0000 7fa87d000700 1 -- 172.21.15.84:0/331089372 >> [v2:172.21.15.84:6800/1123249005,v1:172.21.15.84:6801/1123249005] conn(0x7fa858038300 msgr2=0x7fa85803a7c0 secure :-1 s=STATE_CONNECTION_ESTABLISHED l=1).mark_down
2024-01-24T13:03:59.354 INFO:teuthology.orchestra.run.smithi084.stdout:/usr/bin/ceph: stderr
2024-01-24T13:03:58.949+0000 7fa87d000700 1 --2- 172.21.15.84:0/331089372 >> [v2:172.21.15.84:6800/1123249005,v1:172.21.15.84:6801/1123249005] conn(0x7fa858038300 0x7fa85803a7c0 secure :-1 s=READY pgs=8 cs=0 l=1 rev1=1 crypto rx=0x7fa860006fd0 tx=0x7fa860006e40 comp rx=0 tx=0).stop
2024-01-24T13:03:59.354 INFO:teuthology.orchestra.run.smithi084.stdout:/usr/bin/ceph: stderr
2024-01-24T13:03:58.949+0000 7fa87d000700 1 -- 172.21.15.84:0/331089372 >> [v2:172.21.15.84:3300/0,v1:172.21.15.84:6789/0] conn(0x7fa87807ad70 msgr2=0x7fa87819c3d0 secure :-1 s=STATE_CONNECTION_ESTABLISHED l=1).mark_down
2024-01-24T13:03:59.354 INFO:teuthology.orchestra.run.smithi084.stdout:/usr/bin/ceph: stderr
