2024-01-24T13:29:53.385 INFO:teuthology.orchestra.run.smithi029.stdout:/usr/bin/ceph: stderr
2024-01-24T13:29:52.004+0000 7f6e6e156700 1 -- 172.21.15.29:0/3608118379 >> [v2:172.21.15.29:6800/835547951,v1:172.21.15.29:6801/835547951] conn(0x7f6e50038180 msgr2=0x7f6e5003a640 secure :-1 s=STATE_CONNECTION_ESTABLISHED l=1).mark_down
2024-01-24T13:29:53.385 INFO:teuthology.orchestra.run.smithi029.stdout:/usr/bin/ceph: stderr
2024-01-24T13:29:52.004+0000 7f6e6e156700 1 --2- 172.21.15.29:0/3608118379 >> [v2:172.21.15.29:6800/835547951,v1:172.21.15.29:6801/835547951] conn(0x7f6e50038180 0x7f6e5003a640 secure :-1 s=READY pgs=6 cs=0 l=1 rev1=1 crypto rx=0x7f6e5c006fd0 tx=0x7f6e5c006e40 comp rx=0 tx=0).stop
2024-01-24T13:29:53.385 INFO:teuthology.orchestra.run.smithi029.stdout:/usr/bin/ceph: stderr
2024-01-24T13:29:52.004+0000 7f6e6e156700 1 -- 172.21.15.29:0/3608118379 >> [v2:172.21.15.29:3300/0,v1:172.21.15.29:6789/0] conn(0x7f6e68106f50 msgr2=0x7f6e6819a090 secure :-1 s=STATE_CONNECTION_ESTABLISHED l=1).mark_down
2024-01-24T13:29:53.385 INFO:teuthology.orchestra.run.smithi029.stdout:/usr/bin/ceph: stderr
2024-01-24T13:29:52.004+0000 7f6e6e156700 1 --2- 172.21.15.29:0/3608118379 >> [v2:172.21.15.29:3300/0,v1:172.21.15.29:6789/0] conn(0x7f6e68106f50 0x7f6e6819a090 secure :-1 s=READY pgs=19 cs=0 l=1 rev1=1 crypto rx=0x7f6e58006af0 tx=0x7f6e58011ad0 comp rx=0 tx=0).stop
2024-01-24T13:29:53.385 INFO:teuthology.orchestra.run.smithi029.stdout:/usr/bin/ceph: stderr
2024-01-24T13:29:52.004+0000 7f6e6e156700 1 -- 172.21.15.29:0/3608118379 shutdown_connections
2024-01-24T13:29:53.385 INFO:teuthology.orchestra.run.smithi029.stdout:/usr/bin/ceph: stderr
2024-01-24T13:29:52.004+0000 7f6e6e156700 1 --2- 172.21.15.29:0/3608118379 >> [v2:172.21.15.29:6800/835547951,v1:172.21.15.29:6801/835547951] conn(0x7f6e50038180 0x7f6e5003a640 unknown :-1 s=CLOSED pgs=6 cs=0 l=1 rev1=1 crypto rx=0 tx=0 comp rx=0 tx=0).stop
2024-01-24T13:29:53.385 INFO:teuthology.orchestra.run.smithi029.stdout:/usr/bin/ceph: stderr
2024-01-24T13:29:52.004+0000 7f6e6e156700 1 --2- 172.21.15.29:0/3608118379 >> [v2:172.21.15.29:3300/0,v1:172.21.15.29:6789/0] conn(0x7f6e68106f50 0x7f6e6819a090 unknown :-1 s=CLOSED pgs=19 cs=0 l=1 rev1=1 crypto rx=0 tx=0 comp rx=0 tx=0).stop
2024-01-24T13:29:53.385 INFO:teuthology.orchestra.run.smithi029.stdout:/usr/bin/ceph: stderr
2024-01-24T13:29:52.004+0000 7f6e6e156700 1 -- 172.21.15.29:0/3608118379 >> 172.21.15.29:0/3608118379 conn(0x7f6e68100980 msgr2=0x7f6e681016c0 unknown :-1 s=STATE_NONE l=0).mark_down
2024-01-24T13:29:53.385 INFO:teuthology.orchestra.run.smithi029.stdout:/usr/bin/ceph: stderr
2024-01-24T13:29:52.004+0000 7f6e6e156700 1 -- 172.21.15.29:0/3608118379 shutdown_connections
2024-01-24T13:29:53.385 INFO:teuthology.orchestra.run.smithi029.stdout:/usr/bin/ceph: stderr
2024-01-24T13:29:52.004+0000 7f6e6e156700 1 -- 172.21.15.29:0/3608118379 wait complete.
2024-01-24T13:29:53.385 INFO:teuthology.orchestra.run.smithi029.stdout:mgr is available
2024-01-24T13:29:53.599 INFO:journalctl@ceph.mon.a.smithi029.stdout:Jan 24 13:29:53 smithi029 ceph-mon[40651]: mgrmap e4: x(active, since 3s)
2024-01-24T13:29:56.349 INFO:journalctl@ceph.mon.a.smithi029.stdout:Jan 24 13:29:55 smithi029 ceph-mon[40651]: from='client.? 172.21.15.29:0/2189351457' entity='client.admin' cmd=[{"prefix": "config assimilate-conf"}]: dispatch
2024-01-24T13:29:58.561 INFO:teuthology.orchestra.run.smithi029.stdout:/usr/bin/ceph: stdout
2024-01-24T13:29:58.568 INFO:teuthology.orchestra.run.smithi029.stdout:/usr/bin/ceph: stdout [global]
2024-01-24T13:29:58.568 INFO:teuthology.orchestra.run.smithi029.stdout:/usr/bin/ceph: stdout fsid = 83afcf5e-babc-11ee-95b1-87774f69a715
2024-01-24T13:29:58.568 INFO:teuthology.orchestra.run.smithi029.stdout:/usr/bin/ceph: stdout mon_osd_allow_pg_remap = true
2024-01-24T13:29:58.568 INFO:teuthology.orchestra.run.smithi029.stdout:/usr/bin/ceph: stdout mon_osd_allow_primary_affinity = true
2024-01-24T13:29:58.568 INFO:teuthology.orchestra.run.smithi029.stdout:/usr/bin/ceph: stdout mon_warn_on_no_sortbitwise = false
2024-01-24T13:29:58.568 INFO:teuthology.orchestra.run.smithi029.stdout:/usr/bin/ceph: stdout osd_crush_chooseleaf_type = 0
2024-01-24T13:29:58.568 INFO:teuthology.orchestra.run.smithi029.stdout:/usr/bin/ceph: stdout
2024-01-24T13:29:58.568 INFO:teuthology.orchestra.run.smithi029.stdout:/usr/bin/ceph: stdout [mgr]
2024-01-24T13:29:58.568 INFO:teuthology.orchestra.run.smithi029.stdout:/usr/bin/ceph: stdout mgr/telemetry/nag = false
2024-01-24T13:29:58.568 INFO:teuthology.orchestra.run.smithi029.stdout:/usr/bin/ceph: stdout
2024-01-24T13:29:58.568 INFO:teuthology.orchestra.run.smithi029.stdout:/usr/bin/ceph: stdout [osd]
2024-01-24T13:29:58.568 INFO:teuthology.orchestra.run.smithi029.stdout:/usr/bin/ceph: stdout mon_osd_backfillfull_ratio = 0.85
2024-01-24T13:29:58.569 INFO:teuthology.orchestra.run.smithi029.stdout:/usr/bin/ceph: stdout mon_osd_full_ratio = 0.9
2024-01-24T13:29:58.569 INFO:teuthology.orchestra.run.smithi029.stdout:/usr/bin/ceph: stdout mon_osd_nearfull_ratio = 0.8
2024-01-24T13:29:58.569 INFO:teuthology.orchestra.run.smithi029.stdout:/usr/bin/ceph: stdout osd_map_max_advance = 10
2024-01-24T13:29:58.569 INFO:teuthology.orchestra.run.smithi029.stdout:/usr/bin/ceph: stdout osd_sloppy_crc = true
2024-01-24T13:29:58.569 INFO:teuthology.orchestra.run.smithi029.stdout:/usr/bin/ceph: stderr
2024-01-24T13:29:55.643+0000 7fca960f6700 1 Processor -- start
2024-01-24T13:29:58.569 INFO:teuthology.orchestra.run.smithi029.stdout:/usr/bin/ceph: stderr
2024-01-24T13:29:55.643+0000 7fca960f6700 1 -- start start
2024-01-24T13:29:58.569 INFO:teuthology.orchestra.run.smithi029.stdout:/usr/bin/ceph: stderr
2024-01-24T13:29:55.643+0000 7fca960f6700 1 --2- >> [v2:172.21.15.29:3300/0,v1:172.21.15.29:6789/0] conn(0x7fca90106f10 0x7fca90109300 unknown :-1 s=NONE pgs=0 cs=0 l=0 rev1=0 crypto rx=0 tx=0 comp rx=0 tx=0).connect
2024-01-24T13:29:58.569 INFO:teuthology.orchestra.run.smithi029.stdout:/usr/bin/ceph: stderr
2024-01-24T13:29:55.644+0000 7fca960f6700 1 -- --> [v2:172.21.15.29:3300/0,v1:172.21.15.29:6789/0] -- mon_getmap magic: 0 v1 -- 0x7fca90079e90 con 0x7fca90106f10
2024-01-24T13:29:58.569 INFO:teuthology.orchestra.run.smithi029.stdout:/usr/bin/ceph: stderr
2024-01-24T13:29:55.644+0000 7fca8f7fe700 1 --2- >> [v2:172.21.15.29:3300/0,v1:172.21.15.29:6789/0] conn(0x7fca90106f10 0x7fca90109300 unknown :-1 s=BANNER_CONNECTING pgs=0 cs=0 l=0 rev1=0 crypto rx=0 tx=0 comp rx=0 tx=0)._handle_peer_banner_payload supported=3 required=0
2024-01-24T13:29:58.569 INFO:teuthology.orchestra.run.smithi029.stdout:/usr/bin/ceph: stderr
2024-01-24T13:29:55.644+0000 7fca8f7fe700 1 --2- >> [v2:172.21.15.29:3300/0,v1:172.21.15.29:6789/0] conn(0x7fca90106f10 0x7fca90109300 unknown :-1 s=HELLO_CONNECTING pgs=0 cs=0 l=0 rev1=1 crypto rx=0 tx=0 comp rx=0 tx=0).handle_hello peer v2:172.21.15.29:3300/0 says I am v2:172.21.15.29:55586/0 (socket says 172.21.15.29:55586)
2024-01-24T13:29:58.569 INFO:teuthology.orchestra.run.smithi029.stdout:/usr/bin/ceph: stderr
2024-01-24T13:29:55.644+0000 7fca8f7fe700 1 -- 172.21.15.29:0/813288192 learned_addr learned my addr 172.21.15.29:0/813288192 (peer_addr_for_me v2:172.21.15.29:0/0)
2024-01-24T13:29:58.569 INFO:teuthology.orchestra.run.smithi029.stdout:/usr/bin/ceph: stderr
2024-01-24T13:29:55.644+0000 7fca8f7fe700 1 -- 172.21.15.29:0/813288192 --> [v2:172.21.15.29:3300/0,v1:172.21.15.29:6789/0] -- mon_subscribe({config=0+,monmap=0+}) v3 -- 0x7fca90109840 con 0x7fca90106f10
2024-01-24T13:29:58.569 INFO:teuthology.orchestra.run.smithi029.stdout:/usr/bin/ceph: stderr
2024-01-24T13:29:55.644+0000 7fca8f7fe700 1 --2- 172.21.15.29:0/813288192 >> [v2:172.21.15.29:3300/0,v1:172.21.15.29:6789/0] conn(0x7fca90106f10 0x7fca90109300 secure :-1 s=READY pgs=20 cs=0 l=1 rev1=1 crypto rx=0x7fca800098a0 tx=0x7fca80009bb0 comp rx=0 tx=0).ready entity=mon.0 client_cookie=96c349fa8350f819 server_cookie=0 in_seq=0 out_seq=0
2024-01-24T13:29:58.569 INFO:teuthology.orchestra.run.smithi029.stdout:/usr/bin/ceph: stderr
2024-01-24T13:29:55.644+0000 7fca8e7fc700 1 -- 172.21.15.29:0/813288192 <== mon.0 v2:172.21.15.29:3300/0 1 ==== mon_map magic: 0 v1 ==== 205+0+0 (secure 0 0 0) 0x7fca80004160 con 0x7fca90106f10
2024-01-24T13:29:58.570 INFO:teuthology.orchestra.run.smithi029.stdout:/usr/bin/ceph: stderr
2024-01-24T13:29:55.644+0000 7fca8e7fc700 1 -- 172.21.15.29:0/813288192 <== mon.0 v2:172.21.15.29:3300/0 2 ==== config(26 keys) v1 ==== 1074+0+0 (secure 0 0 0) 0x7fca800042c0 con 0x7fca90106f10
2024-01-24T13:29:58.570 INFO:teuthology.orchestra.run.smithi029.stdout:/usr/bin/ceph: stderr
2024-01-24T13:29:55.644+0000 7fca8e7fc700 1 -- 172.21.15.29:0/813288192 <== mon.0 v2:172.21.15.29:3300/0 3 ==== mon_map magic: 0 v1 ==== 205+0+0 (secure 0 0 0) 0x7fca80011a00 con 0x7fca90106f10
2024-01-24T13:29:58.570 INFO:teuthology.orchestra.run.smithi029.stdout:/usr/bin/ceph: stderr
2024-01-24T13:29:55.645+0000 7fca960f6700 1 -- 172.21.15.29:0/813288192 >> [v2:172.21.15.29:3300/0,v1:172.21.15.29:6789/0] conn(0x7fca90106f10 msgr2=0x7fca90109300 secure :-1 s=STATE_CONNECTION_ESTABLISHED l=1).mark_down
2024-01-24T13:29:58.570 INFO:teuthology.orchestra.run.smithi029.stdout:/usr/bin/ceph: stderr
2024-01-24T13:29:55.645+0000 7fca960f6700 1 --2- 172.21.15.29:0/813288192 >> [v2:172.21.15.29:3300/0,v1:172.21.15.29:6789/0] conn(0x7fca90106f10 0x7fca90109300 secure :-1 s=READY pgs=20 cs=0 l=1 rev1=1 crypto rx=0x7fca800098a0 tx=0x7fca80009bb0 comp rx=0 tx=0).stop
2024-01-24T13:29:58.570 INFO:teuthology.orchestra.run.smithi029.stdout:/usr/bin/ceph: stderr
2024-01-24T13:29:55.645+0000 7fca960f6700 1 -- 172.21.15.29:0/813288192 shutdown_connections
2024-01-24T13:29:58.570 INFO:teuthology.orchestra.run.smithi029.stdout:/usr/bin/ceph: stderr
2024-01-24T13:29:55.645+0000 7fca960f6700 1 --2- 172.21.15.29:0/813288192 >> [v2:172.21.15.29:3300/0,v1:172.21.15.29:6789/0] conn(0x7fca90106f10 0x7fca90109300 unknown :-1 s=CLOSED pgs=20 cs=0 l=1 rev1=1 crypto rx=0 tx=0 comp rx=0 tx=0).stop
2024-01-24T13:29:58.570 INFO:teuthology.orchestra.run.smithi029.stdout:/usr/bin/ceph: stderr
2024-01-24T13:29:55.645+0000 7fca960f6700 1 -- 172.21.15.29:0/813288192 >> 172.21.15.29:0/813288192 conn(0x7fca90100980 msgr2=0x7fca90102da0 unknown :-1 s=STATE_NONE l=0).mark_down
2024-01-24T13:29:58.570 INFO:teuthology.orchestra.run.smithi029.stdout:/usr/bin/ceph: stderr
2024-01-24T13:29:55.645+0000 7fca960f6700 1 -- 172.21.15.29:0/813288192 shutdown_connections
2024-01-24T13:29:58.570 INFO:teuthology.orchestra.run.smithi029.stdout:/usr/bin/ceph: stderr
2024-01-24T13:29:55.645+0000 7fca960f6700 1 -- 172.21.15.29:0/813288192 wait complete.
2024-01-24T13:29:58.570 INFO:teuthology.orchestra.run.smithi029.stdout:/usr/bin/ceph: stderr
2024-01-24T13:29:55.646+0000 7fca960f6700 1 Processor -- start
2024-01-24T13:29:58.570 INFO:teuthology.orchestra.run.smithi029.stdout:/usr/bin/ceph: stderr
2024-01-24T13:29:55.646+0000 7fca960f6700 1 -- start start
2024-01-24T13:29:58.570 INFO:teuthology.orchestra.run.smithi029.stdout:/usr/bin/ceph: stderr
2024-01-24T13:29:55.646+0000 7fca960f6700 1 --2- >> [v2:172.21.15.29:3300/0,v1:172.21.15.29:6789/0] conn(0x7fca90106f10 0x7fca90106870 unknown :-1 s=NONE pgs=0 cs=0 l=1 rev1=0 crypto rx=0 tx=0 comp rx=0 tx=0).connect
2024-01-24T13:29:58.570 INFO:teuthology.orchestra.run.smithi029.stdout:/usr/bin/ceph: stderr
2024-01-24T13:29:55.646+0000 7fca960f6700 1 -- --> [v2:172.21.15.29:3300/0,v1:172.21.15.29:6789/0] -- mon_getmap magic: 0 v1 -- 0x7fca90106db0 con 0x7fca90106f10
2024-01-24T13:29:58.570 INFO:teuthology.orchestra.run.smithi029.stdout:/usr/bin/ceph: stderr
2024-01-24T13:29:55.646+0000 7fca8f7fe700 1 --2- >> [v2:172.21.15.29:3300/0,v1:172.21.15.29:6789/0] conn(0x7fca90106f10 0x7fca90106870 unknown :-1 s=BANNER_CONNECTING pgs=0 cs=0 l=1 rev1=0 crypto rx=0 tx=0 comp rx=0 tx=0)._handle_peer_banner_payload supported=3 required=0
2024-01-24T13:29:58.570 INFO:teuthology.orchestra.run.smithi029.stdout:/usr/bin/ceph: stderr
2024-01-24T13:29:55.646+0000 7fca8f7fe700 1 --2- >> [v2:172.21.15.29:3300/0,v1:172.21.15.29:6789/0] conn(0x7fca90106f10 0x7fca90106870 unknown :-1 s=HELLO_CONNECTING pgs=0 cs=0 l=1 rev1=1 crypto rx=0 tx=0 comp rx=0 tx=0).handle_hello peer v2:172.21.15.29:3300/0 says I am v2:172.21.15.29:55592/0 (socket says 172.21.15.29:55592)
2024-01-24T13:29:58.571 INFO:teuthology.orchestra.run.smithi029.stdout:/usr/bin/ceph: stderr
2024-01-24T13:29:55.646+0000 7fca8f7fe700 1 -- 172.21.15.29:0/2189351457 learned_addr learned my addr 172.21.15.29:0/2189351457 (peer_addr_for_me v2:172.21.15.29:0/0)
2024-01-24T13:29:58.571 INFO:teuthology.orchestra.run.smithi029.stdout:/usr/bin/ceph: stderr
2024-01-24T13:29:55.647+0000 7fca8f7fe700 1 -- 172.21.15.29:0/2189351457 --> [v2:172.21.15.29:3300/0,v1:172.21.15.29:6789/0] -- mon_subscribe({config=0+,monmap=0+}) v3 -- 0x7fca80009550 con 0x7fca90106f10
2024-01-24T13:29:58.571 INFO:teuthology.orchestra.run.smithi029.stdout:/usr/bin/ceph: stderr
2024-01-24T13:29:55.647+0000 7fca8f7fe700 1 --2- 172.21.15.29:0/2189351457 >> [v2:172.21.15.29:3300/0,v1:172.21.15.29:6789/0] conn(0x7fca90106f10 0x7fca90106870 secure :-1 s=READY pgs=21 cs=0 l=1 rev1=1 crypto rx=0x7fca80009fb0 tx=0x7fca80011ad0 comp rx=0 tx=0).ready entity=mon.0 client_cookie=0 server_cookie=0 in_seq=0 out_seq=0
2024-01-24T13:29:58.571 INFO:teuthology.orchestra.run.smithi029.stdout:/usr/bin/ceph: stderr
2024-01-24T13:29:55.647+0000 7fca8cff9700 1 -- 172.21.15.29:0/2189351457 <== mon.0 v2:172.21.15.29:3300/0 1 ==== mon_map magic: 0 v1 ==== 205+0+0 (secure 0 0 0) 0x7fca80003930 con 0x7fca90106f10
2024-01-24T13:29:58.571 INFO:teuthology.orchestra.run.smithi029.stdout:/usr/bin/ceph: stderr
2024-01-24T13:29:55.647+0000 7fca8cff9700 1 -- 172.21.15.29:0/2189351457 <== mon.0 v2:172.21.15.29:3300/0 2 ==== config(26 keys) v1 ==== 1074+0+0 (secure 0 0 0) 0x7fca80003a90 con 0x7fca90106f10
2024-01-24T13:29:58.571 INFO:teuthology.orchestra.run.smithi029.stdout:/usr/bin/ceph: stderr
2024-01-24T13:29:55.647+0000 7fca960f6700 1 -- 172.21.15.29:0/2189351457 --> [v2:172.21.15.29:3300/0,v1:172.21.15.29:6789/0] -- mon_subscribe({mgrmap=0+}) v3 -- 0x7fca90104ec0 con 0x7fca90106f10
2024-01-24T13:29:58.571 INFO:teuthology.orchestra.run.smithi029.stdout:/usr/bin/ceph: stderr
2024-01-24T13:29:55.647+0000 7fca8cff9700 1 -- 172.21.15.29:0/2189351457 <== mon.0 v2:172.21.15.29:3300/0 3 ==== mon_map magic: 0 v1 ==== 205+0+0 (secure 0 0 0) 0x7fca80019610 con 0x7fca90106f10
2024-01-24T13:29:58.571 INFO:teuthology.orchestra.run.smithi029.stdout:/usr/bin/ceph: stderr
2024-01-24T13:29:55.647+0000 7fca960f6700 1 -- 172.21.15.29:0/2189351457 --> [v2:172.21.15.29:3300/0,v1:172.21.15.29:6789/0] -- mon_subscribe({osdmap=0}) v3 -- 0x7fca90105360 con 0x7fca90106f10
2024-01-24T13:29:58.571 INFO:teuthology.orchestra.run.smithi029.stdout:/usr/bin/ceph: stderr
2024-01-24T13:29:55.648+0000 7fca8cff9700 1 -- 172.21.15.29:0/2189351457 <== mon.0 v2:172.21.15.29:3300/0 4 ==== mgrmap(e 4) v1 ==== 45257+0+0 (secure 0 0 0) 0x7fca80019880 con 0x7fca90106f10
2024-01-24T13:29:58.571 INFO:teuthology.orchestra.run.smithi029.stdout:/usr/bin/ceph: stderr
2024-01-24T13:29:55.648+0000 7fca8cff9700 1 --2- 172.21.15.29:0/2189351457 >> [v2:172.21.15.29:6800/835547951,v1:172.21.15.29:6801/835547951] conn(0x7fca780382b0 0x7fca7803a770 unknown :-1 s=NONE pgs=0 cs=0 l=1 rev1=0 crypto rx=0 tx=0 comp rx=0 tx=0).connect
2024-01-24T13:29:58.571 INFO:teuthology.orchestra.run.smithi029.stdout:/usr/bin/ceph: stderr
2024-01-24T13:29:55.648+0000 7fca8cff9700 1 -- 172.21.15.29:0/2189351457 <== mon.0 v2:172.21.15.29:3300/0 5 ==== osd_map(1..1 src has 1..1) v4 ==== 725+0+0 (secure 0 0 0) 0x7fca8004bfb0 con 0x7fca90106f10
2024-01-24T13:29:58.571 INFO:teuthology.orchestra.run.smithi029.stdout:/usr/bin/ceph: stderr
2024-01-24T13:29:55.648+0000 7fca8effd700 1 --2- 172.21.15.29:0/2189351457 >> [v2:172.21.15.29:6800/835547951,v1:172.21.15.29:6801/835547951] conn(0x7fca780382b0 0x7fca7803a770 unknown :-1 s=BANNER_CONNECTING pgs=0 cs=0 l=1 rev1=0 crypto rx=0 tx=0 comp rx=0 tx=0)._handle_peer_banner_payload supported=3 required=0
2024-01-24T13:29:58.571 INFO:teuthology.orchestra.run.smithi029.stdout:/usr/bin/ceph: stderr
2024-01-24T13:29:55.648+0000 7fca960f6700 1 -- 172.21.15.29:0/2189351457 --> [v2:172.21.15.29:3300/0,v1:172.21.15.29:6789/0] -- mon_command({"prefix": "get_command_descriptions"} v 0) v1 -- 0x7fca9010a640 con 0x7fca90106f10
2024-01-24T13:29:58.571 INFO:teuthology.orchestra.run.smithi029.stdout:/usr/bin/ceph: stderr
2024-01-24T13:29:55.649+0000 7fca8effd700 1 --2- 172.21.15.29:0/2189351457 >> [v2:172.21.15.29:6800/835547951,v1:172.21.15.29:6801/835547951] conn(0x7fca780382b0 0x7fca7803a770 secure :-1 s=READY pgs=7 cs=0 l=1 rev1=1 crypto rx=0x7fca84006fd0 tx=0x7fca84006e40 comp rx=0 tx=0).ready entity=mgr.14100 client_cookie=0 server_cookie=0 in_seq=0 out_seq=0
2024-01-24T13:29:58.572 INFO:teuthology.orchestra.run.smithi029.stdout:/usr/bin/ceph: stderr
2024-01-24T13:29:55.653+0000 7fca8cff9700 1 -- 172.21.15.29:0/2189351457 <== mon.0 v2:172.21.15.29:3300/0 6 ==== mon_command_ack([{"prefix": "get_command_descriptions"}]=0 v0) v1 ==== 72+0+180484 (secure 0 0 0) 0x7fca80019b30 con 0x7fca90106f10
2024-01-24T13:29:58.572 INFO:teuthology.orchestra.run.smithi029.stdout:/usr/bin/ceph: stderr
2024-01-24T13:29:55.861+0000 7fca960f6700 1 -- 172.21.15.29:0/2189351457 --> [v2:172.21.15.29:3300/0,v1:172.21.15.29:6789/0] -- mon_command({"prefix": "config assimilate-conf"} v 0) v1 -- 0x7fca9010a800 con 0x7fca90106f10
2024-01-24T13:29:58.572 INFO:teuthology.orchestra.run.smithi029.stdout:/usr/bin/ceph: stderr
2024-01-24T13:29:55.862+0000 7fca8cff9700 1 -- 172.21.15.29:0/2189351457 <== mon.0 v2:172.21.15.29:3300/0 7 ==== mon_command_ack([{"prefix": "config assimilate-conf"}]=0 v3) v1 ==== 70+0+373 (secure 0 0 0) 0x7fca80018b40 con 0x7fca90106f10
2024-01-24T13:29:58.572 INFO:teuthology.orchestra.run.smithi029.stdout:/usr/bin/ceph: stderr
2024-01-24T13:29:55.864+0000 7fca960f6700 1 -- 172.21.15.29:0/2189351457 >> [v2:172.21.15.29:6800/835547951,v1:172.21.15.29:6801/835547951] conn(0x7fca780382b0 msgr2=0x7fca7803a770 secure :-1 s=STATE_CONNECTION_ESTABLISHED l=1).mark_down
2024-01-24T13:29:58.572 INFO:teuthology.orchestra.run.smithi029.stdout:/usr/bin/ceph: stderr
2024-01-24T13:29:55.864+0000 7fca960f6700 1 --2- 172.21.15.29:0/2189351457 >> [v2:172.21.15.29:6800/835547951,v1:172.21.15.29:6801/835547951] conn(0x7fca780382b0 0x7fca7803a770 secure :-1 s=READY pgs=7 cs=0 l=1 rev1=1 crypto rx=0x7fca84006fd0 tx=0x7fca84006e40 comp rx=0 tx=0).stop
2024-01-24T13:29:58.572 INFO:teuthology.orchestra.run.smithi029.stdout:/usr/bin/ceph: stderr
2024-01-24T13:29:55.864+0000 7fca960f6700 1 -- 172.21.15.29:0/2189351457 >> [v2:172.21.15.29:3300/0,v1:172.21.15.29:6789/0] conn(0x7fca90106f10 msgr2=0x7fca90106870 secure :-1 s=STATE_CONNECTION_ESTABLISHED l=1).mark_down
2024-01-24T13:29:58.572 INFO:teuthology.orchestra.run.smithi029.stdout:/usr/bin/ceph: stderr
2024-01-24T13:29:55.864+0000 7fca960f6700 1 --2- 172.21.15.29:0/2189351457 >> [v2:172.21.15.29:3300/0,v1:172.21.15.29:6789/0] conn(0x7fca90106f10 0x7fca90106870 secure :-1 s=READY pgs=21 cs=0 l=1 rev1=1 crypto rx=0x7fca80009fb0 tx=0x7fca80011ad0 comp rx=0 tx=0).stop
2024-01-24T13:29:58.572 INFO:teuthology.orchestra.run.smithi029.stdout:/usr/bin/ceph: stderr
2024-01-24T13:29:55.864+0000 7fca960f6700 1 -- 172.21.15.29:0/2189351457 shutdown_connections
2024-01-24T13:29:58.572 INFO:teuthology.orchestra.run.smithi029.stdout:/usr/bin/ceph: stderr
2024-01-24T13:29:55.864+0000 7fca960f6700 1 --2- 172.21.15.29:0/2189351457 >> [v2:172.21.15.29:6800/835547951,v1:172.21.15.29:6801/835547951] conn(0x7fca780382b0 0x7fca7803a770 unknown :-1 s=CLOSED pgs=7 cs=0 l=1 rev1=1 crypto rx=0 tx=0 comp rx=0 tx=0).stop
2024-01-24T13:29:58.572 INFO:teuthology.orchestra.run.smithi029.stdout:/usr/bin/ceph: stderr
2024-01-24T13:29:55.864+0000 7fca960f6700 1 --2- 172.21.15.29:0/2189351457 >> [v2:172.21.15.29:3300/0,v1:172.21.15.29:6789/0] conn(0x7fca90106f10 0x7fca90106870 unknown :-1 s=CLOSED pgs=21 cs=0 l=1 rev1=1 crypto rx=0 tx=0 comp rx=0 tx=0).stop
2024-01-24T13:29:58.572 INFO:teuthology.orchestra.run.smithi029.stdout:/usr/bin/ceph: stderr
2024-01-24T13:29:55.864+0000 7fca960f6700 1 -- 172.21.15.29:0/2189351457 >> 172.21.15.29:0/2189351457 conn(0x7fca90100980 msgr2=0x7fca901016d0 unknown :-1 s=STATE_NONE l=0).mark_down
2024-01-24T13:29:58.572 INFO:teuthology.orchestra.run.smithi029.stdout:/usr/bin/ceph: stderr
2024-01-24T13:29:55.864+0000 7fca960f6700 1 -- 172.21.15.29:0/2189351457 shutdown_connections
2024-01-24T13:29:58.572 INFO:teuthology.orchestra.run.smithi029.stdout:/usr/bin/ceph: stderr
2024-01-24T13:29:55.864+0000 7fca960f6700 1 -- 172.21.15.29:0/2189351457 wait complete.
2024-01-24T13:29:58.572 INFO:teuthology.orchestra.run.smithi029.stdout:Enabling cephadm module...
2024-01-24T13:30:01.599 INFO:journalctl@ceph.mon.a.smithi029.stdout:Jan 24 13:30:01 smithi029 ceph-mon[40651]: from='client.? 172.21.15.29:0/3964879757' entity='client.admin' cmd=[{"prefix": "mgr module enable", "module": "cephadm"}]: dispatch
2024-01-24T13:30:01.600 INFO:journalctl@ceph.mgr.x.smithi029.stdout:Jan 24 13:30:01 smithi029 ceph-83afcf5e-babc-11ee-95b1-87774f69a715-mgr-x[40903]: ignoring --setuser ceph since I am not root
2024-01-24T13:30:01.600 INFO:journalctl@ceph.mgr.x.smithi029.stdout:Jan 24 13:30:01 smithi029 ceph-83afcf5e-babc-11ee-95b1-87774f69a715-mgr-x[40903]: ignoring --setgroup ceph since I am not root
2024-01-24T13:30:01.938 INFO:journalctl@ceph.mgr.x.smithi029.stdout:Jan 24 13:30:01 smithi029 ceph-83afcf5e-babc-11ee-95b1-87774f69a715-mgr-x[40903]:
2024-01-24T13:30:01.633+0000 7f6d625a9200 -1 mgr[py] Module prometheus has missing NOTIFY_TYPES member
2024-01-24T13:30:01.938 INFO:journalctl@ceph.mgr.x.smithi029.stdout:Jan 24 13:30:01 smithi029 ceph-83afcf5e-babc-11ee-95b1-87774f69a715-mgr-x[40903]:
2024-01-24T13:30:01.738+0000 7f6d625a9200 -1 mgr[py] Module alerts has missing NOTIFY_TYPES member
2024-01-24T13:30:01.938 INFO:journalctl@ceph.mgr.x.smithi029.stdout:Jan 24 13:30:01 smithi029 ceph-83afcf5e-babc-11ee-95b1-87774f69a715-mgr-x[40903]:
2024-01-24T13:30:01.836+0000 7f6d625a9200 -1 mgr[py] Module osd_perf_query has missing NOTIFY_TYPES member
2024-01-24T13:30:01.938 INFO:journalctl@ceph.mgr.x.smithi029.stdout:Jan 24 13:30:01 smithi029 ceph-83afcf5e-babc-11ee-95b1-87774f69a715-mgr-x[40903]:
2024-01-24T13:30:01.937+0000 7f6d625a9200 -1 mgr[py] Module progress has missing NOTIFY_TYPES member
2024-01-24T13:30:02.349 INFO:journalctl@ceph.mon.a.smithi029.stdout:Jan 24 13:30:02 smithi029 ceph-mon[40651]: from='client.? 172.21.15.29:0/3964879757' entity='client.admin' cmd='[{"prefix": "mgr module enable", "module": "cephadm"}]': finished
2024-01-24T13:30:02.349 INFO:journalctl@ceph.mon.a.smithi029.stdout:Jan 24 13:30:02 smithi029 ceph-mon[40651]: mgrmap e5: x(active, since 12s)
2024-01-24T13:30:02.922 INFO:journalctl@ceph.mgr.x.smithi029.stdout:Jan 24 13:30:02 smithi029 ceph-83afcf5e-babc-11ee-95b1-87774f69a715-mgr-x[40903]:
2024-01-24T13:30:02.654+0000 7f6d625a9200 -1 mgr[py] Module orchestrator has missing NOTIFY_TYPES member
2024-01-24T13:30:03.205 INFO:teuthology.orchestra.run.smithi029.stdout:/usr/bin/ceph: stderr
2024-01-24T13:30:00.814+0000 7f403800d700 1 Processor -- start
2024-01-24T13:30:03.206 INFO:teuthology.orchestra.run.smithi029.stdout:/usr/bin/ceph: stderr
2024-01-24T13:30:00.815+0000 7f403800d700 1 -- start start
2024-01-24T13:30:03.206 INFO:teuthology.orchestra.run.smithi029.stdout:/usr/bin/ceph: stderr
2024-01-24T13:30:00.815+0000 7f403800d700 1 --2- >> [v2:172.21.15.29:3300/0,v1:172.21.15.29:6789/0] conn(0x7f4030106f50 0x7f4030109340 unknown :-1 s=NONE pgs=0 cs=0 l=0 rev1=0 crypto rx=0 tx=0 comp rx=0 tx=0).connect
2024-01-24T13:30:03.206 INFO:teuthology.orchestra.run.smithi029.stdout:/usr/bin/ceph: stderr
2024-01-24T13:30:00.815+0000 7f403800d700 1 -- --> [v2:172.21.15.29:3300/0,v1:172.21.15.29:6789/0] -- mon_getmap magic: 0 v1 -- 0x7f4030079e30 con 0x7f4030106f50
2024-01-24T13:30:03.206 INFO:teuthology.orchestra.run.smithi029.stdout:/usr/bin/ceph: stderr
2024-01-24T13:30:00.815+0000 7f4035da9700 1 --2- >> [v2:172.21.15.29:3300/0,v1:172.21.15.29:6789/0] conn(0x7f4030106f50 0x7f4030109340 unknown :-1 s=BANNER_CONNECTING pgs=0 cs=0 l=0 rev1=0 crypto rx=0 tx=0 comp rx=0 tx=0)._handle_peer_banner_payload supported=3 required=0
2024-01-24T13:30:03.206 INFO:teuthology.orchestra.run.smithi029.stdout:/usr/bin/ceph: stderr
2024-01-24T13:30:00.815+0000 7f4035da9700 1 --2- >> [v2:172.21.15.29:3300/0,v1:172.21.15.29:6789/0] conn(0x7f4030106f50 0x7f4030109340 unknown :-1 s=HELLO_CONNECTING pgs=0 cs=0 l=0 rev1=1 crypto rx=0 tx=0 comp rx=0 tx=0).handle_hello peer v2:172.21.15.29:3300/0 says I am v2:172.21.15.29:55598/0 (socket says 172.21.15.29:55598)
2024-01-24T13:30:03.206 INFO:teuthology.orchestra.run.smithi029.stdout:/usr/bin/ceph: stderr
2024-01-24T13:30:00.815+0000 7f4035da9700 1 -- 172.21.15.29:0/4022755531 learned_addr learned my addr 172.21.15.29:0/4022755531 (peer_addr_for_me v2:172.21.15.29:0/0)
2024-01-24T13:30:03.206 INFO:teuthology.orchestra.run.smithi029.stdout:/usr/bin/ceph: stderr
2024-01-24T13:30:00.816+0000 7f4035da9700 1 -- 172.21.15.29:0/4022755531 --> [v2:172.21.15.29:3300/0,v1:172.21.15.29:6789/0] -- mon_subscribe({config=0+,monmap=0+}) v3 -- 0x7f4030109880 con 0x7f4030106f50
2024-01-24T13:30:03.206 INFO:teuthology.orchestra.run.smithi029.stdout:/usr/bin/ceph: stderr
2024-01-24T13:30:00.816+0000 7f4035da9700 1 --2- 172.21.15.29:0/4022755531 >> [v2:172.21.15.29:3300/0,v1:172.21.15.29:6789/0] conn(0x7f4030106f50 0x7f4030109340 secure :-1 s=READY pgs=22 cs=0 l=1 rev1=1 crypto rx=0x7f402c0098a0 tx=0x7f402c009bb0 comp rx=0 tx=0).ready entity=mon.0 client_cookie=2d87164a49750163 server_cookie=0 in_seq=0 out_seq=0
2024-01-24T13:30:03.206 INFO:teuthology.orchestra.run.smithi029.stdout:/usr/bin/ceph: stderr
2024-01-24T13:30:00.816+0000 7f4034da7700 1 -- 172.21.15.29:0/4022755531 <== mon.0 v2:172.21.15.29:3300/0 1 ==== mon_map magic: 0 v1 ==== 205+0+0 (secure 0 0 0) 0x7f402c004160 con 0x7f4030106f50
2024-01-24T13:30:03.206 INFO:teuthology.orchestra.run.smithi029.stdout:/usr/bin/ceph: stderr
2024-01-24T13:30:00.816+0000 7f4034da7700 1 -- 172.21.15.29:0/4022755531 <== mon.0 v2:172.21.15.29:3300/0 2 ==== config(26 keys) v1 ==== 1074+0+0 (secure 0 0 0) 0x7f402c0042c0 con 0x7f4030106f50
2024-01-24T13:30:03.206 INFO:teuthology.orchestra.run.smithi029.stdout:/usr/bin/ceph: stderr
2024-01-24T13:30:00.816+0000 7f4034da7700 1 -- 172.21.15.29:0/4022755531 <== mon.0 v2:172.21.15.29:3300/0 3 ==== mon_map magic: 0 v1 ==== 205+0+0 (secure 0 0 0) 0x7f402c011a00 con 0x7f4030106f50
2024-01-24T13:30:03.207 INFO:teuthology.orchestra.run.smithi029.stdout:/usr/bin/ceph: stderr
2024-01-24T13:30:00.817+0000 7f403800d700 1 -- 172.21.15.29:0/4022755531 >> [v2:172.21.15.29:3300/0,v1:172.21.15.29:6789/0] conn(0x7f4030106f50 msgr2=0x7f4030109340 secure :-1 s=STATE_CONNECTION_ESTABLISHED l=1).mark_down
2024-01-24T13:30:03.207 INFO:teuthology.orchestra.run.smithi029.stdout:/usr/bin/ceph: stderr
2024-01-24T13:30:00.817+0000 7f403800d700 1 --2- 172.21.15.29:0/4022755531 >> [v2:172.21.15.29:3300/0,v1:172.21.15.29:6789/0] conn(0x7f4030106f50 0x7f4030109340 secure :-1 s=READY pgs=22 cs=0 l=1 rev1=1 crypto rx=0x7f402c0098a0 tx=0x7f402c009bb0 comp rx=0 tx=0).stop
2024-01-24T13:30:03.207 INFO:teuthology.orchestra.run.smithi029.stdout:/usr/bin/ceph: stderr
2024-01-24T13:30:00.817+0000 7f403800d700 1 -- 172.21.15.29:0/4022755531 shutdown_connections
2024-01-24T13:30:03.207 INFO:teuthology.orchestra.run.smithi029.stdout:/usr/bin/ceph: stderr
2024-01-24T13:30:00.817+0000 7f403800d700 1 --2- 172.21.15.29:0/4022755531 >> [v2:172.21.15.29:3300/0,v1:172.21.15.29:6789/0] conn(0x7f4030106f50 0x7f4030109340 unknown :-1 s=CLOSED pgs=22 cs=0 l=1 rev1=1 crypto rx=0 tx=0 comp rx=0 tx=0).stop
2024-01-24T13:30:03.207 INFO:teuthology.orchestra.run.smithi029.stdout:/usr/bin/ceph: stderr
2024-01-24T13:30:00.817+0000 7f403800d700 1 -- 172.21.15.29:0/4022755531 >> 172.21.15.29:0/4022755531 conn(0x7f4030100940 msgr2=0x7f4030102d60 unknown :-1 s=STATE_NONE l=0).mark_down
2024-01-24T13:30:03.207 INFO:teuthology.orchestra.run.smithi029.stdout:/usr/bin/ceph: stderr
2024-01-24T13:30:00.817+0000 7f403800d700 1 -- 172.21.15.29:0/4022755531 shutdown_connections
2024-01-24T13:30:03.207 INFO:teuthology.orchestra.run.smithi029.stdout:/usr/bin/ceph: stderr
2024-01-24T13:30:00.817+0000 7f403800d700 1 -- 172.21.15.29:0/4022755531 wait complete.
2024-01-24T13:30:03.207 INFO:teuthology.orchestra.run.smithi029.stdout:/usr/bin/ceph: stderr
2024-01-24T13:30:00.818+0000 7f403800d700 1 Processor -- start
2024-01-24T13:30:03.207 INFO:teuthology.orchestra.run.smithi029.stdout:/usr/bin/ceph: stderr
2024-01-24T13:30:00.818+0000 7f403800d700 1 -- start start
2024-01-24T13:30:03.207 INFO:teuthology.orchestra.run.smithi029.stdout:/usr/bin/ceph: stderr
2024-01-24T13:30:00.818+0000 7f403800d700 1 --2- >> [v2:172.21.15.29:3300/0,v1:172.21.15.29:6789/0] conn(0x7f4030106f50 0x7f403019a100 unknown :-1 s=NONE pgs=0 cs=0 l=1 rev1=0 crypto rx=0 tx=0 comp rx=0 tx=0).connect
2024-01-24T13:30:03.207 INFO:teuthology.orchestra.run.smithi029.stdout:/usr/bin/ceph: stderr
2024-01-24T13:30:00.818+0000 7f403800d700 1 -- --> [v2:172.21.15.29:3300/0,v1:172.21.15.29:6789/0] -- mon_getmap magic: 0 v1 -- 0x7f403019a640 con 0x7f4030106f50
2024-01-24T13:30:03.207 INFO:teuthology.orchestra.run.smithi029.stdout:/usr/bin/ceph: stderr
2024-01-24T13:30:00.818+0000 7f4035da9700 1 --2- >> [v2:172.21.15.29:3300/0,v1:172.21.15.29:6789/0] conn(0x7f4030106f50 0x7f403019a100 unknown :-1 s=BANNER_CONNECTING pgs=0 cs=0 l=1 rev1=0 crypto rx=0 tx=0 comp rx=0 tx=0)._handle_peer_banner_payload supported=3 required=0
2024-01-24T13:30:03.207 INFO:teuthology.orchestra.run.smithi029.stdout:/usr/bin/ceph: stderr
2024-01-24T13:30:00.818+0000 7f4035da9700 1 --2- >> [v2:172.21.15.29:3300/0,v1:172.21.15.29:6789/0] conn(0x7f4030106f50 0x7f403019a100 unknown :-1 s=HELLO_CONNECTING pgs=0 cs=0 l=1 rev1=1 crypto rx=0 tx=0 comp rx=0 tx=0).handle_hello peer v2:172.21.15.29:3300/0 says I am v2:172.21.15.29:55600/0 (socket says 172.21.15.29:55600)
2024-01-24T13:30:03.207 INFO:teuthology.orchestra.run.smithi029.stdout:/usr/bin/ceph: stderr
2024-01-24T13:30:00.818+0000 7f4035da9700 1 -- 172.21.15.29:0/3964879757 learned_addr learned my addr 172.21.15.29:0/3964879757 (peer_addr_for_me v2:172.21.15.29:0/0)
2024-01-24T13:30:03.208 INFO:teuthology.orchestra.run.smithi029.stdout:/usr/bin/ceph: stderr
2024-01-24T13:30:00.818+0000 7f4035da9700 1 -- 172.21.15.29:0/3964879757 --> [v2:172.21.15.29:3300/0,v1:172.21.15.29:6789/0] -- mon_subscribe({config=0+,monmap=0+}) v3 -- 0x7f402c009550 con 0x7f4030106f50
2024-01-24T13:30:03.208 INFO:teuthology.orchestra.run.smithi029.stdout:/usr/bin/ceph: stderr
2024-01-24T13:30:00.819+0000 7f4035da9700 1 --2- 172.21.15.29:0/3964879757 >> [v2:172.21.15.29:3300/0,v1:172.21.15.29:6789/0] conn(0x7f4030106f50 0x7f403019a100 secure :-1 s=READY pgs=23 cs=0 l=1 rev1=1 crypto rx=0x7f402c009130 tx=0x7f402c011ad0 comp rx=0 tx=0).ready entity=mon.0 client_cookie=0 server_cookie=0 in_seq=0 out_seq=0
2024-01-24T13:30:03.208 INFO:teuthology.orchestra.run.smithi029.stdout:/usr/bin/ceph: stderr
2024-01-24T13:30:00.819+0000 7f4026ffd700 1 -- 172.21.15.29:0/3964879757 <== mon.0 v2:172.21.15.29:3300/0 1 ==== mon_map magic: 0 v1 ==== 205+0+0 (secure 0 0 0) 0x7f402c003b70 con 0x7f4030106f50
2024-01-24T13:30:03.208 INFO:teuthology.orchestra.run.smithi029.stdout:/usr/bin/ceph: stderr
2024-01-24T13:30:00.819+0000 7f4026ffd700 1 -- 172.21.15.29:0/3964879757 <== mon.0 v2:172.21.15.29:3300/0 2 ==== config(26 keys) v1 ==== 1074+0+0 (secure 0 0 0) 0x7f402c003cd0 con 0x7f4030106f50
2024-01-24T13:30:03.208 INFO:teuthology.orchestra.run.smithi029.stdout:/usr/bin/ceph: stderr
2024-01-24T13:30:00.819+0000 7f4026ffd700 1 -- 172.21.15.29:0/3964879757 <== mon.0 v2:172.21.15.29:3300/0 3 ==== mon_map magic: 0 v1 ==== 205+0+0 (secure 0 0 0) 0x7f402c0197d0 con 0x7f4030106f50
2024-01-24T13:30:03.208 INFO:teuthology.orchestra.run.smithi029.stdout:/usr/bin/ceph: stderr
2024-01-24T13:30:00.819+0000 7f403800d700 1 -- 172.21.15.29:0/3964879757 --> [v2:172.21.15.29:3300/0,v1:172.21.15.29:6789/0] -- mon_subscribe({mgrmap=0+}) v3 -- 0x7f403019a840 con 0x7f4030106f50
2024-01-24T13:30:03.208 INFO:teuthology.orchestra.run.smithi029.stdout:/usr/bin/ceph: stderr
2024-01-24T13:30:00.819+0000 7f403800d700 1 -- 172.21.15.29:0/3964879757 --> [v2:172.21.15.29:3300/0,v1:172.21.15.29:6789/0] -- mon_subscribe({osdmap=0}) v3 -- 0x7f403019ace0 con 0x7f4030106f50
2024-01-24T13:30:03.208 INFO:teuthology.orchestra.run.smithi029.stdout:/usr/bin/ceph: stderr
2024-01-24T13:30:00.820+0000 7f403800d700 1 -- 172.21.15.29:0/3964879757 --> [v2:172.21.15.29:3300/0,v1:172.21.15.29:6789/0] -- mon_command({"prefix": "get_command_descriptions"} v 0) v1 -- 0x7f403010a620 con 0x7f4030106f50
2024-01-24T13:30:03.208 INFO:teuthology.orchestra.run.smithi029.stdout:/usr/bin/ceph: stderr
2024-01-24T13:30:00.820+0000 7f4026ffd700 1 -- 172.21.15.29:0/3964879757 <== mon.0 v2:172.21.15.29:3300/0 4 ==== mgrmap(e 4) v1 ==== 45257+0+0 (secure 0 0 0) 0x7f402c01abb0 con 0x7f4030106f50
2024-01-24T13:30:03.208 INFO:teuthology.orchestra.run.smithi029.stdout:/usr/bin/ceph: stderr
2024-01-24T13:30:00.821+0000 7f4026ffd700 1 --2- 172.21.15.29:0/3964879757 >> [v2:172.21.15.29:6800/835547951,v1:172.21.15.29:6801/835547951] conn(0x7f401c038300 0x7f401c03a7c0 unknown :-1 s=NONE pgs=0 cs=0 l=1 rev1=0 crypto rx=0 tx=0 comp rx=0 tx=0).connect
2024-01-24T13:30:03.208 INFO:teuthology.orchestra.run.smithi029.stdout:/usr/bin/ceph: stderr
2024-01-24T13:30:00.821+0000 7f4026ffd700 1 -- 172.21.15.29:0/3964879757 <== mon.0 v2:172.21.15.29:3300/0 5 ==== osd_map(1..1 src has 1..1) v4 ==== 725+0+0 (secure 0 0 0) 0x7f402c04c2c0 con 0x7f4030106f50
2024-01-24T13:30:03.208 INFO:teuthology.orchestra.run.smithi029.stdout:/usr/bin/ceph: stderr
2024-01-24T13:30:00.821+0000 7f40355a8700 1 --2- 172.21.15.29:0/3964879757 >> [v2:172.21.15.29:6800/835547951,v1:172.21.15.29:6801/835547951] conn(0x7f401c038300 0x7f401c03a7c0 unknown :-1 s=BANNER_CONNECTING pgs=0 cs=0 l=1 rev1=0 crypto rx=0 tx=0 comp rx=0 tx=0)._handle_peer_banner_payload supported=3 required=0
2024-01-24T13:30:03.208 INFO:teuthology.orchestra.run.smithi029.stdout:/usr/bin/ceph: stderr
2024-01-24T13:30:00.821+0000 7f40355a8700 1 --2- 172.21.15.29:0/3964879757 >> [v2:172.21.15.29:6800/835547951,v1:172.21.15.29:6801/835547951] conn(0x7f401c038300 0x7f401c03a7c0 secure :-1 s=READY pgs=8 cs=0 l=1 rev1=1 crypto rx=0x7f4020006fd0 tx=0x7f4020006e40 comp rx=0 tx=0).ready entity=mgr.14100 client_cookie=0 server_cookie=0 in_seq=0 out_seq=0
2024-01-24T13:30:03.208 INFO:teuthology.orchestra.run.smithi029.stdout:/usr/bin/ceph: stderr
2024-01-24T13:30:00.825+0000 7f4026ffd700 1 -- 172.21.15.29:0/3964879757 <== mon.0 v2:172.21.15.29:3300/0 6 ==== mon_command_ack([{"prefix": "get_command_descriptions"}]=0 v0) v1 ==== 72+0+180484 (secure 0 0 0) 0x7f402c01a430 con 0x7f4030106f50
2024-01-24T13:30:03.209 INFO:teuthology.orchestra.run.smithi029.stdout:/usr/bin/ceph: stderr
2024-01-24T13:30:01.090+0000 7f403800d700 1 -- 172.21.15.29:0/3964879757 --> [v2:172.21.15.29:3300/0,v1:172.21.15.29:6789/0] -- mon_command({"prefix": "mgr module enable", "module": "cephadm"} v 0) v1 -- 0x7f403019dac0 con 0x7f4030106f50
2024-01-24T13:30:03.209 INFO:teuthology.orchestra.run.smithi029.stdout:/usr/bin/ceph: stderr
2024-01-24T13:30:01.144+0000 7f4026ffd700 1 -- 172.21.15.29:0/3964879757 <== mon.0 v2:172.21.15.29:3300/0 7 ==== mgrmap(e 5) v1 ==== 45268+0+0 (secure 0 0 0) 0x7f402c02bd40 con 0x7f4030106f50
2024-01-24T13:30:03.209 INFO:teuthology.orchestra.run.smithi029.stdout:/usr/bin/ceph: stderr
2024-01-24T13:30:01.145+0000 7f4026ffd700 1 -- 172.21.15.29:0/3964879757 <== mon.0 v2:172.21.15.29:3300/0 8 ==== mon_command_ack([{"prefix": "mgr module enable", "module": "cephadm"}]=0 v5) v1 ==== 86+0+0 (secure 0 0 0) 0x7f402c02dca0 con 0x7f4030106f50
2024-01-24T13:30:03.209 INFO:teuthology.orchestra.run.smithi029.stdout:/usr/bin/ceph: stderr
2024-01-24T13:30:01.149+0000 7f403800d700 1 -- 172.21.15.29:0/3964879757 >> [v2:172.21.15.29:6800/835547951,v1:172.21.15.29:6801/835547951] conn(0x7f401c038300 msgr2=0x7f401c03a7c0 secure :-1 s=STATE_CONNECTION_ESTABLISHED l=1).mark_down
2024-01-24T13:30:03.209 INFO:teuthology.orchestra.run.smithi029.stdout:/usr/bin/ceph: stderr
2024-01-24T13:30:01.149+0000 7f403800d700 1 --2- 172.21.15.29:0/3964879757 >> [v2:172.21.15.29:6800/835547951,v1:172.21.15.29:6801/835547951] conn(0x7f401c038300 0x7f401c03a7c0 secure :-1 s=READY pgs=8 cs=0 l=1 rev1=1 crypto rx=0x7f4020006fd0 tx=0x7f4020006e40 comp rx=0 tx=0).stop
2024-01-24T13:30:03.209 INFO:teuthology.orchestra.run.smithi029.stdout:/usr/bin/ceph: stderr
2024-01-24T13:30:01.149+0000 7f403800d700 1 -- 172.21.15.29:0/3964879757 >> [v2:172.21.15.29:3300/0,v1:172.21.15.29:6789/0] conn(0x7f4030106f50 msgr2=0x7f403019a100 secure :-1 s=STATE_CONNECTION_ESTABLISHED l=1).mark_down
2024-01-24T13:30:03.209 INFO:teuthology.orchestra.run.smithi029.stdout:/usr/bin/ceph: stderr
2024-01-24T13:30:01.149+0000 7f403800d700 1 --2- 172.21.15.29:0/3964879757 >> [v2:172.21.15.29:3300/0,v1:172.21.15.29:6789/0] conn(0x7f4030106f50 0x7f403019a100 secure :-1 s=READY pgs=23 cs=0 l=1 rev1=1 crypto rx=0x7f402c009130 tx=0x7f402c011ad0 comp rx=0 tx=0).stop
2024-01-24T13:30:03.209 INFO:journalctl@ceph.mgr.x.smithi029.stdout:Jan 24 13:30:02 smithi029 ceph-83afcf5e-babc-11ee-95b1-87774f69a715-mgr-x[40903]:
2024-01-24T13:30:02.921+0000 7f6d625a9200 -1 mgr[py] Module nfs has missing NOTIFY_TYPES member
2024-01-24T13:30:03.209 INFO:journalctl@ceph.mgr.x.smithi029.stdout:Jan 24 13:30:03 smithi029 ceph-83afcf5e-babc-11ee-95b1-87774f69a715-mgr-x[40903]:
2024-01-24T13:30:03.016+0000 7f6d625a9200 -1 mgr[py] Module zabbix has missing NOTIFY_TYPES member
2024-01-24T13:30:03.209 INFO:journalctl@ceph.mgr.x.smithi029.stdout:Jan 24 13:30:03 smithi029 ceph-83afcf5e-babc-11ee-95b1-87774f69a715-mgr-x[40903]:
2024-01-24T13:30:03.139+0000 7f6d625a9200 -1 mgr[py] Module rbd_support has missing NOTIFY_TYPES member
2024-01-24T13:30:03.210 INFO:teuthology.orchestra.run.smithi029.stdout:/usr/bin/ceph: stderr
2024-01-24T13:30:01.149+0000 7f403800d700 1 -- 172.21.15.29:0/3964879757 shutdown_connections
2024-01-24T13:30:03.210 INFO:teuthology.orchestra.run.smithi029.stdout:/usr/bin/ceph: stderr
2024-01-24T13:30:01.149+0000 7f403800d700 1 --2- 172.21.15.29:0/3964879757 >> [v2:172.21.15.29:6800/835547951,v1:172.21.15.29:6801/835547951] conn(0x7f401c038300 0x7f401c03a7c0 secure :-1 s=CLOSED pgs=8 cs=0 l=1 rev1=1 crypto rx=0x7f4020006fd0 tx=0x7f4020006e40 comp rx=0 tx=0).stop
2024-01-24T13:30:03.210 INFO:teuthology.orchestra.run.smithi029.stdout:/usr/bin/ceph: stderr
2024-01-24T13:30:01.149+0000 7f403800d700 1 --2- 172.21.15.29:0/3964879757 >> [v2:172.21.15.29:3300/0,v1:172.21.15.29:6789/0] conn(0x7f4030106f50 0x7f403019a100 unknown :-1 s=CLOSED pgs=23 cs=0 l=1 rev1=1 crypto rx=0 tx=0 comp rx=0 tx=0).stop
2024-01-24T13:30:03.210 INFO:teuthology.orchestra.run.smithi029.stdout:/usr/bin/ceph: stderr
2024-01-24T13:30:01.149+0000 7f403800d700 1 -- 172.21.15.29:0/3964879757 >> 172.21.15.29:0/3964879757 conn(0x7f4030100940 msgr2=0x7f40301016e0 unknown :-1 s=STATE_NONE l=0).mark_down
2024-01-24T13:30:03.210 INFO:teuthology.orchestra.run.smithi029.stdout:/usr/bin/ceph: stderr
2024-01-24T13:30:01.150+0000 7f403800d700 1 -- 172.21.15.29:0/3964879757 shutdown_connections
2024-01-24T13:30:03.211 INFO:teuthology.orchestra.run.smithi029.stdout:/usr/bin/ceph: stderr
2024-01-24T13:30:01.150+0000 7f403800d700 1 -- 172.21.15.29:0/3964879757 wait complete.
2024-01-24T13:30:03.495 INFO:journalctl@ceph.mgr.x.smithi029.stdout:Jan 24 13:30:03 smithi029 ceph-83afcf5e-babc-11ee-95b1-87774f69a715-mgr-x[40903]:
2024-01-24T13:30:03.343+0000 7f6d625a9200 -1 mgr[py] Module status has missing NOTIFY_TYPES member
2024-01-24T13:30:03.495 INFO:journalctl@ceph.mgr.x.smithi029.stdout:Jan 24 13:30:03 smithi029 ceph-83afcf5e-babc-11ee-95b1-87774f69a715-mgr-x[40903]:
2024-01-24T13:30:03.494+0000 7f6d625a9200 -1 mgr[py] Module diskprediction_local has missing NOTIFY_TYPES member
2024-01-24T13:30:03.849 INFO:journalctl@ceph.mgr.x.smithi029.stdout:Jan 24 13:30:03 smithi029 ceph-83afcf5e-babc-11ee-95b1-87774f69a715-mgr-x[40903]:
2024-01-24T13:30:03.617+0000 7f6d625a9200 -1 mgr[py] Module telegraf has missing NOTIFY_TYPES member
2024-01-24T13:30:04.153 INFO:journalctl@ceph.mgr.x.smithi029.stdout:Jan 24 13:30:04 smithi029 ceph-83afcf5e-babc-11ee-95b1-87774f69a715-mgr-x[40903]:
2024-01-24T13:30:04.050+0000 7f6d625a9200 -1 mgr[py] Module influx has missing NOTIFY_TYPES member
2024-01-24T13:30:04.153 INFO:journalctl@ceph.mon.a.smithi029.stdout:Jan 24 13:30:03 smithi029 ceph-mon[40651]: from='client.? 172.21.15.29:0/3870203642' entity='client.admin' cmd=[{"prefix": "mgr stat"}]: dispatch
2024-01-24T13:30:04.172 INFO:teuthology.orchestra.run.smithi029.stdout:/usr/bin/ceph: stdout {
2024-01-24T13:30:04.173 INFO:teuthology.orchestra.run.smithi029.stdout:/usr/bin/ceph: stdout "epoch": 5,
2024-01-24T13:30:04.174 INFO:teuthology.orchestra.run.smithi029.stdout:/usr/bin/ceph: stdout "available": true,
2024-01-24T13:30:04.174 INFO:teuthology.orchestra.run.smithi029.stdout:/usr/bin/ceph: stdout "active_name": "x",
2024-01-24T13:30:04.174 INFO:teuthology.orchestra.run.smithi029.stdout:/usr/bin/ceph: stdout "num_standby": 0
2024-01-24T13:30:04.174 INFO:teuthology.orchestra.run.smithi029.stdout:/usr/bin/ceph: stdout }
2024-01-24T13:30:04.174 INFO:teuthology.orchestra.run.smithi029.stdout:/usr/bin/ceph: stderr
2024-01-24T13:30:03.566+0000 7f2afda4a700 1 Processor -- start
2024-01-24T13:30:04.174 INFO:teuthology.orchestra.run.smithi029.stdout:/usr/bin/ceph: stderr
2024-01-24T13:30:03.566+0000 7f2afda4a700 1 -- start start
2024-01-24T13:30:04.174 INFO:teuthology.orchestra.run.smithi029.stdout:/usr/bin/ceph: stderr
2024-01-24T13:30:03.566+0000 7f2afda4a700 1 --2- >> [v2:172.21.15.29:3300/0,v1:172.21.15.29:6789/0] conn(0x7f2af81053a0 0x7f2af81057c0 unknown :-1 s=NONE pgs=0 cs=0 l=0 rev1=0 crypto rx=0 tx=0 comp rx=0 tx=0).connect
2024-01-24T13:30:04.174 INFO:teuthology.orchestra.run.smithi029.stdout:/usr/bin/ceph: stderr
2024-01-24T13:30:03.566+0000 7f2afda4a700 1 -- --> [v2:172.21.15.29:3300/0,v1:172.21.15.29:6789/0] -- mon_getmap magic: 0 v1 -- 0x7f2af8105d90 con 0x7f2af81053a0
2024-01-24T13:30:04.174 INFO:teuthology.orchestra.run.smithi029.stdout:/usr/bin/ceph: stderr
2024-01-24T13:30:03.567+0000 7f2af6ffd700 1 --2- >> [v2:172.21.15.29:3300/0,v1:172.21.15.29:6789/0] conn(0x7f2af81053a0 0x7f2af81057c0 unknown :-1 s=BANNER_CONNECTING pgs=0 cs=0 l=0 rev1=0 crypto rx=0 tx=0 comp rx=0 tx=0)._handle_peer_banner_payload supported=3 required=0
2024-01-24T13:30:04.174 INFO:teuthology.orchestra.run.smithi029.stdout:/usr/bin/ceph: stderr
2024-01-24T13:30:03.567+0000 7f2af6ffd700 1 --2- >> [v2:172.21.15.29:3300/0,v1:172.21.15.29:6789/0] conn(0x7f2af81053a0 0x7f2af81057c0 unknown :-1 s=HELLO_CONNECTING pgs=0 cs=0 l=0 rev1=1 crypto rx=0 tx=0 comp rx=0 tx=0).handle_hello peer v2:172.21.15.29:3300/0 says I am v2:172.21.15.29:46776/0 (socket says 172.21.15.29:46776)
2024-01-24T13:30:04.174 INFO:teuthology.orchestra.run.smithi029.stdout:/usr/bin/ceph: stderr
2024-01-24T13:30:03.567+0000 7f2af6ffd700 1 -- 172.21.15.29:0/3876474605 learned_addr learned my addr 172.21.15.29:0/3876474605 (peer_addr_for_me v2:172.21.15.29:0/0)
2024-01-24T13:30:04.174 INFO:teuthology.orchestra.run.smithi029.stdout:/usr/bin/ceph: stderr
2024-01-24T13:30:03.567+0000 7f2af6ffd700 1 -- 172.21.15.29:0/3876474605 --> [v2:172.21.15.29:3300/0,v1:172.21.15.29:6789/0] -- mon_subscribe({config=0+,monmap=0+}) v3 -- 0x7f2af81065a0 con 0x7f2af81053a0
2024-01-24T13:30:04.174 INFO:teuthology.orchestra.run.smithi029.stdout:/usr/bin/ceph: stderr
2024-01-24T13:30:03.567+0000 7f2af6ffd700 1 --2- 172.21.15.29:0/3876474605 >> [v2:172.21.15.29:3300/0,v1:172.21.15.29:6789/0] conn(0x7f2af81053a0 0x7f2af81057c0 secure :-1 s=READY pgs=26 cs=0 l=1 rev1=1 crypto rx=0x7f2ae80098a0 tx=0x7f2ae8009bb0 comp rx=0 tx=0).ready entity=mon.0 client_cookie=b815de0ce6f5a0c6 server_cookie=0 in_seq=0 out_seq=0
2024-01-24T13:30:04.174 INFO:teuthology.orchestra.run.smithi029.stdout:/usr/bin/ceph: stderr
2024-01-24T13:30:03.568+0000 7f2af5ffb700 1 -- 172.21.15.29:0/3876474605 <== mon.0 v2:172.21.15.29:3300/0 1 ==== mon_map magic: 0 v1 ==== 205+0+0 (secure 0 0 0) 0x7f2ae8004160 con 0x7f2af81053a0
2024-01-24T13:30:04.179 INFO:teuthology.orchestra.run.smithi029.stdout:/usr/bin/ceph: stderr
2024-01-24T13:30:03.568+0000 7f2af5ffb700 1 -- 172.21.15.29:0/3876474605 <== mon.0 v2:172.21.15.29:3300/0 2 ==== config(26 keys) v1 ==== 1074+0+0 (secure 0 0 0) 0x7f2ae80042c0 con 0x7f2af81053a0
2024-01-24T13:30:04.179 INFO:teuthology.orchestra.run.smithi029.stdout:/usr/bin/ceph: stderr
2024-01-24T13:30:03.568+0000 7f2af5ffb700 1 -- 172.21.15.29:0/3876474605 <== mon.0 v2:172.21.15.29:3300/0 3 ==== mon_map magic: 0 v1 ==== 205+0+0 (secure 0 0 0) 0x7f2ae8011a00 con 0x7f2af81053a0
2024-01-24T13:30:04.179 INFO:teuthology.orchestra.run.smithi029.stdout:/usr/bin/ceph: stderr
2024-01-24T13:30:03.569+0000 7f2afda4a700 1 -- 172.21.15.29:0/3876474605 >> [v2:172.21.15.29:3300/0,v1:172.21.15.29:6789/0] conn(0x7f2af81053a0 msgr2=0x7f2af81057c0 secure :-1 s=STATE_CONNECTION_ESTABLISHED l=1).mark_down
2024-01-24T13:30:04.179 INFO:teuthology.orchestra.run.smithi029.stdout:/usr/bin/ceph: stderr
2024-01-24T13:30:03.569+0000 7f2afda4a700 1 --2- 172.21.15.29:0/3876474605 >> [v2:172.21.15.29:3300/0,v1:172.21.15.29:6789/0] conn(0x7f2af81053a0 0x7f2af81057c0 secure :-1 s=READY pgs=26 cs=0 l=1 rev1=1 crypto rx=0x7f2ae80098a0 tx=0x7f2ae8009bb0 comp rx=0 tx=0).stop
2024-01-24T13:30:04.179 INFO:teuthology.orchestra.run.smithi029.stdout:/usr/bin/ceph: stderr
2024-01-24T13:30:03.572+0000 7f2afda4a700 1 -- 172.21.15.29:0/3876474605 shutdown_connections
2024-01-24T13:30:04.179 INFO:teuthology.orchestra.run.smithi029.stdout:/usr/bin/ceph: stderr
2024-01-24T13:30:03.572+0000 7f2afda4a700 1 --2- 172.21.15.29:0/3876474605 >> [v2:172.21.15.29:3300/0,v1:172.21.15.29:6789/0] conn(0x7f2af81053a0 0x7f2af81057c0 unknown :-1 s=CLOSED pgs=26 cs=0 l=1 rev1=1 crypto rx=0 tx=0 comp rx=0 tx=0).stop
2024-01-24T13:30:04.180 INFO:teuthology.orchestra.run.smithi029.stdout:/usr/bin/ceph: stderr
2024-01-24T13:30:03.572+0000 7f2afda4a700 1 -- 172.21.15.29:0/3876474605 >> 172.21.15.29:0/3876474605 conn(0x7f2af8100980 msgr2=0x7f2af8102da0 unknown :-1 s=STATE_NONE l=0).mark_down
2024-01-24T13:30:04.180 INFO:teuthology.orchestra.run.smithi029.stdout:/usr/bin/ceph: stderr
2024-01-24T13:30:03.572+0000 7f2afda4a700 1 -- 172.21.15.29:0/3876474605 shutdown_connections
2024-01-24T13:30:04.180 INFO:teuthology.orchestra.run.smithi029.stdout:/usr/bin/ceph: stderr
2024-01-24T13:30:03.572+0000 7f2afda4a700 1 -- 172.21.15.29:0/3876474605 wait complete.
2024-01-24T13:30:04.180 INFO:teuthology.orchestra.run.smithi029.stdout:/usr/bin/ceph: stderr
2024-01-24T13:30:03.573+0000 7f2afda4a700 1 Processor -- start
2024-01-24T13:30:04.180 INFO:teuthology.orchestra.run.smithi029.stdout:/usr/bin/ceph: stderr
2024-01-24T13:30:03.573+0000 7f2afda4a700 1 -- start start
2024-01-24T13:30:04.180 INFO:teuthology.orchestra.run.smithi029.stdout:/usr/bin/ceph: stderr
2024-01-24T13:30:03.573+0000 7f2afda4a700 1 --2- >> [v2:172.21.15.29:3300/0,v1:172.21.15.29:6789/0] conn(0x7f2af81053a0 0x7f2af819c300 unknown :-1 s=NONE pgs=0 cs=0 l=1 rev1=0 crypto rx=0 tx=0 comp rx=0 tx=0).connect
2024-01-24T13:30:04.180 INFO:teuthology.orchestra.run.smithi029.stdout:/usr/bin/ceph: stderr
2024-01-24T13:30:03.573+0000 7f2afda4a700 1 -- --> [v2:172.21.15.29:3300/0,v1:172.21.15.29:6789/0] -- mon_getmap magic: 0 v1 -- 0x7f2af819c840 con 0x7f2af81053a0
2024-01-24T13:30:04.180 INFO:teuthology.orchestra.run.smithi029.stdout:/usr/bin/ceph: stderr
2024-01-24T13:30:03.573+0000 7f2af6ffd700 1 --2- >> [v2:172.21.15.29:3300/0,v1:172.21.15.29:6789/0] conn(0x7f2af81053a0 0x7f2af819c300 unknown :-1 s=BANNER_CONNECTING pgs=0 cs=0 l=1 rev1=0 crypto rx=0 tx=0 comp rx=0 tx=0)._handle_peer_banner_payload supported=3 required=0
2024-01-24T13:30:04.180 INFO:teuthology.orchestra.run.smithi029.stdout:/usr/bin/ceph: stderr
2024-01-24T13:30:03.573+0000 7f2af6ffd700 1 --2- >> [v2:172.21.15.29:3300/0,v1:172.21.15.29:6789/0] conn(0x7f2af81053a0 0x7f2af819c300 unknown :-1 s=HELLO_CONNECTING pgs=0 cs=0 l=1 rev1=1 crypto rx=0 tx=0 comp rx=0 tx=0).handle_hello peer v2:172.21.15.29:3300/0 says I am v2:172.21.15.29:46784/0 (socket says 172.21.15.29:46784)
2024-01-24T13:30:04.180 INFO:teuthology.orchestra.run.smithi029.stdout:/usr/bin/ceph: stderr
2024-01-24T13:30:03.573+0000 7f2af6ffd700 1 -- 172.21.15.29:0/3870203642 learned_addr learned my addr 172.21.15.29:0/3870203642 (peer_addr_for_me v2:172.21.15.29:0/0)
2024-01-24T13:30:04.180 INFO:teuthology.orchestra.run.smithi029.stdout:/usr/bin/ceph: stderr
2024-01-24T13:30:03.574+0000 7f2af6ffd700 1 -- 172.21.15.29:0/3870203642 --> [v2:172.21.15.29:3300/0,v1:172.21.15.29:6789/0] -- mon_subscribe({config=0+,monmap=0+}) v3 -- 0x7f2ae8009550 con 0x7f2af81053a0
2024-01-24T13:30:04.180 INFO:teuthology.orchestra.run.smithi029.stdout:/usr/bin/ceph: stderr
2024-01-24T13:30:03.574+0000 7f2af6ffd700 1 --2- 172.21.15.29:0/3870203642 >> [v2:172.21.15.29:3300/0,v1:172.21.15.29:6789/0] conn(0x7f2af81053a0 0x7f2af819c300 secure :-1 s=READY pgs=27 cs=0 l=1 rev1=1 crypto rx=0x7f2ae8009fb0 tx=0x7f2ae8011ad0 comp rx=0 tx=0).ready entity=mon.0 client_cookie=0 server_cookie=0 in_seq=0 out_seq=0
2024-01-24T13:30:04.180 INFO:teuthology.orchestra.run.smithi029.stdout:/usr/bin/ceph: stderr
2024-01-24T13:30:03.574+0000 7f2afca48700 1 -- 172.21.15.29:0/3870203642 <== mon.0 v2:172.21.15.29:3300/0 1 ==== mon_map magic: 0 v1 ==== 205+0+0 (secure 0 0 0) 0x7f2ae8003930 con 0x7f2af81053a0
2024-01-24T13:30:04.180 INFO:teuthology.orchestra.run.smithi029.stdout:/usr/bin/ceph: stderr
