2024-01-24T14:19:54.163+0000 7f4127fff700 1 -- 172.21.15.19:0/1691839979 <== mon.0 v2:172.21.15.19:3300/0 6 ==== mon_command_ack([{"prefix": "get_command_descriptions"}]=0 v0) v1 ==== 72+0+180484 (secure 0 0 0) 0x7f413002d430 con 0x7f4140107070
2024-01-24T14:19:55.735 INFO:teuthology.orchestra.run.smithi019.stdout:/usr/bin/ceph: stderr
2024-01-24T14:19:54.433+0000 7f4145401700 1 -- 172.21.15.19:0/1691839979 --> [v2:172.21.15.19:3300/0,v1:172.21.15.19:6789/0] -- mon_command({"prefix": "mgr module enable", "module": "dashboard"} v 0) v1 -- 0x7f414019fff0 con 0x7f4140107070
2024-01-24T14:19:55.735 INFO:teuthology.orchestra.run.smithi019.stdout:/usr/bin/ceph: stderr
2024-01-24T14:19:55.362+0000 7f4127fff700 1 -- 172.21.15.19:0/1691839979 <== mon.0 v2:172.21.15.19:3300/0 7 ==== mgrmap(e 9) v1 ==== 45281+0+0 (secure 0 0 0) 0x7f413000ed40 con 0x7f4140107070
2024-01-24T14:19:55.735 INFO:teuthology.orchestra.run.smithi019.stdout:/usr/bin/ceph: stderr
2024-01-24T14:19:55.364+0000 7f4127fff700 1 -- 172.21.15.19:0/1691839979 <== mon.0 v2:172.21.15.19:3300/0 8 ==== mon_command_ack([{"prefix": "mgr module enable", "module": "dashboard"}]=0 v9) v1 ==== 88+0+0 (secure 0 0 0) 0x7f413004bf10 con 0x7f4140107070
2024-01-24T14:19:55.735 INFO:teuthology.orchestra.run.smithi019.stdout:/usr/bin/ceph: stderr
2024-01-24T14:19:55.367+0000 7f4145401700 1 -- 172.21.15.19:0/1691839979 >> [v2:172.21.15.19:6800/3758061162,v1:172.21.15.19:6801/3758061162] conn(0x7f4128038370 msgr2=0x7f412803a830 secure :-1 s=STATE_CONNECTION_ESTABLISHED l=1).mark_down
2024-01-24T14:19:55.735 INFO:teuthology.orchestra.run.smithi019.stdout:/usr/bin/ceph: stderr
2024-01-24T14:19:55.367+0000 7f4145401700 1 --2- 172.21.15.19:0/1691839979 >> [v2:172.21.15.19:6800/3758061162,v1:172.21.15.19:6801/3758061162] conn(0x7f4128038370 0x7f412803a830 secure :-1 s=READY pgs=16 cs=0 l=1 rev1=1 crypto rx=0x7f4134006fd0 tx=0x7f4134006e40 comp rx=0 tx=0).stop
2024-01-24T14:19:55.735 INFO:teuthology.orchestra.run.smithi019.stdout:/usr/bin/ceph: stderr
2024-01-24T14:19:55.367+0000 7f4145401700 1 -- 172.21.15.19:0/1691839979 >> [v2:172.21.15.19:3300/0,v1:172.21.15.19:6789/0] conn(0x7f4140107070 msgr2=0x7f414019c3a0 secure :-1 s=STATE_CONNECTION_ESTABLISHED l=1).mark_down
2024-01-24T14:19:55.735 INFO:teuthology.orchestra.run.smithi019.stdout:/usr/bin/ceph: stderr
2024-01-24T14:19:55.367+0000 7f4145401700 1 --2- 172.21.15.19:0/1691839979 >> [v2:172.21.15.19:3300/0,v1:172.21.15.19:6789/0] conn(0x7f4140107070 0x7f414019c3a0 secure :-1 s=READY pgs=56 cs=0 l=1 rev1=1 crypto rx=0x7f4130006af0 tx=0x7f4130011a10 comp rx=0 tx=0).stop
2024-01-24T14:19:55.735 INFO:teuthology.orchestra.run.smithi019.stdout:/usr/bin/ceph: stderr
2024-01-24T14:19:55.367+0000 7f4145401700 1 -- 172.21.15.19:0/1691839979 shutdown_connections
2024-01-24T14:19:55.735 INFO:teuthology.orchestra.run.smithi019.stdout:/usr/bin/ceph: stderr
2024-01-24T14:19:55.367+0000 7f4145401700 1 --2- 172.21.15.19:0/1691839979 >> [v2:172.21.15.19:6800/3758061162,v1:172.21.15.19:6801/3758061162] conn(0x7f4128038370 0x7f412803a830 unknown :-1 s=CLOSED pgs=16 cs=0 l=1 rev1=1 crypto rx=0 tx=0 comp rx=0 tx=0).stop
2024-01-24T14:19:55.735 INFO:teuthology.orchestra.run.smithi019.stdout:/usr/bin/ceph: stderr
2024-01-24T14:19:55.367+0000 7f4145401700 1 --2- 172.21.15.19:0/1691839979 >> [v2:172.21.15.19:3300/0,v1:172.21.15.19:6789/0] conn(0x7f4140107070 0x7f414019c3a0 unknown :-1 s=CLOSED pgs=56 cs=0 l=1 rev1=1 crypto rx=0 tx=0 comp rx=0 tx=0).stop
2024-01-24T14:19:55.736 INFO:teuthology.orchestra.run.smithi019.stdout:/usr/bin/ceph: stderr
2024-01-24T14:19:55.367+0000 7f4145401700 1 -- 172.21.15.19:0/1691839979 >> 172.21.15.19:0/1691839979 conn(0x7f4140100a40 msgr2=0x7f4140101770 unknown :-1 s=STATE_NONE l=0).mark_down
2024-01-24T14:19:55.736 INFO:teuthology.orchestra.run.smithi019.stdout:/usr/bin/ceph: stderr
2024-01-24T14:19:55.367+0000 7f4145401700 1 -- 172.21.15.19:0/1691839979 shutdown_connections
2024-01-24T14:19:55.736 INFO:teuthology.orchestra.run.smithi019.stdout:/usr/bin/ceph: stderr
2024-01-24T14:19:55.367+0000 7f4145401700 1 -- 172.21.15.19:0/1691839979 wait complete.
2024-01-24T14:19:55.970 INFO:journalctl@ceph.mgr.x.smithi019.stdout:Jan 24 14:19:55 smithi019 ceph-654b0c8e-bac3-11ee-95b1-87774f69a715-mgr-x[40914]:
2024-01-24T14:19:55.864+0000 7f99dc943200 -1 mgr[py] Module prometheus has missing NOTIFY_TYPES member
2024-01-24T14:19:56.235 INFO:journalctl@ceph.mgr.x.smithi019.stdout:Jan 24 14:19:55 smithi019 ceph-654b0c8e-bac3-11ee-95b1-87774f69a715-mgr-x[40914]:
2024-01-24T14:19:55.970+0000 7f99dc943200 -1 mgr[py] Module alerts has missing NOTIFY_TYPES member
2024-01-24T14:19:56.235 INFO:journalctl@ceph.mgr.x.smithi019.stdout:Jan 24 14:19:56 smithi019 ceph-654b0c8e-bac3-11ee-95b1-87774f69a715-mgr-x[40914]:
2024-01-24T14:19:56.072+0000 7f99dc943200 -1 mgr[py] Module osd_perf_query has missing NOTIFY_TYPES member
2024-01-24T14:19:56.235 INFO:journalctl@ceph.mgr.x.smithi019.stdout:Jan 24 14:19:56 smithi019 ceph-654b0c8e-bac3-11ee-95b1-87774f69a715-mgr-x[40914]:
2024-01-24T14:19:56.170+0000 7f99dc943200 -1 mgr[py] Module progress has missing NOTIFY_TYPES member
2024-01-24T14:19:56.712 INFO:journalctl@ceph.mon.a.smithi019.stdout:Jan 24 14:19:56 smithi019 ceph-mon[40663]: from='client.? 172.21.15.19:0/1691839979' entity='client.admin' cmd='[{"prefix": "mgr module enable", "module": "dashboard"}]': finished
2024-01-24T14:19:56.712 INFO:journalctl@ceph.mon.a.smithi019.stdout:Jan 24 14:19:56 smithi019 ceph-mon[40663]: mgrmap e9: x(active, since 15s)
2024-01-24T14:19:56.765 INFO:teuthology.orchestra.run.smithi019.stdout:/usr/bin/ceph: stdout {
2024-01-24T14:19:56.765 INFO:teuthology.orchestra.run.smithi019.stdout:/usr/bin/ceph: stdout "epoch": 9,
2024-01-24T14:19:56.765 INFO:teuthology.orchestra.run.smithi019.stdout:/usr/bin/ceph: stdout "available": true,
2024-01-24T14:19:56.765 INFO:teuthology.orchestra.run.smithi019.stdout:/usr/bin/ceph: stdout "active_name": "x",
2024-01-24T14:19:56.765 INFO:teuthology.orchestra.run.smithi019.stdout:/usr/bin/ceph: stdout "num_standby": 0
2024-01-24T14:19:56.766 INFO:teuthology.orchestra.run.smithi019.stdout:/usr/bin/ceph: stdout }
2024-01-24T14:19:56.766 INFO:teuthology.orchestra.run.smithi019.stdout:/usr/bin/ceph: stderr
2024-01-24T14:19:56.122+0000 7fc17254e700 1 Processor -- start
2024-01-24T14:19:56.766 INFO:teuthology.orchestra.run.smithi019.stdout:/usr/bin/ceph: stderr
2024-01-24T14:19:56.122+0000 7fc17254e700 1 -- start start
2024-01-24T14:19:56.766 INFO:teuthology.orchestra.run.smithi019.stdout:/usr/bin/ceph: stderr
2024-01-24T14:19:56.122+0000 7fc17254e700 1 --2- >> [v2:172.21.15.19:3300/0,v1:172.21.15.19:6789/0] conn(0x7fc16c07bec0 0x7fc16c07a320 unknown :-1 s=NONE pgs=0 cs=0 l=0 rev1=0 crypto rx=0 tx=0 comp rx=0 tx=0).connect
2024-01-24T14:19:56.766 INFO:teuthology.orchestra.run.smithi019.stdout:/usr/bin/ceph: stderr
2024-01-24T14:19:56.122+0000 7fc17254e700 1 -- --> [v2:172.21.15.19:3300/0,v1:172.21.15.19:6789/0] -- mon_getmap magic: 0 v1 -- 0x7fc16c07a8f0 con 0x7fc16c07bec0
2024-01-24T14:19:56.766 INFO:teuthology.orchestra.run.smithi019.stdout:/usr/bin/ceph: stderr
2024-01-24T14:19:56.123+0000 7fc16bfff700 1 --2- >> [v2:172.21.15.19:3300/0,v1:172.21.15.19:6789/0] conn(0x7fc16c07bec0 0x7fc16c07a320 unknown :-1 s=BANNER_CONNECTING pgs=0 cs=0 l=0 rev1=0 crypto rx=0 tx=0 comp rx=0 tx=0)._handle_peer_banner_payload supported=3 required=0
2024-01-24T14:19:56.766 INFO:teuthology.orchestra.run.smithi019.stdout:/usr/bin/ceph: stderr
2024-01-24T14:19:56.123+0000 7fc16bfff700 1 --2- >> [v2:172.21.15.19:3300/0,v1:172.21.15.19:6789/0] conn(0x7fc16c07bec0 0x7fc16c07a320 unknown :-1 s=HELLO_CONNECTING pgs=0 cs=0 l=0 rev1=1 crypto rx=0 tx=0 comp rx=0 tx=0).handle_hello peer v2:172.21.15.19:3300/0 says I am v2:172.21.15.19:43680/0 (socket says 172.21.15.19:43680)
2024-01-24T14:19:56.766 INFO:teuthology.orchestra.run.smithi019.stdout:/usr/bin/ceph: stderr
2024-01-24T14:19:56.123+0000 7fc16bfff700 1 -- 172.21.15.19:0/1653482701 learned_addr learned my addr 172.21.15.19:0/1653482701 (peer_addr_for_me v2:172.21.15.19:0/0)
2024-01-24T14:19:56.766 INFO:teuthology.orchestra.run.smithi019.stdout:/usr/bin/ceph: stderr
2024-01-24T14:19:56.123+0000 7fc16bfff700 1 -- 172.21.15.19:0/1653482701 --> [v2:172.21.15.19:3300/0,v1:172.21.15.19:6789/0] -- mon_subscribe({config=0+,monmap=0+}) v3 -- 0x7fc16c07aa30 con 0x7fc16c07bec0
2024-01-24T14:19:56.766 INFO:teuthology.orchestra.run.smithi019.stdout:/usr/bin/ceph: stderr
2024-01-24T14:19:56.123+0000 7fc16bfff700 1 --2- 172.21.15.19:0/1653482701 >> [v2:172.21.15.19:3300/0,v1:172.21.15.19:6789/0] conn(0x7fc16c07bec0 0x7fc16c07a320 secure :-1 s=READY pgs=59 cs=0 l=1 rev1=1 crypto rx=0x7fc15c0098a0 tx=0x7fc15c009bb0 comp rx=0 tx=0).ready entity=mon.0 client_cookie=c3c49dce339960d8 server_cookie=0 in_seq=0 out_seq=0
2024-01-24T14:19:56.766 INFO:teuthology.orchestra.run.smithi019.stdout:/usr/bin/ceph: stderr
2024-01-24T14:19:56.123+0000 7fc16affd700 1 -- 172.21.15.19:0/1653482701 <== mon.0 v2:172.21.15.19:3300/0 1 ==== mon_map magic: 0 v1 ==== 205+0+0 (secure 0 0 0) 0x7fc15c004160 con 0x7fc16c07bec0
2024-01-24T14:19:56.766 INFO:teuthology.orchestra.run.smithi019.stdout:/usr/bin/ceph: stderr
2024-01-24T14:19:56.123+0000 7fc16affd700 1 -- 172.21.15.19:0/1653482701 <== mon.0 v2:172.21.15.19:3300/0 2 ==== config(26 keys) v1 ==== 1105+0+0 (secure 0 0 0) 0x7fc15c0042c0 con 0x7fc16c07bec0
2024-01-24T14:19:56.766 INFO:teuthology.orchestra.run.smithi019.stdout:/usr/bin/ceph: stderr
2024-01-24T14:19:56.123+0000 7fc16affd700 1 -- 172.21.15.19:0/1653482701 <== mon.0 v2:172.21.15.19:3300/0 3 ==== mon_map magic: 0 v1 ==== 205+0+0 (secure 0 0 0) 0x7fc15c0119b0 con 0x7fc16c07bec0
2024-01-24T14:19:56.766 INFO:teuthology.orchestra.run.smithi019.stdout:/usr/bin/ceph: stderr
2024-01-24T14:19:56.124+0000 7fc17254e700 1 -- 172.21.15.19:0/1653482701 >> [v2:172.21.15.19:3300/0,v1:172.21.15.19:6789/0] conn(0x7fc16c07bec0 msgr2=0x7fc16c07a320 secure :-1 s=STATE_CONNECTION_ESTABLISHED l=1).mark_down
2024-01-24T14:19:56.766 INFO:teuthology.orchestra.run.smithi019.stdout:/usr/bin/ceph: stderr
2024-01-24T14:19:56.124+0000 7fc17254e700 1 --2- 172.21.15.19:0/1653482701 >> [v2:172.21.15.19:3300/0,v1:172.21.15.19:6789/0] conn(0x7fc16c07bec0 0x7fc16c07a320 secure :-1 s=READY pgs=59 cs=0 l=1 rev1=1 crypto rx=0x7fc15c0098a0 tx=0x7fc15c009bb0 comp rx=0 tx=0).stop
2024-01-24T14:19:56.767 INFO:teuthology.orchestra.run.smithi019.stdout:/usr/bin/ceph: stderr
2024-01-24T14:19:56.125+0000 7fc17254e700 1 -- 172.21.15.19:0/1653482701 shutdown_connections
2024-01-24T14:19:56.767 INFO:teuthology.orchestra.run.smithi019.stdout:/usr/bin/ceph: stderr
2024-01-24T14:19:56.125+0000 7fc17254e700 1 --2- 172.21.15.19:0/1653482701 >> [v2:172.21.15.19:3300/0,v1:172.21.15.19:6789/0] conn(0x7fc16c07bec0 0x7fc16c07a320 unknown :-1 s=CLOSED pgs=59 cs=0 l=1 rev1=1 crypto rx=0 tx=0 comp rx=0 tx=0).stop
2024-01-24T14:19:56.767 INFO:teuthology.orchestra.run.smithi019.stdout:/usr/bin/ceph: stderr
2024-01-24T14:19:56.125+0000 7fc17254e700 1 -- 172.21.15.19:0/1653482701 >> 172.21.15.19:0/1653482701 conn(0x7fc16c101b60 msgr2=0x7fc16c103f80 unknown :-1 s=STATE_NONE l=0).mark_down
2024-01-24T14:19:56.767 INFO:teuthology.orchestra.run.smithi019.stdout:/usr/bin/ceph: stderr
2024-01-24T14:19:56.125+0000 7fc17254e700 1 -- 172.21.15.19:0/1653482701 shutdown_connections
2024-01-24T14:19:56.767 INFO:teuthology.orchestra.run.smithi019.stdout:/usr/bin/ceph: stderr
2024-01-24T14:19:56.125+0000 7fc17254e700 1 -- 172.21.15.19:0/1653482701 wait complete.
2024-01-24T14:19:56.767 INFO:teuthology.orchestra.run.smithi019.stdout:/usr/bin/ceph: stderr
2024-01-24T14:19:56.125+0000 7fc17254e700 1 Processor -- start
2024-01-24T14:19:56.767 INFO:teuthology.orchestra.run.smithi019.stdout:/usr/bin/ceph: stderr
2024-01-24T14:19:56.125+0000 7fc17254e700 1 -- start start
2024-01-24T14:19:56.767 INFO:teuthology.orchestra.run.smithi019.stdout:/usr/bin/ceph: stderr
2024-01-24T14:19:56.126+0000 7fc17254e700 1 --2- >> [v2:172.21.15.19:3300/0,v1:172.21.15.19:6789/0] conn(0x7fc16c07bec0 0x7fc16c19c400 unknown :-1 s=NONE pgs=0 cs=0 l=1 rev1=0 crypto rx=0 tx=0 comp rx=0 tx=0).connect
2024-01-24T14:19:56.767 INFO:teuthology.orchestra.run.smithi019.stdout:/usr/bin/ceph: stderr
2024-01-24T14:19:56.126+0000 7fc17254e700 1 -- --> [v2:172.21.15.19:3300/0,v1:172.21.15.19:6789/0] -- mon_getmap magic: 0 v1 -- 0x7fc16c19c940 con 0x7fc16c07bec0
2024-01-24T14:19:56.767 INFO:teuthology.orchestra.run.smithi019.stdout:/usr/bin/ceph: stderr
2024-01-24T14:19:56.126+0000 7fc16bfff700 1 --2- >> [v2:172.21.15.19:3300/0,v1:172.21.15.19:6789/0] conn(0x7fc16c07bec0 0x7fc16c19c400 unknown :-1 s=BANNER_CONNECTING pgs=0 cs=0 l=1 rev1=0 crypto rx=0 tx=0 comp rx=0 tx=0)._handle_peer_banner_payload supported=3 required=0
2024-01-24T14:19:56.767 INFO:teuthology.orchestra.run.smithi019.stdout:/usr/bin/ceph: stderr
2024-01-24T14:19:56.126+0000 7fc16bfff700 1 --2- >> [v2:172.21.15.19:3300/0,v1:172.21.15.19:6789/0] conn(0x7fc16c07bec0 0x7fc16c19c400 unknown :-1 s=HELLO_CONNECTING pgs=0 cs=0 l=1 rev1=1 crypto rx=0 tx=0 comp rx=0 tx=0).handle_hello peer v2:172.21.15.19:3300/0 says I am v2:172.21.15.19:43690/0 (socket says 172.21.15.19:43690)
2024-01-24T14:19:56.767 INFO:teuthology.orchestra.run.smithi019.stdout:/usr/bin/ceph: stderr
2024-01-24T14:19:56.126+0000 7fc16bfff700 1 -- 172.21.15.19:0/1072425117 learned_addr learned my addr 172.21.15.19:0/1072425117 (peer_addr_for_me v2:172.21.15.19:0/0)
2024-01-24T14:19:56.767 INFO:teuthology.orchestra.run.smithi019.stdout:/usr/bin/ceph: stderr
2024-01-24T14:19:56.126+0000 7fc16bfff700 1 -- 172.21.15.19:0/1072425117 --> [v2:172.21.15.19:3300/0,v1:172.21.15.19:6789/0] -- mon_subscribe({config=0+,monmap=0+}) v3 -- 0x7fc15c009550 con 0x7fc16c07bec0
2024-01-24T14:19:56.767 INFO:teuthology.orchestra.run.smithi019.stdout:/usr/bin/ceph: stderr
2024-01-24T14:19:56.126+0000 7fc16bfff700 1 --2- 172.21.15.19:0/1072425117 >> [v2:172.21.15.19:3300/0,v1:172.21.15.19:6789/0] conn(0x7fc16c07bec0 0x7fc16c19c400 secure :-1 s=READY pgs=60 cs=0 l=1 rev1=1 crypto rx=0x7fc15c006af0 tx=0x7fc15c011a10 comp rx=0 tx=0).ready entity=mon.0 client_cookie=0 server_cookie=0 in_seq=0 out_seq=0
2024-01-24T14:19:56.768 INFO:teuthology.orchestra.run.smithi019.stdout:/usr/bin/ceph: stderr
2024-01-24T14:19:56.126+0000 7fc1697fa700 1 -- 172.21.15.19:0/1072425117 <== mon.0 v2:172.21.15.19:3300/0 1 ==== mon_map magic: 0 v1 ==== 205+0+0 (secure 0 0 0) 0x7fc15c003a40 con 0x7fc16c07bec0
2024-01-24T14:19:56.768 INFO:teuthology.orchestra.run.smithi019.stdout:/usr/bin/ceph: stderr
2024-01-24T14:19:56.127+0000 7fc1697fa700 1 -- 172.21.15.19:0/1072425117 <== mon.0 v2:172.21.15.19:3300/0 2 ==== config(26 keys) v1 ==== 1105+0+0 (secure 0 0 0) 0x7fc15c003ba0 con 0x7fc16c07bec0
2024-01-24T14:19:56.768 INFO:teuthology.orchestra.run.smithi019.stdout:/usr/bin/ceph: stderr
2024-01-24T14:19:56.127+0000 7fc17254e700 1 -- 172.21.15.19:0/1072425117 --> [v2:172.21.15.19:3300/0,v1:172.21.15.19:6789/0] -- mon_subscribe({mgrmap=0+}) v3 -- 0x7fc16c19cb40 con 0x7fc16c07bec0
2024-01-24T14:19:56.768 INFO:teuthology.orchestra.run.smithi019.stdout:/usr/bin/ceph: stderr
2024-01-24T14:19:56.127+0000 7fc1697fa700 1 -- 172.21.15.19:0/1072425117 <== mon.0 v2:172.21.15.19:3300/0 3 ==== mon_map magic: 0 v1 ==== 205+0+0 (secure 0 0 0) 0x7fc15c019690 con 0x7fc16c07bec0
2024-01-24T14:19:56.768 INFO:teuthology.orchestra.run.smithi019.stdout:/usr/bin/ceph: stderr
2024-01-24T14:19:56.127+0000 7fc17254e700 1 -- 172.21.15.19:0/1072425117 --> [v2:172.21.15.19:3300/0,v1:172.21.15.19:6789/0] -- mon_subscribe({osdmap=0}) v3 -- 0x7fc16c19cf60 con 0x7fc16c07bec0
2024-01-24T14:19:56.768 INFO:teuthology.orchestra.run.smithi019.stdout:/usr/bin/ceph: stderr
2024-01-24T14:19:56.127+0000 7fc1697fa700 1 -- 172.21.15.19:0/1072425117 <== mon.0 v2:172.21.15.19:3300/0 4 ==== mgrmap(e 9) v1 ==== 45281+0+0 (secure 0 0 0) 0x7fc15c019900 con 0x7fc16c07bec0
2024-01-24T14:19:56.768 INFO:teuthology.orchestra.run.smithi019.stdout:/usr/bin/ceph: stderr
2024-01-24T14:19:56.128+0000 7fc1697fa700 1 --2- 172.21.15.19:0/1072425117 >> [v2:172.21.15.19:6800/3758061162,v1:172.21.15.19:6801/3758061162] conn(0x7fc154038410 0x7fc15403a8d0 unknown :-1 s=NONE pgs=0 cs=0 l=1 rev1=0 crypto rx=0 tx=0 comp rx=0 tx=0).connect
2024-01-24T14:19:56.768 INFO:teuthology.orchestra.run.smithi019.stdout:/usr/bin/ceph: stderr
2024-01-24T14:19:56.128+0000 7fc1697fa700 1 -- 172.21.15.19:0/1072425117 <== mon.0 v2:172.21.15.19:3300/0 5 ==== osd_map(2..2 src has 1..2) v4 ==== 940+0+0 (secure 0 0 0) 0x7fc15c04d0c0 con 0x7fc16c07bec0
2024-01-24T14:19:56.768 INFO:teuthology.orchestra.run.smithi019.stdout:/usr/bin/ceph: stderr
2024-01-24T14:19:56.128+0000 7fc16b7fe700 1 -- 172.21.15.19:0/1072425117 >> [v2:172.21.15.19:6800/3758061162,v1:172.21.15.19:6801/3758061162] conn(0x7fc154038410 msgr2=0x7fc15403a8d0 unknown :-1 s=STATE_CONNECTING_RE l=1).process reconnect failed to v2:172.21.15.19:6800/3758061162
2024-01-24T14:19:56.768 INFO:teuthology.orchestra.run.smithi019.stdout:/usr/bin/ceph: stderr
2024-01-24T14:19:56.128+0000 7fc16b7fe700 1 --2- 172.21.15.19:0/1072425117 >> [v2:172.21.15.19:6800/3758061162,v1:172.21.15.19:6801/3758061162] conn(0x7fc154038410 0x7fc15403a8d0 unknown :-1 s=START_CONNECT pgs=0 cs=0 l=1 rev1=0 crypto rx=0 tx=0 comp rx=0 tx=0)._fault waiting 0.200000
2024-01-24T14:19:56.768 INFO:teuthology.orchestra.run.smithi019.stdout:/usr/bin/ceph: stderr
2024-01-24T14:19:56.128+0000 7fc17254e700 1 -- 172.21.15.19:0/1072425117 --> [v2:172.21.15.19:3300/0,v1:172.21.15.19:6789/0] -- mon_command({"prefix": "get_command_descriptions"} v 0) v1 -- 0x7fc16c062370 con 0x7fc16c07bec0
2024-01-24T14:19:56.768 INFO:teuthology.orchestra.run.smithi019.stdout:/usr/bin/ceph: stderr
2024-01-24T14:19:56.133+0000 7fc1697fa700 1 -- 172.21.15.19:0/1072425117 <== mon.0 v2:172.21.15.19:3300/0 6 ==== mon_command_ack([{"prefix": "get_command_descriptions"}]=0 v0) v1 ==== 72+0+180484 (secure 0 0 0) 0x7fc15c0243f0 con 0x7fc16c07bec0
2024-01-24T14:19:56.768 INFO:teuthology.orchestra.run.smithi019.stdout:/usr/bin/ceph: stderr
2024-01-24T14:19:56.329+0000 7fc16b7fe700 1 -- 172.21.15.19:0/1072425117 >> [v2:172.21.15.19:6800/3758061162,v1:172.21.15.19:6801/3758061162] conn(0x7fc154038410 msgr2=0x7fc15403a8d0 unknown :-1 s=STATE_CONNECTING_RE l=1).process reconnect failed to v2:172.21.15.19:6800/3758061162
2024-01-24T14:19:56.769 INFO:teuthology.orchestra.run.smithi019.stdout:/usr/bin/ceph: stderr
2024-01-24T14:19:56.329+0000 7fc16b7fe700 1 --2- 172.21.15.19:0/1072425117 >> [v2:172.21.15.19:6800/3758061162,v1:172.21.15.19:6801/3758061162] conn(0x7fc154038410 0x7fc15403a8d0 unknown :-1 s=START_CONNECT pgs=0 cs=0 l=1 rev1=0 crypto rx=0 tx=0 comp rx=0 tx=0)._fault waiting 0.400000
2024-01-24T14:19:56.769 INFO:teuthology.orchestra.run.smithi019.stdout:/usr/bin/ceph: stderr
2024-01-24T14:19:56.400+0000 7fc17254e700 1 -- 172.21.15.19:0/1072425117 --> [v2:172.21.15.19:3300/0,v1:172.21.15.19:6789/0] -- mon_command({"prefix": "mgr stat"} v 0) v1 -- 0x7fc16c19fa90 con 0x7fc16c07bec0
2024-01-24T14:19:56.769 INFO:teuthology.orchestra.run.smithi019.stdout:/usr/bin/ceph: stderr
2024-01-24T14:19:56.400+0000 7fc1697fa700 1 -- 172.21.15.19:0/1072425117 <== mon.0 v2:172.21.15.19:3300/0 7 ==== mon_command_ack([{"prefix": "mgr stat"}]=0 v9) v1 ==== 56+0+88 (secure 0 0 0) 0x7fc15c04a030 con 0x7fc16c07bec0
2024-01-24T14:19:56.769 INFO:teuthology.orchestra.run.smithi019.stdout:/usr/bin/ceph: stderr
2024-01-24T14:19:56.402+0000 7fc17254e700 1 -- 172.21.15.19:0/1072425117 >> [v2:172.21.15.19:6800/3758061162,v1:172.21.15.19:6801/3758061162] conn(0x7fc154038410 msgr2=0x7fc15403a8d0 unknown :-1 s=STATE_CONNECTING l=1).mark_down
2024-01-24T14:19:56.769 INFO:teuthology.orchestra.run.smithi019.stdout:/usr/bin/ceph: stderr
2024-01-24T14:19:56.402+0000 7fc17254e700 1 --2- 172.21.15.19:0/1072425117 >> [v2:172.21.15.19:6800/3758061162,v1:172.21.15.19:6801/3758061162] conn(0x7fc154038410 0x7fc15403a8d0 unknown :-1 s=START_CONNECT pgs=0 cs=0 l=1 rev1=0 crypto rx=0 tx=0 comp rx=0 tx=0).stop
2024-01-24T14:19:56.769 INFO:teuthology.orchestra.run.smithi019.stdout:/usr/bin/ceph: stderr
2024-01-24T14:19:56.402+0000 7fc17254e700 1 -- 172.21.15.19:0/1072425117 >> [v2:172.21.15.19:3300/0,v1:172.21.15.19:6789/0] conn(0x7fc16c07bec0 msgr2=0x7fc16c19c400 secure :-1 s=STATE_CONNECTION_ESTABLISHED l=1).mark_down
2024-01-24T14:19:56.769 INFO:teuthology.orchestra.run.smithi019.stdout:/usr/bin/ceph: stderr
2024-01-24T14:19:56.402+0000 7fc17254e700 1 --2- 172.21.15.19:0/1072425117 >> [v2:172.21.15.19:3300/0,v1:172.21.15.19:6789/0] conn(0x7fc16c07bec0 0x7fc16c19c400 secure :-1 s=READY pgs=60 cs=0 l=1 rev1=1 crypto rx=0x7fc15c006af0 tx=0x7fc15c011a10 comp rx=0 tx=0).stop
2024-01-24T14:19:56.769 INFO:teuthology.orchestra.run.smithi019.stdout:/usr/bin/ceph: stderr
2024-01-24T14:19:56.403+0000 7fc17254e700 1 -- 172.21.15.19:0/1072425117 shutdown_connections
2024-01-24T14:19:56.769 INFO:teuthology.orchestra.run.smithi019.stdout:/usr/bin/ceph: stderr
2024-01-24T14:19:56.403+0000 7fc17254e700 1 --2- 172.21.15.19:0/1072425117 >> [v2:172.21.15.19:6800/3758061162,v1:172.21.15.19:6801/3758061162] conn(0x7fc154038410 0x7fc15403a8d0 unknown :-1 s=CLOSED pgs=0 cs=0 l=1 rev1=0 crypto rx=0 tx=0 comp rx=0 tx=0).stop
2024-01-24T14:19:56.769 INFO:teuthology.orchestra.run.smithi019.stdout:/usr/bin/ceph: stderr
2024-01-24T14:19:56.403+0000 7fc17254e700 1 --2- 172.21.15.19:0/1072425117 >> [v2:172.21.15.19:3300/0,v1:172.21.15.19:6789/0] conn(0x7fc16c07bec0 0x7fc16c19c400 unknown :-1 s=CLOSED pgs=60 cs=0 l=1 rev1=1 crypto rx=0 tx=0 comp rx=0 tx=0).stop
2024-01-24T14:19:56.769 INFO:teuthology.orchestra.run.smithi019.stdout:/usr/bin/ceph: stderr
2024-01-24T14:19:56.403+0000 7fc17254e700 1 -- 172.21.15.19:0/1072425117 >> 172.21.15.19:0/1072425117 conn(0x7fc16c101b60 msgr2=0x7fc16c1028f0 unknown :-1 s=STATE_NONE l=0).mark_down
2024-01-24T14:19:56.769 INFO:teuthology.orchestra.run.smithi019.stdout:/usr/bin/ceph: stderr
2024-01-24T14:19:56.403+0000 7fc17254e700 1 -- 172.21.15.19:0/1072425117 shutdown_connections
2024-01-24T14:19:56.769 INFO:teuthology.orchestra.run.smithi019.stdout:/usr/bin/ceph: stderr
2024-01-24T14:19:56.403+0000 7fc17254e700 1 -- 172.21.15.19:0/1072425117 wait complete.
2024-01-24T14:19:56.769 INFO:teuthology.orchestra.run.smithi019.stdout:Waiting for the mgr to restart...
2024-01-24T14:19:56.770 INFO:teuthology.orchestra.run.smithi019.stdout:Waiting for mgr epoch 9...
2024-01-24T14:19:56.978 INFO:journalctl@ceph.mgr.x.smithi019.stdout:Jan 24 14:19:56 smithi019 ceph-654b0c8e-bac3-11ee-95b1-87774f69a715-mgr-x[40914]:
2024-01-24T14:19:56.887+0000 7f99dc943200 -1 mgr[py] Module orchestrator has missing NOTIFY_TYPES member
2024-01-24T14:19:57.235 INFO:journalctl@ceph.mgr.x.smithi019.stdout:Jan 24 14:19:57 smithi019 ceph-654b0c8e-bac3-11ee-95b1-87774f69a715-mgr-x[40914]:
2024-01-24T14:19:57.163+0000 7f99dc943200 -1 mgr[py] Module nfs has missing NOTIFY_TYPES member
2024-01-24T14:19:57.567 INFO:journalctl@ceph.mon.a.smithi019.stdout:Jan 24 14:19:57 smithi019 ceph-mon[40663]: from='client.? 172.21.15.19:0/1072425117' entity='client.admin' cmd=[{"prefix": "mgr stat"}]: dispatch
2024-01-24T14:19:57.567 INFO:journalctl@ceph.mgr.x.smithi019.stdout:Jan 24 14:19:57 smithi019 ceph-654b0c8e-bac3-11ee-95b1-87774f69a715-mgr-x[40914]:
2024-01-24T14:19:57.262+0000 7f99dc943200 -1 mgr[py] Module zabbix has missing NOTIFY_TYPES member
2024-01-24T14:19:57.567 INFO:journalctl@ceph.mgr.x.smithi019.stdout:Jan 24 14:19:57 smithi019 ceph-654b0c8e-bac3-11ee-95b1-87774f69a715-mgr-x[40914]:
2024-01-24T14:19:57.385+0000 7f99dc943200 -1 mgr[py] Module rbd_support has missing NOTIFY_TYPES member
2024-01-24T14:19:57.985 INFO:journalctl@ceph.mgr.x.smithi019.stdout:Jan 24 14:19:57 smithi019 ceph-654b0c8e-bac3-11ee-95b1-87774f69a715-mgr-x[40914]:
2024-01-24T14:19:57.567+0000 7f99dc943200 -1 mgr[py] Module status has missing NOTIFY_TYPES member
2024-01-24T14:19:57.986 INFO:journalctl@ceph.mgr.x.smithi019.stdout:Jan 24 14:19:57 smithi019 ceph-654b0c8e-bac3-11ee-95b1-87774f69a715-mgr-x[40914]:
2024-01-24T14:19:57.711+0000 7f99dc943200 -1 mgr[py] Module diskprediction_local has missing NOTIFY_TYPES member
2024-01-24T14:19:57.986 INFO:journalctl@ceph.mgr.x.smithi019.stdout:Jan 24 14:19:57 smithi019 ceph-654b0c8e-bac3-11ee-95b1-87774f69a715-mgr-x[40914]:
2024-01-24T14:19:57.807+0000 7f99dc943200 -1 mgr[py] Module telegraf has missing NOTIFY_TYPES member
2024-01-24T14:19:58.485 INFO:journalctl@ceph.mgr.x.smithi019.stdout:Jan 24 14:19:58 smithi019 ceph-654b0c8e-bac3-11ee-95b1-87774f69a715-mgr-x[40914]:
2024-01-24T14:19:58.229+0000 7f99dc943200 -1 mgr[py] Module influx has missing NOTIFY_TYPES member
2024-01-24T14:19:58.851 INFO:journalctl@ceph.mgr.x.smithi019.stdout:Jan 24 14:19:58 smithi019 ceph-654b0c8e-bac3-11ee-95b1-87774f69a715-mgr-x[40914]:
2024-01-24T14:19:58.528+0000 7f99dc943200 -1 mgr[py] Module pg_autoscaler has missing NOTIFY_TYPES member
2024-01-24T14:19:59.235 INFO:journalctl@ceph.mgr.x.smithi019.stdout:Jan 24 14:19:58 smithi019 ceph-654b0c8e-bac3-11ee-95b1-87774f69a715-mgr-x[40914]:
2024-01-24T14:19:58.851+0000 7f99dc943200 -1 mgr[py] Module rgw has missing NOTIFY_TYPES member
2024-01-24T14:19:59.235 INFO:journalctl@ceph.mgr.x.smithi019.stdout:Jan 24 14:19:58 smithi019 ceph-654b0c8e-bac3-11ee-95b1-87774f69a715-mgr-x[40914]:
2024-01-24T14:19:58.957+0000 7f99dc943200 -1 mgr[py] Module balancer has missing NOTIFY_TYPES member
2024-01-24T14:20:00.090 INFO:journalctl@ceph.mgr.x.smithi019.stdout:Jan 24 14:19:59 smithi019 ceph-654b0c8e-bac3-11ee-95b1-87774f69a715-mgr-x[40914]:
2024-01-24T14:19:59.815+0000 7f99dc943200 -1 mgr[py] Module iostat has missing NOTIFY_TYPES member
2024-01-24T14:20:00.090 INFO:journalctl@ceph.mgr.x.smithi019.stdout:Jan 24 14:19:59 smithi019 ceph-654b0c8e-bac3-11ee-95b1-87774f69a715-mgr-x[40914]:
2024-01-24T14:19:59.922+0000 7f99dc943200 -1 mgr[py] Module snap_schedule has missing NOTIFY_TYPES member
2024-01-24T14:20:00.485 INFO:journalctl@ceph.mgr.x.smithi019.stdout:Jan 24 14:20:00 smithi019 ceph-654b0c8e-bac3-11ee-95b1-87774f69a715-mgr-x[40914]:
2024-01-24T14:20:00.089+0000 7f99dc943200 -1 mgr[py] Module telemetry has missing NOTIFY_TYPES member
2024-01-24T14:20:01.235 INFO:journalctl@ceph.mgr.x.smithi019.stdout:Jan 24 14:20:00 smithi019 ceph-654b0c8e-bac3-11ee-95b1-87774f69a715-mgr-x[40914]:
2024-01-24T14:20:00.808+0000 7f99dc943200 -1 mgr[py] Module rook has missing NOTIFY_TYPES member
2024-01-24T14:20:01.235 INFO:journalctl@ceph.mgr.x.smithi019.stdout:Jan 24 14:20:01 smithi019 ceph-654b0c8e-bac3-11ee-95b1-87774f69a715-mgr-x[40914]:
2024-01-24T14:20:01.015+0000 7f99dc943200 -1 mgr[py] Module selftest has missing NOTIFY_TYPES member
2024-01-24T14:20:01.485 INFO:journalctl@ceph.mgr.x.smithi019.stdout:Jan 24 14:20:01 smithi019 ceph-654b0c8e-bac3-11ee-95b1-87774f69a715-mgr-x[40914]:
2024-01-24T14:20:01.234+0000 7f99dc943200 -1 mgr[py] Module devicehealth has missing NOTIFY_TYPES member
2024-01-24T14:20:02.582 INFO:journalctl@ceph.mgr.x.smithi019.stdout:Jan 24 14:20:02 smithi019 ceph-654b0c8e-bac3-11ee-95b1-87774f69a715-mgr-x[40914]:
2024-01-24T14:20:02.278+0000 7f99dc943200 -1 mgr[py] Module volumes has missing NOTIFY_TYPES member
2024-01-24T14:20:02.897 INFO:journalctl@ceph.mgr.x.smithi019.stdout:Jan 24 14:20:02 smithi019 ceph-654b0c8e-bac3-11ee-95b1-87774f69a715-mgr-x[40914]:
2024-01-24T14:20:02.582+0000 7f99dc943200 -1 mgr[py] Module test_orchestrator has missing NOTIFY_TYPES member
2024-01-24T14:20:02.898 INFO:journalctl@ceph.mgr.x.smithi019.stdout:Jan 24 14:20:02 smithi019 ceph-654b0c8e-bac3-11ee-95b1-87774f69a715-mgr-x[40914]:
2024-01-24T14:20:02.680+0000 7f99dc943200 -1 mgr[py] Module osd_support has missing NOTIFY_TYPES member
2024-01-24T14:20:03.235 INFO:journalctl@ceph.mgr.x.smithi019.stdout:Jan 24 14:20:02 smithi019 ceph-654b0c8e-bac3-11ee-95b1-87774f69a715-mgr-x[40914]:
2024-01-24T14:20:02.897+0000 7f99dc943200 -1 mgr[py] Module crash has missing NOTIFY_TYPES member
2024-01-24T14:20:03.236 INFO:journalctl@ceph.mon.a.smithi019.stdout:Jan 24 14:20:02 smithi019 ceph-mon[40663]: Active manager daemon x restarted
2024-01-24T14:20:03.236 INFO:journalctl@ceph.mon.a.smithi019.stdout:Jan 24 14:20:02 smithi019 ceph-mon[40663]: Activating manager daemon x
2024-01-24T14:20:03.236 INFO:journalctl@ceph.mon.a.smithi019.stdout:Jan 24 14:20:02 smithi019 ceph-mon[40663]: osdmap e3: 0 total, 0 up, 0 in
2024-01-24T14:20:03.236 INFO:journalctl@ceph.mon.a.smithi019.stdout:Jan 24 14:20:02 smithi019 ceph-mon[40663]: mgrmap e10: x(active, starting, since 0.00394081s)
2024-01-24T14:20:03.236 INFO:journalctl@ceph.mon.a.smithi019.stdout:Jan 24 14:20:02 smithi019 ceph-mon[40663]: from='mgr.14152 172.21.15.19:0/397492189' entity='mgr.x' cmd=[{"prefix": "mon metadata", "id": "a"}]: dispatch
2024-01-24T14:20:03.236 INFO:journalctl@ceph.mon.a.smithi019.stdout:Jan 24 14:20:02 smithi019 ceph-mon[40663]: from='mgr.14152 172.21.15.19:0/397492189' entity='mgr.x' cmd=[{"prefix": "mgr metadata", "who": "x", "id": "x"}]: dispatch
2024-01-24T14:20:03.236 INFO:journalctl@ceph.mon.a.smithi019.stdout:Jan 24 14:20:02 smithi019 ceph-mon[40663]: from='mgr.14152 172.21.15.19:0/397492189' entity='mgr.x' cmd=[{"prefix": "mds metadata"}]: dispatch
2024-01-24T14:20:03.236 INFO:journalctl@ceph.mon.a.smithi019.stdout:Jan 24 14:20:02 smithi019 ceph-mon[40663]: from='mgr.14152 172.21.15.19:0/397492189' entity='mgr.x' cmd=[{"prefix": "osd metadata"}]: dispatch
2024-01-24T14:20:03.236 INFO:journalctl@ceph.mon.a.smithi019.stdout:Jan 24 14:20:02 smithi019 ceph-mon[40663]: from='mgr.14152 172.21.15.19:0/397492189' entity='mgr.x' cmd=[{"prefix": "mon metadata"}]: dispatch
2024-01-24T14:20:03.237 INFO:journalctl@ceph.mon.a.smithi019.stdout:Jan 24 14:20:02 smithi019 ceph-mon[40663]: Manager daemon x is now available
2024-01-24T14:20:03.237 INFO:journalctl@ceph.mon.a.smithi019.stdout:Jan 24 14:20:02 smithi019 ceph-mon[40663]: from='mgr.14152 172.21.15.19:0/397492189' entity='mgr.x' cmd=[{"prefix": "config dump", "format": "json"}]: dispatch
2024-01-24T14:20:03.237 INFO:journalctl@ceph.mon.a.smithi019.stdout:Jan 24 14:20:02 smithi019 ceph-mon[40663]: from='mgr.14152 172.21.15.19:0/397492189' entity='mgr.x' cmd=[{"prefix": "config dump", "format": "json"}]: dispatch
2024-01-24T14:20:04.235 INFO:journalctl@ceph.mon.a.smithi019.stdout:Jan 24 14:20:03 smithi019 ceph-mon[40663]: from='mgr.14152 172.21.15.19:0/397492189' entity='mgr.x' cmd=[{"prefix":"config rm","who":"mgr","name":"mgr/rbd_support/x/mirror_snapshot_schedule"}]: dispatch
2024-01-24T14:20:04.235 INFO:journalctl@ceph.mon.a.smithi019.stdout:Jan 24 14:20:03 smithi019 ceph-mon[40663]: from='mgr.14152 172.21.15.19:0/397492189' entity='mgr.x' cmd=[{"prefix":"config rm","who":"mgr","name":"mgr/rbd_support/x/trash_purge_schedule"}]: dispatch
2024-01-24T14:20:04.236 INFO:journalctl@ceph.mon.a.smithi019.stdout:Jan 24 14:20:03 smithi019 ceph-mon[40663]: from='mgr.14152 172.21.15.19:0/397492189' entity='mgr.x'
2024-01-24T14:20:04.236 INFO:journalctl@ceph.mon.a.smithi019.stdout:Jan 24 14:20:03 smithi019 ceph-mon[40663]: mgrmap e11: x(active, since 1.00898s)
2024-01-24T14:20:04.284 INFO:teuthology.orchestra.run.smithi019.stdout:/usr/bin/ceph: stdout {
2024-01-24T14:20:04.284 INFO:teuthology.orchestra.run.smithi019.stdout:/usr/bin/ceph: stdout "mgrmap_epoch": 11,
2024-01-24T14:20:04.284 INFO:teuthology.orchestra.run.smithi019.stdout:/usr/bin/ceph: stdout "initialized": true
2024-01-24T14:20:04.285 INFO:teuthology.orchestra.run.smithi019.stdout:/usr/bin/ceph: stdout }
2024-01-24T14:20:04.285 INFO:teuthology.orchestra.run.smithi019.stdout:/usr/bin/ceph: stderr
2024-01-24T14:19:57.237+0000 7f12bef0e700 1 Processor -- start
2024-01-24T14:20:04.285 INFO:teuthology.orchestra.run.smithi019.stdout:/usr/bin/ceph: stderr
2024-01-24T14:19:57.237+0000 7f12bef0e700 1 -- start start
2024-01-24T14:20:04.285 INFO:teuthology.orchestra.run.smithi019.stdout:/usr/bin/ceph: stderr
2024-01-24T14:19:57.237+0000 7f12bef0e700 1 --2- >> [v2:172.21.15.19:3300/0,v1:172.21.15.19:6789/0] conn(0x7f12b8107080 0x7f12b8109470 unknown :-1 s=NONE pgs=0 cs=0 l=0 rev1=0 crypto rx=0 tx=0 comp rx=0 tx=0).connect
2024-01-24T14:20:04.285 INFO:teuthology.orchestra.run.smithi019.stdout:/usr/bin/ceph: stderr
2024-01-24T14:19:57.237+0000 7f12bef0e700 1 -- --> [v2:172.21.15.19:3300/0,v1:172.21.15.19:6789/0] -- mon_getmap magic: 0 v1 -- 0x7f12b8079e30 con 0x7f12b8107080
2024-01-24T14:20:04.285 INFO:teuthology.orchestra.run.smithi019.stdout:/usr/bin/ceph: stderr
2024-01-24T14:19:57.237+0000 7f12bccaa700 1 --2- >> [v2:172.21.15.19:3300/0,v1:172.21.15.19:6789/0] conn(0x7f12b8107080 0x7f12b8109470 unknown :-1 s=BANNER_CONNECTING pgs=0 cs=0 l=0 rev1=0 crypto rx=0 tx=0 comp rx=0 tx=0)._handle_peer_banner_payload supported=3 required=0
2024-01-24T14:20:04.285 INFO:teuthology.orchestra.run.smithi019.stdout:/usr/bin/ceph: stderr
2024-01-24T14:19:57.237+0000 7f12bccaa700 1 --2- >> [v2:172.21.15.19:3300/0,v1:172.21.15.19:6789/0] conn(0x7f12b8107080 0x7f12b8109470 unknown :-1 s=HELLO_CONNECTING pgs=0 cs=0 l=0 rev1=1 crypto rx=0 tx=0 comp rx=0 tx=0).handle_hello peer v2:172.21.15.19:3300/0 says I am v2:172.21.15.19:43700/0 (socket says 172.21.15.19:43700)
2024-01-24T14:20:04.285 INFO:teuthology.orchestra.run.smithi019.stdout:/usr/bin/ceph: stderr
2024-01-24T14:19:57.237+0000 7f12bccaa700 1 -- 172.21.15.19:0/4194423111 learned_addr learned my addr 172.21.15.19:0/4194423111 (peer_addr_for_me v2:172.21.15.19:0/0)
2024-01-24T14:20:04.285 INFO:teuthology.orchestra.run.smithi019.stdout:/usr/bin/ceph: stderr
2024-01-24T14:19:57.238+0000 7f12bccaa700 1 -- 172.21.15.19:0/4194423111 --> [v2:172.21.15.19:3300/0,v1:172.21.15.19:6789/0] -- mon_subscribe({config=0+,monmap=0+}) v3 -- 0x7f12b81099b0 con 0x7f12b8107080
2024-01-24T14:20:04.285 INFO:teuthology.orchestra.run.smithi019.stdout:/usr/bin/ceph: stderr
2024-01-24T14:19:57.238+0000 7f12bccaa700 1 --2- 172.21.15.19:0/4194423111 >> [v2:172.21.15.19:3300/0,v1:172.21.15.19:6789/0] conn(0x7f12b8107080 0x7f12b8109470 secure :-1 s=READY pgs=61 cs=0 l=1 rev1=1 crypto rx=0x7f12ac0098a0 tx=0x7f12ac009bb0 comp rx=0 tx=0).ready entity=mon.0 client_cookie=4b4653953f1abbe1 server_cookie=0 in_seq=0 out_seq=0
2024-01-24T14:20:04.285 INFO:teuthology.orchestra.run.smithi019.stdout:/usr/bin/ceph: stderr
2024-01-24T14:19:57.238+0000 7f12b77fe700 1 -- 172.21.15.19:0/4194423111 <== mon.0 v2:172.21.15.19:3300/0 1 ==== mon_map magic: 0 v1 ==== 205+0+0 (secure 0 0 0) 0x7f12ac004160 con 0x7f12b8107080
2024-01-24T14:20:04.285 INFO:teuthology.orchestra.run.smithi019.stdout:/usr/bin/ceph: stderr
2024-01-24T14:19:57.238+0000 7f12b77fe700 1 -- 172.21.15.19:0/4194423111 <== mon.0 v2:172.21.15.19:3300/0 2 ==== config(26 keys) v1 ==== 1105+0+0 (secure 0 0 0) 0x7f12ac0042c0 con 0x7f12b8107080
2024-01-24T14:20:04.285 INFO:teuthology.orchestra.run.smithi019.stdout:/usr/bin/ceph: stderr
2024-01-24T14:19:57.238+0000 7f12b77fe700 1 -- 172.21.15.19:0/4194423111 <== mon.0 v2:172.21.15.19:3300/0 3 ==== mon_map magic: 0 v1 ==== 205+0+0 (secure 0 0 0) 0x7f12ac0119b0 con 0x7f12b8107080
2024-01-24T14:20:04.285 INFO:teuthology.orchestra.run.smithi019.stdout:/usr/bin/ceph: stderr
2024-01-24T14:19:57.239+0000 7f12bef0e700 1 -- 172.21.15.19:0/4194423111 >> [v2:172.21.15.19:3300/0,v1:172.21.15.19:6789/0] conn(0x7f12b8107080 msgr2=0x7f12b8109470 secure :-1 s=STATE_CONNECTION_ESTABLISHED l=1).mark_down
2024-01-24T14:20:04.286 INFO:teuthology.orchestra.run.smithi019.stdout:/usr/bin/ceph: stderr
2024-01-24T14:19:57.239+0000 7f12bef0e700 1 --2- 172.21.15.19:0/4194423111 >> [v2:172.21.15.19:3300/0,v1:172.21.15.19:6789/0] conn(0x7f12b8107080 0x7f12b8109470 secure :-1 s=READY pgs=61 cs=0 l=1 rev1=1 crypto rx=0x7f12ac0098a0 tx=0x7f12ac009bb0 comp rx=0 tx=0).stop
2024-01-24T14:20:04.286 INFO:teuthology.orchestra.run.smithi019.stdout:/usr/bin/ceph: stderr
2024-01-24T14:19:57.239+0000 7f12bef0e700 1 -- 172.21.15.19:0/4194423111 shutdown_connections
2024-01-24T14:20:04.286 INFO:teuthology.orchestra.run.smithi019.stdout:/usr/bin/ceph: stderr
2024-01-24T14:19:57.239+0000 7f12bef0e700 1 --2- 172.21.15.19:0/4194423111 >> [v2:172.21.15.19:3300/0,v1:172.21.15.19:6789/0] conn(0x7f12b8107080 0x7f12b8109470 unknown :-1 s=CLOSED pgs=61 cs=0 l=1 rev1=1 crypto rx=0 tx=0 comp rx=0 tx=0).stop
2024-01-24T14:20:04.286 INFO:teuthology.orchestra.run.smithi019.stdout:/usr/bin/ceph: stderr
2024-01-24T14:19:57.239+0000 7f12bef0e700 1 -- 172.21.15.19:0/4194423111 >> 172.21.15.19:0/4194423111 conn(0x7f12b8100a70 msgr2=0x7f12b8102e90 unknown :-1 s=STATE_NONE l=0).mark_down
2024-01-24T14:20:04.286 INFO:teuthology.orchestra.run.smithi019.stdout:/usr/bin/ceph: stderr
2024-01-24T14:19:57.239+0000 7f12bef0e700 1 -- 172.21.15.19:0/4194423111 shutdown_connections
2024-01-24T14:20:04.286 INFO:teuthology.orchestra.run.smithi019.stdout:/usr/bin/ceph: stderr
2024-01-24T14:19:57.239+0000 7f12bef0e700 1 -- 172.21.15.19:0/4194423111 wait complete.
2024-01-24T14:20:04.286 INFO:teuthology.orchestra.run.smithi019.stdout:/usr/bin/ceph: stderr
2024-01-24T14:19:57.240+0000 7f12bef0e700 1 Processor -- start
2024-01-24T14:20:04.286 INFO:teuthology.orchestra.run.smithi019.stdout:/usr/bin/ceph: stderr
2024-01-24T14:19:57.240+0000 7f12bef0e700 1 -- start start
2024-01-24T14:20:04.286 INFO:teuthology.orchestra.run.smithi019.stdout:/usr/bin/ceph: stderr
2024-01-24T14:19:57.240+0000 7f12bef0e700 1 --2- >> [v2:172.21.15.19:3300/0,v1:172.21.15.19:6789/0] conn(0x7f12b8107080 0x7f12b819c3f0 unknown :-1 s=NONE pgs=0 cs=0 l=1 rev1=0 crypto rx=0 tx=0 comp rx=0 tx=0).connect
2024-01-24T14:20:04.286 INFO:teuthology.orchestra.run.smithi019.stdout:/usr/bin/ceph: stderr
2024-01-24T14:19:57.240+0000 7f12bef0e700 1 -- --> [v2:172.21.15.19:3300/0,v1:172.21.15.19:6789/0] -- mon_getmap magic: 0 v1 -- 0x7f12b819c930 con 0x7f12b8107080
2024-01-24T14:20:04.286 INFO:teuthology.orchestra.run.smithi019.stdout:/usr/bin/ceph: stderr
2024-01-24T14:19:57.240+0000 7f12bccaa700 1 --2- >> [v2:172.21.15.19:3300/0,v1:172.21.15.19:6789/0] conn(0x7f12b8107080 0x7f12b819c3f0 unknown :-1 s=BANNER_CONNECTING pgs=0 cs=0 l=1 rev1=0 crypto rx=0 tx=0 comp rx=0 tx=0)._handle_peer_banner_payload supported=3 required=0
2024-01-24T14:20:04.287 INFO:teuthology.orchestra.run.smithi019.stdout:/usr/bin/ceph: stderr
2024-01-24T14:19:57.240+0000 7f12bccaa700 1 --2- >> [v2:172.21.15.19:3300/0,v1:172.21.15.19:6789/0] conn(0x7f12b8107080 0x7f12b819c3f0 unknown :-1 s=HELLO_CONNECTING pgs=0 cs=0 l=1 rev1=1 crypto rx=0 tx=0 comp rx=0 tx=0).handle_hello peer v2:172.21.15.19:3300/0 says I am v2:172.21.15.19:43710/0 (socket says 172.21.15.19:43710)
2024-01-24T14:20:04.287 INFO:teuthology.orchestra.run.smithi019.stdout:/usr/bin/ceph: stderr
2024-01-24T14:19:57.240+0000 7f12bccaa700 1 -- 172.21.15.19:0/4171771861 learned_addr learned my addr 172.21.15.19:0/4171771861 (peer_addr_for_me v2:172.21.15.19:0/0)
2024-01-24T14:20:04.287 INFO:teuthology.orchestra.run.smithi019.stdout:/usr/bin/ceph: stderr
2024-01-24T14:19:57.241+0000 7f12bccaa700 1 -- 172.21.15.19:0/4171771861 --> [v2:172.21.15.19:3300/0,v1:172.21.15.19:6789/0] -- mon_subscribe({config=0+,monmap=0+}) v3 -- 0x7f12ac009550 con 0x7f12b8107080
2024-01-24T14:20:04.287 INFO:teuthology.orchestra.run.smithi019.stdout:/usr/bin/ceph: stderr
2024-01-24T14:19:57.241+0000 7f12bccaa700 1 --2- 172.21.15.19:0/4171771861 >> [v2:172.21.15.19:3300/0,v1:172.21.15.19:6789/0] conn(0x7f12b8107080 0x7f12b819c3f0 secure :-1 s=READY pgs=62 cs=0 l=1 rev1=1 crypto rx=0x7f12ac006af0 tx=0x7f12ac011a10 comp rx=0 tx=0).ready entity=mon.0 client_cookie=0 server_cookie=0 in_seq=0 out_seq=0
2024-01-24T14:20:04.287 INFO:teuthology.orchestra.run.smithi019.stdout:/usr/bin/ceph: stderr
2024-01-24T14:19:57.241+0000 7f12b5ffb700 1 -- 172.21.15.19:0/4171771861 <== mon.0 v2:172.21.15.19:3300/0 1 ==== mon_map magic: 0 v1 ==== 205+0+0 (secure 0 0 0) 0x7f12ac003a40 con 0x7f12b8107080
2024-01-24T14:20:04.287 INFO:teuthology.orchestra.run.smithi019.stdout:/usr/bin/ceph: stderr
2024-01-24T14:19:57.241+0000 7f12b5ffb700 1 -- 172.21.15.19:0/4171771861 <== mon.0 v2:172.21.15.19:3300/0 2 ==== config(26 keys) v1 ==== 1105+0+0 (secure 0 0 0) 0x7f12ac003ba0 con 0x7f12b8107080
2024-01-24T14:20:04.287 INFO:teuthology.orchestra.run.smithi019.stdout:/usr/bin/ceph: stderr
2024-01-24T14:19:57.241+0000 7f12bef0e700 1 -- 172.21.15.19:0/4171771861 --> [v2:172.21.15.19:3300/0,v1:172.21.15.19:6789/0] -- mon_subscribe({mgrmap=0+}) v3 -- 0x7f12b819cb30 con 0x7f12b8107080
2024-01-24T14:20:04.287 INFO:teuthology.orchestra.run.smithi019.stdout:/usr/bin/ceph: stderr
2024-01-24T14:19:57.241+0000 7f12b5ffb700 1 -- 172.21.15.19:0/4171771861 <== mon.0 v2:172.21.15.19:3300/0 3 ==== mon_map magic: 0 v1 ==== 205+0+0 (secure 0 0 0) 0x7f12ac0196c0 con 0x7f12b8107080
2024-01-24T14:20:04.287 INFO:teuthology.orchestra.run.smithi019.stdout:/usr/bin/ceph: stderr
2024-01-24T14:19:57.241+0000 7f12bef0e700 1 -- 172.21.15.19:0/4171771861 --> [v2:172.21.15.19:3300/0,v1:172.21.15.19:6789/0] -- mon_subscribe({osdmap=0}) v3 -- 0x7f12b819cf50 con 0x7f12b8107080
2024-01-24T14:20:04.287 INFO:teuthology.orchestra.run.smithi019.stdout:/usr/bin/ceph: stderr
2024-01-24T14:19:57.242+0000 7f12b5ffb700 1 -- 172.21.15.19:0/4171771861 <== mon.0 v2:172.21.15.19:3300/0 4 ==== mgrmap(e 9) v1 ==== 45281+0+0 (secure 0 0 0) 0x7f12ac019980 con 0x7f12b8107080
2024-01-24T14:20:04.287 INFO:teuthology.orchestra.run.smithi019.stdout:/usr/bin/ceph: stderr
2024-01-24T14:19:57.242+0000 7f12b5ffb700 1 --2- 172.21.15.19:0/4171771861 >> [v2:172.21.15.19:6800/3758061162,v1:172.21.15.19:6801/3758061162] conn(0x7f12a80383c0 0x7f12a803a880 unknown :-1 s=NONE pgs=0 cs=0 l=1 rev1=0 crypto rx=0 tx=0 comp rx=0 tx=0).connect
2024-01-24T14:20:04.287 INFO:teuthology.orchestra.run.smithi019.stdout:/usr/bin/ceph: stderr
2024-01-24T14:19:57.242+0000 7f12b5ffb700 1 -- 172.21.15.19:0/4171771861 --> [v2:172.21.15.19:6800/3758061162,v1:172.21.15.19:6801/3758061162] -- command(tid 0: {"prefix": "get_command_descriptions"}) v1 -- 0x7f12a803af90 con 0x7f12a80383c0
2024-01-24T14:20:04.288 INFO:teuthology.orchestra.run.smithi019.stdout:/usr/bin/ceph: stderr
2024-01-24T14:19:57.242+0000 7f12b7fff700 1 -- 172.21.15.19:0/4171771861 >> [v2:172.21.15.19:6800/3758061162,v1:172.21.15.19:6801/3758061162] conn(0x7f12a80383c0 msgr2=0x7f12a803a880 unknown :-1 s=STATE_CONNECTING_RE l=1).process reconnect failed to v2:172.21.15.19:6800/3758061162
2024-01-24T14:20:04.288 INFO:teuthology.orchestra.run.smithi019.stdout:/usr/bin/ceph: stderr
2024-01-24T14:19:57.242+0000 7f12b5ffb700 1 -- 172.21.15.19:0/4171771861 <== mon.0 v2:172.21.15.19:3300/0 5 ==== osd_map(2..2 src has 1..2) v4 ==== 940+0+0 (secure 0 0 0) 0x7f12ac04c240 con 0x7f12b8107080
2024-01-24T14:20:04.288 INFO:teuthology.orchestra.run.smithi019.stdout:/usr/bin/ceph: stderr
2024-01-24T14:19:57.243+0000 7f12b7fff700 1 --2- 172.21.15.19:0/4171771861 >> [v2:172.21.15.19:6800/3758061162,v1:172.21.15.19:6801/3758061162] conn(0x7f12a80383c0 0x7f12a803a880 unknown :-1 s=START_CONNECT pgs=0 cs=0 l=1 rev1=0 crypto rx=0 tx=0 comp rx=0 tx=0)._fault waiting 0.200000
2024-01-24T14:20:04.288 INFO:teuthology.orchestra.run.smithi019.stdout:/usr/bin/ceph: stderr
2024-01-24T14:19:57.444+0000 7f12b7fff700 1 -- 172.21.15.19:0/4171771861 >> [v2:172.21.15.19:6800/3758061162,v1:172.21.15.19:6801/3758061162] conn(0x7f12a80383c0 msgr2=0x7f12a803a880 unknown :-1 s=STATE_CONNECTING_RE l=1).process reconnect failed to v2:172.21.15.19:6800/3758061162
2024-01-24T14:20:04.288 INFO:teuthology.orchestra.run.smithi019.stdout:/usr/bin/ceph: stderr
2024-01-24T14:19:57.444+0000 7f12b7fff700 1 --2- 172.21.15.19:0/4171771861 >> [v2:172.21.15.19:6800/3758061162,v1:172.21.15.19:6801/3758061162] conn(0x7f12a80383c0 0x7f12a803a880 unknown :-1 s=START_CONNECT pgs=0 cs=0 l=1 rev1=0 crypto rx=0 tx=0 comp rx=0 tx=0)._fault waiting 0.400000
2024-01-24T14:20:04.288 INFO:teuthology.orchestra.run.smithi019.stdout:/usr/bin/ceph: stderr
2024-01-24T14:19:57.845+0000 7f12b7fff700 1 -- 172.21.15.19:0/4171771861 >> [v2:172.21.15.19:6800/3758061162,v1:172.21.15.19:6801/3758061162] conn(0x7f12a80383c0 msgr2=0x7f12a803a880 unknown :-1 s=STATE_CONNECTING_RE l=1).process reconnect failed to v2:172.21.15.19:6800/3758061162
2024-01-24T14:20:04.288 INFO:teuthology.orchestra.run.smithi019.stdout:/usr/bin/ceph: stderr
2024-01-24T14:19:57.845+0000 7f12b7fff700 1 --2- 172.21.15.19:0/4171771861 >> [v2:172.21.15.19:6800/3758061162,v1:172.21.15.19:6801/3758061162] conn(0x7f12a80383c0 0x7f12a803a880 unknown :-1 s=START_CONNECT pgs=0 cs=0 l=1 rev1=0 crypto rx=0 tx=0 comp rx=0 tx=0)._fault waiting 0.800000
2024-01-24T14:20:04.288 INFO:teuthology.orchestra.run.smithi019.stdout:/usr/bin/ceph: stderr
2024-01-24T14:19:58.646+0000 7f12b7fff700 1 -- 172.21.15.19:0/4171771861 >> [v2:172.21.15.19:6800/3758061162,v1:172.21.15.19:6801/3758061162] conn(0x7f12a80383c0 msgr2=0x7f12a803a880 unknown :-1 s=STATE_CONNECTING_RE l=1).process reconnect failed to v2:172.21.15.19:6800/3758061162
2024-01-24T14:20:04.288 INFO:teuthology.orchestra.run.smithi019.stdout:/usr/bin/ceph: stderr
2024-01-24T14:19:58.646+0000 7f12b7fff700 1 --2- 172.21.15.19:0/4171771861 >> [v2:172.21.15.19:6800/3758061162,v1:172.21.15.19:6801/3758061162] conn(0x7f12a80383c0 0x7f12a803a880 unknown :-1 s=START_CONNECT pgs=0 cs=0 l=1 rev1=0 crypto rx=0 tx=0 comp rx=0 tx=0)._fault waiting 1.600000
2024-01-24T14:20:04.288 INFO:teuthology.orchestra.run.smithi019.stdout:/usr/bin/ceph: stderr
2024-01-24T14:20:00.247+0000 7f12b7fff700 1 -- 172.21.15.19:0/4171771861 >> [v2:172.21.15.19:6800/3758061162,v1:172.21.15.19:6801/3758061162] conn(0x7f12a80383c0 msgr2=0x7f12a803a880 unknown :-1 s=STATE_CONNECTING_RE l=1).process reconnect failed to v2:172.21.15.19:6800/3758061162
2024-01-24T14:20:04.288 INFO:teuthology.orchestra.run.smithi019.stdout:/usr/bin/ceph: stderr
2024-01-24T14:20:00.247+0000 7f12b7fff700 1 --2- 172.21.15.19:0/4171771861 >> [v2:172.21.15.19:6800/3758061162,v1:172.21.15.19:6801/3758061162] conn(0x7f12a80383c0 0x7f12a803a880 unknown :-1 s=START_CONNECT pgs=0 cs=0 l=1 rev1=0 crypto rx=0 tx=0 comp rx=0 tx=0)._fault waiting 3.200000
2024-01-24T14:20:04.288 INFO:teuthology.orchestra.run.smithi019.stdout:/usr/bin/ceph: stderr
2024-01-24T14:20:02.913+0000 7f12b5ffb700 1 -- 172.21.15.19:0/4171771861 <== mon.0 v2:172.21.15.19:3300/0 6 ==== mgrmap(e 10) v1 ==== 45048+0+0 (secure 0 0 0) 0x7f12ac00ed40 con 0x7f12b8107080
2024-01-24T14:20:04.289 INFO:teuthology.orchestra.run.smithi019.stdout:/usr/bin/ceph: stderr
2024-01-24T14:20:02.913+0000 7f12b5ffb700 1 -- 172.21.15.19:0/4171771861 >> [v2:172.21.15.19:6800/3758061162,v1:172.21.15.19:6801/3758061162] conn(0x7f12a80383c0 msgr2=0x7f12a803a880 unknown :-1 s=STATE_CONNECTING l=1).mark_down
2024-01-24T14:20:04.289 INFO:teuthology.orchestra.run.smithi019.stdout:/usr/bin/ceph: stderr
2024-01-24T14:20:02.913+0000 7f12b5ffb700 1 --2- 172.21.15.19:0/4171771861 >> [v2:172.21.15.19:6800/3758061162,v1:172.21.15.19:6801/3758061162] conn(0x7f12a80383c0 0x7f12a803a880 unknown :-1 s=START_CONNECT pgs=0 cs=0 l=1 rev1=0 crypto rx=0 tx=0 comp rx=0 tx=0).stop
2024-01-24T14:20:04.289 INFO:teuthology.orchestra.run.smithi019.stdout:/usr/bin/ceph: stderr
2024-01-24T14:20:03.917+0000 7f12b5ffb700 1 -- 172.21.15.19:0/4171771861 <== mon.0 v2:172.21.15.19:3300/0 7 ==== mgrmap(e 11) v1 ==== 45175+0+0 (secure 0 0 0) 0x7f12ac02dcd0 con 0x7f12b8107080
2024-01-24T14:20:04.289 INFO:teuthology.orchestra.run.smithi019.stdout:/usr/bin/ceph: stderr
2024-01-24T14:20:03.917+0000 7f12b5ffb700 1 --2- 172.21.15.19:0/4171771861 >> [v2:172.21.15.19:6800/1634350318,v1:172.21.15.19:6801/1634350318] conn(0x7f12a803be30 0x7f12a803e220 unknown :-1 s=NONE pgs=0 cs=0 l=1 rev1=0 crypto rx=0 tx=0 comp rx=0 tx=0).connect
2024-01-24T14:20:04.289 INFO:teuthology.orchestra.run.smithi019.stdout:/usr/bin/ceph: stderr
2024-01-24T14:20:03.917+0000 7f12b5ffb700 1 -- 172.21.15.19:0/4171771861 --> [v2:172.21.15.19:6800/1634350318,v1:172.21.15.19:6801/1634350318] -- command(tid 0: {"prefix": "get_command_descriptions"}) v1 -- 0x7f12a803af90 con 0x7f12a803be30
2024-01-24T14:20:04.289 INFO:teuthology.orchestra.run.smithi019.stdout:/usr/bin/ceph: stderr
2024-01-24T14:20:03.918+0000 7f12b7fff700 1 --2- 172.21.15.19:0/4171771861 >> [v2:172.21.15.19:6800/1634350318,v1:172.21.15.19:6801/1634350318] conn(0x7f12a803be30 0x7f12a803e220 unknown :-1 s=BANNER_CONNECTING pgs=0 cs=0 l=1 rev1=0 crypto rx=0 tx=0 comp rx=0 tx=0)._handle_peer_banner_payload supported=3 required=0
2024-01-24T14:20:04.289 INFO:teuthology.orchestra.run.smithi019.stdout:/usr/bin/ceph: stderr
2024-01-24T14:20:03.919+0000 7f12b7fff700 1 --2- 172.21.15.19:0/4171771861 >> [v2:172.21.15.19:6800/1634350318,v1:172.21.15.19:6801/1634350318] conn(0x7f12a803be30 0x7f12a803e220 secure :-1 s=READY pgs=5 cs=0 l=1 rev1=1 crypto rx=0x7f12a4003a10 tx=0x7f12a40092b0 comp rx=0 tx=0).ready entity=mgr.14152 client_cookie=0 server_cookie=0 in_seq=0 out_seq=0
2024-01-24T14:20:04.289 INFO:teuthology.orchestra.run.smithi019.stdout:/usr/bin/ceph: stderr
2024-01-24T14:20:03.920+0000 7f12b5ffb700 1 -- 172.21.15.19:0/4171771861 <== mgr.14152 v2:172.21.15.19:6800/1634350318 1 ==== command_reply(tid 0: 0 ) v1 ==== 8+0+6910 (secure 0 0 0) 0x7f12a803af90 con 0x7f12a803be30
2024-01-24T14:20:04.289 INFO:teuthology.orchestra.run.smithi019.stdout:/usr/bin/ceph: stderr
2024-01-24T14:20:03.930+0000 7f12bef0e700 1 -- 172.21.15.19:0/4171771861 --> [v2:172.21.15.19:6800/1634350318,v1:172.21.15.19:6801/1634350318] -- command(tid 1: {"prefix": "mgr_status"}) v1 -- 0x7f12b819d730 con 0x7f12a803be30
2024-01-24T14:20:04.289 INFO:teuthology.orchestra.run.smithi019.stdout:/usr/bin/ceph: stderr
2024-01-24T14:20:03.930+0000 7f12b5ffb700 1 -- 172.21.15.19:0/4171771861 <== mgr.14152 v2:172.21.15.19:6800/1634350318 2 ==== command_reply(tid 1: 0 ) v1 ==== 8+0+52 (secure 0 0 0) 0x7f12b819d730 con 0x7f12a803be30
2024-01-24T14:20:04.289 INFO:teuthology.orchestra.run.smithi019.stdout:/usr/bin/ceph: stderr
