2024-01-24T14:19:50.194+0000 7fd8b37fe700 1 --2- 172.21.15.19:0/270625078 >> [v2:172.21.15.19:6800/3758061162,v1:172.21.15.19:6801/3758061162] conn(0x7fd8ac038370 0x7fd8ac03a830 unknown :-1 s=NONE pgs=0 cs=0 l=1 rev1=0 crypto rx=0 tx=0 comp rx=0 tx=0).connect
2024-01-24T14:19:50.977 INFO:teuthology.orchestra.run.smithi019.stdout:/usr/bin/ceph: stderr
2024-01-24T14:19:50.194+0000 7fd8b37fe700 1 -- 172.21.15.19:0/270625078 <== mon.0 v2:172.21.15.19:3300/0 5 ==== osd_map(2..2 src has 1..2) v4 ==== 940+0+0 (secure 0 0 0) 0x7fd8b404c390 con 0x7fd8c4104e70
2024-01-24T14:19:50.977 INFO:teuthology.orchestra.run.smithi019.stdout:/usr/bin/ceph: stderr
2024-01-24T14:19:50.194+0000 7fd8c1d9b700 1 --2- 172.21.15.19:0/270625078 >> [v2:172.21.15.19:6800/3758061162,v1:172.21.15.19:6801/3758061162] conn(0x7fd8ac038370 0x7fd8ac03a830 unknown :-1 s=BANNER_CONNECTING pgs=0 cs=0 l=1 rev1=0 crypto rx=0 tx=0 comp rx=0 tx=0)._handle_peer_banner_payload supported=3 required=0
2024-01-24T14:19:50.977 INFO:teuthology.orchestra.run.smithi019.stdout:/usr/bin/ceph: stderr
2024-01-24T14:19:50.195+0000 7fd8c1d9b700 1 --2- 172.21.15.19:0/270625078 >> [v2:172.21.15.19:6800/3758061162,v1:172.21.15.19:6801/3758061162] conn(0x7fd8ac038370 0x7fd8ac03a830 secure :-1 s=READY pgs=13 cs=0 l=1 rev1=1 crypto rx=0x7fd8b8006fd0 tx=0x7fd8b8006e40 comp rx=0 tx=0).ready entity=mgr.14120 client_cookie=0 server_cookie=0 in_seq=0 out_seq=0
2024-01-24T14:19:50.977 INFO:teuthology.orchestra.run.smithi019.stdout:/usr/bin/ceph: stderr
2024-01-24T14:19:50.199+0000 7fd8b37fe700 1 -- 172.21.15.19:0/270625078 <== mon.0 v2:172.21.15.19:3300/0 6 ==== mon_command_ack([{"prefix": "get_command_descriptions"}]=0 v0) v1 ==== 72+0+180484 (secure 0 0 0) 0x7fd8b4018350 con 0x7fd8c4104e70
2024-01-24T14:19:50.977 INFO:teuthology.orchestra.run.smithi019.stdout:/usr/bin/ceph: stderr
2024-01-24T14:19:50.451+0000 7fd8c8a6f700 1 -- 172.21.15.19:0/270625078 --> [v2:172.21.15.19:6800/3758061162,v1:172.21.15.19:6801/3758061162] -- mgr_command(tid 0: {"prefix": "orch apply", "service_type": "mgr", "unmanaged": true, "target": ["mon-mgr", ""]}) v1 -- 0x7fd8c4061180 con 0x7fd8ac038370
2024-01-24T14:19:50.977 INFO:teuthology.orchestra.run.smithi019.stdout:/usr/bin/ceph: stderr
2024-01-24T14:19:50.457+0000 7fd8b37fe700 1 -- 172.21.15.19:0/270625078 <== mgr.14120 v2:172.21.15.19:6800/3758061162 1 ==== mgr_command_reply(tid 0: 0 ) v1 ==== 8+0+24 (secure 0 0 0) 0x7fd8c4061180 con 0x7fd8ac038370
2024-01-24T14:19:50.977 INFO:teuthology.orchestra.run.smithi019.stdout:/usr/bin/ceph: stderr
2024-01-24T14:19:50.459+0000 7fd8c8a6f700 1 -- 172.21.15.19:0/270625078 >> [v2:172.21.15.19:6800/3758061162,v1:172.21.15.19:6801/3758061162] conn(0x7fd8ac038370 msgr2=0x7fd8ac03a830 secure :-1 s=STATE_CONNECTION_ESTABLISHED l=1).mark_down
2024-01-24T14:19:50.977 INFO:teuthology.orchestra.run.smithi019.stdout:/usr/bin/ceph: stderr
2024-01-24T14:19:50.459+0000 7fd8c8a6f700 1 --2- 172.21.15.19:0/270625078 >> [v2:172.21.15.19:6800/3758061162,v1:172.21.15.19:6801/3758061162] conn(0x7fd8ac038370 0x7fd8ac03a830 secure :-1 s=READY pgs=13 cs=0 l=1 rev1=1 crypto rx=0x7fd8b8006fd0 tx=0x7fd8b8006e40 comp rx=0 tx=0).stop
2024-01-24T14:19:50.978 INFO:teuthology.orchestra.run.smithi019.stdout:/usr/bin/ceph: stderr
2024-01-24T14:19:50.459+0000 7fd8c8a6f700 1 -- 172.21.15.19:0/270625078 >> [v2:172.21.15.19:3300/0,v1:172.21.15.19:6789/0] conn(0x7fd8c4104e70 msgr2=0x7fd8c419c3e0 secure :-1 s=STATE_CONNECTION_ESTABLISHED l=1).mark_down
2024-01-24T14:19:50.978 INFO:teuthology.orchestra.run.smithi019.stdout:/usr/bin/ceph: stderr
2024-01-24T14:19:50.459+0000 7fd8c8a6f700 1 --2- 172.21.15.19:0/270625078 >> [v2:172.21.15.19:3300/0,v1:172.21.15.19:6789/0] conn(0x7fd8c4104e70 0x7fd8c419c3e0 secure :-1 s=READY pgs=50 cs=0 l=1 rev1=1 crypto rx=0x7fd8b4006af0 tx=0x7fd8b4011a10 comp rx=0 tx=0).stop
2024-01-24T14:19:50.978 INFO:teuthology.orchestra.run.smithi019.stdout:/usr/bin/ceph: stderr
2024-01-24T14:19:50.459+0000 7fd8c8a6f700 1 -- 172.21.15.19:0/270625078 shutdown_connections
2024-01-24T14:19:50.978 INFO:teuthology.orchestra.run.smithi019.stdout:/usr/bin/ceph: stderr
2024-01-24T14:19:50.459+0000 7fd8c8a6f700 1 --2- 172.21.15.19:0/270625078 >> [v2:172.21.15.19:6800/3758061162,v1:172.21.15.19:6801/3758061162] conn(0x7fd8ac038370 0x7fd8ac03a830 unknown :-1 s=CLOSED pgs=13 cs=0 l=1 rev1=1 crypto rx=0 tx=0 comp rx=0 tx=0).stop
2024-01-24T14:19:50.978 INFO:teuthology.orchestra.run.smithi019.stdout:/usr/bin/ceph: stderr
2024-01-24T14:19:50.459+0000 7fd8c8a6f700 1 --2- 172.21.15.19:0/270625078 >> [v2:172.21.15.19:3300/0,v1:172.21.15.19:6789/0] conn(0x7fd8c4104e70 0x7fd8c419c3e0 unknown :-1 s=CLOSED pgs=50 cs=0 l=1 rev1=1 crypto rx=0 tx=0 comp rx=0 tx=0).stop
2024-01-24T14:19:50.978 INFO:teuthology.orchestra.run.smithi019.stdout:/usr/bin/ceph: stderr
2024-01-24T14:19:50.459+0000 7fd8c8a6f700 1 -- 172.21.15.19:0/270625078 >> 172.21.15.19:0/270625078 conn(0x7fd8c4100a70 msgr2=0x7fd8c4190a30 unknown :-1 s=STATE_NONE l=0).mark_down
2024-01-24T14:19:50.978 INFO:teuthology.orchestra.run.smithi019.stdout:/usr/bin/ceph: stderr
2024-01-24T14:19:50.459+0000 7fd8c8a6f700 1 -- 172.21.15.19:0/270625078 shutdown_connections
2024-01-24T14:19:50.978 INFO:teuthology.orchestra.run.smithi019.stdout:/usr/bin/ceph: stderr
2024-01-24T14:19:50.459+0000 7fd8c8a6f700 1 -- 172.21.15.19:0/270625078 wait complete.
2024-01-24T14:19:51.734 INFO:journalctl@ceph.mon.a.smithi019.stdout:Jan 24 14:19:51 smithi019 ceph-mon[40663]: from='client.14144 -' entity='client.admin' cmd=[{"prefix": "orch apply", "service_type": "mgr", "unmanaged": true, "target": ["mon-mgr", ""]}]: dispatch
2024-01-24T14:19:51.734 INFO:journalctl@ceph.mon.a.smithi019.stdout:Jan 24 14:19:51 smithi019 ceph-mon[40663]: Saving service mgr spec with placement count:2
2024-01-24T14:19:51.734 INFO:journalctl@ceph.mon.a.smithi019.stdout:Jan 24 14:19:51 smithi019 ceph-mon[40663]: from='mgr.14120 172.21.15.19:0/1799968416' entity='mgr.x'
2024-01-24T14:19:51.734 INFO:journalctl@ceph.mon.a.smithi019.stdout:Jan 24 14:19:51 smithi019 ceph-mon[40663]: from='mgr.14120 172.21.15.19:0/1799968416' entity='mgr.x'
2024-01-24T14:19:51.889 INFO:teuthology.orchestra.run.smithi019.stdout:/usr/bin/ceph: stderr
2024-01-24T14:19:51.334+0000 7f466b22d700 1 Processor -- start
2024-01-24T14:19:51.889 INFO:teuthology.orchestra.run.smithi019.stdout:/usr/bin/ceph: stderr
2024-01-24T14:19:51.335+0000 7f466b22d700 1 -- start start
2024-01-24T14:19:51.889 INFO:teuthology.orchestra.run.smithi019.stdout:/usr/bin/ceph: stderr
2024-01-24T14:19:51.335+0000 7f466b22d700 1 --2- >> [v2:172.21.15.19:3300/0,v1:172.21.15.19:6789/0] conn(0x7f4664107060 0x7f4664109450 unknown :-1 s=NONE pgs=0 cs=0 l=0 rev1=0 crypto rx=0 tx=0 comp rx=0 tx=0).connect
2024-01-24T14:19:51.889 INFO:teuthology.orchestra.run.smithi019.stdout:/usr/bin/ceph: stderr
2024-01-24T14:19:51.335+0000 7f466b22d700 1 -- --> [v2:172.21.15.19:3300/0,v1:172.21.15.19:6789/0] -- mon_getmap magic: 0 v1 -- 0x7f4664079e50 con 0x7f4664107060
2024-01-24T14:19:51.889 INFO:teuthology.orchestra.run.smithi019.stdout:/usr/bin/ceph: stderr
2024-01-24T14:19:51.335+0000 7f4668fc9700 1 --2- >> [v2:172.21.15.19:3300/0,v1:172.21.15.19:6789/0] conn(0x7f4664107060 0x7f4664109450 unknown :-1 s=BANNER_CONNECTING pgs=0 cs=0 l=0 rev1=0 crypto rx=0 tx=0 comp rx=0 tx=0)._handle_peer_banner_payload supported=3 required=0
2024-01-24T14:19:51.889 INFO:teuthology.orchestra.run.smithi019.stdout:/usr/bin/ceph: stderr
2024-01-24T14:19:51.335+0000 7f4668fc9700 1 --2- >> [v2:172.21.15.19:3300/0,v1:172.21.15.19:6789/0] conn(0x7f4664107060 0x7f4664109450 unknown :-1 s=HELLO_CONNECTING pgs=0 cs=0 l=0 rev1=1 crypto rx=0 tx=0 comp rx=0 tx=0).handle_hello peer v2:172.21.15.19:3300/0 says I am v2:172.21.15.19:55714/0 (socket says 172.21.15.19:55714)
2024-01-24T14:19:51.889 INFO:teuthology.orchestra.run.smithi019.stdout:/usr/bin/ceph: stderr
2024-01-24T14:19:51.335+0000 7f4668fc9700 1 -- 172.21.15.19:0/3074424460 learned_addr learned my addr 172.21.15.19:0/3074424460 (peer_addr_for_me v2:172.21.15.19:0/0)
2024-01-24T14:19:51.889 INFO:teuthology.orchestra.run.smithi019.stdout:/usr/bin/ceph: stderr
2024-01-24T14:19:51.335+0000 7f4668fc9700 1 -- 172.21.15.19:0/3074424460 --> [v2:172.21.15.19:3300/0,v1:172.21.15.19:6789/0] -- mon_subscribe({config=0+,monmap=0+}) v3 -- 0x7f4664109990 con 0x7f4664107060
2024-01-24T14:19:51.889 INFO:teuthology.orchestra.run.smithi019.stdout:/usr/bin/ceph: stderr
2024-01-24T14:19:51.336+0000 7f4668fc9700 1 --2- 172.21.15.19:0/3074424460 >> [v2:172.21.15.19:3300/0,v1:172.21.15.19:6789/0] conn(0x7f4664107060 0x7f4664109450 secure :-1 s=READY pgs=51 cs=0 l=1 rev1=1 crypto rx=0x7f46580098a0 tx=0x7f4658009bb0 comp rx=0 tx=0).ready entity=mon.0 client_cookie=7ccf0f9388d4c367 server_cookie=0 in_seq=0 out_seq=0
2024-01-24T14:19:51.889 INFO:teuthology.orchestra.run.smithi019.stdout:/usr/bin/ceph: stderr
2024-01-24T14:19:51.336+0000 7f46637fe700 1 -- 172.21.15.19:0/3074424460 <== mon.0 v2:172.21.15.19:3300/0 1 ==== mon_map magic: 0 v1 ==== 205+0+0 (secure 0 0 0) 0x7f4658004160 con 0x7f4664107060
2024-01-24T14:19:51.890 INFO:teuthology.orchestra.run.smithi019.stdout:/usr/bin/ceph: stderr
2024-01-24T14:19:51.336+0000 7f46637fe700 1 -- 172.21.15.19:0/3074424460 <== mon.0 v2:172.21.15.19:3300/0 2 ==== config(26 keys) v1 ==== 1105+0+0 (secure 0 0 0) 0x7f46580042c0 con 0x7f4664107060
2024-01-24T14:19:51.890 INFO:teuthology.orchestra.run.smithi019.stdout:/usr/bin/ceph: stderr
2024-01-24T14:19:51.336+0000 7f46637fe700 1 -- 172.21.15.19:0/3074424460 <== mon.0 v2:172.21.15.19:3300/0 3 ==== mon_map magic: 0 v1 ==== 205+0+0 (secure 0 0 0) 0x7f46580119b0 con 0x7f4664107060
2024-01-24T14:19:51.890 INFO:teuthology.orchestra.run.smithi019.stdout:/usr/bin/ceph: stderr
2024-01-24T14:19:51.336+0000 7f466b22d700 1 -- 172.21.15.19:0/3074424460 >> [v2:172.21.15.19:3300/0,v1:172.21.15.19:6789/0] conn(0x7f4664107060 msgr2=0x7f4664109450 secure :-1 s=STATE_CONNECTION_ESTABLISHED l=1).mark_down
2024-01-24T14:19:51.890 INFO:teuthology.orchestra.run.smithi019.stdout:/usr/bin/ceph: stderr
2024-01-24T14:19:51.336+0000 7f466b22d700 1 --2- 172.21.15.19:0/3074424460 >> [v2:172.21.15.19:3300/0,v1:172.21.15.19:6789/0] conn(0x7f4664107060 0x7f4664109450 secure :-1 s=READY pgs=51 cs=0 l=1 rev1=1 crypto rx=0x7f46580098a0 tx=0x7f4658009bb0 comp rx=0 tx=0).stop
2024-01-24T14:19:51.890 INFO:teuthology.orchestra.run.smithi019.stdout:/usr/bin/ceph: stderr
2024-01-24T14:19:51.336+0000 7f466b22d700 1 -- 172.21.15.19:0/3074424460 shutdown_connections
2024-01-24T14:19:51.890 INFO:teuthology.orchestra.run.smithi019.stdout:/usr/bin/ceph: stderr
2024-01-24T14:19:51.336+0000 7f466b22d700 1 --2- 172.21.15.19:0/3074424460 >> [v2:172.21.15.19:3300/0,v1:172.21.15.19:6789/0] conn(0x7f4664107060 0x7f4664109450 unknown :-1 s=CLOSED pgs=51 cs=0 l=1 rev1=1 crypto rx=0 tx=0 comp rx=0 tx=0).stop
2024-01-24T14:19:51.890 INFO:teuthology.orchestra.run.smithi019.stdout:/usr/bin/ceph: stderr
2024-01-24T14:19:51.336+0000 7f466b22d700 1 -- 172.21.15.19:0/3074424460 >> 172.21.15.19:0/3074424460 conn(0x7f4664100a70 msgr2=0x7f4664102e90 unknown :-1 s=STATE_NONE l=0).mark_down
2024-01-24T14:19:51.890 INFO:teuthology.orchestra.run.smithi019.stdout:/usr/bin/ceph: stderr
2024-01-24T14:19:51.336+0000 7f466b22d700 1 -- 172.21.15.19:0/3074424460 shutdown_connections
2024-01-24T14:19:51.890 INFO:teuthology.orchestra.run.smithi019.stdout:/usr/bin/ceph: stderr
2024-01-24T14:19:51.337+0000 7f466b22d700 1 -- 172.21.15.19:0/3074424460 wait complete.
2024-01-24T14:19:51.890 INFO:teuthology.orchestra.run.smithi019.stdout:/usr/bin/ceph: stderr
2024-01-24T14:19:51.337+0000 7f466b22d700 1 Processor -- start
2024-01-24T14:19:51.890 INFO:teuthology.orchestra.run.smithi019.stdout:/usr/bin/ceph: stderr
2024-01-24T14:19:51.337+0000 7f466b22d700 1 -- start start
2024-01-24T14:19:51.890 INFO:teuthology.orchestra.run.smithi019.stdout:/usr/bin/ceph: stderr
2024-01-24T14:19:51.337+0000 7f466b22d700 1 --2- >> [v2:172.21.15.19:3300/0,v1:172.21.15.19:6789/0] conn(0x7f4664107060 0x7f46641069c0 unknown :-1 s=NONE pgs=0 cs=0 l=1 rev1=0 crypto rx=0 tx=0 comp rx=0 tx=0).connect
2024-01-24T14:19:51.890 INFO:teuthology.orchestra.run.smithi019.stdout:/usr/bin/ceph: stderr
2024-01-24T14:19:51.337+0000 7f466b22d700 1 -- --> [v2:172.21.15.19:3300/0,v1:172.21.15.19:6789/0] -- mon_getmap magic: 0 v1 -- 0x7f4664106f00 con 0x7f4664107060
2024-01-24T14:19:51.891 INFO:teuthology.orchestra.run.smithi019.stdout:/usr/bin/ceph: stderr
2024-01-24T14:19:51.337+0000 7f4668fc9700 1 --2- >> [v2:172.21.15.19:3300/0,v1:172.21.15.19:6789/0] conn(0x7f4664107060 0x7f46641069c0 unknown :-1 s=BANNER_CONNECTING pgs=0 cs=0 l=1 rev1=0 crypto rx=0 tx=0 comp rx=0 tx=0)._handle_peer_banner_payload supported=3 required=0
2024-01-24T14:19:51.891 INFO:teuthology.orchestra.run.smithi019.stdout:/usr/bin/ceph: stderr
2024-01-24T14:19:51.337+0000 7f4668fc9700 1 --2- >> [v2:172.21.15.19:3300/0,v1:172.21.15.19:6789/0] conn(0x7f4664107060 0x7f46641069c0 unknown :-1 s=HELLO_CONNECTING pgs=0 cs=0 l=1 rev1=1 crypto rx=0 tx=0 comp rx=0 tx=0).handle_hello peer v2:172.21.15.19:3300/0 says I am v2:172.21.15.19:55716/0 (socket says 172.21.15.19:55716)
2024-01-24T14:19:51.891 INFO:teuthology.orchestra.run.smithi019.stdout:/usr/bin/ceph: stderr
2024-01-24T14:19:51.338+0000 7f4668fc9700 1 -- 172.21.15.19:0/2997404156 learned_addr learned my addr 172.21.15.19:0/2997404156 (peer_addr_for_me v2:172.21.15.19:0/0)
2024-01-24T14:19:51.891 INFO:teuthology.orchestra.run.smithi019.stdout:/usr/bin/ceph: stderr
2024-01-24T14:19:51.338+0000 7f4668fc9700 1 -- 172.21.15.19:0/2997404156 --> [v2:172.21.15.19:3300/0,v1:172.21.15.19:6789/0] -- mon_subscribe({config=0+,monmap=0+}) v3 -- 0x7f4658009550 con 0x7f4664107060
2024-01-24T14:19:51.891 INFO:teuthology.orchestra.run.smithi019.stdout:/usr/bin/ceph: stderr
2024-01-24T14:19:51.338+0000 7f4668fc9700 1 --2- 172.21.15.19:0/2997404156 >> [v2:172.21.15.19:3300/0,v1:172.21.15.19:6789/0] conn(0x7f4664107060 0x7f46641069c0 secure :-1 s=READY pgs=52 cs=0 l=1 rev1=1 crypto rx=0x7f4658006af0 tx=0x7f4658011a10 comp rx=0 tx=0).ready entity=mon.0 client_cookie=0 server_cookie=0 in_seq=0 out_seq=0
2024-01-24T14:19:51.891 INFO:teuthology.orchestra.run.smithi019.stdout:/usr/bin/ceph: stderr
2024-01-24T14:19:51.338+0000 7f4661ffb700 1 -- 172.21.15.19:0/2997404156 <== mon.0 v2:172.21.15.19:3300/0 1 ==== mon_map magic: 0 v1 ==== 205+0+0 (secure 0 0 0) 0x7f4658003a40 con 0x7f4664107060
2024-01-24T14:19:51.891 INFO:teuthology.orchestra.run.smithi019.stdout:/usr/bin/ceph: stderr
2024-01-24T14:19:51.338+0000 7f4661ffb700 1 -- 172.21.15.19:0/2997404156 <== mon.0 v2:172.21.15.19:3300/0 2 ==== config(26 keys) v1 ==== 1105+0+0 (secure 0 0 0) 0x7f4658003ba0 con 0x7f4664107060
2024-01-24T14:19:51.891 INFO:teuthology.orchestra.run.smithi019.stdout:/usr/bin/ceph: stderr
2024-01-24T14:19:51.338+0000 7f466b22d700 1 -- 172.21.15.19:0/2997404156 --> [v2:172.21.15.19:3300/0,v1:172.21.15.19:6789/0] -- mon_subscribe({mgrmap=0+}) v3 -- 0x7f4664105010 con 0x7f4664107060
2024-01-24T14:19:51.891 INFO:teuthology.orchestra.run.smithi019.stdout:/usr/bin/ceph: stderr
2024-01-24T14:19:51.338+0000 7f466b22d700 1 -- 172.21.15.19:0/2997404156 --> [v2:172.21.15.19:3300/0,v1:172.21.15.19:6789/0] -- mon_subscribe({osdmap=0}) v3 -- 0x7f4664105430 con 0x7f4664107060
2024-01-24T14:19:51.891 INFO:teuthology.orchestra.run.smithi019.stdout:/usr/bin/ceph: stderr
2024-01-24T14:19:51.338+0000 7f4661ffb700 1 -- 172.21.15.19:0/2997404156 <== mon.0 v2:172.21.15.19:3300/0 3 ==== mon_map magic: 0 v1 ==== 205+0+0 (secure 0 0 0) 0x7f46580196c0 con 0x7f4664107060
2024-01-24T14:19:51.891 INFO:teuthology.orchestra.run.smithi019.stdout:/usr/bin/ceph: stderr
2024-01-24T14:19:51.339+0000 7f466b22d700 1 -- 172.21.15.19:0/2997404156 --> [v2:172.21.15.19:3300/0,v1:172.21.15.19:6789/0] -- mon_command({"prefix": "get_command_descriptions"} v 0) v1 -- 0x7f4648005320 con 0x7f4664107060
2024-01-24T14:19:51.891 INFO:teuthology.orchestra.run.smithi019.stdout:/usr/bin/ceph: stderr
2024-01-24T14:19:51.340+0000 7f4661ffb700 1 -- 172.21.15.19:0/2997404156 <== mon.0 v2:172.21.15.19:3300/0 4 ==== mgrmap(e 8) v1 ==== 45268+0+0 (secure 0 0 0) 0x7f4658019980 con 0x7f4664107060
2024-01-24T14:19:51.891 INFO:teuthology.orchestra.run.smithi019.stdout:/usr/bin/ceph: stderr
2024-01-24T14:19:51.340+0000 7f4661ffb700 1 --2- 172.21.15.19:0/2997404156 >> [v2:172.21.15.19:6800/3758061162,v1:172.21.15.19:6801/3758061162] conn(0x7f4654038370 0x7f465403a830 unknown :-1 s=NONE pgs=0 cs=0 l=1 rev1=0 crypto rx=0 tx=0 comp rx=0 tx=0).connect
2024-01-24T14:19:51.891 INFO:teuthology.orchestra.run.smithi019.stdout:/usr/bin/ceph: stderr
2024-01-24T14:19:51.340+0000 7f4661ffb700 1 -- 172.21.15.19:0/2997404156 <== mon.0 v2:172.21.15.19:3300/0 5 ==== osd_map(2..2 src has 1..2) v4 ==== 940+0+0 (secure 0 0 0) 0x7f465804c840 con 0x7f4664107060
2024-01-24T14:19:51.892 INFO:teuthology.orchestra.run.smithi019.stdout:/usr/bin/ceph: stderr
2024-01-24T14:19:51.340+0000 7f4663fff700 1 --2- 172.21.15.19:0/2997404156 >> [v2:172.21.15.19:6800/3758061162,v1:172.21.15.19:6801/3758061162] conn(0x7f4654038370 0x7f465403a830 unknown :-1 s=BANNER_CONNECTING pgs=0 cs=0 l=1 rev1=0 crypto rx=0 tx=0 comp rx=0 tx=0)._handle_peer_banner_payload supported=3 required=0
2024-01-24T14:19:51.892 INFO:teuthology.orchestra.run.smithi019.stdout:/usr/bin/ceph: stderr
2024-01-24T14:19:51.341+0000 7f4663fff700 1 --2- 172.21.15.19:0/2997404156 >> [v2:172.21.15.19:6800/3758061162,v1:172.21.15.19:6801/3758061162] conn(0x7f4654038370 0x7f465403a830 secure :-1 s=READY pgs=14 cs=0 l=1 rev1=1 crypto rx=0x7f4650006fd0 tx=0x7f4650006e40 comp rx=0 tx=0).ready entity=mgr.14120 client_cookie=0 server_cookie=0 in_seq=0 out_seq=0
2024-01-24T14:19:51.892 INFO:teuthology.orchestra.run.smithi019.stdout:/usr/bin/ceph: stderr
2024-01-24T14:19:51.345+0000 7f4661ffb700 1 -- 172.21.15.19:0/2997404156 <== mon.0 v2:172.21.15.19:3300/0 6 ==== mon_command_ack([{"prefix": "get_command_descriptions"}]=0 v0) v1 ==== 72+0+180484 (secure 0 0 0) 0x7f4658023390 con 0x7f4664107060
2024-01-24T14:19:51.892 INFO:teuthology.orchestra.run.smithi019.stdout:/usr/bin/ceph: stderr
2024-01-24T14:19:51.570+0000 7f466b22d700 1 -- 172.21.15.19:0/2997404156 --> [v2:172.21.15.19:3300/0,v1:172.21.15.19:6789/0] -- mon_command([{prefix=config set, name=mgr/cephadm/container_init}] v 0) v1 -- 0x7f4648005190 con 0x7f4664107060
2024-01-24T14:19:51.892 INFO:teuthology.orchestra.run.smithi019.stdout:/usr/bin/ceph: stderr
2024-01-24T14:19:51.576+0000 7f4661ffb700 1 -- 172.21.15.19:0/2997404156 <== mon.0 v2:172.21.15.19:3300/0 7 ==== mon_command_ack([{prefix=config set, name=mgr/cephadm/container_init}]=0 v7)=0 v7) v1 ==== 142+0+0 (secure 0 0 0) 0x7f465804b0d0 con 0x7f4664107060
2024-01-24T14:19:51.892 INFO:teuthology.orchestra.run.smithi019.stdout:/usr/bin/ceph: stderr
2024-01-24T14:19:51.579+0000 7f466b22d700 1 -- 172.21.15.19:0/2997404156 >> [v2:172.21.15.19:6800/3758061162,v1:172.21.15.19:6801/3758061162] conn(0x7f4654038370 msgr2=0x7f465403a830 secure :-1 s=STATE_CONNECTION_ESTABLISHED l=1).mark_down
2024-01-24T14:19:51.892 INFO:teuthology.orchestra.run.smithi019.stdout:/usr/bin/ceph: stderr
2024-01-24T14:19:51.579+0000 7f466b22d700 1 --2- 172.21.15.19:0/2997404156 >> [v2:172.21.15.19:6800/3758061162,v1:172.21.15.19:6801/3758061162] conn(0x7f4654038370 0x7f465403a830 secure :-1 s=READY pgs=14 cs=0 l=1 rev1=1 crypto rx=0x7f4650006fd0 tx=0x7f4650006e40 comp rx=0 tx=0).stop
2024-01-24T14:19:51.892 INFO:teuthology.orchestra.run.smithi019.stdout:/usr/bin/ceph: stderr
2024-01-24T14:19:51.579+0000 7f466b22d700 1 -- 172.21.15.19:0/2997404156 >> [v2:172.21.15.19:3300/0,v1:172.21.15.19:6789/0] conn(0x7f4664107060 msgr2=0x7f46641069c0 secure :-1 s=STATE_CONNECTION_ESTABLISHED l=1).mark_down
2024-01-24T14:19:51.892 INFO:teuthology.orchestra.run.smithi019.stdout:/usr/bin/ceph: stderr
2024-01-24T14:19:51.579+0000 7f466b22d700 1 --2- 172.21.15.19:0/2997404156 >> [v2:172.21.15.19:3300/0,v1:172.21.15.19:6789/0] conn(0x7f4664107060 0x7f46641069c0 secure :-1 s=READY pgs=52 cs=0 l=1 rev1=1 crypto rx=0x7f4658006af0 tx=0x7f4658011a10 comp rx=0 tx=0).stop
2024-01-24T14:19:51.892 INFO:teuthology.orchestra.run.smithi019.stdout:/usr/bin/ceph: stderr
2024-01-24T14:19:51.579+0000 7f466b22d700 1 -- 172.21.15.19:0/2997404156 shutdown_connections
2024-01-24T14:19:51.892 INFO:teuthology.orchestra.run.smithi019.stdout:/usr/bin/ceph: stderr
2024-01-24T14:19:51.579+0000 7f466b22d700 1 --2- 172.21.15.19:0/2997404156 >> [v2:172.21.15.19:6800/3758061162,v1:172.21.15.19:6801/3758061162] conn(0x7f4654038370 0x7f465403a830 unknown :-1 s=CLOSED pgs=14 cs=0 l=1 rev1=1 crypto rx=0 tx=0 comp rx=0 tx=0).stop
2024-01-24T14:19:51.892 INFO:teuthology.orchestra.run.smithi019.stdout:/usr/bin/ceph: stderr
2024-01-24T14:19:51.579+0000 7f466b22d700 1 --2- 172.21.15.19:0/2997404156 >> [v2:172.21.15.19:3300/0,v1:172.21.15.19:6789/0] conn(0x7f4664107060 0x7f46641069c0 unknown :-1 s=CLOSED pgs=52 cs=0 l=1 rev1=1 crypto rx=0 tx=0 comp rx=0 tx=0).stop
2024-01-24T14:19:51.892 INFO:teuthology.orchestra.run.smithi019.stdout:/usr/bin/ceph: stderr
2024-01-24T14:19:51.579+0000 7f466b22d700 1 -- 172.21.15.19:0/2997404156 >> 172.21.15.19:0/2997404156 conn(0x7f4664100a70 msgr2=0x7f46641017e0 unknown :-1 s=STATE_NONE l=0).mark_down
2024-01-24T14:19:51.893 INFO:teuthology.orchestra.run.smithi019.stdout:/usr/bin/ceph: stderr
2024-01-24T14:19:51.579+0000 7f466b22d700 1 -- 172.21.15.19:0/2997404156 shutdown_connections
2024-01-24T14:19:51.893 INFO:teuthology.orchestra.run.smithi019.stdout:/usr/bin/ceph: stderr
2024-01-24T14:19:51.579+0000 7f466b22d700 1 -- 172.21.15.19:0/2997404156 wait complete.
2024-01-24T14:19:52.736 INFO:journalctl@ceph.mon.a.smithi019.stdout:Jan 24 14:19:52 smithi019 ceph-mon[40663]: from='client.? 172.21.15.19:0/2997404156' entity='client.admin'
2024-01-24T14:19:52.736 INFO:journalctl@ceph.mon.a.smithi019.stdout:Jan 24 14:19:52 smithi019 ceph-mon[40663]: from='mgr.14120 172.21.15.19:0/1799968416' entity='mgr.x'
2024-01-24T14:19:52.736 INFO:journalctl@ceph.mon.a.smithi019.stdout:Jan 24 14:19:52 smithi019 ceph-mon[40663]: from='client.? 172.21.15.19:0/673212390' entity='client.admin'
2024-01-24T14:19:52.983 INFO:teuthology.orchestra.run.smithi019.stdout:/usr/bin/ceph: stderr
2024-01-24T14:19:52.253+0000 7facf897e700 1 Processor -- start
2024-01-24T14:19:52.984 INFO:teuthology.orchestra.run.smithi019.stdout:/usr/bin/ceph: stderr
2024-01-24T14:19:52.253+0000 7facf897e700 1 -- start start
2024-01-24T14:19:52.984 INFO:teuthology.orchestra.run.smithi019.stdout:/usr/bin/ceph: stderr
2024-01-24T14:19:52.253+0000 7facf897e700 1 --2- >> [v2:172.21.15.19:3300/0,v1:172.21.15.19:6789/0] conn(0x7facf4107000 0x7facf41093f0 unknown :-1 s=NONE pgs=0 cs=0 l=0 rev1=0 crypto rx=0 tx=0 comp rx=0 tx=0).connect
2024-01-24T14:19:52.984 INFO:teuthology.orchestra.run.smithi019.stdout:/usr/bin/ceph: stderr
2024-01-24T14:19:52.253+0000 7facf897e700 1 -- --> [v2:172.21.15.19:3300/0,v1:172.21.15.19:6789/0] -- mon_getmap magic: 0 v1 -- 0x7facf4079eb0 con 0x7facf4107000
2024-01-24T14:19:52.984 INFO:teuthology.orchestra.run.smithi019.stdout:/usr/bin/ceph: stderr
2024-01-24T14:19:52.254+0000 7facf259c700 1 --2- >> [v2:172.21.15.19:3300/0,v1:172.21.15.19:6789/0] conn(0x7facf4107000 0x7facf41093f0 unknown :-1 s=BANNER_CONNECTING pgs=0 cs=0 l=0 rev1=0 crypto rx=0 tx=0 comp rx=0 tx=0)._handle_peer_banner_payload supported=3 required=0
2024-01-24T14:19:52.984 INFO:teuthology.orchestra.run.smithi019.stdout:/usr/bin/ceph: stderr
2024-01-24T14:19:52.254+0000 7facf259c700 1 --2- >> [v2:172.21.15.19:3300/0,v1:172.21.15.19:6789/0] conn(0x7facf4107000 0x7facf41093f0 unknown :-1 s=HELLO_CONNECTING pgs=0 cs=0 l=0 rev1=1 crypto rx=0 tx=0 comp rx=0 tx=0).handle_hello peer v2:172.21.15.19:3300/0 says I am v2:172.21.15.19:43624/0 (socket says 172.21.15.19:43624)
2024-01-24T14:19:52.984 INFO:teuthology.orchestra.run.smithi019.stdout:/usr/bin/ceph: stderr
2024-01-24T14:19:52.254+0000 7facf259c700 1 -- 172.21.15.19:0/3668094187 learned_addr learned my addr 172.21.15.19:0/3668094187 (peer_addr_for_me v2:172.21.15.19:0/0)
2024-01-24T14:19:52.984 INFO:teuthology.orchestra.run.smithi019.stdout:/usr/bin/ceph: stderr
2024-01-24T14:19:52.254+0000 7facf259c700 1 -- 172.21.15.19:0/3668094187 --> [v2:172.21.15.19:3300/0,v1:172.21.15.19:6789/0] -- mon_subscribe({config=0+,monmap=0+}) v3 -- 0x7facf4109930 con 0x7facf4107000
2024-01-24T14:19:52.984 INFO:teuthology.orchestra.run.smithi019.stdout:/usr/bin/ceph: stderr
2024-01-24T14:19:52.255+0000 7facf259c700 1 --2- 172.21.15.19:0/3668094187 >> [v2:172.21.15.19:3300/0,v1:172.21.15.19:6789/0] conn(0x7facf4107000 0x7facf41093f0 secure :-1 s=READY pgs=53 cs=0 l=1 rev1=1 crypto rx=0x7facdc0098a0 tx=0x7facdc009bb0 comp rx=0 tx=0).ready entity=mon.0 client_cookie=30fda0f0f2ac8e37 server_cookie=0 in_seq=0 out_seq=0
2024-01-24T14:19:52.984 INFO:teuthology.orchestra.run.smithi019.stdout:/usr/bin/ceph: stderr
2024-01-24T14:19:52.255+0000 7facf159a700 1 -- 172.21.15.19:0/3668094187 <== mon.0 v2:172.21.15.19:3300/0 1 ==== mon_map magic: 0 v1 ==== 205+0+0 (secure 0 0 0) 0x7facdc004160 con 0x7facf4107000
2024-01-24T14:19:52.984 INFO:teuthology.orchestra.run.smithi019.stdout:/usr/bin/ceph: stderr
2024-01-24T14:19:52.255+0000 7facf159a700 1 -- 172.21.15.19:0/3668094187 <== mon.0 v2:172.21.15.19:3300/0 2 ==== config(26 keys) v1 ==== 1105+0+0 (secure 0 0 0) 0x7facdc0042c0 con 0x7facf4107000
2024-01-24T14:19:52.984 INFO:teuthology.orchestra.run.smithi019.stdout:/usr/bin/ceph: stderr
2024-01-24T14:19:52.255+0000 7facf159a700 1 -- 172.21.15.19:0/3668094187 <== mon.0 v2:172.21.15.19:3300/0 3 ==== mon_map magic: 0 v1 ==== 205+0+0 (secure 0 0 0) 0x7facdc0119b0 con 0x7facf4107000
2024-01-24T14:19:52.984 INFO:teuthology.orchestra.run.smithi019.stdout:/usr/bin/ceph: stderr
2024-01-24T14:19:52.256+0000 7facf897e700 1 -- 172.21.15.19:0/3668094187 >> [v2:172.21.15.19:3300/0,v1:172.21.15.19:6789/0] conn(0x7facf4107000 msgr2=0x7facf41093f0 secure :-1 s=STATE_CONNECTION_ESTABLISHED l=1).mark_down
2024-01-24T14:19:52.985 INFO:teuthology.orchestra.run.smithi019.stdout:/usr/bin/ceph: stderr
2024-01-24T14:19:52.256+0000 7facf897e700 1 --2- 172.21.15.19:0/3668094187 >> [v2:172.21.15.19:3300/0,v1:172.21.15.19:6789/0] conn(0x7facf4107000 0x7facf41093f0 secure :-1 s=READY pgs=53 cs=0 l=1 rev1=1 crypto rx=0x7facdc0098a0 tx=0x7facdc009bb0 comp rx=0 tx=0).stop
2024-01-24T14:19:52.985 INFO:teuthology.orchestra.run.smithi019.stdout:/usr/bin/ceph: stderr
2024-01-24T14:19:52.256+0000 7facf897e700 1 -- 172.21.15.19:0/3668094187 shutdown_connections
2024-01-24T14:19:52.985 INFO:teuthology.orchestra.run.smithi019.stdout:/usr/bin/ceph: stderr
2024-01-24T14:19:52.256+0000 7facf897e700 1 --2- 172.21.15.19:0/3668094187 >> [v2:172.21.15.19:3300/0,v1:172.21.15.19:6789/0] conn(0x7facf4107000 0x7facf41093f0 unknown :-1 s=CLOSED pgs=53 cs=0 l=1 rev1=1 crypto rx=0 tx=0 comp rx=0 tx=0).stop
2024-01-24T14:19:52.985 INFO:teuthology.orchestra.run.smithi019.stdout:/usr/bin/ceph: stderr
2024-01-24T14:19:52.256+0000 7facf897e700 1 -- 172.21.15.19:0/3668094187 >> 172.21.15.19:0/3668094187 conn(0x7facf4100a70 msgr2=0x7facf4102e90 unknown :-1 s=STATE_NONE l=0).mark_down
2024-01-24T14:19:52.985 INFO:teuthology.orchestra.run.smithi019.stdout:/usr/bin/ceph: stderr
2024-01-24T14:19:52.256+0000 7facf897e700 1 -- 172.21.15.19:0/3668094187 shutdown_connections
2024-01-24T14:19:52.985 INFO:teuthology.orchestra.run.smithi019.stdout:/usr/bin/ceph: stderr
2024-01-24T14:19:52.256+0000 7facf897e700 1 -- 172.21.15.19:0/3668094187 wait complete.
2024-01-24T14:19:52.985 INFO:teuthology.orchestra.run.smithi019.stdout:/usr/bin/ceph: stderr
2024-01-24T14:19:52.257+0000 7facf897e700 1 Processor -- start
2024-01-24T14:19:52.985 INFO:teuthology.orchestra.run.smithi019.stdout:/usr/bin/ceph: stderr
2024-01-24T14:19:52.257+0000 7facf897e700 1 -- start start
2024-01-24T14:19:52.985 INFO:teuthology.orchestra.run.smithi019.stdout:/usr/bin/ceph: stderr
2024-01-24T14:19:52.257+0000 7facf897e700 1 --2- >> [v2:172.21.15.19:3300/0,v1:172.21.15.19:6789/0] conn(0x7facf4107000 0x7facf419a1c0 unknown :-1 s=NONE pgs=0 cs=0 l=1 rev1=0 crypto rx=0 tx=0 comp rx=0 tx=0).connect
2024-01-24T14:19:52.985 INFO:teuthology.orchestra.run.smithi019.stdout:/usr/bin/ceph: stderr
2024-01-24T14:19:52.257+0000 7facf897e700 1 -- --> [v2:172.21.15.19:3300/0,v1:172.21.15.19:6789/0] -- mon_getmap magic: 0 v1 -- 0x7facf419a700 con 0x7facf4107000
2024-01-24T14:19:52.985 INFO:teuthology.orchestra.run.smithi019.stdout:/usr/bin/ceph: stderr
2024-01-24T14:19:52.257+0000 7facf259c700 1 --2- >> [v2:172.21.15.19:3300/0,v1:172.21.15.19:6789/0] conn(0x7facf4107000 0x7facf419a1c0 unknown :-1 s=BANNER_CONNECTING pgs=0 cs=0 l=1 rev1=0 crypto rx=0 tx=0 comp rx=0 tx=0)._handle_peer_banner_payload supported=3 required=0
2024-01-24T14:19:52.985 INFO:teuthology.orchestra.run.smithi019.stdout:/usr/bin/ceph: stderr
2024-01-24T14:19:52.257+0000 7facf259c700 1 --2- >> [v2:172.21.15.19:3300/0,v1:172.21.15.19:6789/0] conn(0x7facf4107000 0x7facf419a1c0 unknown :-1 s=HELLO_CONNECTING pgs=0 cs=0 l=1 rev1=1 crypto rx=0 tx=0 comp rx=0 tx=0).handle_hello peer v2:172.21.15.19:3300/0 says I am v2:172.21.15.19:43630/0 (socket says 172.21.15.19:43630)
2024-01-24T14:19:52.985 INFO:teuthology.orchestra.run.smithi019.stdout:/usr/bin/ceph: stderr
2024-01-24T14:19:52.257+0000 7facf259c700 1 -- 172.21.15.19:0/673212390 learned_addr learned my addr 172.21.15.19:0/673212390 (peer_addr_for_me v2:172.21.15.19:0/0)
2024-01-24T14:19:52.985 INFO:teuthology.orchestra.run.smithi019.stdout:/usr/bin/ceph: stderr
2024-01-24T14:19:52.257+0000 7facf259c700 1 -- 172.21.15.19:0/673212390 --> [v2:172.21.15.19:3300/0,v1:172.21.15.19:6789/0] -- mon_subscribe({config=0+,monmap=0+}) v3 -- 0x7facdc009550 con 0x7facf4107000
2024-01-24T14:19:52.985 INFO:teuthology.orchestra.run.smithi019.stdout:/usr/bin/ceph: stderr
2024-01-24T14:19:52.258+0000 7facf259c700 1 --2- 172.21.15.19:0/673212390 >> [v2:172.21.15.19:3300/0,v1:172.21.15.19:6789/0] conn(0x7facf4107000 0x7facf419a1c0 secure :-1 s=READY pgs=54 cs=0 l=1 rev1=1 crypto rx=0x7facdc003f00 tx=0x7facdc011a30 comp rx=0 tx=0).ready entity=mon.0 client_cookie=0 server_cookie=0 in_seq=0 out_seq=0
2024-01-24T14:19:52.986 INFO:teuthology.orchestra.run.smithi019.stdout:/usr/bin/ceph: stderr
2024-01-24T14:19:52.258+0000 7faceb7fe700 1 -- 172.21.15.19:0/673212390 <== mon.0 v2:172.21.15.19:3300/0 1 ==== mon_map magic: 0 v1 ==== 205+0+0 (secure 0 0 0) 0x7facdc003b20 con 0x7facf4107000
2024-01-24T14:19:52.986 INFO:teuthology.orchestra.run.smithi019.stdout:/usr/bin/ceph: stderr
2024-01-24T14:19:52.258+0000 7faceb7fe700 1 -- 172.21.15.19:0/673212390 <== mon.0 v2:172.21.15.19:3300/0 2 ==== config(26 keys) v1 ==== 1105+0+0 (secure 0 0 0) 0x7facdc003c80 con 0x7facf4107000
2024-01-24T14:19:52.986 INFO:teuthology.orchestra.run.smithi019.stdout:/usr/bin/ceph: stderr
2024-01-24T14:19:52.258+0000 7facf897e700 1 -- 172.21.15.19:0/673212390 --> [v2:172.21.15.19:3300/0,v1:172.21.15.19:6789/0] -- mon_subscribe({mgrmap=0+}) v3 -- 0x7facf419a900 con 0x7facf4107000
2024-01-24T14:19:52.986 INFO:teuthology.orchestra.run.smithi019.stdout:/usr/bin/ceph: stderr
2024-01-24T14:19:52.258+0000 7faceb7fe700 1 -- 172.21.15.19:0/673212390 <== mon.0 v2:172.21.15.19:3300/0 3 ==== mon_map magic: 0 v1 ==== 205+0+0 (secure 0 0 0) 0x7facdc019770 con 0x7facf4107000
2024-01-24T14:19:52.986 INFO:teuthology.orchestra.run.smithi019.stdout:/usr/bin/ceph: stderr
2024-01-24T14:19:52.258+0000 7facf897e700 1 -- 172.21.15.19:0/673212390 --> [v2:172.21.15.19:3300/0,v1:172.21.15.19:6789/0] -- mon_subscribe({osdmap=0}) v3 -- 0x7facf419ad20 con 0x7facf4107000
2024-01-24T14:19:52.986 INFO:teuthology.orchestra.run.smithi019.stdout:/usr/bin/ceph: stderr
2024-01-24T14:19:52.259+0000 7faceb7fe700 1 -- 172.21.15.19:0/673212390 <== mon.0 v2:172.21.15.19:3300/0 4 ==== mgrmap(e 8) v1 ==== 45268+0+0 (secure 0 0 0) 0x7facdc0198f0 con 0x7facf4107000
2024-01-24T14:19:52.986 INFO:teuthology.orchestra.run.smithi019.stdout:/usr/bin/ceph: stderr
2024-01-24T14:19:52.259+0000 7faceb7fe700 1 --2- 172.21.15.19:0/673212390 >> [v2:172.21.15.19:6800/3758061162,v1:172.21.15.19:6801/3758061162] conn(0x7face0038410 0x7face003a8d0 unknown :-1 s=NONE pgs=0 cs=0 l=1 rev1=0 crypto rx=0 tx=0 comp rx=0 tx=0).connect
2024-01-24T14:19:52.986 INFO:teuthology.orchestra.run.smithi019.stdout:/usr/bin/ceph: stderr
2024-01-24T14:19:52.259+0000 7faceb7fe700 1 -- 172.21.15.19:0/673212390 <== mon.0 v2:172.21.15.19:3300/0 5 ==== osd_map(2..2 src has 1..2) v4 ==== 940+0+0 (secure 0 0 0) 0x7facdc04c4b0 con 0x7facf4107000
2024-01-24T14:19:52.986 INFO:teuthology.orchestra.run.smithi019.stdout:/usr/bin/ceph: stderr
2024-01-24T14:19:52.259+0000 7facf897e700 1 -- 172.21.15.19:0/673212390 --> [v2:172.21.15.19:3300/0,v1:172.21.15.19:6789/0] -- mon_command({"prefix": "get_command_descriptions"} v 0) v1 -- 0x7facf410a770 con 0x7facf4107000
2024-01-24T14:19:52.986 INFO:teuthology.orchestra.run.smithi019.stdout:/usr/bin/ceph: stderr
2024-01-24T14:19:52.259+0000 7facf1d9b700 1 --2- 172.21.15.19:0/673212390 >> [v2:172.21.15.19:6800/3758061162,v1:172.21.15.19:6801/3758061162] conn(0x7face0038410 0x7face003a8d0 unknown :-1 s=BANNER_CONNECTING pgs=0 cs=0 l=1 rev1=0 crypto rx=0 tx=0 comp rx=0 tx=0)._handle_peer_banner_payload supported=3 required=0
2024-01-24T14:19:52.986 INFO:teuthology.orchestra.run.smithi019.stdout:/usr/bin/ceph: stderr
2024-01-24T14:19:52.260+0000 7facf1d9b700 1 --2- 172.21.15.19:0/673212390 >> [v2:172.21.15.19:6800/3758061162,v1:172.21.15.19:6801/3758061162] conn(0x7face0038410 0x7face003a8d0 secure :-1 s=READY pgs=15 cs=0 l=1 rev1=1 crypto rx=0x7face4006fd0 tx=0x7face4006e40 comp rx=0 tx=0).ready entity=mgr.14120 client_cookie=0 server_cookie=0 in_seq=0 out_seq=0
2024-01-24T14:19:52.986 INFO:teuthology.orchestra.run.smithi019.stdout:/usr/bin/ceph: stderr
2024-01-24T14:19:52.266+0000 7faceb7fe700 1 -- 172.21.15.19:0/673212390 <== mon.0 v2:172.21.15.19:3300/0 6 ==== mon_command_ack([{"prefix": "get_command_descriptions"}]=0 v0) v1 ==== 72+0+180484 (secure 0 0 0) 0x7facdc018db0 con 0x7facf4107000
2024-01-24T14:19:52.986 INFO:teuthology.orchestra.run.smithi019.stdout:/usr/bin/ceph: stderr
2024-01-24T14:19:52.483+0000 7facf897e700 1 -- 172.21.15.19:0/673212390 --> [v2:172.21.15.19:3300/0,v1:172.21.15.19:6789/0] -- mon_command([{prefix=config set, name=mgr/dashboard/ssl_server_port}] v 0) v1 -- 0x7facf419dd70 con 0x7facf4107000
2024-01-24T14:19:52.987 INFO:teuthology.orchestra.run.smithi019.stdout:/usr/bin/ceph: stderr
2024-01-24T14:19:52.486+0000 7faceb7fe700 1 -- 172.21.15.19:0/673212390 <== mon.0 v2:172.21.15.19:3300/0 7 ==== mon_command_ack([{prefix=config set, name=mgr/dashboard/ssl_server_port}]=0 v8)=0 v8) v1 ==== 130+0+0 (secure 0 0 0) 0x7facdc018350 con 0x7facf4107000
2024-01-24T14:19:52.987 INFO:teuthology.orchestra.run.smithi019.stdout:/usr/bin/ceph: stderr
2024-01-24T14:19:52.489+0000 7facf897e700 1 -- 172.21.15.19:0/673212390 >> [v2:172.21.15.19:6800/3758061162,v1:172.21.15.19:6801/3758061162] conn(0x7face0038410 msgr2=0x7face003a8d0 secure :-1 s=STATE_CONNECTION_ESTABLISHED l=1).mark_down
2024-01-24T14:19:52.987 INFO:teuthology.orchestra.run.smithi019.stdout:/usr/bin/ceph: stderr
2024-01-24T14:19:52.489+0000 7facf897e700 1 --2- 172.21.15.19:0/673212390 >> [v2:172.21.15.19:6800/3758061162,v1:172.21.15.19:6801/3758061162] conn(0x7face0038410 0x7face003a8d0 secure :-1 s=READY pgs=15 cs=0 l=1 rev1=1 crypto rx=0x7face4006fd0 tx=0x7face4006e40 comp rx=0 tx=0).stop
2024-01-24T14:19:52.987 INFO:teuthology.orchestra.run.smithi019.stdout:/usr/bin/ceph: stderr
2024-01-24T14:19:52.489+0000 7facf897e700 1 -- 172.21.15.19:0/673212390 >> [v2:172.21.15.19:3300/0,v1:172.21.15.19:6789/0] conn(0x7facf4107000 msgr2=0x7facf419a1c0 secure :-1 s=STATE_CONNECTION_ESTABLISHED l=1).mark_down
2024-01-24T14:19:52.987 INFO:teuthology.orchestra.run.smithi019.stdout:/usr/bin/ceph: stderr
2024-01-24T14:19:52.489+0000 7facf897e700 1 --2- 172.21.15.19:0/673212390 >> [v2:172.21.15.19:3300/0,v1:172.21.15.19:6789/0] conn(0x7facf4107000 0x7facf419a1c0 secure :-1 s=READY pgs=54 cs=0 l=1 rev1=1 crypto rx=0x7facdc003f00 tx=0x7facdc011a30 comp rx=0 tx=0).stop
2024-01-24T14:19:52.987 INFO:teuthology.orchestra.run.smithi019.stdout:/usr/bin/ceph: stderr
2024-01-24T14:19:52.489+0000 7facf897e700 1 -- 172.21.15.19:0/673212390 shutdown_connections
2024-01-24T14:19:52.987 INFO:teuthology.orchestra.run.smithi019.stdout:/usr/bin/ceph: stderr
2024-01-24T14:19:52.489+0000 7facf897e700 1 --2- 172.21.15.19:0/673212390 >> [v2:172.21.15.19:6800/3758061162,v1:172.21.15.19:6801/3758061162] conn(0x7face0038410 0x7face003a8d0 unknown :-1 s=CLOSED pgs=15 cs=0 l=1 rev1=1 crypto rx=0 tx=0 comp rx=0 tx=0).stop
2024-01-24T14:19:52.987 INFO:teuthology.orchestra.run.smithi019.stdout:/usr/bin/ceph: stderr
2024-01-24T14:19:52.489+0000 7facf897e700 1 --2- 172.21.15.19:0/673212390 >> [v2:172.21.15.19:3300/0,v1:172.21.15.19:6789/0] conn(0x7facf4107000 0x7facf419a1c0 unknown :-1 s=CLOSED pgs=54 cs=0 l=1 rev1=1 crypto rx=0 tx=0 comp rx=0 tx=0).stop
2024-01-24T14:19:52.987 INFO:teuthology.orchestra.run.smithi019.stdout:/usr/bin/ceph: stderr
2024-01-24T14:19:52.489+0000 7facf897e700 1 -- 172.21.15.19:0/673212390 >> 172.21.15.19:0/673212390 conn(0x7facf4100a70 msgr2=0x7facf41017f0 unknown :-1 s=STATE_NONE l=0).mark_down
2024-01-24T14:19:52.987 INFO:teuthology.orchestra.run.smithi019.stdout:/usr/bin/ceph: stderr
2024-01-24T14:19:52.489+0000 7facf897e700 1 -- 172.21.15.19:0/673212390 shutdown_connections
2024-01-24T14:19:52.987 INFO:teuthology.orchestra.run.smithi019.stdout:/usr/bin/ceph: stderr
2024-01-24T14:19:52.489+0000 7facf897e700 1 -- 172.21.15.19:0/673212390 wait complete.
2024-01-24T14:19:52.987 INFO:teuthology.orchestra.run.smithi019.stdout:Enabling the dashboard module...
2024-01-24T14:19:55.670 INFO:journalctl@ceph.mon.a.smithi019.stdout:Jan 24 14:19:55 smithi019 ceph-mon[40663]: from='client.? 172.21.15.19:0/1691839979' entity='client.admin' cmd=[{"prefix": "mgr module enable", "module": "dashboard"}]: dispatch
2024-01-24T14:19:55.671 INFO:journalctl@ceph.mgr.x.smithi019.stdout:Jan 24 14:19:55 smithi019 ceph-654b0c8e-bac3-11ee-95b1-87774f69a715-mgr-x[40914]: ignoring --setuser ceph since I am not root
2024-01-24T14:19:55.671 INFO:journalctl@ceph.mgr.x.smithi019.stdout:Jan 24 14:19:55 smithi019 ceph-654b0c8e-bac3-11ee-95b1-87774f69a715-mgr-x[40914]: ignoring --setgroup ceph since I am not root
2024-01-24T14:19:55.732 INFO:teuthology.orchestra.run.smithi019.stdout:/usr/bin/ceph: stderr
2024-01-24T14:19:54.153+0000 7f4145401700 1 Processor -- start
2024-01-24T14:19:55.732 INFO:teuthology.orchestra.run.smithi019.stdout:/usr/bin/ceph: stderr
2024-01-24T14:19:54.153+0000 7f4145401700 1 -- start start
2024-01-24T14:19:55.732 INFO:teuthology.orchestra.run.smithi019.stdout:/usr/bin/ceph: stderr
2024-01-24T14:19:54.153+0000 7f4145401700 1 --2- >> [v2:172.21.15.19:3300/0,v1:172.21.15.19:6789/0] conn(0x7f4140107070 0x7f4140109460 unknown :-1 s=NONE pgs=0 cs=0 l=0 rev1=0 crypto rx=0 tx=0 comp rx=0 tx=0).connect
2024-01-24T14:19:55.732 INFO:teuthology.orchestra.run.smithi019.stdout:/usr/bin/ceph: stderr
2024-01-24T14:19:54.153+0000 7f4145401700 1 -- --> [v2:172.21.15.19:3300/0,v1:172.21.15.19:6789/0] -- mon_getmap magic: 0 v1 -- 0x7f4140079e30 con 0x7f4140107070
2024-01-24T14:19:55.732 INFO:teuthology.orchestra.run.smithi019.stdout:/usr/bin/ceph: stderr
2024-01-24T14:19:54.153+0000 7f413effd700 1 --2- >> [v2:172.21.15.19:3300/0,v1:172.21.15.19:6789/0] conn(0x7f4140107070 0x7f4140109460 unknown :-1 s=BANNER_CONNECTING pgs=0 cs=0 l=0 rev1=0 crypto rx=0 tx=0 comp rx=0 tx=0)._handle_peer_banner_payload supported=3 required=0
2024-01-24T14:19:55.732 INFO:teuthology.orchestra.run.smithi019.stdout:/usr/bin/ceph: stderr
2024-01-24T14:19:54.153+0000 7f413effd700 1 --2- >> [v2:172.21.15.19:3300/0,v1:172.21.15.19:6789/0] conn(0x7f4140107070 0x7f4140109460 unknown :-1 s=HELLO_CONNECTING pgs=0 cs=0 l=0 rev1=1 crypto rx=0 tx=0 comp rx=0 tx=0).handle_hello peer v2:172.21.15.19:3300/0 says I am v2:172.21.15.19:43638/0 (socket says 172.21.15.19:43638)
2024-01-24T14:19:55.732 INFO:teuthology.orchestra.run.smithi019.stdout:/usr/bin/ceph: stderr
2024-01-24T14:19:54.153+0000 7f413effd700 1 -- 172.21.15.19:0/1951425621 learned_addr learned my addr 172.21.15.19:0/1951425621 (peer_addr_for_me v2:172.21.15.19:0/0)
2024-01-24T14:19:55.732 INFO:teuthology.orchestra.run.smithi019.stdout:/usr/bin/ceph: stderr
2024-01-24T14:19:54.154+0000 7f413effd700 1 -- 172.21.15.19:0/1951425621 --> [v2:172.21.15.19:3300/0,v1:172.21.15.19:6789/0] -- mon_subscribe({config=0+,monmap=0+}) v3 -- 0x7f41401099a0 con 0x7f4140107070
2024-01-24T14:19:55.733 INFO:teuthology.orchestra.run.smithi019.stdout:/usr/bin/ceph: stderr
2024-01-24T14:19:54.154+0000 7f413effd700 1 --2- 172.21.15.19:0/1951425621 >> [v2:172.21.15.19:3300/0,v1:172.21.15.19:6789/0] conn(0x7f4140107070 0x7f4140109460 secure :-1 s=READY pgs=55 cs=0 l=1 rev1=1 crypto rx=0x7f41300098a0 tx=0x7f4130009bb0 comp rx=0 tx=0).ready entity=mon.0 client_cookie=c7112fe8d67f2f63 server_cookie=0 in_seq=0 out_seq=0
2024-01-24T14:19:55.733 INFO:teuthology.orchestra.run.smithi019.stdout:/usr/bin/ceph: stderr
2024-01-24T14:19:54.154+0000 7f413dffb700 1 -- 172.21.15.19:0/1951425621 <== mon.0 v2:172.21.15.19:3300/0 1 ==== mon_map magic: 0 v1 ==== 205+0+0 (secure 0 0 0) 0x7f4130004160 con 0x7f4140107070
2024-01-24T14:19:55.733 INFO:teuthology.orchestra.run.smithi019.stdout:/usr/bin/ceph: stderr
2024-01-24T14:19:54.154+0000 7f413dffb700 1 -- 172.21.15.19:0/1951425621 <== mon.0 v2:172.21.15.19:3300/0 2 ==== config(26 keys) v1 ==== 1105+0+0 (secure 0 0 0) 0x7f41300042c0 con 0x7f4140107070
2024-01-24T14:19:55.733 INFO:teuthology.orchestra.run.smithi019.stdout:/usr/bin/ceph: stderr
2024-01-24T14:19:54.154+0000 7f413dffb700 1 -- 172.21.15.19:0/1951425621 <== mon.0 v2:172.21.15.19:3300/0 3 ==== mon_map magic: 0 v1 ==== 205+0+0 (secure 0 0 0) 0x7f41300119b0 con 0x7f4140107070
2024-01-24T14:19:55.733 INFO:teuthology.orchestra.run.smithi019.stdout:/usr/bin/ceph: stderr
2024-01-24T14:19:54.154+0000 7f4145401700 1 -- 172.21.15.19:0/1951425621 >> [v2:172.21.15.19:3300/0,v1:172.21.15.19:6789/0] conn(0x7f4140107070 msgr2=0x7f4140109460 secure :-1 s=STATE_CONNECTION_ESTABLISHED l=1).mark_down
2024-01-24T14:19:55.733 INFO:teuthology.orchestra.run.smithi019.stdout:/usr/bin/ceph: stderr
2024-01-24T14:19:54.154+0000 7f4145401700 1 --2- 172.21.15.19:0/1951425621 >> [v2:172.21.15.19:3300/0,v1:172.21.15.19:6789/0] conn(0x7f4140107070 0x7f4140109460 secure :-1 s=READY pgs=55 cs=0 l=1 rev1=1 crypto rx=0x7f41300098a0 tx=0x7f4130009bb0 comp rx=0 tx=0).stop
2024-01-24T14:19:55.733 INFO:teuthology.orchestra.run.smithi019.stdout:/usr/bin/ceph: stderr
2024-01-24T14:19:54.155+0000 7f4145401700 1 -- 172.21.15.19:0/1951425621 shutdown_connections
2024-01-24T14:19:55.733 INFO:teuthology.orchestra.run.smithi019.stdout:/usr/bin/ceph: stderr
2024-01-24T14:19:54.155+0000 7f4145401700 1 --2- 172.21.15.19:0/1951425621 >> [v2:172.21.15.19:3300/0,v1:172.21.15.19:6789/0] conn(0x7f4140107070 0x7f4140109460 unknown :-1 s=CLOSED pgs=55 cs=0 l=1 rev1=1 crypto rx=0 tx=0 comp rx=0 tx=0).stop
2024-01-24T14:19:55.733 INFO:teuthology.orchestra.run.smithi019.stdout:/usr/bin/ceph: stderr
2024-01-24T14:19:54.155+0000 7f4145401700 1 -- 172.21.15.19:0/1951425621 >> 172.21.15.19:0/1951425621 conn(0x7f4140100a40 msgr2=0x7f4140102e60 unknown :-1 s=STATE_NONE l=0).mark_down
2024-01-24T14:19:55.733 INFO:teuthology.orchestra.run.smithi019.stdout:/usr/bin/ceph: stderr
2024-01-24T14:19:54.155+0000 7f4145401700 1 -- 172.21.15.19:0/1951425621 shutdown_connections
2024-01-24T14:19:55.733 INFO:teuthology.orchestra.run.smithi019.stdout:/usr/bin/ceph: stderr
2024-01-24T14:19:54.155+0000 7f4145401700 1 -- 172.21.15.19:0/1951425621 wait complete.
2024-01-24T14:19:55.733 INFO:teuthology.orchestra.run.smithi019.stdout:/usr/bin/ceph: stderr
2024-01-24T14:19:54.155+0000 7f4145401700 1 Processor -- start
2024-01-24T14:19:55.733 INFO:teuthology.orchestra.run.smithi019.stdout:/usr/bin/ceph: stderr
2024-01-24T14:19:54.156+0000 7f4145401700 1 -- start start
2024-01-24T14:19:55.734 INFO:teuthology.orchestra.run.smithi019.stdout:/usr/bin/ceph: stderr
2024-01-24T14:19:54.156+0000 7f4145401700 1 --2- >> [v2:172.21.15.19:3300/0,v1:172.21.15.19:6789/0] conn(0x7f4140107070 0x7f414019c3a0 unknown :-1 s=NONE pgs=0 cs=0 l=1 rev1=0 crypto rx=0 tx=0 comp rx=0 tx=0).connect
2024-01-24T14:19:55.734 INFO:teuthology.orchestra.run.smithi019.stdout:/usr/bin/ceph: stderr
2024-01-24T14:19:54.156+0000 7f4145401700 1 -- --> [v2:172.21.15.19:3300/0,v1:172.21.15.19:6789/0] -- mon_getmap magic: 0 v1 -- 0x7f414019c8e0 con 0x7f4140107070
2024-01-24T14:19:55.734 INFO:teuthology.orchestra.run.smithi019.stdout:/usr/bin/ceph: stderr
2024-01-24T14:19:54.156+0000 7f413effd700 1 --2- >> [v2:172.21.15.19:3300/0,v1:172.21.15.19:6789/0] conn(0x7f4140107070 0x7f414019c3a0 unknown :-1 s=BANNER_CONNECTING pgs=0 cs=0 l=1 rev1=0 crypto rx=0 tx=0 comp rx=0 tx=0)._handle_peer_banner_payload supported=3 required=0
2024-01-24T14:19:55.734 INFO:teuthology.orchestra.run.smithi019.stdout:/usr/bin/ceph: stderr
2024-01-24T14:19:54.156+0000 7f413effd700 1 --2- >> [v2:172.21.15.19:3300/0,v1:172.21.15.19:6789/0] conn(0x7f4140107070 0x7f414019c3a0 unknown :-1 s=HELLO_CONNECTING pgs=0 cs=0 l=1 rev1=1 crypto rx=0 tx=0 comp rx=0 tx=0).handle_hello peer v2:172.21.15.19:3300/0 says I am v2:172.21.15.19:43654/0 (socket says 172.21.15.19:43654)
2024-01-24T14:19:55.734 INFO:teuthology.orchestra.run.smithi019.stdout:/usr/bin/ceph: stderr
2024-01-24T14:19:54.156+0000 7f413effd700 1 -- 172.21.15.19:0/1691839979 learned_addr learned my addr 172.21.15.19:0/1691839979 (peer_addr_for_me v2:172.21.15.19:0/0)
2024-01-24T14:19:55.734 INFO:teuthology.orchestra.run.smithi019.stdout:/usr/bin/ceph: stderr
2024-01-24T14:19:54.156+0000 7f413effd700 1 -- 172.21.15.19:0/1691839979 --> [v2:172.21.15.19:3300/0,v1:172.21.15.19:6789/0] -- mon_subscribe({config=0+,monmap=0+}) v3 -- 0x7f4130009550 con 0x7f4140107070
2024-01-24T14:19:55.734 INFO:teuthology.orchestra.run.smithi019.stdout:/usr/bin/ceph: stderr
2024-01-24T14:19:54.156+0000 7f413effd700 1 --2- 172.21.15.19:0/1691839979 >> [v2:172.21.15.19:3300/0,v1:172.21.15.19:6789/0] conn(0x7f4140107070 0x7f414019c3a0 secure :-1 s=READY pgs=56 cs=0 l=1 rev1=1 crypto rx=0x7f4130006af0 tx=0x7f4130011a10 comp rx=0 tx=0).ready entity=mon.0 client_cookie=0 server_cookie=0 in_seq=0 out_seq=0
2024-01-24T14:19:55.734 INFO:teuthology.orchestra.run.smithi019.stdout:/usr/bin/ceph: stderr
2024-01-24T14:19:54.157+0000 7f4127fff700 1 -- 172.21.15.19:0/1691839979 <== mon.0 v2:172.21.15.19:3300/0 1 ==== mon_map magic: 0 v1 ==== 205+0+0 (secure 0 0 0) 0x7f4130003a40 con 0x7f4140107070
2024-01-24T14:19:55.734 INFO:teuthology.orchestra.run.smithi019.stdout:/usr/bin/ceph: stderr
2024-01-24T14:19:54.157+0000 7f4127fff700 1 -- 172.21.15.19:0/1691839979 <== mon.0 v2:172.21.15.19:3300/0 2 ==== config(26 keys) v1 ==== 1105+0+0 (secure 0 0 0) 0x7f4130003ba0 con 0x7f4140107070
2024-01-24T14:19:55.734 INFO:teuthology.orchestra.run.smithi019.stdout:/usr/bin/ceph: stderr
2024-01-24T14:19:54.157+0000 7f4145401700 1 -- 172.21.15.19:0/1691839979 --> [v2:172.21.15.19:3300/0,v1:172.21.15.19:6789/0] -- mon_subscribe({mgrmap=0+}) v3 -- 0x7f414019cae0 con 0x7f4140107070
2024-01-24T14:19:55.734 INFO:teuthology.orchestra.run.smithi019.stdout:/usr/bin/ceph: stderr
2024-01-24T14:19:54.157+0000 7f4127fff700 1 -- 172.21.15.19:0/1691839979 <== mon.0 v2:172.21.15.19:3300/0 3 ==== mon_map magic: 0 v1 ==== 205+0+0 (secure 0 0 0) 0x7f41300196c0 con 0x7f4140107070
2024-01-24T14:19:55.734 INFO:teuthology.orchestra.run.smithi019.stdout:/usr/bin/ceph: stderr
2024-01-24T14:19:54.157+0000 7f4145401700 1 -- 172.21.15.19:0/1691839979 --> [v2:172.21.15.19:3300/0,v1:172.21.15.19:6789/0] -- mon_subscribe({osdmap=0}) v3 -- 0x7f414019cf00 con 0x7f4140107070
2024-01-24T14:19:55.734 INFO:teuthology.orchestra.run.smithi019.stdout:/usr/bin/ceph: stderr
2024-01-24T14:19:54.158+0000 7f4127fff700 1 -- 172.21.15.19:0/1691839979 <== mon.0 v2:172.21.15.19:3300/0 4 ==== mgrmap(e 8) v1 ==== 45268+0+0 (secure 0 0 0) 0x7f4130019980 con 0x7f4140107070
2024-01-24T14:19:55.734 INFO:teuthology.orchestra.run.smithi019.stdout:/usr/bin/ceph: stderr
2024-01-24T14:19:54.158+0000 7f4145401700 1 -- 172.21.15.19:0/1691839979 --> [v2:172.21.15.19:3300/0,v1:172.21.15.19:6789/0] -- mon_command({"prefix": "get_command_descriptions"} v 0) v1 -- 0x7f4140062370 con 0x7f4140107070
2024-01-24T14:19:55.734 INFO:teuthology.orchestra.run.smithi019.stdout:/usr/bin/ceph: stderr
2024-01-24T14:19:54.158+0000 7f4127fff700 1 --2- 172.21.15.19:0/1691839979 >> [v2:172.21.15.19:6800/3758061162,v1:172.21.15.19:6801/3758061162] conn(0x7f4128038370 0x7f412803a830 unknown :-1 s=NONE pgs=0 cs=0 l=1 rev1=0 crypto rx=0 tx=0 comp rx=0 tx=0).connect
2024-01-24T14:19:55.735 INFO:teuthology.orchestra.run.smithi019.stdout:/usr/bin/ceph: stderr
2024-01-24T14:19:54.158+0000 7f4127fff700 1 -- 172.21.15.19:0/1691839979 <== mon.0 v2:172.21.15.19:3300/0 5 ==== osd_map(2..2 src has 1..2) v4 ==== 940+0+0 (secure 0 0 0) 0x7f413004c1b0 con 0x7f4140107070
2024-01-24T14:19:55.735 INFO:teuthology.orchestra.run.smithi019.stdout:/usr/bin/ceph: stderr
2024-01-24T14:19:54.158+0000 7f413e7fc700 1 --2- 172.21.15.19:0/1691839979 >> [v2:172.21.15.19:6800/3758061162,v1:172.21.15.19:6801/3758061162] conn(0x7f4128038370 0x7f412803a830 unknown :-1 s=BANNER_CONNECTING pgs=0 cs=0 l=1 rev1=0 crypto rx=0 tx=0 comp rx=0 tx=0)._handle_peer_banner_payload supported=3 required=0
2024-01-24T14:19:55.735 INFO:teuthology.orchestra.run.smithi019.stdout:/usr/bin/ceph: stderr
2024-01-24T14:19:54.158+0000 7f413e7fc700 1 --2- 172.21.15.19:0/1691839979 >> [v2:172.21.15.19:6800/3758061162,v1:172.21.15.19:6801/3758061162] conn(0x7f4128038370 0x7f412803a830 secure :-1 s=READY pgs=16 cs=0 l=1 rev1=1 crypto rx=0x7f4134006fd0 tx=0x7f4134006e40 comp rx=0 tx=0).ready entity=mgr.14120 client_cookie=0 server_cookie=0 in_seq=0 out_seq=0
2024-01-24T14:19:55.735 INFO:teuthology.orchestra.run.smithi019.stdout:/usr/bin/ceph: stderr
