2024-01-24T15:33:34.982 INFO:teuthology.orchestra.run.smithi005.stdout:/usr/bin/ceph: stderr
2024-01-24T15:33:34.361+0000 7f4836a00700 1 -- --> [v2:172.21.15.5:3300/0,v1:172.21.15.5:6789/0] -- mon_getmap magic: 0 v1 -- 0x7f48300797b0 con 0x7f483007ad80
2024-01-24T15:33:34.982 INFO:teuthology.orchestra.run.smithi005.stdout:/usr/bin/ceph: stderr
2024-01-24T15:33:34.362+0000 7f4835600700 1 --2- >> [v2:172.21.15.5:3300/0,v1:172.21.15.5:6789/0] conn(0x7f483007ad80 0x7f48300791e0 unknown :-1 s=BANNER_CONNECTING pgs=0 cs=0 l=0 rev1=0 crypto rx=0 tx=0 comp rx=0 tx=0)._handle_peer_banner_payload supported=3 required=0
2024-01-24T15:33:34.982 INFO:teuthology.orchestra.run.smithi005.stdout:/usr/bin/ceph: stderr
2024-01-24T15:33:34.362+0000 7f4835600700 1 --2- >> [v2:172.21.15.5:3300/0,v1:172.21.15.5:6789/0] conn(0x7f483007ad80 0x7f48300791e0 unknown :-1 s=HELLO_CONNECTING pgs=0 cs=0 l=0 rev1=1 crypto rx=0 tx=0 comp rx=0 tx=0).handle_hello peer v2:172.21.15.5:3300/0 says I am v2:172.21.15.5:56244/0 (socket says 172.21.15.5:56244)
2024-01-24T15:33:34.982 INFO:teuthology.orchestra.run.smithi005.stdout:/usr/bin/ceph: stderr
2024-01-24T15:33:34.362+0000 7f4835600700 1 -- 172.21.15.5:0/150442275 learned_addr learned my addr 172.21.15.5:0/150442275 (peer_addr_for_me v2:172.21.15.5:0/0)
2024-01-24T15:33:34.982 INFO:teuthology.orchestra.run.smithi005.stdout:/usr/bin/ceph: stderr
2024-01-24T15:33:34.362+0000 7f4835600700 1 -- 172.21.15.5:0/150442275 --> [v2:172.21.15.5:3300/0,v1:172.21.15.5:6789/0] -- mon_subscribe({config=0+,monmap=0+}) v3 -- 0x7f48300798f0 con 0x7f483007ad80
2024-01-24T15:33:34.982 INFO:teuthology.orchestra.run.smithi005.stdout:/usr/bin/ceph: stderr
2024-01-24T15:33:34.362+0000 7f4835600700 1 --2- 172.21.15.5:0/150442275 >> [v2:172.21.15.5:3300/0,v1:172.21.15.5:6789/0] conn(0x7f483007ad80 0x7f48300791e0 secure :-1 s=READY pgs=20 cs=0 l=1 rev1=1 crypto rx=0x7f48200098a0 tx=0x7f4820009bb0 comp rx=0 tx=0).ready entity=mon.0 client_cookie=99a5bb77b8d901d6 server_cookie=0 in_seq=0 out_seq=0
2024-01-24T15:33:34.982 INFO:teuthology.orchestra.run.smithi005.stdout:/usr/bin/ceph: stderr
2024-01-24T15:33:34.363+0000 7f482fe00700 1 -- 172.21.15.5:0/150442275 <== mon.0 v2:172.21.15.5:3300/0 1 ==== mon_map magic: 0 v1 ==== 205+0+0 (secure 0 0 0) 0x7f4820004160 con 0x7f483007ad80
2024-01-24T15:33:34.983 INFO:teuthology.orchestra.run.smithi005.stdout:/usr/bin/ceph: stderr
2024-01-24T15:33:34.363+0000 7f482fe00700 1 -- 172.21.15.5:0/150442275 <== mon.0 v2:172.21.15.5:3300/0 2 ==== config(25 keys) v1 ==== 1036+0+0 (secure 0 0 0) 0x7f48200042c0 con 0x7f483007ad80
2024-01-24T15:33:34.983 INFO:teuthology.orchestra.run.smithi005.stdout:/usr/bin/ceph: stderr
2024-01-24T15:33:34.363+0000 7f482fe00700 1 -- 172.21.15.5:0/150442275 <== mon.0 v2:172.21.15.5:3300/0 3 ==== mon_map magic: 0 v1 ==== 205+0+0 (secure 0 0 0) 0x7f4820011940 con 0x7f483007ad80
2024-01-24T15:33:34.983 INFO:teuthology.orchestra.run.smithi005.stdout:/usr/bin/ceph: stderr
2024-01-24T15:33:34.363+0000 7f4836a00700 1 -- 172.21.15.5:0/150442275 >> [v2:172.21.15.5:3300/0,v1:172.21.15.5:6789/0] conn(0x7f483007ad80 msgr2=0x7f48300791e0 secure :-1 s=STATE_CONNECTION_ESTABLISHED l=1).mark_down
2024-01-24T15:33:34.983 INFO:teuthology.orchestra.run.smithi005.stdout:/usr/bin/ceph: stderr
2024-01-24T15:33:34.363+0000 7f4836a00700 1 --2- 172.21.15.5:0/150442275 >> [v2:172.21.15.5:3300/0,v1:172.21.15.5:6789/0] conn(0x7f483007ad80 0x7f48300791e0 secure :-1 s=READY pgs=20 cs=0 l=1 rev1=1 crypto rx=0x7f48200098a0 tx=0x7f4820009bb0 comp rx=0 tx=0).stop
2024-01-24T15:33:34.983 INFO:teuthology.orchestra.run.smithi005.stdout:/usr/bin/ceph: stderr
2024-01-24T15:33:34.363+0000 7f4836a00700 1 -- 172.21.15.5:0/150442275 shutdown_connections
2024-01-24T15:33:34.983 INFO:teuthology.orchestra.run.smithi005.stdout:/usr/bin/ceph: stderr
2024-01-24T15:33:34.363+0000 7f4836a00700 1 --2- 172.21.15.5:0/150442275 >> [v2:172.21.15.5:3300/0,v1:172.21.15.5:6789/0] conn(0x7f483007ad80 0x7f48300791e0 unknown :-1 s=CLOSED pgs=20 cs=0 l=1 rev1=1 crypto rx=0 tx=0 comp rx=0 tx=0).stop
2024-01-24T15:33:34.983 INFO:teuthology.orchestra.run.smithi005.stdout:/usr/bin/ceph: stderr
2024-01-24T15:33:34.363+0000 7f4836a00700 1 -- 172.21.15.5:0/150442275 >> 172.21.15.5:0/150442275 conn(0x7f4830101a00 msgr2=0x7f4830103e20 unknown :-1 s=STATE_NONE l=0).mark_down
2024-01-24T15:33:34.983 INFO:teuthology.orchestra.run.smithi005.stdout:/usr/bin/ceph: stderr
2024-01-24T15:33:34.363+0000 7f4836a00700 1 -- 172.21.15.5:0/150442275 shutdown_connections
2024-01-24T15:33:34.983 INFO:teuthology.orchestra.run.smithi005.stdout:/usr/bin/ceph: stderr
2024-01-24T15:33:34.364+0000 7f4836a00700 1 -- 172.21.15.5:0/150442275 wait complete.
2024-01-24T15:33:34.983 INFO:teuthology.orchestra.run.smithi005.stdout:/usr/bin/ceph: stderr
2024-01-24T15:33:34.365+0000 7f4836a00700 1 Processor -- start
2024-01-24T15:33:34.983 INFO:teuthology.orchestra.run.smithi005.stdout:/usr/bin/ceph: stderr
2024-01-24T15:33:34.365+0000 7f4836a00700 1 -- start start
2024-01-24T15:33:34.983 INFO:teuthology.orchestra.run.smithi005.stdout:/usr/bin/ceph: stderr
2024-01-24T15:33:34.366+0000 7f4836a00700 1 --2- >> [v2:172.21.15.5:3300/0,v1:172.21.15.5:6789/0] conn(0x7f483007ad80 0x7f483019c1e0 unknown :-1 s=NONE pgs=0 cs=0 l=1 rev1=0 crypto rx=0 tx=0 comp rx=0 tx=0).connect
2024-01-24T15:33:34.983 INFO:teuthology.orchestra.run.smithi005.stdout:/usr/bin/ceph: stderr
2024-01-24T15:33:34.366+0000 7f4836a00700 1 -- --> [v2:172.21.15.5:3300/0,v1:172.21.15.5:6789/0] -- mon_getmap magic: 0 v1 -- 0x7f483019c720 con 0x7f483007ad80
2024-01-24T15:33:34.984 INFO:teuthology.orchestra.run.smithi005.stdout:/usr/bin/ceph: stderr
2024-01-24T15:33:34.366+0000 7f4835600700 1 --2- >> [v2:172.21.15.5:3300/0,v1:172.21.15.5:6789/0] conn(0x7f483007ad80 0x7f483019c1e0 unknown :-1 s=BANNER_CONNECTING pgs=0 cs=0 l=1 rev1=0 crypto rx=0 tx=0 comp rx=0 tx=0)._handle_peer_banner_payload supported=3 required=0
2024-01-24T15:33:34.984 INFO:teuthology.orchestra.run.smithi005.stdout:/usr/bin/ceph: stderr
2024-01-24T15:33:34.366+0000 7f4835600700 1 --2- >> [v2:172.21.15.5:3300/0,v1:172.21.15.5:6789/0] conn(0x7f483007ad80 0x7f483019c1e0 unknown :-1 s=HELLO_CONNECTING pgs=0 cs=0 l=1 rev1=1 crypto rx=0 tx=0 comp rx=0 tx=0).handle_hello peer v2:172.21.15.5:3300/0 says I am v2:172.21.15.5:56252/0 (socket says 172.21.15.5:56252)
2024-01-24T15:33:34.984 INFO:teuthology.orchestra.run.smithi005.stdout:/usr/bin/ceph: stderr
2024-01-24T15:33:34.366+0000 7f4835600700 1 -- 172.21.15.5:0/3477555603 learned_addr learned my addr 172.21.15.5:0/3477555603 (peer_addr_for_me v2:172.21.15.5:0/0)
2024-01-24T15:33:34.984 INFO:teuthology.orchestra.run.smithi005.stdout:/usr/bin/ceph: stderr
2024-01-24T15:33:34.366+0000 7f4835600700 1 -- 172.21.15.5:0/3477555603 --> [v2:172.21.15.5:3300/0,v1:172.21.15.5:6789/0] -- mon_subscribe({config=0+,monmap=0+}) v3 -- 0x7f4820009550 con 0x7f483007ad80
2024-01-24T15:33:34.984 INFO:teuthology.orchestra.run.smithi005.stdout:/usr/bin/ceph: stderr
2024-01-24T15:33:34.366+0000 7f4835600700 1 --2- 172.21.15.5:0/3477555603 >> [v2:172.21.15.5:3300/0,v1:172.21.15.5:6789/0] conn(0x7f483007ad80 0x7f483019c1e0 secure :-1 s=READY pgs=21 cs=0 l=1 rev1=1 crypto rx=0x7f4820000c00 tx=0x7f4820011e70 comp rx=0 tx=0).ready entity=mon.0 client_cookie=0 server_cookie=0 in_seq=0 out_seq=0
2024-01-24T15:33:34.984 INFO:teuthology.orchestra.run.smithi005.stdout:/usr/bin/ceph: stderr
2024-01-24T15:33:34.367+0000 7f482e000700 1 -- 172.21.15.5:0/3477555603 <== mon.0 v2:172.21.15.5:3300/0 1 ==== mon_map magic: 0 v1 ==== 205+0+0 (secure 0 0 0) 0x7f48200036a0 con 0x7f483007ad80
2024-01-24T15:33:34.984 INFO:teuthology.orchestra.run.smithi005.stdout:/usr/bin/ceph: stderr
2024-01-24T15:33:34.367+0000 7f482e000700 1 -- 172.21.15.5:0/3477555603 <== mon.0 v2:172.21.15.5:3300/0 2 ==== config(25 keys) v1 ==== 1036+0+0 (secure 0 0 0) 0x7f482001b440 con 0x7f483007ad80
2024-01-24T15:33:34.984 INFO:teuthology.orchestra.run.smithi005.stdout:/usr/bin/ceph: stderr
2024-01-24T15:33:34.367+0000 7f482e000700 1 -- 172.21.15.5:0/3477555603 <== mon.0 v2:172.21.15.5:3300/0 3 ==== mon_map magic: 0 v1 ==== 205+0+0 (secure 0 0 0) 0x7f48200193f0 con 0x7f483007ad80
2024-01-24T15:33:34.984 INFO:teuthology.orchestra.run.smithi005.stdout:/usr/bin/ceph: stderr
2024-01-24T15:33:34.367+0000 7f4836a00700 1 -- 172.21.15.5:0/3477555603 --> [v2:172.21.15.5:3300/0,v1:172.21.15.5:6789/0] -- mon_subscribe({mgrmap=0+}) v3 -- 0x7f483019c920 con 0x7f483007ad80
2024-01-24T15:33:34.984 INFO:teuthology.orchestra.run.smithi005.stdout:/usr/bin/ceph: stderr
2024-01-24T15:33:34.367+0000 7f4836a00700 1 -- 172.21.15.5:0/3477555603 --> [v2:172.21.15.5:3300/0,v1:172.21.15.5:6789/0] -- mon_subscribe({osdmap=0}) v3 -- 0x7f483019cd40 con 0x7f483007ad80
2024-01-24T15:33:34.984 INFO:teuthology.orchestra.run.smithi005.stdout:/usr/bin/ceph: stderr
2024-01-24T15:33:34.368+0000 7f482e000700 1 -- 172.21.15.5:0/3477555603 <== mon.0 v2:172.21.15.5:3300/0 4 ==== mgrmap(e 4) v1 ==== 45257+0+0 (secure 0 0 0) 0x7f482001b5b0 con 0x7f483007ad80
2024-01-24T15:33:34.984 INFO:teuthology.orchestra.run.smithi005.stdout:/usr/bin/ceph: stderr
2024-01-24T15:33:34.368+0000 7f4836a00700 1 -- 172.21.15.5:0/3477555603 --> [v2:172.21.15.5:3300/0,v1:172.21.15.5:6789/0] -- mon_command({"prefix": "get_command_descriptions"} v 0) v1 -- 0x7f48300623e0 con 0x7f483007ad80
2024-01-24T15:33:34.985 INFO:teuthology.orchestra.run.smithi005.stdout:/usr/bin/ceph: stderr
2024-01-24T15:33:34.368+0000 7f482e000700 1 --2- 172.21.15.5:0/3477555603 >> [v2:172.21.15.5:6800/1174207089,v1:172.21.15.5:6801/1174207089] conn(0x7f4810038300 0x7f481003a7c0 unknown :-1 s=NONE pgs=0 cs=0 l=1 rev1=0 crypto rx=0 tx=0 comp rx=0 tx=0).connect
2024-01-24T15:33:34.985 INFO:teuthology.orchestra.run.smithi005.stdout:/usr/bin/ceph: stderr
2024-01-24T15:33:34.368+0000 7f482e000700 1 -- 172.21.15.5:0/3477555603 <== mon.0 v2:172.21.15.5:3300/0 5 ==== osd_map(1..1 src has 1..1) v4 ==== 725+0+0 (secure 0 0 0) 0x7f482004c000 con 0x7f483007ad80
2024-01-24T15:33:34.985 INFO:teuthology.orchestra.run.smithi005.stdout:/usr/bin/ceph: stderr
2024-01-24T15:33:34.369+0000 7f4834c00700 1 --2- 172.21.15.5:0/3477555603 >> [v2:172.21.15.5:6800/1174207089,v1:172.21.15.5:6801/1174207089] conn(0x7f4810038300 0x7f481003a7c0 unknown :-1 s=BANNER_CONNECTING pgs=0 cs=0 l=1 rev1=0 crypto rx=0 tx=0 comp rx=0 tx=0)._handle_peer_banner_payload supported=3 required=0
2024-01-24T15:33:34.985 INFO:teuthology.orchestra.run.smithi005.stdout:/usr/bin/ceph: stderr
2024-01-24T15:33:34.369+0000 7f4834c00700 1 --2- 172.21.15.5:0/3477555603 >> [v2:172.21.15.5:6800/1174207089,v1:172.21.15.5:6801/1174207089] conn(0x7f4810038300 0x7f481003a7c0 secure :-1 s=READY pgs=8 cs=0 l=1 rev1=1 crypto rx=0x7f4818006fd0 tx=0x7f4818006e40 comp rx=0 tx=0).ready entity=mgr.14100 client_cookie=0 server_cookie=0 in_seq=0 out_seq=0
2024-01-24T15:33:34.985 INFO:teuthology.orchestra.run.smithi005.stdout:/usr/bin/ceph: stderr
2024-01-24T15:33:34.373+0000 7f482e000700 1 -- 172.21.15.5:0/3477555603 <== mon.0 v2:172.21.15.5:3300/0 6 ==== mon_command_ack([{"prefix": "get_command_descriptions"}]=0 v0) v1 ==== 72+0+180484 (secure 0 0 0) 0x7f48300623e0 con 0x7f483007ad80
2024-01-24T15:33:34.985 INFO:teuthology.orchestra.run.smithi005.stdout:/usr/bin/ceph: stderr
2024-01-24T15:33:34.636+0000 7f4836a00700 1 -- 172.21.15.5:0/3477555603 --> [v2:172.21.15.5:3300/0,v1:172.21.15.5:6789/0] -- mon_command({"prefix": "mgr module enable", "module": "cephadm"} v 0) v1 -- 0x7f4830062370 con 0x7f483007ad80
2024-01-24T15:33:34.985 INFO:teuthology.orchestra.run.smithi005.stdout:/usr/bin/ceph: stderr
2024-01-24T15:33:34.684+0000 7f482e000700 1 -- 172.21.15.5:0/3477555603 <== mon.0 v2:172.21.15.5:3300/0 7 ==== mgrmap(e 5) v1 ==== 45268+0+0 (secure 0 0 0) 0x7f4820003940 con 0x7f483007ad80
2024-01-24T15:33:34.985 INFO:teuthology.orchestra.run.smithi005.stdout:/usr/bin/ceph: stderr
2024-01-24T15:33:34.686+0000 7f482e000700 1 -- 172.21.15.5:0/3477555603 <== mon.0 v2:172.21.15.5:3300/0 8 ==== mon_command_ack([{"prefix": "mgr module enable", "module": "cephadm"}]=0 v5) v1 ==== 86+0+0 (secure 0 0 0) 0x7f4820022720 con 0x7f483007ad80
2024-01-24T15:33:34.985 INFO:teuthology.orchestra.run.smithi005.stdout:/usr/bin/ceph: stderr
2024-01-24T15:33:34.689+0000 7f4836a00700 1 -- 172.21.15.5:0/3477555603 >> [v2:172.21.15.5:6800/1174207089,v1:172.21.15.5:6801/1174207089] conn(0x7f4810038300 msgr2=0x7f481003a7c0 secure :-1 s=STATE_CONNECTION_ESTABLISHED l=1).mark_down
2024-01-24T15:33:34.985 INFO:teuthology.orchestra.run.smithi005.stdout:/usr/bin/ceph: stderr
2024-01-24T15:33:34.689+0000 7f4836a00700 1 --2- 172.21.15.5:0/3477555603 >> [v2:172.21.15.5:6800/1174207089,v1:172.21.15.5:6801/1174207089] conn(0x7f4810038300 0x7f481003a7c0 secure :-1 s=READY pgs=8 cs=0 l=1 rev1=1 crypto rx=0x7f4818006fd0 tx=0x7f4818006e40 comp rx=0 tx=0).stop
2024-01-24T15:33:34.985 INFO:teuthology.orchestra.run.smithi005.stdout:/usr/bin/ceph: stderr
2024-01-24T15:33:34.689+0000 7f4836a00700 1 -- 172.21.15.5:0/3477555603 >> [v2:172.21.15.5:3300/0,v1:172.21.15.5:6789/0] conn(0x7f483007ad80 msgr2=0x7f483019c1e0 secure :-1 s=STATE_CONNECTION_ESTABLISHED l=1).mark_down
2024-01-24T15:33:34.985 INFO:teuthology.orchestra.run.smithi005.stdout:/usr/bin/ceph: stderr
2024-01-24T15:33:34.689+0000 7f4836a00700 1 --2- 172.21.15.5:0/3477555603 >> [v2:172.21.15.5:3300/0,v1:172.21.15.5:6789/0] conn(0x7f483007ad80 0x7f483019c1e0 secure :-1 s=READY pgs=21 cs=0 l=1 rev1=1 crypto rx=0x7f4820000c00 tx=0x7f4820011e70 comp rx=0 tx=0).stop
2024-01-24T15:33:34.985 INFO:teuthology.orchestra.run.smithi005.stdout:/usr/bin/ceph: stderr
2024-01-24T15:33:34.689+0000 7f4836a00700 1 -- 172.21.15.5:0/3477555603 shutdown_connections
2024-01-24T15:33:34.986 INFO:teuthology.orchestra.run.smithi005.stdout:/usr/bin/ceph: stderr
2024-01-24T15:33:34.689+0000 7f4836a00700 1 --2- 172.21.15.5:0/3477555603 >> [v2:172.21.15.5:6800/1174207089,v1:172.21.15.5:6801/1174207089] conn(0x7f4810038300 0x7f481003a7c0 unknown :-1 s=CLOSED pgs=8 cs=0 l=1 rev1=1 crypto rx=0 tx=0 comp rx=0 tx=0).stop
2024-01-24T15:33:34.986 INFO:teuthology.orchestra.run.smithi005.stdout:/usr/bin/ceph: stderr
2024-01-24T15:33:34.689+0000 7f4836a00700 1 --2- 172.21.15.5:0/3477555603 >> [v2:172.21.15.5:3300/0,v1:172.21.15.5:6789/0] conn(0x7f483007ad80 0x7f483019c1e0 unknown :-1 s=CLOSED pgs=21 cs=0 l=1 rev1=1 crypto rx=0 tx=0 comp rx=0 tx=0).stop
2024-01-24T15:33:34.986 INFO:teuthology.orchestra.run.smithi005.stdout:/usr/bin/ceph: stderr
2024-01-24T15:33:34.689+0000 7f4836a00700 1 -- 172.21.15.5:0/3477555603 >> 172.21.15.5:0/3477555603 conn(0x7f4830101a00 msgr2=0x7f4830102760 unknown :-1 s=STATE_NONE l=0).mark_down
2024-01-24T15:33:34.986 INFO:teuthology.orchestra.run.smithi005.stdout:/usr/bin/ceph: stderr
2024-01-24T15:33:34.689+0000 7f4836a00700 1 -- 172.21.15.5:0/3477555603 shutdown_connections
2024-01-24T15:33:34.986 INFO:teuthology.orchestra.run.smithi005.stdout:/usr/bin/ceph: stderr
2024-01-24T15:33:34.689+0000 7f4836a00700 1 -- 172.21.15.5:0/3477555603 wait complete.
2024-01-24T15:33:35.683 INFO:journalctl@ceph.mgr.x.smithi005.stdout:Jan 24 15:33:35 smithi005 ceph-bede0bb6-bacd-11ee-95b1-87774f69a715-mgr-x[35595]:
2024-01-24T15:33:35.329+0000 7f3dfd5ee200 -1 mgr[py] Module prometheus has missing NOTIFY_TYPES member
2024-01-24T15:33:35.683 INFO:journalctl@ceph.mgr.x.smithi005.stdout:Jan 24 15:33:35 smithi005 ceph-bede0bb6-bacd-11ee-95b1-87774f69a715-mgr-x[35595]:
2024-01-24T15:33:35.454+0000 7f3dfd5ee200 -1 mgr[py] Module alerts has missing NOTIFY_TYPES member
2024-01-24T15:33:35.683 INFO:journalctl@ceph.mgr.x.smithi005.stdout:Jan 24 15:33:35 smithi005 ceph-bede0bb6-bacd-11ee-95b1-87774f69a715-mgr-x[35595]:
2024-01-24T15:33:35.571+0000 7f3dfd5ee200 -1 mgr[py] Module osd_perf_query has missing NOTIFY_TYPES member
2024-01-24T15:33:35.982 INFO:journalctl@ceph.mon.a.smithi005.stdout:Jan 24 15:33:35 smithi005 ceph-mon[35346]: from='client.? 172.21.15.5:0/3477555603' entity='client.admin' cmd='[{"prefix": "mgr module enable", "module": "cephadm"}]': finished
2024-01-24T15:33:35.982 INFO:journalctl@ceph.mon.a.smithi005.stdout:Jan 24 15:33:35 smithi005 ceph-mon[35346]: mgrmap e5: x(active, since 6s)
2024-01-24T15:33:35.982 INFO:journalctl@ceph.mon.a.smithi005.stdout:Jan 24 15:33:35 smithi005 ceph-mon[35346]: from='client.? 172.21.15.5:0/1419247983' entity='client.admin' cmd=[{"prefix": "mgr stat"}]: dispatch
2024-01-24T15:33:35.982 INFO:journalctl@ceph.mgr.x.smithi005.stdout:Jan 24 15:33:35 smithi005 ceph-bede0bb6-bacd-11ee-95b1-87774f69a715-mgr-x[35595]:
2024-01-24T15:33:35.685+0000 7f3dfd5ee200 -1 mgr[py] Module progress has missing NOTIFY_TYPES member
2024-01-24T15:33:35.992 INFO:teuthology.orchestra.run.smithi005.stdout:/usr/bin/ceph: stdout {
2024-01-24T15:33:35.992 INFO:teuthology.orchestra.run.smithi005.stdout:/usr/bin/ceph: stdout "epoch": 5,
2024-01-24T15:33:35.992 INFO:teuthology.orchestra.run.smithi005.stdout:/usr/bin/ceph: stdout "available": true,
2024-01-24T15:33:35.992 INFO:teuthology.orchestra.run.smithi005.stdout:/usr/bin/ceph: stdout "active_name": "x",
2024-01-24T15:33:35.992 INFO:teuthology.orchestra.run.smithi005.stdout:/usr/bin/ceph: stdout "num_standby": 0
2024-01-24T15:33:35.992 INFO:teuthology.orchestra.run.smithi005.stdout:/usr/bin/ceph: stdout }
2024-01-24T15:33:35.992 INFO:teuthology.orchestra.run.smithi005.stdout:/usr/bin/ceph: stderr
2024-01-24T15:33:35.379+0000 7f71a9800700 1 Processor -- start
2024-01-24T15:33:35.992 INFO:teuthology.orchestra.run.smithi005.stdout:/usr/bin/ceph: stderr
2024-01-24T15:33:35.379+0000 7f71a9800700 1 -- start start
2024-01-24T15:33:35.992 INFO:teuthology.orchestra.run.smithi005.stdout:/usr/bin/ceph: stderr
2024-01-24T15:33:35.379+0000 7f71a9800700 1 --2- >> [v2:172.21.15.5:3300/0,v1:172.21.15.5:6789/0] conn(0x7f71a4106630 0x7f71a4106a50 unknown :-1 s=NONE pgs=0 cs=0 l=0 rev1=0 crypto rx=0 tx=0 comp rx=0 tx=0).connect
2024-01-24T15:33:35.992 INFO:teuthology.orchestra.run.smithi005.stdout:/usr/bin/ceph: stderr
2024-01-24T15:33:35.379+0000 7f71a9800700 1 -- --> [v2:172.21.15.5:3300/0,v1:172.21.15.5:6789/0] -- mon_getmap magic: 0 v1 -- 0x7f71a4107020 con 0x7f71a4106630
2024-01-24T15:33:35.992 INFO:teuthology.orchestra.run.smithi005.stdout:/usr/bin/ceph: stderr
2024-01-24T15:33:35.380+0000 7f71a2a00700 1 --2- >> [v2:172.21.15.5:3300/0,v1:172.21.15.5:6789/0] conn(0x7f71a4106630 0x7f71a4106a50 unknown :-1 s=BANNER_CONNECTING pgs=0 cs=0 l=0 rev1=0 crypto rx=0 tx=0 comp rx=0 tx=0)._handle_peer_banner_payload supported=3 required=0
2024-01-24T15:33:35.993 INFO:teuthology.orchestra.run.smithi005.stdout:/usr/bin/ceph: stderr
2024-01-24T15:33:35.380+0000 7f71a2a00700 1 --2- >> [v2:172.21.15.5:3300/0,v1:172.21.15.5:6789/0] conn(0x7f71a4106630 0x7f71a4106a50 unknown :-1 s=HELLO_CONNECTING pgs=0 cs=0 l=0 rev1=1 crypto rx=0 tx=0 comp rx=0 tx=0).handle_hello peer v2:172.21.15.5:3300/0 says I am v2:172.21.15.5:56266/0 (socket says 172.21.15.5:56266)
2024-01-24T15:33:35.993 INFO:teuthology.orchestra.run.smithi005.stdout:/usr/bin/ceph: stderr
2024-01-24T15:33:35.380+0000 7f71a2a00700 1 -- 172.21.15.5:0/1348512353 learned_addr learned my addr 172.21.15.5:0/1348512353 (peer_addr_for_me v2:172.21.15.5:0/0)
2024-01-24T15:33:35.993 INFO:teuthology.orchestra.run.smithi005.stdout:/usr/bin/ceph: stderr
2024-01-24T15:33:35.380+0000 7f71a2a00700 1 -- 172.21.15.5:0/1348512353 --> [v2:172.21.15.5:3300/0,v1:172.21.15.5:6789/0] -- mon_subscribe({config=0+,monmap=0+}) v3 -- 0x7f71a4107830 con 0x7f71a4106630
2024-01-24T15:33:35.993 INFO:teuthology.orchestra.run.smithi005.stdout:/usr/bin/ceph: stderr
2024-01-24T15:33:35.380+0000 7f71a2a00700 1 --2- 172.21.15.5:0/1348512353 >> [v2:172.21.15.5:3300/0,v1:172.21.15.5:6789/0] conn(0x7f71a4106630 0x7f71a4106a50 secure :-1 s=READY pgs=24 cs=0 l=1 rev1=1 crypto rx=0x7f71940098a0 tx=0x7f7194009bb0 comp rx=0 tx=0).ready entity=mon.0 client_cookie=5d2a5c701b8db02f server_cookie=0 in_seq=0 out_seq=0
2024-01-24T15:33:35.993 INFO:teuthology.orchestra.run.smithi005.stdout:/usr/bin/ceph: stderr
2024-01-24T15:33:35.381+0000 7f71a1600700 1 -- 172.21.15.5:0/1348512353 <== mon.0 v2:172.21.15.5:3300/0 1 ==== mon_map magic: 0 v1 ==== 205+0+0 (secure 0 0 0) 0x7f7194004160 con 0x7f71a4106630
2024-01-24T15:33:35.993 INFO:teuthology.orchestra.run.smithi005.stdout:/usr/bin/ceph: stderr
2024-01-24T15:33:35.381+0000 7f71a1600700 1 -- 172.21.15.5:0/1348512353 <== mon.0 v2:172.21.15.5:3300/0 2 ==== config(25 keys) v1 ==== 1036+0+0 (secure 0 0 0) 0x7f71940042c0 con 0x7f71a4106630
2024-01-24T15:33:35.993 INFO:teuthology.orchestra.run.smithi005.stdout:/usr/bin/ceph: stderr
2024-01-24T15:33:35.381+0000 7f71a1600700 1 -- 172.21.15.5:0/1348512353 <== mon.0 v2:172.21.15.5:3300/0 3 ==== mon_map magic: 0 v1 ==== 205+0+0 (secure 0 0 0) 0x7f7194011940 con 0x7f71a4106630
2024-01-24T15:33:35.993 INFO:teuthology.orchestra.run.smithi005.stdout:/usr/bin/ceph: stderr
2024-01-24T15:33:35.382+0000 7f71a9800700 1 -- 172.21.15.5:0/1348512353 >> [v2:172.21.15.5:3300/0,v1:172.21.15.5:6789/0] conn(0x7f71a4106630 msgr2=0x7f71a4106a50 secure :-1 s=STATE_CONNECTION_ESTABLISHED l=1).mark_down
2024-01-24T15:33:35.993 INFO:teuthology.orchestra.run.smithi005.stdout:/usr/bin/ceph: stderr
2024-01-24T15:33:35.382+0000 7f71a9800700 1 --2- 172.21.15.5:0/1348512353 >> [v2:172.21.15.5:3300/0,v1:172.21.15.5:6789/0] conn(0x7f71a4106630 0x7f71a4106a50 secure :-1 s=READY pgs=24 cs=0 l=1 rev1=1 crypto rx=0x7f71940098a0 tx=0x7f7194009bb0 comp rx=0 tx=0).stop
2024-01-24T15:33:35.993 INFO:teuthology.orchestra.run.smithi005.stdout:/usr/bin/ceph: stderr
2024-01-24T15:33:35.382+0000 7f71a9800700 1 -- 172.21.15.5:0/1348512353 shutdown_connections
2024-01-24T15:33:35.993 INFO:teuthology.orchestra.run.smithi005.stdout:/usr/bin/ceph: stderr
2024-01-24T15:33:35.382+0000 7f71a9800700 1 --2- 172.21.15.5:0/1348512353 >> [v2:172.21.15.5:3300/0,v1:172.21.15.5:6789/0] conn(0x7f71a4106630 0x7f71a4106a50 unknown :-1 s=CLOSED pgs=24 cs=0 l=1 rev1=1 crypto rx=0 tx=0 comp rx=0 tx=0).stop
2024-01-24T15:33:35.993 INFO:teuthology.orchestra.run.smithi005.stdout:/usr/bin/ceph: stderr
2024-01-24T15:33:35.382+0000 7f71a9800700 1 -- 172.21.15.5:0/1348512353 >> 172.21.15.5:0/1348512353 conn(0x7f71a4101c30 msgr2=0x7f71a4104050 unknown :-1 s=STATE_NONE l=0).mark_down
2024-01-24T15:33:35.993 INFO:teuthology.orchestra.run.smithi005.stdout:/usr/bin/ceph: stderr
2024-01-24T15:33:35.382+0000 7f71a9800700 1 -- 172.21.15.5:0/1348512353 shutdown_connections
2024-01-24T15:33:35.994 INFO:teuthology.orchestra.run.smithi005.stdout:/usr/bin/ceph: stderr
2024-01-24T15:33:35.382+0000 7f71a9800700 1 -- 172.21.15.5:0/1348512353 wait complete.
2024-01-24T15:33:35.994 INFO:teuthology.orchestra.run.smithi005.stdout:/usr/bin/ceph: stderr
2024-01-24T15:33:35.383+0000 7f71a9800700 1 Processor -- start
2024-01-24T15:33:35.994 INFO:teuthology.orchestra.run.smithi005.stdout:/usr/bin/ceph: stderr
2024-01-24T15:33:35.383+0000 7f71a9800700 1 -- start start
2024-01-24T15:33:35.994 INFO:teuthology.orchestra.run.smithi005.stdout:/usr/bin/ceph: stderr
2024-01-24T15:33:35.383+0000 7f71a9800700 1 --2- >> [v2:172.21.15.5:3300/0,v1:172.21.15.5:6789/0] conn(0x7f71a4106630 0x7f71a419c450 unknown :-1 s=NONE pgs=0 cs=0 l=1 rev1=0 crypto rx=0 tx=0 comp rx=0 tx=0).connect
2024-01-24T15:33:35.994 INFO:teuthology.orchestra.run.smithi005.stdout:/usr/bin/ceph: stderr
2024-01-24T15:33:35.383+0000 7f71a9800700 1 -- --> [v2:172.21.15.5:3300/0,v1:172.21.15.5:6789/0] -- mon_getmap magic: 0 v1 -- 0x7f71a419c990 con 0x7f71a4106630
2024-01-24T15:33:35.994 INFO:teuthology.orchestra.run.smithi005.stdout:/usr/bin/ceph: stderr
2024-01-24T15:33:35.384+0000 7f71a2a00700 1 --2- >> [v2:172.21.15.5:3300/0,v1:172.21.15.5:6789/0] conn(0x7f71a4106630 0x7f71a419c450 unknown :-1 s=BANNER_CONNECTING pgs=0 cs=0 l=1 rev1=0 crypto rx=0 tx=0 comp rx=0 tx=0)._handle_peer_banner_payload supported=3 required=0
2024-01-24T15:33:35.994 INFO:teuthology.orchestra.run.smithi005.stdout:/usr/bin/ceph: stderr
2024-01-24T15:33:35.384+0000 7f71a2a00700 1 --2- >> [v2:172.21.15.5:3300/0,v1:172.21.15.5:6789/0] conn(0x7f71a4106630 0x7f71a419c450 unknown :-1 s=HELLO_CONNECTING pgs=0 cs=0 l=1 rev1=1 crypto rx=0 tx=0 comp rx=0 tx=0).handle_hello peer v2:172.21.15.5:3300/0 says I am v2:172.21.15.5:56276/0 (socket says 172.21.15.5:56276)
2024-01-24T15:33:35.994 INFO:teuthology.orchestra.run.smithi005.stdout:/usr/bin/ceph: stderr
2024-01-24T15:33:35.384+0000 7f71a2a00700 1 -- 172.21.15.5:0/1419247983 learned_addr learned my addr 172.21.15.5:0/1419247983 (peer_addr_for_me v2:172.21.15.5:0/0)
2024-01-24T15:33:35.994 INFO:teuthology.orchestra.run.smithi005.stdout:/usr/bin/ceph: stderr
2024-01-24T15:33:35.384+0000 7f71a2a00700 1 -- 172.21.15.5:0/1419247983 --> [v2:172.21.15.5:3300/0,v1:172.21.15.5:6789/0] -- mon_subscribe({config=0+,monmap=0+}) v3 -- 0x7f7194009550 con 0x7f71a4106630
2024-01-24T15:33:35.994 INFO:teuthology.orchestra.run.smithi005.stdout:/usr/bin/ceph: stderr
2024-01-24T15:33:35.384+0000 7f71a2a00700 1 --2- 172.21.15.5:0/1419247983 >> [v2:172.21.15.5:3300/0,v1:172.21.15.5:6789/0] conn(0x7f71a4106630 0x7f71a419c450 secure :-1 s=READY pgs=25 cs=0 l=1 rev1=1 crypto rx=0x7f7194000c00 tx=0x7f7194011e70 comp rx=0 tx=0).ready entity=mon.0 client_cookie=0 server_cookie=0 in_seq=0 out_seq=0
2024-01-24T15:33:35.994 INFO:teuthology.orchestra.run.smithi005.stdout:/usr/bin/ceph: stderr
2024-01-24T15:33:35.384+0000 7f719b400700 1 -- 172.21.15.5:0/1419247983 <== mon.0 v2:172.21.15.5:3300/0 1 ==== mon_map magic: 0 v1 ==== 205+0+0 (secure 0 0 0) 0x7f71940036a0 con 0x7f71a4106630
2024-01-24T15:33:35.994 INFO:teuthology.orchestra.run.smithi005.stdout:/usr/bin/ceph: stderr
2024-01-24T15:33:35.385+0000 7f71a9800700 1 -- 172.21.15.5:0/1419247983 --> [v2:172.21.15.5:3300/0,v1:172.21.15.5:6789/0] -- mon_subscribe({mgrmap=0+}) v3 -- 0x7f71a419cb90 con 0x7f71a4106630
2024-01-24T15:33:35.994 INFO:teuthology.orchestra.run.smithi005.stdout:/usr/bin/ceph: stderr
2024-01-24T15:33:35.385+0000 7f719b400700 1 -- 172.21.15.5:0/1419247983 <== mon.0 v2:172.21.15.5:3300/0 2 ==== config(25 keys) v1 ==== 1036+0+0 (secure 0 0 0) 0x7f7194003c70 con 0x7f71a4106630
2024-01-24T15:33:35.994 INFO:teuthology.orchestra.run.smithi005.stdout:/usr/bin/ceph: stderr
2024-01-24T15:33:35.385+0000 7f719b400700 1 -- 172.21.15.5:0/1419247983 <== mon.0 v2:172.21.15.5:3300/0 3 ==== mon_map magic: 0 v1 ==== 205+0+0 (secure 0 0 0) 0x7f71940193f0 con 0x7f71a4106630
2024-01-24T15:33:35.994 INFO:teuthology.orchestra.run.smithi005.stdout:/usr/bin/ceph: stderr
2024-01-24T15:33:35.385+0000 7f71a9800700 1 -- 172.21.15.5:0/1419247983 --> [v2:172.21.15.5:3300/0,v1:172.21.15.5:6789/0] -- mon_subscribe({osdmap=0}) v3 -- 0x7f71a419cfb0 con 0x7f71a4106630
2024-01-24T15:33:35.995 INFO:teuthology.orchestra.run.smithi005.stdout:/usr/bin/ceph: stderr
2024-01-24T15:33:35.386+0000 7f71a9800700 1 -- 172.21.15.5:0/1419247983 --> [v2:172.21.15.5:3300/0,v1:172.21.15.5:6789/0] -- mon_command({"prefix": "get_command_descriptions"} v 0) v1 -- 0x7f71a4062370 con 0x7f71a4106630
2024-01-24T15:33:35.995 INFO:teuthology.orchestra.run.smithi005.stdout:/usr/bin/ceph: stderr
2024-01-24T15:33:35.386+0000 7f719b400700 1 -- 172.21.15.5:0/1419247983 <== mon.0 v2:172.21.15.5:3300/0 4 ==== mgrmap(e 5) v1 ==== 45268+0+0 (secure 0 0 0) 0x7f719401b440 con 0x7f71a4106630
2024-01-24T15:33:35.995 INFO:teuthology.orchestra.run.smithi005.stdout:/usr/bin/ceph: stderr
2024-01-24T15:33:35.386+0000 7f719b400700 1 --2- 172.21.15.5:0/1419247983 >> [v2:172.21.15.5:6800/1174207089,v1:172.21.15.5:6801/1174207089] conn(0x7f7184038300 0x7f718403a7c0 unknown :-1 s=NONE pgs=0 cs=0 l=1 rev1=0 crypto rx=0 tx=0 comp rx=0 tx=0).connect
2024-01-24T15:33:35.995 INFO:teuthology.orchestra.run.smithi005.stdout:/usr/bin/ceph: stderr
2024-01-24T15:33:35.386+0000 7f719b400700 1 -- 172.21.15.5:0/1419247983 <== mon.0 v2:172.21.15.5:3300/0 5 ==== osd_map(1..1 src has 1..1) v4 ==== 725+0+0 (secure 0 0 0) 0x7f719404bfe0 con 0x7f71a4106630
2024-01-24T15:33:35.995 INFO:teuthology.orchestra.run.smithi005.stdout:/usr/bin/ceph: stderr
2024-01-24T15:33:35.386+0000 7f71a2000700 1 -- 172.21.15.5:0/1419247983 >> [v2:172.21.15.5:6800/1174207089,v1:172.21.15.5:6801/1174207089] conn(0x7f7184038300 msgr2=0x7f718403a7c0 unknown :-1 s=STATE_CONNECTING_RE l=1).process reconnect failed to v2:172.21.15.5:6800/1174207089
2024-01-24T15:33:35.995 INFO:teuthology.orchestra.run.smithi005.stdout:/usr/bin/ceph: stderr
2024-01-24T15:33:35.386+0000 7f71a2000700 1 --2- 172.21.15.5:0/1419247983 >> [v2:172.21.15.5:6800/1174207089,v1:172.21.15.5:6801/1174207089] conn(0x7f7184038300 0x7f718403a7c0 unknown :-1 s=START_CONNECT pgs=0 cs=0 l=1 rev1=0 crypto rx=0 tx=0 comp rx=0 tx=0)._fault waiting 0.200000
2024-01-24T15:33:35.995 INFO:teuthology.orchestra.run.smithi005.stdout:/usr/bin/ceph: stderr
2024-01-24T15:33:35.391+0000 7f719b400700 1 -- 172.21.15.5:0/1419247983 <== mon.0 v2:172.21.15.5:3300/0 6 ==== mon_command_ack([{"prefix": "get_command_descriptions"}]=0 v0) v1 ==== 72+0+180484 (secure 0 0 0) 0x7f719407f120 con 0x7f71a4106630
2024-01-24T15:33:35.995 INFO:teuthology.orchestra.run.smithi005.stdout:/usr/bin/ceph: stderr
2024-01-24T15:33:35.587+0000 7f71a2000700 1 -- 172.21.15.5:0/1419247983 >> [v2:172.21.15.5:6800/1174207089,v1:172.21.15.5:6801/1174207089] conn(0x7f7184038300 msgr2=0x7f718403a7c0 unknown :-1 s=STATE_CONNECTING_RE l=1).process reconnect failed to v2:172.21.15.5:6800/1174207089
2024-01-24T15:33:35.995 INFO:teuthology.orchestra.run.smithi005.stdout:/usr/bin/ceph: stderr
2024-01-24T15:33:35.587+0000 7f71a2000700 1 --2- 172.21.15.5:0/1419247983 >> [v2:172.21.15.5:6800/1174207089,v1:172.21.15.5:6801/1174207089] conn(0x7f7184038300 0x7f718403a7c0 unknown :-1 s=START_CONNECT pgs=0 cs=0 l=1 rev1=0 crypto rx=0 tx=0 comp rx=0 tx=0)._fault waiting 0.400000
2024-01-24T15:33:35.995 INFO:teuthology.orchestra.run.smithi005.stdout:/usr/bin/ceph: stderr
2024-01-24T15:33:35.664+0000 7f71a9800700 1 -- 172.21.15.5:0/1419247983 --> [v2:172.21.15.5:3300/0,v1:172.21.15.5:6789/0] -- mon_command({"prefix": "mgr stat"} v 0) v1 -- 0x7f71a41a0130 con 0x7f71a4106630
2024-01-24T15:33:35.995 INFO:teuthology.orchestra.run.smithi005.stdout:/usr/bin/ceph: stderr
2024-01-24T15:33:35.664+0000 7f719b400700 1 -- 172.21.15.5:0/1419247983 <== mon.0 v2:172.21.15.5:3300/0 7 ==== mon_command_ack([{"prefix": "mgr stat"}]=0 v5) v1 ==== 56+0+88 (secure 0 0 0) 0x7f719401f020 con 0x7f71a4106630
2024-01-24T15:33:35.995 INFO:teuthology.orchestra.run.smithi005.stdout:/usr/bin/ceph: stderr
2024-01-24T15:33:35.667+0000 7f71a9800700 1 -- 172.21.15.5:0/1419247983 >> [v2:172.21.15.5:6800/1174207089,v1:172.21.15.5:6801/1174207089] conn(0x7f7184038300 msgr2=0x7f718403a7c0 unknown :-1 s=STATE_CONNECTING l=1).mark_down
2024-01-24T15:33:35.995 INFO:teuthology.orchestra.run.smithi005.stdout:/usr/bin/ceph: stderr
2024-01-24T15:33:35.667+0000 7f71a9800700 1 --2- 172.21.15.5:0/1419247983 >> [v2:172.21.15.5:6800/1174207089,v1:172.21.15.5:6801/1174207089] conn(0x7f7184038300 0x7f718403a7c0 unknown :-1 s=START_CONNECT pgs=0 cs=0 l=1 rev1=0 crypto rx=0 tx=0 comp rx=0 tx=0).stop
2024-01-24T15:33:35.995 INFO:teuthology.orchestra.run.smithi005.stdout:/usr/bin/ceph: stderr
2024-01-24T15:33:35.667+0000 7f71a9800700 1 -- 172.21.15.5:0/1419247983 >> [v2:172.21.15.5:3300/0,v1:172.21.15.5:6789/0] conn(0x7f71a4106630 msgr2=0x7f71a419c450 secure :-1 s=STATE_CONNECTION_ESTABLISHED l=1).mark_down
2024-01-24T15:33:35.995 INFO:teuthology.orchestra.run.smithi005.stdout:/usr/bin/ceph: stderr
2024-01-24T15:33:35.667+0000 7f71a9800700 1 --2- 172.21.15.5:0/1419247983 >> [v2:172.21.15.5:3300/0,v1:172.21.15.5:6789/0] conn(0x7f71a4106630 0x7f71a419c450 secure :-1 s=READY pgs=25 cs=0 l=1 rev1=1 crypto rx=0x7f7194000c00 tx=0x7f7194011e70 comp rx=0 tx=0).stop
2024-01-24T15:33:35.996 INFO:teuthology.orchestra.run.smithi005.stdout:/usr/bin/ceph: stderr
2024-01-24T15:33:35.667+0000 7f71a9800700 1 -- 172.21.15.5:0/1419247983 shutdown_connections
2024-01-24T15:33:35.996 INFO:teuthology.orchestra.run.smithi005.stdout:/usr/bin/ceph: stderr
2024-01-24T15:33:35.667+0000 7f71a9800700 1 --2- 172.21.15.5:0/1419247983 >> [v2:172.21.15.5:6800/1174207089,v1:172.21.15.5:6801/1174207089] conn(0x7f7184038300 0x7f718403a7c0 unknown :-1 s=CLOSED pgs=0 cs=0 l=1 rev1=0 crypto rx=0 tx=0 comp rx=0 tx=0).stop
2024-01-24T15:33:35.996 INFO:teuthology.orchestra.run.smithi005.stdout:/usr/bin/ceph: stderr
2024-01-24T15:33:35.667+0000 7f71a9800700 1 --2- 172.21.15.5:0/1419247983 >> [v2:172.21.15.5:3300/0,v1:172.21.15.5:6789/0] conn(0x7f71a4106630 0x7f71a419c450 unknown :-1 s=CLOSED pgs=25 cs=0 l=1 rev1=1 crypto rx=0 tx=0 comp rx=0 tx=0).stop
2024-01-24T15:33:35.996 INFO:teuthology.orchestra.run.smithi005.stdout:/usr/bin/ceph: stderr
2024-01-24T15:33:35.667+0000 7f71a9800700 1 -- 172.21.15.5:0/1419247983 >> 172.21.15.5:0/1419247983 conn(0x7f71a4101c30 msgr2=0x7f71a41029b0 unknown :-1 s=STATE_NONE l=0).mark_down
2024-01-24T15:33:35.996 INFO:teuthology.orchestra.run.smithi005.stdout:/usr/bin/ceph: stderr
2024-01-24T15:33:35.667+0000 7f71a9800700 1 -- 172.21.15.5:0/1419247983 shutdown_connections
2024-01-24T15:33:35.996 INFO:teuthology.orchestra.run.smithi005.stdout:/usr/bin/ceph: stderr
2024-01-24T15:33:35.667+0000 7f71a9800700 1 -- 172.21.15.5:0/1419247983 wait complete.
2024-01-24T15:33:35.996 INFO:teuthology.orchestra.run.smithi005.stdout:Waiting for the mgr to restart...
2024-01-24T15:33:35.996 INFO:teuthology.orchestra.run.smithi005.stdout:Waiting for mgr epoch 5...
2024-01-24T15:33:36.875 INFO:journalctl@ceph.mgr.x.smithi005.stdout:Jan 24 15:33:36 smithi005 ceph-bede0bb6-bacd-11ee-95b1-87774f69a715-mgr-x[35595]:
2024-01-24T15:33:36.571+0000 7f3dfd5ee200 -1 mgr[py] Module orchestrator has missing NOTIFY_TYPES member
2024-01-24T15:33:36.875 INFO:journalctl@ceph.mgr.x.smithi005.stdout:Jan 24 15:33:36 smithi005 ceph-bede0bb6-bacd-11ee-95b1-87774f69a715-mgr-x[35595]:
2024-01-24T15:33:36.873+0000 7f3dfd5ee200 -1 mgr[py] Module nfs has missing NOTIFY_TYPES member
2024-01-24T15:33:37.130 INFO:journalctl@ceph.mgr.x.smithi005.stdout:Jan 24 15:33:36 smithi005 ceph-bede0bb6-bacd-11ee-95b1-87774f69a715-mgr-x[35595]:
2024-01-24T15:33:36.987+0000 7f3dfd5ee200 -1 mgr[py] Module zabbix has missing NOTIFY_TYPES member
2024-01-24T15:33:37.131 INFO:journalctl@ceph.mgr.x.smithi005.stdout:Jan 24 15:33:37 smithi005 ceph-bede0bb6-bacd-11ee-95b1-87774f69a715-mgr-x[35595]:
2024-01-24T15:33:37.129+0000 7f3dfd5ee200 -1 mgr[py] Module rbd_support has missing NOTIFY_TYPES member
2024-01-24T15:33:37.432 INFO:journalctl@ceph.mgr.x.smithi005.stdout:Jan 24 15:33:37 smithi005 ceph-bede0bb6-bacd-11ee-95b1-87774f69a715-mgr-x[35595]:
2024-01-24T15:33:37.329+0000 7f3dfd5ee200 -1 mgr[py] Module status has missing NOTIFY_TYPES member
2024-01-24T15:33:37.932 INFO:journalctl@ceph.mgr.x.smithi005.stdout:Jan 24 15:33:37 smithi005 ceph-bede0bb6-bacd-11ee-95b1-87774f69a715-mgr-x[35595]:
2024-01-24T15:33:37.503+0000 7f3dfd5ee200 -1 mgr[py] Module diskprediction_local has missing NOTIFY_TYPES member
2024-01-24T15:33:37.933 INFO:journalctl@ceph.mgr.x.smithi005.stdout:Jan 24 15:33:37 smithi005 ceph-bede0bb6-bacd-11ee-95b1-87774f69a715-mgr-x[35595]:
2024-01-24T15:33:37.618+0000 7f3dfd5ee200 -1 mgr[py] Module telegraf has missing NOTIFY_TYPES member
2024-01-24T15:33:38.432 INFO:journalctl@ceph.mgr.x.smithi005.stdout:Jan 24 15:33:38 smithi005 ceph-bede0bb6-bacd-11ee-95b1-87774f69a715-mgr-x[35595]:
2024-01-24T15:33:38.094+0000 7f3dfd5ee200 -1 mgr[py] Module influx has missing NOTIFY_TYPES member
2024-01-24T15:33:38.810 INFO:journalctl@ceph.mgr.x.smithi005.stdout:Jan 24 15:33:38 smithi005 ceph-bede0bb6-bacd-11ee-95b1-87774f69a715-mgr-x[35595]:
2024-01-24T15:33:38.447+0000 7f3dfd5ee200 -1 mgr[py] Module pg_autoscaler has missing NOTIFY_TYPES member
2024-01-24T15:33:39.182 INFO:journalctl@ceph.mgr.x.smithi005.stdout:Jan 24 15:33:38 smithi005 ceph-bede0bb6-bacd-11ee-95b1-87774f69a715-mgr-x[35595]:
2024-01-24T15:33:38.808+0000 7f3dfd5ee200 -1 mgr[py] Module rgw has missing NOTIFY_TYPES member
2024-01-24T15:33:39.183 INFO:journalctl@ceph.mgr.x.smithi005.stdout:Jan 24 15:33:38 smithi005 ceph-bede0bb6-bacd-11ee-95b1-87774f69a715-mgr-x[35595]:
2024-01-24T15:33:38.934+0000 7f3dfd5ee200 -1 mgr[py] Module balancer has missing NOTIFY_TYPES member
2024-01-24T15:33:40.182 INFO:journalctl@ceph.mgr.x.smithi005.stdout:Jan 24 15:33:39 smithi005 ceph-bede0bb6-bacd-11ee-95b1-87774f69a715-mgr-x[35595]:
2024-01-24T15:33:39.908+0000 7f3dfd5ee200 -1 mgr[py] Module iostat has missing NOTIFY_TYPES member
2024-01-24T15:33:40.183 INFO:journalctl@ceph.mgr.x.smithi005.stdout:Jan 24 15:33:40 smithi005 ceph-bede0bb6-bacd-11ee-95b1-87774f69a715-mgr-x[35595]:
2024-01-24T15:33:40.035+0000 7f3dfd5ee200 -1 mgr[py] Module snap_schedule has missing NOTIFY_TYPES member
2024-01-24T15:33:40.682 INFO:journalctl@ceph.mgr.x.smithi005.stdout:Jan 24 15:33:40 smithi005 ceph-bede0bb6-bacd-11ee-95b1-87774f69a715-mgr-x[35595]:
2024-01-24T15:33:40.232+0000 7f3dfd5ee200 -1 mgr[py] Module telemetry has missing NOTIFY_TYPES member
2024-01-24T15:33:41.432 INFO:journalctl@ceph.mgr.x.smithi005.stdout:Jan 24 15:33:41 smithi005 ceph-bede0bb6-bacd-11ee-95b1-87774f69a715-mgr-x[35595]:
2024-01-24T15:33:41.062+0000 7f3dfd5ee200 -1 mgr[py] Module rook has missing NOTIFY_TYPES member
2024-01-24T15:33:41.433 INFO:journalctl@ceph.mgr.x.smithi005.stdout:Jan 24 15:33:41 smithi005 ceph-bede0bb6-bacd-11ee-95b1-87774f69a715-mgr-x[35595]:
2024-01-24T15:33:41.306+0000 7f3dfd5ee200 -1 mgr[py] Module selftest has missing NOTIFY_TYPES member
2024-01-24T15:33:41.933 INFO:journalctl@ceph.mgr.x.smithi005.stdout:Jan 24 15:33:41 smithi005 ceph-bede0bb6-bacd-11ee-95b1-87774f69a715-mgr-x[35595]:
2024-01-24T15:33:41.562+0000 7f3dfd5ee200 -1 mgr[py] Module devicehealth has missing NOTIFY_TYPES member
2024-01-24T15:33:43.072 INFO:journalctl@ceph.mgr.x.smithi005.stdout:Jan 24 15:33:42 smithi005 ceph-bede0bb6-bacd-11ee-95b1-87774f69a715-mgr-x[35595]:
2024-01-24T15:33:42.711+0000 7f3dfd5ee200 -1 mgr[py] Module volumes has missing NOTIFY_TYPES member
2024-01-24T15:33:43.432 INFO:journalctl@ceph.mgr.x.smithi005.stdout:Jan 24 15:33:43 smithi005 ceph-bede0bb6-bacd-11ee-95b1-87774f69a715-mgr-x[35595]:
2024-01-24T15:33:43.071+0000 7f3dfd5ee200 -1 mgr[py] Module test_orchestrator has missing NOTIFY_TYPES member
2024-01-24T15:33:43.433 INFO:journalctl@ceph.mgr.x.smithi005.stdout:Jan 24 15:33:43 smithi005 ceph-bede0bb6-bacd-11ee-95b1-87774f69a715-mgr-x[35595]:
2024-01-24T15:33:43.188+0000 7f3dfd5ee200 -1 mgr[py] Module osd_support has missing NOTIFY_TYPES member
2024-01-24T15:33:43.932 INFO:journalctl@ceph.mgr.x.smithi005.stdout:Jan 24 15:33:43 smithi005 ceph-bede0bb6-bacd-11ee-95b1-87774f69a715-mgr-x[35595]:
2024-01-24T15:33:43.444+0000 7f3dfd5ee200 -1 mgr[py] Module crash has missing NOTIFY_TYPES member
2024-01-24T15:33:43.933 INFO:journalctl@ceph.mon.a.smithi005.stdout:Jan 24 15:33:43 smithi005 ceph-mon[35346]: Active manager daemon x restarted
2024-01-24T15:33:43.933 INFO:journalctl@ceph.mon.a.smithi005.stdout:Jan 24 15:33:43 smithi005 ceph-mon[35346]: Activating manager daemon x
2024-01-24T15:33:43.933 INFO:journalctl@ceph.mon.a.smithi005.stdout:Jan 24 15:33:43 smithi005 ceph-mon[35346]: osdmap e2: 0 total, 0 up, 0 in
2024-01-24T15:33:43.933 INFO:journalctl@ceph.mon.a.smithi005.stdout:Jan 24 15:33:43 smithi005 ceph-mon[35346]: mgrmap e6: x(active, starting, since 0.00403466s)
2024-01-24T15:33:43.933 INFO:journalctl@ceph.mon.a.smithi005.stdout:Jan 24 15:33:43 smithi005 ceph-mon[35346]: from='mgr.14118 172.21.15.5:0/4145419000' entity='mgr.x' cmd=[{"prefix": "mon metadata", "id": "a"}]: dispatch
2024-01-24T15:33:43.933 INFO:journalctl@ceph.mon.a.smithi005.stdout:Jan 24 15:33:43 smithi005 ceph-mon[35346]: from='mgr.14118 172.21.15.5:0/4145419000' entity='mgr.x' cmd=[{"prefix": "mgr metadata", "who": "x", "id": "x"}]: dispatch
2024-01-24T15:33:43.933 INFO:journalctl@ceph.mon.a.smithi005.stdout:Jan 24 15:33:43 smithi005 ceph-mon[35346]: from='mgr.14118 172.21.15.5:0/4145419000' entity='mgr.x' cmd=[{"prefix": "mds metadata"}]: dispatch
2024-01-24T15:33:43.933 INFO:journalctl@ceph.mon.a.smithi005.stdout:Jan 24 15:33:43 smithi005 ceph-mon[35346]: from='mgr.14118 172.21.15.5:0/4145419000' entity='mgr.x' cmd=[{"prefix": "osd metadata"}]: dispatch
2024-01-24T15:33:43.933 INFO:journalctl@ceph.mon.a.smithi005.stdout:Jan 24 15:33:43 smithi005 ceph-mon[35346]: from='mgr.14118 172.21.15.5:0/4145419000' entity='mgr.x' cmd=[{"prefix": "mon metadata"}]: dispatch
2024-01-24T15:33:43.933 INFO:journalctl@ceph.mon.a.smithi005.stdout:Jan 24 15:33:43 smithi005 ceph-mon[35346]: Manager daemon x is now available
2024-01-24T15:33:43.934 INFO:journalctl@ceph.mon.a.smithi005.stdout:Jan 24 15:33:43 smithi005 ceph-mon[35346]: from='mgr.14118 172.21.15.5:0/4145419000' entity='mgr.x'
2024-01-24T15:33:43.934 INFO:journalctl@ceph.mon.a.smithi005.stdout:Jan 24 15:33:43 smithi005 ceph-mon[35346]: from='mgr.14118 172.21.15.5:0/4145419000' entity='mgr.x'
2024-01-24T15:33:43.934 INFO:journalctl@ceph.mon.a.smithi005.stdout:Jan 24 15:33:43 smithi005 ceph-mon[35346]: from='mgr.14118 172.21.15.5:0/4145419000' entity='mgr.x' cmd=[{"prefix": "config dump", "format": "json"}]: dispatch
2024-01-24T15:33:43.934 INFO:journalctl@ceph.mon.a.smithi005.stdout:Jan 24 15:33:43 smithi005 ceph-mon[35346]: from='mgr.14118 172.21.15.5:0/4145419000' entity='mgr.x' cmd=[{"prefix": "config dump", "format": "json"}]: dispatch
2024-01-24T15:33:44.789 INFO:teuthology.orchestra.run.smithi005.stdout:/usr/bin/ceph: stdout {
2024-01-24T15:33:44.789 INFO:teuthology.orchestra.run.smithi005.stdout:/usr/bin/ceph: stdout "mgrmap_epoch": 7,
2024-01-24T15:33:44.789 INFO:teuthology.orchestra.run.smithi005.stdout:/usr/bin/ceph: stdout "initialized": true
2024-01-24T15:33:44.790 INFO:teuthology.orchestra.run.smithi005.stdout:/usr/bin/ceph: stdout }
2024-01-24T15:33:44.790 INFO:teuthology.orchestra.run.smithi005.stdout:/usr/bin/ceph: stderr
2024-01-24T15:33:36.397+0000 7f4857000700 1 Processor -- start
2024-01-24T15:33:44.790 INFO:teuthology.orchestra.run.smithi005.stdout:/usr/bin/ceph: stderr
2024-01-24T15:33:36.398+0000 7f4857000700 1 -- start start
2024-01-24T15:33:44.790 INFO:teuthology.orchestra.run.smithi005.stdout:/usr/bin/ceph: stderr
2024-01-24T15:33:36.398+0000 7f4857000700 1 --2- >> [v2:172.21.15.5:3300/0,v1:172.21.15.5:6789/0] conn(0x7f485007ad60 0x7f48500791c0 unknown :-1 s=NONE pgs=0 cs=0 l=0 rev1=0 crypto rx=0 tx=0 comp rx=0 tx=0).connect
2024-01-24T15:33:44.790 INFO:teuthology.orchestra.run.smithi005.stdout:/usr/bin/ceph: stderr
2024-01-24T15:33:36.398+0000 7f4857000700 1 -- --> [v2:172.21.15.5:3300/0,v1:172.21.15.5:6789/0] -- mon_getmap magic: 0 v1 -- 0x7f4850079790 con 0x7f485007ad60
2024-01-24T15:33:44.790 INFO:teuthology.orchestra.run.smithi005.stdout:/usr/bin/ceph: stderr
2024-01-24T15:33:36.398+0000 7f484fe00700 1 --2- >> [v2:172.21.15.5:3300/0,v1:172.21.15.5:6789/0] conn(0x7f485007ad60 0x7f48500791c0 unknown :-1 s=BANNER_CONNECTING pgs=0 cs=0 l=0 rev1=0 crypto rx=0 tx=0 comp rx=0 tx=0)._handle_peer_banner_payload supported=3 required=0
2024-01-24T15:33:44.790 INFO:journalctl@ceph.mon.a.smithi005.stdout:Jan 24 15:33:44 smithi005 ceph-mon[35346]: Found migration_current of "None". Setting to last migration.
2024-01-24T15:33:44.790 INFO:journalctl@ceph.mon.a.smithi005.stdout:Jan 24 15:33:44 smithi005 ceph-mon[35346]: from='mgr.14118 172.21.15.5:0/4145419000' entity='mgr.x' cmd=[{"prefix": "config dump", "format": "json"}]: dispatch
2024-01-24T15:33:44.790 INFO:journalctl@ceph.mon.a.smithi005.stdout:Jan 24 15:33:44 smithi005 ceph-mon[35346]: from='mgr.14118 172.21.15.5:0/4145419000' entity='mgr.x' cmd=[{"prefix":"config rm","who":"mgr","name":"mgr/rbd_support/x/mirror_snapshot_schedule"}]: dispatch
2024-01-24T15:33:44.790 INFO:journalctl@ceph.mon.a.smithi005.stdout:Jan 24 15:33:44 smithi005 ceph-mon[35346]: from='mgr.14118 172.21.15.5:0/4145419000' entity='mgr.x' cmd=[{"prefix":"config rm","who":"mgr","name":"mgr/rbd_support/x/trash_purge_schedule"}]: dispatch
2024-01-24T15:33:44.791 INFO:journalctl@ceph.mon.a.smithi005.stdout:Jan 24 15:33:44 smithi005 ceph-mon[35346]: mgrmap e7: x(active, since 1.00689s)
2024-01-24T15:33:44.797 INFO:teuthology.orchestra.run.smithi005.stdout:/usr/bin/ceph: stderr
2024-01-24T15:33:36.398+0000 7f484fe00700 1 --2- >> [v2:172.21.15.5:3300/0,v1:172.21.15.5:6789/0] conn(0x7f485007ad60 0x7f48500791c0 unknown :-1 s=HELLO_CONNECTING pgs=0 cs=0 l=0 rev1=1 crypto rx=0 tx=0 comp rx=0 tx=0).handle_hello peer v2:172.21.15.5:3300/0 says I am v2:172.21.15.5:56288/0 (socket says 172.21.15.5:56288)
2024-01-24T15:33:44.798 INFO:teuthology.orchestra.run.smithi005.stdout:/usr/bin/ceph: stderr
2024-01-24T15:33:36.398+0000 7f484fe00700 1 -- 172.21.15.5:0/427655103 learned_addr learned my addr 172.21.15.5:0/427655103 (peer_addr_for_me v2:172.21.15.5:0/0)
2024-01-24T15:33:44.798 INFO:teuthology.orchestra.run.smithi005.stdout:/usr/bin/ceph: stderr
2024-01-24T15:33:36.399+0000 7f484fe00700 1 -- 172.21.15.5:0/427655103 --> [v2:172.21.15.5:3300/0,v1:172.21.15.5:6789/0] -- mon_subscribe({config=0+,monmap=0+}) v3 -- 0x7f48500798d0 con 0x7f485007ad60
2024-01-24T15:33:44.798 INFO:teuthology.orchestra.run.smithi005.stdout:/usr/bin/ceph: stderr
2024-01-24T15:33:36.399+0000 7f484fe00700 1 --2- 172.21.15.5:0/427655103 >> [v2:172.21.15.5:3300/0,v1:172.21.15.5:6789/0] conn(0x7f485007ad60 0x7f48500791c0 secure :-1 s=READY pgs=26 cs=0 l=1 rev1=1 crypto rx=0x7f48400098a0 tx=0x7f4840009bb0 comp rx=0 tx=0).ready entity=mon.0 client_cookie=736f9289763e76e6 server_cookie=0 in_seq=0 out_seq=0
2024-01-24T15:33:44.798 INFO:teuthology.orchestra.run.smithi005.stdout:/usr/bin/ceph: stderr
2024-01-24T15:33:36.399+0000 7f484ea00700 1 -- 172.21.15.5:0/427655103 <== mon.0 v2:172.21.15.5:3300/0 1 ==== mon_map magic: 0 v1 ==== 205+0+0 (secure 0 0 0) 0x7f4840004160 con 0x7f485007ad60
2024-01-24T15:33:44.798 INFO:teuthology.orchestra.run.smithi005.stdout:/usr/bin/ceph: stderr
2024-01-24T15:33:36.399+0000 7f484ea00700 1 -- 172.21.15.5:0/427655103 <== mon.0 v2:172.21.15.5:3300/0 2 ==== config(25 keys) v1 ==== 1036+0+0 (secure 0 0 0) 0x7f48400042c0 con 0x7f485007ad60
2024-01-24T15:33:44.798 INFO:teuthology.orchestra.run.smithi005.stdout:/usr/bin/ceph: stderr
2024-01-24T15:33:36.399+0000 7f484ea00700 1 -- 172.21.15.5:0/427655103 <== mon.0 v2:172.21.15.5:3300/0 3 ==== mon_map magic: 0 v1 ==== 205+0+0 (secure 0 0 0) 0x7f4840011940 con 0x7f485007ad60
2024-01-24T15:33:44.798 INFO:teuthology.orchestra.run.smithi005.stdout:/usr/bin/ceph: stderr
2024-01-24T15:33:36.400+0000 7f4857000700 1 -- 172.21.15.5:0/427655103 >> [v2:172.21.15.5:3300/0,v1:172.21.15.5:6789/0] conn(0x7f485007ad60 msgr2=0x7f48500791c0 secure :-1 s=STATE_CONNECTION_ESTABLISHED l=1).mark_down
2024-01-24T15:33:44.798 INFO:teuthology.orchestra.run.smithi005.stdout:/usr/bin/ceph: stderr
2024-01-24T15:33:36.400+0000 7f4857000700 1 --2- 172.21.15.5:0/427655103 >> [v2:172.21.15.5:3300/0,v1:172.21.15.5:6789/0] conn(0x7f485007ad60 0x7f48500791c0 secure :-1 s=READY pgs=26 cs=0 l=1 rev1=1 crypto rx=0x7f48400098a0 tx=0x7f4840009bb0 comp rx=0 tx=0).stop
2024-01-24T15:33:44.798 INFO:teuthology.orchestra.run.smithi005.stdout:/usr/bin/ceph: stderr
2024-01-24T15:33:36.400+0000 7f4857000700 1 -- 172.21.15.5:0/427655103 shutdown_connections
2024-01-24T15:33:44.798 INFO:teuthology.orchestra.run.smithi005.stdout:/usr/bin/ceph: stderr
2024-01-24T15:33:36.400+0000 7f4857000700 1 --2- 172.21.15.5:0/427655103 >> [v2:172.21.15.5:3300/0,v1:172.21.15.5:6789/0] conn(0x7f485007ad60 0x7f48500791c0 unknown :-1 s=CLOSED pgs=26 cs=0 l=1 rev1=1 crypto rx=0 tx=0 comp rx=0 tx=0).stop
2024-01-24T15:33:44.798 INFO:teuthology.orchestra.run.smithi005.stdout:/usr/bin/ceph: stderr
2024-01-24T15:33:36.400+0000 7f4857000700 1 -- 172.21.15.5:0/427655103 >> 172.21.15.5:0/427655103 conn(0x7f4850101c00 msgr2=0x7f4850104020 unknown :-1 s=STATE_NONE l=0).mark_down
2024-01-24T15:33:44.798 INFO:teuthology.orchestra.run.smithi005.stdout:/usr/bin/ceph: stderr
2024-01-24T15:33:36.400+0000 7f4857000700 1 -- 172.21.15.5:0/427655103 shutdown_connections
2024-01-24T15:33:44.798 INFO:teuthology.orchestra.run.smithi005.stdout:/usr/bin/ceph: stderr
2024-01-24T15:33:36.400+0000 7f4857000700 1 -- 172.21.15.5:0/427655103 wait complete.
2024-01-24T15:33:44.799 INFO:teuthology.orchestra.run.smithi005.stdout:/usr/bin/ceph: stderr
2024-01-24T15:33:36.402+0000 7f4857000700 1 Processor -- start
2024-01-24T15:33:44.799 INFO:teuthology.orchestra.run.smithi005.stdout:/usr/bin/ceph: stderr
2024-01-24T15:33:36.402+0000 7f4857000700 1 -- start start
2024-01-24T15:33:44.799 INFO:teuthology.orchestra.run.smithi005.stdout:/usr/bin/ceph: stderr
2024-01-24T15:33:36.402+0000 7f4857000700 1 --2- >> [v2:172.21.15.5:3300/0,v1:172.21.15.5:6789/0] conn(0x7f485007ad60 0x7f485019c400 unknown :-1 s=NONE pgs=0 cs=0 l=1 rev1=0 crypto rx=0 tx=0 comp rx=0 tx=0).connect
2024-01-24T15:33:44.799 INFO:teuthology.orchestra.run.smithi005.stdout:/usr/bin/ceph: stderr
2024-01-24T15:33:36.402+0000 7f4857000700 1 -- --> [v2:172.21.15.5:3300/0,v1:172.21.15.5:6789/0] -- mon_getmap magic: 0 v1 -- 0x7f485019c940 con 0x7f485007ad60
2024-01-24T15:33:44.799 INFO:teuthology.orchestra.run.smithi005.stdout:/usr/bin/ceph: stderr
2024-01-24T15:33:36.403+0000 7f484fe00700 1 --2- >> [v2:172.21.15.5:3300/0,v1:172.21.15.5:6789/0] conn(0x7f485007ad60 0x7f485019c400 unknown :-1 s=BANNER_CONNECTING pgs=0 cs=0 l=1 rev1=0 crypto rx=0 tx=0 comp rx=0 tx=0)._handle_peer_banner_payload supported=3 required=0
2024-01-24T15:33:44.799 INFO:teuthology.orchestra.run.smithi005.stdout:/usr/bin/ceph: stderr
2024-01-24T15:33:36.403+0000 7f484fe00700 1 --2- >> [v2:172.21.15.5:3300/0,v1:172.21.15.5:6789/0] conn(0x7f485007ad60 0x7f485019c400 unknown :-1 s=HELLO_CONNECTING pgs=0 cs=0 l=1 rev1=1 crypto rx=0 tx=0 comp rx=0 tx=0).handle_hello peer v2:172.21.15.5:3300/0 says I am v2:172.21.15.5:56290/0 (socket says 172.21.15.5:56290)
2024-01-24T15:33:44.799 INFO:teuthology.orchestra.run.smithi005.stdout:/usr/bin/ceph: stderr
2024-01-24T15:33:36.403+0000 7f484fe00700 1 -- 172.21.15.5:0/2817907893 learned_addr learned my addr 172.21.15.5:0/2817907893 (peer_addr_for_me v2:172.21.15.5:0/0)
