2024-01-25T14:52:50.464 INFO:journalctl@ceph.mon.a.smithi170.stdout:Jan 25 14:52:50 smithi170 ceph-mon[31899]: mgrmap e9: x(active, since 19s)
2024-01-25T14:52:50.718 INFO:journalctl@ceph.mgr.x.smithi170.stdout:Jan 25 14:52:50 smithi170 ceph-267213a8-bb91-11ee-95b2-87774f69a715-mgr-x[32124]:
2024-01-25T14:52:50.530+0000 7f6600e5b200 -1 mgr[py] Module zabbix has missing NOTIFY_TYPES member
2024-01-25T14:52:50.718 INFO:journalctl@ceph.mgr.x.smithi170.stdout:Jan 25 14:52:50 smithi170 ceph-267213a8-bb91-11ee-95b2-87774f69a715-mgr-x[32124]:
2024-01-25T14:52:50.624+0000 7f6600e5b200 -1 mgr[py] Module balancer has missing NOTIFY_TYPES member
2024-01-25T14:52:50.718 INFO:journalctl@ceph.mgr.x.smithi170.stdout:Jan 25 14:52:50 smithi170 ceph-267213a8-bb91-11ee-95b2-87774f69a715-mgr-x[32124]:
2024-01-25T14:52:50.716+0000 7f6600e5b200 -1 mgr[py] Module influx has missing NOTIFY_TYPES member
2024-01-25T14:52:51.060 INFO:journalctl@ceph.mgr.x.smithi170.stdout:Jan 25 14:52:50 smithi170 ceph-267213a8-bb91-11ee-95b2-87774f69a715-mgr-x[32124]:
2024-01-25T14:52:50.873+0000 7f6600e5b200 -1 mgr[py] Module alerts has missing NOTIFY_TYPES member
2024-01-25T14:52:51.060 INFO:journalctl@ceph.mgr.x.smithi170.stdout:Jan 25 14:52:50 smithi170 ceph-267213a8-bb91-11ee-95b2-87774f69a715-mgr-x[32124]:
2024-01-25T14:52:50.959+0000 7f6600e5b200 -1 mgr[py] Module iostat has missing NOTIFY_TYPES member
2024-01-25T14:52:51.326 INFO:journalctl@ceph.mon.a.smithi170.stdout:Jan 25 14:52:51 smithi170 ceph-mon[31899]: from='client.? 172.21.15.170:0/4104309945' entity='client.admin' cmd=[{"prefix": "mgr stat"}]: dispatch
2024-01-25T14:52:51.327 INFO:journalctl@ceph.mgr.x.smithi170.stdout:Jan 25 14:52:51 smithi170 ceph-267213a8-bb91-11ee-95b2-87774f69a715-mgr-x[32124]:
2024-01-25T14:52:51.141+0000 7f6600e5b200 -1 mgr[py] Module rgw has missing NOTIFY_TYPES member
2024-01-25T14:52:51.598 INFO:journalctl@ceph.mgr.x.smithi170.stdout:Jan 25 14:52:51 smithi170 ceph-267213a8-bb91-11ee-95b2-87774f69a715-mgr-x[32124]:
2024-01-25T14:52:51.325+0000 7f6600e5b200 -1 mgr[py] Module rbd_support has missing NOTIFY_TYPES member
2024-01-25T14:52:51.598 INFO:journalctl@ceph.mgr.x.smithi170.stdout:Jan 25 14:52:51 smithi170 ceph-267213a8-bb91-11ee-95b2-87774f69a715-mgr-x[32124]:
2024-01-25T14:52:51.414+0000 7f6600e5b200 -1 mgr[py] Module progress has missing NOTIFY_TYPES member
2024-01-25T14:52:51.598 INFO:journalctl@ceph.mgr.x.smithi170.stdout:Jan 25 14:52:51 smithi170 ceph-267213a8-bb91-11ee-95b2-87774f69a715-mgr-x[32124]:
2024-01-25T14:52:51.508+0000 7f6600e5b200 -1 mgr[py] Module pg_autoscaler has missing NOTIFY_TYPES member
2024-01-25T14:52:51.873 INFO:journalctl@ceph.mgr.x.smithi170.stdout:Jan 25 14:52:51 smithi170 ceph-267213a8-bb91-11ee-95b2-87774f69a715-mgr-x[32124]:
2024-01-25T14:52:51.597+0000 7f6600e5b200 -1 mgr[py] Module devicehealth has missing NOTIFY_TYPES member
2024-01-25T14:52:51.882 INFO:teuthology.orchestra.run.smithi170.stdout:/usr/bin/ceph: stdout {
2024-01-25T14:52:51.882 INFO:teuthology.orchestra.run.smithi170.stdout:/usr/bin/ceph: stdout "epoch": 9,
2024-01-25T14:52:51.882 INFO:teuthology.orchestra.run.smithi170.stdout:/usr/bin/ceph: stdout "available": true,
2024-01-25T14:52:51.882 INFO:teuthology.orchestra.run.smithi170.stdout:/usr/bin/ceph: stdout "active_name": "x",
2024-01-25T14:52:51.882 INFO:teuthology.orchestra.run.smithi170.stdout:/usr/bin/ceph: stdout "num_standby": 0
2024-01-25T14:52:51.882 INFO:teuthology.orchestra.run.smithi170.stdout:/usr/bin/ceph: stdout }
2024-01-25T14:52:51.882 INFO:teuthology.orchestra.run.smithi170.stdout:/usr/bin/ceph: stderr
2024-01-25T14:52:50.673+0000 7f1acf50b700 1 Processor -- start
2024-01-25T14:52:51.883 INFO:teuthology.orchestra.run.smithi170.stdout:/usr/bin/ceph: stderr
2024-01-25T14:52:50.673+0000 7f1acf50b700 1 -- start start
2024-01-25T14:52:51.883 INFO:teuthology.orchestra.run.smithi170.stdout:/usr/bin/ceph: stderr
2024-01-25T14:52:50.673+0000 7f1acf50b700 1 --2- >> [v2:172.21.15.170:3300/0,v1:172.21.15.170:6789/0] conn(0x7f1ac8107bb0 0x7f1ac8109fa0 unknown :-1 s=NONE pgs=0 cs=0 l=0 rev1=0 crypto rx=0 tx=0 comp rx=0 tx=0).connect
2024-01-25T14:52:51.883 INFO:teuthology.orchestra.run.smithi170.stdout:/usr/bin/ceph: stderr
2024-01-25T14:52:50.673+0000 7f1acf50b700 1 -- --> [v2:172.21.15.170:3300/0,v1:172.21.15.170:6789/0] -- mon_getmap magic: 0 v1 -- 0x7f1ac807ae70 con 0x7f1ac8107bb0
2024-01-25T14:52:51.883 INFO:teuthology.orchestra.run.smithi170.stdout:/usr/bin/ceph: stderr
2024-01-25T14:52:50.674+0000 7f1acd2a7700 1 --2- >> [v2:172.21.15.170:3300/0,v1:172.21.15.170:6789/0] conn(0x7f1ac8107bb0 0x7f1ac8109fa0 unknown :-1 s=BANNER_CONNECTING pgs=0 cs=0 l=0 rev1=0 crypto rx=0 tx=0 comp rx=0 tx=0)._handle_peer_banner_payload supported=3 required=0
2024-01-25T14:52:51.883 INFO:teuthology.orchestra.run.smithi170.stdout:/usr/bin/ceph: stderr
2024-01-25T14:52:50.674+0000 7f1acd2a7700 1 --2- >> [v2:172.21.15.170:3300/0,v1:172.21.15.170:6789/0] conn(0x7f1ac8107bb0 0x7f1ac8109fa0 unknown :-1 s=HELLO_CONNECTING pgs=0 cs=0 l=0 rev1=1 crypto rx=0 tx=0 comp rx=0 tx=0).handle_hello peer v2:172.21.15.170:3300/0 says I am v2:172.21.15.170:44450/0 (socket says 172.21.15.170:44450)
2024-01-25T14:52:51.883 INFO:teuthology.orchestra.run.smithi170.stdout:/usr/bin/ceph: stderr
2024-01-25T14:52:50.674+0000 7f1acd2a7700 1 -- 172.21.15.170:0/1451069344 learned_addr learned my addr 172.21.15.170:0/1451069344 (peer_addr_for_me v2:172.21.15.170:0/0)
2024-01-25T14:52:51.883 INFO:teuthology.orchestra.run.smithi170.stdout:/usr/bin/ceph: stderr
2024-01-25T14:52:50.674+0000 7f1acd2a7700 1 -- 172.21.15.170:0/1451069344 --> [v2:172.21.15.170:3300/0,v1:172.21.15.170:6789/0] -- mon_subscribe({config=0+,monmap=0+}) v3 -- 0x7f1ac810a4e0 con 0x7f1ac8107bb0
2024-01-25T14:52:51.883 INFO:teuthology.orchestra.run.smithi170.stdout:/usr/bin/ceph: stderr
2024-01-25T14:52:50.674+0000 7f1acd2a7700 1 --2- 172.21.15.170:0/1451069344 >> [v2:172.21.15.170:3300/0,v1:172.21.15.170:6789/0] conn(0x7f1ac8107bb0 0x7f1ac8109fa0 secure :-1 s=READY pgs=59 cs=0 l=1 rev1=1 crypto rx=0x7f1ac40098a0 tx=0x7f1ac4009bb0 comp rx=0 tx=0).ready entity=mon.0 client_cookie=5deeaed6ca77f619 server_cookie=0 in_seq=0 out_seq=0
2024-01-25T14:52:51.883 INFO:teuthology.orchestra.run.smithi170.stdout:/usr/bin/ceph: stderr
2024-01-25T14:52:50.674+0000 7f1abffff700 1 -- 172.21.15.170:0/1451069344 <== mon.0 v2:172.21.15.170:3300/0 1 ==== mon_map magic: 0 v1 ==== 205+0+0 (secure 0 0 0) 0x7f1ac4004160 con 0x7f1ac8107bb0
2024-01-25T14:52:51.883 INFO:teuthology.orchestra.run.smithi170.stdout:/usr/bin/ceph: stderr
2024-01-25T14:52:50.674+0000 7f1abffff700 1 -- 172.21.15.170:0/1451069344 <== mon.0 v2:172.21.15.170:3300/0 2 ==== config(26 keys) v1 ==== 1105+0+0 (secure 0 0 0) 0x7f1ac40042c0 con 0x7f1ac8107bb0
2024-01-25T14:52:51.883 INFO:teuthology.orchestra.run.smithi170.stdout:/usr/bin/ceph: stderr
2024-01-25T14:52:50.674+0000 7f1abffff700 1 -- 172.21.15.170:0/1451069344 <== mon.0 v2:172.21.15.170:3300/0 3 ==== mon_map magic: 0 v1 ==== 205+0+0 (secure 0 0 0) 0x7f1ac40119b0 con 0x7f1ac8107bb0
2024-01-25T14:52:51.883 INFO:teuthology.orchestra.run.smithi170.stdout:/usr/bin/ceph: stderr
2024-01-25T14:52:50.675+0000 7f1acf50b700 1 -- 172.21.15.170:0/1451069344 >> [v2:172.21.15.170:3300/0,v1:172.21.15.170:6789/0] conn(0x7f1ac8107bb0 msgr2=0x7f1ac8109fa0 secure :-1 s=STATE_CONNECTION_ESTABLISHED l=1).mark_down
2024-01-25T14:52:51.883 INFO:teuthology.orchestra.run.smithi170.stdout:/usr/bin/ceph: stderr
2024-01-25T14:52:50.675+0000 7f1acf50b700 1 --2- 172.21.15.170:0/1451069344 >> [v2:172.21.15.170:3300/0,v1:172.21.15.170:6789/0] conn(0x7f1ac8107bb0 0x7f1ac8109fa0 secure :-1 s=READY pgs=59 cs=0 l=1 rev1=1 crypto rx=0x7f1ac40098a0 tx=0x7f1ac4009bb0 comp rx=0 tx=0).stop
2024-01-25T14:52:51.884 INFO:teuthology.orchestra.run.smithi170.stdout:/usr/bin/ceph: stderr
2024-01-25T14:52:50.675+0000 7f1acf50b700 1 -- 172.21.15.170:0/1451069344 shutdown_connections
2024-01-25T14:52:51.884 INFO:teuthology.orchestra.run.smithi170.stdout:/usr/bin/ceph: stderr
2024-01-25T14:52:50.675+0000 7f1acf50b700 1 --2- 172.21.15.170:0/1451069344 >> [v2:172.21.15.170:3300/0,v1:172.21.15.170:6789/0] conn(0x7f1ac8107bb0 0x7f1ac8109fa0 unknown :-1 s=CLOSED pgs=59 cs=0 l=1 rev1=1 crypto rx=0 tx=0 comp rx=0 tx=0).stop
2024-01-25T14:52:51.884 INFO:teuthology.orchestra.run.smithi170.stdout:/usr/bin/ceph: stderr
2024-01-25T14:52:50.675+0000 7f1acf50b700 1 -- 172.21.15.170:0/1451069344 >> 172.21.15.170:0/1451069344 conn(0x7f1ac81015e0 msgr2=0x7f1ac8103a00 unknown :-1 s=STATE_NONE l=0).mark_down
2024-01-25T14:52:51.884 INFO:teuthology.orchestra.run.smithi170.stdout:/usr/bin/ceph: stderr
2024-01-25T14:52:50.675+0000 7f1acf50b700 1 -- 172.21.15.170:0/1451069344 shutdown_connections
2024-01-25T14:52:51.884 INFO:teuthology.orchestra.run.smithi170.stdout:/usr/bin/ceph: stderr
2024-01-25T14:52:50.675+0000 7f1acf50b700 1 -- 172.21.15.170:0/1451069344 wait complete.
2024-01-25T14:52:51.884 INFO:teuthology.orchestra.run.smithi170.stdout:/usr/bin/ceph: stderr
2024-01-25T14:52:50.676+0000 7f1acf50b700 1 Processor -- start
2024-01-25T14:52:51.884 INFO:teuthology.orchestra.run.smithi170.stdout:/usr/bin/ceph: stderr
2024-01-25T14:52:50.676+0000 7f1acf50b700 1 -- start start
2024-01-25T14:52:51.884 INFO:teuthology.orchestra.run.smithi170.stdout:/usr/bin/ceph: stderr
2024-01-25T14:52:50.676+0000 7f1acf50b700 1 --2- >> [v2:172.21.15.170:3300/0,v1:172.21.15.170:6789/0] conn(0x7f1ac8107bb0 0x7f1ac819ae60 unknown :-1 s=NONE pgs=0 cs=0 l=1 rev1=0 crypto rx=0 tx=0 comp rx=0 tx=0).connect
2024-01-25T14:52:51.884 INFO:teuthology.orchestra.run.smithi170.stdout:/usr/bin/ceph: stderr
2024-01-25T14:52:50.676+0000 7f1acf50b700 1 -- --> [v2:172.21.15.170:3300/0,v1:172.21.15.170:6789/0] -- mon_getmap magic: 0 v1 -- 0x7f1ac819b3a0 con 0x7f1ac8107bb0
2024-01-25T14:52:51.884 INFO:teuthology.orchestra.run.smithi170.stdout:/usr/bin/ceph: stderr
2024-01-25T14:52:50.676+0000 7f1acd2a7700 1 --2- >> [v2:172.21.15.170:3300/0,v1:172.21.15.170:6789/0] conn(0x7f1ac8107bb0 0x7f1ac819ae60 unknown :-1 s=BANNER_CONNECTING pgs=0 cs=0 l=1 rev1=0 crypto rx=0 tx=0 comp rx=0 tx=0)._handle_peer_banner_payload supported=3 required=0
2024-01-25T14:52:51.884 INFO:teuthology.orchestra.run.smithi170.stdout:/usr/bin/ceph: stderr
2024-01-25T14:52:50.676+0000 7f1acd2a7700 1 --2- >> [v2:172.21.15.170:3300/0,v1:172.21.15.170:6789/0] conn(0x7f1ac8107bb0 0x7f1ac819ae60 unknown :-1 s=HELLO_CONNECTING pgs=0 cs=0 l=1 rev1=1 crypto rx=0 tx=0 comp rx=0 tx=0).handle_hello peer v2:172.21.15.170:3300/0 says I am v2:172.21.15.170:44464/0 (socket says 172.21.15.170:44464)
2024-01-25T14:52:51.884 INFO:teuthology.orchestra.run.smithi170.stdout:/usr/bin/ceph: stderr
2024-01-25T14:52:50.676+0000 7f1acd2a7700 1 -- 172.21.15.170:0/4104309945 learned_addr learned my addr 172.21.15.170:0/4104309945 (peer_addr_for_me v2:172.21.15.170:0/0)
2024-01-25T14:52:51.885 INFO:teuthology.orchestra.run.smithi170.stdout:/usr/bin/ceph: stderr
2024-01-25T14:52:50.677+0000 7f1acd2a7700 1 -- 172.21.15.170:0/4104309945 --> [v2:172.21.15.170:3300/0,v1:172.21.15.170:6789/0] -- mon_subscribe({config=0+,monmap=0+}) v3 -- 0x7f1ac4009550 con 0x7f1ac8107bb0
2024-01-25T14:52:51.885 INFO:teuthology.orchestra.run.smithi170.stdout:/usr/bin/ceph: stderr
2024-01-25T14:52:50.677+0000 7f1acd2a7700 1 --2- 172.21.15.170:0/4104309945 >> [v2:172.21.15.170:3300/0,v1:172.21.15.170:6789/0] conn(0x7f1ac8107bb0 0x7f1ac819ae60 secure :-1 s=READY pgs=60 cs=0 l=1 rev1=1 crypto rx=0x7f1ac4006af0 tx=0x7f1ac4011a10 comp rx=0 tx=0).ready entity=mon.0 client_cookie=0 server_cookie=0 in_seq=0 out_seq=0
2024-01-25T14:52:51.885 INFO:teuthology.orchestra.run.smithi170.stdout:/usr/bin/ceph: stderr
2024-01-25T14:52:50.677+0000 7f1abe7fc700 1 -- 172.21.15.170:0/4104309945 <== mon.0 v2:172.21.15.170:3300/0 1 ==== mon_map magic: 0 v1 ==== 205+0+0 (secure 0 0 0) 0x7f1ac4003a40 con 0x7f1ac8107bb0
2024-01-25T14:52:51.885 INFO:teuthology.orchestra.run.smithi170.stdout:/usr/bin/ceph: stderr
2024-01-25T14:52:50.677+0000 7f1abe7fc700 1 -- 172.21.15.170:0/4104309945 <== mon.0 v2:172.21.15.170:3300/0 2 ==== config(26 keys) v1 ==== 1105+0+0 (secure 0 0 0) 0x7f1ac4003ba0 con 0x7f1ac8107bb0
2024-01-25T14:52:51.885 INFO:teuthology.orchestra.run.smithi170.stdout:/usr/bin/ceph: stderr
2024-01-25T14:52:50.677+0000 7f1acf50b700 1 -- 172.21.15.170:0/4104309945 --> [v2:172.21.15.170:3300/0,v1:172.21.15.170:6789/0] -- mon_subscribe({mgrmap=0+}) v3 -- 0x7f1ac819b5a0 con 0x7f1ac8107bb0
2024-01-25T14:52:51.885 INFO:teuthology.orchestra.run.smithi170.stdout:/usr/bin/ceph: stderr
2024-01-25T14:52:50.677+0000 7f1abe7fc700 1 -- 172.21.15.170:0/4104309945 <== mon.0 v2:172.21.15.170:3300/0 3 ==== mon_map magic: 0 v1 ==== 205+0+0 (secure 0 0 0) 0x7f1ac40196c0 con 0x7f1ac8107bb0
2024-01-25T14:52:51.885 INFO:teuthology.orchestra.run.smithi170.stdout:/usr/bin/ceph: stderr
2024-01-25T14:52:50.677+0000 7f1acf50b700 1 -- 172.21.15.170:0/4104309945 --> [v2:172.21.15.170:3300/0,v1:172.21.15.170:6789/0] -- mon_subscribe({osdmap=0}) v3 -- 0x7f1ac819ba40 con 0x7f1ac8107bb0
2024-01-25T14:52:51.885 INFO:teuthology.orchestra.run.smithi170.stdout:/usr/bin/ceph: stderr
2024-01-25T14:52:50.678+0000 7f1acf50b700 1 -- 172.21.15.170:0/4104309945 --> [v2:172.21.15.170:3300/0,v1:172.21.15.170:6789/0] -- mon_command({"prefix": "get_command_descriptions"} v 0) v1 -- 0x7f1ac810b2c0 con 0x7f1ac8107bb0
2024-01-25T14:52:51.885 INFO:teuthology.orchestra.run.smithi170.stdout:/usr/bin/ceph: stderr
2024-01-25T14:52:50.678+0000 7f1abe7fc700 1 -- 172.21.15.170:0/4104309945 <== mon.0 v2:172.21.15.170:3300/0 4 ==== mgrmap(e 9) v1 ==== 45654+0+0 (secure 0 0 0) 0x7f1ac401aa80 con 0x7f1ac8107bb0
2024-01-25T14:52:51.885 INFO:teuthology.orchestra.run.smithi170.stdout:/usr/bin/ceph: stderr
2024-01-25T14:52:50.678+0000 7f1abe7fc700 1 --2- 172.21.15.170:0/4104309945 >> [v2:172.21.15.170:6800/358194066,v1:172.21.15.170:6801/358194066] conn(0x7f1ab4038aa0 0x7f1ab403af60 unknown :-1 s=NONE pgs=0 cs=0 l=1 rev1=0 crypto rx=0 tx=0 comp rx=0 tx=0).connect
2024-01-25T14:52:51.885 INFO:teuthology.orchestra.run.smithi170.stdout:/usr/bin/ceph: stderr
2024-01-25T14:52:50.678+0000 7f1abe7fc700 1 -- 172.21.15.170:0/4104309945 <== mon.0 v2:172.21.15.170:3300/0 5 ==== osd_map(2..2 src has 1..2) v4 ==== 940+0+0 (secure 0 0 0) 0x7f1ac404ca30 con 0x7f1ac8107bb0
2024-01-25T14:52:51.885 INFO:teuthology.orchestra.run.smithi170.stdout:/usr/bin/ceph: stderr
2024-01-25T14:52:50.678+0000 7f1accaa6700 1 -- 172.21.15.170:0/4104309945 >> [v2:172.21.15.170:6800/358194066,v1:172.21.15.170:6801/358194066] conn(0x7f1ab4038aa0 msgr2=0x7f1ab403af60 unknown :-1 s=STATE_CONNECTING_RE l=1).process reconnect failed to v2:172.21.15.170:6800/358194066
2024-01-25T14:52:51.885 INFO:teuthology.orchestra.run.smithi170.stdout:/usr/bin/ceph: stderr
2024-01-25T14:52:50.678+0000 7f1accaa6700 1 --2- 172.21.15.170:0/4104309945 >> [v2:172.21.15.170:6800/358194066,v1:172.21.15.170:6801/358194066] conn(0x7f1ab4038aa0 0x7f1ab403af60 unknown :-1 s=START_CONNECT pgs=0 cs=0 l=1 rev1=0 crypto rx=0 tx=0 comp rx=0 tx=0)._fault waiting 0.200000
2024-01-25T14:52:51.886 INFO:teuthology.orchestra.run.smithi170.stdout:/usr/bin/ceph: stderr
2024-01-25T14:52:50.683+0000 7f1abe7fc700 1 -- 172.21.15.170:0/4104309945 <== mon.0 v2:172.21.15.170:3300/0 6 ==== mon_command_ack([{"prefix": "get_command_descriptions"}]=0 v0) v1 ==== 72+0+181732 (secure 0 0 0) 0x7f1ac401a430 con 0x7f1ac8107bb0
2024-01-25T14:52:51.886 INFO:teuthology.orchestra.run.smithi170.stdout:/usr/bin/ceph: stderr
2024-01-25T14:52:50.879+0000 7f1accaa6700 1 -- 172.21.15.170:0/4104309945 >> [v2:172.21.15.170:6800/358194066,v1:172.21.15.170:6801/358194066] conn(0x7f1ab4038aa0 msgr2=0x7f1ab403af60 unknown :-1 s=STATE_CONNECTING_RE l=1).process reconnect failed to v2:172.21.15.170:6800/358194066
2024-01-25T14:52:51.886 INFO:teuthology.orchestra.run.smithi170.stdout:/usr/bin/ceph: stderr
2024-01-25T14:52:50.879+0000 7f1accaa6700 1 --2- 172.21.15.170:0/4104309945 >> [v2:172.21.15.170:6800/358194066,v1:172.21.15.170:6801/358194066] conn(0x7f1ab4038aa0 0x7f1ab403af60 unknown :-1 s=START_CONNECT pgs=0 cs=0 l=1 rev1=0 crypto rx=0 tx=0 comp rx=0 tx=0)._fault waiting 0.400000
2024-01-25T14:52:51.886 INFO:teuthology.orchestra.run.smithi170.stdout:/usr/bin/ceph: stderr
2024-01-25T14:52:50.941+0000 7f1acf50b700 1 -- 172.21.15.170:0/4104309945 --> [v2:172.21.15.170:3300/0,v1:172.21.15.170:6789/0] -- mon_command({"prefix": "mgr stat"} v 0) v1 -- 0x7f1ac819e2d0 con 0x7f1ac8107bb0
2024-01-25T14:52:51.886 INFO:teuthology.orchestra.run.smithi170.stdout:/usr/bin/ceph: stderr
2024-01-25T14:52:50.942+0000 7f1abe7fc700 1 -- 172.21.15.170:0/4104309945 <== mon.0 v2:172.21.15.170:3300/0 7 ==== mon_command_ack([{"prefix": "mgr stat"}]=0 v9) v1 ==== 56+0+88 (secure 0 0 0) 0x7f1ac400b3e0 con 0x7f1ac8107bb0
2024-01-25T14:52:51.886 INFO:teuthology.orchestra.run.smithi170.stdout:/usr/bin/ceph: stderr
2024-01-25T14:52:50.944+0000 7f1acf50b700 1 -- 172.21.15.170:0/4104309945 >> [v2:172.21.15.170:6800/358194066,v1:172.21.15.170:6801/358194066] conn(0x7f1ab4038aa0 msgr2=0x7f1ab403af60 unknown :-1 s=STATE_CONNECTING l=1).mark_down
2024-01-25T14:52:51.886 INFO:teuthology.orchestra.run.smithi170.stdout:/usr/bin/ceph: stderr
2024-01-25T14:52:50.944+0000 7f1acf50b700 1 --2- 172.21.15.170:0/4104309945 >> [v2:172.21.15.170:6800/358194066,v1:172.21.15.170:6801/358194066] conn(0x7f1ab4038aa0 0x7f1ab403af60 unknown :-1 s=START_CONNECT pgs=0 cs=0 l=1 rev1=0 crypto rx=0 tx=0 comp rx=0 tx=0).stop
2024-01-25T14:52:51.886 INFO:teuthology.orchestra.run.smithi170.stdout:/usr/bin/ceph: stderr
2024-01-25T14:52:50.944+0000 7f1acf50b700 1 -- 172.21.15.170:0/4104309945 >> [v2:172.21.15.170:3300/0,v1:172.21.15.170:6789/0] conn(0x7f1ac8107bb0 msgr2=0x7f1ac819ae60 secure :-1 s=STATE_CONNECTION_ESTABLISHED l=1).mark_down
2024-01-25T14:52:51.886 INFO:teuthology.orchestra.run.smithi170.stdout:/usr/bin/ceph: stderr
2024-01-25T14:52:50.944+0000 7f1acf50b700 1 --2- 172.21.15.170:0/4104309945 >> [v2:172.21.15.170:3300/0,v1:172.21.15.170:6789/0] conn(0x7f1ac8107bb0 0x7f1ac819ae60 secure :-1 s=READY pgs=60 cs=0 l=1 rev1=1 crypto rx=0x7f1ac4006af0 tx=0x7f1ac4011a10 comp rx=0 tx=0).stop
2024-01-25T14:52:51.886 INFO:teuthology.orchestra.run.smithi170.stdout:/usr/bin/ceph: stderr
2024-01-25T14:52:50.944+0000 7f1acf50b700 1 -- 172.21.15.170:0/4104309945 shutdown_connections
2024-01-25T14:52:51.886 INFO:teuthology.orchestra.run.smithi170.stdout:/usr/bin/ceph: stderr
2024-01-25T14:52:50.944+0000 7f1acf50b700 1 --2- 172.21.15.170:0/4104309945 >> [v2:172.21.15.170:6800/358194066,v1:172.21.15.170:6801/358194066] conn(0x7f1ab4038aa0 0x7f1ab403af60 unknown :-1 s=CLOSED pgs=0 cs=0 l=1 rev1=0 crypto rx=0 tx=0 comp rx=0 tx=0).stop
2024-01-25T14:52:51.886 INFO:teuthology.orchestra.run.smithi170.stdout:/usr/bin/ceph: stderr
2024-01-25T14:52:50.944+0000 7f1acf50b700 1 --2- 172.21.15.170:0/4104309945 >> [v2:172.21.15.170:3300/0,v1:172.21.15.170:6789/0] conn(0x7f1ac8107bb0 0x7f1ac819ae60 unknown :-1 s=CLOSED pgs=60 cs=0 l=1 rev1=1 crypto rx=0 tx=0 comp rx=0 tx=0).stop
2024-01-25T14:52:51.886 INFO:teuthology.orchestra.run.smithi170.stdout:/usr/bin/ceph: stderr
2024-01-25T14:52:50.944+0000 7f1acf50b700 1 -- 172.21.15.170:0/4104309945 >> 172.21.15.170:0/4104309945 conn(0x7f1ac81015e0 msgr2=0x7f1ac8102170 unknown :-1 s=STATE_NONE l=0).mark_down
2024-01-25T14:52:51.886 INFO:teuthology.orchestra.run.smithi170.stdout:/usr/bin/ceph: stderr
2024-01-25T14:52:50.944+0000 7f1acf50b700 1 -- 172.21.15.170:0/4104309945 shutdown_connections
2024-01-25T14:52:51.887 INFO:teuthology.orchestra.run.smithi170.stdout:/usr/bin/ceph: stderr
2024-01-25T14:52:50.944+0000 7f1acf50b700 1 -- 172.21.15.170:0/4104309945 wait complete.
2024-01-25T14:52:51.887 INFO:teuthology.orchestra.run.smithi170.stdout:Waiting for the mgr to restart...
2024-01-25T14:52:51.887 INFO:teuthology.orchestra.run.smithi170.stdout:Waiting for mgr epoch 9...
2024-01-25T14:52:52.801 INFO:journalctl@ceph.mgr.x.smithi170.stdout:Jan 25 14:52:52 smithi170 ceph-267213a8-bb91-11ee-95b2-87774f69a715-mgr-x[32124]:
2024-01-25T14:52:52.669+0000 7f6600e5b200 -1 mgr[py] Module rook has missing NOTIFY_TYPES member
2024-01-25T14:52:52.801 INFO:journalctl@ceph.mgr.x.smithi170.stdout:Jan 25 14:52:52 smithi170 ceph-267213a8-bb91-11ee-95b2-87774f69a715-mgr-x[32124]:
2024-01-25T14:52:52.800+0000 7f6600e5b200 -1 mgr[py] Module diskprediction_local has missing NOTIFY_TYPES member
2024-01-25T14:52:53.124 INFO:journalctl@ceph.mgr.x.smithi170.stdout:Jan 25 14:52:52 smithi170 ceph-267213a8-bb91-11ee-95b2-87774f69a715-mgr-x[32124]:
2024-01-25T14:52:52.996+0000 7f6600e5b200 -1 mgr[py] Module selftest has missing NOTIFY_TYPES member
2024-01-25T14:52:53.612 INFO:journalctl@ceph.mgr.x.smithi170.stdout:Jan 25 14:52:53 smithi170 ceph-267213a8-bb91-11ee-95b2-87774f69a715-mgr-x[32124]:
2024-01-25T14:52:53.238+0000 7f6600e5b200 -1 mgr[py] Module telegraf has missing NOTIFY_TYPES member
2024-01-25T14:52:53.613 INFO:journalctl@ceph.mgr.x.smithi170.stdout:Jan 25 14:52:53 smithi170 ceph-267213a8-bb91-11ee-95b2-87774f69a715-mgr-x[32124]:
2024-01-25T14:52:53.423+0000 7f6600e5b200 -1 mgr[py] Module test_orchestrator has missing NOTIFY_TYPES member
2024-01-25T14:52:53.613 INFO:journalctl@ceph.mgr.x.smithi170.stdout:Jan 25 14:52:53 smithi170 ceph-267213a8-bb91-11ee-95b2-87774f69a715-mgr-x[32124]:
2024-01-25T14:52:53.611+0000 7f6600e5b200 -1 mgr[py] Module crash has missing NOTIFY_TYPES member
2024-01-25T14:52:54.374 INFO:journalctl@ceph.mgr.x.smithi170.stdout:Jan 25 14:52:53 smithi170 ceph-267213a8-bb91-11ee-95b2-87774f69a715-mgr-x[32124]:
2024-01-25T14:52:53.886+0000 7f6600e5b200 -1 mgr[py] Module orchestrator has missing NOTIFY_TYPES member
2024-01-25T14:52:54.374 INFO:journalctl@ceph.mgr.x.smithi170.stdout:Jan 25 14:52:53 smithi170 ceph-267213a8-bb91-11ee-95b2-87774f69a715-mgr-x[32124]:
2024-01-25T14:52:53.973+0000 7f6600e5b200 -1 mgr[py] Module osd_support has missing NOTIFY_TYPES member
2024-01-25T14:52:54.874 INFO:journalctl@ceph.mgr.x.smithi170.stdout:Jan 25 14:52:54 smithi170 ceph-267213a8-bb91-11ee-95b2-87774f69a715-mgr-x[32124]:
2024-01-25T14:52:54.398+0000 7f6600e5b200 -1 mgr[py] Module volumes has missing NOTIFY_TYPES member
2024-01-25T14:52:55.624 INFO:journalctl@ceph.mgr.x.smithi170.stdout:Jan 25 14:52:55 smithi170 ceph-267213a8-bb91-11ee-95b2-87774f69a715-mgr-x[32124]:
2024-01-25T14:52:55.189+0000 7f6600e5b200 -1 mgr[py] Module telemetry has missing NOTIFY_TYPES member
2024-01-25T14:52:56.079 INFO:journalctl@ceph.mgr.x.smithi170.stdout:Jan 25 14:52:55 smithi170 ceph-267213a8-bb91-11ee-95b2-87774f69a715-mgr-x[32124]:
2024-01-25T14:52:55.773+0000 7f6600e5b200 -1 mgr[py] Module prometheus has missing NOTIFY_TYPES member
2024-01-25T14:52:56.080 INFO:journalctl@ceph.mgr.x.smithi170.stdout:Jan 25 14:52:55 smithi170 ceph-267213a8-bb91-11ee-95b2-87774f69a715-mgr-x[32124]:
2024-01-25T14:52:55.875+0000 7f6600e5b200 -1 mgr[py] Module status has missing NOTIFY_TYPES member
2024-01-25T14:52:56.080 INFO:journalctl@ceph.mgr.x.smithi170.stdout:Jan 25 14:52:56 smithi170 ceph-267213a8-bb91-11ee-95b2-87774f69a715-mgr-x[32124]:
2024-01-25T14:52:56.078+0000 7f6600e5b200 -1 mgr[py] Module nfs has missing NOTIFY_TYPES member
2024-01-25T14:52:56.370 INFO:journalctl@ceph.mon.a.smithi170.stdout:Jan 25 14:52:56 smithi170 ceph-mon[31899]: Active manager daemon x restarted
2024-01-25T14:52:56.371 INFO:journalctl@ceph.mon.a.smithi170.stdout:Jan 25 14:52:56 smithi170 ceph-mon[31899]: Activating manager daemon x
2024-01-25T14:52:56.371 INFO:journalctl@ceph.mon.a.smithi170.stdout:Jan 25 14:52:56 smithi170 ceph-mon[31899]: osdmap e3: 0 total, 0 up, 0 in
2024-01-25T14:52:56.371 INFO:journalctl@ceph.mon.a.smithi170.stdout:Jan 25 14:52:56 smithi170 ceph-mon[31899]: mgrmap e10: x(active, starting, since 0.00323083s)
2024-01-25T14:52:56.371 INFO:journalctl@ceph.mon.a.smithi170.stdout:Jan 25 14:52:56 smithi170 ceph-mon[31899]: from='mgr.14152 172.21.15.170:0/803956787' entity='mgr.x' cmd=[{"prefix": "mon metadata", "id": "a"}]: dispatch
2024-01-25T14:52:56.371 INFO:journalctl@ceph.mon.a.smithi170.stdout:Jan 25 14:52:56 smithi170 ceph-mon[31899]: from='mgr.14152 172.21.15.170:0/803956787' entity='mgr.x' cmd=[{"prefix": "mgr metadata", "who": "x", "id": "x"}]: dispatch
2024-01-25T14:52:56.371 INFO:journalctl@ceph.mon.a.smithi170.stdout:Jan 25 14:52:56 smithi170 ceph-mon[31899]: from='mgr.14152 172.21.15.170:0/803956787' entity='mgr.x' cmd=[{"prefix": "mds metadata"}]: dispatch
2024-01-25T14:52:56.371 INFO:journalctl@ceph.mon.a.smithi170.stdout:Jan 25 14:52:56 smithi170 ceph-mon[31899]: from='mgr.14152 172.21.15.170:0/803956787' entity='mgr.x' cmd=[{"prefix": "osd metadata"}]: dispatch
2024-01-25T14:52:56.371 INFO:journalctl@ceph.mon.a.smithi170.stdout:Jan 25 14:52:56 smithi170 ceph-mon[31899]: from='mgr.14152 172.21.15.170:0/803956787' entity='mgr.x' cmd=[{"prefix": "mon metadata"}]: dispatch
2024-01-25T14:52:56.371 INFO:journalctl@ceph.mon.a.smithi170.stdout:Jan 25 14:52:56 smithi170 ceph-mon[31899]: Manager daemon x is now available
2024-01-25T14:52:56.371 INFO:journalctl@ceph.mon.a.smithi170.stdout:Jan 25 14:52:56 smithi170 ceph-mon[31899]: from='mgr.14152 172.21.15.170:0/803956787' entity='mgr.x' cmd=[{"prefix": "config dump", "format": "json"}]: dispatch
2024-01-25T14:52:56.371 INFO:journalctl@ceph.mon.a.smithi170.stdout:Jan 25 14:52:56 smithi170 ceph-mon[31899]: from='mgr.14152 172.21.15.170:0/803956787' entity='mgr.x' cmd=[{"prefix": "config dump", "format": "json"}]: dispatch
2024-01-25T14:52:57.317 INFO:journalctl@ceph.mon.a.smithi170.stdout:Jan 25 14:52:57 smithi170 ceph-mon[31899]: from='mgr.14152 172.21.15.170:0/803956787' entity='mgr.x' cmd=[{"prefix":"config rm","who":"mgr","name":"mgr/rbd_support/x/mirror_snapshot_schedule"}]: dispatch
2024-01-25T14:52:57.317 INFO:journalctl@ceph.mon.a.smithi170.stdout:Jan 25 14:52:57 smithi170 ceph-mon[31899]: from='mgr.14152 172.21.15.170:0/803956787' entity='mgr.x' cmd=[{"prefix":"config rm","who":"mgr","name":"mgr/rbd_support/x/trash_purge_schedule"}]: dispatch
2024-01-25T14:52:57.317 INFO:journalctl@ceph.mon.a.smithi170.stdout:Jan 25 14:52:57 smithi170 ceph-mon[31899]: mgrmap e11: x(active, since 1.00662s)
2024-01-25T14:52:58.048 INFO:teuthology.orchestra.run.smithi170.stdout:/usr/bin/ceph: stdout {
2024-01-25T14:52:58.048 INFO:teuthology.orchestra.run.smithi170.stdout:/usr/bin/ceph: stdout "mgrmap_epoch": 11,
2024-01-25T14:52:58.048 INFO:teuthology.orchestra.run.smithi170.stdout:/usr/bin/ceph: stdout "initialized": true
2024-01-25T14:52:58.048 INFO:teuthology.orchestra.run.smithi170.stdout:/usr/bin/ceph: stdout }
2024-01-25T14:52:58.049 INFO:teuthology.orchestra.run.smithi170.stdout:/usr/bin/ceph: stderr
2024-01-25T14:52:52.312+0000 7f1516a37700 1 Processor -- start
2024-01-25T14:52:58.049 INFO:teuthology.orchestra.run.smithi170.stdout:/usr/bin/ceph: stderr
2024-01-25T14:52:52.312+0000 7f1516a37700 1 -- start start
2024-01-25T14:52:58.049 INFO:teuthology.orchestra.run.smithi170.stdout:/usr/bin/ceph: stderr
2024-01-25T14:52:52.313+0000 7f1516a37700 1 --2- >> [v2:172.21.15.170:3300/0,v1:172.21.15.170:6789/0] conn(0x7f1510107580 0x7f15101079a0 unknown :-1 s=NONE pgs=0 cs=0 l=0 rev1=0 crypto rx=0 tx=0 comp rx=0 tx=0).connect
2024-01-25T14:52:58.049 INFO:teuthology.orchestra.run.smithi170.stdout:/usr/bin/ceph: stderr
2024-01-25T14:52:52.313+0000 7f1516a37700 1 -- --> [v2:172.21.15.170:3300/0,v1:172.21.15.170:6789/0] -- mon_getmap magic: 0 v1 -- 0x7f1510107f70 con 0x7f1510107580
2024-01-25T14:52:58.049 INFO:teuthology.orchestra.run.smithi170.stdout:/usr/bin/ceph: stderr
2024-01-25T14:52:52.313+0000 7f150ffff700 1 --2- >> [v2:172.21.15.170:3300/0,v1:172.21.15.170:6789/0] conn(0x7f1510107580 0x7f15101079a0 unknown :-1 s=BANNER_CONNECTING pgs=0 cs=0 l=0 rev1=0 crypto rx=0 tx=0 comp rx=0 tx=0)._handle_peer_banner_payload supported=3 required=0
2024-01-25T14:52:58.049 INFO:teuthology.orchestra.run.smithi170.stdout:/usr/bin/ceph: stderr
2024-01-25T14:52:52.313+0000 7f150ffff700 1 --2- >> [v2:172.21.15.170:3300/0,v1:172.21.15.170:6789/0] conn(0x7f1510107580 0x7f15101079a0 unknown :-1 s=HELLO_CONNECTING pgs=0 cs=0 l=0 rev1=1 crypto rx=0 tx=0 comp rx=0 tx=0).handle_hello peer v2:172.21.15.170:3300/0 says I am v2:172.21.15.170:44474/0 (socket says 172.21.15.170:44474)
2024-01-25T14:52:58.049 INFO:teuthology.orchestra.run.smithi170.stdout:/usr/bin/ceph: stderr
2024-01-25T14:52:52.313+0000 7f150ffff700 1 -- 172.21.15.170:0/3101587078 learned_addr learned my addr 172.21.15.170:0/3101587078 (peer_addr_for_me v2:172.21.15.170:0/0)
2024-01-25T14:52:58.049 INFO:teuthology.orchestra.run.smithi170.stdout:/usr/bin/ceph: stderr
2024-01-25T14:52:52.313+0000 7f150ffff700 1 -- 172.21.15.170:0/3101587078 --> [v2:172.21.15.170:3300/0,v1:172.21.15.170:6789/0] -- mon_subscribe({config=0+,monmap=0+}) v3 -- 0x7f1510106190 con 0x7f1510107580
2024-01-25T14:52:58.049 INFO:teuthology.orchestra.run.smithi170.stdout:/usr/bin/ceph: stderr
2024-01-25T14:52:52.313+0000 7f150ffff700 1 --2- 172.21.15.170:0/3101587078 >> [v2:172.21.15.170:3300/0,v1:172.21.15.170:6789/0] conn(0x7f1510107580 0x7f15101079a0 secure :-1 s=READY pgs=61 cs=0 l=1 rev1=1 crypto rx=0x7f14f80098a0 tx=0x7f14f8009bb0 comp rx=0 tx=0).ready entity=mon.0 client_cookie=79c12b8d8b21c489 server_cookie=0 in_seq=0 out_seq=0
2024-01-25T14:52:58.049 INFO:teuthology.orchestra.run.smithi170.stdout:/usr/bin/ceph: stderr
2024-01-25T14:52:52.313+0000 7f150effd700 1 -- 172.21.15.170:0/3101587078 <== mon.0 v2:172.21.15.170:3300/0 1 ==== mon_map magic: 0 v1 ==== 205+0+0 (secure 0 0 0) 0x7f14f8004160 con 0x7f1510107580
2024-01-25T14:52:58.049 INFO:teuthology.orchestra.run.smithi170.stdout:/usr/bin/ceph: stderr
2024-01-25T14:52:52.313+0000 7f150effd700 1 -- 172.21.15.170:0/3101587078 <== mon.0 v2:172.21.15.170:3300/0 2 ==== config(26 keys) v1 ==== 1105+0+0 (secure 0 0 0) 0x7f14f80042c0 con 0x7f1510107580
2024-01-25T14:52:58.049 INFO:teuthology.orchestra.run.smithi170.stdout:/usr/bin/ceph: stderr
2024-01-25T14:52:52.313+0000 7f150effd700 1 -- 172.21.15.170:0/3101587078 <== mon.0 v2:172.21.15.170:3300/0 3 ==== mon_map magic: 0 v1 ==== 205+0+0 (secure 0 0 0) 0x7f14f80119b0 con 0x7f1510107580
2024-01-25T14:52:58.049 INFO:teuthology.orchestra.run.smithi170.stdout:/usr/bin/ceph: stderr
2024-01-25T14:52:52.314+0000 7f1516a37700 1 -- 172.21.15.170:0/3101587078 >> [v2:172.21.15.170:3300/0,v1:172.21.15.170:6789/0] conn(0x7f1510107580 msgr2=0x7f15101079a0 secure :-1 s=STATE_CONNECTION_ESTABLISHED l=1).mark_down
2024-01-25T14:52:58.050 INFO:teuthology.orchestra.run.smithi170.stdout:/usr/bin/ceph: stderr
2024-01-25T14:52:52.314+0000 7f1516a37700 1 --2- 172.21.15.170:0/3101587078 >> [v2:172.21.15.170:3300/0,v1:172.21.15.170:6789/0] conn(0x7f1510107580 0x7f15101079a0 secure :-1 s=READY pgs=61 cs=0 l=1 rev1=1 crypto rx=0x7f14f80098a0 tx=0x7f14f8009bb0 comp rx=0 tx=0).stop
2024-01-25T14:52:58.050 INFO:teuthology.orchestra.run.smithi170.stdout:/usr/bin/ceph: stderr
2024-01-25T14:52:52.314+0000 7f1516a37700 1 -- 172.21.15.170:0/3101587078 shutdown_connections
2024-01-25T14:52:58.050 INFO:teuthology.orchestra.run.smithi170.stdout:/usr/bin/ceph: stderr
2024-01-25T14:52:52.314+0000 7f1516a37700 1 --2- 172.21.15.170:0/3101587078 >> [v2:172.21.15.170:3300/0,v1:172.21.15.170:6789/0] conn(0x7f1510107580 0x7f15101079a0 unknown :-1 s=CLOSED pgs=61 cs=0 l=1 rev1=1 crypto rx=0 tx=0 comp rx=0 tx=0).stop
2024-01-25T14:52:58.050 INFO:teuthology.orchestra.run.smithi170.stdout:/usr/bin/ceph: stderr
2024-01-25T14:52:52.314+0000 7f1516a37700 1 -- 172.21.15.170:0/3101587078 >> 172.21.15.170:0/3101587078 conn(0x7f1510100da0 msgr2=0x7f15101031c0 unknown :-1 s=STATE_NONE l=0).mark_down
2024-01-25T14:52:58.050 INFO:teuthology.orchestra.run.smithi170.stdout:/usr/bin/ceph: stderr
2024-01-25T14:52:52.314+0000 7f1516a37700 1 -- 172.21.15.170:0/3101587078 shutdown_connections
2024-01-25T14:52:58.050 INFO:teuthology.orchestra.run.smithi170.stdout:/usr/bin/ceph: stderr
2024-01-25T14:52:52.314+0000 7f1516a37700 1 -- 172.21.15.170:0/3101587078 wait complete.
2024-01-25T14:52:58.050 INFO:teuthology.orchestra.run.smithi170.stdout:/usr/bin/ceph: stderr
2024-01-25T14:52:52.315+0000 7f1516a37700 1 Processor -- start
2024-01-25T14:52:58.050 INFO:teuthology.orchestra.run.smithi170.stdout:/usr/bin/ceph: stderr
2024-01-25T14:52:52.315+0000 7f1516a37700 1 -- start start
2024-01-25T14:52:58.050 INFO:teuthology.orchestra.run.smithi170.stdout:/usr/bin/ceph: stderr
2024-01-25T14:52:52.315+0000 7f1516a37700 1 --2- >> [v2:172.21.15.170:3300/0,v1:172.21.15.170:6789/0] conn(0x7f1510107580 0x7f1510105b00 unknown :-1 s=NONE pgs=0 cs=0 l=1 rev1=0 crypto rx=0 tx=0 comp rx=0 tx=0).connect
2024-01-25T14:52:58.050 INFO:teuthology.orchestra.run.smithi170.stdout:/usr/bin/ceph: stderr
2024-01-25T14:52:52.315+0000 7f1516a37700 1 -- --> [v2:172.21.15.170:3300/0,v1:172.21.15.170:6789/0] -- mon_getmap magic: 0 v1 -- 0x7f1510106040 con 0x7f1510107580
2024-01-25T14:52:58.050 INFO:teuthology.orchestra.run.smithi170.stdout:/usr/bin/ceph: stderr
2024-01-25T14:52:52.315+0000 7f150ffff700 1 --2- >> [v2:172.21.15.170:3300/0,v1:172.21.15.170:6789/0] conn(0x7f1510107580 0x7f1510105b00 unknown :-1 s=BANNER_CONNECTING pgs=0 cs=0 l=1 rev1=0 crypto rx=0 tx=0 comp rx=0 tx=0)._handle_peer_banner_payload supported=3 required=0
2024-01-25T14:52:58.050 INFO:teuthology.orchestra.run.smithi170.stdout:/usr/bin/ceph: stderr
2024-01-25T14:52:52.315+0000 7f150ffff700 1 --2- >> [v2:172.21.15.170:3300/0,v1:172.21.15.170:6789/0] conn(0x7f1510107580 0x7f1510105b00 unknown :-1 s=HELLO_CONNECTING pgs=0 cs=0 l=1 rev1=1 crypto rx=0 tx=0 comp rx=0 tx=0).handle_hello peer v2:172.21.15.170:3300/0 says I am v2:172.21.15.170:44490/0 (socket says 172.21.15.170:44490)
2024-01-25T14:52:58.050 INFO:teuthology.orchestra.run.smithi170.stdout:/usr/bin/ceph: stderr
2024-01-25T14:52:52.315+0000 7f150ffff700 1 -- 172.21.15.170:0/116096876 learned_addr learned my addr 172.21.15.170:0/116096876 (peer_addr_for_me v2:172.21.15.170:0/0)
2024-01-25T14:52:58.051 INFO:teuthology.orchestra.run.smithi170.stdout:/usr/bin/ceph: stderr
2024-01-25T14:52:52.315+0000 7f150ffff700 1 -- 172.21.15.170:0/116096876 --> [v2:172.21.15.170:3300/0,v1:172.21.15.170:6789/0] -- mon_subscribe({config=0+,monmap=0+}) v3 -- 0x7f14f8009550 con 0x7f1510107580
2024-01-25T14:52:58.051 INFO:teuthology.orchestra.run.smithi170.stdout:/usr/bin/ceph: stderr
2024-01-25T14:52:52.316+0000 7f150ffff700 1 --2- 172.21.15.170:0/116096876 >> [v2:172.21.15.170:3300/0,v1:172.21.15.170:6789/0] conn(0x7f1510107580 0x7f1510105b00 secure :-1 s=READY pgs=62 cs=0 l=1 rev1=1 crypto rx=0x7f14f8003e60 tx=0x7f14f8011a30 comp rx=0 tx=0).ready entity=mon.0 client_cookie=0 server_cookie=0 in_seq=0 out_seq=0
2024-01-25T14:52:58.051 INFO:teuthology.orchestra.run.smithi170.stdout:/usr/bin/ceph: stderr
2024-01-25T14:52:52.316+0000 7f150d7fa700 1 -- 172.21.15.170:0/116096876 <== mon.0 v2:172.21.15.170:3300/0 1 ==== mon_map magic: 0 v1 ==== 205+0+0 (secure 0 0 0) 0x7f14f80038b0 con 0x7f1510107580
2024-01-25T14:52:58.051 INFO:teuthology.orchestra.run.smithi170.stdout:/usr/bin/ceph: stderr
2024-01-25T14:52:52.316+0000 7f150d7fa700 1 -- 172.21.15.170:0/116096876 <== mon.0 v2:172.21.15.170:3300/0 2 ==== config(26 keys) v1 ==== 1105+0+0 (secure 0 0 0) 0x7f14f8003a10 con 0x7f1510107580
2024-01-25T14:52:58.051 INFO:teuthology.orchestra.run.smithi170.stdout:/usr/bin/ceph: stderr
2024-01-25T14:52:52.316+0000 7f1516a37700 1 -- 172.21.15.170:0/116096876 --> [v2:172.21.15.170:3300/0,v1:172.21.15.170:6789/0] -- mon_subscribe({mgrmap=0+}) v3 -- 0x7f151019dbe0 con 0x7f1510107580
2024-01-25T14:52:58.051 INFO:teuthology.orchestra.run.smithi170.stdout:/usr/bin/ceph: stderr
2024-01-25T14:52:52.316+0000 7f150d7fa700 1 -- 172.21.15.170:0/116096876 <== mon.0 v2:172.21.15.170:3300/0 3 ==== mon_map magic: 0 v1 ==== 205+0+0 (secure 0 0 0) 0x7f14f8019530 con 0x7f1510107580
2024-01-25T14:52:58.051 INFO:teuthology.orchestra.run.smithi170.stdout:/usr/bin/ceph: stderr
2024-01-25T14:52:52.316+0000 7f1516a37700 1 -- 172.21.15.170:0/116096876 --> [v2:172.21.15.170:3300/0,v1:172.21.15.170:6789/0] -- mon_subscribe({osdmap=0}) v3 -- 0x7f151019e080 con 0x7f1510107580
2024-01-25T14:52:58.051 INFO:teuthology.orchestra.run.smithi170.stdout:/usr/bin/ceph: stderr
2024-01-25T14:52:52.317+0000 7f150d7fa700 1 -- 172.21.15.170:0/116096876 <== mon.0 v2:172.21.15.170:3300/0 4 ==== mgrmap(e 9) v1 ==== 45654+0+0 (secure 0 0 0) 0x7f14f801a980 con 0x7f1510107580
2024-01-25T14:52:58.051 INFO:teuthology.orchestra.run.smithi170.stdout:/usr/bin/ceph: stderr
2024-01-25T14:52:52.317+0000 7f150d7fa700 1 --2- 172.21.15.170:0/116096876 >> [v2:172.21.15.170:6800/358194066,v1:172.21.15.170:6801/358194066] conn(0x7f14fc038a40 0x7f14fc03af00 unknown :-1 s=NONE pgs=0 cs=0 l=1 rev1=0 crypto rx=0 tx=0 comp rx=0 tx=0).connect
2024-01-25T14:52:58.051 INFO:teuthology.orchestra.run.smithi170.stdout:/usr/bin/ceph: stderr
2024-01-25T14:52:52.317+0000 7f150d7fa700 1 -- 172.21.15.170:0/116096876 --> [v2:172.21.15.170:6800/358194066,v1:172.21.15.170:6801/358194066] -- command(tid 0: {"prefix": "get_command_descriptions"}) v1 -- 0x7f14fc03b610 con 0x7f14fc038a40
2024-01-25T14:52:58.051 INFO:teuthology.orchestra.run.smithi170.stdout:/usr/bin/ceph: stderr
2024-01-25T14:52:52.317+0000 7f150d7fa700 1 -- 172.21.15.170:0/116096876 <== mon.0 v2:172.21.15.170:3300/0 5 ==== osd_map(2..2 src has 1..2) v4 ==== 940+0+0 (secure 0 0 0) 0x7f14f804cbc0 con 0x7f1510107580
2024-01-25T14:52:58.051 INFO:teuthology.orchestra.run.smithi170.stdout:/usr/bin/ceph: stderr
2024-01-25T14:52:52.317+0000 7f150f7fe700 1 -- 172.21.15.170:0/116096876 >> [v2:172.21.15.170:6800/358194066,v1:172.21.15.170:6801/358194066] conn(0x7f14fc038a40 msgr2=0x7f14fc03af00 unknown :-1 s=STATE_CONNECTING_RE l=1).process reconnect failed to v2:172.21.15.170:6800/358194066
2024-01-25T14:52:58.051 INFO:teuthology.orchestra.run.smithi170.stdout:/usr/bin/ceph: stderr
2024-01-25T14:52:52.317+0000 7f150f7fe700 1 --2- 172.21.15.170:0/116096876 >> [v2:172.21.15.170:6800/358194066,v1:172.21.15.170:6801/358194066] conn(0x7f14fc038a40 0x7f14fc03af00 unknown :-1 s=START_CONNECT pgs=0 cs=0 l=1 rev1=0 crypto rx=0 tx=0 comp rx=0 tx=0)._fault waiting 0.200000
2024-01-25T14:52:58.051 INFO:teuthology.orchestra.run.smithi170.stdout:/usr/bin/ceph: stderr
2024-01-25T14:52:52.518+0000 7f150f7fe700 1 -- 172.21.15.170:0/116096876 >> [v2:172.21.15.170:6800/358194066,v1:172.21.15.170:6801/358194066] conn(0x7f14fc038a40 msgr2=0x7f14fc03af00 unknown :-1 s=STATE_CONNECTING_RE l=1).process reconnect failed to v2:172.21.15.170:6800/358194066
2024-01-25T14:52:58.052 INFO:teuthology.orchestra.run.smithi170.stdout:/usr/bin/ceph: stderr
2024-01-25T14:52:52.518+0000 7f150f7fe700 1 --2- 172.21.15.170:0/116096876 >> [v2:172.21.15.170:6800/358194066,v1:172.21.15.170:6801/358194066] conn(0x7f14fc038a40 0x7f14fc03af00 unknown :-1 s=START_CONNECT pgs=0 cs=0 l=1 rev1=0 crypto rx=0 tx=0 comp rx=0 tx=0)._fault waiting 0.400000
2024-01-25T14:52:58.052 INFO:teuthology.orchestra.run.smithi170.stdout:/usr/bin/ceph: stderr
2024-01-25T14:52:52.919+0000 7f150f7fe700 1 -- 172.21.15.170:0/116096876 >> [v2:172.21.15.170:6800/358194066,v1:172.21.15.170:6801/358194066] conn(0x7f14fc038a40 msgr2=0x7f14fc03af00 unknown :-1 s=STATE_CONNECTING_RE l=1).process reconnect failed to v2:172.21.15.170:6800/358194066
2024-01-25T14:52:58.052 INFO:teuthology.orchestra.run.smithi170.stdout:/usr/bin/ceph: stderr
2024-01-25T14:52:52.919+0000 7f150f7fe700 1 --2- 172.21.15.170:0/116096876 >> [v2:172.21.15.170:6800/358194066,v1:172.21.15.170:6801/358194066] conn(0x7f14fc038a40 0x7f14fc03af00 unknown :-1 s=START_CONNECT pgs=0 cs=0 l=1 rev1=0 crypto rx=0 tx=0 comp rx=0 tx=0)._fault waiting 0.800000
2024-01-25T14:52:58.052 INFO:teuthology.orchestra.run.smithi170.stdout:/usr/bin/ceph: stderr
2024-01-25T14:52:53.720+0000 7f150f7fe700 1 -- 172.21.15.170:0/116096876 >> [v2:172.21.15.170:6800/358194066,v1:172.21.15.170:6801/358194066] conn(0x7f14fc038a40 msgr2=0x7f14fc03af00 unknown :-1 s=STATE_CONNECTING_RE l=1).process reconnect failed to v2:172.21.15.170:6800/358194066
2024-01-25T14:52:58.052 INFO:teuthology.orchestra.run.smithi170.stdout:/usr/bin/ceph: stderr
2024-01-25T14:52:53.720+0000 7f150f7fe700 1 --2- 172.21.15.170:0/116096876 >> [v2:172.21.15.170:6800/358194066,v1:172.21.15.170:6801/358194066] conn(0x7f14fc038a40 0x7f14fc03af00 unknown :-1 s=START_CONNECT pgs=0 cs=0 l=1 rev1=0 crypto rx=0 tx=0 comp rx=0 tx=0)._fault waiting 1.600000
2024-01-25T14:52:58.052 INFO:teuthology.orchestra.run.smithi170.stdout:/usr/bin/ceph: stderr
2024-01-25T14:52:55.321+0000 7f150f7fe700 1 -- 172.21.15.170:0/116096876 >> [v2:172.21.15.170:6800/358194066,v1:172.21.15.170:6801/358194066] conn(0x7f14fc038a40 msgr2=0x7f14fc03af00 unknown :-1 s=STATE_CONNECTING_RE l=1).process reconnect failed to v2:172.21.15.170:6800/358194066
2024-01-25T14:52:58.052 INFO:teuthology.orchestra.run.smithi170.stdout:/usr/bin/ceph: stderr
2024-01-25T14:52:55.321+0000 7f150f7fe700 1 --2- 172.21.15.170:0/116096876 >> [v2:172.21.15.170:6800/358194066,v1:172.21.15.170:6801/358194066] conn(0x7f14fc038a40 0x7f14fc03af00 unknown :-1 s=START_CONNECT pgs=0 cs=0 l=1 rev1=0 crypto rx=0 tx=0 comp rx=0 tx=0)._fault waiting 3.200000
2024-01-25T14:52:58.052 INFO:teuthology.orchestra.run.smithi170.stdout:/usr/bin/ceph: stderr
2024-01-25T14:52:56.094+0000 7f150d7fa700 1 -- 172.21.15.170:0/116096876 <== mon.0 v2:172.21.15.170:3300/0 6 ==== mgrmap(e 10) v1 ==== 45421+0+0 (secure 0 0 0) 0x7f14f801a430 con 0x7f1510107580
2024-01-25T14:52:58.052 INFO:teuthology.orchestra.run.smithi170.stdout:/usr/bin/ceph: stderr
2024-01-25T14:52:56.094+0000 7f150d7fa700 1 -- 172.21.15.170:0/116096876 >> [v2:172.21.15.170:6800/358194066,v1:172.21.15.170:6801/358194066] conn(0x7f14fc038a40 msgr2=0x7f14fc03af00 unknown :-1 s=STATE_CONNECTING l=1).mark_down
2024-01-25T14:52:58.052 INFO:teuthology.orchestra.run.smithi170.stdout:/usr/bin/ceph: stderr
2024-01-25T14:52:56.094+0000 7f150d7fa700 1 --2- 172.21.15.170:0/116096876 >> [v2:172.21.15.170:6800/358194066,v1:172.21.15.170:6801/358194066] conn(0x7f14fc038a40 0x7f14fc03af00 unknown :-1 s=START_CONNECT pgs=0 cs=0 l=1 rev1=0 crypto rx=0 tx=0 comp rx=0 tx=0).stop
2024-01-25T14:52:58.052 INFO:teuthology.orchestra.run.smithi170.stdout:/usr/bin/ceph: stderr
2024-01-25T14:52:57.096+0000 7f150d7fa700 1 -- 172.21.15.170:0/116096876 <== mon.0 v2:172.21.15.170:3300/0 7 ==== mgrmap(e 11) v1 ==== 45548+0+0 (secure 0 0 0) 0x7f14f800ed40 con 0x7f1510107580
2024-01-25T14:52:58.052 INFO:teuthology.orchestra.run.smithi170.stdout:/usr/bin/ceph: stderr
2024-01-25T14:52:57.096+0000 7f150d7fa700 1 --2- 172.21.15.170:0/116096876 >> [v2:172.21.15.170:6800/3767785684,v1:172.21.15.170:6801/3767785684] conn(0x7f14fc03c4b0 0x7f14fc03e8a0 unknown :-1 s=NONE pgs=0 cs=0 l=1 rev1=0 crypto rx=0 tx=0 comp rx=0 tx=0).connect
2024-01-25T14:52:58.052 INFO:teuthology.orchestra.run.smithi170.stdout:/usr/bin/ceph: stderr
2024-01-25T14:52:57.096+0000 7f150d7fa700 1 -- 172.21.15.170:0/116096876 --> [v2:172.21.15.170:6800/3767785684,v1:172.21.15.170:6801/3767785684] -- command(tid 0: {"prefix": "get_command_descriptions"}) v1 -- 0x7f14fc03b610 con 0x7f14fc03c4b0
2024-01-25T14:52:58.052 INFO:teuthology.orchestra.run.smithi170.stdout:/usr/bin/ceph: stderr
2024-01-25T14:52:57.096+0000 7f150f7fe700 1 --2- 172.21.15.170:0/116096876 >> [v2:172.21.15.170:6800/3767785684,v1:172.21.15.170:6801/3767785684] conn(0x7f14fc03c4b0 0x7f14fc03e8a0 unknown :-1 s=BANNER_CONNECTING pgs=0 cs=0 l=1 rev1=0 crypto rx=0 tx=0 comp rx=0 tx=0)._handle_peer_banner_payload supported=3 required=0
2024-01-25T14:52:58.053 INFO:teuthology.orchestra.run.smithi170.stdout:/usr/bin/ceph: stderr
2024-01-25T14:52:57.097+0000 7f150f7fe700 1 --2- 172.21.15.170:0/116096876 >> [v2:172.21.15.170:6800/3767785684,v1:172.21.15.170:6801/3767785684] conn(0x7f14fc03c4b0 0x7f14fc03e8a0 secure :-1 s=READY pgs=3 cs=0 l=1 rev1=1 crypto rx=0x7f1500003a10 tx=0x7f15000092b0 comp rx=0 tx=0).ready entity=mgr.14152 client_cookie=0 server_cookie=0 in_seq=0 out_seq=0
2024-01-25T14:52:58.053 INFO:teuthology.orchestra.run.smithi170.stdout:/usr/bin/ceph: stderr
2024-01-25T14:52:57.098+0000 7f150d7fa700 1 -- 172.21.15.170:0/116096876 <== mgr.14152 v2:172.21.15.170:6800/3767785684 1 ==== command_reply(tid 0: 0 ) v1 ==== 8+0+7774 (secure 0 0 0) 0x7f14fc03b610 con 0x7f14fc03c4b0
2024-01-25T14:52:58.053 INFO:teuthology.orchestra.run.smithi170.stdout:/usr/bin/ceph: stderr
2024-01-25T14:52:57.104+0000 7f1516a37700 1 -- 172.21.15.170:0/116096876 --> [v2:172.21.15.170:6800/3767785684,v1:172.21.15.170:6801/3767785684] -- command(tid 1: {"prefix": "mgr_status"}) v1 -- 0x7f151010a3d0 con 0x7f14fc03c4b0
2024-01-25T14:52:58.053 INFO:teuthology.orchestra.run.smithi170.stdout:/usr/bin/ceph: stderr
2024-01-25T14:52:57.105+0000 7f150d7fa700 1 -- 172.21.15.170:0/116096876 <== mgr.14152 v2:172.21.15.170:6800/3767785684 2 ==== command_reply(tid 1: 0 ) v1 ==== 8+0+52 (secure 0 0 0) 0x7f151010a3d0 con 0x7f14fc03c4b0
2024-01-25T14:52:58.053 INFO:teuthology.orchestra.run.smithi170.stdout:/usr/bin/ceph: stderr
2024-01-25T14:52:57.105+0000 7f1516a37700 1 -- 172.21.15.170:0/116096876 >> [v2:172.21.15.170:6800/3767785684,v1:172.21.15.170:6801/3767785684] conn(0x7f14fc03c4b0 msgr2=0x7f14fc03e8a0 secure :-1 s=STATE_CONNECTION_ESTABLISHED l=1).mark_down
2024-01-25T14:52:58.053 INFO:teuthology.orchestra.run.smithi170.stdout:/usr/bin/ceph: stderr
2024-01-25T14:52:57.105+0000 7f1516a37700 1 --2- 172.21.15.170:0/116096876 >> [v2:172.21.15.170:6800/3767785684,v1:172.21.15.170:6801/3767785684] conn(0x7f14fc03c4b0 0x7f14fc03e8a0 secure :-1 s=READY pgs=3 cs=0 l=1 rev1=1 crypto rx=0x7f1500003a10 tx=0x7f15000092b0 comp rx=0 tx=0).stop
2024-01-25T14:52:58.053 INFO:teuthology.orchestra.run.smithi170.stdout:/usr/bin/ceph: stderr
2024-01-25T14:52:57.105+0000 7f1516a37700 1 -- 172.21.15.170:0/116096876 >> [v2:172.21.15.170:3300/0,v1:172.21.15.170:6789/0] conn(0x7f1510107580 msgr2=0x7f1510105b00 secure :-1 s=STATE_CONNECTION_ESTABLISHED l=1).mark_down
2024-01-25T14:52:58.053 INFO:teuthology.orchestra.run.smithi170.stdout:/usr/bin/ceph: stderr
2024-01-25T14:52:57.105+0000 7f1516a37700 1 --2- 172.21.15.170:0/116096876 >> [v2:172.21.15.170:3300/0,v1:172.21.15.170:6789/0] conn(0x7f1510107580 0x7f1510105b00 secure :-1 s=READY pgs=62 cs=0 l=1 rev1=1 crypto rx=0x7f14f8003e60 tx=0x7f14f8011a30 comp rx=0 tx=0).stop
2024-01-25T14:52:58.053 INFO:teuthology.orchestra.run.smithi170.stdout:/usr/bin/ceph: stderr
2024-01-25T14:52:57.105+0000 7f1516a37700 1 -- 172.21.15.170:0/116096876 shutdown_connections
2024-01-25T14:52:58.053 INFO:teuthology.orchestra.run.smithi170.stdout:/usr/bin/ceph: stderr
2024-01-25T14:52:57.105+0000 7f1516a37700 1 --2- 172.21.15.170:0/116096876 >> [v2:172.21.15.170:6800/3767785684,v1:172.21.15.170:6801/3767785684] conn(0x7f14fc03c4b0 0x7f14fc03e8a0 unknown :-1 s=CLOSED pgs=3 cs=0 l=1 rev1=1 crypto rx=0 tx=0 comp rx=0 tx=0).stop
2024-01-25T14:52:58.053 INFO:teuthology.orchestra.run.smithi170.stdout:/usr/bin/ceph: stderr
2024-01-25T14:52:57.105+0000 7f1516a37700 1 --2- 172.21.15.170:0/116096876 >> [v2:172.21.15.170:3300/0,v1:172.21.15.170:6789/0] conn(0x7f1510107580 0x7f1510105b00 unknown :-1 s=CLOSED pgs=62 cs=0 l=1 rev1=1 crypto rx=0 tx=0 comp rx=0 tx=0).stop
2024-01-25T14:52:58.053 INFO:teuthology.orchestra.run.smithi170.stdout:/usr/bin/ceph: stderr
2024-01-25T14:52:57.105+0000 7f1516a37700 1 --2- 172.21.15.170:0/116096876 >> [v2:172.21.15.170:6800/358194066,v1:172.21.15.170:6801/358194066] conn(0x7f14fc038a40 0x7f14fc03af00 unknown :-1 s=CLOSED pgs=0 cs=0 l=1 rev1=0 crypto rx=0 tx=0 comp rx=0 tx=0).stop
2024-01-25T14:52:58.053 INFO:teuthology.orchestra.run.smithi170.stdout:/usr/bin/ceph: stderr
2024-01-25T14:52:57.105+0000 7f1516a37700 1 -- 172.21.15.170:0/116096876 >> 172.21.15.170:0/116096876 conn(0x7f1510100da0 msgr2=0x7f1510101930 unknown :-1 s=STATE_NONE l=0).mark_down
2024-01-25T14:52:58.053 INFO:teuthology.orchestra.run.smithi170.stdout:/usr/bin/ceph: stderr
2024-01-25T14:52:57.105+0000 7f1516a37700 1 -- 172.21.15.170:0/116096876 shutdown_connections
2024-01-25T14:52:58.054 INFO:teuthology.orchestra.run.smithi170.stdout:/usr/bin/ceph: stderr
2024-01-25T14:52:57.105+0000 7f1516a37700 1 -- 172.21.15.170:0/116096876 wait complete.
2024-01-25T14:52:58.054 INFO:teuthology.orchestra.run.smithi170.stdout:mgr epoch 9 is available
2024-01-25T14:52:58.054 INFO:teuthology.orchestra.run.smithi170.stdout:Generating a dashboard self-signed certificate...
2024-01-25T14:52:58.374 INFO:journalctl@ceph.mon.a.smithi170.stdout:Jan 25 14:52:58 smithi170 ceph-mon[31899]: [25/Jan/2024:14:52:56] ENGINE Bus STARTING
2024-01-25T14:52:58.374 INFO:journalctl@ceph.mon.a.smithi170.stdout:Jan 25 14:52:58 smithi170 ceph-mon[31899]: [25/Jan/2024:14:52:56] ENGINE Serving on https://172.21.15.170:7150
2024-01-25T14:52:58.374 INFO:journalctl@ceph.mon.a.smithi170.stdout:Jan 25 14:52:58 smithi170 ceph-mon[31899]: [25/Jan/2024:14:52:56] ENGINE Serving on http://172.21.15.170:8765
2024-01-25T14:52:58.374 INFO:journalctl@ceph.mon.a.smithi170.stdout:Jan 25 14:52:58 smithi170 ceph-mon[31899]: [25/Jan/2024:14:52:56] ENGINE Bus STARTED
2024-01-25T14:52:58.374 INFO:journalctl@ceph.mon.a.smithi170.stdout:Jan 25 14:52:58 smithi170 ceph-mon[31899]: from='client.14156 -' entity='client.admin' cmd=[{"prefix": "get_command_descriptions"}]: dispatch
2024-01-25T14:52:58.374 INFO:journalctl@ceph.mon.a.smithi170.stdout:Jan 25 14:52:58 smithi170 ceph-mon[31899]: from='client.14156 -' entity='client.admin' cmd=[{"prefix": "mgr_status"}]: dispatch
2024-01-25T14:52:58.374 INFO:journalctl@ceph.mon.a.smithi170.stdout:Jan 25 14:52:58 smithi170 ceph-mon[31899]: from='mgr.14152 172.21.15.170:0/803956787' entity='mgr.x'
2024-01-25T14:52:59.422 INFO:teuthology.orchestra.run.smithi170.stdout:/usr/bin/ceph: stdout Self-signed certificate created
2024-01-25T14:52:59.422 INFO:teuthology.orchestra.run.smithi170.stdout:/usr/bin/ceph: stderr
2024-01-25T14:52:58.477+0000 7f81d9e93700 1 Processor -- start
2024-01-25T14:52:59.422 INFO:teuthology.orchestra.run.smithi170.stdout:/usr/bin/ceph: stderr
2024-01-25T14:52:58.477+0000 7f81d9e93700 1 -- start start
