2024-01-25T14:52:59.422 INFO:teuthology.orchestra.run.smithi170.stdout:/usr/bin/ceph: stderr
2024-01-25T14:52:58.478+0000 7f81d9e93700 1 --2- >> [v2:172.21.15.170:3300/0,v1:172.21.15.170:6789/0] conn(0x7f81d41070c0 0x7f81d41074e0 unknown :-1 s=NONE pgs=0 cs=0 l=0 rev1=0 crypto rx=0 tx=0 comp rx=0 tx=0).connect
2024-01-25T14:52:59.422 INFO:teuthology.orchestra.run.smithi170.stdout:/usr/bin/ceph: stderr
2024-01-25T14:52:58.478+0000 7f81d9e93700 1 -- --> [v2:172.21.15.170:3300/0,v1:172.21.15.170:6789/0] -- mon_getmap magic: 0 v1 -- 0x7f81d4107a20 con 0x7f81d41070c0
2024-01-25T14:52:59.422 INFO:teuthology.orchestra.run.smithi170.stdout:/usr/bin/ceph: stderr
2024-01-25T14:52:58.478+0000 7f81d37fe700 1 --2- >> [v2:172.21.15.170:3300/0,v1:172.21.15.170:6789/0] conn(0x7f81d41070c0 0x7f81d41074e0 unknown :-1 s=BANNER_CONNECTING pgs=0 cs=0 l=0 rev1=0 crypto rx=0 tx=0 comp rx=0 tx=0)._handle_peer_banner_payload supported=3 required=0
2024-01-25T14:52:59.423 INFO:teuthology.orchestra.run.smithi170.stdout:/usr/bin/ceph: stderr
2024-01-25T14:52:58.478+0000 7f81d37fe700 1 --2- >> [v2:172.21.15.170:3300/0,v1:172.21.15.170:6789/0] conn(0x7f81d41070c0 0x7f81d41074e0 unknown :-1 s=HELLO_CONNECTING pgs=0 cs=0 l=0 rev1=1 crypto rx=0 tx=0 comp rx=0 tx=0).handle_hello peer v2:172.21.15.170:3300/0 says I am v2:172.21.15.170:51506/0 (socket says 172.21.15.170:51506)
2024-01-25T14:52:59.423 INFO:teuthology.orchestra.run.smithi170.stdout:/usr/bin/ceph: stderr
2024-01-25T14:52:58.478+0000 7f81d37fe700 1 -- 172.21.15.170:0/36614800 learned_addr learned my addr 172.21.15.170:0/36614800 (peer_addr_for_me v2:172.21.15.170:0/0)
2024-01-25T14:52:59.423 INFO:teuthology.orchestra.run.smithi170.stdout:/usr/bin/ceph: stderr
2024-01-25T14:52:58.478+0000 7f81d37fe700 1 -- 172.21.15.170:0/36614800 --> [v2:172.21.15.170:3300/0,v1:172.21.15.170:6789/0] -- mon_subscribe({config=0+,monmap=0+}) v3 -- 0x7f81d4107b60 con 0x7f81d41070c0
2024-01-25T14:52:59.423 INFO:teuthology.orchestra.run.smithi170.stdout:/usr/bin/ceph: stderr
2024-01-25T14:52:58.478+0000 7f81d37fe700 1 --2- 172.21.15.170:0/36614800 >> [v2:172.21.15.170:3300/0,v1:172.21.15.170:6789/0] conn(0x7f81d41070c0 0x7f81d41074e0 secure :-1 s=READY pgs=70 cs=0 l=1 rev1=1 crypto rx=0x7f81c40098a0 tx=0x7f81c4009bb0 comp rx=0 tx=0).ready entity=mon.0 client_cookie=482b60a40eff2c08 server_cookie=0 in_seq=0 out_seq=0
2024-01-25T14:52:59.423 INFO:teuthology.orchestra.run.smithi170.stdout:/usr/bin/ceph: stderr
2024-01-25T14:52:58.478+0000 7f81d27fc700 1 -- 172.21.15.170:0/36614800 <== mon.0 v2:172.21.15.170:3300/0 1 ==== mon_map magic: 0 v1 ==== 205+0+0 (secure 0 0 0) 0x7f81c4004160 con 0x7f81d41070c0
2024-01-25T14:52:59.423 INFO:teuthology.orchestra.run.smithi170.stdout:/usr/bin/ceph: stderr
2024-01-25T14:52:58.479+0000 7f81d27fc700 1 -- 172.21.15.170:0/36614800 <== mon.0 v2:172.21.15.170:3300/0 2 ==== config(26 keys) v1 ==== 1105+0+0 (secure 0 0 0) 0x7f81c40042c0 con 0x7f81d41070c0
2024-01-25T14:52:59.423 INFO:teuthology.orchestra.run.smithi170.stdout:/usr/bin/ceph: stderr
2024-01-25T14:52:58.479+0000 7f81d27fc700 1 -- 172.21.15.170:0/36614800 <== mon.0 v2:172.21.15.170:3300/0 3 ==== mon_map magic: 0 v1 ==== 205+0+0 (secure 0 0 0) 0x7f81c40119b0 con 0x7f81d41070c0
2024-01-25T14:52:59.423 INFO:teuthology.orchestra.run.smithi170.stdout:/usr/bin/ceph: stderr
2024-01-25T14:52:58.479+0000 7f81d9e93700 1 -- 172.21.15.170:0/36614800 >> [v2:172.21.15.170:3300/0,v1:172.21.15.170:6789/0] conn(0x7f81d41070c0 msgr2=0x7f81d41074e0 secure :-1 s=STATE_CONNECTION_ESTABLISHED l=1).mark_down
2024-01-25T14:52:59.423 INFO:teuthology.orchestra.run.smithi170.stdout:/usr/bin/ceph: stderr
2024-01-25T14:52:58.479+0000 7f81d9e93700 1 --2- 172.21.15.170:0/36614800 >> [v2:172.21.15.170:3300/0,v1:172.21.15.170:6789/0] conn(0x7f81d41070c0 0x7f81d41074e0 secure :-1 s=READY pgs=70 cs=0 l=1 rev1=1 crypto rx=0x7f81c40098a0 tx=0x7f81c4009bb0 comp rx=0 tx=0).stop
2024-01-25T14:52:59.423 INFO:teuthology.orchestra.run.smithi170.stdout:/usr/bin/ceph: stderr
2024-01-25T14:52:58.479+0000 7f81d9e93700 1 -- 172.21.15.170:0/36614800 shutdown_connections
2024-01-25T14:52:59.423 INFO:teuthology.orchestra.run.smithi170.stdout:/usr/bin/ceph: stderr
2024-01-25T14:52:58.479+0000 7f81d9e93700 1 --2- 172.21.15.170:0/36614800 >> [v2:172.21.15.170:3300/0,v1:172.21.15.170:6789/0] conn(0x7f81d41070c0 0x7f81d41074e0 unknown :-1 s=CLOSED pgs=70 cs=0 l=1 rev1=1 crypto rx=0 tx=0 comp rx=0 tx=0).stop
2024-01-25T14:52:59.423 INFO:teuthology.orchestra.run.smithi170.stdout:/usr/bin/ceph: stderr
2024-01-25T14:52:58.479+0000 7f81d9e93700 1 -- 172.21.15.170:0/36614800 >> 172.21.15.170:0/36614800 conn(0x7f81d4102760 msgr2=0x7f81d4104b80 unknown :-1 s=STATE_NONE l=0).mark_down
2024-01-25T14:52:59.423 INFO:teuthology.orchestra.run.smithi170.stdout:/usr/bin/ceph: stderr
2024-01-25T14:52:58.479+0000 7f81d9e93700 1 -- 172.21.15.170:0/36614800 shutdown_connections
2024-01-25T14:52:59.424 INFO:teuthology.orchestra.run.smithi170.stdout:/usr/bin/ceph: stderr
2024-01-25T14:52:58.479+0000 7f81d9e93700 1 -- 172.21.15.170:0/36614800 wait complete.
2024-01-25T14:52:59.424 INFO:teuthology.orchestra.run.smithi170.stdout:/usr/bin/ceph: stderr
2024-01-25T14:52:58.480+0000 7f81d9e93700 1 Processor -- start
2024-01-25T14:52:59.424 INFO:teuthology.orchestra.run.smithi170.stdout:/usr/bin/ceph: stderr
2024-01-25T14:52:58.480+0000 7f81d9e93700 1 -- start start
2024-01-25T14:52:59.424 INFO:teuthology.orchestra.run.smithi170.stdout:/usr/bin/ceph: stderr
2024-01-25T14:52:58.480+0000 7f81d9e93700 1 --2- >> [v2:172.21.15.170:3300/0,v1:172.21.15.170:6789/0] conn(0x7f81d41070c0 0x7f81d419ada0 unknown :-1 s=NONE pgs=0 cs=0 l=1 rev1=0 crypto rx=0 tx=0 comp rx=0 tx=0).connect
2024-01-25T14:52:59.424 INFO:teuthology.orchestra.run.smithi170.stdout:/usr/bin/ceph: stderr
2024-01-25T14:52:58.480+0000 7f81d9e93700 1 -- --> [v2:172.21.15.170:3300/0,v1:172.21.15.170:6789/0] -- mon_getmap magic: 0 v1 -- 0x7f81d419b2e0 con 0x7f81d41070c0
2024-01-25T14:52:59.424 INFO:teuthology.orchestra.run.smithi170.stdout:/usr/bin/ceph: stderr
2024-01-25T14:52:58.480+0000 7f81d37fe700 1 --2- >> [v2:172.21.15.170:3300/0,v1:172.21.15.170:6789/0] conn(0x7f81d41070c0 0x7f81d419ada0 unknown :-1 s=BANNER_CONNECTING pgs=0 cs=0 l=1 rev1=0 crypto rx=0 tx=0 comp rx=0 tx=0)._handle_peer_banner_payload supported=3 required=0
2024-01-25T14:52:59.424 INFO:teuthology.orchestra.run.smithi170.stdout:/usr/bin/ceph: stderr
2024-01-25T14:52:58.480+0000 7f81d37fe700 1 --2- >> [v2:172.21.15.170:3300/0,v1:172.21.15.170:6789/0] conn(0x7f81d41070c0 0x7f81d419ada0 unknown :-1 s=HELLO_CONNECTING pgs=0 cs=0 l=1 rev1=1 crypto rx=0 tx=0 comp rx=0 tx=0).handle_hello peer v2:172.21.15.170:3300/0 says I am v2:172.21.15.170:51522/0 (socket says 172.21.15.170:51522)
2024-01-25T14:52:59.424 INFO:teuthology.orchestra.run.smithi170.stdout:/usr/bin/ceph: stderr
2024-01-25T14:52:58.480+0000 7f81d37fe700 1 -- 172.21.15.170:0/1972302698 learned_addr learned my addr 172.21.15.170:0/1972302698 (peer_addr_for_me v2:172.21.15.170:0/0)
2024-01-25T14:52:59.424 INFO:teuthology.orchestra.run.smithi170.stdout:/usr/bin/ceph: stderr
2024-01-25T14:52:58.481+0000 7f81d37fe700 1 -- 172.21.15.170:0/1972302698 --> [v2:172.21.15.170:3300/0,v1:172.21.15.170:6789/0] -- mon_subscribe({config=0+,monmap=0+}) v3 -- 0x7f81c4009550 con 0x7f81d41070c0
2024-01-25T14:52:59.424 INFO:teuthology.orchestra.run.smithi170.stdout:/usr/bin/ceph: stderr
2024-01-25T14:52:58.481+0000 7f81d37fe700 1 --2- 172.21.15.170:0/1972302698 >> [v2:172.21.15.170:3300/0,v1:172.21.15.170:6789/0] conn(0x7f81d41070c0 0x7f81d419ada0 secure :-1 s=READY pgs=71 cs=0 l=1 rev1=1 crypto rx=0x7f81c4006af0 tx=0x7f81c4011a10 comp rx=0 tx=0).ready entity=mon.0 client_cookie=0 server_cookie=0 in_seq=0 out_seq=0
2024-01-25T14:52:59.424 INFO:teuthology.orchestra.run.smithi170.stdout:/usr/bin/ceph: stderr
2024-01-25T14:52:58.481+0000 7f81d0ff9700 1 -- 172.21.15.170:0/1972302698 <== mon.0 v2:172.21.15.170:3300/0 1 ==== mon_map magic: 0 v1 ==== 205+0+0 (secure 0 0 0) 0x7f81c4003a40 con 0x7f81d41070c0
2024-01-25T14:52:59.424 INFO:teuthology.orchestra.run.smithi170.stdout:/usr/bin/ceph: stderr
2024-01-25T14:52:58.481+0000 7f81d0ff9700 1 -- 172.21.15.170:0/1972302698 <== mon.0 v2:172.21.15.170:3300/0 2 ==== config(26 keys) v1 ==== 1105+0+0 (secure 0 0 0) 0x7f81c4003ba0 con 0x7f81d41070c0
2024-01-25T14:52:59.425 INFO:teuthology.orchestra.run.smithi170.stdout:/usr/bin/ceph: stderr
2024-01-25T14:52:58.481+0000 7f81d9e93700 1 -- 172.21.15.170:0/1972302698 --> [v2:172.21.15.170:3300/0,v1:172.21.15.170:6789/0] -- mon_subscribe({mgrmap=0+}) v3 -- 0x7f81d419b4e0 con 0x7f81d41070c0
2024-01-25T14:52:59.425 INFO:teuthology.orchestra.run.smithi170.stdout:/usr/bin/ceph: stderr
2024-01-25T14:52:58.481+0000 7f81d0ff9700 1 -- 172.21.15.170:0/1972302698 <== mon.0 v2:172.21.15.170:3300/0 3 ==== mon_map magic: 0 v1 ==== 205+0+0 (secure 0 0 0) 0x7f81c40196c0 con 0x7f81d41070c0
2024-01-25T14:52:59.425 INFO:teuthology.orchestra.run.smithi170.stdout:/usr/bin/ceph: stderr
2024-01-25T14:52:58.481+0000 7f81d9e93700 1 -- 172.21.15.170:0/1972302698 --> [v2:172.21.15.170:3300/0,v1:172.21.15.170:6789/0] -- mon_subscribe({osdmap=0}) v3 -- 0x7f81d419b980 con 0x7f81d41070c0
2024-01-25T14:52:59.425 INFO:teuthology.orchestra.run.smithi170.stdout:/usr/bin/ceph: stderr
2024-01-25T14:52:58.482+0000 7f81d0ff9700 1 -- 172.21.15.170:0/1972302698 <== mon.0 v2:172.21.15.170:3300/0 4 ==== mgrmap(e 11) v1 ==== 45548+0+0 (secure 0 0 0) 0x7f81c4019980 con 0x7f81d41070c0
2024-01-25T14:52:59.425 INFO:teuthology.orchestra.run.smithi170.stdout:/usr/bin/ceph: stderr
2024-01-25T14:52:58.482+0000 7f81d0ff9700 1 --2- 172.21.15.170:0/1972302698 >> [v2:172.21.15.170:6800/3767785684,v1:172.21.15.170:6801/3767785684] conn(0x7f81bc038930 0x7f81bc03adf0 unknown :-1 s=NONE pgs=0 cs=0 l=1 rev1=0 crypto rx=0 tx=0 comp rx=0 tx=0).connect
2024-01-25T14:52:59.425 INFO:teuthology.orchestra.run.smithi170.stdout:/usr/bin/ceph: stderr
2024-01-25T14:52:58.482+0000 7f81d0ff9700 1 -- 172.21.15.170:0/1972302698 <== mon.0 v2:172.21.15.170:3300/0 5 ==== osd_map(3..3 src has 1..3) v4 ==== 1155+0+0 (secure 0 0 0) 0x7f81c404cd10 con 0x7f81d41070c0
2024-01-25T14:52:59.425 INFO:teuthology.orchestra.run.smithi170.stdout:/usr/bin/ceph: stderr
2024-01-25T14:52:58.482+0000 7f81d9e93700 1 -- 172.21.15.170:0/1972302698 --> [v2:172.21.15.170:3300/0,v1:172.21.15.170:6789/0] -- mon_command({"prefix": "get_command_descriptions"} v 0) v1 -- 0x7f81d4108f20 con 0x7f81d41070c0
2024-01-25T14:52:59.425 INFO:teuthology.orchestra.run.smithi170.stdout:/usr/bin/ceph: stderr
2024-01-25T14:52:58.482+0000 7f81d2ffd700 1 --2- 172.21.15.170:0/1972302698 >> [v2:172.21.15.170:6800/3767785684,v1:172.21.15.170:6801/3767785684] conn(0x7f81bc038930 0x7f81bc03adf0 unknown :-1 s=BANNER_CONNECTING pgs=0 cs=0 l=1 rev1=0 crypto rx=0 tx=0 comp rx=0 tx=0)._handle_peer_banner_payload supported=3 required=0
2024-01-25T14:52:59.425 INFO:teuthology.orchestra.run.smithi170.stdout:/usr/bin/ceph: stderr
2024-01-25T14:52:58.483+0000 7f81d2ffd700 1 --2- 172.21.15.170:0/1972302698 >> [v2:172.21.15.170:6800/3767785684,v1:172.21.15.170:6801/3767785684] conn(0x7f81bc038930 0x7f81bc03adf0 secure :-1 s=READY pgs=7 cs=0 l=1 rev1=1 crypto rx=0x7f81c8006fd0 tx=0x7f81c8006e40 comp rx=0 tx=0).ready entity=mgr.14152 client_cookie=0 server_cookie=0 in_seq=0 out_seq=0
2024-01-25T14:52:59.425 INFO:teuthology.orchestra.run.smithi170.stdout:/usr/bin/ceph: stderr
2024-01-25T14:52:58.487+0000 7f81d0ff9700 1 -- 172.21.15.170:0/1972302698 <== mon.0 v2:172.21.15.170:3300/0 6 ==== mon_command_ack([{"prefix": "get_command_descriptions"}]=0 v0) v1 ==== 72+0+181732 (secure 0 0 0) 0x7f81c40243f0 con 0x7f81d41070c0
2024-01-25T14:52:59.425 INFO:teuthology.orchestra.run.smithi170.stdout:/usr/bin/ceph: stderr
2024-01-25T14:52:58.690+0000 7f81d9e93700 1 -- 172.21.15.170:0/1972302698 --> [v2:172.21.15.170:6800/3767785684,v1:172.21.15.170:6801/3767785684] -- mgr_command(tid 0: {"prefix": "dashboard create-self-signed-cert", "target": ["mon-mgr", ""]}) v1 -- 0x7f81d419e260 con 0x7f81bc038930
2024-01-25T14:52:59.425 INFO:teuthology.orchestra.run.smithi170.stdout:/usr/bin/ceph: stderr
2024-01-25T14:52:58.820+0000 7f81d0ff9700 1 -- 172.21.15.170:0/1972302698 <== mgr.14152 v2:172.21.15.170:6800/3767785684 1 ==== mgr_command_reply(tid 0: 0 ) v1 ==== 8+0+32 (secure 0 0 0) 0x7f81d419e260 con 0x7f81bc038930
2024-01-25T14:52:59.426 INFO:teuthology.orchestra.run.smithi170.stdout:/usr/bin/ceph: stderr
2024-01-25T14:52:58.822+0000 7f81d9e93700 1 -- 172.21.15.170:0/1972302698 >> [v2:172.21.15.170:6800/3767785684,v1:172.21.15.170:6801/3767785684] conn(0x7f81bc038930 msgr2=0x7f81bc03adf0 secure :-1 s=STATE_CONNECTION_ESTABLISHED l=1).mark_down
2024-01-25T14:52:59.426 INFO:teuthology.orchestra.run.smithi170.stdout:/usr/bin/ceph: stderr
2024-01-25T14:52:58.822+0000 7f81d9e93700 1 --2- 172.21.15.170:0/1972302698 >> [v2:172.21.15.170:6800/3767785684,v1:172.21.15.170:6801/3767785684] conn(0x7f81bc038930 0x7f81bc03adf0 secure :-1 s=READY pgs=7 cs=0 l=1 rev1=1 crypto rx=0x7f81c8006fd0 tx=0x7f81c8006e40 comp rx=0 tx=0).stop
2024-01-25T14:52:59.426 INFO:teuthology.orchestra.run.smithi170.stdout:/usr/bin/ceph: stderr
2024-01-25T14:52:58.822+0000 7f81d9e93700 1 -- 172.21.15.170:0/1972302698 >> [v2:172.21.15.170:3300/0,v1:172.21.15.170:6789/0] conn(0x7f81d41070c0 msgr2=0x7f81d419ada0 secure :-1 s=STATE_CONNECTION_ESTABLISHED l=1).mark_down
2024-01-25T14:52:59.426 INFO:teuthology.orchestra.run.smithi170.stdout:/usr/bin/ceph: stderr
2024-01-25T14:52:58.822+0000 7f81d9e93700 1 --2- 172.21.15.170:0/1972302698 >> [v2:172.21.15.170:3300/0,v1:172.21.15.170:6789/0] conn(0x7f81d41070c0 0x7f81d419ada0 secure :-1 s=READY pgs=71 cs=0 l=1 rev1=1 crypto rx=0x7f81c4006af0 tx=0x7f81c4011a10 comp rx=0 tx=0).stop
2024-01-25T14:52:59.426 INFO:teuthology.orchestra.run.smithi170.stdout:/usr/bin/ceph: stderr
2024-01-25T14:52:58.822+0000 7f81d9e93700 1 -- 172.21.15.170:0/1972302698 shutdown_connections
2024-01-25T14:52:59.426 INFO:teuthology.orchestra.run.smithi170.stdout:/usr/bin/ceph: stderr
2024-01-25T14:52:58.822+0000 7f81d9e93700 1 --2- 172.21.15.170:0/1972302698 >> [v2:172.21.15.170:6800/3767785684,v1:172.21.15.170:6801/3767785684] conn(0x7f81bc038930 0x7f81bc03adf0 unknown :-1 s=CLOSED pgs=7 cs=0 l=1 rev1=1 crypto rx=0 tx=0 comp rx=0 tx=0).stop
2024-01-25T14:52:59.426 INFO:teuthology.orchestra.run.smithi170.stdout:/usr/bin/ceph: stderr
2024-01-25T14:52:58.822+0000 7f81d9e93700 1 --2- 172.21.15.170:0/1972302698 >> [v2:172.21.15.170:3300/0,v1:172.21.15.170:6789/0] conn(0x7f81d41070c0 0x7f81d419ada0 unknown :-1 s=CLOSED pgs=71 cs=0 l=1 rev1=1 crypto rx=0 tx=0 comp rx=0 tx=0).stop
2024-01-25T14:52:59.426 INFO:teuthology.orchestra.run.smithi170.stdout:/usr/bin/ceph: stderr
2024-01-25T14:52:58.822+0000 7f81d9e93700 1 -- 172.21.15.170:0/1972302698 >> 172.21.15.170:0/1972302698 conn(0x7f81d4102760 msgr2=0x7f81d4103250 unknown :-1 s=STATE_NONE l=0).mark_down
2024-01-25T14:52:59.426 INFO:teuthology.orchestra.run.smithi170.stdout:/usr/bin/ceph: stderr
2024-01-25T14:52:58.822+0000 7f81d9e93700 1 -- 172.21.15.170:0/1972302698 shutdown_connections
2024-01-25T14:52:59.426 INFO:teuthology.orchestra.run.smithi170.stdout:/usr/bin/ceph: stderr
2024-01-25T14:52:58.823+0000 7f81d9e93700 1 -- 172.21.15.170:0/1972302698 wait complete.
2024-01-25T14:52:59.426 INFO:teuthology.orchestra.run.smithi170.stdout:Creating initial admin user...
2024-01-25T14:52:59.816 INFO:journalctl@ceph.mon.a.smithi170.stdout:Jan 25 14:52:59 smithi170 ceph-mon[31899]: from='client.14164 -' entity='client.admin' cmd=[{"prefix": "dashboard create-self-signed-cert", "target": ["mon-mgr", ""]}]: dispatch
2024-01-25T14:52:59.817 INFO:journalctl@ceph.mon.a.smithi170.stdout:Jan 25 14:52:59 smithi170 ceph-mon[31899]: from='mgr.14152 172.21.15.170:0/803956787' entity='mgr.x'
2024-01-25T14:52:59.817 INFO:journalctl@ceph.mon.a.smithi170.stdout:Jan 25 14:52:59 smithi170 ceph-mon[31899]: from='mgr.14152 172.21.15.170:0/803956787' entity='mgr.x'
2024-01-25T14:52:59.817 INFO:journalctl@ceph.mon.a.smithi170.stdout:Jan 25 14:52:59 smithi170 ceph-mon[31899]: from='mgr.14152 172.21.15.170:0/803956787' entity='mgr.x'
2024-01-25T14:52:59.817 INFO:journalctl@ceph.mon.a.smithi170.stdout:Jan 25 14:52:59 smithi170 ceph-mon[31899]: mgrmap e12: x(active, since 2s)
2024-01-25T14:53:01.106 INFO:journalctl@ceph.mon.a.smithi170.stdout:Jan 25 14:53:00 smithi170 ceph-mon[31899]: from='client.14166 -' entity='client.admin' cmd=[{"prefix": "dashboard ac-user-create", "username": "admin", "rolename": "administrator", "force_password": true, "pwd_update_required": true, "target": ["mon-mgr", ""]}]: dispatch
2024-01-25T14:53:01.107 INFO:journalctl@ceph.mon.a.smithi170.stdout:Jan 25 14:53:00 smithi170 ceph-mon[31899]: from='mgr.14152 172.21.15.170:0/803956787' entity='mgr.x'
2024-01-25T14:53:01.559 INFO:teuthology.orchestra.run.smithi170.stdout:/usr/bin/ceph: stdout {"username": "admin", "password": "$2b$12$E2f4.3v9bBUImbv5AeUCc.iAZOqZEO.ig1dlKjqdf.Wki9HrCVxru", "roles": ["administrator"], "name": null, "email": null, "lastUpdate": 1706194380, "enabled": true, "pwdExpirationDate": null, "pwdUpdateRequired": true}
2024-01-25T14:53:01.559 INFO:teuthology.orchestra.run.smithi170.stdout:/usr/bin/ceph: stderr
2024-01-25T14:52:59.836+0000 7f4b4f49a700 1 Processor -- start
2024-01-25T14:53:01.559 INFO:teuthology.orchestra.run.smithi170.stdout:/usr/bin/ceph: stderr
2024-01-25T14:52:59.836+0000 7f4b4f49a700 1 -- start start
2024-01-25T14:53:01.559 INFO:teuthology.orchestra.run.smithi170.stdout:/usr/bin/ceph: stderr
2024-01-25T14:52:59.837+0000 7f4b4f49a700 1 --2- >> [v2:172.21.15.170:3300/0,v1:172.21.15.170:6789/0] conn(0x7f4b48107b30 0x7f4b48109f20 unknown :-1 s=NONE pgs=0 cs=0 l=0 rev1=0 crypto rx=0 tx=0 comp rx=0 tx=0).connect
2024-01-25T14:53:01.559 INFO:teuthology.orchestra.run.smithi170.stdout:/usr/bin/ceph: stderr
2024-01-25T14:52:59.837+0000 7f4b4f49a700 1 -- --> [v2:172.21.15.170:3300/0,v1:172.21.15.170:6789/0] -- mon_getmap magic: 0 v1 -- 0x7f4b4807ae90 con 0x7f4b48107b30
2024-01-25T14:53:01.559 INFO:teuthology.orchestra.run.smithi170.stdout:/usr/bin/ceph: stderr
2024-01-25T14:52:59.837+0000 7f4b4d236700 1 --2- >> [v2:172.21.15.170:3300/0,v1:172.21.15.170:6789/0] conn(0x7f4b48107b30 0x7f4b48109f20 unknown :-1 s=BANNER_CONNECTING pgs=0 cs=0 l=0 rev1=0 crypto rx=0 tx=0 comp rx=0 tx=0)._handle_peer_banner_payload supported=3 required=0
2024-01-25T14:53:01.559 INFO:teuthology.orchestra.run.smithi170.stdout:/usr/bin/ceph: stderr
2024-01-25T14:52:59.837+0000 7f4b4d236700 1 --2- >> [v2:172.21.15.170:3300/0,v1:172.21.15.170:6789/0] conn(0x7f4b48107b30 0x7f4b48109f20 unknown :-1 s=HELLO_CONNECTING pgs=0 cs=0 l=0 rev1=1 crypto rx=0 tx=0 comp rx=0 tx=0).handle_hello peer v2:172.21.15.170:3300/0 says I am v2:172.21.15.170:51538/0 (socket says 172.21.15.170:51538)
2024-01-25T14:53:01.559 INFO:teuthology.orchestra.run.smithi170.stdout:/usr/bin/ceph: stderr
2024-01-25T14:52:59.837+0000 7f4b4d236700 1 -- 172.21.15.170:0/343670244 learned_addr learned my addr 172.21.15.170:0/343670244 (peer_addr_for_me v2:172.21.15.170:0/0)
2024-01-25T14:53:01.559 INFO:teuthology.orchestra.run.smithi170.stdout:/usr/bin/ceph: stderr
2024-01-25T14:52:59.837+0000 7f4b4d236700 1 -- 172.21.15.170:0/343670244 --> [v2:172.21.15.170:3300/0,v1:172.21.15.170:6789/0] -- mon_subscribe({config=0+,monmap=0+}) v3 -- 0x7f4b4810a460 con 0x7f4b48107b30
2024-01-25T14:53:01.560 INFO:teuthology.orchestra.run.smithi170.stdout:/usr/bin/ceph: stderr
2024-01-25T14:52:59.837+0000 7f4b4d236700 1 --2- 172.21.15.170:0/343670244 >> [v2:172.21.15.170:3300/0,v1:172.21.15.170:6789/0] conn(0x7f4b48107b30 0x7f4b48109f20 secure :-1 s=READY pgs=72 cs=0 l=1 rev1=1 crypto rx=0x7f4b440098a0 tx=0x7f4b44009bb0 comp rx=0 tx=0).ready entity=mon.0 client_cookie=829a7e37cf41340d server_cookie=0 in_seq=0 out_seq=0
2024-01-25T14:53:01.560 INFO:teuthology.orchestra.run.smithi170.stdout:/usr/bin/ceph: stderr
2024-01-25T14:52:59.837+0000 7f4b3ffff700 1 -- 172.21.15.170:0/343670244 <== mon.0 v2:172.21.15.170:3300/0 1 ==== mon_map magic: 0 v1 ==== 205+0+0 (secure 0 0 0) 0x7f4b44004160 con 0x7f4b48107b30
2024-01-25T14:53:01.560 INFO:teuthology.orchestra.run.smithi170.stdout:/usr/bin/ceph: stderr
2024-01-25T14:52:59.837+0000 7f4b3ffff700 1 -- 172.21.15.170:0/343670244 <== mon.0 v2:172.21.15.170:3300/0 2 ==== config(26 keys) v1 ==== 1105+0+0 (secure 0 0 0) 0x7f4b440042c0 con 0x7f4b48107b30
2024-01-25T14:53:01.560 INFO:teuthology.orchestra.run.smithi170.stdout:/usr/bin/ceph: stderr
2024-01-25T14:52:59.837+0000 7f4b3ffff700 1 -- 172.21.15.170:0/343670244 <== mon.0 v2:172.21.15.170:3300/0 3 ==== mon_map magic: 0 v1 ==== 205+0+0 (secure 0 0 0) 0x7f4b440119b0 con 0x7f4b48107b30
2024-01-25T14:53:01.560 INFO:teuthology.orchestra.run.smithi170.stdout:/usr/bin/ceph: stderr
2024-01-25T14:52:59.838+0000 7f4b4f49a700 1 -- 172.21.15.170:0/343670244 >> [v2:172.21.15.170:3300/0,v1:172.21.15.170:6789/0] conn(0x7f4b48107b30 msgr2=0x7f4b48109f20 secure :-1 s=STATE_CONNECTION_ESTABLISHED l=1).mark_down
2024-01-25T14:53:01.560 INFO:teuthology.orchestra.run.smithi170.stdout:/usr/bin/ceph: stderr
2024-01-25T14:52:59.838+0000 7f4b4f49a700 1 --2- 172.21.15.170:0/343670244 >> [v2:172.21.15.170:3300/0,v1:172.21.15.170:6789/0] conn(0x7f4b48107b30 0x7f4b48109f20 secure :-1 s=READY pgs=72 cs=0 l=1 rev1=1 crypto rx=0x7f4b440098a0 tx=0x7f4b44009bb0 comp rx=0 tx=0).stop
2024-01-25T14:53:01.560 INFO:teuthology.orchestra.run.smithi170.stdout:/usr/bin/ceph: stderr
2024-01-25T14:52:59.838+0000 7f4b4f49a700 1 -- 172.21.15.170:0/343670244 shutdown_connections
2024-01-25T14:53:01.560 INFO:teuthology.orchestra.run.smithi170.stdout:/usr/bin/ceph: stderr
2024-01-25T14:52:59.838+0000 7f4b4f49a700 1 --2- 172.21.15.170:0/343670244 >> [v2:172.21.15.170:3300/0,v1:172.21.15.170:6789/0] conn(0x7f4b48107b30 0x7f4b48109f20 unknown :-1 s=CLOSED pgs=72 cs=0 l=1 rev1=1 crypto rx=0 tx=0 comp rx=0 tx=0).stop
2024-01-25T14:53:01.560 INFO:teuthology.orchestra.run.smithi170.stdout:/usr/bin/ceph: stderr
2024-01-25T14:52:59.838+0000 7f4b4f49a700 1 -- 172.21.15.170:0/343670244 >> 172.21.15.170:0/343670244 conn(0x7f4b48101580 msgr2=0x7f4b481039a0 unknown :-1 s=STATE_NONE l=0).mark_down
2024-01-25T14:53:01.560 INFO:teuthology.orchestra.run.smithi170.stdout:/usr/bin/ceph: stderr
2024-01-25T14:52:59.838+0000 7f4b4f49a700 1 -- 172.21.15.170:0/343670244 shutdown_connections
2024-01-25T14:53:01.560 INFO:teuthology.orchestra.run.smithi170.stdout:/usr/bin/ceph: stderr
2024-01-25T14:52:59.838+0000 7f4b4f49a700 1 -- 172.21.15.170:0/343670244 wait complete.
2024-01-25T14:53:01.560 INFO:teuthology.orchestra.run.smithi170.stdout:/usr/bin/ceph: stderr
2024-01-25T14:52:59.839+0000 7f4b4f49a700 1 Processor -- start
2024-01-25T14:53:01.560 INFO:teuthology.orchestra.run.smithi170.stdout:/usr/bin/ceph: stderr
2024-01-25T14:52:59.839+0000 7f4b4f49a700 1 -- start start
2024-01-25T14:53:01.560 INFO:teuthology.orchestra.run.smithi170.stdout:/usr/bin/ceph: stderr
2024-01-25T14:52:59.839+0000 7f4b4f49a700 1 --2- >> [v2:172.21.15.170:3300/0,v1:172.21.15.170:6789/0] conn(0x7f4b48107b30 0x7f4b4819ae30 unknown :-1 s=NONE pgs=0 cs=0 l=1 rev1=0 crypto rx=0 tx=0 comp rx=0 tx=0).connect
2024-01-25T14:53:01.561 INFO:teuthology.orchestra.run.smithi170.stdout:/usr/bin/ceph: stderr
2024-01-25T14:52:59.839+0000 7f4b4f49a700 1 -- --> [v2:172.21.15.170:3300/0,v1:172.21.15.170:6789/0] -- mon_getmap magic: 0 v1 -- 0x7f4b4819b370 con 0x7f4b48107b30
2024-01-25T14:53:01.561 INFO:teuthology.orchestra.run.smithi170.stdout:/usr/bin/ceph: stderr
2024-01-25T14:52:59.839+0000 7f4b4d236700 1 --2- >> [v2:172.21.15.170:3300/0,v1:172.21.15.170:6789/0] conn(0x7f4b48107b30 0x7f4b4819ae30 unknown :-1 s=BANNER_CONNECTING pgs=0 cs=0 l=1 rev1=0 crypto rx=0 tx=0 comp rx=0 tx=0)._handle_peer_banner_payload supported=3 required=0
2024-01-25T14:53:01.561 INFO:teuthology.orchestra.run.smithi170.stdout:/usr/bin/ceph: stderr
2024-01-25T14:52:59.839+0000 7f4b4d236700 1 --2- >> [v2:172.21.15.170:3300/0,v1:172.21.15.170:6789/0] conn(0x7f4b48107b30 0x7f4b4819ae30 unknown :-1 s=HELLO_CONNECTING pgs=0 cs=0 l=1 rev1=1 crypto rx=0 tx=0 comp rx=0 tx=0).handle_hello peer v2:172.21.15.170:3300/0 says I am v2:172.21.15.170:51550/0 (socket says 172.21.15.170:51550)
2024-01-25T14:53:01.561 INFO:teuthology.orchestra.run.smithi170.stdout:/usr/bin/ceph: stderr
2024-01-25T14:52:59.839+0000 7f4b4d236700 1 -- 172.21.15.170:0/3486646932 learned_addr learned my addr 172.21.15.170:0/3486646932 (peer_addr_for_me v2:172.21.15.170:0/0)
2024-01-25T14:53:01.561 INFO:teuthology.orchestra.run.smithi170.stdout:/usr/bin/ceph: stderr
2024-01-25T14:52:59.839+0000 7f4b4d236700 1 -- 172.21.15.170:0/3486646932 --> [v2:172.21.15.170:3300/0,v1:172.21.15.170:6789/0] -- mon_subscribe({config=0+,monmap=0+}) v3 -- 0x7f4b44009550 con 0x7f4b48107b30
2024-01-25T14:53:01.561 INFO:teuthology.orchestra.run.smithi170.stdout:/usr/bin/ceph: stderr
2024-01-25T14:52:59.839+0000 7f4b4d236700 1 --2- 172.21.15.170:0/3486646932 >> [v2:172.21.15.170:3300/0,v1:172.21.15.170:6789/0] conn(0x7f4b48107b30 0x7f4b4819ae30 secure :-1 s=READY pgs=73 cs=0 l=1 rev1=1 crypto rx=0x7f4b44006af0 tx=0x7f4b44011a10 comp rx=0 tx=0).ready entity=mon.0 client_cookie=0 server_cookie=0 in_seq=0 out_seq=0
2024-01-25T14:53:01.561 INFO:teuthology.orchestra.run.smithi170.stdout:/usr/bin/ceph: stderr
2024-01-25T14:52:59.839+0000 7f4b3e7fc700 1 -- 172.21.15.170:0/3486646932 <== mon.0 v2:172.21.15.170:3300/0 1 ==== mon_map magic: 0 v1 ==== 205+0+0 (secure 0 0 0) 0x7f4b44003a40 con 0x7f4b48107b30
2024-01-25T14:53:01.561 INFO:teuthology.orchestra.run.smithi170.stdout:/usr/bin/ceph: stderr
2024-01-25T14:52:59.839+0000 7f4b3e7fc700 1 -- 172.21.15.170:0/3486646932 <== mon.0 v2:172.21.15.170:3300/0 2 ==== config(26 keys) v1 ==== 1105+0+0 (secure 0 0 0) 0x7f4b44003ba0 con 0x7f4b48107b30
2024-01-25T14:53:01.561 INFO:teuthology.orchestra.run.smithi170.stdout:/usr/bin/ceph: stderr
2024-01-25T14:52:59.840+0000 7f4b4f49a700 1 -- 172.21.15.170:0/3486646932 --> [v2:172.21.15.170:3300/0,v1:172.21.15.170:6789/0] -- mon_subscribe({mgrmap=0+}) v3 -- 0x7f4b4819b570 con 0x7f4b48107b30
2024-01-25T14:53:01.561 INFO:teuthology.orchestra.run.smithi170.stdout:/usr/bin/ceph: stderr
2024-01-25T14:52:59.840+0000 7f4b3e7fc700 1 -- 172.21.15.170:0/3486646932 <== mon.0 v2:172.21.15.170:3300/0 3 ==== mon_map magic: 0 v1 ==== 205+0+0 (secure 0 0 0) 0x7f4b440196c0 con 0x7f4b48107b30
2024-01-25T14:53:01.561 INFO:teuthology.orchestra.run.smithi170.stdout:/usr/bin/ceph: stderr
2024-01-25T14:52:59.840+0000 7f4b4f49a700 1 -- 172.21.15.170:0/3486646932 --> [v2:172.21.15.170:3300/0,v1:172.21.15.170:6789/0] -- mon_subscribe({osdmap=0}) v3 -- 0x7f4b4819ba10 con 0x7f4b48107b30
2024-01-25T14:53:01.561 INFO:teuthology.orchestra.run.smithi170.stdout:/usr/bin/ceph: stderr
2024-01-25T14:52:59.840+0000 7f4b3e7fc700 1 -- 172.21.15.170:0/3486646932 <== mon.0 v2:172.21.15.170:3300/0 4 ==== mgrmap(e 12) v1 ==== 45654+0+0 (secure 0 0 0) 0x7f4b44019930 con 0x7f4b48107b30
2024-01-25T14:53:01.561 INFO:teuthology.orchestra.run.smithi170.stdout:/usr/bin/ceph: stderr
2024-01-25T14:52:59.840+0000 7f4b4f49a700 1 -- 172.21.15.170:0/3486646932 --> [v2:172.21.15.170:3300/0,v1:172.21.15.170:6789/0] -- mon_command({"prefix": "get_command_descriptions"} v 0) v1 -- 0x7f4b4810b240 con 0x7f4b48107b30
2024-01-25T14:53:01.561 INFO:teuthology.orchestra.run.smithi170.stdout:/usr/bin/ceph: stderr
2024-01-25T14:52:59.841+0000 7f4b3e7fc700 1 --2- 172.21.15.170:0/3486646932 >> [v2:172.21.15.170:6800/3767785684,v1:172.21.15.170:6801/3767785684] conn(0x7f4b34038aa0 0x7f4b3403af60 unknown :-1 s=NONE pgs=0 cs=0 l=1 rev1=0 crypto rx=0 tx=0 comp rx=0 tx=0).connect
2024-01-25T14:53:01.562 INFO:teuthology.orchestra.run.smithi170.stdout:/usr/bin/ceph: stderr
2024-01-25T14:52:59.841+0000 7f4b3e7fc700 1 -- 172.21.15.170:0/3486646932 <== mon.0 v2:172.21.15.170:3300/0 5 ==== osd_map(3..3 src has 1..3) v4 ==== 1155+0+0 (secure 0 0 0) 0x7f4b4404cf20 con 0x7f4b48107b30
2024-01-25T14:53:01.562 INFO:teuthology.orchestra.run.smithi170.stdout:/usr/bin/ceph: stderr
2024-01-25T14:52:59.841+0000 7f4b4ca35700 1 --2- 172.21.15.170:0/3486646932 >> [v2:172.21.15.170:6800/3767785684,v1:172.21.15.170:6801/3767785684] conn(0x7f4b34038aa0 0x7f4b3403af60 unknown :-1 s=BANNER_CONNECTING pgs=0 cs=0 l=1 rev1=0 crypto rx=0 tx=0 comp rx=0 tx=0)._handle_peer_banner_payload supported=3 required=0
2024-01-25T14:53:01.562 INFO:teuthology.orchestra.run.smithi170.stdout:/usr/bin/ceph: stderr
2024-01-25T14:52:59.841+0000 7f4b4ca35700 1 --2- 172.21.15.170:0/3486646932 >> [v2:172.21.15.170:6800/3767785684,v1:172.21.15.170:6801/3767785684] conn(0x7f4b34038aa0 0x7f4b3403af60 secure :-1 s=READY pgs=8 cs=0 l=1 rev1=1 crypto rx=0x7f4b38006fd0 tx=0x7f4b38006e40 comp rx=0 tx=0).ready entity=mgr.14152 client_cookie=0 server_cookie=0 in_seq=0 out_seq=0
2024-01-25T14:53:01.562 INFO:teuthology.orchestra.run.smithi170.stdout:/usr/bin/ceph: stderr
2024-01-25T14:52:59.845+0000 7f4b3e7fc700 1 -- 172.21.15.170:0/3486646932 <== mon.0 v2:172.21.15.170:3300/0 6 ==== mon_command_ack([{"prefix": "get_command_descriptions"}]=0 v0) v1 ==== 72+0+181732 (secure 0 0 0) 0x7f4b4402b340 con 0x7f4b48107b30
2024-01-25T14:53:01.562 INFO:teuthology.orchestra.run.smithi170.stdout:/usr/bin/ceph: stderr
2024-01-25T14:53:00.074+0000 7f4b4f49a700 1 -- 172.21.15.170:0/3486646932 --> [v2:172.21.15.170:6800/3767785684,v1:172.21.15.170:6801/3767785684] -- mgr_command(tid 0: {"prefix": "dashboard ac-user-create", "username": "admin", "rolename": "administrator", "force_password": true, "pwd_update_required": true, "target": ["mon-mgr", ""]}) v1 -- 0x7f4b48062c30 con 0x7f4b34038aa0
2024-01-25T14:53:01.562 INFO:teuthology.orchestra.run.smithi170.stdout:/usr/bin/ceph: stderr
2024-01-25T14:53:00.298+0000 7f4b3e7fc700 1 -- 172.21.15.170:0/3486646932 <== mgr.14152 v2:172.21.15.170:6800/3767785684 1 ==== mgr_command_reply(tid 0: 0 ) v1 ==== 8+0+252 (secure 0 0 0) 0x7f4b48062c30 con 0x7f4b34038aa0
2024-01-25T14:53:01.562 INFO:teuthology.orchestra.run.smithi170.stdout:/usr/bin/ceph: stderr
2024-01-25T14:53:00.301+0000 7f4b4f49a700 1 -- 172.21.15.170:0/3486646932 >> [v2:172.21.15.170:6800/3767785684,v1:172.21.15.170:6801/3767785684] conn(0x7f4b34038aa0 msgr2=0x7f4b3403af60 secure :-1 s=STATE_CONNECTION_ESTABLISHED l=1).mark_down
2024-01-25T14:53:01.562 INFO:teuthology.orchestra.run.smithi170.stdout:/usr/bin/ceph: stderr
2024-01-25T14:53:00.301+0000 7f4b4f49a700 1 --2- 172.21.15.170:0/3486646932 >> [v2:172.21.15.170:6800/3767785684,v1:172.21.15.170:6801/3767785684] conn(0x7f4b34038aa0 0x7f4b3403af60 secure :-1 s=READY pgs=8 cs=0 l=1 rev1=1 crypto rx=0x7f4b38006fd0 tx=0x7f4b38006e40 comp rx=0 tx=0).stop
2024-01-25T14:53:01.562 INFO:teuthology.orchestra.run.smithi170.stdout:/usr/bin/ceph: stderr
2024-01-25T14:53:00.301+0000 7f4b4f49a700 1 -- 172.21.15.170:0/3486646932 >> [v2:172.21.15.170:3300/0,v1:172.21.15.170:6789/0] conn(0x7f4b48107b30 msgr2=0x7f4b4819ae30 secure :-1 s=STATE_CONNECTION_ESTABLISHED l=1).mark_down
2024-01-25T14:53:01.562 INFO:teuthology.orchestra.run.smithi170.stdout:/usr/bin/ceph: stderr
2024-01-25T14:53:00.301+0000 7f4b4f49a700 1 --2- 172.21.15.170:0/3486646932 >> [v2:172.21.15.170:3300/0,v1:172.21.15.170:6789/0] conn(0x7f4b48107b30 0x7f4b4819ae30 secure :-1 s=READY pgs=73 cs=0 l=1 rev1=1 crypto rx=0x7f4b44006af0 tx=0x7f4b44011a10 comp rx=0 tx=0).stop
2024-01-25T14:53:01.562 INFO:teuthology.orchestra.run.smithi170.stdout:/usr/bin/ceph: stderr
2024-01-25T14:53:00.301+0000 7f4b4f49a700 1 -- 172.21.15.170:0/3486646932 shutdown_connections
2024-01-25T14:53:01.562 INFO:teuthology.orchestra.run.smithi170.stdout:/usr/bin/ceph: stderr
2024-01-25T14:53:00.301+0000 7f4b4f49a700 1 --2- 172.21.15.170:0/3486646932 >> [v2:172.21.15.170:6800/3767785684,v1:172.21.15.170:6801/3767785684] conn(0x7f4b34038aa0 0x7f4b3403af60 unknown :-1 s=CLOSED pgs=8 cs=0 l=1 rev1=1 crypto rx=0 tx=0 comp rx=0 tx=0).stop
2024-01-25T14:53:01.562 INFO:teuthology.orchestra.run.smithi170.stdout:/usr/bin/ceph: stderr
2024-01-25T14:53:00.301+0000 7f4b4f49a700 1 --2- 172.21.15.170:0/3486646932 >> [v2:172.21.15.170:3300/0,v1:172.21.15.170:6789/0] conn(0x7f4b48107b30 0x7f4b4819ae30 unknown :-1 s=CLOSED pgs=73 cs=0 l=1 rev1=1 crypto rx=0 tx=0 comp rx=0 tx=0).stop
2024-01-25T14:53:01.562 INFO:teuthology.orchestra.run.smithi170.stdout:/usr/bin/ceph: stderr
2024-01-25T14:53:00.301+0000 7f4b4f49a700 1 -- 172.21.15.170:0/3486646932 >> 172.21.15.170:0/3486646932 conn(0x7f4b48101580 msgr2=0x7f4b48102050 unknown :-1 s=STATE_NONE l=0).mark_down
2024-01-25T14:53:01.562 INFO:teuthology.orchestra.run.smithi170.stdout:/usr/bin/ceph: stderr
2024-01-25T14:53:00.301+0000 7f4b4f49a700 1 -- 172.21.15.170:0/3486646932 shutdown_connections
2024-01-25T14:53:01.563 INFO:teuthology.orchestra.run.smithi170.stdout:/usr/bin/ceph: stderr
2024-01-25T14:53:00.301+0000 7f4b4f49a700 1 -- 172.21.15.170:0/3486646932 wait complete.
2024-01-25T14:53:01.563 INFO:teuthology.orchestra.run.smithi170.stdout:Fetching dashboard port number...
2024-01-25T14:53:02.473 INFO:journalctl@ceph.mon.a.smithi170.stdout:Jan 25 14:53:02 smithi170 ceph-mon[31899]: from='client.? 172.21.15.170:0/2178275734' entity='client.admin' cmd=[{"prefix": "config get", "who": "mgr", "key": "mgr/dashboard/ssl_server_port"}]: dispatch
2024-01-25T14:53:02.473 INFO:journalctl@ceph.mon.a.smithi170.stdout:Jan 25 14:53:02 smithi170 ceph-mon[31899]: mgrmap e13: x(active, since 6s)
2024-01-25T14:53:02.749 INFO:teuthology.orchestra.run.smithi170.stdout:/usr/bin/ceph: stdout 8443
2024-01-25T14:53:02.750 INFO:teuthology.orchestra.run.smithi170.stdout:/usr/bin/ceph: stderr
2024-01-25T14:53:01.961+0000 7f41b4886700 1 Processor -- start
2024-01-25T14:53:02.750 INFO:teuthology.orchestra.run.smithi170.stdout:/usr/bin/ceph: stderr
2024-01-25T14:53:01.961+0000 7f41b4886700 1 -- start start
2024-01-25T14:53:02.750 INFO:teuthology.orchestra.run.smithi170.stdout:/usr/bin/ceph: stderr
2024-01-25T14:53:01.961+0000 7f41b4886700 1 --2- >> [v2:172.21.15.170:3300/0,v1:172.21.15.170:6789/0] conn(0x7f41b01070c0 0x7f41b01074e0 unknown :-1 s=NONE pgs=0 cs=0 l=0 rev1=0 crypto rx=0 tx=0 comp rx=0 tx=0).connect
2024-01-25T14:53:02.750 INFO:teuthology.orchestra.run.smithi170.stdout:/usr/bin/ceph: stderr
2024-01-25T14:53:01.962+0000 7f41b4886700 1 -- --> [v2:172.21.15.170:3300/0,v1:172.21.15.170:6789/0] -- mon_getmap magic: 0 v1 -- 0x7f41b0107a20 con 0x7f41b01070c0
2024-01-25T14:53:02.750 INFO:teuthology.orchestra.run.smithi170.stdout:/usr/bin/ceph: stderr
2024-01-25T14:53:01.962+0000 7f41ae59c700 1 --2- >> [v2:172.21.15.170:3300/0,v1:172.21.15.170:6789/0] conn(0x7f41b01070c0 0x7f41b01074e0 unknown :-1 s=BANNER_CONNECTING pgs=0 cs=0 l=0 rev1=0 crypto rx=0 tx=0 comp rx=0 tx=0)._handle_peer_banner_payload supported=3 required=0
2024-01-25T14:53:02.750 INFO:teuthology.orchestra.run.smithi170.stdout:/usr/bin/ceph: stderr
2024-01-25T14:53:01.962+0000 7f41ae59c700 1 --2- >> [v2:172.21.15.170:3300/0,v1:172.21.15.170:6789/0] conn(0x7f41b01070c0 0x7f41b01074e0 unknown :-1 s=HELLO_CONNECTING pgs=0 cs=0 l=0 rev1=1 crypto rx=0 tx=0 comp rx=0 tx=0).handle_hello peer v2:172.21.15.170:3300/0 says I am v2:172.21.15.170:51560/0 (socket says 172.21.15.170:51560)
2024-01-25T14:53:02.750 INFO:teuthology.orchestra.run.smithi170.stdout:/usr/bin/ceph: stderr
2024-01-25T14:53:01.962+0000 7f41ae59c700 1 -- 172.21.15.170:0/2513804298 learned_addr learned my addr 172.21.15.170:0/2513804298 (peer_addr_for_me v2:172.21.15.170:0/0)
2024-01-25T14:53:02.750 INFO:teuthology.orchestra.run.smithi170.stdout:/usr/bin/ceph: stderr
2024-01-25T14:53:01.962+0000 7f41ae59c700 1 -- 172.21.15.170:0/2513804298 --> [v2:172.21.15.170:3300/0,v1:172.21.15.170:6789/0] -- mon_subscribe({config=0+,monmap=0+}) v3 -- 0x7f41b0107b60 con 0x7f41b01070c0
2024-01-25T14:53:02.750 INFO:teuthology.orchestra.run.smithi170.stdout:/usr/bin/ceph: stderr
2024-01-25T14:53:01.962+0000 7f41ae59c700 1 --2- 172.21.15.170:0/2513804298 >> [v2:172.21.15.170:3300/0,v1:172.21.15.170:6789/0] conn(0x7f41b01070c0 0x7f41b01074e0 secure :-1 s=READY pgs=74 cs=0 l=1 rev1=1 crypto rx=0x7f41a00098a0 tx=0x7f41a0009bb0 comp rx=0 tx=0).ready entity=mon.0 client_cookie=9dce5e1737cfa6b5 server_cookie=0 in_seq=0 out_seq=0
2024-01-25T14:53:02.750 INFO:teuthology.orchestra.run.smithi170.stdout:/usr/bin/ceph: stderr
2024-01-25T14:53:01.962+0000 7f41ad59a700 1 -- 172.21.15.170:0/2513804298 <== mon.0 v2:172.21.15.170:3300/0 1 ==== mon_map magic: 0 v1 ==== 205+0+0 (secure 0 0 0) 0x7f41a0004160 con 0x7f41b01070c0
2024-01-25T14:53:02.751 INFO:teuthology.orchestra.run.smithi170.stdout:/usr/bin/ceph: stderr
2024-01-25T14:53:01.962+0000 7f41ad59a700 1 -- 172.21.15.170:0/2513804298 <== mon.0 v2:172.21.15.170:3300/0 2 ==== config(26 keys) v1 ==== 1105+0+0 (secure 0 0 0) 0x7f41a00042c0 con 0x7f41b01070c0
2024-01-25T14:53:02.751 INFO:teuthology.orchestra.run.smithi170.stdout:/usr/bin/ceph: stderr
2024-01-25T14:53:01.962+0000 7f41ad59a700 1 -- 172.21.15.170:0/2513804298 <== mon.0 v2:172.21.15.170:3300/0 3 ==== mon_map magic: 0 v1 ==== 205+0+0 (secure 0 0 0) 0x7f41a00119b0 con 0x7f41b01070c0
2024-01-25T14:53:02.751 INFO:teuthology.orchestra.run.smithi170.stdout:/usr/bin/ceph: stderr
2024-01-25T14:53:01.963+0000 7f41b4886700 1 -- 172.21.15.170:0/2513804298 >> [v2:172.21.15.170:3300/0,v1:172.21.15.170:6789/0] conn(0x7f41b01070c0 msgr2=0x7f41b01074e0 secure :-1 s=STATE_CONNECTION_ESTABLISHED l=1).mark_down
2024-01-25T14:53:02.751 INFO:teuthology.orchestra.run.smithi170.stdout:/usr/bin/ceph: stderr
2024-01-25T14:53:01.963+0000 7f41b4886700 1 --2- 172.21.15.170:0/2513804298 >> [v2:172.21.15.170:3300/0,v1:172.21.15.170:6789/0] conn(0x7f41b01070c0 0x7f41b01074e0 secure :-1 s=READY pgs=74 cs=0 l=1 rev1=1 crypto rx=0x7f41a00098a0 tx=0x7f41a0009bb0 comp rx=0 tx=0).stop
2024-01-25T14:53:02.751 INFO:teuthology.orchestra.run.smithi170.stdout:/usr/bin/ceph: stderr
2024-01-25T14:53:01.963+0000 7f41b4886700 1 -- 172.21.15.170:0/2513804298 shutdown_connections
2024-01-25T14:53:02.751 INFO:teuthology.orchestra.run.smithi170.stdout:/usr/bin/ceph: stderr
2024-01-25T14:53:01.963+0000 7f41b4886700 1 --2- 172.21.15.170:0/2513804298 >> [v2:172.21.15.170:3300/0,v1:172.21.15.170:6789/0] conn(0x7f41b01070c0 0x7f41b01074e0 unknown :-1 s=CLOSED pgs=74 cs=0 l=1 rev1=1 crypto rx=0 tx=0 comp rx=0 tx=0).stop
2024-01-25T14:53:02.751 INFO:teuthology.orchestra.run.smithi170.stdout:/usr/bin/ceph: stderr
2024-01-25T14:53:01.963+0000 7f41b4886700 1 -- 172.21.15.170:0/2513804298 >> 172.21.15.170:0/2513804298 conn(0x7f41b0102760 msgr2=0x7f41b0104b80 unknown :-1 s=STATE_NONE l=0).mark_down
2024-01-25T14:53:02.751 INFO:teuthology.orchestra.run.smithi170.stdout:/usr/bin/ceph: stderr
2024-01-25T14:53:01.963+0000 7f41b4886700 1 -- 172.21.15.170:0/2513804298 shutdown_connections
2024-01-25T14:53:02.751 INFO:teuthology.orchestra.run.smithi170.stdout:/usr/bin/ceph: stderr
2024-01-25T14:53:01.963+0000 7f41b4886700 1 -- 172.21.15.170:0/2513804298 wait complete.
2024-01-25T14:53:02.751 INFO:teuthology.orchestra.run.smithi170.stdout:/usr/bin/ceph: stderr
2024-01-25T14:53:01.964+0000 7f41b4886700 1 Processor -- start
2024-01-25T14:53:02.751 INFO:teuthology.orchestra.run.smithi170.stdout:/usr/bin/ceph: stderr
2024-01-25T14:53:01.964+0000 7f41b4886700 1 -- start start
2024-01-25T14:53:02.752 INFO:teuthology.orchestra.run.smithi170.stdout:/usr/bin/ceph: stderr
2024-01-25T14:53:01.964+0000 7f41b4886700 1 --2- >> [v2:172.21.15.170:3300/0,v1:172.21.15.170:6789/0] conn(0x7f41b01070c0 0x7f41b007cb90 unknown :-1 s=NONE pgs=0 cs=0 l=1 rev1=0 crypto rx=0 tx=0 comp rx=0 tx=0).connect
2024-01-25T14:53:02.752 INFO:teuthology.orchestra.run.smithi170.stdout:/usr/bin/ceph: stderr
2024-01-25T14:53:01.964+0000 7f41b4886700 1 -- --> [v2:172.21.15.170:3300/0,v1:172.21.15.170:6789/0] -- mon_getmap magic: 0 v1 -- 0x7f41b007d0d0 con 0x7f41b01070c0
2024-01-25T14:53:02.752 INFO:teuthology.orchestra.run.smithi170.stdout:/usr/bin/ceph: stderr
2024-01-25T14:53:01.964+0000 7f41ae59c700 1 --2- >> [v2:172.21.15.170:3300/0,v1:172.21.15.170:6789/0] conn(0x7f41b01070c0 0x7f41b007cb90 unknown :-1 s=BANNER_CONNECTING pgs=0 cs=0 l=1 rev1=0 crypto rx=0 tx=0 comp rx=0 tx=0)._handle_peer_banner_payload supported=3 required=0
2024-01-25T14:53:02.752 INFO:teuthology.orchestra.run.smithi170.stdout:/usr/bin/ceph: stderr
2024-01-25T14:53:01.964+0000 7f41ae59c700 1 --2- >> [v2:172.21.15.170:3300/0,v1:172.21.15.170:6789/0] conn(0x7f41b01070c0 0x7f41b007cb90 unknown :-1 s=HELLO_CONNECTING pgs=0 cs=0 l=1 rev1=1 crypto rx=0 tx=0 comp rx=0 tx=0).handle_hello peer v2:172.21.15.170:3300/0 says I am v2:172.21.15.170:51568/0 (socket says 172.21.15.170:51568)
2024-01-25T14:53:02.752 INFO:teuthology.orchestra.run.smithi170.stdout:/usr/bin/ceph: stderr
2024-01-25T14:53:01.964+0000 7f41ae59c700 1 -- 172.21.15.170:0/2178275734 learned_addr learned my addr 172.21.15.170:0/2178275734 (peer_addr_for_me v2:172.21.15.170:0/0)
2024-01-25T14:53:02.752 INFO:teuthology.orchestra.run.smithi170.stdout:/usr/bin/ceph: stderr
2024-01-25T14:53:01.964+0000 7f41ae59c700 1 -- 172.21.15.170:0/2178275734 --> [v2:172.21.15.170:3300/0,v1:172.21.15.170:6789/0] -- mon_subscribe({config=0+,monmap=0+}) v3 -- 0x7f41a0009550 con 0x7f41b01070c0
2024-01-25T14:53:02.752 INFO:teuthology.orchestra.run.smithi170.stdout:/usr/bin/ceph: stderr
2024-01-25T14:53:01.965+0000 7f41ae59c700 1 --2- 172.21.15.170:0/2178275734 >> [v2:172.21.15.170:3300/0,v1:172.21.15.170:6789/0] conn(0x7f41b01070c0 0x7f41b007cb90 secure :-1 s=READY pgs=75 cs=0 l=1 rev1=1 crypto rx=0x7f41a0006af0 tx=0x7f41a0011a10 comp rx=0 tx=0).ready entity=mon.0 client_cookie=0 server_cookie=0 in_seq=0 out_seq=0
2024-01-25T14:53:02.752 INFO:teuthology.orchestra.run.smithi170.stdout:/usr/bin/ceph: stderr
2024-01-25T14:53:01.965+0000 7f419f7fe700 1 -- 172.21.15.170:0/2178275734 <== mon.0 v2:172.21.15.170:3300/0 1 ==== mon_map magic: 0 v1 ==== 205+0+0 (secure 0 0 0) 0x7f41a0003a40 con 0x7f41b01070c0
2024-01-25T14:53:02.752 INFO:teuthology.orchestra.run.smithi170.stdout:/usr/bin/ceph: stderr
2024-01-25T14:53:01.965+0000 7f419f7fe700 1 -- 172.21.15.170:0/2178275734 <== mon.0 v2:172.21.15.170:3300/0 2 ==== config(26 keys) v1 ==== 1105+0+0 (secure 0 0 0) 0x7f41a0003ba0 con 0x7f41b01070c0
2024-01-25T14:53:02.752 INFO:teuthology.orchestra.run.smithi170.stdout:/usr/bin/ceph: stderr
2024-01-25T14:53:01.965+0000 7f41b4886700 1 -- 172.21.15.170:0/2178275734 --> [v2:172.21.15.170:3300/0,v1:172.21.15.170:6789/0] -- mon_subscribe({mgrmap=0+}) v3 -- 0x7f41b007b2c0 con 0x7f41b01070c0
2024-01-25T14:53:02.752 INFO:teuthology.orchestra.run.smithi170.stdout:/usr/bin/ceph: stderr
2024-01-25T14:53:01.965+0000 7f419f7fe700 1 -- 172.21.15.170:0/2178275734 <== mon.0 v2:172.21.15.170:3300/0 3 ==== mon_map magic: 0 v1 ==== 205+0+0 (secure 0 0 0) 0x7f41a00196c0 con 0x7f41b01070c0
2024-01-25T14:53:02.753 INFO:teuthology.orchestra.run.smithi170.stdout:/usr/bin/ceph: stderr
2024-01-25T14:53:01.965+0000 7f41b4886700 1 -- 172.21.15.170:0/2178275734 --> [v2:172.21.15.170:3300/0,v1:172.21.15.170:6789/0] -- mon_subscribe({osdmap=0}) v3 -- 0x7f41b007b760 con 0x7f41b01070c0
2024-01-25T14:53:02.753 INFO:teuthology.orchestra.run.smithi170.stdout:/usr/bin/ceph: stderr
2024-01-25T14:53:01.966+0000 7f419f7fe700 1 -- 172.21.15.170:0/2178275734 <== mon.0 v2:172.21.15.170:3300/0 4 ==== mgrmap(e 12) v1 ==== 45654+0+0 (secure 0 0 0) 0x7f41a0019980 con 0x7f41b01070c0
2024-01-25T14:53:02.753 INFO:teuthology.orchestra.run.smithi170.stdout:/usr/bin/ceph: stderr
2024-01-25T14:53:01.966+0000 7f41b4886700 1 -- 172.21.15.170:0/2178275734 --> [v2:172.21.15.170:3300/0,v1:172.21.15.170:6789/0] -- mon_command({"prefix": "get_command_descriptions"} v 0) v1 -- 0x7f41b0062e10 con 0x7f41b01070c0
2024-01-25T14:53:02.753 INFO:teuthology.orchestra.run.smithi170.stdout:/usr/bin/ceph: stderr
2024-01-25T14:53:01.966+0000 7f419f7fe700 1 --2- 172.21.15.170:0/2178275734 >> [v2:172.21.15.170:6800/3767785684,v1:172.21.15.170:6801/3767785684] conn(0x7f4198038a40 0x7f419803af00 unknown :-1 s=NONE pgs=0 cs=0 l=1 rev1=0 crypto rx=0 tx=0 comp rx=0 tx=0).connect
2024-01-25T14:53:02.753 INFO:teuthology.orchestra.run.smithi170.stdout:/usr/bin/ceph: stderr
2024-01-25T14:53:01.966+0000 7f419f7fe700 1 -- 172.21.15.170:0/2178275734 <== mon.0 v2:172.21.15.170:3300/0 5 ==== osd_map(3..3 src has 1..3) v4 ==== 1155+0+0 (secure 0 0 0) 0x7f41a004ce70 con 0x7f41b01070c0
2024-01-25T14:53:02.753 INFO:teuthology.orchestra.run.smithi170.stdout:/usr/bin/ceph: stderr
2024-01-25T14:53:01.966+0000 7f41add9b700 1 --2- 172.21.15.170:0/2178275734 >> [v2:172.21.15.170:6800/3767785684,v1:172.21.15.170:6801/3767785684] conn(0x7f4198038a40 0x7f419803af00 unknown :-1 s=BANNER_CONNECTING pgs=0 cs=0 l=1 rev1=0 crypto rx=0 tx=0 comp rx=0 tx=0)._handle_peer_banner_payload supported=3 required=0
2024-01-25T14:53:02.753 INFO:teuthology.orchestra.run.smithi170.stdout:/usr/bin/ceph: stderr
2024-01-25T14:53:01.966+0000 7f41add9b700 1 --2- 172.21.15.170:0/2178275734 >> [v2:172.21.15.170:6800/3767785684,v1:172.21.15.170:6801/3767785684] conn(0x7f4198038a40 0x7f419803af00 secure :-1 s=READY pgs=9 cs=0 l=1 rev1=1 crypto rx=0x7f41a4006fd0 tx=0x7f41a4006e40 comp rx=0 tx=0).ready entity=mgr.14152 client_cookie=0 server_cookie=0 in_seq=0 out_seq=0
2024-01-25T14:53:02.753 INFO:teuthology.orchestra.run.smithi170.stdout:/usr/bin/ceph: stderr
2024-01-25T14:53:01.971+0000 7f419f7fe700 1 -- 172.21.15.170:0/2178275734 <== mon.0 v2:172.21.15.170:3300/0 6 ==== mon_command_ack([{"prefix": "get_command_descriptions"}]=0 v0) v1 ==== 72+0+181732 (secure 0 0 0) 0x7f41a0018760 con 0x7f41b01070c0
2024-01-25T14:53:02.753 INFO:teuthology.orchestra.run.smithi170.stdout:/usr/bin/ceph: stderr
2024-01-25T14:53:02.168+0000 7f41b4886700 1 -- 172.21.15.170:0/2178275734 --> [v2:172.21.15.170:3300/0,v1:172.21.15.170:6789/0] -- mon_command({"prefix": "config get", "who": "mgr", "key": "mgr/dashboard/ssl_server_port"} v 0) v1 -- 0x7f41b0108f20 con 0x7f41b01070c0
2024-01-25T14:53:02.754 INFO:teuthology.orchestra.run.smithi170.stdout:/usr/bin/ceph: stderr
2024-01-25T14:53:02.168+0000 7f419f7fe700 1 -- 172.21.15.170:0/2178275734 <== mon.0 v2:172.21.15.170:3300/0 7 ==== mon_command_ack([{"prefix": "config get", "who": "mgr", "key": "mgr/dashboard/ssl_server_port"}]=0 v8) v1 ==== 112+0+5 (secure 0 0 0) 0x7f41a0023390 con 0x7f41b01070c0
2024-01-25T14:53:02.754 INFO:teuthology.orchestra.run.smithi170.stdout:/usr/bin/ceph: stderr
2024-01-25T14:53:02.170+0000 7f41b4886700 1 -- 172.21.15.170:0/2178275734 >> [v2:172.21.15.170:6800/3767785684,v1:172.21.15.170:6801/3767785684] conn(0x7f4198038a40 msgr2=0x7f419803af00 secure :-1 s=STATE_CONNECTION_ESTABLISHED l=1).mark_down
2024-01-25T14:53:02.754 INFO:teuthology.orchestra.run.smithi170.stdout:/usr/bin/ceph: stderr
2024-01-25T14:53:02.170+0000 7f41b4886700 1 --2- 172.21.15.170:0/2178275734 >> [v2:172.21.15.170:6800/3767785684,v1:172.21.15.170:6801/3767785684] conn(0x7f4198038a40 0x7f419803af00 secure :-1 s=READY pgs=9 cs=0 l=1 rev1=1 crypto rx=0x7f41a4006fd0 tx=0x7f41a4006e40 comp rx=0 tx=0).stop
2024-01-25T14:53:02.754 INFO:teuthology.orchestra.run.smithi170.stdout:/usr/bin/ceph: stderr
2024-01-25T14:53:02.170+0000 7f41b4886700 1 -- 172.21.15.170:0/2178275734 >> [v2:172.21.15.170:3300/0,v1:172.21.15.170:6789/0] conn(0x7f41b01070c0 msgr2=0x7f41b007cb90 secure :-1 s=STATE_CONNECTION_ESTABLISHED l=1).mark_down
2024-01-25T14:53:02.754 INFO:teuthology.orchestra.run.smithi170.stdout:/usr/bin/ceph: stderr
2024-01-25T14:53:02.170+0000 7f41b4886700 1 --2- 172.21.15.170:0/2178275734 >> [v2:172.21.15.170:3300/0,v1:172.21.15.170:6789/0] conn(0x7f41b01070c0 0x7f41b007cb90 secure :-1 s=READY pgs=75 cs=0 l=1 rev1=1 crypto rx=0x7f41a0006af0 tx=0x7f41a0011a10 comp rx=0 tx=0).stop
2024-01-25T14:53:02.754 INFO:teuthology.orchestra.run.smithi170.stdout:/usr/bin/ceph: stderr
2024-01-25T14:53:02.170+0000 7f41b4886700 1 -- 172.21.15.170:0/2178275734 shutdown_connections
2024-01-25T14:53:02.754 INFO:teuthology.orchestra.run.smithi170.stdout:/usr/bin/ceph: stderr
2024-01-25T14:53:02.170+0000 7f41b4886700 1 --2- 172.21.15.170:0/2178275734 >> [v2:172.21.15.170:6800/3767785684,v1:172.21.15.170:6801/3767785684] conn(0x7f4198038a40 0x7f419803af00 unknown :-1 s=CLOSED pgs=9 cs=0 l=1 rev1=1 crypto rx=0 tx=0 comp rx=0 tx=0).stop
2024-01-25T14:53:02.754 INFO:teuthology.orchestra.run.smithi170.stdout:/usr/bin/ceph: stderr
2024-01-25T14:53:02.170+0000 7f41b4886700 1 --2- 172.21.15.170:0/2178275734 >> [v2:172.21.15.170:3300/0,v1:172.21.15.170:6789/0] conn(0x7f41b01070c0 0x7f41b007cb90 unknown :-1 s=CLOSED pgs=75 cs=0 l=1 rev1=1 crypto rx=0 tx=0 comp rx=0 tx=0).stop
2024-01-25T14:53:02.754 INFO:teuthology.orchestra.run.smithi170.stdout:/usr/bin/ceph: stderr
2024-01-25T14:53:02.170+0000 7f41b4886700 1 -- 172.21.15.170:0/2178275734 >> 172.21.15.170:0/2178275734 conn(0x7f41b0102760 msgr2=0x7f41b01032f0 unknown :-1 s=STATE_NONE l=0).mark_down
2024-01-25T14:53:02.755 INFO:teuthology.orchestra.run.smithi170.stdout:/usr/bin/ceph: stderr
2024-01-25T14:53:02.171+0000 7f41b4886700 1 -- 172.21.15.170:0/2178275734 shutdown_connections
2024-01-25T14:53:02.755 INFO:teuthology.orchestra.run.smithi170.stdout:/usr/bin/ceph: stderr
2024-01-25T14:53:02.171+0000 7f41b4886700 1 -- 172.21.15.170:0/2178275734 wait complete.
2024-01-25T14:53:02.755 INFO:teuthology.orchestra.run.smithi170.stdout:Non-zero exit code 1 from systemctl is-enabled firewalld.service
2024-01-25T14:53:02.755 INFO:teuthology.orchestra.run.smithi170.stdout:systemctl: stdout disabled
2024-01-25T14:53:02.762 INFO:teuthology.orchestra.run.smithi170.stdout:Non-zero exit code 3 from systemctl is-active firewalld.service
2024-01-25T14:53:02.762 INFO:teuthology.orchestra.run.smithi170.stdout:systemctl: stdout inactive
2024-01-25T14:53:02.762 INFO:teuthology.orchestra.run.smithi170.stdout:firewalld.service is not enabled
2024-01-25T14:53:02.762 INFO:teuthology.orchestra.run.smithi170.stdout:Not possible to open ports <[8443]>. firewalld.service is not available
2024-01-25T14:53:02.763 INFO:teuthology.orchestra.run.smithi170.stdout:Ceph Dashboard is now available at:
2024-01-25T14:53:02.764 INFO:teuthology.orchestra.run.smithi170.stdout:
