2024-01-25T15:58:27.887+0000 7f73011d3700 1 -- 172.21.15.33:0/947990632 wait complete.
2024-01-25T15:58:28.314 INFO:teuthology.orchestra.run.smithi033.stdout:Wrote public SSH key to /home/ubuntu/cephtest/ceph.pub
2024-01-25T15:58:28.314 INFO:teuthology.orchestra.run.smithi033.stdout:Adding key to root@localhost authorized_keys...
2024-01-25T15:58:28.314 INFO:teuthology.orchestra.run.smithi033.stdout:Adding host smithi033...
2024-01-25T15:58:28.973 INFO:journalctl@ceph.mon.a.smithi033.stdout:Jan 25 15:58:28 smithi033 ceph-mon[31417]: from='client.14138 -' entity='client.admin' cmd=[{"prefix": "cephadm get-pub-key", "target": ["mon-mgr", ""]}]: dispatch
2024-01-25T15:58:29.941 INFO:journalctl@ceph.mon.a.smithi033.stdout:Jan 25 15:58:29 smithi033 ceph-mon[31417]: from='client.14140 -' entity='client.admin' cmd=[{"prefix": "orch host add", "hostname": "smithi033", "addr": "172.21.15.33", "target": ["mon-mgr", ""]}]: dispatch
2024-01-25T15:58:29.941 INFO:journalctl@ceph.mon.a.smithi033.stdout:Jan 25 15:58:29 smithi033 ceph-mon[31417]: Deploying cephadm binary to smithi033
2024-01-25T15:58:33.795 INFO:teuthology.orchestra.run.smithi033.stdout:/usr/bin/ceph: stdout Added host 'smithi033' with addr '172.21.15.33'
2024-01-25T15:58:33.795 INFO:teuthology.orchestra.run.smithi033.stdout:/usr/bin/ceph: stderr
2024-01-25T15:58:28.757+0000 7fd2551e6700 1 Processor -- start
2024-01-25T15:58:33.796 INFO:teuthology.orchestra.run.smithi033.stdout:/usr/bin/ceph: stderr
2024-01-25T15:58:28.757+0000 7fd2551e6700 1 -- start start
2024-01-25T15:58:33.796 INFO:teuthology.orchestra.run.smithi033.stdout:/usr/bin/ceph: stderr
2024-01-25T15:58:28.757+0000 7fd2551e6700 1 --2- >> [v2:172.21.15.33:3300/0,v1:172.21.15.33:6789/0] conn(0x7fd250107cd0 0x7fd25010a0c0 unknown :-1 s=NONE pgs=0 cs=0 l=0 rev1=0 crypto rx=0 tx=0 comp rx=0 tx=0).connect
2024-01-25T15:58:33.796 INFO:teuthology.orchestra.run.smithi033.stdout:/usr/bin/ceph: stderr
2024-01-25T15:58:28.757+0000 7fd2551e6700 1 -- --> [v2:172.21.15.33:3300/0,v1:172.21.15.33:6789/0] -- mon_getmap magic: 0 v1 -- 0x7fd25007ae60 con 0x7fd250107cd0
2024-01-25T15:58:33.796 INFO:teuthology.orchestra.run.smithi033.stdout:/usr/bin/ceph: stderr
2024-01-25T15:58:28.757+0000 7fd24ed9d700 1 --2- >> [v2:172.21.15.33:3300/0,v1:172.21.15.33:6789/0] conn(0x7fd250107cd0 0x7fd25010a0c0 unknown :-1 s=BANNER_CONNECTING pgs=0 cs=0 l=0 rev1=0 crypto rx=0 tx=0 comp rx=0 tx=0)._handle_peer_banner_payload supported=3 required=0
2024-01-25T15:58:33.796 INFO:teuthology.orchestra.run.smithi033.stdout:/usr/bin/ceph: stderr
2024-01-25T15:58:28.757+0000 7fd24ed9d700 1 --2- >> [v2:172.21.15.33:3300/0,v1:172.21.15.33:6789/0] conn(0x7fd250107cd0 0x7fd25010a0c0 unknown :-1 s=HELLO_CONNECTING pgs=0 cs=0 l=0 rev1=1 crypto rx=0 tx=0 comp rx=0 tx=0).handle_hello peer v2:172.21.15.33:3300/0 says I am v2:172.21.15.33:51772/0 (socket says 172.21.15.33:51772)
2024-01-25T15:58:33.796 INFO:teuthology.orchestra.run.smithi033.stdout:/usr/bin/ceph: stderr
2024-01-25T15:58:28.757+0000 7fd24ed9d700 1 -- 172.21.15.33:0/3207845112 learned_addr learned my addr 172.21.15.33:0/3207845112 (peer_addr_for_me v2:172.21.15.33:0/0)
2024-01-25T15:58:33.796 INFO:teuthology.orchestra.run.smithi033.stdout:/usr/bin/ceph: stderr
2024-01-25T15:58:28.757+0000 7fd24ed9d700 1 -- 172.21.15.33:0/3207845112 --> [v2:172.21.15.33:3300/0,v1:172.21.15.33:6789/0] -- mon_subscribe({config=0+,monmap=0+}) v3 -- 0x7fd25010a600 con 0x7fd250107cd0
2024-01-25T15:58:33.797 INFO:teuthology.orchestra.run.smithi033.stdout:/usr/bin/ceph: stderr
2024-01-25T15:58:28.758+0000 7fd24ed9d700 1 --2- 172.21.15.33:0/3207845112 >> [v2:172.21.15.33:3300/0,v1:172.21.15.33:6789/0] conn(0x7fd250107cd0 0x7fd25010a0c0 secure :-1 s=READY pgs=45 cs=0 l=1 rev1=1 crypto rx=0x7fd2400098a0 tx=0x7fd240009bb0 comp rx=0 tx=0).ready entity=mon.0 client_cookie=55c1a50a616f7319 server_cookie=0 in_seq=0 out_seq=0
2024-01-25T15:58:33.797 INFO:teuthology.orchestra.run.smithi033.stdout:/usr/bin/ceph: stderr
2024-01-25T15:58:28.758+0000 7fd24dd9b700 1 -- 172.21.15.33:0/3207845112 <== mon.0 v2:172.21.15.33:3300/0 1 ==== mon_map magic: 0 v1 ==== 205+0+0 (secure 0 0 0) 0x7fd240004160 con 0x7fd250107cd0
2024-01-25T15:58:33.797 INFO:teuthology.orchestra.run.smithi033.stdout:/usr/bin/ceph: stderr
2024-01-25T15:58:28.758+0000 7fd24dd9b700 1 -- 172.21.15.33:0/3207845112 <== mon.0 v2:172.21.15.33:3300/0 2 ==== config(26 keys) v1 ==== 1074+0+0 (secure 0 0 0) 0x7fd2400042c0 con 0x7fd250107cd0
2024-01-25T15:58:33.797 INFO:teuthology.orchestra.run.smithi033.stdout:/usr/bin/ceph: stderr
2024-01-25T15:58:28.758+0000 7fd24dd9b700 1 -- 172.21.15.33:0/3207845112 <== mon.0 v2:172.21.15.33:3300/0 3 ==== mon_map magic: 0 v1 ==== 205+0+0 (secure 0 0 0) 0x7fd240011a00 con 0x7fd250107cd0
2024-01-25T15:58:33.797 INFO:teuthology.orchestra.run.smithi033.stdout:/usr/bin/ceph: stderr
2024-01-25T15:58:28.758+0000 7fd2551e6700 1 -- 172.21.15.33:0/3207845112 >> [v2:172.21.15.33:3300/0,v1:172.21.15.33:6789/0] conn(0x7fd250107cd0 msgr2=0x7fd25010a0c0 secure :-1 s=STATE_CONNECTION_ESTABLISHED l=1).mark_down
2024-01-25T15:58:33.797 INFO:teuthology.orchestra.run.smithi033.stdout:/usr/bin/ceph: stderr
2024-01-25T15:58:28.758+0000 7fd2551e6700 1 --2- 172.21.15.33:0/3207845112 >> [v2:172.21.15.33:3300/0,v1:172.21.15.33:6789/0] conn(0x7fd250107cd0 0x7fd25010a0c0 secure :-1 s=READY pgs=45 cs=0 l=1 rev1=1 crypto rx=0x7fd2400098a0 tx=0x7fd240009bb0 comp rx=0 tx=0).stop
2024-01-25T15:58:33.797 INFO:teuthology.orchestra.run.smithi033.stdout:/usr/bin/ceph: stderr
2024-01-25T15:58:28.758+0000 7fd2551e6700 1 -- 172.21.15.33:0/3207845112 shutdown_connections
2024-01-25T15:58:33.797 INFO:teuthology.orchestra.run.smithi033.stdout:/usr/bin/ceph: stderr
2024-01-25T15:58:28.758+0000 7fd2551e6700 1 --2- 172.21.15.33:0/3207845112 >> [v2:172.21.15.33:3300/0,v1:172.21.15.33:6789/0] conn(0x7fd250107cd0 0x7fd25010a0c0 unknown :-1 s=CLOSED pgs=45 cs=0 l=1 rev1=1 crypto rx=0 tx=0 comp rx=0 tx=0).stop
2024-01-25T15:58:33.798 INFO:teuthology.orchestra.run.smithi033.stdout:/usr/bin/ceph: stderr
2024-01-25T15:58:28.758+0000 7fd2551e6700 1 -- 172.21.15.33:0/3207845112 >> 172.21.15.33:0/3207845112 conn(0x7fd2501016e0 msgr2=0x7fd250103b00 unknown :-1 s=STATE_NONE l=0).mark_down
2024-01-25T15:58:33.798 INFO:teuthology.orchestra.run.smithi033.stdout:/usr/bin/ceph: stderr
2024-01-25T15:58:28.758+0000 7fd2551e6700 1 -- 172.21.15.33:0/3207845112 shutdown_connections
2024-01-25T15:58:33.798 INFO:teuthology.orchestra.run.smithi033.stdout:/usr/bin/ceph: stderr
2024-01-25T15:58:28.759+0000 7fd2551e6700 1 -- 172.21.15.33:0/3207845112 wait complete.
2024-01-25T15:58:33.798 INFO:teuthology.orchestra.run.smithi033.stdout:/usr/bin/ceph: stderr
2024-01-25T15:58:28.759+0000 7fd2551e6700 1 Processor -- start
2024-01-25T15:58:33.798 INFO:teuthology.orchestra.run.smithi033.stdout:/usr/bin/ceph: stderr
2024-01-25T15:58:28.759+0000 7fd2551e6700 1 -- start start
2024-01-25T15:58:33.798 INFO:teuthology.orchestra.run.smithi033.stdout:/usr/bin/ceph: stderr
2024-01-25T15:58:28.760+0000 7fd2551e6700 1 --2- >> [v2:172.21.15.33:3300/0,v1:172.21.15.33:6789/0] conn(0x7fd250107cd0 0x7fd25019aed0 unknown :-1 s=NONE pgs=0 cs=0 l=1 rev1=0 crypto rx=0 tx=0 comp rx=0 tx=0).connect
2024-01-25T15:58:33.798 INFO:teuthology.orchestra.run.smithi033.stdout:/usr/bin/ceph: stderr
2024-01-25T15:58:28.760+0000 7fd2551e6700 1 -- --> [v2:172.21.15.33:3300/0,v1:172.21.15.33:6789/0] -- mon_getmap magic: 0 v1 -- 0x7fd25019b410 con 0x7fd250107cd0
2024-01-25T15:58:33.798 INFO:teuthology.orchestra.run.smithi033.stdout:/usr/bin/ceph: stderr
2024-01-25T15:58:28.760+0000 7fd24ed9d700 1 --2- >> [v2:172.21.15.33:3300/0,v1:172.21.15.33:6789/0] conn(0x7fd250107cd0 0x7fd25019aed0 unknown :-1 s=BANNER_CONNECTING pgs=0 cs=0 l=1 rev1=0 crypto rx=0 tx=0 comp rx=0 tx=0)._handle_peer_banner_payload supported=3 required=0
2024-01-25T15:58:33.798 INFO:teuthology.orchestra.run.smithi033.stdout:/usr/bin/ceph: stderr
2024-01-25T15:58:28.760+0000 7fd24ed9d700 1 --2- >> [v2:172.21.15.33:3300/0,v1:172.21.15.33:6789/0] conn(0x7fd250107cd0 0x7fd25019aed0 unknown :-1 s=HELLO_CONNECTING pgs=0 cs=0 l=1 rev1=1 crypto rx=0 tx=0 comp rx=0 tx=0).handle_hello peer v2:172.21.15.33:3300/0 says I am v2:172.21.15.33:51786/0 (socket says 172.21.15.33:51786)
2024-01-25T15:58:33.798 INFO:teuthology.orchestra.run.smithi033.stdout:/usr/bin/ceph: stderr
2024-01-25T15:58:28.760+0000 7fd24ed9d700 1 -- 172.21.15.33:0/2395056725 learned_addr learned my addr 172.21.15.33:0/2395056725 (peer_addr_for_me v2:172.21.15.33:0/0)
2024-01-25T15:58:33.798 INFO:teuthology.orchestra.run.smithi033.stdout:/usr/bin/ceph: stderr
2024-01-25T15:58:28.760+0000 7fd24ed9d700 1 -- 172.21.15.33:0/2395056725 --> [v2:172.21.15.33:3300/0,v1:172.21.15.33:6789/0] -- mon_subscribe({config=0+,monmap=0+}) v3 -- 0x7fd240009550 con 0x7fd250107cd0
2024-01-25T15:58:33.798 INFO:teuthology.orchestra.run.smithi033.stdout:/usr/bin/ceph: stderr
2024-01-25T15:58:28.760+0000 7fd24ed9d700 1 --2- 172.21.15.33:0/2395056725 >> [v2:172.21.15.33:3300/0,v1:172.21.15.33:6789/0] conn(0x7fd250107cd0 0x7fd25019aed0 secure :-1 s=READY pgs=46 cs=0 l=1 rev1=1 crypto rx=0x7fd240009130 tx=0x7fd240011ad0 comp rx=0 tx=0).ready entity=mon.0 client_cookie=0 server_cookie=0 in_seq=0 out_seq=0
2024-01-25T15:58:33.799 INFO:teuthology.orchestra.run.smithi033.stdout:/usr/bin/ceph: stderr
2024-01-25T15:58:28.760+0000 7fd237fff700 1 -- 172.21.15.33:0/2395056725 <== mon.0 v2:172.21.15.33:3300/0 1 ==== mon_map magic: 0 v1 ==== 205+0+0 (secure 0 0 0) 0x7fd240003b70 con 0x7fd250107cd0
2024-01-25T15:58:33.799 INFO:teuthology.orchestra.run.smithi033.stdout:/usr/bin/ceph: stderr
2024-01-25T15:58:28.760+0000 7fd237fff700 1 -- 172.21.15.33:0/2395056725 <== mon.0 v2:172.21.15.33:3300/0 2 ==== config(26 keys) v1 ==== 1074+0+0 (secure 0 0 0) 0x7fd240003cd0 con 0x7fd250107cd0
2024-01-25T15:58:33.799 INFO:teuthology.orchestra.run.smithi033.stdout:/usr/bin/ceph: stderr
2024-01-25T15:58:28.760+0000 7fd2551e6700 1 -- 172.21.15.33:0/2395056725 --> [v2:172.21.15.33:3300/0,v1:172.21.15.33:6789/0] -- mon_subscribe({mgrmap=0+}) v3 -- 0x7fd25019b610 con 0x7fd250107cd0
2024-01-25T15:58:33.799 INFO:teuthology.orchestra.run.smithi033.stdout:/usr/bin/ceph: stderr
2024-01-25T15:58:28.760+0000 7fd237fff700 1 -- 172.21.15.33:0/2395056725 <== mon.0 v2:172.21.15.33:3300/0 3 ==== mon_map magic: 0 v1 ==== 205+0+0 (secure 0 0 0) 0x7fd2400197d0 con 0x7fd250107cd0
2024-01-25T15:58:33.799 INFO:teuthology.orchestra.run.smithi033.stdout:/usr/bin/ceph: stderr
2024-01-25T15:58:28.760+0000 7fd2551e6700 1 -- 172.21.15.33:0/2395056725 --> [v2:172.21.15.33:3300/0,v1:172.21.15.33:6789/0] -- mon_subscribe({osdmap=0}) v3 -- 0x7fd25019bab0 con 0x7fd250107cd0
2024-01-25T15:58:33.799 INFO:teuthology.orchestra.run.smithi033.stdout:/usr/bin/ceph: stderr
2024-01-25T15:58:28.761+0000 7fd237fff700 1 -- 172.21.15.33:0/2395056725 <== mon.0 v2:172.21.15.33:3300/0 4 ==== mgrmap(e 8) v1 ==== 45641+0+0 (secure 0 0 0) 0x7fd240019a10 con 0x7fd250107cd0
2024-01-25T15:58:33.799 INFO:teuthology.orchestra.run.smithi033.stdout:/usr/bin/ceph: stderr
2024-01-25T15:58:28.761+0000 7fd237fff700 1 --2- 172.21.15.33:0/2395056725 >> [v2:172.21.15.33:6800/2443786608,v1:172.21.15.33:6801/2443786608] conn(0x7fd238038a40 0x7fd23803af00 unknown :-1 s=NONE pgs=0 cs=0 l=1 rev1=0 crypto rx=0 tx=0 comp rx=0 tx=0).connect
2024-01-25T15:58:33.799 INFO:teuthology.orchestra.run.smithi033.stdout:/usr/bin/ceph: stderr
2024-01-25T15:58:28.761+0000 7fd2551e6700 1 -- 172.21.15.33:0/2395056725 --> [v2:172.21.15.33:3300/0,v1:172.21.15.33:6789/0] -- mon_command({"prefix": "get_command_descriptions"} v 0) v1 -- 0x7fd25010b330 con 0x7fd250107cd0
2024-01-25T15:58:33.799 INFO:teuthology.orchestra.run.smithi033.stdout:/usr/bin/ceph: stderr
2024-01-25T15:58:28.762+0000 7fd237fff700 1 -- 172.21.15.33:0/2395056725 <== mon.0 v2:172.21.15.33:3300/0 5 ==== osd_map(2..2 src has 1..2) v4 ==== 940+0+0 (secure 0 0 0) 0x7fd24004ccd0 con 0x7fd250107cd0
2024-01-25T15:58:33.799 INFO:teuthology.orchestra.run.smithi033.stdout:/usr/bin/ceph: stderr
2024-01-25T15:58:28.762+0000 7fd24e59c700 1 --2- 172.21.15.33:0/2395056725 >> [v2:172.21.15.33:6800/2443786608,v1:172.21.15.33:6801/2443786608] conn(0x7fd238038a40 0x7fd23803af00 unknown :-1 s=BANNER_CONNECTING pgs=0 cs=0 l=1 rev1=0 crypto rx=0 tx=0 comp rx=0 tx=0)._handle_peer_banner_payload supported=3 required=0
2024-01-25T15:58:33.799 INFO:teuthology.orchestra.run.smithi033.stdout:/usr/bin/ceph: stderr
2024-01-25T15:58:28.762+0000 7fd24e59c700 1 --2- 172.21.15.33:0/2395056725 >> [v2:172.21.15.33:6800/2443786608,v1:172.21.15.33:6801/2443786608] conn(0x7fd238038a40 0x7fd23803af00 secure :-1 s=READY pgs=11 cs=0 l=1 rev1=1 crypto rx=0x7fd244006fd0 tx=0x7fd244006e40 comp rx=0 tx=0).ready entity=mgr.14120 client_cookie=0 server_cookie=0 in_seq=0 out_seq=0
2024-01-25T15:58:33.799 INFO:teuthology.orchestra.run.smithi033.stdout:/usr/bin/ceph: stderr
2024-01-25T15:58:28.766+0000 7fd237fff700 1 -- 172.21.15.33:0/2395056725 <== mon.0 v2:172.21.15.33:3300/0 6 ==== mon_command_ack([{"prefix": "get_command_descriptions"}]=0 v0) v1 ==== 72+0+181732 (secure 0 0 0) 0x7fd240018db0 con 0x7fd250107cd0
2024-01-25T15:58:33.799 INFO:teuthology.orchestra.run.smithi033.stdout:/usr/bin/ceph: stderr
2024-01-25T15:58:28.970+0000 7fd2551e6700 1 -- 172.21.15.33:0/2395056725 --> [v2:172.21.15.33:6800/2443786608,v1:172.21.15.33:6801/2443786608] -- mgr_command(tid 0: {"prefix": "orch host add", "hostname": "smithi033", "addr": "172.21.15.33", "target": ["mon-mgr", ""]}) v1 -- 0x7fd250102930 con 0x7fd238038a40
2024-01-25T15:58:33.799 INFO:teuthology.orchestra.run.smithi033.stdout:/usr/bin/ceph: stderr
2024-01-25T15:58:33.224+0000 7fd237fff700 1 -- 172.21.15.33:0/2395056725 <== mgr.14120 v2:172.21.15.33:6800/2443786608 1 ==== mgr_command_reply(tid 0: 0 ) v1 ==== 8+0+48 (secure 0 0 0) 0x7fd250102930 con 0x7fd238038a40
2024-01-25T15:58:33.800 INFO:teuthology.orchestra.run.smithi033.stdout:/usr/bin/ceph: stderr
2024-01-25T15:58:33.226+0000 7fd2551e6700 1 -- 172.21.15.33:0/2395056725 >> [v2:172.21.15.33:6800/2443786608,v1:172.21.15.33:6801/2443786608] conn(0x7fd238038a40 msgr2=0x7fd23803af00 secure :-1 s=STATE_CONNECTION_ESTABLISHED l=1).mark_down
2024-01-25T15:58:33.800 INFO:teuthology.orchestra.run.smithi033.stdout:/usr/bin/ceph: stderr
2024-01-25T15:58:33.226+0000 7fd2551e6700 1 --2- 172.21.15.33:0/2395056725 >> [v2:172.21.15.33:6800/2443786608,v1:172.21.15.33:6801/2443786608] conn(0x7fd238038a40 0x7fd23803af00 secure :-1 s=READY pgs=11 cs=0 l=1 rev1=1 crypto rx=0x7fd244006fd0 tx=0x7fd244006e40 comp rx=0 tx=0).stop
2024-01-25T15:58:33.800 INFO:teuthology.orchestra.run.smithi033.stdout:/usr/bin/ceph: stderr
2024-01-25T15:58:33.226+0000 7fd2551e6700 1 -- 172.21.15.33:0/2395056725 >> [v2:172.21.15.33:3300/0,v1:172.21.15.33:6789/0] conn(0x7fd250107cd0 msgr2=0x7fd25019aed0 secure :-1 s=STATE_CONNECTION_ESTABLISHED l=1).mark_down
2024-01-25T15:58:33.800 INFO:teuthology.orchestra.run.smithi033.stdout:/usr/bin/ceph: stderr
2024-01-25T15:58:33.226+0000 7fd2551e6700 1 --2- 172.21.15.33:0/2395056725 >> [v2:172.21.15.33:3300/0,v1:172.21.15.33:6789/0] conn(0x7fd250107cd0 0x7fd25019aed0 secure :-1 s=READY pgs=46 cs=0 l=1 rev1=1 crypto rx=0x7fd240009130 tx=0x7fd240011ad0 comp rx=0 tx=0).stop
2024-01-25T15:58:33.800 INFO:teuthology.orchestra.run.smithi033.stdout:/usr/bin/ceph: stderr
2024-01-25T15:58:33.226+0000 7fd2551e6700 1 -- 172.21.15.33:0/2395056725 shutdown_connections
2024-01-25T15:58:33.800 INFO:teuthology.orchestra.run.smithi033.stdout:/usr/bin/ceph: stderr
2024-01-25T15:58:33.226+0000 7fd2551e6700 1 --2- 172.21.15.33:0/2395056725 >> [v2:172.21.15.33:6800/2443786608,v1:172.21.15.33:6801/2443786608] conn(0x7fd238038a40 0x7fd23803af00 unknown :-1 s=CLOSED pgs=11 cs=0 l=1 rev1=1 crypto rx=0 tx=0 comp rx=0 tx=0).stop
2024-01-25T15:58:33.800 INFO:teuthology.orchestra.run.smithi033.stdout:/usr/bin/ceph: stderr
2024-01-25T15:58:33.226+0000 7fd2551e6700 1 --2- 172.21.15.33:0/2395056725 >> [v2:172.21.15.33:3300/0,v1:172.21.15.33:6789/0] conn(0x7fd250107cd0 0x7fd25019aed0 unknown :-1 s=CLOSED pgs=46 cs=0 l=1 rev1=1 crypto rx=0 tx=0 comp rx=0 tx=0).stop
2024-01-25T15:58:33.800 INFO:teuthology.orchestra.run.smithi033.stdout:/usr/bin/ceph: stderr
2024-01-25T15:58:33.226+0000 7fd2551e6700 1 -- 172.21.15.33:0/2395056725 >> 172.21.15.33:0/2395056725 conn(0x7fd2501016e0 msgr2=0x7fd250102220 unknown :-1 s=STATE_NONE l=0).mark_down
2024-01-25T15:58:33.800 INFO:teuthology.orchestra.run.smithi033.stdout:/usr/bin/ceph: stderr
2024-01-25T15:58:33.226+0000 7fd2551e6700 1 -- 172.21.15.33:0/2395056725 shutdown_connections
2024-01-25T15:58:33.800 INFO:teuthology.orchestra.run.smithi033.stdout:/usr/bin/ceph: stderr
2024-01-25T15:58:33.226+0000 7fd2551e6700 1 -- 172.21.15.33:0/2395056725 wait complete.
2024-01-25T15:58:33.801 INFO:teuthology.orchestra.run.smithi033.stdout:Deploying unmanaged mon service...
2024-01-25T15:58:34.314 INFO:journalctl@ceph.mon.a.smithi033.stdout:Jan 25 15:58:34 smithi033 ceph-mon[31417]: from='mgr.14120 172.21.15.33:0/3864362858' entity='mgr.x'
2024-01-25T15:58:34.314 INFO:journalctl@ceph.mon.a.smithi033.stdout:Jan 25 15:58:34 smithi033 ceph-mon[31417]: Added host smithi033
2024-01-25T15:58:34.314 INFO:journalctl@ceph.mon.a.smithi033.stdout:Jan 25 15:58:34 smithi033 ceph-mon[31417]: from='mgr.14120 172.21.15.33:0/3864362858' entity='mgr.x' cmd=[{"prefix": "config dump", "format": "json"}]: dispatch
2024-01-25T15:58:35.167 INFO:teuthology.orchestra.run.smithi033.stdout:/usr/bin/ceph: stdout Scheduled mon update...
2024-01-25T15:58:35.167 INFO:teuthology.orchestra.run.smithi033.stdout:/usr/bin/ceph: stderr
2024-01-25T15:58:34.239+0000 7f82b082f700 1 Processor -- start
2024-01-25T15:58:35.168 INFO:teuthology.orchestra.run.smithi033.stdout:/usr/bin/ceph: stderr
2024-01-25T15:58:34.239+0000 7f82b082f700 1 -- start start
2024-01-25T15:58:35.168 INFO:teuthology.orchestra.run.smithi033.stdout:/usr/bin/ceph: stderr
2024-01-25T15:58:34.239+0000 7f82b082f700 1 --2- >> [v2:172.21.15.33:3300/0,v1:172.21.15.33:6789/0] conn(0x7f82ac07ce10 0x7f82ac07b310 unknown :-1 s=NONE pgs=0 cs=0 l=0 rev1=0 crypto rx=0 tx=0 comp rx=0 tx=0).connect
2024-01-25T15:58:35.168 INFO:teuthology.orchestra.run.smithi033.stdout:/usr/bin/ceph: stderr
2024-01-25T15:58:34.239+0000 7f82b082f700 1 -- --> [v2:172.21.15.33:3300/0,v1:172.21.15.33:6789/0] -- mon_getmap magic: 0 v1 -- 0x7f82ac07b850 con 0x7f82ac07ce10
2024-01-25T15:58:35.168 INFO:teuthology.orchestra.run.smithi033.stdout:/usr/bin/ceph: stderr
2024-01-25T15:58:34.240+0000 7f82aa59c700 1 --2- >> [v2:172.21.15.33:3300/0,v1:172.21.15.33:6789/0] conn(0x7f82ac07ce10 0x7f82ac07b310 unknown :-1 s=BANNER_CONNECTING pgs=0 cs=0 l=0 rev1=0 crypto rx=0 tx=0 comp rx=0 tx=0)._handle_peer_banner_payload supported=3 required=0
2024-01-25T15:58:35.168 INFO:teuthology.orchestra.run.smithi033.stdout:/usr/bin/ceph: stderr
2024-01-25T15:58:34.240+0000 7f82aa59c700 1 --2- >> [v2:172.21.15.33:3300/0,v1:172.21.15.33:6789/0] conn(0x7f82ac07ce10 0x7f82ac07b310 unknown :-1 s=HELLO_CONNECTING pgs=0 cs=0 l=0 rev1=1 crypto rx=0 tx=0 comp rx=0 tx=0).handle_hello peer v2:172.21.15.33:3300/0 says I am v2:172.21.15.33:51794/0 (socket says 172.21.15.33:51794)
2024-01-25T15:58:35.168 INFO:teuthology.orchestra.run.smithi033.stdout:/usr/bin/ceph: stderr
2024-01-25T15:58:34.240+0000 7f82aa59c700 1 -- 172.21.15.33:0/2374332072 learned_addr learned my addr 172.21.15.33:0/2374332072 (peer_addr_for_me v2:172.21.15.33:0/0)
2024-01-25T15:58:35.168 INFO:teuthology.orchestra.run.smithi033.stdout:/usr/bin/ceph: stderr
2024-01-25T15:58:34.240+0000 7f82aa59c700 1 -- 172.21.15.33:0/2374332072 --> [v2:172.21.15.33:3300/0,v1:172.21.15.33:6789/0] -- mon_subscribe({config=0+,monmap=0+}) v3 -- 0x7f82ac07b990 con 0x7f82ac07ce10
2024-01-25T15:58:35.168 INFO:teuthology.orchestra.run.smithi033.stdout:/usr/bin/ceph: stderr
2024-01-25T15:58:34.240+0000 7f82aa59c700 1 --2- 172.21.15.33:0/2374332072 >> [v2:172.21.15.33:3300/0,v1:172.21.15.33:6789/0] conn(0x7f82ac07ce10 0x7f82ac07b310 secure :-1 s=READY pgs=47 cs=0 l=1 rev1=1 crypto rx=0x7f829c0098a0 tx=0x7f829c009bb0 comp rx=0 tx=0).ready entity=mon.0 client_cookie=f72a760f2cb3dea6 server_cookie=0 in_seq=0 out_seq=0
2024-01-25T15:58:35.168 INFO:teuthology.orchestra.run.smithi033.stdout:/usr/bin/ceph: stderr
2024-01-25T15:58:34.240+0000 7f82a959a700 1 -- 172.21.15.33:0/2374332072 <== mon.0 v2:172.21.15.33:3300/0 1 ==== mon_map magic: 0 v1 ==== 205+0+0 (secure 0 0 0) 0x7f829c004160 con 0x7f82ac07ce10
2024-01-25T15:58:35.168 INFO:teuthology.orchestra.run.smithi033.stdout:/usr/bin/ceph: stderr
2024-01-25T15:58:34.240+0000 7f82a959a700 1 -- 172.21.15.33:0/2374332072 <== mon.0 v2:172.21.15.33:3300/0 2 ==== config(26 keys) v1 ==== 1074+0+0 (secure 0 0 0) 0x7f829c0042c0 con 0x7f82ac07ce10
2024-01-25T15:58:35.168 INFO:teuthology.orchestra.run.smithi033.stdout:/usr/bin/ceph: stderr
2024-01-25T15:58:34.240+0000 7f82a959a700 1 -- 172.21.15.33:0/2374332072 <== mon.0 v2:172.21.15.33:3300/0 3 ==== mon_map magic: 0 v1 ==== 205+0+0 (secure 0 0 0) 0x7f829c011a00 con 0x7f82ac07ce10
2024-01-25T15:58:35.168 INFO:teuthology.orchestra.run.smithi033.stdout:/usr/bin/ceph: stderr
2024-01-25T15:58:34.241+0000 7f82b082f700 1 -- 172.21.15.33:0/2374332072 >> [v2:172.21.15.33:3300/0,v1:172.21.15.33:6789/0] conn(0x7f82ac07ce10 msgr2=0x7f82ac07b310 secure :-1 s=STATE_CONNECTION_ESTABLISHED l=1).mark_down
2024-01-25T15:58:35.169 INFO:teuthology.orchestra.run.smithi033.stdout:/usr/bin/ceph: stderr
2024-01-25T15:58:34.241+0000 7f82b082f700 1 --2- 172.21.15.33:0/2374332072 >> [v2:172.21.15.33:3300/0,v1:172.21.15.33:6789/0] conn(0x7f82ac07ce10 0x7f82ac07b310 secure :-1 s=READY pgs=47 cs=0 l=1 rev1=1 crypto rx=0x7f829c0098a0 tx=0x7f829c009bb0 comp rx=0 tx=0).stop
2024-01-25T15:58:35.169 INFO:teuthology.orchestra.run.smithi033.stdout:/usr/bin/ceph: stderr
2024-01-25T15:58:34.241+0000 7f82b082f700 1 -- 172.21.15.33:0/2374332072 shutdown_connections
2024-01-25T15:58:35.169 INFO:teuthology.orchestra.run.smithi033.stdout:/usr/bin/ceph: stderr
2024-01-25T15:58:34.241+0000 7f82b082f700 1 --2- 172.21.15.33:0/2374332072 >> [v2:172.21.15.33:3300/0,v1:172.21.15.33:6789/0] conn(0x7f82ac07ce10 0x7f82ac07b310 unknown :-1 s=CLOSED pgs=47 cs=0 l=1 rev1=1 crypto rx=0 tx=0 comp rx=0 tx=0).stop
2024-01-25T15:58:35.169 INFO:teuthology.orchestra.run.smithi033.stdout:/usr/bin/ceph: stderr
2024-01-25T15:58:34.241+0000 7f82b082f700 1 -- 172.21.15.33:0/2374332072 >> 172.21.15.33:0/2374332072 conn(0x7f82ac102830 msgr2=0x7f82ac104c50 unknown :-1 s=STATE_NONE l=0).mark_down
2024-01-25T15:58:35.169 INFO:teuthology.orchestra.run.smithi033.stdout:/usr/bin/ceph: stderr
2024-01-25T15:58:34.241+0000 7f82b082f700 1 -- 172.21.15.33:0/2374332072 shutdown_connections
2024-01-25T15:58:35.169 INFO:teuthology.orchestra.run.smithi033.stdout:/usr/bin/ceph: stderr
2024-01-25T15:58:34.241+0000 7f82b082f700 1 -- 172.21.15.33:0/2374332072 wait complete.
2024-01-25T15:58:35.169 INFO:teuthology.orchestra.run.smithi033.stdout:/usr/bin/ceph: stderr
2024-01-25T15:58:34.242+0000 7f82b082f700 1 Processor -- start
2024-01-25T15:58:35.169 INFO:teuthology.orchestra.run.smithi033.stdout:/usr/bin/ceph: stderr
2024-01-25T15:58:34.242+0000 7f82b082f700 1 -- start start
2024-01-25T15:58:35.169 INFO:teuthology.orchestra.run.smithi033.stdout:/usr/bin/ceph: stderr
2024-01-25T15:58:34.242+0000 7f82b082f700 1 --2- >> [v2:172.21.15.33:3300/0,v1:172.21.15.33:6789/0] conn(0x7f82ac07ce10 0x7f82ac19d100 unknown :-1 s=NONE pgs=0 cs=0 l=1 rev1=0 crypto rx=0 tx=0 comp rx=0 tx=0).connect
2024-01-25T15:58:35.169 INFO:teuthology.orchestra.run.smithi033.stdout:/usr/bin/ceph: stderr
2024-01-25T15:58:34.242+0000 7f82b082f700 1 -- --> [v2:172.21.15.33:3300/0,v1:172.21.15.33:6789/0] -- mon_getmap magic: 0 v1 -- 0x7f82ac19d640 con 0x7f82ac07ce10
2024-01-25T15:58:35.170 INFO:teuthology.orchestra.run.smithi033.stdout:/usr/bin/ceph: stderr
2024-01-25T15:58:34.242+0000 7f82aa59c700 1 --2- >> [v2:172.21.15.33:3300/0,v1:172.21.15.33:6789/0] conn(0x7f82ac07ce10 0x7f82ac19d100 unknown :-1 s=BANNER_CONNECTING pgs=0 cs=0 l=1 rev1=0 crypto rx=0 tx=0 comp rx=0 tx=0)._handle_peer_banner_payload supported=3 required=0
2024-01-25T15:58:35.170 INFO:teuthology.orchestra.run.smithi033.stdout:/usr/bin/ceph: stderr
2024-01-25T15:58:34.242+0000 7f82aa59c700 1 --2- >> [v2:172.21.15.33:3300/0,v1:172.21.15.33:6789/0] conn(0x7f82ac07ce10 0x7f82ac19d100 unknown :-1 s=HELLO_CONNECTING pgs=0 cs=0 l=1 rev1=1 crypto rx=0 tx=0 comp rx=0 tx=0).handle_hello peer v2:172.21.15.33:3300/0 says I am v2:172.21.15.33:51806/0 (socket says 172.21.15.33:51806)
2024-01-25T15:58:35.170 INFO:teuthology.orchestra.run.smithi033.stdout:/usr/bin/ceph: stderr
2024-01-25T15:58:34.242+0000 7f82aa59c700 1 -- 172.21.15.33:0/2088048984 learned_addr learned my addr 172.21.15.33:0/2088048984 (peer_addr_for_me v2:172.21.15.33:0/0)
2024-01-25T15:58:35.170 INFO:teuthology.orchestra.run.smithi033.stdout:/usr/bin/ceph: stderr
2024-01-25T15:58:34.242+0000 7f82aa59c700 1 -- 172.21.15.33:0/2088048984 --> [v2:172.21.15.33:3300/0,v1:172.21.15.33:6789/0] -- mon_subscribe({config=0+,monmap=0+}) v3 -- 0x7f829c009550 con 0x7f82ac07ce10
2024-01-25T15:58:35.170 INFO:teuthology.orchestra.run.smithi033.stdout:/usr/bin/ceph: stderr
2024-01-25T15:58:34.243+0000 7f82aa59c700 1 --2- 172.21.15.33:0/2088048984 >> [v2:172.21.15.33:3300/0,v1:172.21.15.33:6789/0] conn(0x7f82ac07ce10 0x7f82ac19d100 secure :-1 s=READY pgs=48 cs=0 l=1 rev1=1 crypto rx=0x7f829c009fb0 tx=0x7f829c011ad0 comp rx=0 tx=0).ready entity=mon.0 client_cookie=0 server_cookie=0 in_seq=0 out_seq=0
2024-01-25T15:58:35.170 INFO:teuthology.orchestra.run.smithi033.stdout:/usr/bin/ceph: stderr
2024-01-25T15:58:34.243+0000 7f829b7fe700 1 -- 172.21.15.33:0/2088048984 <== mon.0 v2:172.21.15.33:3300/0 1 ==== mon_map magic: 0 v1 ==== 205+0+0 (secure 0 0 0) 0x7f829c003a40 con 0x7f82ac07ce10
2024-01-25T15:58:35.170 INFO:teuthology.orchestra.run.smithi033.stdout:/usr/bin/ceph: stderr
2024-01-25T15:58:34.243+0000 7f829b7fe700 1 -- 172.21.15.33:0/2088048984 <== mon.0 v2:172.21.15.33:3300/0 2 ==== config(26 keys) v1 ==== 1074+0+0 (secure 0 0 0) 0x7f829c003ba0 con 0x7f82ac07ce10
2024-01-25T15:58:35.170 INFO:teuthology.orchestra.run.smithi033.stdout:/usr/bin/ceph: stderr
2024-01-25T15:58:34.243+0000 7f82b082f700 1 -- 172.21.15.33:0/2088048984 --> [v2:172.21.15.33:3300/0,v1:172.21.15.33:6789/0] -- mon_subscribe({mgrmap=0+}) v3 -- 0x7f82ac19d840 con 0x7f82ac07ce10
2024-01-25T15:58:35.170 INFO:teuthology.orchestra.run.smithi033.stdout:/usr/bin/ceph: stderr
2024-01-25T15:58:34.243+0000 7f829b7fe700 1 -- 172.21.15.33:0/2088048984 <== mon.0 v2:172.21.15.33:3300/0 3 ==== mon_map magic: 0 v1 ==== 205+0+0 (secure 0 0 0) 0x7f829c01a750 con 0x7f82ac07ce10
2024-01-25T15:58:35.170 INFO:teuthology.orchestra.run.smithi033.stdout:/usr/bin/ceph: stderr
2024-01-25T15:58:34.243+0000 7f82b082f700 1 -- 172.21.15.33:0/2088048984 --> [v2:172.21.15.33:3300/0,v1:172.21.15.33:6789/0] -- mon_subscribe({osdmap=0}) v3 -- 0x7f82ac19dce0 con 0x7f82ac07ce10
2024-01-25T15:58:35.170 INFO:teuthology.orchestra.run.smithi033.stdout:/usr/bin/ceph: stderr
2024-01-25T15:58:34.244+0000 7f829b7fe700 1 -- 172.21.15.33:0/2088048984 <== mon.0 v2:172.21.15.33:3300/0 4 ==== mgrmap(e 8) v1 ==== 45641+0+0 (secure 0 0 0) 0x7f829c01a980 con 0x7f82ac07ce10
2024-01-25T15:58:35.170 INFO:teuthology.orchestra.run.smithi033.stdout:/usr/bin/ceph: stderr
2024-01-25T15:58:34.244+0000 7f829b7fe700 1 --2- 172.21.15.33:0/2088048984 >> [v2:172.21.15.33:6800/2443786608,v1:172.21.15.33:6801/2443786608] conn(0x7f8294038a40 0x7f829403af00 unknown :-1 s=NONE pgs=0 cs=0 l=1 rev1=0 crypto rx=0 tx=0 comp rx=0 tx=0).connect
2024-01-25T15:58:35.170 INFO:teuthology.orchestra.run.smithi033.stdout:/usr/bin/ceph: stderr
2024-01-25T15:58:34.244+0000 7f82b082f700 1 -- 172.21.15.33:0/2088048984 --> [v2:172.21.15.33:3300/0,v1:172.21.15.33:6789/0] -- mon_command({"prefix": "get_command_descriptions"} v 0) v1 -- 0x7f82ac10d520 con 0x7f82ac07ce10
2024-01-25T15:58:35.170 INFO:teuthology.orchestra.run.smithi033.stdout:/usr/bin/ceph: stderr
2024-01-25T15:58:34.244+0000 7f829b7fe700 1 -- 172.21.15.33:0/2088048984 <== mon.0 v2:172.21.15.33:3300/0 5 ==== osd_map(2..2 src has 1..2) v4 ==== 940+0+0 (secure 0 0 0) 0x7f829c04cbe0 con 0x7f82ac07ce10
2024-01-25T15:58:35.171 INFO:teuthology.orchestra.run.smithi033.stdout:/usr/bin/ceph: stderr
2024-01-25T15:58:34.244+0000 7f82a9d9b700 1 --2- 172.21.15.33:0/2088048984 >> [v2:172.21.15.33:6800/2443786608,v1:172.21.15.33:6801/2443786608] conn(0x7f8294038a40 0x7f829403af00 unknown :-1 s=BANNER_CONNECTING pgs=0 cs=0 l=1 rev1=0 crypto rx=0 tx=0 comp rx=0 tx=0)._handle_peer_banner_payload supported=3 required=0
2024-01-25T15:58:35.171 INFO:teuthology.orchestra.run.smithi033.stdout:/usr/bin/ceph: stderr
2024-01-25T15:58:34.244+0000 7f82a9d9b700 1 --2- 172.21.15.33:0/2088048984 >> [v2:172.21.15.33:6800/2443786608,v1:172.21.15.33:6801/2443786608] conn(0x7f8294038a40 0x7f829403af00 secure :-1 s=READY pgs=12 cs=0 l=1 rev1=1 crypto rx=0x7f82a0006fd0 tx=0x7f82a0006e40 comp rx=0 tx=0).ready entity=mgr.14120 client_cookie=0 server_cookie=0 in_seq=0 out_seq=0
2024-01-25T15:58:35.171 INFO:teuthology.orchestra.run.smithi033.stdout:/usr/bin/ceph: stderr
2024-01-25T15:58:34.249+0000 7f829b7fe700 1 -- 172.21.15.33:0/2088048984 <== mon.0 v2:172.21.15.33:3300/0 6 ==== mon_command_ack([{"prefix": "get_command_descriptions"}]=0 v0) v1 ==== 72+0+181732 (secure 0 0 0) 0x7f829c018db0 con 0x7f82ac07ce10
2024-01-25T15:58:35.171 INFO:teuthology.orchestra.run.smithi033.stdout:/usr/bin/ceph: stderr
2024-01-25T15:58:34.476+0000 7f82b082f700 1 -- 172.21.15.33:0/2088048984 --> [v2:172.21.15.33:6800/2443786608,v1:172.21.15.33:6801/2443786608] -- mgr_command(tid 0: {"prefix": "orch apply", "service_type": "mon", "unmanaged": true, "target": ["mon-mgr", ""]}) v1 -- 0x7f82ac103af0 con 0x7f8294038a40
2024-01-25T15:58:35.171 INFO:teuthology.orchestra.run.smithi033.stdout:/usr/bin/ceph: stderr
2024-01-25T15:58:34.483+0000 7f829b7fe700 1 -- 172.21.15.33:0/2088048984 <== mgr.14120 v2:172.21.15.33:6800/2443786608 1 ==== mgr_command_reply(tid 0: 0 ) v1 ==== 8+0+24 (secure 0 0 0) 0x7f82ac103af0 con 0x7f8294038a40
2024-01-25T15:58:35.171 INFO:teuthology.orchestra.run.smithi033.stdout:/usr/bin/ceph: stderr
2024-01-25T15:58:34.485+0000 7f82b082f700 1 -- 172.21.15.33:0/2088048984 >> [v2:172.21.15.33:6800/2443786608,v1:172.21.15.33:6801/2443786608] conn(0x7f8294038a40 msgr2=0x7f829403af00 secure :-1 s=STATE_CONNECTION_ESTABLISHED l=1).mark_down
2024-01-25T15:58:35.171 INFO:teuthology.orchestra.run.smithi033.stdout:/usr/bin/ceph: stderr
2024-01-25T15:58:34.485+0000 7f82b082f700 1 --2- 172.21.15.33:0/2088048984 >> [v2:172.21.15.33:6800/2443786608,v1:172.21.15.33:6801/2443786608] conn(0x7f8294038a40 0x7f829403af00 secure :-1 s=READY pgs=12 cs=0 l=1 rev1=1 crypto rx=0x7f82a0006fd0 tx=0x7f82a0006e40 comp rx=0 tx=0).stop
2024-01-25T15:58:35.171 INFO:teuthology.orchestra.run.smithi033.stdout:/usr/bin/ceph: stderr
2024-01-25T15:58:34.485+0000 7f82b082f700 1 -- 172.21.15.33:0/2088048984 >> [v2:172.21.15.33:3300/0,v1:172.21.15.33:6789/0] conn(0x7f82ac07ce10 msgr2=0x7f82ac19d100 secure :-1 s=STATE_CONNECTION_ESTABLISHED l=1).mark_down
2024-01-25T15:58:35.171 INFO:teuthology.orchestra.run.smithi033.stdout:/usr/bin/ceph: stderr
2024-01-25T15:58:34.485+0000 7f82b082f700 1 --2- 172.21.15.33:0/2088048984 >> [v2:172.21.15.33:3300/0,v1:172.21.15.33:6789/0] conn(0x7f82ac07ce10 0x7f82ac19d100 secure :-1 s=READY pgs=48 cs=0 l=1 rev1=1 crypto rx=0x7f829c009fb0 tx=0x7f829c011ad0 comp rx=0 tx=0).stop
2024-01-25T15:58:35.172 INFO:teuthology.orchestra.run.smithi033.stdout:/usr/bin/ceph: stderr
2024-01-25T15:58:34.485+0000 7f82b082f700 1 -- 172.21.15.33:0/2088048984 shutdown_connections
2024-01-25T15:58:35.172 INFO:teuthology.orchestra.run.smithi033.stdout:/usr/bin/ceph: stderr
2024-01-25T15:58:34.485+0000 7f82b082f700 1 --2- 172.21.15.33:0/2088048984 >> [v2:172.21.15.33:6800/2443786608,v1:172.21.15.33:6801/2443786608] conn(0x7f8294038a40 0x7f829403af00 unknown :-1 s=CLOSED pgs=12 cs=0 l=1 rev1=1 crypto rx=0 tx=0 comp rx=0 tx=0).stop
2024-01-25T15:58:35.172 INFO:teuthology.orchestra.run.smithi033.stdout:/usr/bin/ceph: stderr
2024-01-25T15:58:34.485+0000 7f82b082f700 1 --2- 172.21.15.33:0/2088048984 >> [v2:172.21.15.33:3300/0,v1:172.21.15.33:6789/0] conn(0x7f82ac07ce10 0x7f82ac19d100 unknown :-1 s=CLOSED pgs=48 cs=0 l=1 rev1=1 crypto rx=0 tx=0 comp rx=0 tx=0).stop
2024-01-25T15:58:35.172 INFO:teuthology.orchestra.run.smithi033.stdout:/usr/bin/ceph: stderr
2024-01-25T15:58:34.485+0000 7f82b082f700 1 -- 172.21.15.33:0/2088048984 >> 172.21.15.33:0/2088048984 conn(0x7f82ac102830 msgr2=0x7f82ac1033e0 unknown :-1 s=STATE_NONE l=0).mark_down
2024-01-25T15:58:35.172 INFO:teuthology.orchestra.run.smithi033.stdout:/usr/bin/ceph: stderr
2024-01-25T15:58:34.486+0000 7f82b082f700 1 -- 172.21.15.33:0/2088048984 shutdown_connections
2024-01-25T15:58:35.172 INFO:teuthology.orchestra.run.smithi033.stdout:/usr/bin/ceph: stderr
2024-01-25T15:58:34.486+0000 7f82b082f700 1 -- 172.21.15.33:0/2088048984 wait complete.
2024-01-25T15:58:35.172 INFO:teuthology.orchestra.run.smithi033.stdout:Deploying unmanaged mgr service...
2024-01-25T15:58:35.791 INFO:journalctl@ceph.mon.a.smithi033.stdout:Jan 25 15:58:35 smithi033 ceph-mon[31417]: from='client.14142 -' entity='client.admin' cmd=[{"prefix": "orch apply", "service_type": "mon", "unmanaged": true, "target": ["mon-mgr", ""]}]: dispatch
2024-01-25T15:58:35.791 INFO:journalctl@ceph.mon.a.smithi033.stdout:Jan 25 15:58:35 smithi033 ceph-mon[31417]: Saving service mon spec with placement count:5
2024-01-25T15:58:35.791 INFO:journalctl@ceph.mon.a.smithi033.stdout:Jan 25 15:58:35 smithi033 ceph-mon[31417]: from='mgr.14120 172.21.15.33:0/3864362858' entity='mgr.x'
2024-01-25T15:58:37.071 INFO:teuthology.orchestra.run.smithi033.stdout:/usr/bin/ceph: stdout Scheduled mgr update...
2024-01-25T15:58:37.071 INFO:teuthology.orchestra.run.smithi033.stdout:/usr/bin/ceph: stderr
2024-01-25T15:58:35.584+0000 7f738c0bc700 1 Processor -- start
2024-01-25T15:58:37.071 INFO:teuthology.orchestra.run.smithi033.stdout:/usr/bin/ceph: stderr
2024-01-25T15:58:35.584+0000 7f738c0bc700 1 -- start start
2024-01-25T15:58:37.072 INFO:teuthology.orchestra.run.smithi033.stdout:/usr/bin/ceph: stderr
2024-01-25T15:58:35.584+0000 7f738c0bc700 1 --2- >> [v2:172.21.15.33:3300/0,v1:172.21.15.33:6789/0] conn(0x7f7384107280 0x7f73841076a0 unknown :-1 s=NONE pgs=0 cs=0 l=0 rev1=0 crypto rx=0 tx=0 comp rx=0 tx=0).connect
2024-01-25T15:58:37.072 INFO:teuthology.orchestra.run.smithi033.stdout:/usr/bin/ceph: stderr
2024-01-25T15:58:35.584+0000 7f738c0bc700 1 -- --> [v2:172.21.15.33:3300/0,v1:172.21.15.33:6789/0] -- mon_getmap magic: 0 v1 -- 0x7f7384107c70 con 0x7f7384107280
2024-01-25T15:58:37.072 INFO:teuthology.orchestra.run.smithi033.stdout:/usr/bin/ceph: stderr
2024-01-25T15:58:35.584+0000 7f7389e58700 1 --2- >> [v2:172.21.15.33:3300/0,v1:172.21.15.33:6789/0] conn(0x7f7384107280 0x7f73841076a0 unknown :-1 s=BANNER_CONNECTING pgs=0 cs=0 l=0 rev1=0 crypto rx=0 tx=0 comp rx=0 tx=0)._handle_peer_banner_payload supported=3 required=0
2024-01-25T15:58:37.072 INFO:teuthology.orchestra.run.smithi033.stdout:/usr/bin/ceph: stderr
2024-01-25T15:58:35.584+0000 7f7389e58700 1 --2- >> [v2:172.21.15.33:3300/0,v1:172.21.15.33:6789/0] conn(0x7f7384107280 0x7f73841076a0 unknown :-1 s=HELLO_CONNECTING pgs=0 cs=0 l=0 rev1=1 crypto rx=0 tx=0 comp rx=0 tx=0).handle_hello peer v2:172.21.15.33:3300/0 says I am v2:172.21.15.33:51820/0 (socket says 172.21.15.33:51820)
2024-01-25T15:58:37.072 INFO:teuthology.orchestra.run.smithi033.stdout:/usr/bin/ceph: stderr
2024-01-25T15:58:35.584+0000 7f7389e58700 1 -- 172.21.15.33:0/2918745743 learned_addr learned my addr 172.21.15.33:0/2918745743 (peer_addr_for_me v2:172.21.15.33:0/0)
2024-01-25T15:58:37.072 INFO:teuthology.orchestra.run.smithi033.stdout:/usr/bin/ceph: stderr
2024-01-25T15:58:35.585+0000 7f7389e58700 1 -- 172.21.15.33:0/2918745743 --> [v2:172.21.15.33:3300/0,v1:172.21.15.33:6789/0] -- mon_subscribe({config=0+,monmap=0+}) v3 -- 0x7f73841083e0 con 0x7f7384107280
2024-01-25T15:58:37.072 INFO:teuthology.orchestra.run.smithi033.stdout:/usr/bin/ceph: stderr
2024-01-25T15:58:35.585+0000 7f7389e58700 1 --2- 172.21.15.33:0/2918745743 >> [v2:172.21.15.33:3300/0,v1:172.21.15.33:6789/0] conn(0x7f7384107280 0x7f73841076a0 secure :-1 s=READY pgs=49 cs=0 l=1 rev1=1 crypto rx=0x7f73800098a0 tx=0x7f7380009bb0 comp rx=0 tx=0).ready entity=mon.0 client_cookie=d4da778152513ac2 server_cookie=0 in_seq=0 out_seq=0
2024-01-25T15:58:37.072 INFO:teuthology.orchestra.run.smithi033.stdout:/usr/bin/ceph: stderr
2024-01-25T15:58:35.585+0000 7f7388e56700 1 -- 172.21.15.33:0/2918745743 <== mon.0 v2:172.21.15.33:3300/0 1 ==== mon_map magic: 0 v1 ==== 205+0+0 (secure 0 0 0) 0x7f7380004160 con 0x7f7384107280
2024-01-25T15:58:37.073 INFO:teuthology.orchestra.run.smithi033.stdout:/usr/bin/ceph: stderr
2024-01-25T15:58:35.585+0000 7f7388e56700 1 -- 172.21.15.33:0/2918745743 <== mon.0 v2:172.21.15.33:3300/0 2 ==== config(26 keys) v1 ==== 1074+0+0 (secure 0 0 0) 0x7f73800042c0 con 0x7f7384107280
2024-01-25T15:58:37.073 INFO:teuthology.orchestra.run.smithi033.stdout:/usr/bin/ceph: stderr
2024-01-25T15:58:35.585+0000 7f7388e56700 1 -- 172.21.15.33:0/2918745743 <== mon.0 v2:172.21.15.33:3300/0 3 ==== mon_map magic: 0 v1 ==== 205+0+0 (secure 0 0 0) 0x7f7380011a00 con 0x7f7384107280
2024-01-25T15:58:37.073 INFO:teuthology.orchestra.run.smithi033.stdout:/usr/bin/ceph: stderr
2024-01-25T15:58:35.586+0000 7f738c0bc700 1 -- 172.21.15.33:0/2918745743 >> [v2:172.21.15.33:3300/0,v1:172.21.15.33:6789/0] conn(0x7f7384107280 msgr2=0x7f73841076a0 secure :-1 s=STATE_CONNECTION_ESTABLISHED l=1).mark_down
2024-01-25T15:58:37.073 INFO:teuthology.orchestra.run.smithi033.stdout:/usr/bin/ceph: stderr
2024-01-25T15:58:35.586+0000 7f738c0bc700 1 --2- 172.21.15.33:0/2918745743 >> [v2:172.21.15.33:3300/0,v1:172.21.15.33:6789/0] conn(0x7f7384107280 0x7f73841076a0 secure :-1 s=READY pgs=49 cs=0 l=1 rev1=1 crypto rx=0x7f73800098a0 tx=0x7f7380009bb0 comp rx=0 tx=0).stop
2024-01-25T15:58:37.073 INFO:teuthology.orchestra.run.smithi033.stdout:/usr/bin/ceph: stderr
2024-01-25T15:58:35.586+0000 7f738c0bc700 1 -- 172.21.15.33:0/2918745743 shutdown_connections
2024-01-25T15:58:37.073 INFO:teuthology.orchestra.run.smithi033.stdout:/usr/bin/ceph: stderr
2024-01-25T15:58:35.586+0000 7f738c0bc700 1 --2- 172.21.15.33:0/2918745743 >> [v2:172.21.15.33:3300/0,v1:172.21.15.33:6789/0] conn(0x7f7384107280 0x7f73841076a0 unknown :-1 s=CLOSED pgs=49 cs=0 l=1 rev1=1 crypto rx=0 tx=0 comp rx=0 tx=0).stop
2024-01-25T15:58:37.074 INFO:teuthology.orchestra.run.smithi033.stdout:/usr/bin/ceph: stderr
2024-01-25T15:58:35.586+0000 7f738c0bc700 1 -- 172.21.15.33:0/2918745743 >> 172.21.15.33:0/2918745743 conn(0x7f7384102880 msgr2=0x7f7384104ca0 unknown :-1 s=STATE_NONE l=0).mark_down
2024-01-25T15:58:37.074 INFO:teuthology.orchestra.run.smithi033.stdout:/usr/bin/ceph: stderr
2024-01-25T15:58:35.586+0000 7f738c0bc700 1 -- 172.21.15.33:0/2918745743 shutdown_connections
2024-01-25T15:58:37.074 INFO:teuthology.orchestra.run.smithi033.stdout:/usr/bin/ceph: stderr
2024-01-25T15:58:35.586+0000 7f738c0bc700 1 -- 172.21.15.33:0/2918745743 wait complete.
2024-01-25T15:58:37.074 INFO:teuthology.orchestra.run.smithi033.stdout:/usr/bin/ceph: stderr
2024-01-25T15:58:35.586+0000 7f738c0bc700 1 Processor -- start
2024-01-25T15:58:37.074 INFO:teuthology.orchestra.run.smithi033.stdout:/usr/bin/ceph: stderr
2024-01-25T15:58:35.586+0000 7f738c0bc700 1 -- start start
2024-01-25T15:58:37.074 INFO:teuthology.orchestra.run.smithi033.stdout:/usr/bin/ceph: stderr
2024-01-25T15:58:35.586+0000 7f738c0bc700 1 --2- >> [v2:172.21.15.33:3300/0,v1:172.21.15.33:6789/0] conn(0x7f7384107280 0x7f738419af40 unknown :-1 s=NONE pgs=0 cs=0 l=1 rev1=0 crypto rx=0 tx=0 comp rx=0 tx=0).connect
2024-01-25T15:58:37.074 INFO:teuthology.orchestra.run.smithi033.stdout:/usr/bin/ceph: stderr
2024-01-25T15:58:35.586+0000 7f738c0bc700 1 -- --> [v2:172.21.15.33:3300/0,v1:172.21.15.33:6789/0] -- mon_getmap magic: 0 v1 -- 0x7f738419b480 con 0x7f7384107280
2024-01-25T15:58:37.075 INFO:teuthology.orchestra.run.smithi033.stdout:/usr/bin/ceph: stderr
2024-01-25T15:58:35.587+0000 7f7389e58700 1 --2- >> [v2:172.21.15.33:3300/0,v1:172.21.15.33:6789/0] conn(0x7f7384107280 0x7f738419af40 unknown :-1 s=BANNER_CONNECTING pgs=0 cs=0 l=1 rev1=0 crypto rx=0 tx=0 comp rx=0 tx=0)._handle_peer_banner_payload supported=3 required=0
2024-01-25T15:58:37.075 INFO:teuthology.orchestra.run.smithi033.stdout:/usr/bin/ceph: stderr
2024-01-25T15:58:35.587+0000 7f7389e58700 1 --2- >> [v2:172.21.15.33:3300/0,v1:172.21.15.33:6789/0] conn(0x7f7384107280 0x7f738419af40 unknown :-1 s=HELLO_CONNECTING pgs=0 cs=0 l=1 rev1=1 crypto rx=0 tx=0 comp rx=0 tx=0).handle_hello peer v2:172.21.15.33:3300/0 says I am v2:172.21.15.33:51830/0 (socket says 172.21.15.33:51830)
2024-01-25T15:58:37.075 INFO:teuthology.orchestra.run.smithi033.stdout:/usr/bin/ceph: stderr
2024-01-25T15:58:35.587+0000 7f7389e58700 1 -- 172.21.15.33:0/2648358666 learned_addr learned my addr 172.21.15.33:0/2648358666 (peer_addr_for_me v2:172.21.15.33:0/0)
2024-01-25T15:58:37.075 INFO:teuthology.orchestra.run.smithi033.stdout:/usr/bin/ceph: stderr
2024-01-25T15:58:35.587+0000 7f7389e58700 1 -- 172.21.15.33:0/2648358666 --> [v2:172.21.15.33:3300/0,v1:172.21.15.33:6789/0] -- mon_subscribe({config=0+,monmap=0+}) v3 -- 0x7f7380009550 con 0x7f7384107280
2024-01-25T15:58:37.075 INFO:teuthology.orchestra.run.smithi033.stdout:/usr/bin/ceph: stderr
2024-01-25T15:58:35.587+0000 7f7389e58700 1 --2- 172.21.15.33:0/2648358666 >> [v2:172.21.15.33:3300/0,v1:172.21.15.33:6789/0] conn(0x7f7384107280 0x7f738419af40 secure :-1 s=READY pgs=50 cs=0 l=1 rev1=1 crypto rx=0x7f7380009fb0 tx=0x7f7380011ad0 comp rx=0 tx=0).ready entity=mon.0 client_cookie=0 server_cookie=0 in_seq=0 out_seq=0
2024-01-25T15:58:37.075 INFO:teuthology.orchestra.run.smithi033.stdout:/usr/bin/ceph: stderr
2024-01-25T15:58:35.587+0000 7f737affd700 1 -- 172.21.15.33:0/2648358666 <== mon.0 v2:172.21.15.33:3300/0 1 ==== mon_map magic: 0 v1 ==== 205+0+0 (secure 0 0 0) 0x7f7380003a40 con 0x7f7384107280
2024-01-25T15:58:37.075 INFO:teuthology.orchestra.run.smithi033.stdout:/usr/bin/ceph: stderr
2024-01-25T15:58:35.587+0000 7f737affd700 1 -- 172.21.15.33:0/2648358666 <== mon.0 v2:172.21.15.33:3300/0 2 ==== config(26 keys) v1 ==== 1074+0+0 (secure 0 0 0) 0x7f7380003ba0 con 0x7f7384107280
2024-01-25T15:58:37.075 INFO:teuthology.orchestra.run.smithi033.stdout:/usr/bin/ceph: stderr
2024-01-25T15:58:35.587+0000 7f738c0bc700 1 -- 172.21.15.33:0/2648358666 --> [v2:172.21.15.33:3300/0,v1:172.21.15.33:6789/0] -- mon_subscribe({mgrmap=0+}) v3 -- 0x7f738419b680 con 0x7f7384107280
2024-01-25T15:58:37.075 INFO:teuthology.orchestra.run.smithi033.stdout:/usr/bin/ceph: stderr
2024-01-25T15:58:35.587+0000 7f737affd700 1 -- 172.21.15.33:0/2648358666 <== mon.0 v2:172.21.15.33:3300/0 3 ==== mon_map magic: 0 v1 ==== 205+0+0 (secure 0 0 0) 0x7f738001a750 con 0x7f7384107280
2024-01-25T15:58:37.075 INFO:teuthology.orchestra.run.smithi033.stdout:/usr/bin/ceph: stderr
2024-01-25T15:58:35.587+0000 7f738c0bc700 1 -- 172.21.15.33:0/2648358666 --> [v2:172.21.15.33:3300/0,v1:172.21.15.33:6789/0] -- mon_subscribe({osdmap=0}) v3 -- 0x7f738419bb20 con 0x7f7384107280
2024-01-25T15:58:37.075 INFO:teuthology.orchestra.run.smithi033.stdout:/usr/bin/ceph: stderr
2024-01-25T15:58:35.588+0000 7f737affd700 1 -- 172.21.15.33:0/2648358666 <== mon.0 v2:172.21.15.33:3300/0 4 ==== mgrmap(e 8) v1 ==== 45641+0+0 (secure 0 0 0) 0x7f738001a9d0 con 0x7f7384107280
2024-01-25T15:58:37.075 INFO:teuthology.orchestra.run.smithi033.stdout:/usr/bin/ceph: stderr
2024-01-25T15:58:35.588+0000 7f738c0bc700 1 -- 172.21.15.33:0/2648358666 --> [v2:172.21.15.33:3300/0,v1:172.21.15.33:6789/0] -- mon_command({"prefix": "get_command_descriptions"} v 0) v1 -- 0x7f738410b610 con 0x7f7384107280
2024-01-25T15:58:37.075 INFO:teuthology.orchestra.run.smithi033.stdout:/usr/bin/ceph: stderr
2024-01-25T15:58:35.588+0000 7f737affd700 1 --2- 172.21.15.33:0/2648358666 >> [v2:172.21.15.33:6800/2443786608,v1:172.21.15.33:6801/2443786608] conn(0x7f73700389f0 0x7f737003aeb0 unknown :-1 s=NONE pgs=0 cs=0 l=1 rev1=0 crypto rx=0 tx=0 comp rx=0 tx=0).connect
2024-01-25T15:58:37.075 INFO:teuthology.orchestra.run.smithi033.stdout:/usr/bin/ceph: stderr
2024-01-25T15:58:35.588+0000 7f737affd700 1 -- 172.21.15.33:0/2648358666 <== mon.0 v2:172.21.15.33:3300/0 5 ==== osd_map(2..2 src has 1..2) v4 ==== 940+0+0 (secure 0 0 0) 0x7f738004cb50 con 0x7f7384107280
2024-01-25T15:58:37.076 INFO:teuthology.orchestra.run.smithi033.stdout:/usr/bin/ceph: stderr
2024-01-25T15:58:35.588+0000 7f7389657700 1 --2- 172.21.15.33:0/2648358666 >> [v2:172.21.15.33:6800/2443786608,v1:172.21.15.33:6801/2443786608] conn(0x7f73700389f0 0x7f737003aeb0 unknown :-1 s=BANNER_CONNECTING pgs=0 cs=0 l=1 rev1=0 crypto rx=0 tx=0 comp rx=0 tx=0)._handle_peer_banner_payload supported=3 required=0
2024-01-25T15:58:37.076 INFO:teuthology.orchestra.run.smithi033.stdout:/usr/bin/ceph: stderr
2024-01-25T15:58:35.589+0000 7f7389657700 1 --2- 172.21.15.33:0/2648358666 >> [v2:172.21.15.33:6800/2443786608,v1:172.21.15.33:6801/2443786608] conn(0x7f73700389f0 0x7f737003aeb0 secure :-1 s=READY pgs=13 cs=0 l=1 rev1=1 crypto rx=0x7f7374006fd0 tx=0x7f7374006e40 comp rx=0 tx=0).ready entity=mgr.14120 client_cookie=0 server_cookie=0 in_seq=0 out_seq=0
2024-01-25T15:58:37.076 INFO:teuthology.orchestra.run.smithi033.stdout:/usr/bin/ceph: stderr
2024-01-25T15:58:35.593+0000 7f737affd700 1 -- 172.21.15.33:0/2648358666 <== mon.0 v2:172.21.15.33:3300/0 6 ==== mon_command_ack([{"prefix": "get_command_descriptions"}]=0 v0) v1 ==== 72+0+181732 (secure 0 0 0) 0x7f7380018350 con 0x7f7384107280
2024-01-25T15:58:37.076 INFO:teuthology.orchestra.run.smithi033.stdout:/usr/bin/ceph: stderr
2024-01-25T15:58:35.812+0000 7f738c0bc700 1 -- 172.21.15.33:0/2648358666 --> [v2:172.21.15.33:6800/2443786608,v1:172.21.15.33:6801/2443786608] -- mgr_command(tid 0: {"prefix": "orch apply", "service_type": "mgr", "unmanaged": true, "target": ["mon-mgr", ""]}) v1 -- 0x7f7384103b20 con 0x7f73700389f0
2024-01-25T15:58:37.076 INFO:teuthology.orchestra.run.smithi033.stdout:/usr/bin/ceph: stderr
2024-01-25T15:58:35.819+0000 7f737affd700 1 -- 172.21.15.33:0/2648358666 <== mgr.14120 v2:172.21.15.33:6800/2443786608 1 ==== mgr_command_reply(tid 0: 0 ) v1 ==== 8+0+24 (secure 0 0 0) 0x7f7384103b20 con 0x7f73700389f0
2024-01-25T15:58:37.076 INFO:teuthology.orchestra.run.smithi033.stdout:/usr/bin/ceph: stderr
2024-01-25T15:58:35.821+0000 7f738c0bc700 1 -- 172.21.15.33:0/2648358666 >> [v2:172.21.15.33:6800/2443786608,v1:172.21.15.33:6801/2443786608] conn(0x7f73700389f0 msgr2=0x7f737003aeb0 secure :-1 s=STATE_CONNECTION_ESTABLISHED l=1).mark_down
2024-01-25T15:58:37.076 INFO:teuthology.orchestra.run.smithi033.stdout:/usr/bin/ceph: stderr
2024-01-25T15:58:35.821+0000 7f738c0bc700 1 --2- 172.21.15.33:0/2648358666 >> [v2:172.21.15.33:6800/2443786608,v1:172.21.15.33:6801/2443786608] conn(0x7f73700389f0 0x7f737003aeb0 secure :-1 s=READY pgs=13 cs=0 l=1 rev1=1 crypto rx=0x7f7374006fd0 tx=0x7f7374006e40 comp rx=0 tx=0).stop
2024-01-25T15:58:37.076 INFO:teuthology.orchestra.run.smithi033.stdout:/usr/bin/ceph: stderr
2024-01-25T15:58:35.821+0000 7f738c0bc700 1 -- 172.21.15.33:0/2648358666 >> [v2:172.21.15.33:3300/0,v1:172.21.15.33:6789/0] conn(0x7f7384107280 msgr2=0x7f738419af40 secure :-1 s=STATE_CONNECTION_ESTABLISHED l=1).mark_down
2024-01-25T15:58:37.076 INFO:teuthology.orchestra.run.smithi033.stdout:/usr/bin/ceph: stderr
2024-01-25T15:58:35.821+0000 7f738c0bc700 1 --2- 172.21.15.33:0/2648358666 >> [v2:172.21.15.33:3300/0,v1:172.21.15.33:6789/0] conn(0x7f7384107280 0x7f738419af40 secure :-1 s=READY pgs=50 cs=0 l=1 rev1=1 crypto rx=0x7f7380009fb0 tx=0x7f7380011ad0 comp rx=0 tx=0).stop
2024-01-25T15:58:37.076 INFO:teuthology.orchestra.run.smithi033.stdout:/usr/bin/ceph: stderr
2024-01-25T15:58:35.821+0000 7f738c0bc700 1 -- 172.21.15.33:0/2648358666 shutdown_connections
2024-01-25T15:58:37.076 INFO:teuthology.orchestra.run.smithi033.stdout:/usr/bin/ceph: stderr
2024-01-25T15:58:35.821+0000 7f738c0bc700 1 --2- 172.21.15.33:0/2648358666 >> [v2:172.21.15.33:6800/2443786608,v1:172.21.15.33:6801/2443786608] conn(0x7f73700389f0 0x7f737003aeb0 unknown :-1 s=CLOSED pgs=13 cs=0 l=1 rev1=1 crypto rx=0 tx=0 comp rx=0 tx=0).stop
2024-01-25T15:58:37.076 INFO:teuthology.orchestra.run.smithi033.stdout:/usr/bin/ceph: stderr
2024-01-25T15:58:35.821+0000 7f738c0bc700 1 --2- 172.21.15.33:0/2648358666 >> [v2:172.21.15.33:3300/0,v1:172.21.15.33:6789/0] conn(0x7f7384107280 0x7f738419af40 unknown :-1 s=CLOSED pgs=50 cs=0 l=1 rev1=1 crypto rx=0 tx=0 comp rx=0 tx=0).stop
2024-01-25T15:58:37.076 INFO:teuthology.orchestra.run.smithi033.stdout:/usr/bin/ceph: stderr
2024-01-25T15:58:35.821+0000 7f738c0bc700 1 -- 172.21.15.33:0/2648358666 >> 172.21.15.33:0/2648358666 conn(0x7f7384102880 msgr2=0x7f7384103410 unknown :-1 s=STATE_NONE l=0).mark_down
2024-01-25T15:58:37.077 INFO:teuthology.orchestra.run.smithi033.stdout:/usr/bin/ceph: stderr
2024-01-25T15:58:35.822+0000 7f738c0bc700 1 -- 172.21.15.33:0/2648358666 shutdown_connections
2024-01-25T15:58:37.077 INFO:teuthology.orchestra.run.smithi033.stdout:/usr/bin/ceph: stderr
2024-01-25T15:58:35.822+0000 7f738c0bc700 1 -- 172.21.15.33:0/2648358666 wait complete.
2024-01-25T15:58:37.190 INFO:journalctl@ceph.mon.a.smithi033.stdout:Jan 25 15:58:36 smithi033 ceph-mon[31417]: from='client.14144 -' entity='client.admin' cmd=[{"prefix": "orch apply", "service_type": "mgr", "unmanaged": true, "target": ["mon-mgr", ""]}]: dispatch
2024-01-25T15:58:37.191 INFO:journalctl@ceph.mon.a.smithi033.stdout:Jan 25 15:58:36 smithi033 ceph-mon[31417]: Saving service mgr spec with placement count:2
2024-01-25T15:58:37.191 INFO:journalctl@ceph.mon.a.smithi033.stdout:Jan 25 15:58:36 smithi033 ceph-mon[31417]: from='mgr.14120 172.21.15.33:0/3864362858' entity='mgr.x'
