2024-01-25T15:58:50.320+0000 7f1284b2a700 1 --2- >> [v2:172.21.15.33:3300/0,v1:172.21.15.33:6789/0] conn(0x7f1280107cb0 0x7f128010a0a0 unknown :-1 s=BANNER_CONNECTING pgs=0 cs=0 l=0 rev1=0 crypto rx=0 tx=0 comp rx=0 tx=0)._handle_peer_banner_payload supported=3 required=0
2024-01-25T15:58:51.202 INFO:teuthology.orchestra.run.smithi033.stdout:/usr/bin/ceph: stderr
2024-01-25T15:58:50.320+0000 7f1284b2a700 1 --2- >> [v2:172.21.15.33:3300/0,v1:172.21.15.33:6789/0] conn(0x7f1280107cb0 0x7f128010a0a0 unknown :-1 s=HELLO_CONNECTING pgs=0 cs=0 l=0 rev1=1 crypto rx=0 tx=0 comp rx=0 tx=0).handle_hello peer v2:172.21.15.33:3300/0 says I am v2:172.21.15.33:47650/0 (socket says 172.21.15.33:47650)
2024-01-25T15:58:51.202 INFO:teuthology.orchestra.run.smithi033.stdout:/usr/bin/ceph: stderr
2024-01-25T15:58:50.320+0000 7f1284b2a700 1 -- 172.21.15.33:0/3643572998 learned_addr learned my addr 172.21.15.33:0/3643572998 (peer_addr_for_me v2:172.21.15.33:0/0)
2024-01-25T15:58:51.202 INFO:teuthology.orchestra.run.smithi033.stdout:/usr/bin/ceph: stderr
2024-01-25T15:58:50.321+0000 7f1284b2a700 1 -- 172.21.15.33:0/3643572998 --> [v2:172.21.15.33:3300/0,v1:172.21.15.33:6789/0] -- mon_subscribe({config=0+,monmap=0+}) v3 -- 0x7f128010a5e0 con 0x7f1280107cb0
2024-01-25T15:58:51.202 INFO:teuthology.orchestra.run.smithi033.stdout:/usr/bin/ceph: stderr
2024-01-25T15:58:50.321+0000 7f1284b2a700 1 --2- 172.21.15.33:0/3643572998 >> [v2:172.21.15.33:3300/0,v1:172.21.15.33:6789/0] conn(0x7f1280107cb0 0x7f128010a0a0 secure :-1 s=READY pgs=70 cs=0 l=1 rev1=1 crypto rx=0x7f12740098a0 tx=0x7f1274009bb0 comp rx=0 tx=0).ready entity=mon.0 client_cookie=36194c0b953a989d server_cookie=0 in_seq=0 out_seq=0
2024-01-25T15:58:51.202 INFO:teuthology.orchestra.run.smithi033.stdout:/usr/bin/ceph: stderr
2024-01-25T15:58:50.321+0000 7f127f7fe700 1 -- 172.21.15.33:0/3643572998 <== mon.0 v2:172.21.15.33:3300/0 1 ==== mon_map magic: 0 v1 ==== 205+0+0 (secure 0 0 0) 0x7f1274004160 con 0x7f1280107cb0
2024-01-25T15:58:51.202 INFO:teuthology.orchestra.run.smithi033.stdout:/usr/bin/ceph: stderr
2024-01-25T15:58:50.321+0000 7f127f7fe700 1 -- 172.21.15.33:0/3643572998 <== mon.0 v2:172.21.15.33:3300/0 2 ==== config(26 keys) v1 ==== 1105+0+0 (secure 0 0 0) 0x7f12740042c0 con 0x7f1280107cb0
2024-01-25T15:58:51.202 INFO:teuthology.orchestra.run.smithi033.stdout:/usr/bin/ceph: stderr
2024-01-25T15:58:50.321+0000 7f127f7fe700 1 -- 172.21.15.33:0/3643572998 <== mon.0 v2:172.21.15.33:3300/0 3 ==== mon_map magic: 0 v1 ==== 205+0+0 (secure 0 0 0) 0x7f12740119b0 con 0x7f1280107cb0
2024-01-25T15:58:51.202 INFO:teuthology.orchestra.run.smithi033.stdout:/usr/bin/ceph: stderr
2024-01-25T15:58:50.322+0000 7f1286d8e700 1 -- 172.21.15.33:0/3643572998 >> [v2:172.21.15.33:3300/0,v1:172.21.15.33:6789/0] conn(0x7f1280107cb0 msgr2=0x7f128010a0a0 secure :-1 s=STATE_CONNECTION_ESTABLISHED l=1).mark_down
2024-01-25T15:58:51.202 INFO:teuthology.orchestra.run.smithi033.stdout:/usr/bin/ceph: stderr
2024-01-25T15:58:50.322+0000 7f1286d8e700 1 --2- 172.21.15.33:0/3643572998 >> [v2:172.21.15.33:3300/0,v1:172.21.15.33:6789/0] conn(0x7f1280107cb0 0x7f128010a0a0 secure :-1 s=READY pgs=70 cs=0 l=1 rev1=1 crypto rx=0x7f12740098a0 tx=0x7f1274009bb0 comp rx=0 tx=0).stop
2024-01-25T15:58:51.202 INFO:teuthology.orchestra.run.smithi033.stdout:/usr/bin/ceph: stderr
2024-01-25T15:58:50.322+0000 7f1286d8e700 1 -- 172.21.15.33:0/3643572998 shutdown_connections
2024-01-25T15:58:51.202 INFO:teuthology.orchestra.run.smithi033.stdout:/usr/bin/ceph: stderr
2024-01-25T15:58:50.322+0000 7f1286d8e700 1 --2- 172.21.15.33:0/3643572998 >> [v2:172.21.15.33:3300/0,v1:172.21.15.33:6789/0] conn(0x7f1280107cb0 0x7f128010a0a0 unknown :-1 s=CLOSED pgs=70 cs=0 l=1 rev1=1 crypto rx=0 tx=0 comp rx=0 tx=0).stop
2024-01-25T15:58:51.203 INFO:teuthology.orchestra.run.smithi033.stdout:/usr/bin/ceph: stderr
2024-01-25T15:58:50.322+0000 7f1286d8e700 1 -- 172.21.15.33:0/3643572998 >> 172.21.15.33:0/3643572998 conn(0x7f1280101720 msgr2=0x7f1280103b40 unknown :-1 s=STATE_NONE l=0).mark_down
2024-01-25T15:58:51.203 INFO:teuthology.orchestra.run.smithi033.stdout:/usr/bin/ceph: stderr
2024-01-25T15:58:50.322+0000 7f1286d8e700 1 -- 172.21.15.33:0/3643572998 shutdown_connections
2024-01-25T15:58:51.203 INFO:teuthology.orchestra.run.smithi033.stdout:/usr/bin/ceph: stderr
2024-01-25T15:58:50.322+0000 7f1286d8e700 1 -- 172.21.15.33:0/3643572998 wait complete.
2024-01-25T15:58:51.203 INFO:teuthology.orchestra.run.smithi033.stdout:/usr/bin/ceph: stderr
2024-01-25T15:58:50.322+0000 7f1286d8e700 1 Processor -- start
2024-01-25T15:58:51.203 INFO:teuthology.orchestra.run.smithi033.stdout:/usr/bin/ceph: stderr
2024-01-25T15:58:50.322+0000 7f1286d8e700 1 -- start start
2024-01-25T15:58:51.203 INFO:teuthology.orchestra.run.smithi033.stdout:/usr/bin/ceph: stderr
2024-01-25T15:58:50.322+0000 7f1286d8e700 1 --2- >> [v2:172.21.15.33:3300/0,v1:172.21.15.33:6789/0] conn(0x7f1280107cb0 0x7f128019d1b0 unknown :-1 s=NONE pgs=0 cs=0 l=1 rev1=0 crypto rx=0 tx=0 comp rx=0 tx=0).connect
2024-01-25T15:58:51.203 INFO:teuthology.orchestra.run.smithi033.stdout:/usr/bin/ceph: stderr
2024-01-25T15:58:50.322+0000 7f1286d8e700 1 -- --> [v2:172.21.15.33:3300/0,v1:172.21.15.33:6789/0] -- mon_getmap magic: 0 v1 -- 0x7f128019d6f0 con 0x7f1280107cb0
2024-01-25T15:58:51.203 INFO:teuthology.orchestra.run.smithi033.stdout:/usr/bin/ceph: stderr
2024-01-25T15:58:50.323+0000 7f1284b2a700 1 --2- >> [v2:172.21.15.33:3300/0,v1:172.21.15.33:6789/0] conn(0x7f1280107cb0 0x7f128019d1b0 unknown :-1 s=BANNER_CONNECTING pgs=0 cs=0 l=1 rev1=0 crypto rx=0 tx=0 comp rx=0 tx=0)._handle_peer_banner_payload supported=3 required=0
2024-01-25T15:58:51.203 INFO:teuthology.orchestra.run.smithi033.stdout:/usr/bin/ceph: stderr
2024-01-25T15:58:50.323+0000 7f1284b2a700 1 --2- >> [v2:172.21.15.33:3300/0,v1:172.21.15.33:6789/0] conn(0x7f1280107cb0 0x7f128019d1b0 unknown :-1 s=HELLO_CONNECTING pgs=0 cs=0 l=1 rev1=1 crypto rx=0 tx=0 comp rx=0 tx=0).handle_hello peer v2:172.21.15.33:3300/0 says I am v2:172.21.15.33:47666/0 (socket says 172.21.15.33:47666)
2024-01-25T15:58:51.203 INFO:teuthology.orchestra.run.smithi033.stdout:/usr/bin/ceph: stderr
2024-01-25T15:58:50.323+0000 7f1284b2a700 1 -- 172.21.15.33:0/155675102 learned_addr learned my addr 172.21.15.33:0/155675102 (peer_addr_for_me v2:172.21.15.33:0/0)
2024-01-25T15:58:51.203 INFO:teuthology.orchestra.run.smithi033.stdout:/usr/bin/ceph: stderr
2024-01-25T15:58:50.323+0000 7f1284b2a700 1 -- 172.21.15.33:0/155675102 --> [v2:172.21.15.33:3300/0,v1:172.21.15.33:6789/0] -- mon_subscribe({config=0+,monmap=0+}) v3 -- 0x7f1274009550 con 0x7f1280107cb0
2024-01-25T15:58:51.203 INFO:teuthology.orchestra.run.smithi033.stdout:/usr/bin/ceph: stderr
2024-01-25T15:58:50.323+0000 7f1284b2a700 1 --2- 172.21.15.33:0/155675102 >> [v2:172.21.15.33:3300/0,v1:172.21.15.33:6789/0] conn(0x7f1280107cb0 0x7f128019d1b0 secure :-1 s=READY pgs=71 cs=0 l=1 rev1=1 crypto rx=0x7f1274003e60 tx=0x7f1274011a30 comp rx=0 tx=0).ready entity=mon.0 client_cookie=0 server_cookie=0 in_seq=0 out_seq=0
2024-01-25T15:58:51.203 INFO:teuthology.orchestra.run.smithi033.stdout:/usr/bin/ceph: stderr
2024-01-25T15:58:50.323+0000 7f127dffb700 1 -- 172.21.15.33:0/155675102 <== mon.0 v2:172.21.15.33:3300/0 1 ==== mon_map magic: 0 v1 ==== 205+0+0 (secure 0 0 0) 0x7f12740038b0 con 0x7f1280107cb0
2024-01-25T15:58:51.204 INFO:teuthology.orchestra.run.smithi033.stdout:/usr/bin/ceph: stderr
2024-01-25T15:58:50.323+0000 7f127dffb700 1 -- 172.21.15.33:0/155675102 <== mon.0 v2:172.21.15.33:3300/0 2 ==== config(26 keys) v1 ==== 1105+0+0 (secure 0 0 0) 0x7f1274003a10 con 0x7f1280107cb0
2024-01-25T15:58:51.204 INFO:teuthology.orchestra.run.smithi033.stdout:/usr/bin/ceph: stderr
2024-01-25T15:58:50.323+0000 7f1286d8e700 1 -- 172.21.15.33:0/155675102 --> [v2:172.21.15.33:3300/0,v1:172.21.15.33:6789/0] -- mon_subscribe({mgrmap=0+}) v3 -- 0x7f128019d8f0 con 0x7f1280107cb0
2024-01-25T15:58:51.204 INFO:teuthology.orchestra.run.smithi033.stdout:/usr/bin/ceph: stderr
2024-01-25T15:58:50.323+0000 7f127dffb700 1 -- 172.21.15.33:0/155675102 <== mon.0 v2:172.21.15.33:3300/0 3 ==== mon_map magic: 0 v1 ==== 205+0+0 (secure 0 0 0) 0x7f1274019530 con 0x7f1280107cb0
2024-01-25T15:58:51.204 INFO:teuthology.orchestra.run.smithi033.stdout:/usr/bin/ceph: stderr
2024-01-25T15:58:50.323+0000 7f1286d8e700 1 -- 172.21.15.33:0/155675102 --> [v2:172.21.15.33:3300/0,v1:172.21.15.33:6789/0] -- mon_subscribe({osdmap=0}) v3 -- 0x7f128019dd90 con 0x7f1280107cb0
2024-01-25T15:58:51.204 INFO:teuthology.orchestra.run.smithi033.stdout:/usr/bin/ceph: stderr
2024-01-25T15:58:50.324+0000 7f127dffb700 1 -- 172.21.15.33:0/155675102 <== mon.0 v2:172.21.15.33:3300/0 4 ==== mgrmap(e 11) v1 ==== 45548+0+0 (secure 0 0 0) 0x7f12740197f0 con 0x7f1280107cb0
2024-01-25T15:58:51.204 INFO:teuthology.orchestra.run.smithi033.stdout:/usr/bin/ceph: stderr
2024-01-25T15:58:50.324+0000 7f1286d8e700 1 -- 172.21.15.33:0/155675102 --> [v2:172.21.15.33:3300/0,v1:172.21.15.33:6789/0] -- mon_command({"prefix": "get_command_descriptions"} v 0) v1 -- 0x7f128010b420 con 0x7f1280107cb0
2024-01-25T15:58:51.204 INFO:teuthology.orchestra.run.smithi033.stdout:/usr/bin/ceph: stderr
2024-01-25T15:58:50.324+0000 7f127dffb700 1 --2- 172.21.15.33:0/155675102 >> [v2:172.21.15.33:6800/1063041969,v1:172.21.15.33:6801/1063041969] conn(0x7f1270038930 0x7f127003adf0 unknown :-1 s=NONE pgs=0 cs=0 l=1 rev1=0 crypto rx=0 tx=0 comp rx=0 tx=0).connect
2024-01-25T15:58:51.204 INFO:teuthology.orchestra.run.smithi033.stdout:/usr/bin/ceph: stderr
2024-01-25T15:58:50.324+0000 7f127dffb700 1 -- 172.21.15.33:0/155675102 <== mon.0 v2:172.21.15.33:3300/0 5 ==== osd_map(3..3 src has 1..3) v4 ==== 1155+0+0 (secure 0 0 0) 0x7f127404dab0 con 0x7f1280107cb0
2024-01-25T15:58:51.204 INFO:teuthology.orchestra.run.smithi033.stdout:/usr/bin/ceph: stderr
2024-01-25T15:58:50.325+0000 7f127ffff700 1 --2- 172.21.15.33:0/155675102 >> [v2:172.21.15.33:6800/1063041969,v1:172.21.15.33:6801/1063041969] conn(0x7f1270038930 0x7f127003adf0 unknown :-1 s=BANNER_CONNECTING pgs=0 cs=0 l=1 rev1=0 crypto rx=0 tx=0 comp rx=0 tx=0)._handle_peer_banner_payload supported=3 required=0
2024-01-25T15:58:51.204 INFO:teuthology.orchestra.run.smithi033.stdout:/usr/bin/ceph: stderr
2024-01-25T15:58:50.325+0000 7f127ffff700 1 --2- 172.21.15.33:0/155675102 >> [v2:172.21.15.33:6800/1063041969,v1:172.21.15.33:6801/1063041969] conn(0x7f1270038930 0x7f127003adf0 secure :-1 s=READY pgs=7 cs=0 l=1 rev1=1 crypto rx=0x7f126c006fd0 tx=0x7f126c006e40 comp rx=0 tx=0).ready entity=mgr.14152 client_cookie=0 server_cookie=0 in_seq=0 out_seq=0
2024-01-25T15:58:51.204 INFO:teuthology.orchestra.run.smithi033.stdout:/usr/bin/ceph: stderr
2024-01-25T15:58:50.329+0000 7f127dffb700 1 -- 172.21.15.33:0/155675102 <== mon.0 v2:172.21.15.33:3300/0 6 ==== mon_command_ack([{"prefix": "get_command_descriptions"}]=0 v0) v1 ==== 72+0+181732 (secure 0 0 0) 0x7f127402b340 con 0x7f1280107cb0
2024-01-25T15:58:51.204 INFO:teuthology.orchestra.run.smithi033.stdout:/usr/bin/ceph: stderr
2024-01-25T15:58:50.541+0000 7f1286d8e700 1 -- 172.21.15.33:0/155675102 --> [v2:172.21.15.33:6800/1063041969,v1:172.21.15.33:6801/1063041969] -- mgr_command(tid 0: {"prefix": "dashboard create-self-signed-cert", "target": ["mon-mgr", ""]}) v1 -- 0x7f12801a0670 con 0x7f1270038930
2024-01-25T15:58:51.204 INFO:teuthology.orchestra.run.smithi033.stdout:/usr/bin/ceph: stderr
2024-01-25T15:58:50.682+0000 7f127dffb700 1 -- 172.21.15.33:0/155675102 <== mgr.14152 v2:172.21.15.33:6800/1063041969 1 ==== mgr_command_reply(tid 0: 0 ) v1 ==== 8+0+32 (secure 0 0 0) 0x7f12801a0670 con 0x7f1270038930
2024-01-25T15:58:51.205 INFO:teuthology.orchestra.run.smithi033.stdout:/usr/bin/ceph: stderr
2024-01-25T15:58:50.685+0000 7f1286d8e700 1 -- 172.21.15.33:0/155675102 >> [v2:172.21.15.33:6800/1063041969,v1:172.21.15.33:6801/1063041969] conn(0x7f1270038930 msgr2=0x7f127003adf0 secure :-1 s=STATE_CONNECTION_ESTABLISHED l=1).mark_down
2024-01-25T15:58:51.205 INFO:teuthology.orchestra.run.smithi033.stdout:/usr/bin/ceph: stderr
2024-01-25T15:58:50.685+0000 7f1286d8e700 1 --2- 172.21.15.33:0/155675102 >> [v2:172.21.15.33:6800/1063041969,v1:172.21.15.33:6801/1063041969] conn(0x7f1270038930 0x7f127003adf0 secure :-1 s=READY pgs=7 cs=0 l=1 rev1=1 crypto rx=0x7f126c006fd0 tx=0x7f126c006e40 comp rx=0 tx=0).stop
2024-01-25T15:58:51.205 INFO:teuthology.orchestra.run.smithi033.stdout:/usr/bin/ceph: stderr
2024-01-25T15:58:50.685+0000 7f1286d8e700 1 -- 172.21.15.33:0/155675102 >> [v2:172.21.15.33:3300/0,v1:172.21.15.33:6789/0] conn(0x7f1280107cb0 msgr2=0x7f128019d1b0 secure :-1 s=STATE_CONNECTION_ESTABLISHED l=1).mark_down
2024-01-25T15:58:51.205 INFO:teuthology.orchestra.run.smithi033.stdout:/usr/bin/ceph: stderr
2024-01-25T15:58:50.685+0000 7f1286d8e700 1 --2- 172.21.15.33:0/155675102 >> [v2:172.21.15.33:3300/0,v1:172.21.15.33:6789/0] conn(0x7f1280107cb0 0x7f128019d1b0 secure :-1 s=READY pgs=71 cs=0 l=1 rev1=1 crypto rx=0x7f1274003e60 tx=0x7f1274011a30 comp rx=0 tx=0).stop
2024-01-25T15:58:51.205 INFO:teuthology.orchestra.run.smithi033.stdout:/usr/bin/ceph: stderr
2024-01-25T15:58:50.685+0000 7f1286d8e700 1 -- 172.21.15.33:0/155675102 shutdown_connections
2024-01-25T15:58:51.205 INFO:teuthology.orchestra.run.smithi033.stdout:/usr/bin/ceph: stderr
2024-01-25T15:58:50.685+0000 7f1286d8e700 1 --2- 172.21.15.33:0/155675102 >> [v2:172.21.15.33:6800/1063041969,v1:172.21.15.33:6801/1063041969] conn(0x7f1270038930 0x7f127003adf0 unknown :-1 s=CLOSED pgs=7 cs=0 l=1 rev1=1 crypto rx=0 tx=0 comp rx=0 tx=0).stop
2024-01-25T15:58:51.205 INFO:teuthology.orchestra.run.smithi033.stdout:/usr/bin/ceph: stderr
2024-01-25T15:58:50.685+0000 7f1286d8e700 1 --2- 172.21.15.33:0/155675102 >> [v2:172.21.15.33:3300/0,v1:172.21.15.33:6789/0] conn(0x7f1280107cb0 0x7f128019d1b0 unknown :-1 s=CLOSED pgs=71 cs=0 l=1 rev1=1 crypto rx=0 tx=0 comp rx=0 tx=0).stop
2024-01-25T15:58:51.205 INFO:teuthology.orchestra.run.smithi033.stdout:/usr/bin/ceph: stderr
2024-01-25T15:58:50.685+0000 7f1286d8e700 1 -- 172.21.15.33:0/155675102 >> 172.21.15.33:0/155675102 conn(0x7f1280101720 msgr2=0x7f12801021e0 unknown :-1 s=STATE_NONE l=0).mark_down
2024-01-25T15:58:51.205 INFO:teuthology.orchestra.run.smithi033.stdout:/usr/bin/ceph: stderr
2024-01-25T15:58:50.685+0000 7f1286d8e700 1 -- 172.21.15.33:0/155675102 shutdown_connections
2024-01-25T15:58:51.205 INFO:teuthology.orchestra.run.smithi033.stdout:/usr/bin/ceph: stderr
2024-01-25T15:58:50.685+0000 7f1286d8e700 1 -- 172.21.15.33:0/155675102 wait complete.
2024-01-25T15:58:51.205 INFO:teuthology.orchestra.run.smithi033.stdout:Creating initial admin user...
2024-01-25T15:58:51.814 INFO:journalctl@ceph.mon.a.smithi033.stdout:Jan 25 15:58:51 smithi033 ceph-mon[31417]: from='client.14164 -' entity='client.admin' cmd=[{"prefix": "dashboard create-self-signed-cert", "target": ["mon-mgr", ""]}]: dispatch
2024-01-25T15:58:51.814 INFO:journalctl@ceph.mon.a.smithi033.stdout:Jan 25 15:58:51 smithi033 ceph-mon[31417]: from='mgr.14152 172.21.15.33:0/3414280909' entity='mgr.x'
2024-01-25T15:58:51.814 INFO:journalctl@ceph.mon.a.smithi033.stdout:Jan 25 15:58:51 smithi033 ceph-mon[31417]: from='mgr.14152 172.21.15.33:0/3414280909' entity='mgr.x'
2024-01-25T15:58:51.815 INFO:journalctl@ceph.mon.a.smithi033.stdout:Jan 25 15:58:51 smithi033 ceph-mon[31417]: from='mgr.14152 172.21.15.33:0/3414280909' entity='mgr.x'
2024-01-25T15:58:51.815 INFO:journalctl@ceph.mon.a.smithi033.stdout:Jan 25 15:58:51 smithi033 ceph-mon[31417]: mgrmap e12: x(active, since 2s)
2024-01-25T15:58:52.812 INFO:teuthology.orchestra.run.smithi033.stdout:/usr/bin/ceph: stdout {"username": "admin", "password": "$2b$12$yzyYf0U.QCEClUr2vGouoOZ7KZ1tVMbfKsE9kni8Cw9BhRgHST5jG", "roles": ["administrator"], "name": null, "email": null, "lastUpdate": 1706198332, "enabled": true, "pwdExpirationDate": null, "pwdUpdateRequired": true}
2024-01-25T15:58:52.812 INFO:teuthology.orchestra.run.smithi033.stdout:/usr/bin/ceph: stderr
2024-01-25T15:58:51.630+0000 7f7228ac6700 1 Processor -- start
2024-01-25T15:58:52.812 INFO:teuthology.orchestra.run.smithi033.stdout:/usr/bin/ceph: stderr
2024-01-25T15:58:51.630+0000 7f7228ac6700 1 -- start start
2024-01-25T15:58:52.812 INFO:teuthology.orchestra.run.smithi033.stdout:/usr/bin/ceph: stderr
2024-01-25T15:58:51.631+0000 7f7228ac6700 1 --2- >> [v2:172.21.15.33:3300/0,v1:172.21.15.33:6789/0] conn(0x7f7224105510 0x7f7224105930 unknown :-1 s=NONE pgs=0 cs=0 l=0 rev1=0 crypto rx=0 tx=0 comp rx=0 tx=0).connect
2024-01-25T15:58:52.812 INFO:teuthology.orchestra.run.smithi033.stdout:/usr/bin/ceph: stderr
2024-01-25T15:58:51.631+0000 7f7228ac6700 1 -- --> [v2:172.21.15.33:3300/0,v1:172.21.15.33:6789/0] -- mon_getmap magic: 0 v1 -- 0x7f7224105f00 con 0x7f7224105510
2024-01-25T15:58:52.812 INFO:teuthology.orchestra.run.smithi033.stdout:/usr/bin/ceph: stderr
2024-01-25T15:58:51.631+0000 7f722259c700 1 --2- >> [v2:172.21.15.33:3300/0,v1:172.21.15.33:6789/0] conn(0x7f7224105510 0x7f7224105930 unknown :-1 s=BANNER_CONNECTING pgs=0 cs=0 l=0 rev1=0 crypto rx=0 tx=0 comp rx=0 tx=0)._handle_peer_banner_payload supported=3 required=0
2024-01-25T15:58:52.813 INFO:teuthology.orchestra.run.smithi033.stdout:/usr/bin/ceph: stderr
2024-01-25T15:58:51.631+0000 7f722259c700 1 --2- >> [v2:172.21.15.33:3300/0,v1:172.21.15.33:6789/0] conn(0x7f7224105510 0x7f7224105930 unknown :-1 s=HELLO_CONNECTING pgs=0 cs=0 l=0 rev1=1 crypto rx=0 tx=0 comp rx=0 tx=0).handle_hello peer v2:172.21.15.33:3300/0 says I am v2:172.21.15.33:47674/0 (socket says 172.21.15.33:47674)
2024-01-25T15:58:52.813 INFO:teuthology.orchestra.run.smithi033.stdout:/usr/bin/ceph: stderr
2024-01-25T15:58:51.631+0000 7f722259c700 1 -- 172.21.15.33:0/2258353856 learned_addr learned my addr 172.21.15.33:0/2258353856 (peer_addr_for_me v2:172.21.15.33:0/0)
2024-01-25T15:58:52.813 INFO:teuthology.orchestra.run.smithi033.stdout:/usr/bin/ceph: stderr
2024-01-25T15:58:51.631+0000 7f722259c700 1 -- 172.21.15.33:0/2258353856 --> [v2:172.21.15.33:3300/0,v1:172.21.15.33:6789/0] -- mon_subscribe({config=0+,monmap=0+}) v3 -- 0x7f72241084a0 con 0x7f7224105510
2024-01-25T15:58:52.813 INFO:teuthology.orchestra.run.smithi033.stdout:/usr/bin/ceph: stderr
2024-01-25T15:58:51.631+0000 7f722259c700 1 --2- 172.21.15.33:0/2258353856 >> [v2:172.21.15.33:3300/0,v1:172.21.15.33:6789/0] conn(0x7f7224105510 0x7f7224105930 secure :-1 s=READY pgs=72 cs=0 l=1 rev1=1 crypto rx=0x7f72140098a0 tx=0x7f7214009bb0 comp rx=0 tx=0).ready entity=mon.0 client_cookie=b121a649ebd4b246 server_cookie=0 in_seq=0 out_seq=0
2024-01-25T15:58:52.813 INFO:teuthology.orchestra.run.smithi033.stdout:/usr/bin/ceph: stderr
2024-01-25T15:58:51.632+0000 7f722159a700 1 -- 172.21.15.33:0/2258353856 <== mon.0 v2:172.21.15.33:3300/0 1 ==== mon_map magic: 0 v1 ==== 205+0+0 (secure 0 0 0) 0x7f7214004160 con 0x7f7224105510
2024-01-25T15:58:52.813 INFO:teuthology.orchestra.run.smithi033.stdout:/usr/bin/ceph: stderr
2024-01-25T15:58:51.632+0000 7f722159a700 1 -- 172.21.15.33:0/2258353856 <== mon.0 v2:172.21.15.33:3300/0 2 ==== config(26 keys) v1 ==== 1105+0+0 (secure 0 0 0) 0x7f72140042c0 con 0x7f7224105510
2024-01-25T15:58:52.813 INFO:teuthology.orchestra.run.smithi033.stdout:/usr/bin/ceph: stderr
2024-01-25T15:58:51.632+0000 7f722159a700 1 -- 172.21.15.33:0/2258353856 <== mon.0 v2:172.21.15.33:3300/0 3 ==== mon_map magic: 0 v1 ==== 205+0+0 (secure 0 0 0) 0x7f72140119b0 con 0x7f7224105510
2024-01-25T15:58:52.813 INFO:teuthology.orchestra.run.smithi033.stdout:/usr/bin/ceph: stderr
2024-01-25T15:58:51.632+0000 7f7228ac6700 1 -- 172.21.15.33:0/2258353856 >> [v2:172.21.15.33:3300/0,v1:172.21.15.33:6789/0] conn(0x7f7224105510 msgr2=0x7f7224105930 secure :-1 s=STATE_CONNECTION_ESTABLISHED l=1).mark_down
2024-01-25T15:58:52.813 INFO:teuthology.orchestra.run.smithi033.stdout:/usr/bin/ceph: stderr
2024-01-25T15:58:51.632+0000 7f7228ac6700 1 --2- 172.21.15.33:0/2258353856 >> [v2:172.21.15.33:3300/0,v1:172.21.15.33:6789/0] conn(0x7f7224105510 0x7f7224105930 secure :-1 s=READY pgs=72 cs=0 l=1 rev1=1 crypto rx=0x7f72140098a0 tx=0x7f7214009bb0 comp rx=0 tx=0).stop
2024-01-25T15:58:52.813 INFO:teuthology.orchestra.run.smithi033.stdout:/usr/bin/ceph: stderr
2024-01-25T15:58:51.633+0000 7f7228ac6700 1 -- 172.21.15.33:0/2258353856 shutdown_connections
2024-01-25T15:58:52.813 INFO:teuthology.orchestra.run.smithi033.stdout:/usr/bin/ceph: stderr
2024-01-25T15:58:51.633+0000 7f7228ac6700 1 --2- 172.21.15.33:0/2258353856 >> [v2:172.21.15.33:3300/0,v1:172.21.15.33:6789/0] conn(0x7f7224105510 0x7f7224105930 unknown :-1 s=CLOSED pgs=72 cs=0 l=1 rev1=1 crypto rx=0 tx=0 comp rx=0 tx=0).stop
2024-01-25T15:58:52.813 INFO:teuthology.orchestra.run.smithi033.stdout:/usr/bin/ceph: stderr
2024-01-25T15:58:51.633+0000 7f7228ac6700 1 -- 172.21.15.33:0/2258353856 >> 172.21.15.33:0/2258353856 conn(0x7f7224100ee0 msgr2=0x7f7224103300 unknown :-1 s=STATE_NONE l=0).mark_down
2024-01-25T15:58:52.813 INFO:teuthology.orchestra.run.smithi033.stdout:/usr/bin/ceph: stderr
2024-01-25T15:58:51.633+0000 7f7228ac6700 1 -- 172.21.15.33:0/2258353856 shutdown_connections
2024-01-25T15:58:52.814 INFO:teuthology.orchestra.run.smithi033.stdout:/usr/bin/ceph: stderr
2024-01-25T15:58:51.633+0000 7f7228ac6700 1 -- 172.21.15.33:0/2258353856 wait complete.
2024-01-25T15:58:52.814 INFO:teuthology.orchestra.run.smithi033.stdout:/usr/bin/ceph: stderr
2024-01-25T15:58:51.633+0000 7f7228ac6700 1 Processor -- start
2024-01-25T15:58:52.814 INFO:teuthology.orchestra.run.smithi033.stdout:/usr/bin/ceph: stderr
2024-01-25T15:58:51.634+0000 7f7228ac6700 1 -- start start
2024-01-25T15:58:52.814 INFO:teuthology.orchestra.run.smithi033.stdout:/usr/bin/ceph: stderr
2024-01-25T15:58:51.634+0000 7f7228ac6700 1 --2- >> [v2:172.21.15.33:3300/0,v1:172.21.15.33:6789/0] conn(0x7f7224105510 0x7f7224107d20 unknown :-1 s=NONE pgs=0 cs=0 l=1 rev1=0 crypto rx=0 tx=0 comp rx=0 tx=0).connect
2024-01-25T15:58:52.814 INFO:teuthology.orchestra.run.smithi033.stdout:/usr/bin/ceph: stderr
2024-01-25T15:58:51.634+0000 7f7228ac6700 1 -- --> [v2:172.21.15.33:3300/0,v1:172.21.15.33:6789/0] -- mon_getmap magic: 0 v1 -- 0x7f7224108260 con 0x7f7224105510
2024-01-25T15:58:52.814 INFO:teuthology.orchestra.run.smithi033.stdout:/usr/bin/ceph: stderr
2024-01-25T15:58:51.634+0000 7f722259c700 1 --2- >> [v2:172.21.15.33:3300/0,v1:172.21.15.33:6789/0] conn(0x7f7224105510 0x7f7224107d20 unknown :-1 s=BANNER_CONNECTING pgs=0 cs=0 l=1 rev1=0 crypto rx=0 tx=0 comp rx=0 tx=0)._handle_peer_banner_payload supported=3 required=0
2024-01-25T15:58:52.814 INFO:teuthology.orchestra.run.smithi033.stdout:/usr/bin/ceph: stderr
2024-01-25T15:58:51.634+0000 7f722259c700 1 --2- >> [v2:172.21.15.33:3300/0,v1:172.21.15.33:6789/0] conn(0x7f7224105510 0x7f7224107d20 unknown :-1 s=HELLO_CONNECTING pgs=0 cs=0 l=1 rev1=1 crypto rx=0 tx=0 comp rx=0 tx=0).handle_hello peer v2:172.21.15.33:3300/0 says I am v2:172.21.15.33:47686/0 (socket says 172.21.15.33:47686)
2024-01-25T15:58:52.814 INFO:teuthology.orchestra.run.smithi033.stdout:/usr/bin/ceph: stderr
2024-01-25T15:58:51.634+0000 7f722259c700 1 -- 172.21.15.33:0/3086411722 learned_addr learned my addr 172.21.15.33:0/3086411722 (peer_addr_for_me v2:172.21.15.33:0/0)
2024-01-25T15:58:52.814 INFO:teuthology.orchestra.run.smithi033.stdout:/usr/bin/ceph: stderr
2024-01-25T15:58:51.634+0000 7f722259c700 1 -- 172.21.15.33:0/3086411722 --> [v2:172.21.15.33:3300/0,v1:172.21.15.33:6789/0] -- mon_subscribe({config=0+,monmap=0+}) v3 -- 0x7f7214009550 con 0x7f7224105510
2024-01-25T15:58:52.814 INFO:teuthology.orchestra.run.smithi033.stdout:/usr/bin/ceph: stderr
2024-01-25T15:58:51.634+0000 7f722259c700 1 --2- 172.21.15.33:0/3086411722 >> [v2:172.21.15.33:3300/0,v1:172.21.15.33:6789/0] conn(0x7f7224105510 0x7f7224107d20 secure :-1 s=READY pgs=73 cs=0 l=1 rev1=1 crypto rx=0x7f7214011670 tx=0x7f7214011a30 comp rx=0 tx=0).ready entity=mon.0 client_cookie=0 server_cookie=0 in_seq=0 out_seq=0
2024-01-25T15:58:52.814 INFO:teuthology.orchestra.run.smithi033.stdout:/usr/bin/ceph: stderr
2024-01-25T15:58:51.635+0000 7f72137fe700 1 -- 172.21.15.33:0/3086411722 <== mon.0 v2:172.21.15.33:3300/0 1 ==== mon_map magic: 0 v1 ==== 205+0+0 (secure 0 0 0) 0x7f7214003af0 con 0x7f7224105510
2024-01-25T15:58:52.814 INFO:teuthology.orchestra.run.smithi033.stdout:/usr/bin/ceph: stderr
2024-01-25T15:58:51.635+0000 7f72137fe700 1 -- 172.21.15.33:0/3086411722 <== mon.0 v2:172.21.15.33:3300/0 2 ==== config(26 keys) v1 ==== 1105+0+0 (secure 0 0 0) 0x7f7214003c50 con 0x7f7224105510
2024-01-25T15:58:52.814 INFO:teuthology.orchestra.run.smithi033.stdout:/usr/bin/ceph: stderr
2024-01-25T15:58:51.635+0000 7f7228ac6700 1 -- 172.21.15.33:0/3086411722 --> [v2:172.21.15.33:3300/0,v1:172.21.15.33:6789/0] -- mon_subscribe({mgrmap=0+}) v3 -- 0x7f7224106450 con 0x7f7224105510
2024-01-25T15:58:52.814 INFO:teuthology.orchestra.run.smithi033.stdout:/usr/bin/ceph: stderr
2024-01-25T15:58:51.635+0000 7f72137fe700 1 -- 172.21.15.33:0/3086411722 <== mon.0 v2:172.21.15.33:3300/0 3 ==== mon_map magic: 0 v1 ==== 205+0+0 (secure 0 0 0) 0x7f7214024820 con 0x7f7224105510
2024-01-25T15:58:52.814 INFO:teuthology.orchestra.run.smithi033.stdout:/usr/bin/ceph: stderr
2024-01-25T15:58:51.635+0000 7f7228ac6700 1 -- 172.21.15.33:0/3086411722 --> [v2:172.21.15.33:3300/0,v1:172.21.15.33:6789/0] -- mon_subscribe({osdmap=0}) v3 -- 0x7f72241068f0 con 0x7f7224105510
2024-01-25T15:58:52.814 INFO:teuthology.orchestra.run.smithi033.stdout:/usr/bin/ceph: stderr
2024-01-25T15:58:51.636+0000 7f72137fe700 1 -- 172.21.15.33:0/3086411722 <== mon.0 v2:172.21.15.33:3300/0 4 ==== mgrmap(e 12) v1 ==== 45654+0+0 (secure 0 0 0) 0x7f7214024a50 con 0x7f7224105510
2024-01-25T15:58:52.815 INFO:teuthology.orchestra.run.smithi033.stdout:/usr/bin/ceph: stderr
2024-01-25T15:58:51.636+0000 7f7228ac6700 1 -- 172.21.15.33:0/3086411722 --> [v2:172.21.15.33:3300/0,v1:172.21.15.33:6789/0] -- mon_command({"prefix": "get_command_descriptions"} v 0) v1 -- 0x7f722410b6d0 con 0x7f7224105510
2024-01-25T15:58:52.815 INFO:teuthology.orchestra.run.smithi033.stdout:/usr/bin/ceph: stderr
2024-01-25T15:58:51.636+0000 7f72137fe700 1 --2- 172.21.15.33:0/3086411722 >> [v2:172.21.15.33:6800/1063041969,v1:172.21.15.33:6801/1063041969] conn(0x7f720c038af0 0x7f720c03afb0 unknown :-1 s=NONE pgs=0 cs=0 l=1 rev1=0 crypto rx=0 tx=0 comp rx=0 tx=0).connect
2024-01-25T15:58:52.815 INFO:teuthology.orchestra.run.smithi033.stdout:/usr/bin/ceph: stderr
2024-01-25T15:58:51.636+0000 7f72137fe700 1 -- 172.21.15.33:0/3086411722 <== mon.0 v2:172.21.15.33:3300/0 5 ==== osd_map(3..3 src has 1..3) v4 ==== 1155+0+0 (secure 0 0 0) 0x7f721404cc50 con 0x7f7224105510
2024-01-25T15:58:52.815 INFO:teuthology.orchestra.run.smithi033.stdout:/usr/bin/ceph: stderr
2024-01-25T15:58:51.636+0000 7f7221d9b700 1 --2- 172.21.15.33:0/3086411722 >> [v2:172.21.15.33:6800/1063041969,v1:172.21.15.33:6801/1063041969] conn(0x7f720c038af0 0x7f720c03afb0 unknown :-1 s=BANNER_CONNECTING pgs=0 cs=0 l=1 rev1=0 crypto rx=0 tx=0 comp rx=0 tx=0)._handle_peer_banner_payload supported=3 required=0
2024-01-25T15:58:52.815 INFO:teuthology.orchestra.run.smithi033.stdout:/usr/bin/ceph: stderr
2024-01-25T15:58:51.637+0000 7f7221d9b700 1 --2- 172.21.15.33:0/3086411722 >> [v2:172.21.15.33:6800/1063041969,v1:172.21.15.33:6801/1063041969] conn(0x7f720c038af0 0x7f720c03afb0 secure :-1 s=READY pgs=8 cs=0 l=1 rev1=1 crypto rx=0x7f7218006fd0 tx=0x7f7218006e40 comp rx=0 tx=0).ready entity=mgr.14152 client_cookie=0 server_cookie=0 in_seq=0 out_seq=0
2024-01-25T15:58:52.815 INFO:teuthology.orchestra.run.smithi033.stdout:/usr/bin/ceph: stderr
2024-01-25T15:58:51.641+0000 7f72137fe700 1 -- 172.21.15.33:0/3086411722 <== mon.0 v2:172.21.15.33:3300/0 6 ==== mon_command_ack([{"prefix": "get_command_descriptions"}]=0 v0) v1 ==== 72+0+181732 (secure 0 0 0) 0x7f7214010790 con 0x7f7224105510
2024-01-25T15:58:52.815 INFO:teuthology.orchestra.run.smithi033.stdout:/usr/bin/ceph: stderr
2024-01-25T15:58:51.860+0000 7f7228ac6700 1 -- 172.21.15.33:0/3086411722 --> [v2:172.21.15.33:6800/1063041969,v1:172.21.15.33:6801/1063041969] -- mgr_command(tid 0: {"prefix": "dashboard ac-user-create", "username": "admin", "rolename": "administrator", "force_password": true, "pwd_update_required": true, "target": ["mon-mgr", ""]}) v1 -- 0x7f7224062c30 con 0x7f720c038af0
2024-01-25T15:58:52.815 INFO:teuthology.orchestra.run.smithi033.stdout:/usr/bin/ceph: stderr
2024-01-25T15:58:52.107+0000 7f72137fe700 1 -- 172.21.15.33:0/3086411722 <== mgr.14152 v2:172.21.15.33:6800/1063041969 1 ==== mgr_command_reply(tid 0: 0 ) v1 ==== 8+0+252 (secure 0 0 0) 0x7f7224062c30 con 0x7f720c038af0
2024-01-25T15:58:52.815 INFO:teuthology.orchestra.run.smithi033.stdout:/usr/bin/ceph: stderr
2024-01-25T15:58:52.109+0000 7f7228ac6700 1 -- 172.21.15.33:0/3086411722 >> [v2:172.21.15.33:6800/1063041969,v1:172.21.15.33:6801/1063041969] conn(0x7f720c038af0 msgr2=0x7f720c03afb0 secure :-1 s=STATE_CONNECTION_ESTABLISHED l=1).mark_down
2024-01-25T15:58:52.815 INFO:teuthology.orchestra.run.smithi033.stdout:/usr/bin/ceph: stderr
2024-01-25T15:58:52.109+0000 7f7228ac6700 1 --2- 172.21.15.33:0/3086411722 >> [v2:172.21.15.33:6800/1063041969,v1:172.21.15.33:6801/1063041969] conn(0x7f720c038af0 0x7f720c03afb0 secure :-1 s=READY pgs=8 cs=0 l=1 rev1=1 crypto rx=0x7f7218006fd0 tx=0x7f7218006e40 comp rx=0 tx=0).stop
2024-01-25T15:58:52.815 INFO:teuthology.orchestra.run.smithi033.stdout:/usr/bin/ceph: stderr
2024-01-25T15:58:52.109+0000 7f7228ac6700 1 -- 172.21.15.33:0/3086411722 >> [v2:172.21.15.33:3300/0,v1:172.21.15.33:6789/0] conn(0x7f7224105510 msgr2=0x7f7224107d20 secure :-1 s=STATE_CONNECTION_ESTABLISHED l=1).mark_down
2024-01-25T15:58:52.815 INFO:teuthology.orchestra.run.smithi033.stdout:/usr/bin/ceph: stderr
2024-01-25T15:58:52.109+0000 7f7228ac6700 1 --2- 172.21.15.33:0/3086411722 >> [v2:172.21.15.33:3300/0,v1:172.21.15.33:6789/0] conn(0x7f7224105510 0x7f7224107d20 secure :-1 s=READY pgs=73 cs=0 l=1 rev1=1 crypto rx=0x7f7214011670 tx=0x7f7214011a30 comp rx=0 tx=0).stop
2024-01-25T15:58:52.815 INFO:teuthology.orchestra.run.smithi033.stdout:/usr/bin/ceph: stderr
2024-01-25T15:58:52.109+0000 7f7228ac6700 1 -- 172.21.15.33:0/3086411722 shutdown_connections
2024-01-25T15:58:52.815 INFO:teuthology.orchestra.run.smithi033.stdout:/usr/bin/ceph: stderr
2024-01-25T15:58:52.109+0000 7f7228ac6700 1 --2- 172.21.15.33:0/3086411722 >> [v2:172.21.15.33:6800/1063041969,v1:172.21.15.33:6801/1063041969] conn(0x7f720c038af0 0x7f720c03afb0 unknown :-1 s=CLOSED pgs=8 cs=0 l=1 rev1=1 crypto rx=0 tx=0 comp rx=0 tx=0).stop
2024-01-25T15:58:52.815 INFO:teuthology.orchestra.run.smithi033.stdout:/usr/bin/ceph: stderr
2024-01-25T15:58:52.109+0000 7f7228ac6700 1 --2- 172.21.15.33:0/3086411722 >> [v2:172.21.15.33:3300/0,v1:172.21.15.33:6789/0] conn(0x7f7224105510 0x7f7224107d20 unknown :-1 s=CLOSED pgs=73 cs=0 l=1 rev1=1 crypto rx=0 tx=0 comp rx=0 tx=0).stop
2024-01-25T15:58:52.816 INFO:teuthology.orchestra.run.smithi033.stdout:/usr/bin/ceph: stderr
2024-01-25T15:58:52.109+0000 7f7228ac6700 1 -- 172.21.15.33:0/3086411722 >> 172.21.15.33:0/3086411722 conn(0x7f7224100ee0 msgr2=0x7f7224101a70 unknown :-1 s=STATE_NONE l=0).mark_down
2024-01-25T15:58:52.816 INFO:teuthology.orchestra.run.smithi033.stdout:/usr/bin/ceph: stderr
2024-01-25T15:58:52.109+0000 7f7228ac6700 1 -- 172.21.15.33:0/3086411722 shutdown_connections
2024-01-25T15:58:52.816 INFO:teuthology.orchestra.run.smithi033.stdout:/usr/bin/ceph: stderr
2024-01-25T15:58:52.109+0000 7f7228ac6700 1 -- 172.21.15.33:0/3086411722 wait complete.
2024-01-25T15:58:52.816 INFO:teuthology.orchestra.run.smithi033.stdout:Fetching dashboard port number...
2024-01-25T15:58:53.424 INFO:journalctl@ceph.mon.a.smithi033.stdout:Jan 25 15:58:53 smithi033 ceph-mon[31417]: from='client.14166 -' entity='client.admin' cmd=[{"prefix": "dashboard ac-user-create", "username": "admin", "rolename": "administrator", "force_password": true, "pwd_update_required": true, "target": ["mon-mgr", ""]}]: dispatch
2024-01-25T15:58:53.424 INFO:journalctl@ceph.mon.a.smithi033.stdout:Jan 25 15:58:53 smithi033 ceph-mon[31417]: from='mgr.14152 172.21.15.33:0/3414280909' entity='mgr.x'
2024-01-25T15:58:54.297 INFO:journalctl@ceph.mon.a.smithi033.stdout:Jan 25 15:58:54 smithi033 ceph-mon[31417]: from='client.? 172.21.15.33:0/2299605017' entity='client.admin' cmd=[{"prefix": "config get", "who": "mgr", "key": "mgr/dashboard/ssl_server_port"}]: dispatch
2024-01-25T15:58:54.305 INFO:teuthology.orchestra.run.smithi033.stdout:/usr/bin/ceph: stdout 8443
2024-01-25T15:58:54.305 INFO:teuthology.orchestra.run.smithi033.stdout:/usr/bin/ceph: stderr
2024-01-25T15:58:53.211+0000 7fe5cceea700 1 Processor -- start
2024-01-25T15:58:54.305 INFO:teuthology.orchestra.run.smithi033.stdout:/usr/bin/ceph: stderr
2024-01-25T15:58:53.211+0000 7fe5cceea700 1 -- start start
2024-01-25T15:58:54.305 INFO:teuthology.orchestra.run.smithi033.stdout:/usr/bin/ceph: stderr
2024-01-25T15:58:53.212+0000 7fe5cceea700 1 --2- >> [v2:172.21.15.33:3300/0,v1:172.21.15.33:6789/0] conn(0x7fe5c8106110 0x7fe5c8106530 unknown :-1 s=NONE pgs=0 cs=0 l=0 rev1=0 crypto rx=0 tx=0 comp rx=0 tx=0).connect
2024-01-25T15:58:54.305 INFO:teuthology.orchestra.run.smithi033.stdout:/usr/bin/ceph: stderr
2024-01-25T15:58:53.212+0000 7fe5cceea700 1 -- --> [v2:172.21.15.33:3300/0,v1:172.21.15.33:6789/0] -- mon_getmap magic: 0 v1 -- 0x7fe5c8106b00 con 0x7fe5c8106110
2024-01-25T15:58:54.305 INFO:teuthology.orchestra.run.smithi033.stdout:/usr/bin/ceph: stderr
2024-01-25T15:58:53.212+0000 7fe5c659c700 1 --2- >> [v2:172.21.15.33:3300/0,v1:172.21.15.33:6789/0] conn(0x7fe5c8106110 0x7fe5c8106530 unknown :-1 s=BANNER_CONNECTING pgs=0 cs=0 l=0 rev1=0 crypto rx=0 tx=0 comp rx=0 tx=0)._handle_peer_banner_payload supported=3 required=0
2024-01-25T15:58:54.305 INFO:teuthology.orchestra.run.smithi033.stdout:/usr/bin/ceph: stderr
2024-01-25T15:58:53.212+0000 7fe5c659c700 1 --2- >> [v2:172.21.15.33:3300/0,v1:172.21.15.33:6789/0] conn(0x7fe5c8106110 0x7fe5c8106530 unknown :-1 s=HELLO_CONNECTING pgs=0 cs=0 l=0 rev1=1 crypto rx=0 tx=0 comp rx=0 tx=0).handle_hello peer v2:172.21.15.33:3300/0 says I am v2:172.21.15.33:47690/0 (socket says 172.21.15.33:47690)
2024-01-25T15:58:54.305 INFO:teuthology.orchestra.run.smithi033.stdout:/usr/bin/ceph: stderr
2024-01-25T15:58:53.212+0000 7fe5c659c700 1 -- 172.21.15.33:0/1124762936 learned_addr learned my addr 172.21.15.33:0/1124762936 (peer_addr_for_me v2:172.21.15.33:0/0)
2024-01-25T15:58:54.305 INFO:teuthology.orchestra.run.smithi033.stdout:/usr/bin/ceph: stderr
2024-01-25T15:58:53.212+0000 7fe5c659c700 1 -- 172.21.15.33:0/1124762936 --> [v2:172.21.15.33:3300/0,v1:172.21.15.33:6789/0] -- mon_subscribe({config=0+,monmap=0+}) v3 -- 0x7fe5c8107310 con 0x7fe5c8106110
2024-01-25T15:58:54.305 INFO:teuthology.orchestra.run.smithi033.stdout:/usr/bin/ceph: stderr
2024-01-25T15:58:53.212+0000 7fe5c659c700 1 --2- 172.21.15.33:0/1124762936 >> [v2:172.21.15.33:3300/0,v1:172.21.15.33:6789/0] conn(0x7fe5c8106110 0x7fe5c8106530 secure :-1 s=READY pgs=74 cs=0 l=1 rev1=1 crypto rx=0x7fe5b800bb40 tx=0x7fe5b800be50 comp rx=0 tx=0).ready entity=mon.0 client_cookie=8827abd9286a0eee server_cookie=0 in_seq=0 out_seq=0
2024-01-25T15:58:54.306 INFO:teuthology.orchestra.run.smithi033.stdout:/usr/bin/ceph: stderr
2024-01-25T15:58:53.213+0000 7fe5c559a700 1 -- 172.21.15.33:0/1124762936 <== mon.0 v2:172.21.15.33:3300/0 1 ==== mon_map magic: 0 v1 ==== 205+0+0 (secure 0 0 0) 0x7fe5b800dbe0 con 0x7fe5c8106110
2024-01-25T15:58:54.306 INFO:teuthology.orchestra.run.smithi033.stdout:/usr/bin/ceph: stderr
2024-01-25T15:58:53.213+0000 7fe5c559a700 1 -- 172.21.15.33:0/1124762936 <== mon.0 v2:172.21.15.33:3300/0 2 ==== config(26 keys) v1 ==== 1105+0+0 (secure 0 0 0) 0x7fe5b80044f0 con 0x7fe5c8106110
2024-01-25T15:58:54.306 INFO:teuthology.orchestra.run.smithi033.stdout:/usr/bin/ceph: stderr
2024-01-25T15:58:53.213+0000 7fe5c559a700 1 -- 172.21.15.33:0/1124762936 <== mon.0 v2:172.21.15.33:3300/0 3 ==== mon_map magic: 0 v1 ==== 205+0+0 (secure 0 0 0) 0x7fe5b8003e60 con 0x7fe5c8106110
2024-01-25T15:58:54.306 INFO:teuthology.orchestra.run.smithi033.stdout:/usr/bin/ceph: stderr
2024-01-25T15:58:53.213+0000 7fe5cceea700 1 -- 172.21.15.33:0/1124762936 >> [v2:172.21.15.33:3300/0,v1:172.21.15.33:6789/0] conn(0x7fe5c8106110 msgr2=0x7fe5c8106530 secure :-1 s=STATE_CONNECTION_ESTABLISHED l=1).mark_down
2024-01-25T15:58:54.306 INFO:teuthology.orchestra.run.smithi033.stdout:/usr/bin/ceph: stderr
2024-01-25T15:58:53.213+0000 7fe5cceea700 1 --2- 172.21.15.33:0/1124762936 >> [v2:172.21.15.33:3300/0,v1:172.21.15.33:6789/0] conn(0x7fe5c8106110 0x7fe5c8106530 secure :-1 s=READY pgs=74 cs=0 l=1 rev1=1 crypto rx=0x7fe5b800bb40 tx=0x7fe5b800be50 comp rx=0 tx=0).stop
2024-01-25T15:58:54.306 INFO:teuthology.orchestra.run.smithi033.stdout:/usr/bin/ceph: stderr
2024-01-25T15:58:53.213+0000 7fe5cceea700 1 -- 172.21.15.33:0/1124762936 shutdown_connections
2024-01-25T15:58:54.306 INFO:teuthology.orchestra.run.smithi033.stdout:/usr/bin/ceph: stderr
2024-01-25T15:58:53.213+0000 7fe5cceea700 1 --2- 172.21.15.33:0/1124762936 >> [v2:172.21.15.33:3300/0,v1:172.21.15.33:6789/0] conn(0x7fe5c8106110 0x7fe5c8106530 unknown :-1 s=CLOSED pgs=74 cs=0 l=1 rev1=1 crypto rx=0 tx=0 comp rx=0 tx=0).stop
2024-01-25T15:58:54.306 INFO:teuthology.orchestra.run.smithi033.stdout:/usr/bin/ceph: stderr
2024-01-25T15:58:53.213+0000 7fe5cceea700 1 -- 172.21.15.33:0/1124762936 >> 172.21.15.33:0/1124762936 conn(0x7fe5c81016d0 msgr2=0x7fe5c8103af0 unknown :-1 s=STATE_NONE l=0).mark_down
2024-01-25T15:58:54.306 INFO:teuthology.orchestra.run.smithi033.stdout:/usr/bin/ceph: stderr
2024-01-25T15:58:53.213+0000 7fe5cceea700 1 -- 172.21.15.33:0/1124762936 shutdown_connections
2024-01-25T15:58:54.306 INFO:teuthology.orchestra.run.smithi033.stdout:/usr/bin/ceph: stderr
2024-01-25T15:58:53.213+0000 7fe5cceea700 1 -- 172.21.15.33:0/1124762936 wait complete.
2024-01-25T15:58:54.306 INFO:teuthology.orchestra.run.smithi033.stdout:/usr/bin/ceph: stderr
2024-01-25T15:58:53.214+0000 7fe5cceea700 1 Processor -- start
2024-01-25T15:58:54.306 INFO:teuthology.orchestra.run.smithi033.stdout:/usr/bin/ceph: stderr
2024-01-25T15:58:53.214+0000 7fe5cceea700 1 -- start start
2024-01-25T15:58:54.306 INFO:teuthology.orchestra.run.smithi033.stdout:/usr/bin/ceph: stderr
2024-01-25T15:58:53.214+0000 7fe5cceea700 1 --2- >> [v2:172.21.15.33:3300/0,v1:172.21.15.33:6789/0] conn(0x7fe5c8106110 0x7fe5c819d140 unknown :-1 s=NONE pgs=0 cs=0 l=1 rev1=0 crypto rx=0 tx=0 comp rx=0 tx=0).connect
2024-01-25T15:58:54.306 INFO:teuthology.orchestra.run.smithi033.stdout:/usr/bin/ceph: stderr
2024-01-25T15:58:53.214+0000 7fe5cceea700 1 -- --> [v2:172.21.15.33:3300/0,v1:172.21.15.33:6789/0] -- mon_getmap magic: 0 v1 -- 0x7fe5c819d680 con 0x7fe5c8106110
2024-01-25T15:58:54.306 INFO:teuthology.orchestra.run.smithi033.stdout:/usr/bin/ceph: stderr
2024-01-25T15:58:53.214+0000 7fe5c659c700 1 --2- >> [v2:172.21.15.33:3300/0,v1:172.21.15.33:6789/0] conn(0x7fe5c8106110 0x7fe5c819d140 unknown :-1 s=BANNER_CONNECTING pgs=0 cs=0 l=1 rev1=0 crypto rx=0 tx=0 comp rx=0 tx=0)._handle_peer_banner_payload supported=3 required=0
2024-01-25T15:58:54.307 INFO:teuthology.orchestra.run.smithi033.stdout:/usr/bin/ceph: stderr
2024-01-25T15:58:53.214+0000 7fe5c659c700 1 --2- >> [v2:172.21.15.33:3300/0,v1:172.21.15.33:6789/0] conn(0x7fe5c8106110 0x7fe5c819d140 unknown :-1 s=HELLO_CONNECTING pgs=0 cs=0 l=1 rev1=1 crypto rx=0 tx=0 comp rx=0 tx=0).handle_hello peer v2:172.21.15.33:3300/0 says I am v2:172.21.15.33:47702/0 (socket says 172.21.15.33:47702)
2024-01-25T15:58:54.307 INFO:teuthology.orchestra.run.smithi033.stdout:/usr/bin/ceph: stderr
2024-01-25T15:58:53.214+0000 7fe5c659c700 1 -- 172.21.15.33:0/2299605017 learned_addr learned my addr 172.21.15.33:0/2299605017 (peer_addr_for_me v2:172.21.15.33:0/0)
2024-01-25T15:58:54.307 INFO:teuthology.orchestra.run.smithi033.stdout:/usr/bin/ceph: stderr
2024-01-25T15:58:53.215+0000 7fe5c659c700 1 -- 172.21.15.33:0/2299605017 --> [v2:172.21.15.33:3300/0,v1:172.21.15.33:6789/0] -- mon_subscribe({config=0+,monmap=0+}) v3 -- 0x7fe5b800b7f0 con 0x7fe5c8106110
2024-01-25T15:58:54.307 INFO:teuthology.orchestra.run.smithi033.stdout:/usr/bin/ceph: stderr
2024-01-25T15:58:53.215+0000 7fe5c659c700 1 --2- 172.21.15.33:0/2299605017 >> [v2:172.21.15.33:3300/0,v1:172.21.15.33:6789/0] conn(0x7fe5c8106110 0x7fe5c819d140 secure :-1 s=READY pgs=75 cs=0 l=1 rev1=1 crypto rx=0x7fe5b80104d0 tx=0x7fe5b8004020 comp rx=0 tx=0).ready entity=mon.0 client_cookie=0 server_cookie=0 in_seq=0 out_seq=0
2024-01-25T15:58:54.307 INFO:teuthology.orchestra.run.smithi033.stdout:/usr/bin/ceph: stderr
2024-01-25T15:58:53.215+0000 7fe5b77fe700 1 -- 172.21.15.33:0/2299605017 <== mon.0 v2:172.21.15.33:3300/0 1 ==== mon_map magic: 0 v1 ==== 205+0+0 (secure 0 0 0) 0x7fe5b8010760 con 0x7fe5c8106110
2024-01-25T15:58:54.307 INFO:teuthology.orchestra.run.smithi033.stdout:/usr/bin/ceph: stderr
2024-01-25T15:58:53.215+0000 7fe5cceea700 1 -- 172.21.15.33:0/2299605017 --> [v2:172.21.15.33:3300/0,v1:172.21.15.33:6789/0] -- mon_subscribe({mgrmap=0+}) v3 -- 0x7fe5c819d880 con 0x7fe5c8106110
2024-01-25T15:58:54.307 INFO:teuthology.orchestra.run.smithi033.stdout:/usr/bin/ceph: stderr
2024-01-25T15:58:53.215+0000 7fe5b77fe700 1 -- 172.21.15.33:0/2299605017 <== mon.0 v2:172.21.15.33:3300/0 2 ==== config(26 keys) v1 ==== 1105+0+0 (secure 0 0 0) 0x7fe5b8010d80 con 0x7fe5c8106110
2024-01-25T15:58:54.307 INFO:teuthology.orchestra.run.smithi033.stdout:/usr/bin/ceph: stderr
2024-01-25T15:58:53.215+0000 7fe5b77fe700 1 -- 172.21.15.33:0/2299605017 <== mon.0 v2:172.21.15.33:3300/0 3 ==== mon_map magic: 0 v1 ==== 205+0+0 (secure 0 0 0) 0x7fe5b8019ce0 con 0x7fe5c8106110
2024-01-25T15:58:54.307 INFO:teuthology.orchestra.run.smithi033.stdout:/usr/bin/ceph: stderr
2024-01-25T15:58:53.215+0000 7fe5cceea700 1 -- 172.21.15.33:0/2299605017 --> [v2:172.21.15.33:3300/0,v1:172.21.15.33:6789/0] -- mon_subscribe({osdmap=0}) v3 -- 0x7fe5c819dcc0 con 0x7fe5c8106110
2024-01-25T15:58:54.307 INFO:teuthology.orchestra.run.smithi033.stdout:/usr/bin/ceph: stderr
2024-01-25T15:58:53.216+0000 7fe5b77fe700 1 -- 172.21.15.33:0/2299605017 <== mon.0 v2:172.21.15.33:3300/0 4 ==== mgrmap(e 12) v1 ==== 45654+0+0 (secure 0 0 0) 0x7fe5b802a450 con 0x7fe5c8106110
2024-01-25T15:58:54.307 INFO:teuthology.orchestra.run.smithi033.stdout:/usr/bin/ceph: stderr
2024-01-25T15:58:53.216+0000 7fe5cceea700 1 -- 172.21.15.33:0/2299605017 --> [v2:172.21.15.33:3300/0,v1:172.21.15.33:6789/0] -- mon_command({"prefix": "get_command_descriptions"} v 0) v1 -- 0x7fe5c8079fe0 con 0x7fe5c8106110
2024-01-25T15:58:54.307 INFO:teuthology.orchestra.run.smithi033.stdout:/usr/bin/ceph: stderr
2024-01-25T15:58:53.216+0000 7fe5b77fe700 1 --2- 172.21.15.33:0/2299605017 >> [v2:172.21.15.33:6800/1063041969,v1:172.21.15.33:6801/1063041969] conn(0x7fe5b0038a40 0x7fe5b003af00 unknown :-1 s=NONE pgs=0 cs=0 l=1 rev1=0 crypto rx=0 tx=0 comp rx=0 tx=0).connect
2024-01-25T15:58:54.307 INFO:teuthology.orchestra.run.smithi033.stdout:/usr/bin/ceph: stderr
2024-01-25T15:58:53.216+0000 7fe5b77fe700 1 -- 172.21.15.33:0/2299605017 <== mon.0 v2:172.21.15.33:3300/0 5 ==== osd_map(3..3 src has 1..3) v4 ==== 1155+0+0 (secure 0 0 0) 0x7fe5b804ceb0 con 0x7fe5c8106110
2024-01-25T15:58:54.307 INFO:teuthology.orchestra.run.smithi033.stdout:/usr/bin/ceph: stderr
2024-01-25T15:58:53.216+0000 7fe5c5d9b700 1 --2- 172.21.15.33:0/2299605017 >> [v2:172.21.15.33:6800/1063041969,v1:172.21.15.33:6801/1063041969] conn(0x7fe5b0038a40 0x7fe5b003af00 unknown :-1 s=BANNER_CONNECTING pgs=0 cs=0 l=1 rev1=0 crypto rx=0 tx=0 comp rx=0 tx=0)._handle_peer_banner_payload supported=3 required=0
2024-01-25T15:58:54.308 INFO:teuthology.orchestra.run.smithi033.stdout:/usr/bin/ceph: stderr
2024-01-25T15:58:53.217+0000 7fe5c5d9b700 1 --2- 172.21.15.33:0/2299605017 >> [v2:172.21.15.33:6800/1063041969,v1:172.21.15.33:6801/1063041969] conn(0x7fe5b0038a40 0x7fe5b003af00 secure :-1 s=READY pgs=9 cs=0 l=1 rev1=1 crypto rx=0x7fe5bc006fd0 tx=0x7fe5bc006e40 comp rx=0 tx=0).ready entity=mgr.14152 client_cookie=0 server_cookie=0 in_seq=0 out_seq=0
2024-01-25T15:58:54.308 INFO:teuthology.orchestra.run.smithi033.stdout:/usr/bin/ceph: stderr
2024-01-25T15:58:53.221+0000 7fe5b77fe700 1 -- 172.21.15.33:0/2299605017 <== mon.0 v2:172.21.15.33:3300/0 6 ==== mon_command_ack([{"prefix": "get_command_descriptions"}]=0 v0) v1 ==== 72+0+181732 (secure 0 0 0) 0x7fe5b8028710 con 0x7fe5c8106110
2024-01-25T15:58:54.308 INFO:teuthology.orchestra.run.smithi033.stdout:/usr/bin/ceph: stderr
2024-01-25T15:58:53.421+0000 7fe5cceea700 1 -- 172.21.15.33:0/2299605017 --> [v2:172.21.15.33:3300/0,v1:172.21.15.33:6789/0] -- mon_command({"prefix": "config get", "who": "mgr", "key": "mgr/dashboard/ssl_server_port"} v 0) v1 -- 0x7fe5c8192410 con 0x7fe5c8106110
2024-01-25T15:58:54.308 INFO:teuthology.orchestra.run.smithi033.stdout:/usr/bin/ceph: stderr
2024-01-25T15:58:53.421+0000 7fe5b77fe700 1 -- 172.21.15.33:0/2299605017 <== mon.0 v2:172.21.15.33:3300/0 7 ==== mon_command_ack([{"prefix": "config get", "who": "mgr", "key": "mgr/dashboard/ssl_server_port"}]=0 v8) v1 ==== 112+0+5 (secure 0 0 0) 0x7fe5b804e0b0 con 0x7fe5c8106110
2024-01-25T15:58:54.308 INFO:teuthology.orchestra.run.smithi033.stdout:/usr/bin/ceph: stderr
2024-01-25T15:58:53.423+0000 7fe5cceea700 1 -- 172.21.15.33:0/2299605017 >> [v2:172.21.15.33:6800/1063041969,v1:172.21.15.33:6801/1063041969] conn(0x7fe5b0038a40 msgr2=0x7fe5b003af00 secure :-1 s=STATE_CONNECTION_ESTABLISHED l=1).mark_down
2024-01-25T15:58:54.308 INFO:teuthology.orchestra.run.smithi033.stdout:/usr/bin/ceph: stderr
2024-01-25T15:58:53.423+0000 7fe5cceea700 1 --2- 172.21.15.33:0/2299605017 >> [v2:172.21.15.33:6800/1063041969,v1:172.21.15.33:6801/1063041969] conn(0x7fe5b0038a40 0x7fe5b003af00 secure :-1 s=READY pgs=9 cs=0 l=1 rev1=1 crypto rx=0x7fe5bc006fd0 tx=0x7fe5bc006e40 comp rx=0 tx=0).stop
2024-01-25T15:58:54.308 INFO:teuthology.orchestra.run.smithi033.stdout:/usr/bin/ceph: stderr
2024-01-25T15:58:53.423+0000 7fe5cceea700 1 -- 172.21.15.33:0/2299605017 >> [v2:172.21.15.33:3300/0,v1:172.21.15.33:6789/0] conn(0x7fe5c8106110 msgr2=0x7fe5c819d140 secure :-1 s=STATE_CONNECTION_ESTABLISHED l=1).mark_down
2024-01-25T15:58:54.308 INFO:teuthology.orchestra.run.smithi033.stdout:/usr/bin/ceph: stderr
2024-01-25T15:58:53.423+0000 7fe5cceea700 1 --2- 172.21.15.33:0/2299605017 >> [v2:172.21.15.33:3300/0,v1:172.21.15.33:6789/0] conn(0x7fe5c8106110 0x7fe5c819d140 secure :-1 s=READY pgs=75 cs=0 l=1 rev1=1 crypto rx=0x7fe5b80104d0 tx=0x7fe5b8004020 comp rx=0 tx=0).stop
2024-01-25T15:58:54.308 INFO:teuthology.orchestra.run.smithi033.stdout:/usr/bin/ceph: stderr
2024-01-25T15:58:53.423+0000 7fe5cceea700 1 -- 172.21.15.33:0/2299605017 shutdown_connections
2024-01-25T15:58:54.308 INFO:teuthology.orchestra.run.smithi033.stdout:/usr/bin/ceph: stderr
2024-01-25T15:58:53.423+0000 7fe5cceea700 1 --2- 172.21.15.33:0/2299605017 >> [v2:172.21.15.33:6800/1063041969,v1:172.21.15.33:6801/1063041969] conn(0x7fe5b0038a40 0x7fe5b003af00 unknown :-1 s=CLOSED pgs=9 cs=0 l=1 rev1=1 crypto rx=0 tx=0 comp rx=0 tx=0).stop
2024-01-25T15:58:54.308 INFO:teuthology.orchestra.run.smithi033.stdout:/usr/bin/ceph: stderr
2024-01-25T15:58:53.423+0000 7fe5cceea700 1 --2- 172.21.15.33:0/2299605017 >> [v2:172.21.15.33:3300/0,v1:172.21.15.33:6789/0] conn(0x7fe5c8106110 0x7fe5c819d140 unknown :-1 s=CLOSED pgs=75 cs=0 l=1 rev1=1 crypto rx=0 tx=0 comp rx=0 tx=0).stop
2024-01-25T15:58:54.308 INFO:teuthology.orchestra.run.smithi033.stdout:/usr/bin/ceph: stderr
2024-01-25T15:58:53.423+0000 7fe5cceea700 1 -- 172.21.15.33:0/2299605017 >> 172.21.15.33:0/2299605017 conn(0x7fe5c81016d0 msgr2=0x7fe5c818f4d0 unknown :-1 s=STATE_NONE l=0).mark_down
2024-01-25T15:58:54.308 INFO:teuthology.orchestra.run.smithi033.stdout:/usr/bin/ceph: stderr
2024-01-25T15:58:53.424+0000 7fe5cceea700 1 -- 172.21.15.33:0/2299605017 shutdown_connections
2024-01-25T15:58:54.308 INFO:teuthology.orchestra.run.smithi033.stdout:/usr/bin/ceph: stderr
2024-01-25T15:58:53.424+0000 7fe5cceea700 1 -- 172.21.15.33:0/2299605017 wait complete.
2024-01-25T15:58:54.314 INFO:teuthology.orchestra.run.smithi033.stdout:Non-zero exit code 1 from systemctl is-enabled firewalld.service
2024-01-25T15:58:54.314 INFO:teuthology.orchestra.run.smithi033.stdout:systemctl: stdout disabled
2024-01-25T15:58:54.322 INFO:teuthology.orchestra.run.smithi033.stdout:Non-zero exit code 3 from systemctl is-active firewalld.service
2024-01-25T15:58:54.322 INFO:teuthology.orchestra.run.smithi033.stdout:systemctl: stdout inactive
2024-01-25T15:58:54.322 INFO:teuthology.orchestra.run.smithi033.stdout:firewalld.service is not enabled
2024-01-25T15:58:54.323 INFO:teuthology.orchestra.run.smithi033.stdout:Not possible to open ports <[8443]>. firewalld.service is not available
2024-01-25T15:58:54.324 INFO:teuthology.orchestra.run.smithi033.stdout:Ceph Dashboard is now available at:
2024-01-25T15:58:54.324 INFO:teuthology.orchestra.run.smithi033.stdout:
2024-01-25T15:58:54.324 INFO:teuthology.orchestra.run.smithi033.stdout: URL: https://smithi033.front.sepia.ceph.com:8443/
2024-01-25T15:58:54.324 INFO:teuthology.orchestra.run.smithi033.stdout: User: admin
2024-01-25T15:58:54.324 INFO:teuthology.orchestra.run.smithi033.stdout: Password: z4w04fn0jr
2024-01-25T15:58:54.324 INFO:teuthology.orchestra.run.smithi033.stdout:
2024-01-25T15:58:54.325 INFO:teuthology.orchestra.run.smithi033.stdout:Saving cluster configuration to /var/lib/ceph/55cf2542-bb9a-11ee-95b2-87774f69a715/config directory
2024-01-25T15:58:54.325 INFO:teuthology.orchestra.run.smithi033.stdout:Enabling autotune for osd_memory_target
2024-01-25T15:58:55.314 INFO:journalctl@ceph.mon.a.smithi033.stdout:Jan 25 15:58:55 smithi033 ceph-mon[31417]: mgrmap e13: x(active, since 6s)
2024-01-25T15:58:55.587 INFO:teuthology.orchestra.run.smithi033.stdout:/usr/bin/ceph: stderr
2024-01-25T15:58:54.766+0000 7fab3117a700 1 Processor -- start
2024-01-25T15:58:55.587 INFO:teuthology.orchestra.run.smithi033.stdout:/usr/bin/ceph: stderr
2024-01-25T15:58:54.766+0000 7fab3117a700 1 -- start start
