2024-01-31T05:02:24.255+0000 7f6a5b7fe700 1 --2- >> [v2:172.21.15.99:3300/0,v1:172.21.15.99:6789/0] conn(0x7f6a5c107b30 0x7f6a5c109f20 unknown :-1 s=HELLO_CONNECTING pgs=0 cs=0 l=0 rev1=1 crypto rx=0 tx=0 comp rx=0 tx=0).handle_hello peer v2:172.21.15.99:3300/0 says I am v2:172.21.15.99:58202/0 (socket says 172.21.15.99:58202)
2024-01-31T05:02:25.551 INFO:teuthology.orchestra.run.smithi099.stdout:/usr/bin/ceph: stderr
2024-01-31T05:02:24.255+0000 7f6a5b7fe700 1 -- 172.21.15.99:0/1182998023 learned_addr learned my addr 172.21.15.99:0/1182998023 (peer_addr_for_me v2:172.21.15.99:0/0)
2024-01-31T05:02:25.551 INFO:teuthology.orchestra.run.smithi099.stdout:/usr/bin/ceph: stderr
2024-01-31T05:02:24.255+0000 7f6a5b7fe700 1 -- 172.21.15.99:0/1182998023 --> [v2:172.21.15.99:3300/0,v1:172.21.15.99:6789/0] -- mon_subscribe({config=0+,monmap=0+}) v3 -- 0x7f6a5c10a460 con 0x7f6a5c107b30
2024-01-31T05:02:25.551 INFO:teuthology.orchestra.run.smithi099.stdout:/usr/bin/ceph: stderr
2024-01-31T05:02:24.255+0000 7f6a5b7fe700 1 --2- 172.21.15.99:0/1182998023 >> [v2:172.21.15.99:3300/0,v1:172.21.15.99:6789/0] conn(0x7f6a5c107b30 0x7f6a5c109f20 secure :-1 s=READY pgs=72 cs=0 l=1 rev1=1 crypto rx=0x7f6a4c0098a0 tx=0x7f6a4c009bb0 comp rx=0 tx=0).ready entity=mon.0 client_cookie=fc49624bfa8722e3 server_cookie=0 in_seq=0 out_seq=0
2024-01-31T05:02:25.551 INFO:teuthology.orchestra.run.smithi099.stdout:/usr/bin/ceph: stderr
2024-01-31T05:02:24.255+0000 7f6a5a7fc700 1 -- 172.21.15.99:0/1182998023 <== mon.0 v2:172.21.15.99:3300/0 1 ==== mon_map magic: 0 v1 ==== 205+0+0 (secure 0 0 0) 0x7f6a4c004160 con 0x7f6a5c107b30
2024-01-31T05:02:25.551 INFO:teuthology.orchestra.run.smithi099.stdout:/usr/bin/ceph: stderr
2024-01-31T05:02:24.256+0000 7f6a5a7fc700 1 -- 172.21.15.99:0/1182998023 <== mon.0 v2:172.21.15.99:3300/0 2 ==== config(26 keys) v1 ==== 1105+0+0 (secure 0 0 0) 0x7f6a4c0042c0 con 0x7f6a5c107b30
2024-01-31T05:02:25.551 INFO:teuthology.orchestra.run.smithi099.stdout:/usr/bin/ceph: stderr
2024-01-31T05:02:24.256+0000 7f6a5a7fc700 1 -- 172.21.15.99:0/1182998023 <== mon.0 v2:172.21.15.99:3300/0 3 ==== mon_map magic: 0 v1 ==== 205+0+0 (secure 0 0 0) 0x7f6a4c0119b0 con 0x7f6a5c107b30
2024-01-31T05:02:25.551 INFO:teuthology.orchestra.run.smithi099.stdout:/usr/bin/ceph: stderr
2024-01-31T05:02:24.256+0000 7f6a61fbe700 1 -- 172.21.15.99:0/1182998023 >> [v2:172.21.15.99:3300/0,v1:172.21.15.99:6789/0] conn(0x7f6a5c107b30 msgr2=0x7f6a5c109f20 secure :-1 s=STATE_CONNECTION_ESTABLISHED l=1).mark_down
2024-01-31T05:02:25.551 INFO:teuthology.orchestra.run.smithi099.stdout:/usr/bin/ceph: stderr
2024-01-31T05:02:24.256+0000 7f6a61fbe700 1 --2- 172.21.15.99:0/1182998023 >> [v2:172.21.15.99:3300/0,v1:172.21.15.99:6789/0] conn(0x7f6a5c107b30 0x7f6a5c109f20 secure :-1 s=READY pgs=72 cs=0 l=1 rev1=1 crypto rx=0x7f6a4c0098a0 tx=0x7f6a4c009bb0 comp rx=0 tx=0).stop
2024-01-31T05:02:25.551 INFO:teuthology.orchestra.run.smithi099.stdout:/usr/bin/ceph: stderr
2024-01-31T05:02:24.256+0000 7f6a61fbe700 1 -- 172.21.15.99:0/1182998023 shutdown_connections
2024-01-31T05:02:25.551 INFO:teuthology.orchestra.run.smithi099.stdout:/usr/bin/ceph: stderr
2024-01-31T05:02:24.256+0000 7f6a61fbe700 1 --2- 172.21.15.99:0/1182998023 >> [v2:172.21.15.99:3300/0,v1:172.21.15.99:6789/0] conn(0x7f6a5c107b30 0x7f6a5c109f20 unknown :-1 s=CLOSED pgs=72 cs=0 l=1 rev1=1 crypto rx=0 tx=0 comp rx=0 tx=0).stop
2024-01-31T05:02:25.552 INFO:teuthology.orchestra.run.smithi099.stdout:/usr/bin/ceph: stderr
2024-01-31T05:02:24.256+0000 7f6a61fbe700 1 -- 172.21.15.99:0/1182998023 >> 172.21.15.99:0/1182998023 conn(0x7f6a5c101580 msgr2=0x7f6a5c1039a0 unknown :-1 s=STATE_NONE l=0).mark_down
2024-01-31T05:02:25.552 INFO:teuthology.orchestra.run.smithi099.stdout:/usr/bin/ceph: stderr
2024-01-31T05:02:24.256+0000 7f6a61fbe700 1 -- 172.21.15.99:0/1182998023 shutdown_connections
2024-01-31T05:02:25.552 INFO:teuthology.orchestra.run.smithi099.stdout:/usr/bin/ceph: stderr
2024-01-31T05:02:24.256+0000 7f6a61fbe700 1 -- 172.21.15.99:0/1182998023 wait complete.
2024-01-31T05:02:25.552 INFO:teuthology.orchestra.run.smithi099.stdout:/usr/bin/ceph: stderr
2024-01-31T05:02:24.257+0000 7f6a61fbe700 1 Processor -- start
2024-01-31T05:02:25.552 INFO:teuthology.orchestra.run.smithi099.stdout:/usr/bin/ceph: stderr
2024-01-31T05:02:24.257+0000 7f6a61fbe700 1 -- start start
2024-01-31T05:02:25.552 INFO:teuthology.orchestra.run.smithi099.stdout:/usr/bin/ceph: stderr
2024-01-31T05:02:24.257+0000 7f6a61fbe700 1 --2- >> [v2:172.21.15.99:3300/0,v1:172.21.15.99:6789/0] conn(0x7f6a5c107b30 0x7f6a5c1073b0 unknown :-1 s=NONE pgs=0 cs=0 l=1 rev1=0 crypto rx=0 tx=0 comp rx=0 tx=0).connect
2024-01-31T05:02:25.552 INFO:teuthology.orchestra.run.smithi099.stdout:/usr/bin/ceph: stderr
2024-01-31T05:02:24.257+0000 7f6a61fbe700 1 -- --> [v2:172.21.15.99:3300/0,v1:172.21.15.99:6789/0] -- mon_getmap magic: 0 v1 -- 0x7f6a5c1078f0 con 0x7f6a5c107b30
2024-01-31T05:02:25.552 INFO:teuthology.orchestra.run.smithi099.stdout:/usr/bin/ceph: stderr
2024-01-31T05:02:24.257+0000 7f6a5b7fe700 1 --2- >> [v2:172.21.15.99:3300/0,v1:172.21.15.99:6789/0] conn(0x7f6a5c107b30 0x7f6a5c1073b0 unknown :-1 s=BANNER_CONNECTING pgs=0 cs=0 l=1 rev1=0 crypto rx=0 tx=0 comp rx=0 tx=0)._handle_peer_banner_payload supported=3 required=0
2024-01-31T05:02:25.552 INFO:teuthology.orchestra.run.smithi099.stdout:/usr/bin/ceph: stderr
2024-01-31T05:02:24.257+0000 7f6a5b7fe700 1 --2- >> [v2:172.21.15.99:3300/0,v1:172.21.15.99:6789/0] conn(0x7f6a5c107b30 0x7f6a5c1073b0 unknown :-1 s=HELLO_CONNECTING pgs=0 cs=0 l=1 rev1=1 crypto rx=0 tx=0 comp rx=0 tx=0).handle_hello peer v2:172.21.15.99:3300/0 says I am v2:172.21.15.99:58206/0 (socket says 172.21.15.99:58206)
2024-01-31T05:02:25.552 INFO:teuthology.orchestra.run.smithi099.stdout:/usr/bin/ceph: stderr
2024-01-31T05:02:24.257+0000 7f6a5b7fe700 1 -- 172.21.15.99:0/3895087992 learned_addr learned my addr 172.21.15.99:0/3895087992 (peer_addr_for_me v2:172.21.15.99:0/0)
2024-01-31T05:02:25.552 INFO:teuthology.orchestra.run.smithi099.stdout:/usr/bin/ceph: stderr
2024-01-31T05:02:24.257+0000 7f6a5b7fe700 1 -- 172.21.15.99:0/3895087992 --> [v2:172.21.15.99:3300/0,v1:172.21.15.99:6789/0] -- mon_subscribe({config=0+,monmap=0+}) v3 -- 0x7f6a4c009550 con 0x7f6a5c107b30
2024-01-31T05:02:25.552 INFO:teuthology.orchestra.run.smithi099.stdout:/usr/bin/ceph: stderr
2024-01-31T05:02:24.258+0000 7f6a5b7fe700 1 --2- 172.21.15.99:0/3895087992 >> [v2:172.21.15.99:3300/0,v1:172.21.15.99:6789/0] conn(0x7f6a5c107b30 0x7f6a5c1073b0 secure :-1 s=READY pgs=73 cs=0 l=1 rev1=1 crypto rx=0x7f6a4c006af0 tx=0x7f6a4c011a10 comp rx=0 tx=0).ready entity=mon.0 client_cookie=0 server_cookie=0 in_seq=0 out_seq=0
2024-01-31T05:02:25.552 INFO:teuthology.orchestra.run.smithi099.stdout:/usr/bin/ceph: stderr
2024-01-31T05:02:24.258+0000 7f6a58ff9700 1 -- 172.21.15.99:0/3895087992 <== mon.0 v2:172.21.15.99:3300/0 1 ==== mon_map magic: 0 v1 ==== 205+0+0 (secure 0 0 0) 0x7f6a4c003a40 con 0x7f6a5c107b30
2024-01-31T05:02:25.552 INFO:teuthology.orchestra.run.smithi099.stdout:/usr/bin/ceph: stderr
2024-01-31T05:02:24.258+0000 7f6a61fbe700 1 -- 172.21.15.99:0/3895087992 --> [v2:172.21.15.99:3300/0,v1:172.21.15.99:6789/0] -- mon_subscribe({mgrmap=0+}) v3 -- 0x7f6a5c105ae0 con 0x7f6a5c107b30
2024-01-31T05:02:25.553 INFO:teuthology.orchestra.run.smithi099.stdout:/usr/bin/ceph: stderr
2024-01-31T05:02:24.258+0000 7f6a58ff9700 1 -- 172.21.15.99:0/3895087992 <== mon.0 v2:172.21.15.99:3300/0 2 ==== config(26 keys) v1 ==== 1105+0+0 (secure 0 0 0) 0x7f6a4c003ba0 con 0x7f6a5c107b30
2024-01-31T05:02:25.553 INFO:teuthology.orchestra.run.smithi099.stdout:/usr/bin/ceph: stderr
2024-01-31T05:02:24.258+0000 7f6a58ff9700 1 -- 172.21.15.99:0/3895087992 <== mon.0 v2:172.21.15.99:3300/0 3 ==== mon_map magic: 0 v1 ==== 205+0+0 (secure 0 0 0) 0x7f6a4c0196c0 con 0x7f6a5c107b30
2024-01-31T05:02:25.553 INFO:teuthology.orchestra.run.smithi099.stdout:/usr/bin/ceph: stderr
2024-01-31T05:02:24.258+0000 7f6a61fbe700 1 -- 172.21.15.99:0/3895087992 --> [v2:172.21.15.99:3300/0,v1:172.21.15.99:6789/0] -- mon_subscribe({osdmap=0}) v3 -- 0x7f6a5c105f80 con 0x7f6a5c107b30
2024-01-31T05:02:25.553 INFO:teuthology.orchestra.run.smithi099.stdout:/usr/bin/ceph: stderr
2024-01-31T05:02:24.258+0000 7f6a58ff9700 1 -- 172.21.15.99:0/3895087992 <== mon.0 v2:172.21.15.99:3300/0 4 ==== mgrmap(e 12) v1 ==== 45654+0+0 (secure 0 0 0) 0x7f6a4c019980 con 0x7f6a5c107b30
2024-01-31T05:02:25.553 INFO:teuthology.orchestra.run.smithi099.stdout:/usr/bin/ceph: stderr
2024-01-31T05:02:24.259+0000 7f6a58ff9700 1 --2- 172.21.15.99:0/3895087992 >> [v2:172.21.15.99:6800/3925720924,v1:172.21.15.99:6801/3925720924] conn(0x7f6a44038a40 0x7f6a4403af00 unknown :-1 s=NONE pgs=0 cs=0 l=1 rev1=0 crypto rx=0 tx=0 comp rx=0 tx=0).connect
2024-01-31T05:02:25.553 INFO:teuthology.orchestra.run.smithi099.stdout:/usr/bin/ceph: stderr
2024-01-31T05:02:24.259+0000 7f6a61fbe700 1 -- 172.21.15.99:0/3895087992 --> [v2:172.21.15.99:3300/0,v1:172.21.15.99:6789/0] -- mon_command({"prefix": "get_command_descriptions"} v 0) v1 -- 0x7f6a5c10b240 con 0x7f6a5c107b30
2024-01-31T05:02:25.553 INFO:teuthology.orchestra.run.smithi099.stdout:/usr/bin/ceph: stderr
2024-01-31T05:02:24.259+0000 7f6a58ff9700 1 -- 172.21.15.99:0/3895087992 <== mon.0 v2:172.21.15.99:3300/0 5 ==== osd_map(3..3 src has 1..3) v4 ==== 1155+0+0 (secure 0 0 0) 0x7f6a4c04ceb0 con 0x7f6a5c107b30
2024-01-31T05:02:25.553 INFO:teuthology.orchestra.run.smithi099.stdout:/usr/bin/ceph: stderr
2024-01-31T05:02:24.259+0000 7f6a5affd700 1 --2- 172.21.15.99:0/3895087992 >> [v2:172.21.15.99:6800/3925720924,v1:172.21.15.99:6801/3925720924] conn(0x7f6a44038a40 0x7f6a4403af00 unknown :-1 s=BANNER_CONNECTING pgs=0 cs=0 l=1 rev1=0 crypto rx=0 tx=0 comp rx=0 tx=0)._handle_peer_banner_payload supported=3 required=0
2024-01-31T05:02:25.553 INFO:teuthology.orchestra.run.smithi099.stdout:/usr/bin/ceph: stderr
2024-01-31T05:02:24.259+0000 7f6a5affd700 1 --2- 172.21.15.99:0/3895087992 >> [v2:172.21.15.99:6800/3925720924,v1:172.21.15.99:6801/3925720924] conn(0x7f6a44038a40 0x7f6a4403af00 secure :-1 s=READY pgs=8 cs=0 l=1 rev1=1 crypto rx=0x7f6a50006fd0 tx=0x7f6a50006e40 comp rx=0 tx=0).ready entity=mgr.14152 client_cookie=0 server_cookie=0 in_seq=0 out_seq=0
2024-01-31T05:02:25.553 INFO:teuthology.orchestra.run.smithi099.stdout:/usr/bin/ceph: stderr
2024-01-31T05:02:24.265+0000 7f6a58ff9700 1 -- 172.21.15.99:0/3895087992 <== mon.0 v2:172.21.15.99:3300/0 6 ==== mon_command_ack([{"prefix": "get_command_descriptions"}]=0 v0) v1 ==== 72+0+181732 (secure 0 0 0) 0x7f6a4c07a600 con 0x7f6a5c107b30
2024-01-31T05:02:25.553 INFO:teuthology.orchestra.run.smithi099.stdout:/usr/bin/ceph: stderr
2024-01-31T05:02:24.483+0000 7f6a61fbe700 1 -- 172.21.15.99:0/3895087992 --> [v2:172.21.15.99:6800/3925720924,v1:172.21.15.99:6801/3925720924] -- mgr_command(tid 0: {"prefix": "dashboard ac-user-create", "username": "admin", "rolename": "administrator", "force_password": true, "pwd_update_required": true, "target": ["mon-mgr", ""]}) v1 -- 0x7f6a5c106270 con 0x7f6a44038a40
2024-01-31T05:02:25.553 INFO:teuthology.orchestra.run.smithi099.stdout:/usr/bin/ceph: stderr
2024-01-31T05:02:24.707+0000 7f6a58ff9700 1 -- 172.21.15.99:0/3895087992 <== mgr.14152 v2:172.21.15.99:6800/3925720924 1 ==== mgr_command_reply(tid 0: 0 ) v1 ==== 8+0+252 (secure 0 0 0) 0x7f6a5c106270 con 0x7f6a44038a40
2024-01-31T05:02:25.553 INFO:teuthology.orchestra.run.smithi099.stdout:/usr/bin/ceph: stderr
2024-01-31T05:02:24.709+0000 7f6a61fbe700 1 -- 172.21.15.99:0/3895087992 >> [v2:172.21.15.99:6800/3925720924,v1:172.21.15.99:6801/3925720924] conn(0x7f6a44038a40 msgr2=0x7f6a4403af00 secure :-1 s=STATE_CONNECTION_ESTABLISHED l=1).mark_down
2024-01-31T05:02:25.554 INFO:teuthology.orchestra.run.smithi099.stdout:/usr/bin/ceph: stderr
2024-01-31T05:02:24.709+0000 7f6a61fbe700 1 --2- 172.21.15.99:0/3895087992 >> [v2:172.21.15.99:6800/3925720924,v1:172.21.15.99:6801/3925720924] conn(0x7f6a44038a40 0x7f6a4403af00 secure :-1 s=READY pgs=8 cs=0 l=1 rev1=1 crypto rx=0x7f6a50006fd0 tx=0x7f6a50006e40 comp rx=0 tx=0).stop
2024-01-31T05:02:25.554 INFO:teuthology.orchestra.run.smithi099.stdout:/usr/bin/ceph: stderr
2024-01-31T05:02:24.709+0000 7f6a61fbe700 1 -- 172.21.15.99:0/3895087992 >> [v2:172.21.15.99:3300/0,v1:172.21.15.99:6789/0] conn(0x7f6a5c107b30 msgr2=0x7f6a5c1073b0 secure :-1 s=STATE_CONNECTION_ESTABLISHED l=1).mark_down
2024-01-31T05:02:25.554 INFO:teuthology.orchestra.run.smithi099.stdout:/usr/bin/ceph: stderr
2024-01-31T05:02:24.709+0000 7f6a61fbe700 1 --2- 172.21.15.99:0/3895087992 >> [v2:172.21.15.99:3300/0,v1:172.21.15.99:6789/0] conn(0x7f6a5c107b30 0x7f6a5c1073b0 secure :-1 s=READY pgs=73 cs=0 l=1 rev1=1 crypto rx=0x7f6a4c006af0 tx=0x7f6a4c011a10 comp rx=0 tx=0).stop
2024-01-31T05:02:25.554 INFO:teuthology.orchestra.run.smithi099.stdout:/usr/bin/ceph: stderr
2024-01-31T05:02:24.709+0000 7f6a61fbe700 1 -- 172.21.15.99:0/3895087992 shutdown_connections
2024-01-31T05:02:25.554 INFO:teuthology.orchestra.run.smithi099.stdout:/usr/bin/ceph: stderr
2024-01-31T05:02:24.709+0000 7f6a61fbe700 1 --2- 172.21.15.99:0/3895087992 >> [v2:172.21.15.99:6800/3925720924,v1:172.21.15.99:6801/3925720924] conn(0x7f6a44038a40 0x7f6a4403af00 unknown :-1 s=CLOSED pgs=8 cs=0 l=1 rev1=1 crypto rx=0 tx=0 comp rx=0 tx=0).stop
2024-01-31T05:02:25.554 INFO:teuthology.orchestra.run.smithi099.stdout:/usr/bin/ceph: stderr
2024-01-31T05:02:24.709+0000 7f6a61fbe700 1 --2- 172.21.15.99:0/3895087992 >> [v2:172.21.15.99:3300/0,v1:172.21.15.99:6789/0] conn(0x7f6a5c107b30 0x7f6a5c1073b0 unknown :-1 s=CLOSED pgs=73 cs=0 l=1 rev1=1 crypto rx=0 tx=0 comp rx=0 tx=0).stop
2024-01-31T05:02:25.554 INFO:teuthology.orchestra.run.smithi099.stdout:/usr/bin/ceph: stderr
2024-01-31T05:02:24.709+0000 7f6a61fbe700 1 -- 172.21.15.99:0/3895087992 >> 172.21.15.99:0/3895087992 conn(0x7f6a5c101580 msgr2=0x7f6a5c102050 unknown :-1 s=STATE_NONE l=0).mark_down
2024-01-31T05:02:25.554 INFO:teuthology.orchestra.run.smithi099.stdout:/usr/bin/ceph: stderr
2024-01-31T05:02:24.710+0000 7f6a61fbe700 1 -- 172.21.15.99:0/3895087992 shutdown_connections
2024-01-31T05:02:25.554 INFO:teuthology.orchestra.run.smithi099.stdout:/usr/bin/ceph: stderr
2024-01-31T05:02:24.710+0000 7f6a61fbe700 1 -- 172.21.15.99:0/3895087992 wait complete.
2024-01-31T05:02:25.554 INFO:teuthology.orchestra.run.smithi099.stdout:Fetching dashboard port number...
2024-01-31T05:02:25.794 INFO:journalctl@ceph.mon.a.smithi099.stdout:Jan 31 05:02:25 smithi099 ceph-mon[31615]: from='client.14166 -' entity='client.admin' cmd=[{"prefix": "dashboard ac-user-create", "username": "admin", "rolename": "administrator", "force_password": true, "pwd_update_required": true, "target": ["mon-mgr", ""]}]: dispatch
2024-01-31T05:02:25.794 INFO:journalctl@ceph.mon.a.smithi099.stdout:Jan 31 05:02:25 smithi099 ceph-mon[31615]: from='mgr.14152 172.21.15.99:0/2297379529' entity='mgr.x'
2024-01-31T05:02:27.052 INFO:journalctl@ceph.mon.a.smithi099.stdout:Jan 31 05:02:26 smithi099 ceph-mon[31615]: from='client.? 172.21.15.99:0/201445416' entity='client.admin' cmd=[{"prefix": "config get", "who": "mgr", "key": "mgr/dashboard/ssl_server_port"}]: dispatch
2024-01-31T05:02:27.060 INFO:teuthology.orchestra.run.smithi099.stdout:/usr/bin/ceph: stdout 8443
2024-01-31T05:02:27.060 INFO:teuthology.orchestra.run.smithi099.stdout:/usr/bin/ceph: stderr
2024-01-31T05:02:25.996+0000 7f5d91d84700 1 Processor -- start
2024-01-31T05:02:27.061 INFO:teuthology.orchestra.run.smithi099.stdout:/usr/bin/ceph: stderr
2024-01-31T05:02:25.996+0000 7f5d91d84700 1 -- start start
2024-01-31T05:02:27.061 INFO:teuthology.orchestra.run.smithi099.stdout:/usr/bin/ceph: stderr
2024-01-31T05:02:25.996+0000 7f5d91d84700 1 --2- >> [v2:172.21.15.99:3300/0,v1:172.21.15.99:6789/0] conn(0x7f5d8c105720 0x7f5d8c105b40 unknown :-1 s=NONE pgs=0 cs=0 l=0 rev1=0 crypto rx=0 tx=0 comp rx=0 tx=0).connect
2024-01-31T05:02:27.061 INFO:teuthology.orchestra.run.smithi099.stdout:/usr/bin/ceph: stderr
2024-01-31T05:02:25.996+0000 7f5d91d84700 1 -- --> [v2:172.21.15.99:3300/0,v1:172.21.15.99:6789/0] -- mon_getmap magic: 0 v1 -- 0x7f5d8c106110 con 0x7f5d8c105720
2024-01-31T05:02:27.061 INFO:teuthology.orchestra.run.smithi099.stdout:/usr/bin/ceph: stderr
2024-01-31T05:02:25.997+0000 7f5d8b7fe700 1 --2- >> [v2:172.21.15.99:3300/0,v1:172.21.15.99:6789/0] conn(0x7f5d8c105720 0x7f5d8c105b40 unknown :-1 s=BANNER_CONNECTING pgs=0 cs=0 l=0 rev1=0 crypto rx=0 tx=0 comp rx=0 tx=0)._handle_peer_banner_payload supported=3 required=0
2024-01-31T05:02:27.061 INFO:teuthology.orchestra.run.smithi099.stdout:/usr/bin/ceph: stderr
2024-01-31T05:02:25.997+0000 7f5d8b7fe700 1 --2- >> [v2:172.21.15.99:3300/0,v1:172.21.15.99:6789/0] conn(0x7f5d8c105720 0x7f5d8c105b40 unknown :-1 s=HELLO_CONNECTING pgs=0 cs=0 l=0 rev1=1 crypto rx=0 tx=0 comp rx=0 tx=0).handle_hello peer v2:172.21.15.99:3300/0 says I am v2:172.21.15.99:57720/0 (socket says 172.21.15.99:57720)
2024-01-31T05:02:27.061 INFO:teuthology.orchestra.run.smithi099.stdout:/usr/bin/ceph: stderr
2024-01-31T05:02:25.997+0000 7f5d8b7fe700 1 -- 172.21.15.99:0/3596787519 learned_addr learned my addr 172.21.15.99:0/3596787519 (peer_addr_for_me v2:172.21.15.99:0/0)
2024-01-31T05:02:27.061 INFO:teuthology.orchestra.run.smithi099.stdout:/usr/bin/ceph: stderr
2024-01-31T05:02:25.997+0000 7f5d8b7fe700 1 -- 172.21.15.99:0/3596787519 --> [v2:172.21.15.99:3300/0,v1:172.21.15.99:6789/0] -- mon_subscribe({config=0+,monmap=0+}) v3 -- 0x7f5d8c106920 con 0x7f5d8c105720
2024-01-31T05:02:27.061 INFO:teuthology.orchestra.run.smithi099.stdout:/usr/bin/ceph: stderr
2024-01-31T05:02:25.997+0000 7f5d8b7fe700 1 --2- 172.21.15.99:0/3596787519 >> [v2:172.21.15.99:3300/0,v1:172.21.15.99:6789/0] conn(0x7f5d8c105720 0x7f5d8c105b40 secure :-1 s=READY pgs=74 cs=0 l=1 rev1=1 crypto rx=0x7f5d7c0098a0 tx=0x7f5d7c009bb0 comp rx=0 tx=0).ready entity=mon.0 client_cookie=895d49aa71ace9e server_cookie=0 in_seq=0 out_seq=0
2024-01-31T05:02:27.061 INFO:teuthology.orchestra.run.smithi099.stdout:/usr/bin/ceph: stderr
2024-01-31T05:02:25.997+0000 7f5d8affd700 1 -- 172.21.15.99:0/3596787519 <== mon.0 v2:172.21.15.99:3300/0 1 ==== mon_map magic: 0 v1 ==== 205+0+0 (secure 0 0 0) 0x7f5d7c004160 con 0x7f5d8c105720
2024-01-31T05:02:27.061 INFO:teuthology.orchestra.run.smithi099.stdout:/usr/bin/ceph: stderr
2024-01-31T05:02:25.997+0000 7f5d8affd700 1 -- 172.21.15.99:0/3596787519 <== mon.0 v2:172.21.15.99:3300/0 2 ==== config(26 keys) v1 ==== 1105+0+0 (secure 0 0 0) 0x7f5d7c0042c0 con 0x7f5d8c105720
2024-01-31T05:02:27.061 INFO:teuthology.orchestra.run.smithi099.stdout:/usr/bin/ceph: stderr
2024-01-31T05:02:25.997+0000 7f5d8affd700 1 -- 172.21.15.99:0/3596787519 <== mon.0 v2:172.21.15.99:3300/0 3 ==== mon_map magic: 0 v1 ==== 205+0+0 (secure 0 0 0) 0x7f5d7c0119b0 con 0x7f5d8c105720
2024-01-31T05:02:27.061 INFO:teuthology.orchestra.run.smithi099.stdout:/usr/bin/ceph: stderr
2024-01-31T05:02:25.998+0000 7f5d91d84700 1 -- 172.21.15.99:0/3596787519 >> [v2:172.21.15.99:3300/0,v1:172.21.15.99:6789/0] conn(0x7f5d8c105720 msgr2=0x7f5d8c105b40 secure :-1 s=STATE_CONNECTION_ESTABLISHED l=1).mark_down
2024-01-31T05:02:27.061 INFO:teuthology.orchestra.run.smithi099.stdout:/usr/bin/ceph: stderr
2024-01-31T05:02:25.998+0000 7f5d91d84700 1 --2- 172.21.15.99:0/3596787519 >> [v2:172.21.15.99:3300/0,v1:172.21.15.99:6789/0] conn(0x7f5d8c105720 0x7f5d8c105b40 secure :-1 s=READY pgs=74 cs=0 l=1 rev1=1 crypto rx=0x7f5d7c0098a0 tx=0x7f5d7c009bb0 comp rx=0 tx=0).stop
2024-01-31T05:02:27.061 INFO:teuthology.orchestra.run.smithi099.stdout:/usr/bin/ceph: stderr
2024-01-31T05:02:25.998+0000 7f5d91d84700 1 -- 172.21.15.99:0/3596787519 shutdown_connections
2024-01-31T05:02:27.061 INFO:teuthology.orchestra.run.smithi099.stdout:/usr/bin/ceph: stderr
2024-01-31T05:02:25.998+0000 7f5d91d84700 1 --2- 172.21.15.99:0/3596787519 >> [v2:172.21.15.99:3300/0,v1:172.21.15.99:6789/0] conn(0x7f5d8c105720 0x7f5d8c105b40 unknown :-1 s=CLOSED pgs=74 cs=0 l=1 rev1=1 crypto rx=0 tx=0 comp rx=0 tx=0).stop
2024-01-31T05:02:27.062 INFO:teuthology.orchestra.run.smithi099.stdout:/usr/bin/ceph: stderr
2024-01-31T05:02:25.998+0000 7f5d91d84700 1 -- 172.21.15.99:0/3596787519 >> 172.21.15.99:0/3596787519 conn(0x7f5d8c100da0 msgr2=0x7f5d8c1031c0 unknown :-1 s=STATE_NONE l=0).mark_down
2024-01-31T05:02:27.062 INFO:teuthology.orchestra.run.smithi099.stdout:/usr/bin/ceph: stderr
2024-01-31T05:02:25.998+0000 7f5d91d84700 1 -- 172.21.15.99:0/3596787519 shutdown_connections
2024-01-31T05:02:27.062 INFO:teuthology.orchestra.run.smithi099.stdout:/usr/bin/ceph: stderr
2024-01-31T05:02:25.998+0000 7f5d91d84700 1 -- 172.21.15.99:0/3596787519 wait complete.
2024-01-31T05:02:27.062 INFO:teuthology.orchestra.run.smithi099.stdout:/usr/bin/ceph: stderr
2024-01-31T05:02:25.998+0000 7f5d91d84700 1 Processor -- start
2024-01-31T05:02:27.062 INFO:teuthology.orchestra.run.smithi099.stdout:/usr/bin/ceph: stderr
2024-01-31T05:02:25.998+0000 7f5d91d84700 1 -- start start
2024-01-31T05:02:27.062 INFO:teuthology.orchestra.run.smithi099.stdout:/usr/bin/ceph: stderr
2024-01-31T05:02:25.999+0000 7f5d91d84700 1 --2- >> [v2:172.21.15.99:3300/0,v1:172.21.15.99:6789/0] conn(0x7f5d8c105720 0x7f5d8c19aec0 unknown :-1 s=NONE pgs=0 cs=0 l=1 rev1=0 crypto rx=0 tx=0 comp rx=0 tx=0).connect
2024-01-31T05:02:27.062 INFO:teuthology.orchestra.run.smithi099.stdout:/usr/bin/ceph: stderr
2024-01-31T05:02:25.999+0000 7f5d91d84700 1 -- --> [v2:172.21.15.99:3300/0,v1:172.21.15.99:6789/0] -- mon_getmap magic: 0 v1 -- 0x7f5d8c19b400 con 0x7f5d8c105720
2024-01-31T05:02:27.062 INFO:teuthology.orchestra.run.smithi099.stdout:/usr/bin/ceph: stderr
2024-01-31T05:02:25.999+0000 7f5d8b7fe700 1 --2- >> [v2:172.21.15.99:3300/0,v1:172.21.15.99:6789/0] conn(0x7f5d8c105720 0x7f5d8c19aec0 unknown :-1 s=BANNER_CONNECTING pgs=0 cs=0 l=1 rev1=0 crypto rx=0 tx=0 comp rx=0 tx=0)._handle_peer_banner_payload supported=3 required=0
2024-01-31T05:02:27.062 INFO:teuthology.orchestra.run.smithi099.stdout:/usr/bin/ceph: stderr
2024-01-31T05:02:25.999+0000 7f5d8b7fe700 1 --2- >> [v2:172.21.15.99:3300/0,v1:172.21.15.99:6789/0] conn(0x7f5d8c105720 0x7f5d8c19aec0 unknown :-1 s=HELLO_CONNECTING pgs=0 cs=0 l=1 rev1=1 crypto rx=0 tx=0 comp rx=0 tx=0).handle_hello peer v2:172.21.15.99:3300/0 says I am v2:172.21.15.99:57726/0 (socket says 172.21.15.99:57726)
2024-01-31T05:02:27.062 INFO:teuthology.orchestra.run.smithi099.stdout:/usr/bin/ceph: stderr
2024-01-31T05:02:25.999+0000 7f5d8b7fe700 1 -- 172.21.15.99:0/201445416 learned_addr learned my addr 172.21.15.99:0/201445416 (peer_addr_for_me v2:172.21.15.99:0/0)
2024-01-31T05:02:27.062 INFO:teuthology.orchestra.run.smithi099.stdout:/usr/bin/ceph: stderr
2024-01-31T05:02:25.999+0000 7f5d8b7fe700 1 -- 172.21.15.99:0/201445416 --> [v2:172.21.15.99:3300/0,v1:172.21.15.99:6789/0] -- mon_subscribe({config=0+,monmap=0+}) v3 -- 0x7f5d7c009550 con 0x7f5d8c105720
2024-01-31T05:02:27.062 INFO:teuthology.orchestra.run.smithi099.stdout:/usr/bin/ceph: stderr
2024-01-31T05:02:25.999+0000 7f5d8b7fe700 1 --2- 172.21.15.99:0/201445416 >> [v2:172.21.15.99:3300/0,v1:172.21.15.99:6789/0] conn(0x7f5d8c105720 0x7f5d8c19aec0 secure :-1 s=READY pgs=75 cs=0 l=1 rev1=1 crypto rx=0x7f5d7c011670 tx=0x7f5d7c011a30 comp rx=0 tx=0).ready entity=mon.0 client_cookie=0 server_cookie=0 in_seq=0 out_seq=0
2024-01-31T05:02:27.062 INFO:teuthology.orchestra.run.smithi099.stdout:/usr/bin/ceph: stderr
2024-01-31T05:02:25.999+0000 7f5d897fa700 1 -- 172.21.15.99:0/201445416 <== mon.0 v2:172.21.15.99:3300/0 1 ==== mon_map magic: 0 v1 ==== 205+0+0 (secure 0 0 0) 0x7f5d7c003af0 con 0x7f5d8c105720
2024-01-31T05:02:27.062 INFO:teuthology.orchestra.run.smithi099.stdout:/usr/bin/ceph: stderr
2024-01-31T05:02:25.999+0000 7f5d897fa700 1 -- 172.21.15.99:0/201445416 <== mon.0 v2:172.21.15.99:3300/0 2 ==== config(26 keys) v1 ==== 1105+0+0 (secure 0 0 0) 0x7f5d7c003c50 con 0x7f5d8c105720
2024-01-31T05:02:27.062 INFO:teuthology.orchestra.run.smithi099.stdout:/usr/bin/ceph: stderr
2024-01-31T05:02:25.999+0000 7f5d91d84700 1 -- 172.21.15.99:0/201445416 --> [v2:172.21.15.99:3300/0,v1:172.21.15.99:6789/0] -- mon_subscribe({mgrmap=0+}) v3 -- 0x7f5d8c19b600 con 0x7f5d8c105720
2024-01-31T05:02:27.062 INFO:teuthology.orchestra.run.smithi099.stdout:/usr/bin/ceph: stderr
2024-01-31T05:02:26.000+0000 7f5d897fa700 1 -- 172.21.15.99:0/201445416 <== mon.0 v2:172.21.15.99:3300/0 3 ==== mon_map magic: 0 v1 ==== 205+0+0 (secure 0 0 0) 0x7f5d7c024820 con 0x7f5d8c105720
2024-01-31T05:02:27.063 INFO:teuthology.orchestra.run.smithi099.stdout:/usr/bin/ceph: stderr
2024-01-31T05:02:26.000+0000 7f5d91d84700 1 -- 172.21.15.99:0/201445416 --> [v2:172.21.15.99:3300/0,v1:172.21.15.99:6789/0] -- mon_subscribe({osdmap=0}) v3 -- 0x7f5d8c19baa0 con 0x7f5d8c105720
2024-01-31T05:02:27.063 INFO:teuthology.orchestra.run.smithi099.stdout:/usr/bin/ceph: stderr
2024-01-31T05:02:26.000+0000 7f5d897fa700 1 -- 172.21.15.99:0/201445416 <== mon.0 v2:172.21.15.99:3300/0 4 ==== mgrmap(e 12) v1 ==== 45654+0+0 (secure 0 0 0) 0x7f5d7c024a50 con 0x7f5d8c105720
2024-01-31T05:02:27.063 INFO:teuthology.orchestra.run.smithi099.stdout:/usr/bin/ceph: stderr
2024-01-31T05:02:26.000+0000 7f5d91d84700 1 -- 172.21.15.99:0/201445416 --> [v2:172.21.15.99:3300/0,v1:172.21.15.99:6789/0] -- mon_command({"prefix": "get_command_descriptions"} v 0) v1 -- 0x7f5d8c194b50 con 0x7f5d8c105720
2024-01-31T05:02:27.063 INFO:teuthology.orchestra.run.smithi099.stdout:/usr/bin/ceph: stderr
2024-01-31T05:02:26.001+0000 7f5d897fa700 1 --2- 172.21.15.99:0/201445416 >> [v2:172.21.15.99:6800/3925720924,v1:172.21.15.99:6801/3925720924] conn(0x7f5d78038ae0 0x7f5d7803afa0 unknown :-1 s=NONE pgs=0 cs=0 l=1 rev1=0 crypto rx=0 tx=0 comp rx=0 tx=0).connect
2024-01-31T05:02:27.063 INFO:teuthology.orchestra.run.smithi099.stdout:/usr/bin/ceph: stderr
2024-01-31T05:02:26.001+0000 7f5d897fa700 1 -- 172.21.15.99:0/201445416 <== mon.0 v2:172.21.15.99:3300/0 5 ==== osd_map(3..3 src has 1..3) v4 ==== 1155+0+0 (secure 0 0 0) 0x7f5d7c04cbd0 con 0x7f5d8c105720
2024-01-31T05:02:27.063 INFO:teuthology.orchestra.run.smithi099.stdout:/usr/bin/ceph: stderr
2024-01-31T05:02:26.001+0000 7f5d82ffd700 1 --2- 172.21.15.99:0/201445416 >> [v2:172.21.15.99:6800/3925720924,v1:172.21.15.99:6801/3925720924] conn(0x7f5d78038ae0 0x7f5d7803afa0 unknown :-1 s=BANNER_CONNECTING pgs=0 cs=0 l=1 rev1=0 crypto rx=0 tx=0 comp rx=0 tx=0)._handle_peer_banner_payload supported=3 required=0
2024-01-31T05:02:27.063 INFO:teuthology.orchestra.run.smithi099.stdout:/usr/bin/ceph: stderr
2024-01-31T05:02:26.001+0000 7f5d82ffd700 1 --2- 172.21.15.99:0/201445416 >> [v2:172.21.15.99:6800/3925720924,v1:172.21.15.99:6801/3925720924] conn(0x7f5d78038ae0 0x7f5d7803afa0 secure :-1 s=READY pgs=9 cs=0 l=1 rev1=1 crypto rx=0x7f5d74006fd0 tx=0x7f5d74006e40 comp rx=0 tx=0).ready entity=mgr.14152 client_cookie=0 server_cookie=0 in_seq=0 out_seq=0
2024-01-31T05:02:27.063 INFO:teuthology.orchestra.run.smithi099.stdout:/usr/bin/ceph: stderr
2024-01-31T05:02:26.005+0000 7f5d897fa700 1 -- 172.21.15.99:0/201445416 <== mon.0 v2:172.21.15.99:3300/0 6 ==== mon_command_ack([{"prefix": "get_command_descriptions"}]=0 v0) v1 ==== 72+0+181732 (secure 0 0 0) 0x7f5d7c010790 con 0x7f5d8c105720
2024-01-31T05:02:27.063 INFO:teuthology.orchestra.run.smithi099.stdout:/usr/bin/ceph: stderr
2024-01-31T05:02:26.199+0000 7f5d91d84700 1 -- 172.21.15.99:0/201445416 --> [v2:172.21.15.99:3300/0,v1:172.21.15.99:6789/0] -- mon_command({"prefix": "config get", "who": "mgr", "key": "mgr/dashboard/ssl_server_port"} v 0) v1 -- 0x7f5d8c106f00 con 0x7f5d8c105720
2024-01-31T05:02:27.063 INFO:teuthology.orchestra.run.smithi099.stdout:/usr/bin/ceph: stderr
2024-01-31T05:02:26.199+0000 7f5d897fa700 1 -- 172.21.15.99:0/201445416 <== mon.0 v2:172.21.15.99:3300/0 7 ==== mon_command_ack([{"prefix": "config get", "who": "mgr", "key": "mgr/dashboard/ssl_server_port"}]=0 v8) v1 ==== 112+0+5 (secure 0 0 0) 0x7f5d7c02c350 con 0x7f5d8c105720
2024-01-31T05:02:27.063 INFO:teuthology.orchestra.run.smithi099.stdout:/usr/bin/ceph: stderr
2024-01-31T05:02:26.201+0000 7f5d91d84700 1 -- 172.21.15.99:0/201445416 >> [v2:172.21.15.99:6800/3925720924,v1:172.21.15.99:6801/3925720924] conn(0x7f5d78038ae0 msgr2=0x7f5d7803afa0 secure :-1 s=STATE_CONNECTION_ESTABLISHED l=1).mark_down
2024-01-31T05:02:27.063 INFO:teuthology.orchestra.run.smithi099.stdout:/usr/bin/ceph: stderr
2024-01-31T05:02:26.201+0000 7f5d91d84700 1 --2- 172.21.15.99:0/201445416 >> [v2:172.21.15.99:6800/3925720924,v1:172.21.15.99:6801/3925720924] conn(0x7f5d78038ae0 0x7f5d7803afa0 secure :-1 s=READY pgs=9 cs=0 l=1 rev1=1 crypto rx=0x7f5d74006fd0 tx=0x7f5d74006e40 comp rx=0 tx=0).stop
2024-01-31T05:02:27.063 INFO:teuthology.orchestra.run.smithi099.stdout:/usr/bin/ceph: stderr
2024-01-31T05:02:26.201+0000 7f5d91d84700 1 -- 172.21.15.99:0/201445416 >> [v2:172.21.15.99:3300/0,v1:172.21.15.99:6789/0] conn(0x7f5d8c105720 msgr2=0x7f5d8c19aec0 secure :-1 s=STATE_CONNECTION_ESTABLISHED l=1).mark_down
2024-01-31T05:02:27.063 INFO:teuthology.orchestra.run.smithi099.stdout:/usr/bin/ceph: stderr
2024-01-31T05:02:26.201+0000 7f5d91d84700 1 --2- 172.21.15.99:0/201445416 >> [v2:172.21.15.99:3300/0,v1:172.21.15.99:6789/0] conn(0x7f5d8c105720 0x7f5d8c19aec0 secure :-1 s=READY pgs=75 cs=0 l=1 rev1=1 crypto rx=0x7f5d7c011670 tx=0x7f5d7c011a30 comp rx=0 tx=0).stop
2024-01-31T05:02:27.063 INFO:teuthology.orchestra.run.smithi099.stdout:/usr/bin/ceph: stderr
2024-01-31T05:02:26.201+0000 7f5d91d84700 1 -- 172.21.15.99:0/201445416 shutdown_connections
2024-01-31T05:02:27.064 INFO:teuthology.orchestra.run.smithi099.stdout:/usr/bin/ceph: stderr
2024-01-31T05:02:26.201+0000 7f5d91d84700 1 --2- 172.21.15.99:0/201445416 >> [v2:172.21.15.99:6800/3925720924,v1:172.21.15.99:6801/3925720924] conn(0x7f5d78038ae0 0x7f5d7803afa0 unknown :-1 s=CLOSED pgs=9 cs=0 l=1 rev1=1 crypto rx=0 tx=0 comp rx=0 tx=0).stop
2024-01-31T05:02:27.064 INFO:teuthology.orchestra.run.smithi099.stdout:/usr/bin/ceph: stderr
2024-01-31T05:02:26.201+0000 7f5d91d84700 1 --2- 172.21.15.99:0/201445416 >> [v2:172.21.15.99:3300/0,v1:172.21.15.99:6789/0] conn(0x7f5d8c105720 0x7f5d8c19aec0 unknown :-1 s=CLOSED pgs=75 cs=0 l=1 rev1=1 crypto rx=0 tx=0 comp rx=0 tx=0).stop
2024-01-31T05:02:27.064 INFO:teuthology.orchestra.run.smithi099.stdout:/usr/bin/ceph: stderr
2024-01-31T05:02:26.201+0000 7f5d91d84700 1 -- 172.21.15.99:0/201445416 >> 172.21.15.99:0/201445416 conn(0x7f5d8c100da0 msgr2=0x7f5d8c191c90 unknown :-1 s=STATE_NONE l=0).mark_down
2024-01-31T05:02:27.064 INFO:teuthology.orchestra.run.smithi099.stdout:/usr/bin/ceph: stderr
2024-01-31T05:02:26.201+0000 7f5d91d84700 1 -- 172.21.15.99:0/201445416 shutdown_connections
2024-01-31T05:02:27.064 INFO:teuthology.orchestra.run.smithi099.stdout:/usr/bin/ceph: stderr
2024-01-31T05:02:26.201+0000 7f5d91d84700 1 -- 172.21.15.99:0/201445416 wait complete.
2024-01-31T05:02:27.069 INFO:teuthology.orchestra.run.smithi099.stdout:Non-zero exit code 1 from systemctl is-enabled firewalld.service
2024-01-31T05:02:27.069 INFO:teuthology.orchestra.run.smithi099.stdout:systemctl: stdout disabled
2024-01-31T05:02:27.077 INFO:teuthology.orchestra.run.smithi099.stdout:Non-zero exit code 3 from systemctl is-active firewalld.service
2024-01-31T05:02:27.077 INFO:teuthology.orchestra.run.smithi099.stdout:systemctl: stdout inactive
2024-01-31T05:02:27.077 INFO:teuthology.orchestra.run.smithi099.stdout:firewalld.service is not enabled
2024-01-31T05:02:27.077 INFO:teuthology.orchestra.run.smithi099.stdout:Not possible to open ports <[8443]>. firewalld.service is not available
2024-01-31T05:02:27.079 INFO:teuthology.orchestra.run.smithi099.stdout:Ceph Dashboard is now available at:
2024-01-31T05:02:27.079 INFO:teuthology.orchestra.run.smithi099.stdout:
2024-01-31T05:02:27.079 INFO:teuthology.orchestra.run.smithi099.stdout: URL: https://smithi099.front.sepia.ceph.com:8443/
2024-01-31T05:02:27.079 INFO:teuthology.orchestra.run.smithi099.stdout: User: admin
2024-01-31T05:02:27.079 INFO:teuthology.orchestra.run.smithi099.stdout: Password: j89mbich3m
2024-01-31T05:02:27.079 INFO:teuthology.orchestra.run.smithi099.stdout:
2024-01-31T05:02:27.079 INFO:teuthology.orchestra.run.smithi099.stdout:Saving cluster configuration to /var/lib/ceph/9288ff44-bff5-11ee-95b3-87774f69a715/config directory
2024-01-31T05:02:27.080 INFO:teuthology.orchestra.run.smithi099.stdout:Enabling autotune for osd_memory_target
2024-01-31T05:02:28.017 INFO:journalctl@ceph.mon.a.smithi099.stdout:Jan 31 05:02:27 smithi099 ceph-mon[31615]: mgrmap e13: x(active, since 6s)
2024-01-31T05:02:28.295 INFO:teuthology.orchestra.run.smithi099.stdout:/usr/bin/ceph: stderr
2024-01-31T05:02:27.519+0000 7f035816d700 1 Processor -- start
2024-01-31T05:02:28.300 INFO:teuthology.orchestra.run.smithi099.stdout:/usr/bin/ceph: stderr
2024-01-31T05:02:27.519+0000 7f035816d700 1 -- start start
2024-01-31T05:02:28.300 INFO:teuthology.orchestra.run.smithi099.stdout:/usr/bin/ceph: stderr
2024-01-31T05:02:27.519+0000 7f035816d700 1 --2- >> [v2:172.21.15.99:3300/0,v1:172.21.15.99:6789/0] conn(0x7f0350105f80 0x7f03501063a0 unknown :-1 s=NONE pgs=0 cs=0 l=0 rev1=0 crypto rx=0 tx=0 comp rx=0 tx=0).connect
2024-01-31T05:02:28.300 INFO:teuthology.orchestra.run.smithi099.stdout:/usr/bin/ceph: stderr
2024-01-31T05:02:27.519+0000 7f035816d700 1 -- --> [v2:172.21.15.99:3300/0,v1:172.21.15.99:6789/0] -- mon_getmap magic: 0 v1 -- 0x7f0350106970 con 0x7f0350105f80
2024-01-31T05:02:28.300 INFO:teuthology.orchestra.run.smithi099.stdout:/usr/bin/ceph: stderr
2024-01-31T05:02:27.520+0000 7f0355f09700 1 --2- >> [v2:172.21.15.99:3300/0,v1:172.21.15.99:6789/0] conn(0x7f0350105f80 0x7f03501063a0 unknown :-1 s=BANNER_CONNECTING pgs=0 cs=0 l=0 rev1=0 crypto rx=0 tx=0 comp rx=0 tx=0)._handle_peer_banner_payload supported=3 required=0
2024-01-31T05:02:28.300 INFO:teuthology.orchestra.run.smithi099.stdout:/usr/bin/ceph: stderr
2024-01-31T05:02:27.520+0000 7f0355f09700 1 --2- >> [v2:172.21.15.99:3300/0,v1:172.21.15.99:6789/0] conn(0x7f0350105f80 0x7f03501063a0 unknown :-1 s=HELLO_CONNECTING pgs=0 cs=0 l=0 rev1=1 crypto rx=0 tx=0 comp rx=0 tx=0).handle_hello peer v2:172.21.15.99:3300/0 says I am v2:172.21.15.99:57734/0 (socket says 172.21.15.99:57734)
2024-01-31T05:02:28.300 INFO:teuthology.orchestra.run.smithi099.stdout:/usr/bin/ceph: stderr
2024-01-31T05:02:27.520+0000 7f0355f09700 1 -- 172.21.15.99:0/2326215893 learned_addr learned my addr 172.21.15.99:0/2326215893 (peer_addr_for_me v2:172.21.15.99:0/0)
2024-01-31T05:02:28.300 INFO:teuthology.orchestra.run.smithi099.stdout:/usr/bin/ceph: stderr
2024-01-31T05:02:27.520+0000 7f0355f09700 1 -- 172.21.15.99:0/2326215893 --> [v2:172.21.15.99:3300/0,v1:172.21.15.99:6789/0] -- mon_subscribe({config=0+,monmap=0+}) v3 -- 0x7f0350107180 con 0x7f0350105f80
2024-01-31T05:02:28.300 INFO:teuthology.orchestra.run.smithi099.stdout:/usr/bin/ceph: stderr
2024-01-31T05:02:27.520+0000 7f0355f09700 1 --2- 172.21.15.99:0/2326215893 >> [v2:172.21.15.99:3300/0,v1:172.21.15.99:6789/0] conn(0x7f0350105f80 0x7f03501063a0 secure :-1 s=READY pgs=76 cs=0 l=1 rev1=1 crypto rx=0x7f034c0098a0 tx=0x7f034c009bb0 comp rx=0 tx=0).ready entity=mon.0 client_cookie=fc27ead8d0bac283 server_cookie=0 in_seq=0 out_seq=0
2024-01-31T05:02:28.301 INFO:teuthology.orchestra.run.smithi099.stdout:/usr/bin/ceph: stderr
2024-01-31T05:02:27.520+0000 7f0354f07700 1 -- 172.21.15.99:0/2326215893 <== mon.0 v2:172.21.15.99:3300/0 1 ==== mon_map magic: 0 v1 ==== 205+0+0 (secure 0 0 0) 0x7f034c004160 con 0x7f0350105f80
2024-01-31T05:02:28.301 INFO:teuthology.orchestra.run.smithi099.stdout:/usr/bin/ceph: stderr
2024-01-31T05:02:27.520+0000 7f0354f07700 1 -- 172.21.15.99:0/2326215893 <== mon.0 v2:172.21.15.99:3300/0 2 ==== config(26 keys) v1 ==== 1105+0+0 (secure 0 0 0) 0x7f034c0042c0 con 0x7f0350105f80
2024-01-31T05:02:28.301 INFO:teuthology.orchestra.run.smithi099.stdout:/usr/bin/ceph: stderr
2024-01-31T05:02:27.520+0000 7f0354f07700 1 -- 172.21.15.99:0/2326215893 <== mon.0 v2:172.21.15.99:3300/0 3 ==== mon_map magic: 0 v1 ==== 205+0+0 (secure 0 0 0) 0x7f034c0119b0 con 0x7f0350105f80
2024-01-31T05:02:28.301 INFO:teuthology.orchestra.run.smithi099.stdout:/usr/bin/ceph: stderr
2024-01-31T05:02:27.521+0000 7f035816d700 1 -- 172.21.15.99:0/2326215893 >> [v2:172.21.15.99:3300/0,v1:172.21.15.99:6789/0] conn(0x7f0350105f80 msgr2=0x7f03501063a0 secure :-1 s=STATE_CONNECTION_ESTABLISHED l=1).mark_down
2024-01-31T05:02:28.301 INFO:teuthology.orchestra.run.smithi099.stdout:/usr/bin/ceph: stderr
2024-01-31T05:02:27.521+0000 7f035816d700 1 --2- 172.21.15.99:0/2326215893 >> [v2:172.21.15.99:3300/0,v1:172.21.15.99:6789/0] conn(0x7f0350105f80 0x7f03501063a0 secure :-1 s=READY pgs=76 cs=0 l=1 rev1=1 crypto rx=0x7f034c0098a0 tx=0x7f034c009bb0 comp rx=0 tx=0).stop
2024-01-31T05:02:28.301 INFO:teuthology.orchestra.run.smithi099.stdout:/usr/bin/ceph: stderr
2024-01-31T05:02:27.521+0000 7f035816d700 1 -- 172.21.15.99:0/2326215893 shutdown_connections
2024-01-31T05:02:28.301 INFO:teuthology.orchestra.run.smithi099.stdout:/usr/bin/ceph: stderr
2024-01-31T05:02:27.521+0000 7f035816d700 1 --2- 172.21.15.99:0/2326215893 >> [v2:172.21.15.99:3300/0,v1:172.21.15.99:6789/0] conn(0x7f0350105f80 0x7f03501063a0 unknown :-1 s=CLOSED pgs=76 cs=0 l=1 rev1=1 crypto rx=0 tx=0 comp rx=0 tx=0).stop
2024-01-31T05:02:28.301 INFO:teuthology.orchestra.run.smithi099.stdout:/usr/bin/ceph: stderr
2024-01-31T05:02:27.521+0000 7f035816d700 1 -- 172.21.15.99:0/2326215893 >> 172.21.15.99:0/2326215893 conn(0x7f0350101580 msgr2=0x7f03501039a0 unknown :-1 s=STATE_NONE l=0).mark_down
2024-01-31T05:02:28.301 INFO:teuthology.orchestra.run.smithi099.stdout:/usr/bin/ceph: stderr
2024-01-31T05:02:27.521+0000 7f035816d700 1 -- 172.21.15.99:0/2326215893 shutdown_connections
2024-01-31T05:02:28.301 INFO:teuthology.orchestra.run.smithi099.stdout:/usr/bin/ceph: stderr
2024-01-31T05:02:27.521+0000 7f035816d700 1 -- 172.21.15.99:0/2326215893 wait complete.
2024-01-31T05:02:28.301 INFO:teuthology.orchestra.run.smithi099.stdout:/usr/bin/ceph: stderr
2024-01-31T05:02:27.522+0000 7f035816d700 1 Processor -- start
2024-01-31T05:02:28.301 INFO:teuthology.orchestra.run.smithi099.stdout:/usr/bin/ceph: stderr
2024-01-31T05:02:27.522+0000 7f035816d700 1 -- start start
2024-01-31T05:02:28.301 INFO:teuthology.orchestra.run.smithi099.stdout:/usr/bin/ceph: stderr
2024-01-31T05:02:27.522+0000 7f035816d700 1 --2- >> [v2:172.21.15.99:3300/0,v1:172.21.15.99:6789/0] conn(0x7f0350105f80 0x7f035019ae40 unknown :-1 s=NONE pgs=0 cs=0 l=1 rev1=0 crypto rx=0 tx=0 comp rx=0 tx=0).connect
2024-01-31T05:02:28.302 INFO:teuthology.orchestra.run.smithi099.stdout:/usr/bin/ceph: stderr
2024-01-31T05:02:27.522+0000 7f035816d700 1 -- --> [v2:172.21.15.99:3300/0,v1:172.21.15.99:6789/0] -- mon_getmap magic: 0 v1 -- 0x7f035019b380 con 0x7f0350105f80
2024-01-31T05:02:28.302 INFO:teuthology.orchestra.run.smithi099.stdout:/usr/bin/ceph: stderr
2024-01-31T05:02:27.522+0000 7f0355f09700 1 --2- >> [v2:172.21.15.99:3300/0,v1:172.21.15.99:6789/0] conn(0x7f0350105f80 0x7f035019ae40 unknown :-1 s=BANNER_CONNECTING pgs=0 cs=0 l=1 rev1=0 crypto rx=0 tx=0 comp rx=0 tx=0)._handle_peer_banner_payload supported=3 required=0
2024-01-31T05:02:28.302 INFO:teuthology.orchestra.run.smithi099.stdout:/usr/bin/ceph: stderr
2024-01-31T05:02:27.522+0000 7f0355f09700 1 --2- >> [v2:172.21.15.99:3300/0,v1:172.21.15.99:6789/0] conn(0x7f0350105f80 0x7f035019ae40 unknown :-1 s=HELLO_CONNECTING pgs=0 cs=0 l=1 rev1=1 crypto rx=0 tx=0 comp rx=0 tx=0).handle_hello peer v2:172.21.15.99:3300/0 says I am v2:172.21.15.99:57746/0 (socket says 172.21.15.99:57746)
2024-01-31T05:02:28.302 INFO:teuthology.orchestra.run.smithi099.stdout:/usr/bin/ceph: stderr
2024-01-31T05:02:27.522+0000 7f0355f09700 1 -- 172.21.15.99:0/1748612820 learned_addr learned my addr 172.21.15.99:0/1748612820 (peer_addr_for_me v2:172.21.15.99:0/0)
2024-01-31T05:02:28.302 INFO:teuthology.orchestra.run.smithi099.stdout:/usr/bin/ceph: stderr
2024-01-31T05:02:27.522+0000 7f0355f09700 1 -- 172.21.15.99:0/1748612820 --> [v2:172.21.15.99:3300/0,v1:172.21.15.99:6789/0] -- mon_subscribe({config=0+,monmap=0+}) v3 -- 0x7f034c009550 con 0x7f0350105f80
2024-01-31T05:02:28.302 INFO:teuthology.orchestra.run.smithi099.stdout:/usr/bin/ceph: stderr
2024-01-31T05:02:27.522+0000 7f0355f09700 1 --2- 172.21.15.99:0/1748612820 >> [v2:172.21.15.99:3300/0,v1:172.21.15.99:6789/0] conn(0x7f0350105f80 0x7f035019ae40 secure :-1 s=READY pgs=77 cs=0 l=1 rev1=1 crypto rx=0x7f034c006af0 tx=0x7f034c011a10 comp rx=0 tx=0).ready entity=mon.0 client_cookie=0 server_cookie=0 in_seq=0 out_seq=0
2024-01-31T05:02:28.302 INFO:teuthology.orchestra.run.smithi099.stdout:/usr/bin/ceph: stderr
2024-01-31T05:02:27.522+0000 7f0346ffd700 1 -- 172.21.15.99:0/1748612820 <== mon.0 v2:172.21.15.99:3300/0 1 ==== mon_map magic: 0 v1 ==== 205+0+0 (secure 0 0 0) 0x7f034c003a40 con 0x7f0350105f80
2024-01-31T05:02:28.302 INFO:teuthology.orchestra.run.smithi099.stdout:/usr/bin/ceph: stderr
2024-01-31T05:02:27.522+0000 7f0346ffd700 1 -- 172.21.15.99:0/1748612820 <== mon.0 v2:172.21.15.99:3300/0 2 ==== config(26 keys) v1 ==== 1105+0+0 (secure 0 0 0) 0x7f034c003ba0 con 0x7f0350105f80
2024-01-31T05:02:28.302 INFO:teuthology.orchestra.run.smithi099.stdout:/usr/bin/ceph: stderr
2024-01-31T05:02:27.522+0000 7f035816d700 1 -- 172.21.15.99:0/1748612820 --> [v2:172.21.15.99:3300/0,v1:172.21.15.99:6789/0] -- mon_subscribe({mgrmap=0+}) v3 -- 0x7f035019b580 con 0x7f0350105f80
2024-01-31T05:02:28.302 INFO:teuthology.orchestra.run.smithi099.stdout:/usr/bin/ceph: stderr
2024-01-31T05:02:27.522+0000 7f0346ffd700 1 -- 172.21.15.99:0/1748612820 <== mon.0 v2:172.21.15.99:3300/0 3 ==== mon_map magic: 0 v1 ==== 205+0+0 (secure 0 0 0) 0x7f034c019690 con 0x7f0350105f80
2024-01-31T05:02:28.302 INFO:teuthology.orchestra.run.smithi099.stdout:/usr/bin/ceph: stderr
2024-01-31T05:02:27.523+0000 7f035816d700 1 -- 172.21.15.99:0/1748612820 --> [v2:172.21.15.99:3300/0,v1:172.21.15.99:6789/0] -- mon_subscribe({osdmap=0}) v3 -- 0x7f035019ba20 con 0x7f0350105f80
2024-01-31T05:02:28.302 INFO:teuthology.orchestra.run.smithi099.stdout:/usr/bin/ceph: stderr
2024-01-31T05:02:27.523+0000 7f0346ffd700 1 -- 172.21.15.99:0/1748612820 <== mon.0 v2:172.21.15.99:3300/0 4 ==== mgrmap(e 13) v1 ==== 45697+0+0 (secure 0 0 0) 0x7f034c019950 con 0x7f0350105f80
2024-01-31T05:02:28.302 INFO:teuthology.orchestra.run.smithi099.stdout:/usr/bin/ceph: stderr
2024-01-31T05:02:27.523+0000 7f035816d700 1 -- 172.21.15.99:0/1748612820 --> [v2:172.21.15.99:3300/0,v1:172.21.15.99:6789/0] -- mon_command({"prefix": "get_command_descriptions"} v 0) v1 -- 0x7f0350195020 con 0x7f0350105f80
2024-01-31T05:02:28.302 INFO:teuthology.orchestra.run.smithi099.stdout:/usr/bin/ceph: stderr
2024-01-31T05:02:27.523+0000 7f0346ffd700 1 --2- 172.21.15.99:0/1748612820 >> [v2:172.21.15.99:6800/3925720924,v1:172.21.15.99:6801/3925720924] conn(0x7f033c038ae0 0x7f033c03afa0 unknown :-1 s=NONE pgs=0 cs=0 l=1 rev1=0 crypto rx=0 tx=0 comp rx=0 tx=0).connect
2024-01-31T05:02:28.302 INFO:teuthology.orchestra.run.smithi099.stdout:/usr/bin/ceph: stderr
2024-01-31T05:02:27.524+0000 7f0346ffd700 1 -- 172.21.15.99:0/1748612820 <== mon.0 v2:172.21.15.99:3300/0 5 ==== osd_map(3..3 src has 1..3) v4 ==== 1155+0+0 (secure 0 0 0) 0x7f034c04cf00 con 0x7f0350105f80
2024-01-31T05:02:28.303 INFO:teuthology.orchestra.run.smithi099.stdout:/usr/bin/ceph: stderr
2024-01-31T05:02:27.524+0000 7f0355708700 1 --2- 172.21.15.99:0/1748612820 >> [v2:172.21.15.99:6800/3925720924,v1:172.21.15.99:6801/3925720924] conn(0x7f033c038ae0 0x7f033c03afa0 unknown :-1 s=BANNER_CONNECTING pgs=0 cs=0 l=1 rev1=0 crypto rx=0 tx=0 comp rx=0 tx=0)._handle_peer_banner_payload supported=3 required=0
2024-01-31T05:02:28.303 INFO:teuthology.orchestra.run.smithi099.stdout:/usr/bin/ceph: stderr
2024-01-31T05:02:27.524+0000 7f0355708700 1 --2- 172.21.15.99:0/1748612820 >> [v2:172.21.15.99:6800/3925720924,v1:172.21.15.99:6801/3925720924] conn(0x7f033c038ae0 0x7f033c03afa0 secure :-1 s=READY pgs=10 cs=0 l=1 rev1=1 crypto rx=0x7f0340006fd0 tx=0x7f0340006e40 comp rx=0 tx=0).ready entity=mgr.14152 client_cookie=0 server_cookie=0 in_seq=0 out_seq=0
2024-01-31T05:02:28.303 INFO:teuthology.orchestra.run.smithi099.stdout:/usr/bin/ceph: stderr
2024-01-31T05:02:27.528+0000 7f0346ffd700 1 -- 172.21.15.99:0/1748612820 <== mon.0 v2:172.21.15.99:3300/0 6 ==== mon_command_ack([{"prefix": "get_command_descriptions"}]=0 v0) v1 ==== 72+0+181732 (secure 0 0 0) 0x7f034c00bb90 con 0x7f0350105f80
2024-01-31T05:02:28.303 INFO:teuthology.orchestra.run.smithi099.stdout:/usr/bin/ceph: stderr
2024-01-31T05:02:27.723+0000 7f035816d700 1 -- 172.21.15.99:0/1748612820 --> [v2:172.21.15.99:3300/0,v1:172.21.15.99:6789/0] -- mon_command([{prefix=config set, name=osd_memory_target_autotune}] v 0) v1 -- 0x7f035010a380 con 0x7f0350105f80
2024-01-31T05:02:28.303 INFO:teuthology.orchestra.run.smithi099.stdout:/usr/bin/ceph: stderr
2024-01-31T05:02:27.724+0000 7f0346ffd700 1 -- 172.21.15.99:0/1748612820 <== mon.0 v2:172.21.15.99:3300/0 7 ==== mon_command_ack([{prefix=config set, name=osd_memory_target_autotune}]=0 v8)=0 v8) v1 ==== 127+0+0 (secure 0 0 0) 0x7f034c020240 con 0x7f0350105f80
2024-01-31T05:02:28.303 INFO:teuthology.orchestra.run.smithi099.stdout:/usr/bin/ceph: stderr
2024-01-31T05:02:27.725+0000 7f035816d700 1 -- 172.21.15.99:0/1748612820 >> [v2:172.21.15.99:6800/3925720924,v1:172.21.15.99:6801/3925720924] conn(0x7f033c038ae0 msgr2=0x7f033c03afa0 secure :-1 s=STATE_CONNECTION_ESTABLISHED l=1).mark_down
2024-01-31T05:02:28.303 INFO:teuthology.orchestra.run.smithi099.stdout:/usr/bin/ceph: stderr
2024-01-31T05:02:27.725+0000 7f035816d700 1 --2- 172.21.15.99:0/1748612820 >> [v2:172.21.15.99:6800/3925720924,v1:172.21.15.99:6801/3925720924] conn(0x7f033c038ae0 0x7f033c03afa0 secure :-1 s=READY pgs=10 cs=0 l=1 rev1=1 crypto rx=0x7f0340006fd0 tx=0x7f0340006e40 comp rx=0 tx=0).stop
2024-01-31T05:02:28.303 INFO:teuthology.orchestra.run.smithi099.stdout:/usr/bin/ceph: stderr
2024-01-31T05:02:27.725+0000 7f035816d700 1 -- 172.21.15.99:0/1748612820 >> [v2:172.21.15.99:3300/0,v1:172.21.15.99:6789/0] conn(0x7f0350105f80 msgr2=0x7f035019ae40 secure :-1 s=STATE_CONNECTION_ESTABLISHED l=1).mark_down
2024-01-31T05:02:28.303 INFO:teuthology.orchestra.run.smithi099.stdout:/usr/bin/ceph: stderr
2024-01-31T05:02:27.725+0000 7f035816d700 1 --2- 172.21.15.99:0/1748612820 >> [v2:172.21.15.99:3300/0,v1:172.21.15.99:6789/0] conn(0x7f0350105f80 0x7f035019ae40 secure :-1 s=READY pgs=77 cs=0 l=1 rev1=1 crypto rx=0x7f034c006af0 tx=0x7f034c011a10 comp rx=0 tx=0).stop
2024-01-31T05:02:28.303 INFO:teuthology.orchestra.run.smithi099.stdout:/usr/bin/ceph: stderr
2024-01-31T05:02:27.726+0000 7f035816d700 1 -- 172.21.15.99:0/1748612820 shutdown_connections
2024-01-31T05:02:28.303 INFO:teuthology.orchestra.run.smithi099.stdout:/usr/bin/ceph: stderr
2024-01-31T05:02:27.726+0000 7f035816d700 1 --2- 172.21.15.99:0/1748612820 >> [v2:172.21.15.99:6800/3925720924,v1:172.21.15.99:6801/3925720924] conn(0x7f033c038ae0 0x7f033c03afa0 unknown :-1 s=CLOSED pgs=10 cs=0 l=1 rev1=1 crypto rx=0 tx=0 comp rx=0 tx=0).stop
2024-01-31T05:02:28.303 INFO:teuthology.orchestra.run.smithi099.stdout:/usr/bin/ceph: stderr
2024-01-31T05:02:27.726+0000 7f035816d700 1 --2- 172.21.15.99:0/1748612820 >> [v2:172.21.15.99:3300/0,v1:172.21.15.99:6789/0] conn(0x7f0350105f80 0x7f035019ae40 unknown :-1 s=CLOSED pgs=77 cs=0 l=1 rev1=1 crypto rx=0 tx=0 comp rx=0 tx=0).stop
2024-01-31T05:02:28.303 INFO:teuthology.orchestra.run.smithi099.stdout:/usr/bin/ceph: stderr
2024-01-31T05:02:27.726+0000 7f035816d700 1 -- 172.21.15.99:0/1748612820 >> 172.21.15.99:0/1748612820 conn(0x7f0350101580 msgr2=0x7f0350102480 unknown :-1 s=STATE_NONE l=0).mark_down
2024-01-31T05:02:28.303 INFO:teuthology.orchestra.run.smithi099.stdout:/usr/bin/ceph: stderr
2024-01-31T05:02:27.726+0000 7f035816d700 1 -- 172.21.15.99:0/1748612820 shutdown_connections
2024-01-31T05:02:28.303 INFO:teuthology.orchestra.run.smithi099.stdout:/usr/bin/ceph: stderr
2024-01-31T05:02:27.726+0000 7f035816d700 1 -- 172.21.15.99:0/1748612820 wait complete.
2024-01-31T05:02:29.599 INFO:teuthology.orchestra.run.smithi099.stdout:/usr/bin/ceph: stderr
2024-01-31T05:02:28.715+0000 7f79fdff5700 1 Processor -- start
2024-01-31T05:02:29.599 INFO:teuthology.orchestra.run.smithi099.stdout:/usr/bin/ceph: stderr
2024-01-31T05:02:28.715+0000 7f79fdff5700 1 -- start start
2024-01-31T05:02:29.599 INFO:teuthology.orchestra.run.smithi099.stdout:/usr/bin/ceph: stderr
2024-01-31T05:02:28.715+0000 7f79fdff5700 1 --2- >> [v2:172.21.15.99:3300/0,v1:172.21.15.99:6789/0] conn(0x7f79f8107610 0x7f79f8107a30 unknown :-1 s=NONE pgs=0 cs=0 l=0 rev1=0 crypto rx=0 tx=0 comp rx=0 tx=0).connect
2024-01-31T05:02:29.599 INFO:teuthology.orchestra.run.smithi099.stdout:/usr/bin/ceph: stderr
2024-01-31T05:02:28.715+0000 7f79fdff5700 1 -- --> [v2:172.21.15.99:3300/0,v1:172.21.15.99:6789/0] -- mon_getmap magic: 0 v1 -- 0x7f79f8108000 con 0x7f79f8107610
2024-01-31T05:02:29.599 INFO:teuthology.orchestra.run.smithi099.stdout:/usr/bin/ceph: stderr
2024-01-31T05:02:28.715+0000 7f79f77fe700 1 --2- >> [v2:172.21.15.99:3300/0,v1:172.21.15.99:6789/0] conn(0x7f79f8107610 0x7f79f8107a30 unknown :-1 s=BANNER_CONNECTING pgs=0 cs=0 l=0 rev1=0 crypto rx=0 tx=0 comp rx=0 tx=0)._handle_peer_banner_payload supported=3 required=0
2024-01-31T05:02:29.599 INFO:teuthology.orchestra.run.smithi099.stdout:/usr/bin/ceph: stderr
2024-01-31T05:02:28.715+0000 7f79f77fe700 1 --2- >> [v2:172.21.15.99:3300/0,v1:172.21.15.99:6789/0] conn(0x7f79f8107610 0x7f79f8107a30 unknown :-1 s=HELLO_CONNECTING pgs=0 cs=0 l=0 rev1=1 crypto rx=0 tx=0 comp rx=0 tx=0).handle_hello peer v2:172.21.15.99:3300/0 says I am v2:172.21.15.99:57756/0 (socket says 172.21.15.99:57756)
2024-01-31T05:02:29.599 INFO:teuthology.orchestra.run.smithi099.stdout:/usr/bin/ceph: stderr
2024-01-31T05:02:28.715+0000 7f79f77fe700 1 -- 172.21.15.99:0/3843153888 learned_addr learned my addr 172.21.15.99:0/3843153888 (peer_addr_for_me v2:172.21.15.99:0/0)
2024-01-31T05:02:29.599 INFO:teuthology.orchestra.run.smithi099.stdout:/usr/bin/ceph: stderr
