2024-01-31T05:01:47.656 INFO:teuthology.orchestra.run.smithi099.stdout:/usr/bin/ceph: stderr
2024-01-31T05:01:46.622+0000 7f62a4e45700 1 --2- 172.21.15.99:0/266853186 >> [v2:172.21.15.99:3300/0,v1:172.21.15.99:6789/0] conn(0x7f62a0107530 0x7f62a0107950 secure :-1 s=READY pgs=22 cs=0 l=1 rev1=1 crypto rx=0x7f62940098a0 tx=0x7f6294009bb0 comp rx=0 tx=0).ready entity=mon.0 client_cookie=918d12904349b01d server_cookie=0 in_seq=0 out_seq=0
2024-01-31T05:01:47.656 INFO:teuthology.orchestra.run.smithi099.stdout:/usr/bin/ceph: stderr
2024-01-31T05:01:46.622+0000 7f629f7fe700 1 -- 172.21.15.99:0/266853186 <== mon.0 v2:172.21.15.99:3300/0 1 ==== mon_map magic: 0 v1 ==== 205+0+0 (secure 0 0 0) 0x7f6294004160 con 0x7f62a0107530
2024-01-31T05:01:47.656 INFO:teuthology.orchestra.run.smithi099.stdout:/usr/bin/ceph: stderr
2024-01-31T05:01:46.622+0000 7f629f7fe700 1 -- 172.21.15.99:0/266853186 <== mon.0 v2:172.21.15.99:3300/0 2 ==== config(26 keys) v1 ==== 1074+0+0 (secure 0 0 0) 0x7f62940042c0 con 0x7f62a0107530
2024-01-31T05:01:47.656 INFO:teuthology.orchestra.run.smithi099.stdout:/usr/bin/ceph: stderr
2024-01-31T05:01:46.622+0000 7f629f7fe700 1 -- 172.21.15.99:0/266853186 <== mon.0 v2:172.21.15.99:3300/0 3 ==== mon_map magic: 0 v1 ==== 205+0+0 (secure 0 0 0) 0x7f6294011a00 con 0x7f62a0107530
2024-01-31T05:01:47.656 INFO:teuthology.orchestra.run.smithi099.stdout:/usr/bin/ceph: stderr
2024-01-31T05:01:46.623+0000 7f62a70a9700 1 -- 172.21.15.99:0/266853186 >> [v2:172.21.15.99:3300/0,v1:172.21.15.99:6789/0] conn(0x7f62a0107530 msgr2=0x7f62a0107950 secure :-1 s=STATE_CONNECTION_ESTABLISHED l=1).mark_down
2024-01-31T05:01:47.656 INFO:teuthology.orchestra.run.smithi099.stdout:/usr/bin/ceph: stderr
2024-01-31T05:01:46.623+0000 7f62a70a9700 1 --2- 172.21.15.99:0/266853186 >> [v2:172.21.15.99:3300/0,v1:172.21.15.99:6789/0] conn(0x7f62a0107530 0x7f62a0107950 secure :-1 s=READY pgs=22 cs=0 l=1 rev1=1 crypto rx=0x7f62940098a0 tx=0x7f6294009bb0 comp rx=0 tx=0).stop
2024-01-31T05:01:47.656 INFO:teuthology.orchestra.run.smithi099.stdout:/usr/bin/ceph: stderr
2024-01-31T05:01:46.623+0000 7f62a70a9700 1 -- 172.21.15.99:0/266853186 shutdown_connections
2024-01-31T05:01:47.656 INFO:teuthology.orchestra.run.smithi099.stdout:/usr/bin/ceph: stderr
2024-01-31T05:01:46.623+0000 7f62a70a9700 1 --2- 172.21.15.99:0/266853186 >> [v2:172.21.15.99:3300/0,v1:172.21.15.99:6789/0] conn(0x7f62a0107530 0x7f62a0107950 unknown :-1 s=CLOSED pgs=22 cs=0 l=1 rev1=1 crypto rx=0 tx=0 comp rx=0 tx=0).stop
2024-01-31T05:01:47.656 INFO:teuthology.orchestra.run.smithi099.stdout:/usr/bin/ceph: stderr
2024-01-31T05:01:46.623+0000 7f62a70a9700 1 -- 172.21.15.99:0/266853186 >> 172.21.15.99:0/266853186 conn(0x7f62a0100da0 msgr2=0x7f62a01031c0 unknown :-1 s=STATE_NONE l=0).mark_down
2024-01-31T05:01:47.657 INFO:teuthology.orchestra.run.smithi099.stdout:/usr/bin/ceph: stderr
2024-01-31T05:01:46.623+0000 7f62a70a9700 1 -- 172.21.15.99:0/266853186 shutdown_connections
2024-01-31T05:01:47.657 INFO:teuthology.orchestra.run.smithi099.stdout:/usr/bin/ceph: stderr
2024-01-31T05:01:46.623+0000 7f62a70a9700 1 -- 172.21.15.99:0/266853186 wait complete.
2024-01-31T05:01:47.657 INFO:teuthology.orchestra.run.smithi099.stdout:/usr/bin/ceph: stderr
2024-01-31T05:01:46.623+0000 7f62a70a9700 1 Processor -- start
2024-01-31T05:01:47.657 INFO:teuthology.orchestra.run.smithi099.stdout:/usr/bin/ceph: stderr
2024-01-31T05:01:46.624+0000 7f62a70a9700 1 -- start start
2024-01-31T05:01:47.657 INFO:teuthology.orchestra.run.smithi099.stdout:/usr/bin/ceph: stderr
2024-01-31T05:01:46.624+0000 7f62a70a9700 1 --2- >> [v2:172.21.15.99:3300/0,v1:172.21.15.99:6789/0] conn(0x7f62a0107530 0x7f62a0105c00 unknown :-1 s=NONE pgs=0 cs=0 l=1 rev1=0 crypto rx=0 tx=0 comp rx=0 tx=0).connect
2024-01-31T05:01:47.657 INFO:teuthology.orchestra.run.smithi099.stdout:/usr/bin/ceph: stderr
2024-01-31T05:01:46.624+0000 7f62a70a9700 1 -- --> [v2:172.21.15.99:3300/0,v1:172.21.15.99:6789/0] -- mon_getmap magic: 0 v1 -- 0x7f62a019dba0 con 0x7f62a0107530
2024-01-31T05:01:47.657 INFO:teuthology.orchestra.run.smithi099.stdout:/usr/bin/ceph: stderr
2024-01-31T05:01:46.624+0000 7f62a4e45700 1 --2- >> [v2:172.21.15.99:3300/0,v1:172.21.15.99:6789/0] conn(0x7f62a0107530 0x7f62a0105c00 unknown :-1 s=BANNER_CONNECTING pgs=0 cs=0 l=1 rev1=0 crypto rx=0 tx=0 comp rx=0 tx=0)._handle_peer_banner_payload supported=3 required=0
2024-01-31T05:01:47.657 INFO:teuthology.orchestra.run.smithi099.stdout:/usr/bin/ceph: stderr
2024-01-31T05:01:46.624+0000 7f62a4e45700 1 --2- >> [v2:172.21.15.99:3300/0,v1:172.21.15.99:6789/0] conn(0x7f62a0107530 0x7f62a0105c00 unknown :-1 s=HELLO_CONNECTING pgs=0 cs=0 l=1 rev1=1 crypto rx=0 tx=0 comp rx=0 tx=0).handle_hello peer v2:172.21.15.99:3300/0 says I am v2:172.21.15.99:54430/0 (socket says 172.21.15.99:54430)
2024-01-31T05:01:47.657 INFO:teuthology.orchestra.run.smithi099.stdout:/usr/bin/ceph: stderr
2024-01-31T05:01:46.624+0000 7f62a4e45700 1 -- 172.21.15.99:0/1661898228 learned_addr learned my addr 172.21.15.99:0/1661898228 (peer_addr_for_me v2:172.21.15.99:0/0)
2024-01-31T05:01:47.657 INFO:teuthology.orchestra.run.smithi099.stdout:/usr/bin/ceph: stderr
2024-01-31T05:01:46.624+0000 7f62a4e45700 1 -- 172.21.15.99:0/1661898228 --> [v2:172.21.15.99:3300/0,v1:172.21.15.99:6789/0] -- mon_subscribe({config=0+,monmap=0+}) v3 -- 0x7f6294009550 con 0x7f62a0107530
2024-01-31T05:01:47.657 INFO:teuthology.orchestra.run.smithi099.stdout:/usr/bin/ceph: stderr
2024-01-31T05:01:46.624+0000 7f62a4e45700 1 --2- 172.21.15.99:0/1661898228 >> [v2:172.21.15.99:3300/0,v1:172.21.15.99:6789/0] conn(0x7f62a0107530 0x7f62a0105c00 secure :-1 s=READY pgs=23 cs=0 l=1 rev1=1 crypto rx=0x7f6294011710 tx=0x7f6294011ad0 comp rx=0 tx=0).ready entity=mon.0 client_cookie=0 server_cookie=0 in_seq=0 out_seq=0
2024-01-31T05:01:47.657 INFO:teuthology.orchestra.run.smithi099.stdout:/usr/bin/ceph: stderr
2024-01-31T05:01:46.624+0000 7f629dffb700 1 -- 172.21.15.99:0/1661898228 <== mon.0 v2:172.21.15.99:3300/0 1 ==== mon_map magic: 0 v1 ==== 205+0+0 (secure 0 0 0) 0x7f6294003aa0 con 0x7f62a0107530
2024-01-31T05:01:47.657 INFO:teuthology.orchestra.run.smithi099.stdout:/usr/bin/ceph: stderr
2024-01-31T05:01:46.624+0000 7f629dffb700 1 -- 172.21.15.99:0/1661898228 <== mon.0 v2:172.21.15.99:3300/0 2 ==== config(26 keys) v1 ==== 1074+0+0 (secure 0 0 0) 0x7f6294003c00 con 0x7f62a0107530
2024-01-31T05:01:47.657 INFO:teuthology.orchestra.run.smithi099.stdout:/usr/bin/ceph: stderr
2024-01-31T05:01:46.624+0000 7f62a70a9700 1 -- 172.21.15.99:0/1661898228 --> [v2:172.21.15.99:3300/0,v1:172.21.15.99:6789/0] -- mon_subscribe({mgrmap=0+}) v3 -- 0x7f62a019dce0 con 0x7f62a0107530
2024-01-31T05:01:47.658 INFO:teuthology.orchestra.run.smithi099.stdout:/usr/bin/ceph: stderr
2024-01-31T05:01:46.624+0000 7f629dffb700 1 -- 172.21.15.99:0/1661898228 <== mon.0 v2:172.21.15.99:3300/0 3 ==== mon_map magic: 0 v1 ==== 205+0+0 (secure 0 0 0) 0x7f6294024800 con 0x7f62a0107530
2024-01-31T05:01:47.658 INFO:teuthology.orchestra.run.smithi099.stdout:/usr/bin/ceph: stderr
2024-01-31T05:01:46.625+0000 7f62a70a9700 1 -- 172.21.15.99:0/1661898228 --> [v2:172.21.15.99:3300/0,v1:172.21.15.99:6789/0] -- mon_subscribe({osdmap=0}) v3 -- 0x7f62a019e0c0 con 0x7f62a0107530
2024-01-31T05:01:47.658 INFO:teuthology.orchestra.run.smithi099.stdout:/usr/bin/ceph: stderr
2024-01-31T05:01:46.625+0000 7f629dffb700 1 -- 172.21.15.99:0/1661898228 <== mon.0 v2:172.21.15.99:3300/0 4 ==== mgrmap(e 4) v1 ==== 45630+0+0 (secure 0 0 0) 0x7f629401a430 con 0x7f62a0107530
2024-01-31T05:01:47.658 INFO:teuthology.orchestra.run.smithi099.stdout:/usr/bin/ceph: stderr
2024-01-31T05:01:46.625+0000 7f62a70a9700 1 -- 172.21.15.99:0/1661898228 --> [v2:172.21.15.99:3300/0,v1:172.21.15.99:6789/0] -- mon_command({"prefix": "get_command_descriptions"} v 0) v1 -- 0x7f62a0106f40 con 0x7f62a0107530
2024-01-31T05:01:47.658 INFO:teuthology.orchestra.run.smithi099.stdout:/usr/bin/ceph: stderr
2024-01-31T05:01:46.626+0000 7f629dffb700 1 --2- 172.21.15.99:0/1661898228 >> [v2:172.21.15.99:6800/1706888338,v1:172.21.15.99:6801/1706888338] conn(0x7f6290038a40 0x7f629003af00 unknown :-1 s=NONE pgs=0 cs=0 l=1 rev1=0 crypto rx=0 tx=0 comp rx=0 tx=0).connect
2024-01-31T05:01:47.658 INFO:teuthology.orchestra.run.smithi099.stdout:/usr/bin/ceph: stderr
2024-01-31T05:01:46.626+0000 7f629dffb700 1 -- 172.21.15.99:0/1661898228 <== mon.0 v2:172.21.15.99:3300/0 5 ==== osd_map(1..1 src has 1..1) v4 ==== 725+0+0 (secure 0 0 0) 0x7f629404c5e0 con 0x7f62a0107530
2024-01-31T05:01:47.658 INFO:teuthology.orchestra.run.smithi099.stdout:/usr/bin/ceph: stderr
2024-01-31T05:01:46.626+0000 7f629ffff700 1 --2- 172.21.15.99:0/1661898228 >> [v2:172.21.15.99:6800/1706888338,v1:172.21.15.99:6801/1706888338] conn(0x7f6290038a40 0x7f629003af00 unknown :-1 s=BANNER_CONNECTING pgs=0 cs=0 l=1 rev1=0 crypto rx=0 tx=0 comp rx=0 tx=0)._handle_peer_banner_payload supported=3 required=0
2024-01-31T05:01:47.658 INFO:teuthology.orchestra.run.smithi099.stdout:/usr/bin/ceph: stderr
2024-01-31T05:01:46.626+0000 7f629ffff700 1 --2- 172.21.15.99:0/1661898228 >> [v2:172.21.15.99:6800/1706888338,v1:172.21.15.99:6801/1706888338] conn(0x7f6290038a40 0x7f629003af00 secure :-1 s=READY pgs=8 cs=0 l=1 rev1=1 crypto rx=0x7f628c006fd0 tx=0x7f628c006e40 comp rx=0 tx=0).ready entity=mgr.14100 client_cookie=0 server_cookie=0 in_seq=0 out_seq=0
2024-01-31T05:01:47.658 INFO:teuthology.orchestra.run.smithi099.stdout:/usr/bin/ceph: stderr
2024-01-31T05:01:46.630+0000 7f629dffb700 1 -- 172.21.15.99:0/1661898228 <== mon.0 v2:172.21.15.99:3300/0 6 ==== mon_command_ack([{"prefix": "get_command_descriptions"}]=0 v0) v1 ==== 72+0+181732 (secure 0 0 0) 0x7f629402cb40 con 0x7f62a0107530
2024-01-31T05:01:47.658 INFO:teuthology.orchestra.run.smithi099.stdout:/usr/bin/ceph: stderr
2024-01-31T05:01:46.873+0000 7f62a70a9700 1 -- 172.21.15.99:0/1661898228 --> [v2:172.21.15.99:3300/0,v1:172.21.15.99:6789/0] -- mon_command({"prefix": "mgr module enable", "module": "cephadm"} v 0) v1 -- 0x7f62a019e6f0 con 0x7f62a0107530
2024-01-31T05:01:47.658 INFO:teuthology.orchestra.run.smithi099.stdout:/usr/bin/ceph: stderr
2024-01-31T05:01:47.056+0000 7f629dffb700 1 -- 172.21.15.99:0/1661898228 <== mon.0 v2:172.21.15.99:3300/0 7 ==== mon_command_ack([{"prefix": "mgr module enable", "module": "cephadm"}]=0 v5) v1 ==== 86+0+0 (secure 0 0 0) 0x7f629402cb40 con 0x7f62a0107530
2024-01-31T05:01:47.658 INFO:teuthology.orchestra.run.smithi099.stdout:/usr/bin/ceph: stderr
2024-01-31T05:01:47.057+0000 7f629dffb700 1 -- 172.21.15.99:0/1661898228 <== mon.0 v2:172.21.15.99:3300/0 8 ==== mgrmap(e 5) v1 ==== 45641+0+0 (secure 0 0 0) 0x7f6294024960 con 0x7f62a0107530
2024-01-31T05:01:47.658 INFO:teuthology.orchestra.run.smithi099.stdout:/usr/bin/ceph: stderr
2024-01-31T05:01:47.059+0000 7f62a70a9700 1 -- 172.21.15.99:0/1661898228 >> [v2:172.21.15.99:6800/1706888338,v1:172.21.15.99:6801/1706888338] conn(0x7f6290038a40 msgr2=0x7f629003af00 secure :-1 s=STATE_CONNECTION_ESTABLISHED l=1).mark_down
2024-01-31T05:01:47.659 INFO:teuthology.orchestra.run.smithi099.stdout:/usr/bin/ceph: stderr
2024-01-31T05:01:47.059+0000 7f62a70a9700 1 --2- 172.21.15.99:0/1661898228 >> [v2:172.21.15.99:6800/1706888338,v1:172.21.15.99:6801/1706888338] conn(0x7f6290038a40 0x7f629003af00 secure :-1 s=READY pgs=8 cs=0 l=1 rev1=1 crypto rx=0x7f628c006fd0 tx=0x7f628c006e40 comp rx=0 tx=0).stop
2024-01-31T05:01:47.659 INFO:teuthology.orchestra.run.smithi099.stdout:/usr/bin/ceph: stderr
2024-01-31T05:01:47.059+0000 7f62a70a9700 1 -- 172.21.15.99:0/1661898228 >> [v2:172.21.15.99:3300/0,v1:172.21.15.99:6789/0] conn(0x7f62a0107530 msgr2=0x7f62a0105c00 secure :-1 s=STATE_CONNECTION_ESTABLISHED l=1).mark_down
2024-01-31T05:01:47.659 INFO:teuthology.orchestra.run.smithi099.stdout:/usr/bin/ceph: stderr
2024-01-31T05:01:47.059+0000 7f62a70a9700 1 --2- 172.21.15.99:0/1661898228 >> [v2:172.21.15.99:3300/0,v1:172.21.15.99:6789/0] conn(0x7f62a0107530 0x7f62a0105c00 secure :-1 s=READY pgs=23 cs=0 l=1 rev1=1 crypto rx=0x7f6294011710 tx=0x7f6294011ad0 comp rx=0 tx=0).stop
2024-01-31T05:01:47.659 INFO:teuthology.orchestra.run.smithi099.stdout:/usr/bin/ceph: stderr
2024-01-31T05:01:47.059+0000 7f62a70a9700 1 -- 172.21.15.99:0/1661898228 shutdown_connections
2024-01-31T05:01:47.659 INFO:teuthology.orchestra.run.smithi099.stdout:/usr/bin/ceph: stderr
2024-01-31T05:01:47.059+0000 7f62a70a9700 1 --2- 172.21.15.99:0/1661898228 >> [v2:172.21.15.99:6800/1706888338,v1:172.21.15.99:6801/1706888338] conn(0x7f6290038a40 0x7f629003af00 unknown :-1 s=CLOSED pgs=8 cs=0 l=1 rev1=1 crypto rx=0 tx=0 comp rx=0 tx=0).stop
2024-01-31T05:01:47.659 INFO:teuthology.orchestra.run.smithi099.stdout:/usr/bin/ceph: stderr
2024-01-31T05:01:47.059+0000 7f62a70a9700 1 --2- 172.21.15.99:0/1661898228 >> [v2:172.21.15.99:3300/0,v1:172.21.15.99:6789/0] conn(0x7f62a0107530 0x7f62a0105c00 unknown :-1 s=CLOSED pgs=23 cs=0 l=1 rev1=1 crypto rx=0 tx=0 comp rx=0 tx=0).stop
2024-01-31T05:01:47.659 INFO:teuthology.orchestra.run.smithi099.stdout:/usr/bin/ceph: stderr
2024-01-31T05:01:47.059+0000 7f62a70a9700 1 -- 172.21.15.99:0/1661898228 >> 172.21.15.99:0/1661898228 conn(0x7f62a0100da0 msgr2=0x7f62a0101920 unknown :-1 s=STATE_NONE l=0).mark_down
2024-01-31T05:01:47.659 INFO:teuthology.orchestra.run.smithi099.stdout:/usr/bin/ceph: stderr
2024-01-31T05:01:47.059+0000 7f62a70a9700 1 -- 172.21.15.99:0/1661898228 shutdown_connections
2024-01-31T05:01:47.659 INFO:teuthology.orchestra.run.smithi099.stdout:/usr/bin/ceph: stderr
2024-01-31T05:01:47.059+0000 7f62a70a9700 1 -- 172.21.15.99:0/1661898228 wait complete.
2024-01-31T05:01:47.984 INFO:journalctl@ceph.mgr.x.smithi099.stdout:Jan 31 05:01:47 smithi099 ceph-9288ff44-bff5-11ee-95b3-87774f69a715-mgr-x[31848]:
2024-01-31T05:01:47.689+0000 7f0260514200 -1 mgr[py] Module snap_schedule has missing NOTIFY_TYPES member
2024-01-31T05:01:48.288 INFO:journalctl@ceph.mon.a.smithi099.stdout:Jan 31 05:01:48 smithi099 ceph-mon[31615]: from='client.? 172.21.15.99:0/1661898228' entity='client.admin' cmd='[{"prefix": "mgr module enable", "module": "cephadm"}]': finished
2024-01-31T05:01:48.288 INFO:journalctl@ceph.mon.a.smithi099.stdout:Jan 31 05:01:48 smithi099 ceph-mon[31615]: mgrmap e5: x(active, since 6s)
2024-01-31T05:01:48.568 INFO:journalctl@ceph.mgr.x.smithi099.stdout:Jan 31 05:01:48 smithi099 ceph-9288ff44-bff5-11ee-95b3-87774f69a715-mgr-x[31848]:
2024-01-31T05:01:48.338+0000 7f0260514200 -1 mgr[py] Module zabbix has missing NOTIFY_TYPES member
2024-01-31T05:01:48.568 INFO:journalctl@ceph.mgr.x.smithi099.stdout:Jan 31 05:01:48 smithi099 ceph-9288ff44-bff5-11ee-95b3-87774f69a715-mgr-x[31848]:
2024-01-31T05:01:48.435+0000 7f0260514200 -1 mgr[py] Module balancer has missing NOTIFY_TYPES member
2024-01-31T05:01:48.568 INFO:journalctl@ceph.mgr.x.smithi099.stdout:Jan 31 05:01:48 smithi099 ceph-9288ff44-bff5-11ee-95b3-87774f69a715-mgr-x[31848]:
2024-01-31T05:01:48.520+0000 7f0260514200 -1 mgr[py] Module influx has missing NOTIFY_TYPES member
2024-01-31T05:01:48.938 INFO:journalctl@ceph.mgr.x.smithi099.stdout:Jan 31 05:01:48 smithi099 ceph-9288ff44-bff5-11ee-95b3-87774f69a715-mgr-x[31848]:
2024-01-31T05:01:48.676+0000 7f0260514200 -1 mgr[py] Module alerts has missing NOTIFY_TYPES member
2024-01-31T05:01:48.938 INFO:journalctl@ceph.mgr.x.smithi099.stdout:Jan 31 05:01:48 smithi099 ceph-9288ff44-bff5-11ee-95b3-87774f69a715-mgr-x[31848]:
2024-01-31T05:01:48.760+0000 7f0260514200 -1 mgr[py] Module iostat has missing NOTIFY_TYPES member
2024-01-31T05:01:48.938 INFO:journalctl@ceph.mgr.x.smithi099.stdout:Jan 31 05:01:48 smithi099 ceph-9288ff44-bff5-11ee-95b3-87774f69a715-mgr-x[31848]:
2024-01-31T05:01:48.937+0000 7f0260514200 -1 mgr[py] Module rgw has missing NOTIFY_TYPES member
2024-01-31T05:01:48.964 INFO:teuthology.orchestra.run.smithi099.stdout:/usr/bin/ceph: stdout {
2024-01-31T05:01:48.964 INFO:teuthology.orchestra.run.smithi099.stdout:/usr/bin/ceph: stdout "epoch": 5,
2024-01-31T05:01:48.964 INFO:teuthology.orchestra.run.smithi099.stdout:/usr/bin/ceph: stdout "available": true,
2024-01-31T05:01:48.964 INFO:teuthology.orchestra.run.smithi099.stdout:/usr/bin/ceph: stdout "active_name": "x",
2024-01-31T05:01:48.964 INFO:teuthology.orchestra.run.smithi099.stdout:/usr/bin/ceph: stdout "num_standby": 0
2024-01-31T05:01:48.964 INFO:teuthology.orchestra.run.smithi099.stdout:/usr/bin/ceph: stdout }
2024-01-31T05:01:48.964 INFO:teuthology.orchestra.run.smithi099.stdout:/usr/bin/ceph: stderr
2024-01-31T05:01:48.082+0000 7f76c7eee700 1 Processor -- start
2024-01-31T05:01:48.964 INFO:teuthology.orchestra.run.smithi099.stdout:/usr/bin/ceph: stderr
2024-01-31T05:01:48.082+0000 7f76c7eee700 1 -- start start
2024-01-31T05:01:48.964 INFO:teuthology.orchestra.run.smithi099.stdout:/usr/bin/ceph: stderr
2024-01-31T05:01:48.083+0000 7f76c7eee700 1 --2- >> [v2:172.21.15.99:3300/0,v1:172.21.15.99:6789/0] conn(0x7f76c0105f80 0x7f76c01063a0 unknown :-1 s=NONE pgs=0 cs=0 l=0 rev1=0 crypto rx=0 tx=0 comp rx=0 tx=0).connect
2024-01-31T05:01:48.964 INFO:teuthology.orchestra.run.smithi099.stdout:/usr/bin/ceph: stderr
2024-01-31T05:01:48.083+0000 7f76c7eee700 1 -- --> [v2:172.21.15.99:3300/0,v1:172.21.15.99:6789/0] -- mon_getmap magic: 0 v1 -- 0x7f76c0106970 con 0x7f76c0105f80
2024-01-31T05:01:48.964 INFO:teuthology.orchestra.run.smithi099.stdout:/usr/bin/ceph: stderr
2024-01-31T05:01:48.083+0000 7f76c5c8a700 1 --2- >> [v2:172.21.15.99:3300/0,v1:172.21.15.99:6789/0] conn(0x7f76c0105f80 0x7f76c01063a0 unknown :-1 s=BANNER_CONNECTING pgs=0 cs=0 l=0 rev1=0 crypto rx=0 tx=0 comp rx=0 tx=0)._handle_peer_banner_payload supported=3 required=0
2024-01-31T05:01:48.965 INFO:teuthology.orchestra.run.smithi099.stdout:/usr/bin/ceph: stderr
2024-01-31T05:01:48.083+0000 7f76c5c8a700 1 --2- >> [v2:172.21.15.99:3300/0,v1:172.21.15.99:6789/0] conn(0x7f76c0105f80 0x7f76c01063a0 unknown :-1 s=HELLO_CONNECTING pgs=0 cs=0 l=0 rev1=1 crypto rx=0 tx=0 comp rx=0 tx=0).handle_hello peer v2:172.21.15.99:3300/0 says I am v2:172.21.15.99:54446/0 (socket says 172.21.15.99:54446)
2024-01-31T05:01:48.965 INFO:teuthology.orchestra.run.smithi099.stdout:/usr/bin/ceph: stderr
2024-01-31T05:01:48.083+0000 7f76c5c8a700 1 -- 172.21.15.99:0/2207309607 learned_addr learned my addr 172.21.15.99:0/2207309607 (peer_addr_for_me v2:172.21.15.99:0/0)
2024-01-31T05:01:48.965 INFO:teuthology.orchestra.run.smithi099.stdout:/usr/bin/ceph: stderr
2024-01-31T05:01:48.083+0000 7f76c5c8a700 1 -- 172.21.15.99:0/2207309607 --> [v2:172.21.15.99:3300/0,v1:172.21.15.99:6789/0] -- mon_subscribe({config=0+,monmap=0+}) v3 -- 0x7f76c0107180 con 0x7f76c0105f80
2024-01-31T05:01:48.965 INFO:teuthology.orchestra.run.smithi099.stdout:/usr/bin/ceph: stderr
2024-01-31T05:01:48.083+0000 7f76c5c8a700 1 --2- 172.21.15.99:0/2207309607 >> [v2:172.21.15.99:3300/0,v1:172.21.15.99:6789/0] conn(0x7f76c0105f80 0x7f76c01063a0 secure :-1 s=READY pgs=26 cs=0 l=1 rev1=1 crypto rx=0x7f76bc0098a0 tx=0x7f76bc009bb0 comp rx=0 tx=0).ready entity=mon.0 client_cookie=56048b1f3082b470 server_cookie=0 in_seq=0 out_seq=0
2024-01-31T05:01:48.965 INFO:teuthology.orchestra.run.smithi099.stdout:/usr/bin/ceph: stderr
2024-01-31T05:01:48.083+0000 7f76c4c88700 1 -- 172.21.15.99:0/2207309607 <== mon.0 v2:172.21.15.99:3300/0 1 ==== mon_map magic: 0 v1 ==== 205+0+0 (secure 0 0 0) 0x7f76bc004160 con 0x7f76c0105f80
2024-01-31T05:01:48.965 INFO:teuthology.orchestra.run.smithi099.stdout:/usr/bin/ceph: stderr
2024-01-31T05:01:48.083+0000 7f76c4c88700 1 -- 172.21.15.99:0/2207309607 <== mon.0 v2:172.21.15.99:3300/0 2 ==== config(26 keys) v1 ==== 1074+0+0 (secure 0 0 0) 0x7f76bc0042c0 con 0x7f76c0105f80
2024-01-31T05:01:48.965 INFO:teuthology.orchestra.run.smithi099.stdout:/usr/bin/ceph: stderr
2024-01-31T05:01:48.084+0000 7f76c4c88700 1 -- 172.21.15.99:0/2207309607 <== mon.0 v2:172.21.15.99:3300/0 3 ==== mon_map magic: 0 v1 ==== 205+0+0 (secure 0 0 0) 0x7f76bc011a00 con 0x7f76c0105f80
2024-01-31T05:01:48.965 INFO:teuthology.orchestra.run.smithi099.stdout:/usr/bin/ceph: stderr
2024-01-31T05:01:48.084+0000 7f76c7eee700 1 -- 172.21.15.99:0/2207309607 >> [v2:172.21.15.99:3300/0,v1:172.21.15.99:6789/0] conn(0x7f76c0105f80 msgr2=0x7f76c01063a0 secure :-1 s=STATE_CONNECTION_ESTABLISHED l=1).mark_down
2024-01-31T05:01:48.965 INFO:teuthology.orchestra.run.smithi099.stdout:/usr/bin/ceph: stderr
2024-01-31T05:01:48.084+0000 7f76c7eee700 1 --2- 172.21.15.99:0/2207309607 >> [v2:172.21.15.99:3300/0,v1:172.21.15.99:6789/0] conn(0x7f76c0105f80 0x7f76c01063a0 secure :-1 s=READY pgs=26 cs=0 l=1 rev1=1 crypto rx=0x7f76bc0098a0 tx=0x7f76bc009bb0 comp rx=0 tx=0).stop
2024-01-31T05:01:48.965 INFO:teuthology.orchestra.run.smithi099.stdout:/usr/bin/ceph: stderr
2024-01-31T05:01:48.084+0000 7f76c7eee700 1 -- 172.21.15.99:0/2207309607 shutdown_connections
2024-01-31T05:01:48.965 INFO:teuthology.orchestra.run.smithi099.stdout:/usr/bin/ceph: stderr
2024-01-31T05:01:48.084+0000 7f76c7eee700 1 --2- 172.21.15.99:0/2207309607 >> [v2:172.21.15.99:3300/0,v1:172.21.15.99:6789/0] conn(0x7f76c0105f80 0x7f76c01063a0 unknown :-1 s=CLOSED pgs=26 cs=0 l=1 rev1=1 crypto rx=0 tx=0 comp rx=0 tx=0).stop
2024-01-31T05:01:48.965 INFO:teuthology.orchestra.run.smithi099.stdout:/usr/bin/ceph: stderr
2024-01-31T05:01:48.084+0000 7f76c7eee700 1 -- 172.21.15.99:0/2207309607 >> 172.21.15.99:0/2207309607 conn(0x7f76c0101580 msgr2=0x7f76c01039a0 unknown :-1 s=STATE_NONE l=0).mark_down
2024-01-31T05:01:48.965 INFO:teuthology.orchestra.run.smithi099.stdout:/usr/bin/ceph: stderr
2024-01-31T05:01:48.084+0000 7f76c7eee700 1 -- 172.21.15.99:0/2207309607 shutdown_connections
2024-01-31T05:01:48.965 INFO:teuthology.orchestra.run.smithi099.stdout:/usr/bin/ceph: stderr
2024-01-31T05:01:48.084+0000 7f76c7eee700 1 -- 172.21.15.99:0/2207309607 wait complete.
2024-01-31T05:01:48.966 INFO:teuthology.orchestra.run.smithi099.stdout:/usr/bin/ceph: stderr
2024-01-31T05:01:48.085+0000 7f76c7eee700 1 Processor -- start
2024-01-31T05:01:48.966 INFO:teuthology.orchestra.run.smithi099.stdout:/usr/bin/ceph: stderr
2024-01-31T05:01:48.085+0000 7f76c7eee700 1 -- start start
2024-01-31T05:01:48.966 INFO:teuthology.orchestra.run.smithi099.stdout:/usr/bin/ceph: stderr
2024-01-31T05:01:48.085+0000 7f76c7eee700 1 --2- >> [v2:172.21.15.99:3300/0,v1:172.21.15.99:6789/0] conn(0x7f76c0105f80 0x7f76c0199cd0 unknown :-1 s=NONE pgs=0 cs=0 l=1 rev1=0 crypto rx=0 tx=0 comp rx=0 tx=0).connect
2024-01-31T05:01:48.966 INFO:teuthology.orchestra.run.smithi099.stdout:/usr/bin/ceph: stderr
2024-01-31T05:01:48.085+0000 7f76c7eee700 1 -- --> [v2:172.21.15.99:3300/0,v1:172.21.15.99:6789/0] -- mon_getmap magic: 0 v1 -- 0x7f76c019a210 con 0x7f76c0105f80
2024-01-31T05:01:48.966 INFO:teuthology.orchestra.run.smithi099.stdout:/usr/bin/ceph: stderr
2024-01-31T05:01:48.085+0000 7f76c5c8a700 1 --2- >> [v2:172.21.15.99:3300/0,v1:172.21.15.99:6789/0] conn(0x7f76c0105f80 0x7f76c0199cd0 unknown :-1 s=BANNER_CONNECTING pgs=0 cs=0 l=1 rev1=0 crypto rx=0 tx=0 comp rx=0 tx=0)._handle_peer_banner_payload supported=3 required=0
2024-01-31T05:01:48.966 INFO:teuthology.orchestra.run.smithi099.stdout:/usr/bin/ceph: stderr
2024-01-31T05:01:48.085+0000 7f76c5c8a700 1 --2- >> [v2:172.21.15.99:3300/0,v1:172.21.15.99:6789/0] conn(0x7f76c0105f80 0x7f76c0199cd0 unknown :-1 s=HELLO_CONNECTING pgs=0 cs=0 l=1 rev1=1 crypto rx=0 tx=0 comp rx=0 tx=0).handle_hello peer v2:172.21.15.99:3300/0 says I am v2:172.21.15.99:54454/0 (socket says 172.21.15.99:54454)
2024-01-31T05:01:48.966 INFO:teuthology.orchestra.run.smithi099.stdout:/usr/bin/ceph: stderr
2024-01-31T05:01:48.085+0000 7f76c5c8a700 1 -- 172.21.15.99:0/3204453451 learned_addr learned my addr 172.21.15.99:0/3204453451 (peer_addr_for_me v2:172.21.15.99:0/0)
2024-01-31T05:01:48.966 INFO:teuthology.orchestra.run.smithi099.stdout:/usr/bin/ceph: stderr
2024-01-31T05:01:48.085+0000 7f76c5c8a700 1 -- 172.21.15.99:0/3204453451 --> [v2:172.21.15.99:3300/0,v1:172.21.15.99:6789/0] -- mon_subscribe({config=0+,monmap=0+}) v3 -- 0x7f76bc009550 con 0x7f76c0105f80
2024-01-31T05:01:48.966 INFO:teuthology.orchestra.run.smithi099.stdout:/usr/bin/ceph: stderr
2024-01-31T05:01:48.086+0000 7f76c5c8a700 1 --2- 172.21.15.99:0/3204453451 >> [v2:172.21.15.99:3300/0,v1:172.21.15.99:6789/0] conn(0x7f76c0105f80 0x7f76c0199cd0 secure :-1 s=READY pgs=27 cs=0 l=1 rev1=1 crypto rx=0x7f76bc009fb0 tx=0x7f76bc011ad0 comp rx=0 tx=0).ready entity=mon.0 client_cookie=0 server_cookie=0 in_seq=0 out_seq=0
2024-01-31T05:01:48.966 INFO:teuthology.orchestra.run.smithi099.stdout:/usr/bin/ceph: stderr
2024-01-31T05:01:48.086+0000 7f76b6ffd700 1 -- 172.21.15.99:0/3204453451 <== mon.0 v2:172.21.15.99:3300/0 1 ==== mon_map magic: 0 v1 ==== 205+0+0 (secure 0 0 0) 0x7f76bc003a40 con 0x7f76c0105f80
2024-01-31T05:01:48.966 INFO:teuthology.orchestra.run.smithi099.stdout:/usr/bin/ceph: stderr
2024-01-31T05:01:48.086+0000 7f76b6ffd700 1 -- 172.21.15.99:0/3204453451 <== mon.0 v2:172.21.15.99:3300/0 2 ==== config(26 keys) v1 ==== 1074+0+0 (secure 0 0 0) 0x7f76bc003ba0 con 0x7f76c0105f80
2024-01-31T05:01:48.966 INFO:teuthology.orchestra.run.smithi099.stdout:/usr/bin/ceph: stderr
2024-01-31T05:01:48.086+0000 7f76c7eee700 1 -- 172.21.15.99:0/3204453451 --> [v2:172.21.15.99:3300/0,v1:172.21.15.99:6789/0] -- mon_subscribe({mgrmap=0+}) v3 -- 0x7f76c019a410 con 0x7f76c0105f80
2024-01-31T05:01:48.966 INFO:teuthology.orchestra.run.smithi099.stdout:/usr/bin/ceph: stderr
2024-01-31T05:01:48.086+0000 7f76b6ffd700 1 -- 172.21.15.99:0/3204453451 <== mon.0 v2:172.21.15.99:3300/0 3 ==== mon_map magic: 0 v1 ==== 205+0+0 (secure 0 0 0) 0x7f76bc01a750 con 0x7f76c0105f80
2024-01-31T05:01:48.966 INFO:teuthology.orchestra.run.smithi099.stdout:/usr/bin/ceph: stderr
2024-01-31T05:01:48.086+0000 7f76c7eee700 1 -- 172.21.15.99:0/3204453451 --> [v2:172.21.15.99:3300/0,v1:172.21.15.99:6789/0] -- mon_subscribe({osdmap=0}) v3 -- 0x7f76c019a8b0 con 0x7f76c0105f80
2024-01-31T05:01:48.967 INFO:teuthology.orchestra.run.smithi099.stdout:/usr/bin/ceph: stderr
2024-01-31T05:01:48.087+0000 7f76b6ffd700 1 -- 172.21.15.99:0/3204453451 <== mon.0 v2:172.21.15.99:3300/0 4 ==== mgrmap(e 5) v1 ==== 45641+0+0 (secure 0 0 0) 0x7f76bc01a980 con 0x7f76c0105f80
2024-01-31T05:01:48.967 INFO:teuthology.orchestra.run.smithi099.stdout:/usr/bin/ceph: stderr
2024-01-31T05:01:48.087+0000 7f76b6ffd700 1 --2- 172.21.15.99:0/3204453451 >> [v2:172.21.15.99:6800/1706888338,v1:172.21.15.99:6801/1706888338] conn(0x7f76ac038a40 0x7f76ac03af00 unknown :-1 s=NONE pgs=0 cs=0 l=1 rev1=0 crypto rx=0 tx=0 comp rx=0 tx=0).connect
2024-01-31T05:01:48.967 INFO:teuthology.orchestra.run.smithi099.stdout:/usr/bin/ceph: stderr
2024-01-31T05:01:48.087+0000 7f76b6ffd700 1 -- 172.21.15.99:0/3204453451 <== mon.0 v2:172.21.15.99:3300/0 5 ==== osd_map(1..1 src has 1..1) v4 ==== 725+0+0 (secure 0 0 0) 0x7f76bc04c6d0 con 0x7f76c0105f80
2024-01-31T05:01:48.967 INFO:teuthology.orchestra.run.smithi099.stdout:/usr/bin/ceph: stderr
2024-01-31T05:01:48.087+0000 7f76c7eee700 1 -- 172.21.15.99:0/3204453451 --> [v2:172.21.15.99:3300/0,v1:172.21.15.99:6789/0] -- mon_command({"prefix": "get_command_descriptions"} v 0) v1 -- 0x7f76c010a3b0 con 0x7f76c0105f80
2024-01-31T05:01:48.967 INFO:teuthology.orchestra.run.smithi099.stdout:/usr/bin/ceph: stderr
2024-01-31T05:01:48.087+0000 7f76c5489700 1 -- 172.21.15.99:0/3204453451 >> [v2:172.21.15.99:6800/1706888338,v1:172.21.15.99:6801/1706888338] conn(0x7f76ac038a40 msgr2=0x7f76ac03af00 unknown :-1 s=STATE_CONNECTING_RE l=1).process reconnect failed to v2:172.21.15.99:6800/1706888338
2024-01-31T05:01:48.967 INFO:teuthology.orchestra.run.smithi099.stdout:/usr/bin/ceph: stderr
2024-01-31T05:01:48.087+0000 7f76c5489700 1 --2- 172.21.15.99:0/3204453451 >> [v2:172.21.15.99:6800/1706888338,v1:172.21.15.99:6801/1706888338] conn(0x7f76ac038a40 0x7f76ac03af00 unknown :-1 s=START_CONNECT pgs=0 cs=0 l=1 rev1=0 crypto rx=0 tx=0 comp rx=0 tx=0)._fault waiting 0.200000
2024-01-31T05:01:48.967 INFO:teuthology.orchestra.run.smithi099.stdout:/usr/bin/ceph: stderr
2024-01-31T05:01:48.092+0000 7f76b6ffd700 1 -- 172.21.15.99:0/3204453451 <== mon.0 v2:172.21.15.99:3300/0 6 ==== mon_command_ack([{"prefix": "get_command_descriptions"}]=0 v0) v1 ==== 72+0+181732 (secure 0 0 0) 0x7f76bc01ac30 con 0x7f76c0105f80
2024-01-31T05:01:48.967 INFO:teuthology.orchestra.run.smithi099.stdout:/usr/bin/ceph: stderr
2024-01-31T05:01:48.288+0000 7f76c5489700 1 -- 172.21.15.99:0/3204453451 >> [v2:172.21.15.99:6800/1706888338,v1:172.21.15.99:6801/1706888338] conn(0x7f76ac038a40 msgr2=0x7f76ac03af00 unknown :-1 s=STATE_CONNECTING_RE l=1).process reconnect failed to v2:172.21.15.99:6800/1706888338
2024-01-31T05:01:48.967 INFO:teuthology.orchestra.run.smithi099.stdout:/usr/bin/ceph: stderr
2024-01-31T05:01:48.288+0000 7f76c5489700 1 --2- 172.21.15.99:0/3204453451 >> [v2:172.21.15.99:6800/1706888338,v1:172.21.15.99:6801/1706888338] conn(0x7f76ac038a40 0x7f76ac03af00 unknown :-1 s=START_CONNECT pgs=0 cs=0 l=1 rev1=0 crypto rx=0 tx=0 comp rx=0 tx=0)._fault waiting 0.400000
2024-01-31T05:01:48.967 INFO:teuthology.orchestra.run.smithi099.stdout:/usr/bin/ceph: stderr
2024-01-31T05:01:48.339+0000 7f76c7eee700 1 -- 172.21.15.99:0/3204453451 --> [v2:172.21.15.99:3300/0,v1:172.21.15.99:6789/0] -- mon_command({"prefix": "mgr stat"} v 0) v1 -- 0x7f76c007a750 con 0x7f76c0105f80
2024-01-31T05:01:48.967 INFO:teuthology.orchestra.run.smithi099.stdout:/usr/bin/ceph: stderr
2024-01-31T05:01:48.340+0000 7f76b6ffd700 1 -- 172.21.15.99:0/3204453451 <== mon.0 v2:172.21.15.99:3300/0 7 ==== mon_command_ack([{"prefix": "mgr stat"}]=0 v5) v1 ==== 56+0+88 (secure 0 0 0) 0x7f76bc049070 con 0x7f76c0105f80
2024-01-31T05:01:48.967 INFO:teuthology.orchestra.run.smithi099.stdout:/usr/bin/ceph: stderr
2024-01-31T05:01:48.342+0000 7f76c7eee700 1 -- 172.21.15.99:0/3204453451 >> [v2:172.21.15.99:6800/1706888338,v1:172.21.15.99:6801/1706888338] conn(0x7f76ac038a40 msgr2=0x7f76ac03af00 unknown :-1 s=STATE_CONNECTING l=1).mark_down
2024-01-31T05:01:48.967 INFO:teuthology.orchestra.run.smithi099.stdout:/usr/bin/ceph: stderr
2024-01-31T05:01:48.342+0000 7f76c7eee700 1 --2- 172.21.15.99:0/3204453451 >> [v2:172.21.15.99:6800/1706888338,v1:172.21.15.99:6801/1706888338] conn(0x7f76ac038a40 0x7f76ac03af00 unknown :-1 s=START_CONNECT pgs=0 cs=0 l=1 rev1=0 crypto rx=0 tx=0 comp rx=0 tx=0).stop
2024-01-31T05:01:48.967 INFO:teuthology.orchestra.run.smithi099.stdout:/usr/bin/ceph: stderr
2024-01-31T05:01:48.342+0000 7f76c7eee700 1 -- 172.21.15.99:0/3204453451 >> [v2:172.21.15.99:3300/0,v1:172.21.15.99:6789/0] conn(0x7f76c0105f80 msgr2=0x7f76c0199cd0 secure :-1 s=STATE_CONNECTION_ESTABLISHED l=1).mark_down
2024-01-31T05:01:48.967 INFO:teuthology.orchestra.run.smithi099.stdout:/usr/bin/ceph: stderr
2024-01-31T05:01:48.342+0000 7f76c7eee700 1 --2- 172.21.15.99:0/3204453451 >> [v2:172.21.15.99:3300/0,v1:172.21.15.99:6789/0] conn(0x7f76c0105f80 0x7f76c0199cd0 secure :-1 s=READY pgs=27 cs=0 l=1 rev1=1 crypto rx=0x7f76bc009fb0 tx=0x7f76bc011ad0 comp rx=0 tx=0).stop
2024-01-31T05:01:48.968 INFO:teuthology.orchestra.run.smithi099.stdout:/usr/bin/ceph: stderr
2024-01-31T05:01:48.342+0000 7f76c7eee700 1 -- 172.21.15.99:0/3204453451 shutdown_connections
2024-01-31T05:01:48.968 INFO:teuthology.orchestra.run.smithi099.stdout:/usr/bin/ceph: stderr
2024-01-31T05:01:48.342+0000 7f76c7eee700 1 --2- 172.21.15.99:0/3204453451 >> [v2:172.21.15.99:6800/1706888338,v1:172.21.15.99:6801/1706888338] conn(0x7f76ac038a40 0x7f76ac03af00 unknown :-1 s=CLOSED pgs=0 cs=0 l=1 rev1=0 crypto rx=0 tx=0 comp rx=0 tx=0).stop
2024-01-31T05:01:48.968 INFO:teuthology.orchestra.run.smithi099.stdout:/usr/bin/ceph: stderr
2024-01-31T05:01:48.342+0000 7f76c7eee700 1 --2- 172.21.15.99:0/3204453451 >> [v2:172.21.15.99:3300/0,v1:172.21.15.99:6789/0] conn(0x7f76c0105f80 0x7f76c0199cd0 unknown :-1 s=CLOSED pgs=27 cs=0 l=1 rev1=1 crypto rx=0 tx=0 comp rx=0 tx=0).stop
2024-01-31T05:01:48.968 INFO:teuthology.orchestra.run.smithi099.stdout:/usr/bin/ceph: stderr
2024-01-31T05:01:48.342+0000 7f76c7eee700 1 -- 172.21.15.99:0/3204453451 >> 172.21.15.99:0/3204453451 conn(0x7f76c0101580 msgr2=0x7f76c0102120 unknown :-1 s=STATE_NONE l=0).mark_down
2024-01-31T05:01:48.968 INFO:teuthology.orchestra.run.smithi099.stdout:/usr/bin/ceph: stderr
2024-01-31T05:01:48.342+0000 7f76c7eee700 1 -- 172.21.15.99:0/3204453451 shutdown_connections
2024-01-31T05:01:48.968 INFO:teuthology.orchestra.run.smithi099.stdout:/usr/bin/ceph: stderr
2024-01-31T05:01:48.342+0000 7f76c7eee700 1 -- 172.21.15.99:0/3204453451 wait complete.
2024-01-31T05:01:48.968 INFO:teuthology.orchestra.run.smithi099.stdout:Waiting for the mgr to restart...
2024-01-31T05:01:48.968 INFO:teuthology.orchestra.run.smithi099.stdout:Waiting for mgr epoch 5...
2024-01-31T05:01:49.214 INFO:journalctl@ceph.mon.a.smithi099.stdout:Jan 31 05:01:49 smithi099 ceph-mon[31615]: from='client.? 172.21.15.99:0/3204453451' entity='client.admin' cmd=[{"prefix": "mgr stat"}]: dispatch
2024-01-31T05:01:49.214 INFO:journalctl@ceph.mgr.x.smithi099.stdout:Jan 31 05:01:49 smithi099 ceph-9288ff44-bff5-11ee-95b3-87774f69a715-mgr-x[31848]:
2024-01-31T05:01:49.125+0000 7f0260514200 -1 mgr[py] Module rbd_support has missing NOTIFY_TYPES member
2024-01-31T05:01:49.214 INFO:journalctl@ceph.mgr.x.smithi099.stdout:Jan 31 05:01:49 smithi099 ceph-9288ff44-bff5-11ee-95b3-87774f69a715-mgr-x[31848]:
2024-01-31T05:01:49.213+0000 7f0260514200 -1 mgr[py] Module progress has missing NOTIFY_TYPES member
2024-01-31T05:01:49.568 INFO:journalctl@ceph.mgr.x.smithi099.stdout:Jan 31 05:01:49 smithi099 ceph-9288ff44-bff5-11ee-95b3-87774f69a715-mgr-x[31848]:
2024-01-31T05:01:49.312+0000 7f0260514200 -1 mgr[py] Module pg_autoscaler has missing NOTIFY_TYPES member
2024-01-31T05:01:49.568 INFO:journalctl@ceph.mgr.x.smithi099.stdout:Jan 31 05:01:49 smithi099 ceph-9288ff44-bff5-11ee-95b3-87774f69a715-mgr-x[31848]:
2024-01-31T05:01:49.403+0000 7f0260514200 -1 mgr[py] Module devicehealth has missing NOTIFY_TYPES member
2024-01-31T05:01:50.759 INFO:journalctl@ceph.mgr.x.smithi099.stdout:Jan 31 05:01:50 smithi099 ceph-9288ff44-bff5-11ee-95b3-87774f69a715-mgr-x[31848]:
2024-01-31T05:01:50.438+0000 7f0260514200 -1 mgr[py] Module rook has missing NOTIFY_TYPES member
2024-01-31T05:01:50.759 INFO:journalctl@ceph.mgr.x.smithi099.stdout:Jan 31 05:01:50 smithi099 ceph-9288ff44-bff5-11ee-95b3-87774f69a715-mgr-x[31848]:
2024-01-31T05:01:50.567+0000 7f0260514200 -1 mgr[py] Module diskprediction_local has missing NOTIFY_TYPES member
2024-01-31T05:01:50.759 INFO:journalctl@ceph.mgr.x.smithi099.stdout:Jan 31 05:01:50 smithi099 ceph-9288ff44-bff5-11ee-95b3-87774f69a715-mgr-x[31848]:
2024-01-31T05:01:50.758+0000 7f0260514200 -1 mgr[py] Module selftest has missing NOTIFY_TYPES member
2024-01-31T05:01:51.068 INFO:journalctl@ceph.mgr.x.smithi099.stdout:Jan 31 05:01:50 smithi099 ceph-9288ff44-bff5-11ee-95b3-87774f69a715-mgr-x[31848]:
2024-01-31T05:01:50.985+0000 7f0260514200 -1 mgr[py] Module telegraf has missing NOTIFY_TYPES member
2024-01-31T05:01:51.568 INFO:journalctl@ceph.mgr.x.smithi099.stdout:Jan 31 05:01:51 smithi099 ceph-9288ff44-bff5-11ee-95b3-87774f69a715-mgr-x[31848]:
2024-01-31T05:01:51.163+0000 7f0260514200 -1 mgr[py] Module test_orchestrator has missing NOTIFY_TYPES member
2024-01-31T05:01:51.569 INFO:journalctl@ceph.mgr.x.smithi099.stdout:Jan 31 05:01:51 smithi099 ceph-9288ff44-bff5-11ee-95b3-87774f69a715-mgr-x[31848]:
2024-01-31T05:01:51.344+0000 7f0260514200 -1 mgr[py] Module crash has missing NOTIFY_TYPES member
2024-01-31T05:01:52.068 INFO:journalctl@ceph.mgr.x.smithi099.stdout:Jan 31 05:01:51 smithi099 ceph-9288ff44-bff5-11ee-95b3-87774f69a715-mgr-x[31848]:
2024-01-31T05:01:51.609+0000 7f0260514200 -1 mgr[py] Module orchestrator has missing NOTIFY_TYPES member
2024-01-31T05:01:52.068 INFO:journalctl@ceph.mgr.x.smithi099.stdout:Jan 31 05:01:51 smithi099 ceph-9288ff44-bff5-11ee-95b3-87774f69a715-mgr-x[31848]:
2024-01-31T05:01:51.694+0000 7f0260514200 -1 mgr[py] Module osd_support has missing NOTIFY_TYPES member
2024-01-31T05:01:52.433 INFO:journalctl@ceph.mgr.x.smithi099.stdout:Jan 31 05:01:52 smithi099 ceph-9288ff44-bff5-11ee-95b3-87774f69a715-mgr-x[31848]:
2024-01-31T05:01:52.084+0000 7f0260514200 -1 mgr[py] Module volumes has missing NOTIFY_TYPES member
2024-01-31T05:01:53.318 INFO:journalctl@ceph.mgr.x.smithi099.stdout:Jan 31 05:01:52 smithi099 ceph-9288ff44-bff5-11ee-95b3-87774f69a715-mgr-x[31848]:
2024-01-31T05:01:52.869+0000 7f0260514200 -1 mgr[py] Module telemetry has missing NOTIFY_TYPES member
2024-01-31T05:01:53.717 INFO:journalctl@ceph.mgr.x.smithi099.stdout:Jan 31 05:01:53 smithi099 ceph-9288ff44-bff5-11ee-95b3-87774f69a715-mgr-x[31848]:
2024-01-31T05:01:53.426+0000 7f0260514200 -1 mgr[py] Module prometheus has missing NOTIFY_TYPES member
2024-01-31T05:01:53.717 INFO:journalctl@ceph.mgr.x.smithi099.stdout:Jan 31 05:01:53 smithi099 ceph-9288ff44-bff5-11ee-95b3-87774f69a715-mgr-x[31848]:
2024-01-31T05:01:53.521+0000 7f0260514200 -1 mgr[py] Module status has missing NOTIFY_TYPES member
2024-01-31T05:01:53.717 INFO:journalctl@ceph.mgr.x.smithi099.stdout:Jan 31 05:01:53 smithi099 ceph-9288ff44-bff5-11ee-95b3-87774f69a715-mgr-x[31848]:
2024-01-31T05:01:53.718+0000 7f0260514200 -1 mgr[py] Module nfs has missing NOTIFY_TYPES member
2024-01-31T05:01:54.068 INFO:journalctl@ceph.mon.a.smithi099.stdout:Jan 31 05:01:53 smithi099 ceph-mon[31615]: Active manager daemon x restarted
2024-01-31T05:01:54.068 INFO:journalctl@ceph.mon.a.smithi099.stdout:Jan 31 05:01:53 smithi099 ceph-mon[31615]: Activating manager daemon x
2024-01-31T05:01:54.068 INFO:journalctl@ceph.mon.a.smithi099.stdout:Jan 31 05:01:53 smithi099 ceph-mon[31615]: osdmap e2: 0 total, 0 up, 0 in
2024-01-31T05:01:54.069 INFO:journalctl@ceph.mon.a.smithi099.stdout:Jan 31 05:01:53 smithi099 ceph-mon[31615]: mgrmap e6: x(active, starting, since 0.00325057s)
2024-01-31T05:01:54.069 INFO:journalctl@ceph.mon.a.smithi099.stdout:Jan 31 05:01:53 smithi099 ceph-mon[31615]: from='mgr.14120 172.21.15.99:0/3446643773' entity='mgr.x' cmd=[{"prefix": "mon metadata", "id": "a"}]: dispatch
2024-01-31T05:01:54.069 INFO:journalctl@ceph.mon.a.smithi099.stdout:Jan 31 05:01:53 smithi099 ceph-mon[31615]: from='mgr.14120 172.21.15.99:0/3446643773' entity='mgr.x' cmd=[{"prefix": "mgr metadata", "who": "x", "id": "x"}]: dispatch
2024-01-31T05:01:54.069 INFO:journalctl@ceph.mon.a.smithi099.stdout:Jan 31 05:01:53 smithi099 ceph-mon[31615]: from='mgr.14120 172.21.15.99:0/3446643773' entity='mgr.x' cmd=[{"prefix": "mds metadata"}]: dispatch
2024-01-31T05:01:54.069 INFO:journalctl@ceph.mon.a.smithi099.stdout:Jan 31 05:01:53 smithi099 ceph-mon[31615]: from='mgr.14120 172.21.15.99:0/3446643773' entity='mgr.x' cmd=[{"prefix": "osd metadata"}]: dispatch
2024-01-31T05:01:54.069 INFO:journalctl@ceph.mon.a.smithi099.stdout:Jan 31 05:01:53 smithi099 ceph-mon[31615]: from='mgr.14120 172.21.15.99:0/3446643773' entity='mgr.x' cmd=[{"prefix": "mon metadata"}]: dispatch
2024-01-31T05:01:54.069 INFO:journalctl@ceph.mon.a.smithi099.stdout:Jan 31 05:01:53 smithi099 ceph-mon[31615]: Manager daemon x is now available
2024-01-31T05:01:54.069 INFO:journalctl@ceph.mon.a.smithi099.stdout:Jan 31 05:01:53 smithi099 ceph-mon[31615]: from='mgr.14120 172.21.15.99:0/3446643773' entity='mgr.x'
2024-01-31T05:01:54.069 INFO:journalctl@ceph.mon.a.smithi099.stdout:Jan 31 05:01:53 smithi099 ceph-mon[31615]: from='mgr.14120 172.21.15.99:0/3446643773' entity='mgr.x'
2024-01-31T05:01:54.069 INFO:journalctl@ceph.mon.a.smithi099.stdout:Jan 31 05:01:53 smithi099 ceph-mon[31615]: from='mgr.14120 172.21.15.99:0/3446643773' entity='mgr.x' cmd=[{"prefix": "config dump", "format": "json"}]: dispatch
2024-01-31T05:01:54.069 INFO:journalctl@ceph.mon.a.smithi099.stdout:Jan 31 05:01:53 smithi099 ceph-mon[31615]: from='mgr.14120 172.21.15.99:0/3446643773' entity='mgr.x' cmd=[{"prefix": "config dump", "format": "json"}]: dispatch
2024-01-31T05:01:55.068 INFO:journalctl@ceph.mon.a.smithi099.stdout:Jan 31 05:01:54 smithi099 ceph-mon[31615]: Found migration_current of "None". Setting to last migration.
2024-01-31T05:01:55.068 INFO:journalctl@ceph.mon.a.smithi099.stdout:Jan 31 05:01:54 smithi099 ceph-mon[31615]: from='mgr.14120 172.21.15.99:0/3446643773' entity='mgr.x' cmd=[{"prefix": "config dump", "format": "json"}]: dispatch
2024-01-31T05:01:55.068 INFO:journalctl@ceph.mon.a.smithi099.stdout:Jan 31 05:01:54 smithi099 ceph-mon[31615]: from='mgr.14120 172.21.15.99:0/3446643773' entity='mgr.x' cmd=[{"prefix":"config rm","who":"mgr","name":"mgr/rbd_support/x/mirror_snapshot_schedule"}]: dispatch
2024-01-31T05:01:55.068 INFO:journalctl@ceph.mon.a.smithi099.stdout:Jan 31 05:01:54 smithi099 ceph-mon[31615]: from='mgr.14120 172.21.15.99:0/3446643773' entity='mgr.x' cmd=[{"prefix":"config rm","who":"mgr","name":"mgr/rbd_support/x/trash_purge_schedule"}]: dispatch
2024-01-31T05:01:55.068 INFO:journalctl@ceph.mon.a.smithi099.stdout:Jan 31 05:01:54 smithi099 ceph-mon[31615]: from='mgr.14120 172.21.15.99:0/3446643773' entity='mgr.x'
2024-01-31T05:01:55.069 INFO:journalctl@ceph.mon.a.smithi099.stdout:Jan 31 05:01:54 smithi099 ceph-mon[31615]: from='mgr.14120 172.21.15.99:0/3446643773' entity='mgr.x'
2024-01-31T05:01:55.069 INFO:journalctl@ceph.mon.a.smithi099.stdout:Jan 31 05:01:54 smithi099 ceph-mon[31615]: from='mgr.14120 172.21.15.99:0/3446643773' entity='mgr.x' cmd=[{"prefix": "config dump", "format": "json"}]: dispatch
2024-01-31T05:01:55.069 INFO:journalctl@ceph.mon.a.smithi099.stdout:Jan 31 05:01:54 smithi099 ceph-mon[31615]: mgrmap e7: x(active, since 1.00636s)
2024-01-31T05:01:55.346 INFO:teuthology.orchestra.run.smithi099.stdout:/usr/bin/ceph: stdout {
2024-01-31T05:01:55.346 INFO:teuthology.orchestra.run.smithi099.stdout:/usr/bin/ceph: stdout "mgrmap_epoch": 7,
2024-01-31T05:01:55.346 INFO:teuthology.orchestra.run.smithi099.stdout:/usr/bin/ceph: stdout "initialized": true
2024-01-31T05:01:55.346 INFO:teuthology.orchestra.run.smithi099.stdout:/usr/bin/ceph: stdout }
2024-01-31T05:01:55.346 INFO:teuthology.orchestra.run.smithi099.stdout:/usr/bin/ceph: stderr
2024-01-31T05:01:49.423+0000 7fc1784c1700 1 Processor -- start
2024-01-31T05:01:55.346 INFO:teuthology.orchestra.run.smithi099.stdout:/usr/bin/ceph: stderr
2024-01-31T05:01:49.423+0000 7fc1784c1700 1 -- start start
2024-01-31T05:01:55.346 INFO:teuthology.orchestra.run.smithi099.stdout:/usr/bin/ceph: stderr
2024-01-31T05:01:49.423+0000 7fc1784c1700 1 --2- >> [v2:172.21.15.99:3300/0,v1:172.21.15.99:6789/0] conn(0x7fc170107bd0 0x7fc170109fc0 unknown :-1 s=NONE pgs=0 cs=0 l=0 rev1=0 crypto rx=0 tx=0 comp rx=0 tx=0).connect
2024-01-31T05:01:55.346 INFO:teuthology.orchestra.run.smithi099.stdout:/usr/bin/ceph: stderr
2024-01-31T05:01:49.423+0000 7fc1784c1700 1 -- --> [v2:172.21.15.99:3300/0,v1:172.21.15.99:6789/0] -- mon_getmap magic: 0 v1 -- 0x7fc17007adf0 con 0x7fc170107bd0
2024-01-31T05:01:55.346 INFO:teuthology.orchestra.run.smithi099.stdout:/usr/bin/ceph: stderr
2024-01-31T05:01:49.424+0000 7fc17625d700 1 --2- >> [v2:172.21.15.99:3300/0,v1:172.21.15.99:6789/0] conn(0x7fc170107bd0 0x7fc170109fc0 unknown :-1 s=BANNER_CONNECTING pgs=0 cs=0 l=0 rev1=0 crypto rx=0 tx=0 comp rx=0 tx=0)._handle_peer_banner_payload supported=3 required=0
2024-01-31T05:01:55.346 INFO:teuthology.orchestra.run.smithi099.stdout:/usr/bin/ceph: stderr
2024-01-31T05:01:49.424+0000 7fc17625d700 1 --2- >> [v2:172.21.15.99:3300/0,v1:172.21.15.99:6789/0] conn(0x7fc170107bd0 0x7fc170109fc0 unknown :-1 s=HELLO_CONNECTING pgs=0 cs=0 l=0 rev1=1 crypto rx=0 tx=0 comp rx=0 tx=0).handle_hello peer v2:172.21.15.99:3300/0 says I am v2:172.21.15.99:54466/0 (socket says 172.21.15.99:54466)
2024-01-31T05:01:55.347 INFO:teuthology.orchestra.run.smithi099.stdout:/usr/bin/ceph: stderr
2024-01-31T05:01:49.424+0000 7fc17625d700 1 -- 172.21.15.99:0/4167086313 learned_addr learned my addr 172.21.15.99:0/4167086313 (peer_addr_for_me v2:172.21.15.99:0/0)
2024-01-31T05:01:55.347 INFO:teuthology.orchestra.run.smithi099.stdout:/usr/bin/ceph: stderr
2024-01-31T05:01:49.424+0000 7fc17625d700 1 -- 172.21.15.99:0/4167086313 --> [v2:172.21.15.99:3300/0,v1:172.21.15.99:6789/0] -- mon_subscribe({config=0+,monmap=0+}) v3 -- 0x7fc17007af30 con 0x7fc170107bd0
2024-01-31T05:01:55.347 INFO:teuthology.orchestra.run.smithi099.stdout:/usr/bin/ceph: stderr
2024-01-31T05:01:49.424+0000 7fc17625d700 1 --2- 172.21.15.99:0/4167086313 >> [v2:172.21.15.99:3300/0,v1:172.21.15.99:6789/0] conn(0x7fc170107bd0 0x7fc170109fc0 secure :-1 s=READY pgs=28 cs=0 l=1 rev1=1 crypto rx=0x7fc1600098a0 tx=0x7fc160009bb0 comp rx=0 tx=0).ready entity=mon.0 client_cookie=c45425e7cfbd90e server_cookie=0 in_seq=0 out_seq=0
2024-01-31T05:01:55.347 INFO:teuthology.orchestra.run.smithi099.stdout:/usr/bin/ceph: stderr
2024-01-31T05:01:49.424+0000 7fc17525b700 1 -- 172.21.15.99:0/4167086313 <== mon.0 v2:172.21.15.99:3300/0 1 ==== mon_map magic: 0 v1 ==== 205+0+0 (secure 0 0 0) 0x7fc160004160 con 0x7fc170107bd0
2024-01-31T05:01:55.347 INFO:teuthology.orchestra.run.smithi099.stdout:/usr/bin/ceph: stderr
2024-01-31T05:01:49.424+0000 7fc17525b700 1 -- 172.21.15.99:0/4167086313 <== mon.0 v2:172.21.15.99:3300/0 2 ==== config(26 keys) v1 ==== 1074+0+0 (secure 0 0 0) 0x7fc1600042c0 con 0x7fc170107bd0
2024-01-31T05:01:55.347 INFO:teuthology.orchestra.run.smithi099.stdout:/usr/bin/ceph: stderr
2024-01-31T05:01:49.424+0000 7fc17525b700 1 -- 172.21.15.99:0/4167086313 <== mon.0 v2:172.21.15.99:3300/0 3 ==== mon_map magic: 0 v1 ==== 205+0+0 (secure 0 0 0) 0x7fc160011a00 con 0x7fc170107bd0
2024-01-31T05:01:55.347 INFO:teuthology.orchestra.run.smithi099.stdout:/usr/bin/ceph: stderr
2024-01-31T05:01:49.425+0000 7fc1784c1700 1 -- 172.21.15.99:0/4167086313 >> [v2:172.21.15.99:3300/0,v1:172.21.15.99:6789/0] conn(0x7fc170107bd0 msgr2=0x7fc170109fc0 secure :-1 s=STATE_CONNECTION_ESTABLISHED l=1).mark_down
2024-01-31T05:01:55.347 INFO:teuthology.orchestra.run.smithi099.stdout:/usr/bin/ceph: stderr
2024-01-31T05:01:49.425+0000 7fc1784c1700 1 --2- 172.21.15.99:0/4167086313 >> [v2:172.21.15.99:3300/0,v1:172.21.15.99:6789/0] conn(0x7fc170107bd0 0x7fc170109fc0 secure :-1 s=READY pgs=28 cs=0 l=1 rev1=1 crypto rx=0x7fc1600098a0 tx=0x7fc160009bb0 comp rx=0 tx=0).stop
2024-01-31T05:01:55.347 INFO:teuthology.orchestra.run.smithi099.stdout:/usr/bin/ceph: stderr
2024-01-31T05:01:49.425+0000 7fc1784c1700 1 -- 172.21.15.99:0/4167086313 shutdown_connections
2024-01-31T05:01:55.347 INFO:teuthology.orchestra.run.smithi099.stdout:/usr/bin/ceph: stderr
2024-01-31T05:01:49.425+0000 7fc1784c1700 1 --2- 172.21.15.99:0/4167086313 >> [v2:172.21.15.99:3300/0,v1:172.21.15.99:6789/0] conn(0x7fc170107bd0 0x7fc170109fc0 unknown :-1 s=CLOSED pgs=28 cs=0 l=1 rev1=1 crypto rx=0 tx=0 comp rx=0 tx=0).stop
2024-01-31T05:01:55.347 INFO:teuthology.orchestra.run.smithi099.stdout:/usr/bin/ceph: stderr
2024-01-31T05:01:49.425+0000 7fc1784c1700 1 -- 172.21.15.99:0/4167086313 >> 172.21.15.99:0/4167086313 conn(0x7fc170101580 msgr2=0x7fc1701039a0 unknown :-1 s=STATE_NONE l=0).mark_down
2024-01-31T05:01:55.347 INFO:teuthology.orchestra.run.smithi099.stdout:/usr/bin/ceph: stderr
2024-01-31T05:01:49.425+0000 7fc1784c1700 1 -- 172.21.15.99:0/4167086313 shutdown_connections
2024-01-31T05:01:55.347 INFO:teuthology.orchestra.run.smithi099.stdout:/usr/bin/ceph: stderr
2024-01-31T05:01:49.425+0000 7fc1784c1700 1 -- 172.21.15.99:0/4167086313 wait complete.
2024-01-31T05:01:55.347 INFO:teuthology.orchestra.run.smithi099.stdout:/usr/bin/ceph: stderr
2024-01-31T05:01:49.426+0000 7fc1784c1700 1 Processor -- start
2024-01-31T05:01:55.348 INFO:teuthology.orchestra.run.smithi099.stdout:/usr/bin/ceph: stderr
2024-01-31T05:01:49.426+0000 7fc1784c1700 1 -- start start
2024-01-31T05:01:55.348 INFO:teuthology.orchestra.run.smithi099.stdout:/usr/bin/ceph: stderr
2024-01-31T05:01:49.426+0000 7fc1784c1700 1 --2- >> [v2:172.21.15.99:3300/0,v1:172.21.15.99:6789/0] conn(0x7fc170107bd0 0x7fc170107450 unknown :-1 s=NONE pgs=0 cs=0 l=1 rev1=0 crypto rx=0 tx=0 comp rx=0 tx=0).connect
2024-01-31T05:01:55.348 INFO:teuthology.orchestra.run.smithi099.stdout:/usr/bin/ceph: stderr
2024-01-31T05:01:49.426+0000 7fc1784c1700 1 -- --> [v2:172.21.15.99:3300/0,v1:172.21.15.99:6789/0] -- mon_getmap magic: 0 v1 -- 0x7fc170107990 con 0x7fc170107bd0
2024-01-31T05:01:55.348 INFO:teuthology.orchestra.run.smithi099.stdout:/usr/bin/ceph: stderr
2024-01-31T05:01:49.426+0000 7fc17625d700 1 --2- >> [v2:172.21.15.99:3300/0,v1:172.21.15.99:6789/0] conn(0x7fc170107bd0 0x7fc170107450 unknown :-1 s=BANNER_CONNECTING pgs=0 cs=0 l=1 rev1=0 crypto rx=0 tx=0 comp rx=0 tx=0)._handle_peer_banner_payload supported=3 required=0
2024-01-31T05:01:55.348 INFO:teuthology.orchestra.run.smithi099.stdout:/usr/bin/ceph: stderr
2024-01-31T05:01:49.426+0000 7fc17625d700 1 --2- >> [v2:172.21.15.99:3300/0,v1:172.21.15.99:6789/0] conn(0x7fc170107bd0 0x7fc170107450 unknown :-1 s=HELLO_CONNECTING pgs=0 cs=0 l=1 rev1=1 crypto rx=0 tx=0 comp rx=0 tx=0).handle_hello peer v2:172.21.15.99:3300/0 says I am v2:172.21.15.99:54468/0 (socket says 172.21.15.99:54468)
2024-01-31T05:01:55.348 INFO:teuthology.orchestra.run.smithi099.stdout:/usr/bin/ceph: stderr
2024-01-31T05:01:49.426+0000 7fc17625d700 1 -- 172.21.15.99:0/1797915267 learned_addr learned my addr 172.21.15.99:0/1797915267 (peer_addr_for_me v2:172.21.15.99:0/0)
2024-01-31T05:01:55.348 INFO:teuthology.orchestra.run.smithi099.stdout:/usr/bin/ceph: stderr
2024-01-31T05:01:49.427+0000 7fc17625d700 1 -- 172.21.15.99:0/1797915267 --> [v2:172.21.15.99:3300/0,v1:172.21.15.99:6789/0] -- mon_subscribe({config=0+,monmap=0+}) v3 -- 0x7fc160009550 con 0x7fc170107bd0
2024-01-31T05:01:55.348 INFO:teuthology.orchestra.run.smithi099.stdout:/usr/bin/ceph: stderr
2024-01-31T05:01:49.427+0000 7fc17625d700 1 --2- 172.21.15.99:0/1797915267 >> [v2:172.21.15.99:3300/0,v1:172.21.15.99:6789/0] conn(0x7fc170107bd0 0x7fc170107450 secure :-1 s=READY pgs=29 cs=0 l=1 rev1=1 crypto rx=0x7fc160009130 tx=0x7fc160011ad0 comp rx=0 tx=0).ready entity=mon.0 client_cookie=0 server_cookie=0 in_seq=0 out_seq=0
2024-01-31T05:01:55.348 INFO:teuthology.orchestra.run.smithi099.stdout:/usr/bin/ceph: stderr
